62.68.208.203 - - [16/Dec/2007:16:00:27 -0800] "GET /logs/access_070723.log/index.php?pagina=http://www.dip-kostroma.ru/bak_skompa/themes/runcms/menu/images/.asc/www????????????????????????????? HTTP/1.1" 404 275 "-" "libwww-perl/5.79" "www.galf.org"
62.68.208.203 - - [16/Dec/2007:16:00:28 -0800] "GET /index.php?pagina=http://www.dip-kostroma.ru/bak_skompa/themes/runcms/menu/images/.asc/www????????????????????????????? HTTP/1.1" 404 275 "-" "libwww-perl/5.79" "www.galf.org"
209.208.81.132 - - [16/Dec/2007:16:00:30 -0800] "GET /logs/administrator/components/com_linkdirectory/toolbar.linkdirectory.html.php?mosConfig_absolute_path=http://www.arabx1st.xpgplus.com.br/cmd.txt?? HTTP/1.1" 404 275 "-" "libwww-perl/5.65" "www.galf.org"
209.208.81.132 - - [16/Dec/2007:16:00:30 -0800] "GET /administrator/components/com_linkdirectory/toolbar.linkdirectory.html.php?mosConfig_absolute_path=http://www.arabx1st.xpgplus.com.br/cmd.txt?? HTTP/1.1" 404 275 "-" "libwww-perl/5.65" "www.galf.org"
74.6.22.163 - - [16/Dec/2007:16:00:30 -0800] "GET /logs/access_070723.log HTTP/1.0" 200 4087522 "-" "Mozilla/5.0 (compatible; Yahoo! Slurp/3.0; http://help.yahoo.com/help/us/ysearch/slurp)" "www.galf.org"
62.68.208.203 - - [16/Dec/2007:16:00:31 -0800] "GET /logs/index.php?pagina=http://www.dip-kostroma.ru/bak_skompa/themes/runcms/menu/images/.asc/www????????????????????????????? HTTP/1.1" 404 275 "-" "libwww-perl/5.79" "www.galf.org"
87.101.4.49 - - [16/Dec/2007:16:00:55 -0800] "GET /logs/access_070924.log/index.php?p=http://www.yufa.spb.ru/modules/coppermine/include/id.txt? HTTP/1.1" 404 275 "-" "libwww-perl/5.79" "www.galf.org"
87.101.4.49 - - [16/Dec/2007:16:01:00 -0800] "GET /logs/access_071028.log//components/com_extcalendar/admin_events.php?CONFIG_EXT[LANGUAGES_DIR]=http://www.yufa.spb.ru/modules/coppermine/include/id.txt? HTTP/1.1" 404 275 "-" "libwww-perl/5.79"
87.238.198.71 - - [16/Dec/2007:16:01:05 -0800] "GET /logs/access_070716.log///components/com_artlinks/artlinks.dispnew.php?mosConfig_absolute_path=http://trimedia-online.net/ihmank/id.txt?? HTTP/1.1" 404 275 "-" "libwww-perl/5.803" "www.galf.org"
87.238.198.71 - - [16/Dec/2007:16:01:05 -0800] "GET ///components/com_artlinks/artlinks.dispnew.php?mosConfig_absolute_path=http://trimedia-online.net/ihmank/id.txt?? HTTP/1.1" 404 275 "-" "libwww-perl/5.803" "www.galf.org"
87.238.198.71 - - [16/Dec/2007:16:01:05 -0800] "GET /logs///components/com_artlinks/artlinks.dispnew.php?mosConfig_absolute_path=http://trimedia-online.net/ihmank/id.txt?? HTTP/1.1" 404 275 "-" "libwww-perl/5.803" "www.galf.org"
87.238.198.71 - - [16/Dec/2007:16:01:10 -0800] "GET /logs/access_070716.log///components/com_artlinks/artlinks.dispnew.php?mosConfig_absolute_path=http://trimedia-online.net/ihmank/id.txt?? HTTP/1.1" 404 275 "-" "libwww-perl/5.803" "www.galf.org"
87.238.198.71 - - [16/Dec/2007:16:01:10 -0800] "GET /logs/access_070716.log///components/com_artlinks/artlinks.dispnew.php?mosConfig_absolute_path=http://trimedia-online.net/ihmank/id.txt?? HTTP/1.1" 404 275 "-" "libwww-perl/5.803" "www.galf.org"
87.238.198.71 - - [16/Dec/2007:16:01:11 -0800] "GET ///components/com_artlinks/artlinks.dispnew.php?mosConfig_absolute_path=http://trimedia-online.net/ihmank/id.txt?? HTTP/1.1" 404 275 "-" "libwww-perl/5.803" "www.galf.org"
87.238.198.71 - - [16/Dec/2007:16:01:11 -0800] "GET ///components/com_artlinks/artlinks.dispnew.php?mosConfig_absolute_path=http://trimedia-online.net/ihmank/id.txt?? HTTP/1.1" 404 275 "-" "libwww-perl/5.803"
87.238.198.71 - - [16/Dec/2007:16:01:11 -0800] "GET /logs///components/com_artlinks/artlinks.dispnew.php?mosConfig_absolute_path=http://trimedia-online.net/ihmank/id.txt?? HTTP/1.1" 404 275 "-" "libwww-perl/5.803" "www.galf.org"
87.238.198.71 - - [16/Dec/2007:16:01:11 -0800] "GET /logs///components/com_artlinks/artlinks.dispnew.php?mosConfig_absolute_path=http://trimedia-online.net/ihmank/id.txt?? HTTP/1.1" 404 275 "-" "libwww-perl/5.803" "www.galf.org"
83.149.90.29 - - [16/Dec/2007:16:01:28 -0800] "GET /components/com_zoom/classes/iptc/EXIF_Makernote.php?mosConfig_absolute_path=http://pyskaty.za.pl/base?? HTTP/1.1" 404 275 "-" "Mozilla/5.0"
83.149.90.29 - - [16/Dec/2007:16:01:28 -0800] "GET /logs/components/com_zoom/classes/iptc/EXIF_Makernote.php?mosConfig_absolute_path=http://pyskaty.za.pl/base?? HTTP/1.1" 404 275 "-" "Mozilla/5.0"
195.140.234.80 - - [16/Dec/2007:16:01:42 -0800] "GET /logs/access_070723.log/index.php?pagina=http://www.leminvpk.net/news/news/mc.txt?? HTTP/1.1" 404 275 "-" "libwww-perl/5.79" "www.galf.org"
195.140.234.80 - - [16/Dec/2007:16:01:42 -0800] "GET /logs/index.php?pagina=http://www.leminvpk.net/news/news/mc.txt?? HTTP/1.1" 404 275 "-" "libwww-perl/5.79" "www.galf.org"
146.83.144.170 - - [16/Dec/2007:16:01:50 -0800] "GET /logs//modules/postguestbook/styles/internal/header.php?tpl_pgb_moddir=http://epics.ecn.purdue.edu/lsc/setup_pages2.txt??? HTTP/1.1" 404 275 "-" "libwww-perl/5.805" "www.galf.org"
146.83.144.170 - - [16/Dec/2007:16:01:55 -0800] "GET //modules/postguestbook/styles/internal/header.php?tpl_pgb_moddir=http://epics.ecn.purdue.edu/lsc/setup_pages2.txt??? HTTP/1.1" 404 275 "-" "libwww-perl/5.805" "www.galf.org"
209.172.49.109 - - [16/Dec/2007:16:01:57 -0800] "GET /logs/access.log/index.php?principal=www.myspacebill.com/myspacebill/id.txt?? HTTP/1.1" 404 275 "-" "libwww-perl/5.808" "www.galf.org"
209.172.49.109 - - [16/Dec/2007:16:01:57 -0800] "GET /index.php?principal=www.myspacebill.com/myspacebill/id.txt?? HTTP/1.1" 404 275 "-" "libwww-perl/5.808" "www.galf.org"
209.172.49.109 - - [16/Dec/2007:16:01:57 -0800] "GET /logs/index.php?principal=www.myspacebill.com/myspacebill/id.txt?? HTTP/1.1" 404 275 "-" "libwww-perl/5.808" "www.galf.org"
209.172.49.109 - - [16/Dec/2007:16:02:03 -0800] "GET /logs/access.log/administrator/components/com_remository/admin.remository.php?mosConfig_absolute_path=http://adm-adserver.com/cmd.txt? HTTP/1.1" 404 275 "-" "libwww-perl/5.808" "www.galf.org"
209.172.49.109 - - [16/Dec/2007:16:02:04 -0800] "GET /administrator/components/com_remository/admin.remository.php?mosConfig_absolute_path=http://adm-adserver.com/cmd.txt? HTTP/1.1" 404 275 "-" "libwww-perl/5.808" "www.galf.org"
209.172.49.109 - - [16/Dec/2007:16:02:04 -0800] "GET /logs/administrator/components/com_remository/admin.remository.php?mosConfig_absolute_path=http://adm-adserver.com/cmd.txt? HTTP/1.1" 404 275 "-" "libwww-perl/5.808" "www.galf.org"
87.238.198.71 - - [16/Dec/2007:16:02:09 -0800] "GET /logs/access_070625.log///components/com_artlinks/artlinks.dispnew.php?mosConfig_absolute_path=http://trimedia-online.net/ihmank/id.txt?? HTTP/1.1" 404 275 "-" "libwww-perl/5.803" "www.galf.org"
216.246.77.229 - - [16/Dec/2007:16:02:12 -0800] "GET /logs/access_070723.log//modules/postguestbook/styles/internal/header.php?tpl_pgb_moddir=http://www.yufa.spb.ru/modules/coppermine/include/id.txt? HTTP/1.1" 404 275 "-" "libwww-perl/5.808"
216.246.77.229 - - [16/Dec/2007:16:02:12 -0800] "GET //modules/postguestbook/styles/internal/header.php?tpl_pgb_moddir=http://www.yufa.spb.ru/modules/coppermine/include/id.txt? HTTP/1.1" 404 275 "-" "libwww-perl/5.808"
216.246.77.229 - - [16/Dec/2007:16:02:12 -0800] "GET /logs//modules/postguestbook/styles/internal/header.php?tpl_pgb_moddir=http://www.yufa.spb.ru/modules/coppermine/include/id.txt? HTTP/1.1" 404 275 "-" "libwww-perl/5.808"
216.246.77.229 - - [16/Dec/2007:16:02:14 -0800] "GET /logs/access_070723.log//modules/postguestbook/styles/internal/header.php?tpl_pgb_moddir=http://www.yufa.spb.ru/modules/coppermine/include/id.txt? HTTP/1.1" 404 275 "-" "libwww-perl/5.808"
216.246.77.229 - - [16/Dec/2007:16:02:14 -0800] "GET //modules/postguestbook/styles/internal/header.php?tpl_pgb_moddir=http://www.yufa.spb.ru/modules/coppermine/include/id.txt? HTTP/1.1" 404 275 "-" "libwww-perl/5.808"
216.246.77.229 - - [16/Dec/2007:16:02:14 -0800] "GET /logs//modules/postguestbook/styles/internal/header.php?tpl_pgb_moddir=http://www.yufa.spb.ru/modules/coppermine/include/id.txt? HTTP/1.1" 404 275 "-" "libwww-perl/5.808"
216.246.77.229 - - [16/Dec/2007:16:02:15 -0800] "GET /logs/access_070723.log//modules/postguestbook/styles/internal/header.php?tpl_pgb_moddir=http://www.yufa.spb.ru/modules/coppermine/include/id.txt? HTTP/1.1" 404 275 "-" "libwww-perl/5.808"
216.246.77.229 - - [16/Dec/2007:16:02:15 -0800] "GET //modules/postguestbook/styles/internal/header.php?tpl_pgb_moddir=http://www.yufa.spb.ru/modules/coppermine/include/id.txt? HTTP/1.1" 404 275 "-" "libwww-perl/5.808"
216.246.77.229 - - [16/Dec/2007:16:02:15 -0800] "GET /logs//modules/postguestbook/styles/internal/header.php?tpl_pgb_moddir=http://www.yufa.spb.ru/modules/coppermine/include/id.txt? HTTP/1.1" 404 275 "-" "libwww-perl/5.808"
87.238.198.71 - - [16/Dec/2007:16:02:16 -0800] "GET /logs/access_070625.log///components/com_artlinks/artlinks.dispnew.php?mosConfig_absolute_path=http://trimedia-online.net/ihmank/id.txt?? HTTP/1.1" 404 275 "-" "libwww-perl/5.803" "www.galf.org"
216.246.77.229 - - [16/Dec/2007:16:02:18 -0800] "GET /logs/access_070723.log//modules/postguestbook/styles/internal/header.php?tpl_pgb_moddir=http://www.yufa.spb.ru/modules/coppermine/include/id.txt? HTTP/1.1" 404 275 "-" "libwww-perl/5.808"
216.246.77.229 - - [16/Dec/2007:16:02:18 -0800] "GET //modules/postguestbook/styles/internal/header.php?tpl_pgb_moddir=http://www.yufa.spb.ru/modules/coppermine/include/id.txt? HTTP/1.1" 404 275 "-" "libwww-perl/5.808"
216.246.77.229 - - [16/Dec/2007:16:02:18 -0800] "GET /logs//modules/postguestbook/styles/internal/header.php?tpl_pgb_moddir=http://www.yufa.spb.ru/modules/coppermine/include/id.txt? HTTP/1.1" 404 275 "-" "libwww-perl/5.808"
85.25.86.65 - - [16/Dec/2007:16:02:21 -0800] "GET /logs/access_070723.log//modules/postguestbook/styles/internal/header.php?tpl_pgb_moddir=http://www.yufa.spb.ru/modules/coppermine/include/id.txt? HTTP/1.1" 404 275 "-" "libwww-perl/5.803"
87.238.198.71 - - [16/Dec/2007:16:02:21 -0800] "GET /logs/access_070625.log///components/com_artlinks/artlinks.dispnew.php?mosConfig_absolute_path=http://trimedia-online.net/ihmank/id.txt?? HTTP/1.1" 404 275 "-" "libwww-perl/5.803" "www.galf.org"
85.25.86.65 - - [16/Dec/2007:16:02:21 -0800] "GET //modules/postguestbook/styles/internal/header.php?tpl_pgb_moddir=http://www.yufa.spb.ru/modules/coppermine/include/id.txt? HTTP/1.1" 404 275 "-" "libwww-perl/5.803"
85.25.86.65 - - [16/Dec/2007:16:02:21 -0800] "GET /logs//modules/postguestbook/styles/internal/header.php?tpl_pgb_moddir=http://www.yufa.spb.ru/modules/coppermine/include/id.txt? HTTP/1.1" 404 275 "-" "libwww-perl/5.803"
216.246.77.229 - - [16/Dec/2007:16:02:22 -0800] "GET /logs/access_070903.log//modules/postguestbook/styles/internal/header.php?tpl_pgb_moddir=http://www.yufa.spb.ru/modules/coppermine/include/id.txt? HTTP/1.1" 404 275 "-" "libwww-perl/5.808"
216.246.77.229 - - [16/Dec/2007:16:02:22 -0800] "GET /logs/access_070903.log//modules/postguestbook/styles/internal/header.php?tpl_pgb_moddir=http://www.yufa.spb.ru/modules/coppermine/include/id.txt? HTTP/1.1" 404 275 "-" "libwww-perl/5.808"
85.25.86.65 - - [16/Dec/2007:16:02:23 -0800] "GET /logs/access_070723.log//modules/postguestbook/styles/internal/header.php?tpl_pgb_moddir=http://www.yufa.spb.ru/modules/coppermine/include/id.txt? HTTP/1.1" 404 275 "-" "libwww-perl/5.803"
85.25.86.65 - - [16/Dec/2007:16:02:23 -0800] "GET //modules/postguestbook/styles/internal/header.php?tpl_pgb_moddir=http://www.yufa.spb.ru/modules/coppermine/include/id.txt? HTTP/1.1" 404 275 "-" "libwww-perl/5.803"
85.25.86.65 - - [16/Dec/2007:16:02:23 -0800] "GET /logs//modules/postguestbook/styles/internal/header.php?tpl_pgb_moddir=http://www.yufa.spb.ru/modules/coppermine/include/id.txt? HTTP/1.1" 404 275 "-" "libwww-perl/5.803"
216.246.77.229 - - [16/Dec/2007:16:02:24 -0800] "GET /logs/access_070903.log//modules/postguestbook/styles/internal/header.php?tpl_pgb_moddir=http://www.yufa.spb.ru/modules/coppermine/include/id.txt? HTTP/1.1" 404 275 "-" "libwww-perl/5.808"
85.25.86.65 - - [16/Dec/2007:16:02:27 -0800] "GET /logs/access_070903.log//modules/postguestbook/styles/internal/header.php?tpl_pgb_moddir=http://www.yufa.spb.ru/modules/coppermine/include/id.txt? HTTP/1.1" 404 275 "-" "libwww-perl/5.803"
216.246.77.229 - - [16/Dec/2007:16:02:27 -0800] "GET /logs/access_070903.log//modules/postguestbook/styles/internal/header.php?tpl_pgb_moddir=http://www.yufa.spb.ru/modules/coppermine/include/id.txt? HTTP/1.1" 404 275 "-" "libwww-perl/5.808"
85.25.86.65 - - [16/Dec/2007:16:02:28 -0800] "GET /logs/access_070903.log//modules/postguestbook/styles/internal/header.php?tpl_pgb_moddir=http://www.yufa.spb.ru/modules/coppermine/include/id.txt? HTTP/1.1" 404 275 "-" "libwww-perl/5.803"
87.101.4.49 - - [16/Dec/2007:16:02:28 -0800] "GET /logs/access_070723.log//modules/postguestbook/styles/internal/header.php?tpl_pgb_moddir=http://www.yufa.spb.ru/modules/coppermine/include/id.txt? HTTP/1.1" 404 275 "-" "libwww-perl/5.79" "www.galf.org"
216.70.118.3 - - [16/Dec/2007:16:02:28 -0800] "GET /logs/access_070723.log//modules/postguestbook/styles/internal/header.php?tpl_pgb_moddir=http://www.yufa.spb.ru/modules/coppermine/include/id.txt? HTTP/1.1" 404 275 "-" "libwww-perl/5.805" "www.galf.org"
216.70.118.3 - - [16/Dec/2007:16:02:28 -0800] "GET /logs/access_070723.log//modules/postguestbook/styles/internal/header.php?tpl_pgb_moddir=http://www.yufa.spb.ru/modules/coppermine/include/id.txt? HTTP/1.1" 404 275 "-" "libwww-perl/5.805" "www.galf.org"
216.70.118.3 - - [16/Dec/2007:16:02:28 -0800] "GET //modules/postguestbook/styles/internal/header.php?tpl_pgb_moddir=http://www.yufa.spb.ru/modules/coppermine/include/id.txt? HTTP/1.1" 404 275 "-" "libwww-perl/5.805" "www.galf.org"
216.70.118.3 - - [16/Dec/2007:16:02:29 -0800] "GET //modules/postguestbook/styles/internal/header.php?tpl_pgb_moddir=http://www.yufa.spb.ru/modules/coppermine/include/id.txt? HTTP/1.1" 404 275 "-" "libwww-perl/5.805"
216.70.118.3 - - [16/Dec/2007:16:02:29 -0800] "GET /logs//modules/postguestbook/styles/internal/header.php?tpl_pgb_moddir=http://www.yufa.spb.ru/modules/coppermine/include/id.txt? HTTP/1.1" 404 275 "-" "libwww-perl/5.805" "www.galf.org"
216.70.118.3 - - [16/Dec/2007:16:02:29 -0800] "GET /logs//modules/postguestbook/styles/internal/header.php?tpl_pgb_moddir=http://www.yufa.spb.ru/modules/coppermine/include/id.txt? HTTP/1.1" 404 275 "-" "libwww-perl/5.805" "www.galf.org"
85.25.86.65 - - [16/Dec/2007:16:02:29 -0800] "GET /logs/access_070723.log//modules/postguestbook/styles/internal/header.php?tpl_pgb_moddir=http://www.yufa.spb.ru/modules/coppermine/include/id.txt? HTTP/1.1" 404 275 "-" "libwww-perl/5.803"
87.101.4.49 - - [16/Dec/2007:16:02:29 -0800] "GET //modules/postguestbook/styles/internal/header.php?tpl_pgb_moddir=http://www.yufa.spb.ru/modules/coppermine/include/id.txt? HTTP/1.1" 404 275 "-" "libwww-perl/5.79" "www.galf.org"
216.70.118.3 - - [16/Dec/2007:16:02:29 -0800] "GET /logs/access_070723.log//modules/postguestbook/styles/internal/header.php?tpl_pgb_moddir=http://www.yufa.spb.ru/modules/coppermine/include/id.txt? HTTP/1.1" 404 275 "-" "libwww-perl/5.805" "www.galf.org"
216.70.118.3 - - [16/Dec/2007:16:02:29 -0800] "GET //modules/postguestbook/styles/internal/header.php?tpl_pgb_moddir=http://www.yufa.spb.ru/modules/coppermine/include/id.txt? HTTP/1.1" 404 275 "-" "libwww-perl/5.805" "www.galf.org"
216.70.118.3 - - [16/Dec/2007:16:02:29 -0800] "GET /logs//modules/postguestbook/styles/internal/header.php?tpl_pgb_moddir=http://www.yufa.spb.ru/modules/coppermine/include/id.txt? HTTP/1.1" 404 275 "-" "libwww-perl/5.805" "www.galf.org"
85.25.86.65 - - [16/Dec/2007:16:02:29 -0800] "GET /logs/access_070723.log//modules/postguestbook/styles/internal/header.php?tpl_pgb_moddir=http://www.yufa.spb.ru/modules/coppermine/include/id.txt? HTTP/1.1" 404 275 "-" "libwww-perl/5.803"
85.25.86.65 - - [16/Dec/2007:16:02:29 -0800] "GET //modules/postguestbook/styles/internal/header.php?tpl_pgb_moddir=http://www.yufa.spb.ru/modules/coppermine/include/id.txt? HTTP/1.1" 404 275 "-" "libwww-perl/5.803"
87.101.4.49 - - [16/Dec/2007:16:02:29 -0800] "GET /logs//modules/postguestbook/styles/internal/header.php?tpl_pgb_moddir=http://www.yufa.spb.ru/modules/coppermine/include/id.txt? HTTP/1.1" 404 275 "-" "libwww-perl/5.79" "www.galf.org"
85.25.86.65 - - [16/Dec/2007:16:02:29 -0800] "GET //modules/postguestbook/styles/internal/header.php?tpl_pgb_moddir=http://www.yufa.spb.ru/modules/coppermine/include/id.txt? HTTP/1.1" 404 275 "-" "libwww-perl/5.803"
85.25.86.65 - - [16/Dec/2007:16:02:29 -0800] "GET /logs//modules/postguestbook/styles/internal/header.php?tpl_pgb_moddir=http://www.yufa.spb.ru/modules/coppermine/include/id.txt? HTTP/1.1" 404 275 "-" "libwww-perl/5.803"
216.70.118.3 - - [16/Dec/2007:16:02:29 -0800] "GET /logs/access_070723.log//modules/postguestbook/styles/internal/header.php?tpl_pgb_moddir=http://www.yufa.spb.ru/modules/coppermine/include/id.txt? HTTP/1.1" 404 275 "-" "libwww-perl/5.805" "www.galf.org"
216.70.118.3 - - [16/Dec/2007:16:02:30 -0800] "GET //modules/postguestbook/styles/internal/header.php?tpl_pgb_moddir=http://www.yufa.spb.ru/modules/coppermine/include/id.txt? HTTP/1.1" 404 275 "-" "libwww-perl/5.805"
85.25.86.65 - - [16/Dec/2007:16:02:30 -0800] "GET /logs//modules/postguestbook/styles/internal/header.php?tpl_pgb_moddir=http://www.yufa.spb.ru/modules/coppermine/include/id.txt? HTTP/1.1" 404 275 "-" "libwww-perl/5.803"
216.70.118.3 - - [16/Dec/2007:16:02:30 -0800] "GET /logs//modules/postguestbook/styles/internal/header.php?tpl_pgb_moddir=http://www.yufa.spb.ru/modules/coppermine/include/id.txt? HTTP/1.1" 404 275 "-" "libwww-perl/5.805" "www.galf.org"
216.246.77.229 - - [16/Dec/2007:16:02:34 -0800] "GET /logs/access_070723.log//modules/postguestbook/styles/internal/header.php?tpl_pgb_moddir=http://www.yufa.spb.ru/modules/coppermine/include/id.txt? HTTP/1.1" 404 275 "-" "libwww-perl/5.808"
216.246.77.229 - - [16/Dec/2007:16:02:34 -0800] "GET //modules/postguestbook/styles/internal/header.php?tpl_pgb_moddir=http://www.yufa.spb.ru/modules/coppermine/include/id.txt? HTTP/1.1" 404 275 "-" "libwww-perl/5.808"
216.246.77.229 - - [16/Dec/2007:16:02:34 -0800] "GET /logs//modules/postguestbook/styles/internal/header.php?tpl_pgb_moddir=http://www.yufa.spb.ru/modules/coppermine/include/id.txt? HTTP/1.1" 404 275 "-" "libwww-perl/5.808"
85.25.86.65 - - [16/Dec/2007:16:02:34 -0800] "GET /logs/access_070903.log//modules/postguestbook/styles/internal/header.php?tpl_pgb_moddir=http://www.yufa.spb.ru/modules/coppermine/include/id.txt? HTTP/1.1" 404 275 "-" "libwww-perl/5.803"
85.25.86.65 - - [16/Dec/2007:16:02:35 -0800] "GET /logs/access_070903.log//modules/postguestbook/styles/internal/header.php?tpl_pgb_moddir=http://www.yufa.spb.ru/modules/coppermine/include/id.txt? HTTP/1.1" 404 275 "-" "libwww-perl/5.803"
87.101.4.49 - - [16/Dec/2007:16:02:35 -0800] "GET /logs/access_070903.log//modules/postguestbook/styles/internal/header.php?tpl_pgb_moddir=http://www.yufa.spb.ru/modules/coppermine/include/id.txt? HTTP/1.1" 404 275 "-" "libwww-perl/5.79" "www.galf.org"
216.246.77.229 - - [16/Dec/2007:16:02:35 -0800] "GET /logs/access_070723.log//modules/postguestbook/styles/internal/header.php?tpl_pgb_moddir=http://www.yufa.spb.ru/modules/coppermine/include/id.txt? HTTP/1.1" 404 275 "-" "libwww-perl/5.808"
216.246.77.229 - - [16/Dec/2007:16:02:35 -0800] "GET //modules/postguestbook/styles/internal/header.php?tpl_pgb_moddir=http://www.yufa.spb.ru/modules/coppermine/include/id.txt? HTTP/1.1" 404 275 "-" "libwww-perl/5.808"
216.246.77.229 - - [16/Dec/2007:16:02:35 -0800] "GET /logs//modules/postguestbook/styles/internal/header.php?tpl_pgb_moddir=http://www.yufa.spb.ru/modules/coppermine/include/id.txt? HTTP/1.1" 404 275 "-" "libwww-perl/5.808"
216.70.118.3 - - [16/Dec/2007:16:02:37 -0800] "GET /logs/access_070723.log//modules/postguestbook/styles/internal/header.php?tpl_pgb_moddir=http://www.yufa.spb.ru/modules/coppermine/include/id.txt? HTTP/1.1" 404 275 "-" "libwww-perl/5.805" "www.galf.org"
216.70.118.3 - - [16/Dec/2007:16:02:37 -0800] "GET //modules/postguestbook/styles/internal/header.php?tpl_pgb_moddir=http://www.yufa.spb.ru/modules/coppermine/include/id.txt? HTTP/1.1" 404 275 "-" "libwww-perl/5.805" "www.galf.org"
216.70.118.3 - - [16/Dec/2007:16:02:37 -0800] "GET /logs//modules/postguestbook/styles/internal/header.php?tpl_pgb_moddir=http://www.yufa.spb.ru/modules/coppermine/include/id.txt? HTTP/1.1" 404 275 "-" "libwww-perl/5.805"
216.70.118.3 - - [16/Dec/2007:16:02:37 -0800] "GET /logs/access_070723.log//modules/postguestbook/styles/internal/header.php?tpl_pgb_moddir=http://www.yufa.spb.ru/modules/coppermine/include/id.txt? HTTP/1.1" 404 275 "-" "libwww-perl/5.805" "www.galf.org"
216.70.118.3 - - [16/Dec/2007:16:02:37 -0800] "GET //modules/postguestbook/styles/internal/header.php?tpl_pgb_moddir=http://www.yufa.spb.ru/modules/coppermine/include/id.txt? HTTP/1.1" 404 275 "-" "libwww-perl/5.805" "www.galf.org"
216.70.118.3 - - [16/Dec/2007:16:02:37 -0800] "GET /logs//modules/postguestbook/styles/internal/header.php?tpl_pgb_moddir=http://www.yufa.spb.ru/modules/coppermine/include/id.txt? HTTP/1.1" 404 275 "-" "libwww-perl/5.805" "www.galf.org"
85.25.86.65 - - [16/Dec/2007:16:02:39 -0800] "GET /logs/access_070723.log//modules/postguestbook/styles/internal/header.php?tpl_pgb_moddir=http://www.yufa.spb.ru/modules/coppermine/include/id.txt? HTTP/1.1" 404 275 "-" "libwww-perl/5.803"
85.25.86.65 - - [16/Dec/2007:16:02:39 -0800] "GET //modules/postguestbook/styles/internal/header.php?tpl_pgb_moddir=http://www.yufa.spb.ru/modules/coppermine/include/id.txt? HTTP/1.1" 404 275 "-" "libwww-perl/5.803"
85.25.86.65 - - [16/Dec/2007:16:02:39 -0800] "GET /logs//modules/postguestbook/styles/internal/header.php?tpl_pgb_moddir=http://www.yufa.spb.ru/modules/coppermine/include/id.txt? HTTP/1.1" 404 275 "-" "libwww-perl/5.803"
216.70.118.3 - - [16/Dec/2007:16:02:40 -0800] "GET /logs/access_070903.log//modules/postguestbook/styles/internal/header.php?tpl_pgb_moddir=http://www.yufa.spb.ru/modules/coppermine/include/id.txt? HTTP/1.1" 404 275 "-" "libwww-perl/5.805" "www.galf.org"
216.70.118.3 - - [16/Dec/2007:16:02:41 -0800] "GET /logs/access_070903.log//modules/postguestbook/styles/internal/header.php?tpl_pgb_moddir=http://www.yufa.spb.ru/modules/coppermine/include/id.txt? HTTP/1.1" 404 275 "-" "libwww-perl/5.805" "www.galf.org"
216.70.118.3 - - [16/Dec/2007:16:02:41 -0800] "GET /logs/access_070903.log//modules/postguestbook/styles/internal/header.php?tpl_pgb_moddir=http://www.yufa.spb.ru/modules/coppermine/include/id.txt? HTTP/1.1" 404 275 "-" "libwww-perl/5.805" "www.galf.org"
216.70.118.3 - - [16/Dec/2007:16:02:41 -0800] "GET /logs/access_070903.log//modules/postguestbook/styles/internal/header.php?tpl_pgb_moddir=http://www.yufa.spb.ru/modules/coppermine/include/id.txt? HTTP/1.1" 404 275 "-" "libwww-perl/5.805" "www.galf.org"
216.246.77.229 - - [16/Dec/2007:16:02:43 -0800] "GET /logs/access_070903.log//modules/postguestbook/styles/internal/header.php?tpl_pgb_moddir=http://www.yufa.spb.ru/modules/coppermine/include/id.txt? HTTP/1.1" 404 275 "-" "libwww-perl/5.808"
216.246.77.229 - - [16/Dec/2007:16:02:44 -0800] "GET /logs/access_070903.log//modules/postguestbook/styles/internal/header.php?tpl_pgb_moddir=http://www.yufa.spb.ru/modules/coppermine/include/id.txt? HTTP/1.1" 404 275 "-" "libwww-perl/5.808"
85.25.86.65 - - [16/Dec/2007:16:02:44 -0800] "GET /logs/access_070903.log//modules/postguestbook/styles/internal/header.php?tpl_pgb_moddir=http://www.yufa.spb.ru/modules/coppermine/include/id.txt? HTTP/1.1" 404 275 "-" "libwww-perl/5.803"
216.70.118.3 - - [16/Dec/2007:16:02:48 -0800] "GET /logs/access_070903.log//modules/postguestbook/styles/internal/header.php?tpl_pgb_moddir=http://www.yufa.spb.ru/modules/coppermine/include/id.txt? HTTP/1.1" 404 275 "-" "libwww-perl/5.805" "www.galf.org"
216.70.118.3 - - [16/Dec/2007:16:02:49 -0800] "GET /logs/access_070903.log//modules/postguestbook/styles/internal/header.php?tpl_pgb_moddir=http://www.yufa.spb.ru/modules/coppermine/include/id.txt? HTTP/1.1" 404 275 "-" "libwww-perl/5.805" "www.galf.org"
87.101.4.49 - - [16/Dec/2007:16:02:50 -0800] "GET /logs/access_070723.log//modules/postguestbook/styles/internal/header.php?tpl_pgb_moddir=http://www.yufa.spb.ru/modules/coppermine/include/id.txt? HTTP/1.1" 404 275 "-" "libwww-perl/5.79" "www.galf.org"
87.101.4.49 - - [16/Dec/2007:16:02:50 -0800] "GET //modules/postguestbook/styles/internal/header.php?tpl_pgb_moddir=http://www.yufa.spb.ru/modules/coppermine/include/id.txt? HTTP/1.1" 404 275 "-" "libwww-perl/5.79" "www.galf.org"
87.101.4.49 - - [16/Dec/2007:16:02:51 -0800] "GET /logs//modules/postguestbook/styles/internal/header.php?tpl_pgb_moddir=http://www.yufa.spb.ru/modules/coppermine/include/id.txt? HTTP/1.1" 404 275 "-" "libwww-perl/5.79" "www.galf.org"
87.238.198.71 - - [16/Dec/2007:16:02:51 -0800] "GET /logs/access_070716.log///components/com_artlinks/artlinks.dispnew.php?mosConfig_absolute_path=http://trimedia-online.net/ihmank/id.txt?? HTTP/1.1" 404 275 "-" "libwww-perl/5.803" "www.galf.org"
87.238.198.71 - - [16/Dec/2007:16:02:51 -0800] "GET /logs/access_070716.log///components/com_artlinks/artlinks.dispnew.php?mosConfig_absolute_path=http://trimedia-online.net/ihmank/id.txt?? HTTP/1.1" 404 275 "-" "libwww-perl/5.803"
87.238.198.71 - - [16/Dec/2007:16:02:51 -0800] "GET /logs/access_070716.log///components/com_artlinks/artlinks.dispnew.php?mosConfig_absolute_path=http://trimedia-online.net/ihmank/id.txt?? HTTP/1.1" 404 275 "-" "libwww-perl/5.803" "www.galf.org"
87.238.198.71 - - [16/Dec/2007:16:02:52 -0800] "GET ///components/com_artlinks/artlinks.dispnew.php?mosConfig_absolute_path=http://trimedia-online.net/ihmank/id.txt?? HTTP/1.1" 404 275 "-" "libwww-perl/5.803" "www.galf.org"
87.238.198.71 - - [16/Dec/2007:16:02:52 -0800] "GET ///components/com_artlinks/artlinks.dispnew.php?mosConfig_absolute_path=http://trimedia-online.net/ihmank/id.txt?? HTTP/1.1" 404 275 "-" "libwww-perl/5.803" "www.galf.org"
87.238.198.71 - - [16/Dec/2007:16:02:52 -0800] "GET ///components/com_artlinks/artlinks.dispnew.php?mosConfig_absolute_path=http://trimedia-online.net/ihmank/id.txt?? HTTP/1.1" 404 275 "-" "libwww-perl/5.803" "www.galf.org"
87.238.198.71 - - [16/Dec/2007:16:02:52 -0800] "GET /logs///components/com_artlinks/artlinks.dispnew.php?mosConfig_absolute_path=http://trimedia-online.net/ihmank/id.txt?? HTTP/1.1" 404 275 "-" "libwww-perl/5.803" "www.galf.org"
87.238.198.71 - - [16/Dec/2007:16:02:52 -0800] "GET /logs///components/com_artlinks/artlinks.dispnew.php?mosConfig_absolute_path=http://trimedia-online.net/ihmank/id.txt?? HTTP/1.1" 404 275 "-" "libwww-perl/5.803" "www.galf.org"
87.238.198.71 - - [16/Dec/2007:16:02:52 -0800] "GET /logs///components/com_artlinks/artlinks.dispnew.php?mosConfig_absolute_path=http://trimedia-online.net/ihmank/id.txt?? HTTP/1.1" 404 275 "-" "libwww-perl/5.803"
62.68.208.203 - - [16/Dec/2007:16:02:55 -0800] "GET /logs/access.log/administrator/components/com_remository/admin.remository.php?mosConfig_absolute_path=http://www.dip-kostroma.ru/bak_skompa/themes/runcms/menu/images/.asc/www????????????????????????????? HTTP/1.1" 404 275 "-" "libwww-perl/5.79" "www.galf.org"
209.208.81.132 - - [16/Dec/2007:16:02:55 -0800] "GET /logs/administrator/components/com_linkdirectory/toolbar.linkdirectory.html.php?mosConfig_absolute_path=http://www.arabx1st.xpgplus.com.br/cmd.txt?? HTTP/1.1" 404 275 "-" "libwww-perl/5.65" "www.galf.org"
209.208.81.132 - - [16/Dec/2007:16:02:55 -0800] "GET /administrator/components/com_linkdirectory/toolbar.linkdirectory.html.php?mosConfig_absolute_path=http://www.arabx1st.xpgplus.com.br/cmd.txt?? HTTP/1.1" 404 275 "-" "libwww-perl/5.65" "www.galf.org"
87.101.4.49 - - [16/Dec/2007:16:02:55 -0800] "GET /logs/access_070903.log//modules/postguestbook/styles/internal/header.php?tpl_pgb_moddir=http://www.yufa.spb.ru/modules/coppermine/include/id.txt? HTTP/1.1" 404 275 "-" "libwww-perl/5.79" "www.galf.org"
62.68.208.203 - - [16/Dec/2007:16:02:55 -0800] "GET /administrator/components/com_remository/admin.remository.php?mosConfig_absolute_path=http://www.dip-kostroma.ru/bak_skompa/themes/runcms/menu/images/.asc/www????????????????????????????? HTTP/1.1" 404 275 "-" "libwww-perl/5.79" "www.galf.org"
62.68.208.203 - - [16/Dec/2007:16:02:56 -0800] "GET /logs/administrator/components/com_remository/admin.remository.php?mosConfig_absolute_path=http://www.dip-kostroma.ru/bak_skompa/themes/runcms/menu/images/.asc/www????????????????????????????? HTTP/1.1" 404 275 "-" "libwww-perl/5.79"
66.240.234.44 - - [16/Dec/2007:16:02:57 -0800] "GET /logs/access_070723.log//modules/postguestbook/styles/internal/header.php?tpl_pgb_moddir=http://www.yufa.spb.ru/modules/coppermine/include/id.txt? HTTP/1.1" 404 275 "-" "libwww-perl/5.805"
66.240.234.44 - - [16/Dec/2007:16:02:58 -0800] "GET //modules/postguestbook/styles/internal/header.php?tpl_pgb_moddir=http://www.yufa.spb.ru/modules/coppermine/include/id.txt? HTTP/1.1" 404 275 "-" "libwww-perl/5.805"
66.240.234.44 - - [16/Dec/2007:16:02:58 -0800] "GET /logs//modules/postguestbook/styles/internal/header.php?tpl_pgb_moddir=http://www.yufa.spb.ru/modules/coppermine/include/id.txt? HTTP/1.1" 404 275 "-" "libwww-perl/5.805"
216.246.77.229 - - [16/Dec/2007:16:02:58 -0800] "GET /logs/access_070903.log//modules/postguestbook/styles/internal/header.php?tpl_pgb_moddir=http://www.yufa.spb.ru/modules/coppermine/include/id.txt? HTTP/1.1" 404 275 "-" "libwww-perl/5.808"
216.246.77.229 - - [16/Dec/2007:16:02:58 -0800] "GET //modules/postguestbook/styles/internal/header.php?tpl_pgb_moddir=http://www.yufa.spb.ru/modules/coppermine/include/id.txt? HTTP/1.1" 404 275 "-" "libwww-perl/5.808"
216.246.77.229 - - [16/Dec/2007:16:02:58 -0800] "GET /logs//modules/postguestbook/styles/internal/header.php?tpl_pgb_moddir=http://www.yufa.spb.ru/modules/coppermine/include/id.txt? HTTP/1.1" 404 275 "-" "libwww-perl/5.808"
216.246.77.229 - - [16/Dec/2007:16:02:58 -0800] "GET /logs/access_070903.log//modules/postguestbook/styles/internal/header.php?tpl_pgb_moddir=http://www.yufa.spb.ru/modules/coppermine/include/id.txt? HTTP/1.1" 404 275 "-" "libwww-perl/5.808"
216.246.77.229 - - [16/Dec/2007:16:02:58 -0800] "GET //modules/postguestbook/styles/internal/header.php?tpl_pgb_moddir=http://www.yufa.spb.ru/modules/coppermine/include/id.txt? HTTP/1.1" 404 275 "-" "libwww-perl/5.808"
216.246.77.229 - - [16/Dec/2007:16:02:59 -0800] "GET /logs//modules/postguestbook/styles/internal/header.php?tpl_pgb_moddir=http://www.yufa.spb.ru/modules/coppermine/include/id.txt? HTTP/1.1" 404 275 "-" "libwww-perl/5.808"
85.25.86.65 - - [16/Dec/2007:16:03:00 -0800] "GET /logs/access_070723.log//modules/postguestbook/styles/internal/header.php?tpl_pgb_moddir=http://www.yufa.spb.ru/modules/coppermine/include/id.txt? HTTP/1.1" 404 275 "-" "libwww-perl/5.803"
85.25.86.65 - - [16/Dec/2007:16:03:00 -0800] "GET //modules/postguestbook/styles/internal/header.php?tpl_pgb_moddir=http://www.yufa.spb.ru/modules/coppermine/include/id.txt? HTTP/1.1" 404 275 "-" "libwww-perl/5.803"
85.25.86.65 - - [16/Dec/2007:16:03:01 -0800] "GET /logs//modules/postguestbook/styles/internal/header.php?tpl_pgb_moddir=http://www.yufa.spb.ru/modules/coppermine/include/id.txt? HTTP/1.1" 404 275 "-" "libwww-perl/5.803"
216.246.77.229 - - [16/Dec/2007:16:03:02 -0800] "GET /logs/access_070827.log//modules/postguestbook/styles/internal/header.php?tpl_pgb_moddir=http://www.yufa.spb.ru/modules/coppermine/include/id.txt? HTTP/1.1" 404 275 "-" "libwww-perl/5.808"
66.240.234.44 - - [16/Dec/2007:16:03:02 -0800] "GET /logs/access_070723.log//modules/postguestbook/styles/internal/header.php?tpl_pgb_moddir=http://www.yufa.spb.ru/modules/coppermine/include/id.txt? HTTP/1.1" 404 275 "-" "libwww-perl/5.805"
66.240.234.44 - - [16/Dec/2007:16:03:02 -0800] "GET //modules/postguestbook/styles/internal/header.php?tpl_pgb_moddir=http://www.yufa.spb.ru/modules/coppermine/include/id.txt? HTTP/1.1" 404 275 "-" "libwww-perl/5.805"
66.240.234.44 - - [16/Dec/2007:16:03:02 -0800] "GET /logs//modules/postguestbook/styles/internal/header.php?tpl_pgb_moddir=http://www.yufa.spb.ru/modules/coppermine/include/id.txt? HTTP/1.1" 404 275 "-" "libwww-perl/5.805"
85.25.86.65 - - [16/Dec/2007:16:03:08 -0800] "GET /logs/access_070903.log//modules/postguestbook/styles/internal/header.php?tpl_pgb_moddir=http://www.yufa.spb.ru/modules/coppermine/include/id.txt? HTTP/1.1" 404 275 "-" "libwww-perl/5.803"
66.240.234.44 - - [16/Dec/2007:16:03:09 -0800] "GET /logs/access_070903.log//modules/postguestbook/styles/internal/header.php?tpl_pgb_moddir=http://www.yufa.spb.ru/modules/coppermine/include/id.txt? HTTP/1.1" 404 275 "-" "libwww-perl/5.805"
66.240.234.44 - - [16/Dec/2007:16:03:12 -0800] "GET /logs/access_070903.log//modules/postguestbook/styles/internal/header.php?tpl_pgb_moddir=http://www.yufa.spb.ru/modules/coppermine/include/id.txt? HTTP/1.1" 404 275 "-" "libwww-perl/5.805"
85.25.86.65 - - [16/Dec/2007:16:03:18 -0800] "GET /logs/access_070903.log//modules/postguestbook/styles/internal/header.php?tpl_pgb_moddir=http://www.yufa.spb.ru/modules/coppermine/include/id.txt? HTTP/1.1" 404 275 "-" "libwww-perl/5.803"
85.25.86.65 - - [16/Dec/2007:16:03:19 -0800] "GET //modules/postguestbook/styles/internal/header.php?tpl_pgb_moddir=http://www.yufa.spb.ru/modules/coppermine/include/id.txt? HTTP/1.1" 404 275 "-" "libwww-perl/5.803"
85.25.86.65 - - [16/Dec/2007:16:03:19 -0800] "GET /logs/access_070903.log//modules/postguestbook/styles/internal/header.php?tpl_pgb_moddir=http://www.yufa.spb.ru/modules/coppermine/include/id.txt? HTTP/1.1" 404 275 "-" "libwww-perl/5.803"
85.25.86.65 - - [16/Dec/2007:16:03:19 -0800] "GET /logs//modules/postguestbook/styles/internal/header.php?tpl_pgb_moddir=http://www.yufa.spb.ru/modules/coppermine/include/id.txt? HTTP/1.1" 404 275 "-" "libwww-perl/5.803"
85.25.86.65 - - [16/Dec/2007:16:03:19 -0800] "GET //modules/postguestbook/styles/internal/header.php?tpl_pgb_moddir=http://www.yufa.spb.ru/modules/coppermine/include/id.txt? HTTP/1.1" 404 275 "-" "libwww-perl/5.803"
85.25.86.65 - - [16/Dec/2007:16:03:20 -0800] "GET /logs//modules/postguestbook/styles/internal/header.php?tpl_pgb_moddir=http://www.yufa.spb.ru/modules/coppermine/include/id.txt? HTTP/1.1" 404 275 "-" "libwww-perl/5.803"
209.172.49.109 - - [16/Dec/2007:16:03:27 -0800] "GET /logs/access_071203.log//modules/agendax/addevent.inc.php?agendax_path=www.myspacebill.com/myspacebill/id.txt?? HTTP/1.1" 404 275 "-" "libwww-perl/5.808"
209.172.49.109 - - [16/Dec/2007:16:03:27 -0800] "GET //modules/agendax/addevent.inc.php?agendax_path=www.myspacebill.com/myspacebill/id.txt?? HTTP/1.1" 404 275 "-" "libwww-perl/5.808" "www.galf.org"
209.172.49.109 - - [16/Dec/2007:16:03:27 -0800] "GET /logs//modules/agendax/addevent.inc.php?agendax_path=www.myspacebill.com/myspacebill/id.txt?? HTTP/1.1" 404 275 "-" "libwww-perl/5.808" "www.galf.org"
216.70.118.3 - - [16/Dec/2007:16:03:29 -0800] "GET /logs/access_070903.log//modules/postguestbook/styles/internal/header.php?tpl_pgb_moddir=http://www.yufa.spb.ru/modules/coppermine/include/id.txt? HTTP/1.1" 404 275 "-" "libwww-perl/5.805"
216.70.118.3 - - [16/Dec/2007:16:03:29 -0800] "GET //modules/postguestbook/styles/internal/header.php?tpl_pgb_moddir=http://www.yufa.spb.ru/modules/coppermine/include/id.txt? HTTP/1.1" 404 275 "-" "libwww-perl/5.805" "www.galf.org"
216.70.118.3 - - [16/Dec/2007:16:03:29 -0800] "GET /logs//modules/postguestbook/styles/internal/header.php?tpl_pgb_moddir=http://www.yufa.spb.ru/modules/coppermine/include/id.txt? HTTP/1.1" 404 275 "-" "libwww-perl/5.805"
209.172.49.109 - - [16/Dec/2007:16:03:30 -0800] "GET /logs/access_071008.log//modules/agendax/addevent.inc.php?agendax_path=www.myspacebill.com/myspacebill/id.txt?? HTTP/1.1" 404 275 "-" "libwww-perl/5.808" "www.galf.org"
216.70.118.3 - - [16/Dec/2007:16:03:30 -0800] "GET /logs/access_070903.log//modules/postguestbook/styles/internal/header.php?tpl_pgb_moddir=http://www.yufa.spb.ru/modules/coppermine/include/id.txt? HTTP/1.1" 404 275 "-" "libwww-perl/5.805" "www.galf.org"
216.70.118.3 - - [16/Dec/2007:16:03:30 -0800] "GET //modules/postguestbook/styles/internal/header.php?tpl_pgb_moddir=http://www.yufa.spb.ru/modules/coppermine/include/id.txt? HTTP/1.1" 404 275 "-" "libwww-perl/5.805" "www.galf.org"
216.70.118.3 - - [16/Dec/2007:16:03:30 -0800] "GET /logs//modules/postguestbook/styles/internal/header.php?tpl_pgb_moddir=http://www.yufa.spb.ru/modules/coppermine/include/id.txt? HTTP/1.1" 404 275 "-" "libwww-perl/5.805" "www.galf.org"
87.101.4.49 - - [16/Dec/2007:16:03:31 -0800] "GET /logs/access_070903.log//modules/postguestbook/styles/internal/header.php?tpl_pgb_moddir=http://www.yufa.spb.ru/modules/coppermine/include/id.txt? HTTP/1.1" 404 275 "-" "libwww-perl/5.79" "www.galf.org"
87.101.4.49 - - [16/Dec/2007:16:03:31 -0800] "GET //modules/postguestbook/styles/internal/header.php?tpl_pgb_moddir=http://www.yufa.spb.ru/modules/coppermine/include/id.txt? HTTP/1.1" 404 275 "-" "libwww-perl/5.79" "www.galf.org"
87.101.4.49 - - [16/Dec/2007:16:03:32 -0800] "GET /logs//modules/postguestbook/styles/internal/header.php?tpl_pgb_moddir=http://www.yufa.spb.ru/modules/coppermine/include/id.txt? HTTP/1.1" 404 275 "-" "libwww-perl/5.79" "www.galf.org"
66.240.234.44 - - [16/Dec/2007:16:03:32 -0800] "GET /logs//modules/postguestbook/styles/internal/header.php?tpl_pgb_moddir=http://www.yufa.spb.ru/modules/coppermine/include/id.txt? HTTP/1.1" 404 275 "-" "libwww-perl/5.805"
66.240.234.44 - - [16/Dec/2007:16:03:32 -0800] "GET //modules/postguestbook/styles/internal/header.php?tpl_pgb_moddir=http://www.yufa.spb.ru/modules/coppermine/include/id.txt? HTTP/1.1" 404 275 "-" "libwww-perl/5.805"
216.70.118.3 - - [16/Dec/2007:16:03:34 -0800] "GET /logs/access_070827.log//modules/postguestbook/styles/internal/header.php?tpl_pgb_moddir=http://www.yufa.spb.ru/modules/coppermine/include/id.txt? HTTP/1.1" 404 275 "-" "libwww-perl/5.805" "www.galf.org"
216.70.118.3 - - [16/Dec/2007:16:03:34 -0800] "GET /logs/access_070827.log//modules/postguestbook/styles/internal/header.php?tpl_pgb_moddir=http://www.yufa.spb.ru/modules/coppermine/include/id.txt? HTTP/1.1" 404 275 "-" "libwww-perl/5.805" "www.galf.org"
87.101.4.49 - - [16/Dec/2007:16:03:35 -0800] "GET /logs/access_070827.log//modules/postguestbook/styles/internal/header.php?tpl_pgb_moddir=http://www.yufa.spb.ru/modules/coppermine/include/id.txt? HTTP/1.1" 404 275 "-" "libwww-perl/5.79"
66.240.234.44 - - [16/Dec/2007:16:03:37 -0800] "GET /logs/access_070723.log//modules/postguestbook/styles/internal/header.php?tpl_pgb_moddir=http://www.yufa.spb.ru/modules/coppermine/include/id.txt? HTTP/1.1" 404 275 "-" "libwww-perl/5.805"
66.240.234.44 - - [16/Dec/2007:16:03:37 -0800] "GET //modules/postguestbook/styles/internal/header.php?tpl_pgb_moddir=http://www.yufa.spb.ru/modules/coppermine/include/id.txt? HTTP/1.1" 404 275 "-" "libwww-perl/5.805"
66.240.234.44 - - [16/Dec/2007:16:03:37 -0800] "GET /logs//modules/postguestbook/styles/internal/header.php?tpl_pgb_moddir=http://www.yufa.spb.ru/modules/coppermine/include/id.txt? HTTP/1.1" 404 275 "-" "libwww-perl/5.805"
87.101.4.49 - - [16/Dec/2007:16:03:42 -0800] "GET /logs/access_070723.log//modules/postguestbook/styles/internal/header.php?tpl_pgb_moddir=http://www.yufa.spb.ru/modules/coppermine/include/id.txt? HTTP/1.1" 404 275 "-" "libwww-perl/5.79" "www.galf.org"
87.101.4.49 - - [16/Dec/2007:16:03:42 -0800] "GET //modules/postguestbook/styles/internal/header.php?tpl_pgb_moddir=http://www.yufa.spb.ru/modules/coppermine/include/id.txt? HTTP/1.1" 404 275 "-" "libwww-perl/5.79" "www.galf.org"
65.98.114.26 - - [16/Dec/2007:16:03:44 -0800] "GET /logs/access_070723.log//modules/postguestbook/styles/internal/header.php?tpl_pgb_moddir=http://www.yufa.spb.ru/modules/coppermine/include/id.txt? HTTP/1.1" 404 275 "-" "libwww-perl/5.808" "www.galf.org"
65.98.114.26 - - [16/Dec/2007:16:03:44 -0800] "GET //modules/postguestbook/styles/internal/header.php?tpl_pgb_moddir=http://www.yufa.spb.ru/modules/coppermine/include/id.txt? HTTP/1.1" 404 275 "-" "libwww-perl/5.808" "www.galf.org"
65.98.114.26 - - [16/Dec/2007:16:03:45 -0800] "GET /logs//modules/postguestbook/styles/internal/header.php?tpl_pgb_moddir=http://www.yufa.spb.ru/modules/coppermine/include/id.txt? HTTP/1.1" 404 275 "-" "libwww-perl/5.808" "www.galf.org"
87.101.4.49 - - [16/Dec/2007:16:03:45 -0800] "GET /logs//modules/postguestbook/styles/internal/header.php?tpl_pgb_moddir=http://www.yufa.spb.ru/modules/coppermine/include/id.txt? HTTP/1.1" 404 275 "-" "libwww-perl/5.79" "www.galf.org"
65.98.114.26 - - [16/Dec/2007:16:03:49 -0800] "GET /logs/access_070723.log//modules/postguestbook/styles/internal/header.php?tpl_pgb_moddir=http://www.yufa.spb.ru/modules/coppermine/include/id.txt? HTTP/1.1" 404 275 "-" "libwww-perl/5.808" "www.galf.org"
87.101.4.49 - - [16/Dec/2007:16:03:50 -0800] "GET /logs/access_070903.log//modules/postguestbook/styles/internal/header.php?tpl_pgb_moddir=http://www.yufa.spb.ru/modules/coppermine/include/id.txt? HTTP/1.1" 404 275 "-" "libwww-perl/5.79"
65.98.114.26 - - [16/Dec/2007:16:03:55 -0800] "GET //modules/postguestbook/styles/internal/header.php?tpl_pgb_moddir=http://www.yufa.spb.ru/modules/coppermine/include/id.txt? HTTP/1.1" 404 275 "-" "libwww-perl/5.808" "www.galf.org"
65.98.114.26 - - [16/Dec/2007:16:03:55 -0800] "GET /logs//modules/postguestbook/styles/internal/header.php?tpl_pgb_moddir=http://www.yufa.spb.ru/modules/coppermine/include/id.txt? HTTP/1.1" 404 275 "-" "libwww-perl/5.808" "www.galf.org"
65.98.114.26 - - [16/Dec/2007:16:03:56 -0800] "GET /logs/access_070723.log//modules/postguestbook/styles/internal/header.php?tpl_pgb_moddir=http://www.yufa.spb.ru/modules/coppermine/include/id.txt? HTTP/1.1" 404 275 "-" "libwww-perl/5.808" "www.galf.org"
65.98.114.26 - - [16/Dec/2007:16:04:01 -0800] "GET //modules/postguestbook/styles/internal/header.php?tpl_pgb_moddir=http://www.yufa.spb.ru/modules/coppermine/include/id.txt? HTTP/1.1" 404 275 "-" "libwww-perl/5.808" "www.galf.org"
65.98.114.26 - - [16/Dec/2007:16:04:02 -0800] "GET /logs//modules/postguestbook/styles/internal/header.php?tpl_pgb_moddir=http://www.yufa.spb.ru/modules/coppermine/include/id.txt? HTTP/1.1" 404 275 "-" "libwww-perl/5.808" "www.galf.org"
213.157.188.68 - - [16/Dec/2007:16:04:02 -0800] "GET /logs/access_071008.log/index.php?p=http://www.yufa.spb.ru/modules/coppermine/include/id.txt? HTTP/1.1" 404 275 "-" "libwww-perl/5.63" "www.galf.org"
213.157.188.68 - - [16/Dec/2007:16:04:03 -0800] "GET /index.php?p=http://www.yufa.spb.ru/modules/coppermine/include/id.txt? HTTP/1.1" 404 275 "-" "libwww-perl/5.63" "www.galf.org"
213.157.188.68 - - [16/Dec/2007:16:04:04 -0800] "GET /logs/index.php?p=http://www.yufa.spb.ru/modules/coppermine/include/id.txt? HTTP/1.1" 404 275 "-" "libwww-perl/5.63" "www.galf.org"
65.98.114.26 - - [16/Dec/2007:16:04:04 -0800] "GET /logs/access_070723.log//modules/postguestbook/styles/internal/header.php?tpl_pgb_moddir=http://www.yufa.spb.ru/modules/coppermine/include/id.txt? HTTP/1.1" 404 275 "-" "libwww-perl/5.808" "www.galf.org"
65.98.114.26 - - [16/Dec/2007:16:04:05 -0800] "GET /logs/access_070723.log//modules/postguestbook/styles/internal/header.php?tpl_pgb_moddir=http://www.yufa.spb.ru/modules/coppermine/include/id.txt? HTTP/1.1" 404 275 "-" "libwww-perl/5.808" "www.galf.org"
65.98.114.26 - - [16/Dec/2007:16:04:05 -0800] "GET //modules/postguestbook/styles/internal/header.php?tpl_pgb_moddir=http://www.yufa.spb.ru/modules/coppermine/include/id.txt? HTTP/1.1" 404 275 "-" "libwww-perl/5.808" "www.galf.org"
65.98.114.26 - - [16/Dec/2007:16:04:06 -0800] "GET /logs//modules/postguestbook/styles/internal/header.php?tpl_pgb_moddir=http://www.yufa.spb.ru/modules/coppermine/include/id.txt? HTTP/1.1" 404 275 "-" "libwww-perl/5.808" "www.galf.org"
65.98.114.26 - - [16/Dec/2007:16:04:06 -0800] "GET //modules/postguestbook/styles/internal/header.php?tpl_pgb_moddir=http://www.yufa.spb.ru/modules/coppermine/include/id.txt? HTTP/1.1" 404 275 "-" "libwww-perl/5.808" "www.galf.org"
65.98.114.26 - - [16/Dec/2007:16:04:06 -0800] "GET /logs//modules/postguestbook/styles/internal/header.php?tpl_pgb_moddir=http://www.yufa.spb.ru/modules/coppermine/include/id.txt? HTTP/1.1" 404 275 "-" "libwww-perl/5.808" "www.galf.org"
65.98.114.26 - - [16/Dec/2007:16:04:12 -0800] "GET /logs/access_070903.log//modules/postguestbook/styles/internal/header.php?tpl_pgb_moddir=http://www.yufa.spb.ru/modules/coppermine/include/id.txt? HTTP/1.1" 404 275 "-" "libwww-perl/5.808" "www.galf.org"
65.98.114.26 - - [16/Dec/2007:16:04:15 -0800] "GET /logs/access_070903.log//modules/postguestbook/styles/internal/header.php?tpl_pgb_moddir=http://www.yufa.spb.ru/modules/coppermine/include/id.txt? HTTP/1.1" 404 275 "-" "libwww-perl/5.808" "www.galf.org"
65.98.114.26 - - [16/Dec/2007:16:04:21 -0800] "GET /logs/access_070903.log//modules/postguestbook/styles/internal/header.php?tpl_pgb_moddir=http://www.yufa.spb.ru/modules/coppermine/include/id.txt? HTTP/1.1" 404 275 "-" "libwww-perl/5.808" "www.galf.org"
65.98.114.26 - - [16/Dec/2007:16:04:23 -0800] "GET /logs/access_070903.log//modules/postguestbook/styles/internal/header.php?tpl_pgb_moddir=http://www.yufa.spb.ru/modules/coppermine/include/id.txt? HTTP/1.1" 404 275 "-" "libwww-perl/5.808" "www.galf.org"
65.98.114.26 - - [16/Dec/2007:16:04:23 -0800] "GET /logs/access_070903.log//modules/postguestbook/styles/internal/header.php?tpl_pgb_moddir=http://www.yufa.spb.ru/modules/coppermine/include/id.txt? HTTP/1.1" 404 275 "-" "libwww-perl/5.808" "www.galf.org"
80.172.224.21 - - [16/Dec/2007:16:04:26 -0800] "GET /components/com_zoom/classes/iptc/EXIF_Makernote.php?mosConfig_absolute_path=http://pyskaty.za.pl/base?? HTTP/1.1" 404 275 "-" "Mozilla/5.0" "www.galf.org"
80.172.224.21 - - [16/Dec/2007:16:04:26 -0800] "GET /logs/components/com_zoom/classes/iptc/EXIF_Makernote.php?mosConfig_absolute_path=http://pyskaty.za.pl/base?? HTTP/1.1" 404 275 "-" "Mozilla/5.0" "www.galf.org"
82.43.89.40 - - [16/Dec/2007:16:04:27 -0800] "GET /logs/access_070730.log//skin/zero_vote/ask_password.php?dir=http://www.gumgangfarm.com/shop/data/id.txt? HTTP/1.1" 404 275 "-" "libwww-perl/5.63" "www.galf.org"
82.43.89.40 - - [16/Dec/2007:16:04:28 -0800] "GET //skin/zero_vote/ask_password.php?dir=http://www.gumgangfarm.com/shop/data/id.txt? HTTP/1.1" 404 275 "-" "libwww-perl/5.63" "www.galf.org"
82.43.89.40 - - [16/Dec/2007:16:04:30 -0800] "GET /logs//skin/zero_vote/ask_password.php?dir=http://www.gumgangfarm.com/shop/data/id.txt? HTTP/1.1" 404 275 "-" "libwww-perl/5.63" "www.galf.org"
207.114.81.173 - - [16/Dec/2007:16:04:41 -0800] "GET /logs///components/com_artlinks/artlinks.dispnew.php?mosConfig_absolute_path=http://www.aquadawg.com//joomla2/gallery/modules/digibug/templates/files/mic.txt?? HTTP/1.1" 404 275 "-" "libwww-perl/5.76" "www.galf.org"
207.114.81.173 - - [16/Dec/2007:16:04:41 -0800] "GET ///components/com_artlinks/artlinks.dispnew.php?mosConfig_absolute_path=http://www.aquadawg.com//joomla2/gallery/modules/digibug/templates/files/mic.txt?? HTTP/1.1" 404 275 "-" "libwww-perl/5.76" "www.galf.org"
213.239.141.6 - - [16/Dec/2007:16:04:41 -0800] "GET /logs///components/com_artlinks/artlinks.dispnew.php?mosConfig_absolute_path=http://www.aquadawg.com//joomla2/gallery/modules/digibug/templates/files/mic1.txt?? HTTP/1.1" 404 275 "-" "libwww-perl/5.79" "www.galf.org"
213.239.141.6 - - [16/Dec/2007:16:04:42 -0800] "GET ///components/com_artlinks/artlinks.dispnew.php?mosConfig_absolute_path=http://www.aquadawg.com//joomla2/gallery/modules/digibug/templates/files/mic1.txt?? HTTP/1.1" 404 275 "-" "libwww-perl/5.79" "www.galf.org"
65.98.114.26 - - [16/Dec/2007:16:04:49 -0800] "GET /logs/access_070903.log//modules/postguestbook/styles/internal/header.php?tpl_pgb_moddir=http://www.yufa.spb.ru/modules/coppermine/include/id.txt? HTTP/1.1" 404 275 "-" "libwww-perl/5.808" "www.galf.org"
65.98.114.26 - - [16/Dec/2007:16:04:49 -0800] "GET //modules/postguestbook/styles/internal/header.php?tpl_pgb_moddir=http://www.yufa.spb.ru/modules/coppermine/include/id.txt? HTTP/1.1" 404 275 "-" "libwww-perl/5.808" "www.galf.org"
65.98.114.26 - - [16/Dec/2007:16:04:50 -0800] "GET /logs//modules/postguestbook/styles/internal/header.php?tpl_pgb_moddir=http://www.yufa.spb.ru/modules/coppermine/include/id.txt? HTTP/1.1" 404 275 "-" "libwww-perl/5.808" "www.galf.org"
65.98.114.26 - - [16/Dec/2007:16:04:56 -0800] "GET /logs/access_070827.log//modules/postguestbook/styles/internal/header.php?tpl_pgb_moddir=http://www.yufa.spb.ru/modules/coppermine/include/id.txt? HTTP/1.1" 404 275 "-" "libwww-perl/5.808" "www.galf.org"
89.159.200.63 - - [16/Dec/2007:16:05:17 -0800] "GET /logs/access.log HTTP/1.0" 200 48588 "-" "Lynx/2.8.5rel.1 libwww-FM/2.14 SSL-MM/1.4.1 GNUTLS/1.4.4" "www.galf.org"
62.193.192.58 - - [16/Dec/2007:16:05:28 -0800] "GET /logs/access_070723.log//modules/postguestbook/styles/internal/header.php?tpl_pgb_moddir=http://www.yufa.spb.ru/modules/coppermine/include/id.txt? HTTP/1.1" 404 275 "-" "libwww-perl/5.805" "www.galf.org"
62.193.192.58 - - [16/Dec/2007:16:05:29 -0800] "GET //modules/postguestbook/styles/internal/header.php?tpl_pgb_moddir=http://www.yufa.spb.ru/modules/coppermine/include/id.txt? HTTP/1.1" 404 275 "-" "libwww-perl/5.805" "www.galf.org"
62.193.192.58 - - [16/Dec/2007:16:05:29 -0800] "GET /logs//modules/postguestbook/styles/internal/header.php?tpl_pgb_moddir=http://www.yufa.spb.ru/modules/coppermine/include/id.txt? HTTP/1.1" 404 275 "-" "libwww-perl/5.805" "www.galf.org"
74.6.22.163 - - [16/Dec/2007:16:05:33 -0800] "GET /logs/access_070806.log HTTP/1.0" 200 672256 "-" "Mozilla/5.0 (compatible; Yahoo! Slurp; http://help.yahoo.com/help/us/ysearch/slurp)" "www.galf.org"
62.193.192.58 - - [16/Dec/2007:16:05:40 -0800] "GET /logs/access_070903.log//modules/postguestbook/styles/internal/header.php?tpl_pgb_moddir=http://www.yufa.spb.ru/modules/coppermine/include/id.txt? HTTP/1.1" 404 275 "-" "libwww-perl/5.805" "www.galf.org"
